54.36.148.140 - - [01/Oct/2018:00:00:23 +0200] "GET /network/24-7-payday-loans-now-meet-requirements-every-time-throughout-day HTTP/1.1" 200 17676 "-" "Mozilla/5.0 (compatible; AhrefsBot/5.2; +http://ahrefs.com/robot/)"
46.229.168.134 - - [01/Oct/2018:00:00:27 +0200] "GET /node/49843 HTTP/1.1" 200 17296 "-" "Mozilla/5.0 (compatible; SemrushBot/2~bl; +http://www.semrush.com/bot.html)"
216.244.66.249 - - [01/Oct/2018:00:00:32 +0200] "GET /event/2007/11/26/list/all/all HTTP/1.1" 200 278010 "-" "Mozilla/5.0 (compatible; DotBot/1.1; http://www.opensiteexplorer.org/dotbot, help@moz.com)"
216.244.66.249 - - [01/Oct/2018:00:00:44 +0200] "GET /event/2007/12/05/month/all/all HTTP/1.1" 200 281458 "-" "Mozilla/5.0 (compatible; DotBot/1.1; http://www.opensiteexplorer.org/dotbot, help@moz.com)"
216.244.66.249 - - [01/Oct/2018:00:00:57 +0200] "GET /event/2008/04/09/month/all/all HTTP/1.1" 200 281218 "-" "Mozilla/5.0 (compatible; DotBot/1.1; http://www.opensiteexplorer.org/dotbot, help@moz.com)"
216.244.66.249 - - [01/Oct/2018:00:01:09 +0200] "GET /event/2008/04/21/month/all/all HTTP/1.1" 200 281218 "-" "Mozilla/5.0 (compatible; DotBot/1.1; http://www.opensiteexplorer.org/dotbot, help@moz.com)"
54.36.148.199 - - [01/Oct/2018:00:01:16 +0200] "GET /taxonomy/term/63/0/feed HTTP/1.1" 200 3567 "-" "Mozilla/5.0 (compatible; AhrefsBot/5.2; +http://ahrefs.com/robot/)"
5.188.210.24 - - [01/Oct/2018:00:01:21 +0200] "GET /node/58982 HTTP/1.0" 200 13311 "http://ceed.zoldpok.hu/node/58982" "Mozilla/5.0 (Windows NT 10.0; Win64; x64) AppleWebKit/537.36 (KHTML, like Gecko) Chrome/68.0.3440.84 Safari/537.36"
216.244.66.249 - - [01/Oct/2018:00:01:22 +0200] "GET /event/2008/04/25/month/all/all HTTP/1.1" 200 281218 "-" "Mozilla/5.0 (compatible; DotBot/1.1; http://www.opensiteexplorer.org/dotbot, help@moz.com)"
5.188.210.24 - - [01/Oct/2018:00:01:22 +0200] "GET /blog/admin/democratic-processes/happy-new-year-hungary HTTP/1.0" 200 14349 "http://ceed.zoldpok.hu/blog/admin/democratic-processes/happy-new-year-hungary" "Mozilla/5.0 (Windows NT 10.0; Win64; x64) AppleWebKit/537.36 (KHTML, like Gecko) Chrome/68.0.3440.84 Safari/537.36"
5.188.210.24 - - [01/Oct/2018:00:01:23 +0200] "GET /blog/admin/development-funding/klimaforum-people%E2%80%99s-declaration-climate-change HTTP/1.0" 200 42161 "http://ceed.zoldpok.hu/blog/admin/development-funding/klimaforum-people%E2%80%99s-declaration-climate-change" "Mozilla/5.0 (Windows NT 10.0; Win64; x64) AppleWebKit/537.36 (KHTML, like Gecko) Chrome/68.0.3440.84 Safari/537.36"
5.188.210.24 - - [01/Oct/2018:00:01:24 +0200] "GET /blog/admin/climate-change/tackling-climate-change-%E2%80%93-false-solutions-and-real-solutions HTTP/1.0" 200 51826 "http://ceed.zoldpok.hu/blog/admin/climate-change/tackling-climate-change-%E2%80%93-false-solutions-and-real-solutions" "Mozilla/5.0 (Windows NT 10.0; Win64; x64) AppleWebKit/537.36 (KHTML, like Gecko) Chrome/68.0.3440.84 Safari/537.36"
216.244.66.249 - - [01/Oct/2018:00:01:34 +0200] "GET /event/2008/05/24/list/all/all HTTP/1.1" 200 278010 "-" "Mozilla/5.0 (compatible; DotBot/1.1; http://www.opensiteexplorer.org/dotbot, help@moz.com)"
216.244.66.249 - - [01/Oct/2018:00:01:47 +0200] "GET /event/2008/06/09/month/all/all HTTP/1.1" 200 281389 "-" "Mozilla/5.0 (compatible; DotBot/1.1; http://www.opensiteexplorer.org/dotbot, help@moz.com)"
216.244.66.249 - - [01/Oct/2018:00:01:59 +0200] "GET /event/2008/06/28/list/all/all HTTP/1.1" 200 285037 "-" "Mozilla/5.0 (compatible; DotBot/1.1; http://www.opensiteexplorer.org/dotbot, help@moz.com)"
46.229.168.132 - - [01/Oct/2018:00:02:01 +0200] "GET /node/698 HTTP/1.1" 200 14307 "-" "Mozilla/5.0 (compatible; SemrushBot/2~bl; +http://www.semrush.com/bot.html)"
193.201.224.224 - - [01/Oct/2018:00:02:12 +0200] "GET /democratic-processes/alprazolam-xr-review HTTP/1.0" 200 17915 "http://ceed.zoldpok.hu/democratic-processes/alprazolam-xr-review" "Mozilla/5.0 (Windows NT 10.0; Win64; x64) AppleWebKit/537.36 (KHTML, like Gecko) Chrome/64.0.3282.140 Safari/537.36 Edge/17.17134"
216.244.66.249 - - [01/Oct/2018:00:02:12 +0200] "GET /event/2008/10/15/month/all/all HTTP/1.1" 200 281285 "-" "Mozilla/5.0 (compatible; DotBot/1.1; http://www.opensiteexplorer.org/dotbot, help@moz.com)"
193.201.224.224 - - [01/Oct/2018:00:02:13 +0200] "GET /blog/admin/democratic-processes/happy-new-year-hungary HTTP/1.0" 200 14349 "http://ceed.zoldpok.hu/blog/admin/democratic-processes/happy-new-year-hungary" "Mozilla/5.0 (Windows NT 10.0; Win64; x64) AppleWebKit/537.36 (KHTML, like Gecko) Chrome/64.0.3282.140 Safari/537.36 Edge/17.17134"
193.201.224.224 - - [01/Oct/2018:00:02:14 +0200] "GET /blog/admin/development-funding/klimaforum-people%E2%80%99s-declaration-climate-change HTTP/1.0" 200 42161 "http://ceed.zoldpok.hu/blog/admin/development-funding/klimaforum-people%E2%80%99s-declaration-climate-change" "Mozilla/5.0 (Windows NT 10.0; Win64; x64) AppleWebKit/537.36 (KHTML, like Gecko) Chrome/64.0.3282.140 Safari/537.36 Edge/17.17134"
193.201.224.224 - - [01/Oct/2018:00:02:15 +0200] "GET /blog/admin/climate-change/tackling-climate-change-%E2%80%93-false-solutions-and-real-solutions HTTP/1.0" 200 51826 "http://ceed.zoldpok.hu/blog/admin/climate-change/tackling-climate-change-%E2%80%93-false-solutions-and-real-solutions" "Mozilla/5.0 (Windows NT 10.0; Win64; x64) AppleWebKit/537.36 (KHTML, like Gecko) Chrome/64.0.3282.140 Safari/537.36 Edge/17.17134"
216.244.66.249 - - [01/Oct/2018:00:02:24 +0200] "GET /event/2009/01/20/list/all/all HTTP/1.1" 200 279066 "-" "Mozilla/5.0 (compatible; DotBot/1.1; http://www.opensiteexplorer.org/dotbot, help@moz.com)"
216.244.66.249 - - [01/Oct/2018:00:02:37 +0200] "GET /event/2015/11/11/list/all/all HTTP/1.1" 200 278010 "-" "Mozilla/5.0 (compatible; DotBot/1.1; http://www.opensiteexplorer.org/dotbot, help@moz.com)"
46.229.168.133 - - [01/Oct/2018:00:02:38 +0200] "GET /node/56922/edit HTTP/1.1" 200 24909 "-" "Mozilla/5.0 (compatible; SemrushBot/2~bl; +http://www.semrush.com/bot.html)"
216.244.66.249 - - [01/Oct/2018:00:03:20 +0200] "GET /network/assisted-reproductive-technologies-particularlybg HTTP/1.1" 200 20860 "-" "Mozilla/5.0 (compatible; DotBot/1.1; http://www.opensiteexplorer.org/dotbot, help@moz.com)"
216.244.66.249 - - [01/Oct/2018:00:03:31 +0200] "GET /network/aventurar-viejos-juegos-en-linea-con-amigos HTTP/1.1" 200 19241 "-" "Mozilla/5.0 (compatible; DotBot/1.1; http://www.opensiteexplorer.org/dotbot, help@moz.com)"
216.244.66.249 - - [01/Oct/2018:00:03:42 +0200] "GET /network/bardzo-dobre-strony-poruszajace-tematyke-firmowej-0 HTTP/1.1" 200 18994 "-" "Mozilla/5.0 (compatible; DotBot/1.1; http://www.opensiteexplorer.org/dotbot, help@moz.com)"
46.229.168.131 - - [01/Oct/2018:00:03:44 +0200] "GET /node/680/edit HTTP/1.1" 200 18492 "-" "Mozilla/5.0 (compatible; SemrushBot/2~bl; +http://www.semrush.com/bot.html)"
216.244.66.249 - - [01/Oct/2018:00:03:53 +0200] "GET /network/buy-cheap-renova-overnight-no-rx-18 HTTP/1.1" 200 18729 "-" "Mozilla/5.0 (compatible; DotBot/1.1; http://www.opensiteexplorer.org/dotbot, help@moz.com)"
216.244.66.249 - - [01/Oct/2018:00:04:04 +0200] "GET /network/come-mai-competere-torneo-online-gratis HTTP/1.1" 200 21999 "-" "Mozilla/5.0 (compatible; DotBot/1.1; http://www.opensiteexplorer.org/dotbot, help@moz.com)"
216.244.66.249 - - [01/Oct/2018:00:04:16 +0200] "GET /network/lids-inventory-increase-did-outstrip-its-squarebgvf HTTP/1.1" 200 27653 "-" "Mozilla/5.0 (compatible; DotBot/1.1; http://www.opensiteexplorer.org/dotbot, help@moz.com)"
216.244.66.249 - - [01/Oct/2018:00:04:26 +0200] "GET /network/miejmy-w-najswiezsze-zabawie-ubieranki-gwoli-ciebie HTTP/1.1" 200 17010 "-" "Mozilla/5.0 (compatible; DotBot/1.1; http://www.opensiteexplorer.org/dotbot, help@moz.com)"
216.244.66.249 - - [01/Oct/2018:00:04:38 +0200] "GET /network/moje-ulubione-kwatery-w-krajowych-gorach HTTP/1.1" 200 19940 "-" "Mozilla/5.0 (compatible; DotBot/1.1; http://www.opensiteexplorer.org/dotbot, help@moz.com)"
66.249.64.194 - - [01/Oct/2018:00:04:43 +0200] "GET /network/buy-cheap-indocin-sr-overnight-no-rx-85 HTTP/1.1" 200 19493 "-" "Mozilla/5.0 (Linux; Android 6.0.1; Nexus 5X Build/MMB29P) AppleWebKit/537.36 (KHTML, like Gecko) Chrome/41.0.2272.96 Mobile Safari/537.36 (compatible; Googlebot/2.1; +http://www.google.com/bot.html)"
216.244.66.249 - - [01/Oct/2018:00:04:49 +0200] "GET /network/najswiezszego-obiekty-noclegowe-w-zakopanym HTTP/1.1" 200 20912 "-" "Mozilla/5.0 (compatible; DotBot/1.1; http://www.opensiteexplorer.org/dotbot, help@moz.com)"
54.36.149.63 - - [01/Oct/2018:00:04:50 +0200] "GET /taxonomy/term/2105/0 HTTP/1.1" 200 17891 "-" "Mozilla/5.0 (compatible; AhrefsBot/5.2; +http://ahrefs.com/robot/)"
216.244.66.249 - - [01/Oct/2018:00:05:00 +0200] "GET /network/omnicef-storage-or-acne-treatment-face-wash HTTP/1.1" 200 14010 "-" "Mozilla/5.0 (compatible; DotBot/1.1; http://www.opensiteexplorer.org/dotbot, help@moz.com)"
216.244.66.249 - - [01/Oct/2018:00:05:11 +0200] "GET /network/order-generic-principen-online-no-rx-77 HTTP/1.1" 200 20889 "-" "Mozilla/5.0 (compatible; DotBot/1.1; http://www.opensiteexplorer.org/dotbot, help@moz.com)"
216.244.66.249 - - [01/Oct/2018:00:05:22 +0200] "GET /network/remarkable-inquiry-about-interest-rate-same-day-cash-loans HTTP/1.1" 200 19412 "-" "Mozilla/5.0 (compatible; DotBot/1.1; http://www.opensiteexplorer.org/dotbot, help@moz.com)"
46.229.168.147 - - [01/Oct/2018:00:05:29 +0200] "GET /agriculture-and-food/need-trileptal-no-rx-inverness HTTP/1.1" 200 15690 "-" "Mozilla/5.0 (compatible; SemrushBot/2~bl; +http://www.semrush.com/bot.html)"
46.229.168.139 - - [01/Oct/2018:00:05:46 +0200] "GET /taxonomy/term/746 HTTP/1.1" 200 13319 "-" "Mozilla/5.0 (compatible; SemrushBot/2~bl; +http://www.semrush.com/bot.html)"
34.238.146.51 - - [01/Oct/2018:00:05:58 +0200] "GET /taxonomy/term/7%2C61/0/feed HTTP/1.1" 200 4547 "https://www.google.com/" "Mozilla/5.0 (X11; Linux i686) AppleWebKit/537.31 (KHTML, like Gecko) Chrome/26.0.1410.43 Safari/537.31"
54.36.149.36 - - [01/Oct/2018:00:06:00 +0200] "GET /network/gratis-0 HTTP/1.1" 200 13408 "-" "Mozilla/5.0 (compatible; AhrefsBot/5.2; +http://ahrefs.com/robot/)"
216.244.66.249 - - [01/Oct/2018:00:06:03 +0200] "GET /network/super-tanie-noclegi-w-niewlasnych-kupach-w-celu-dowolnego HTTP/1.1" 200 21187 "-" "Mozilla/5.0 (compatible; DotBot/1.1; http://www.opensiteexplorer.org/dotbot, help@moz.com)"
216.244.66.249 - - [01/Oct/2018:00:06:14 +0200] "GET /network/vous-ne-voulez-pas-payer-par-le-nez-pour-www-cleopatra-ii HTTP/1.1" 200 15058 "-" "Mozilla/5.0 (compatible; DotBot/1.1; http://www.opensiteexplorer.org/dotbot, help@moz.com)"
216.244.66.249 - - [01/Oct/2018:00:06:25 +0200] "GET /network/vous-pouvez-oublier-les-points-sur-casino-gratuit HTTP/1.1" 200 14870 "-" "Mozilla/5.0 (compatible; DotBot/1.1; http://www.opensiteexplorer.org/dotbot, help@moz.com)"
216.244.66.249 - - [01/Oct/2018:00:06:37 +0200] "GET /network/which-economy-best-suited-award-new-same-day-lending HTTP/1.1" 200 19830 "-" "Mozilla/5.0 (compatible; DotBot/1.1; http://www.opensiteexplorer.org/dotbot, help@moz.com)"
216.244.66.249 - - [01/Oct/2018:00:06:47 +0200] "GET /node/2078 HTTP/1.1" 200 17746 "-" "Mozilla/5.0 (compatible; DotBot/1.1; http://www.opensiteexplorer.org/dotbot, help@moz.com)"
216.244.66.249 - - [01/Oct/2018:00:06:58 +0200] "GET /node/4740 HTTP/1.1" 200 21739 "-" "Mozilla/5.0 (compatible; DotBot/1.1; http://www.opensiteexplorer.org/dotbot, help@moz.com)"
216.244.66.249 - - [01/Oct/2018:00:07:09 +0200] "GET /node/58557 HTTP/1.1" 200 17436 "-" "Mozilla/5.0 (compatible; DotBot/1.1; http://www.opensiteexplorer.org/dotbot, help@moz.com)"
216.244.66.249 - - [01/Oct/2018:00:07:20 +0200] "GET /node/58956 HTTP/1.1" 200 16742 "-" "Mozilla/5.0 (compatible; DotBot/1.1; http://www.opensiteexplorer.org/dotbot, help@moz.com)"
216.244.66.249 - - [01/Oct/2018:00:07:31 +0200] "GET /node/7660 HTTP/1.1" 200 16830 "-" "Mozilla/5.0 (compatible; DotBot/1.1; http://www.opensiteexplorer.org/dotbot, help@moz.com)"
54.36.148.48 - - [01/Oct/2018:00:07:34 +0200] "GET /poverty/lamisil-purchase-tablets-online HTTP/1.1" 200 18712 "-" "Mozilla/5.0 (compatible; AhrefsBot/5.2; +http://ahrefs.com/robot/)"
216.244.66.249 - - [01/Oct/2018:00:07:42 +0200] "GET /node/8226 HTTP/1.1" 200 16669 "-" "Mozilla/5.0 (compatible; DotBot/1.1; http://www.opensiteexplorer.org/dotbot, help@moz.com)"
216.244.66.249 - - [01/Oct/2018:00:07:53 +0200] "GET /other/looking-lowest-price-costa-del-mar-sunglasses-web HTTP/1.1" 200 12705 "-" "Mozilla/5.0 (compatible; DotBot/1.1; http://www.opensiteexplorer.org/dotbot, help@moz.com)"
66.249.64.199 - - [01/Oct/2018:00:07:59 +0200] "GET /network/buy-generic-lamprene-overnight-no-rx-25 HTTP/1.1" 200 20250 "-" "Mozilla/5.0 (Linux; Android 6.0.1; Nexus 5X Build/MMB29P) AppleWebKit/537.36 (KHTML, like Gecko) Chrome/41.0.2272.96 Mobile Safari/537.36 (compatible; Googlebot/2.1; +http://www.google.com/bot.html)"
216.244.66.249 - - [01/Oct/2018:00:08:04 +0200] "GET /poverty/necessary-equipmdz-fcdsfdsfvdsdz-fsfds HTTP/1.1" 200 24775 "-" "Mozilla/5.0 (compatible; DotBot/1.1; http://www.opensiteexplorer.org/dotbot, help@moz.com)"
216.244.66.249 - - [01/Oct/2018:00:08:15 +0200] "GET /poverty/prescription-purchase-without-furosemid HTTP/1.1" 200 15634 "-" "Mozilla/5.0 (compatible; DotBot/1.1; http://www.opensiteexplorer.org/dotbot, help@moz.com)"
54.157.1.45 - - [01/Oct/2018:00:08:15 +0200] "GET /taxonomy/term/10%2C61/0/feed HTTP/1.1" 200 4467 "https://www.google.com/" "Opera/9.80 (Macintosh; Intel Mac OS X 10.6.8; U; de) Presto/2.9.168 Version/11.52"
216.244.66.249 - - [01/Oct/2018:00:08:58 +0200] "GET /public-goods/lathlete-le-plus-performant-fd-bsd HTTP/1.1" 200 22001 "-" "Mozilla/5.0 (compatible; DotBot/1.1; http://www.opensiteexplorer.org/dotbot, help@moz.com)"
216.244.66.249 - - [01/Oct/2018:00:09:09 +0200] "GET /public-goods/mpd-httpuggukdiscountsbootssalecouk-humourless-weve HTTP/1.1" 200 17577 "-" "Mozilla/5.0 (compatible; DotBot/1.1; http://www.opensiteexplorer.org/dotbot, help@moz.com)"
18.207.230.130 - - [01/Oct/2018:00:09:15 +0200] "GET /taxonomy/term/47/0/feed HTTP/1.1" 200 3527 "https://www.google.com/" "Mozilla/5.0 (X11; Ubuntu; Linux i686; rv:15.0) Gecko/20100101 Firefox/15.0.1"
54.36.149.11 - - [01/Oct/2018:00:09:16 +0200] "GET /node/13739/edit HTTP/1.1" 200 21674 "-" "Mozilla/5.0 (compatible; AhrefsBot/5.2; +http://ahrefs.com/robot/)"
216.244.66.249 - - [01/Oct/2018:00:09:21 +0200] "GET /taxonomy/term/76?page=9 HTTP/1.1" 200 27895 "-" "Mozilla/5.0 (compatible; DotBot/1.1; http://www.opensiteexplorer.org/dotbot, help@moz.com)"
216.244.66.249 - - [01/Oct/2018:00:09:33 +0200] "GET /agriculture-and-food/fu1lmoviefist-fight-2017-online-moviein-goa-onlineno-registration-moviesfullhd- HTTP/1.1" 200 19240 "-" "Mozilla/5.0 (compatible; DotBot/1.1; http://www.opensiteexplorer.org/dotbot, help@moz.com)"
216.244.66.249 - - [01/Oct/2018:00:09:45 +0200] "GET /agriculture-and-food/putlockersnowden-2016-full-movie-online-freein-mumbaai-dobarano-registration-mo HTTP/1.1" 200 17689 "-" "Mozilla/5.0 (compatible; DotBot/1.1; http://www.opensiteexplorer.org/dotbot, help@moz.com)"
216.244.66.249 - - [01/Oct/2018:00:10:08 +0200] "GET /event/2017/12/18/month/all/all HTTP/1.1" 200 281210 "-" "Mozilla/5.0 (compatible; DotBot/1.1; http://www.opensiteexplorer.org/dotbot, help@moz.com)"
216.244.66.249 - - [01/Oct/2018:00:10:28 +0200] "GET /development-funding/httpwwwalanon-nassau-nyorgalbeatshtm-268-so-you-timberlands-cheap-do-zvgdch HTTP/1.1" 200 - "-" "Mozilla/5.0 (compatible; DotBot/1.1; http://www.opensiteexplorer.org/dotbot, help@moz.com)"
54.36.148.63 - - [01/Oct/2018:00:10:28 +0200] "GET /public-goods/123movies-watch-goldbergs-s6e2-full-hd-tv-series-streaming-free-1080p HTTP/1.1" 200 16940 "-" "Mozilla/5.0 (compatible; AhrefsBot/5.2; +http://ahrefs.com/robot/)"
54.210.189.172 - - [01/Oct/2018:00:10:52 +0200] "GET /taxonomy/term/48/0/feed HTTP/1.1" 200 4658 "https://www.google.com/" "Mozilla/5.0 (X11; U; Linux i686; en-US; rv:1.8.1.12) Gecko/20080219 Firefox/2.0.0.12 Navigator/9.0.0.6"
46.229.168.130 - - [01/Oct/2018:00:10:53 +0200] "GET /node/5142/edit HTTP/1.1" 200 27334 "-" "Mozilla/5.0 (compatible; SemrushBot/2~bl; +http://www.semrush.com/bot.html)"
54.36.149.98 - - [01/Oct/2018:00:10:57 +0200] "GET /node/58870 HTTP/1.1" 200 17082 "-" "Mozilla/5.0 (compatible; AhrefsBot/5.2; +http://ahrefs.com/robot/)"
54.36.148.61 - - [01/Oct/2018:00:11:51 +0200] "GET /node/552 HTTP/1.1" 200 25101 "-" "Mozilla/5.0 (compatible; AhrefsBot/5.2; +http://ahrefs.com/robot/)"
216.244.66.249 - - [01/Oct/2018:00:12:47 +0200] "GET /network/extremely-big-financial-reserves-are-meant-be-used-give-same-day-loans HTTP/1.1" 200 16079 "-" "Mozilla/5.0 (compatible; DotBot/1.1; http://www.opensiteexplorer.org/dotbot, help@moz.com)"
54.36.149.72 - - [01/Oct/2018:00:12:56 +0200] "GET /agriculture-and-food/onl1nelegend-i-2015-online-moviein-hd-onlinewithout-registration-and-downloadin HTTP/1.1" 200 17955 "-" "Mozilla/5.0 (compatible; AhrefsBot/5.2; +http://ahrefs.com/robot/)"
216.244.66.249 - - [01/Oct/2018:00:12:59 +0200] "GET /network/il-peut-se-terminer-sans-avoir-une-casino-qui-faconne-un-support-pour-une-casino-en-ligne HTTP/1.1" 200 17006 "-" "Mozilla/5.0 (compatible; DotBot/1.1; http://www.opensiteexplorer.org/dotbot, help@moz.com)"
216.244.66.249 - - [01/Oct/2018:00:13:10 +0200] "GET /network/modo-si-desidera-un-nano-scatto-sperimentare-la-programma-torneo HTTP/1.1" 200 16715 "-" "Mozilla/5.0 (compatible; DotBot/1.1; http://www.opensiteexplorer.org/dotbot, help@moz.com)"
66.249.64.197 - - [01/Oct/2018:00:13:20 +0200] "GET /network/order-generic-norlutate-online-no-rx-90 HTTP/1.1" 200 19574 "-" "Mozilla/5.0 (Linux; Android 6.0.1; Nexus 5X Build/MMB29P) AppleWebKit/537.36 (KHTML, like Gecko) Chrome/41.0.2272.96 Mobile Safari/537.36 (compatible; Googlebot/2.1; +http://www.google.com/bot.html)"
216.244.66.249 - - [01/Oct/2018:00:13:21 +0200] "GET /network/suffer-through-payday-loan-lenders-comes-straightforward-drop-avenues HTTP/1.1" 200 20823 "-" "Mozilla/5.0 (compatible; DotBot/1.1; http://www.opensiteexplorer.org/dotbot, help@moz.com)"
216.244.66.249 - - [01/Oct/2018:00:13:32 +0200] "GET /node/1061 HTTP/1.1" 200 14181 "-" "Mozilla/5.0 (compatible; DotBot/1.1; http://www.opensiteexplorer.org/dotbot, help@moz.com)"
216.244.66.249 - - [01/Oct/2018:00:13:43 +0200] "GET /node/1516/edit HTTP/1.1" 200 19626 "-" "Mozilla/5.0 (compatible; DotBot/1.1; http://www.opensiteexplorer.org/dotbot, help@moz.com)"
216.244.66.249 - - [01/Oct/2018:00:13:54 +0200] "GET /node/15236 HTTP/1.1" 200 29523 "-" "Mozilla/5.0 (compatible; DotBot/1.1; http://www.opensiteexplorer.org/dotbot, help@moz.com)"
216.244.66.249 - - [01/Oct/2018:00:14:06 +0200] "GET /node/18112 HTTP/1.1" 200 23780 "-" "Mozilla/5.0 (compatible; DotBot/1.1; http://www.opensiteexplorer.org/dotbot, help@moz.com)"
216.244.66.249 - - [01/Oct/2018:00:14:17 +0200] "GET /node/2735/edit HTTP/1.1" 200 20091 "-" "Mozilla/5.0 (compatible; DotBot/1.1; http://www.opensiteexplorer.org/dotbot, help@moz.com)"
46.229.168.142 - - [01/Oct/2018:00:14:19 +0200] "GET /network/use-power-being-somewhere-withvfd HTTP/1.1" 200 24620 "-" "Mozilla/5.0 (compatible; SemrushBot/2~bl; +http://www.semrush.com/bot.html)"
216.244.66.249 - - [01/Oct/2018:00:14:27 +0200] "GET /node/28694 HTTP/1.1" 200 16448 "-" "Mozilla/5.0 (compatible; DotBot/1.1; http://www.opensiteexplorer.org/dotbot, help@moz.com)"
216.244.66.249 - - [01/Oct/2018:00:14:39 +0200] "GET /node/29353/edit HTTP/1.1" 200 22953 "-" "Mozilla/5.0 (compatible; DotBot/1.1; http://www.opensiteexplorer.org/dotbot, help@moz.com)"
216.244.66.249 - - [01/Oct/2018:00:14:50 +0200] "GET /node/49452/edit HTTP/1.1" 200 26098 "-" "Mozilla/5.0 (compatible; DotBot/1.1; http://www.opensiteexplorer.org/dotbot, help@moz.com)"
216.244.66.249 - - [01/Oct/2018:00:15:01 +0200] "GET /node/49463 HTTP/1.1" 200 18143 "-" "Mozilla/5.0 (compatible; DotBot/1.1; http://www.opensiteexplorer.org/dotbot, help@moz.com)"
216.244.66.249 - - [01/Oct/2018:00:15:12 +0200] "GET /node/49494 HTTP/1.1" 200 19083 "-" "Mozilla/5.0 (compatible; DotBot/1.1; http://www.opensiteexplorer.org/dotbot, help@moz.com)"
216.244.66.249 - - [01/Oct/2018:00:15:23 +0200] "GET /node/55542/edit HTTP/1.1" 200 24374 "-" "Mozilla/5.0 (compatible; DotBot/1.1; http://www.opensiteexplorer.org/dotbot, help@moz.com)"
216.244.66.249 - - [01/Oct/2018:00:15:34 +0200] "GET /node/55616 HTTP/1.1" 200 23009 "-" "Mozilla/5.0 (compatible; DotBot/1.1; http://www.opensiteexplorer.org/dotbot, help@moz.com)"
216.244.66.249 - - [01/Oct/2018:00:15:45 +0200] "GET /node/56090 HTTP/1.1" 200 15984 "-" "Mozilla/5.0 (compatible; DotBot/1.1; http://www.opensiteexplorer.org/dotbot, help@moz.com)"
54.36.148.197 - - [01/Oct/2018:00:15:50 +0200] "GET /event/2001/12/29/list/all/all HTTP/1.1" 200 278010 "-" "Mozilla/5.0 (compatible; AhrefsBot/5.2; +http://ahrefs.com/robot/)"
216.244.66.249 - - [01/Oct/2018:00:15:56 +0200] "GET /node/56322 HTTP/1.1" 200 19354 "-" "Mozilla/5.0 (compatible; DotBot/1.1; http://www.opensiteexplorer.org/dotbot, help@moz.com)"
52.90.239.176 - - [01/Oct/2018:00:16:03 +0200] "GET /taxonomy/term/2%2C61/0/feed HTTP/1.1" 200 4011 "https://www.google.com/" "Opera/9.80 (Windows NT 6.0) Presto/2.12.388 Version/12.14"
216.244.66.249 - - [01/Oct/2018:00:16:08 +0200] "GET /node/5658/edit HTTP/1.1" 200 27500 "-" "Mozilla/5.0 (compatible; DotBot/1.1; http://www.opensiteexplorer.org/dotbot, help@moz.com)"
54.36.148.31 - - [01/Oct/2018:00:16:10 +0200] "GET /event/2010/05/06/week/all/all HTTP/1.1" 200 279023 "-" "Mozilla/5.0 (compatible; AhrefsBot/5.2; +http://ahrefs.com/robot/)"
216.244.66.249 - - [01/Oct/2018:00:16:19 +0200] "GET /node/575/edit HTTP/1.1" 200 19303 "-" "Mozilla/5.0 (compatible; DotBot/1.1; http://www.opensiteexplorer.org/dotbot, help@moz.com)"
18.234.42.195 - - [01/Oct/2018:00:16:20 +0200] "GET /taxonomy/term/57/0/feed HTTP/1.1" 200 10343 "https://www.google.com/" "Mozilla/4.0 (compatible; MSIE 8.0; Windows NT 6.2; Trident/4.0; SLCC2; .NET CLR 2.0.50727; .NET CLR 3.5.30729; .NET CLR 3.0.30729; Media Center PC 6.0)"
18.234.42.195 - - [01/Oct/2018:00:16:23 +0200] "GET /robots.txt HTTP/1.1" 200 1654 "https://www.google.com/" "Opera/9.80 (Macintosh; Intel Mac OS X 10.6.8; U; de) Presto/2.9.168 Version/11.52"
18.234.42.195 - - [01/Oct/2018:00:16:25 +0200] "GET /other/nsdfjfreerorcw HTTP/1.1" 200 13353 "https://www.google.com/" "Mozilla/5.0 (Windows; U; Windows NT 6.1; rv:2.2) Gecko/20110201"
216.244.66.249 - - [01/Oct/2018:00:16:30 +0200] "GET /node/7631/edit HTTP/1.1" 200 22501 "-" "Mozilla/5.0 (compatible; DotBot/1.1; http://www.opensiteexplorer.org/dotbot, help@moz.com)"
18.234.42.195 - - [01/Oct/2018:00:16:33 +0200] "GET /other/nsdfjfreeroxix HTTP/1.1" 200 13356 "https://www.google.com/" "Mozilla/5.0 (Macintosh; Intel Mac OS X 10_8_2) AppleWebKit/537.17 (KHTML, like Gecko) Chrome/24.0.1309.0 Safari/537.17"
216.244.66.249 - - [01/Oct/2018:00:16:41 +0200] "GET /taxonomy/term/421 HTTP/1.1" 200 14163 "-" "Mozilla/5.0 (compatible; DotBot/1.1; http://www.opensiteexplorer.org/dotbot, help@moz.com)"
54.209.28.26 - - [01/Oct/2018:00:16:45 +0200] "GET /taxonomy/term/63/0/feed HTTP/1.1" 200 3567 "https://www.google.com/" "Mozilla/5.0 (Windows NT 6.1; WOW64) AppleWebKit/537.17 (KHTML, like Gecko) Chrome/24.0.1312.60 Safari/537.17"
35.173.185.180 - - [01/Oct/2018:00:16:57 +0200] "GET /taxonomy/term/61/0/feed HTTP/1.1" 200 17979 "https://www.google.com/" "Mozilla/5.0 (X11; Linux i686) AppleWebKit/537.31 (KHTML, like Gecko) Chrome/26.0.1410.43 Safari/537.31"
66.249.64.199 - - [01/Oct/2018:00:16:58 +0200] "GET /network/order-generic-hyzaar-overnight-no-rx-48 HTTP/1.1" 200 19189 "-" "Mozilla/5.0 (Linux; Android 6.0.1; Nexus 5X Build/MMB29P) AppleWebKit/537.36 (KHTML, like Gecko) Chrome/41.0.2272.96 Mobile Safari/537.36 (compatible; Googlebot/2.1; +http://www.google.com/bot.html)"
34.204.80.62 - - [01/Oct/2018:00:17:17 +0200] "GET /taxonomy/term/41/0/feed HTTP/1.1" 200 4651 "https://www.google.com/" "Mozilla/5.0 (X11; U; Linux i686; en-US; rv:1.9a3pre) Gecko/20070330"
46.229.168.139 - - [01/Oct/2018:00:17:42 +0200] "GET /node/691 HTTP/1.1" 200 13316 "-" "Mozilla/5.0 (compatible; SemrushBot/2~bl; +http://www.semrush.com/bot.html)"
54.36.149.78 - - [01/Oct/2018:00:18:05 +0200] "GET /node/235 HTTP/1.1" 200 13163 "-" "Mozilla/5.0 (compatible; AhrefsBot/5.2; +http://ahrefs.com/robot/)"
54.36.148.224 - - [01/Oct/2018:00:18:45 +0200] "GET /taxonomy/term/3166/0 HTTP/1.1" 200 13354 "-" "Mozilla/5.0 (compatible; AhrefsBot/5.2; +http://ahrefs.com/robot/)"
54.36.148.220 - - [01/Oct/2018:00:18:56 +0200] "GET /development-funding/money-order-want-paracetamol-ibuprofen HTTP/1.1" 200 16074 "-" "Mozilla/5.0 (compatible; AhrefsBot/5.2; +http://ahrefs.com/robot/)"
66.249.64.199 - - [01/Oct/2018:00:19:05 +0200] "GET /network/order-generic-inderal-la-online-no-rx-25 HTTP/1.1" 200 18699 "-" "Mozilla/5.0 (Linux; Android 6.0.1; Nexus 5X Build/MMB29P) AppleWebKit/537.36 (KHTML, like Gecko) Chrome/41.0.2272.96 Mobile Safari/537.36 (compatible; Googlebot/2.1; +http://www.google.com/bot.html)"
54.36.148.85 - - [01/Oct/2018:00:20:01 +0200] "GET /taxonomy/term/3700/0 HTTP/1.1" 200 13688 "-" "Mozilla/5.0 (compatible; AhrefsBot/5.2; +http://ahrefs.com/robot/)"
46.229.168.140 - - [01/Oct/2018:00:20:06 +0200] "GET /node/54968 HTTP/1.1" 200 16894 "-" "Mozilla/5.0 (compatible; SemrushBot/2~bl; +http://www.semrush.com/bot.html)"
54.36.148.105 - - [01/Oct/2018:00:20:18 +0200] "GET /development-funding/purchase-generic-lamictal HTTP/1.1" 200 16905 "-" "Mozilla/5.0 (compatible; AhrefsBot/5.2; +http://ahrefs.com/robot/)"
46.229.168.140 - - [01/Oct/2018:00:20:22 +0200] "GET /node/54968 HTTP/1.1" 200 - "-" "Mozilla/5.0 (compatible; SemrushBot/2~bl; +http://www.semrush.com/bot.html)"
54.36.149.98 - - [01/Oct/2018:00:20:58 +0200] "GET /node/45665 HTTP/1.1" 200 15393 "-" "Mozilla/5.0 (compatible; AhrefsBot/5.2; +http://ahrefs.com/robot/)"
54.36.149.12 - - [01/Oct/2018:00:21:08 +0200] "GET /node/451 HTTP/1.1" 200 29838 "-" "Mozilla/5.0 (compatible; AhrefsBot/5.2; +http://ahrefs.com/robot/)"
34.229.60.59 - - [01/Oct/2018:00:21:18 +0200] "GET /taxonomy/term/71/0/feed HTTP/1.1" 200 8300 "https://www.google.com/" "Opera/9.80 (Windows NT 6.0) Presto/2.12.388 Version/12.14"
46.229.168.149 - - [01/Oct/2018:00:21:43 +0200] "GET /node/2862 HTTP/1.1" 200 16156 "-" "Mozilla/5.0 (compatible; SemrushBot/2~bl; +http://www.semrush.com/bot.html)"
34.230.1.32 - - [01/Oct/2018:00:21:47 +0200] "GET /taxonomy/term/21/0/feed HTTP/1.1" 200 21126 "https://www.google.com/" "Mozilla/5.0 (Macintosh; Intel Mac OS X 10_8_2) AppleWebKit/537.17 (KHTML, like Gecko) Chrome/24.0.1309.0 Safari/537.17"
66.249.64.194 - - [01/Oct/2018:00:21:57 +0200] "GET /network/buy-generic-augmentin-overnight-no-rx-31 HTTP/1.1" 200 19320 "-" "Mozilla/5.0 (Linux; Android 6.0.1; Nexus 5X Build/MMB29P) AppleWebKit/537.36 (KHTML, like Gecko) Chrome/41.0.2272.96 Mobile Safari/537.36 (compatible; Googlebot/2.1; +http://www.google.com/bot.html)"
54.36.149.104 - - [01/Oct/2018:00:22:05 +0200] "GET /taxonomy/term/3996/0 HTTP/1.1" 200 13469 "-" "Mozilla/5.0 (compatible; AhrefsBot/5.2; +http://ahrefs.com/robot/)"
34.229.101.95 - - [01/Oct/2018:00:23:04 +0200] "GET /taxonomy/term/85/0/feed HTTP/1.1" 200 10812 "https://www.google.com/" "Mozilla/5.0 (X11; U; Linux i686; en-US; rv:1.9a3pre) Gecko/20070330"
54.152.214.128 - - [01/Oct/2018:00:23:08 +0200] "GET /taxonomy/term/1%2C61/0/feed HTTP/1.1" 200 4475 "https://www.google.com/" "Mozilla/5.0 (X11; U; Linux i686; en-US; rv:1.9a3pre) Gecko/20070330"
54.36.148.39 - - [01/Oct/2018:00:23:21 +0200] "GET /trade-justice/accutane-find-10mg-discount HTTP/1.1" 200 19928 "-" "Mozilla/5.0 (compatible; AhrefsBot/5.2; +http://ahrefs.com/robot/)"
54.36.148.208 - - [01/Oct/2018:00:23:42 +0200] "GET /taxonomy/term/3215/0 HTTP/1.1" 200 13218 "-" "Mozilla/5.0 (compatible; AhrefsBot/5.2; +http://ahrefs.com/robot/)"
66.249.64.194 - - [01/Oct/2018:00:24:49 +0200] "GET /network/order-generic-rebetol-overnight-no-rx-63 HTTP/1.1" 200 19757 "-" "Mozilla/5.0 (Linux; Android 6.0.1; Nexus 5X Build/MMB29P) AppleWebKit/537.36 (KHTML, like Gecko) Chrome/41.0.2272.96 Mobile Safari/537.36 (compatible; Googlebot/2.1; +http://www.google.com/bot.html)"
54.36.149.54 - - [01/Oct/2018:00:25:52 +0200] "GET /network/was-tested-board-dbcf HTTP/1.1" 200 19443 "-" "Mozilla/5.0 (compatible; AhrefsBot/5.2; +http://ahrefs.com/robot/)"
54.36.148.137 - - [01/Oct/2018:00:26:07 +0200] "GET /democratic-processes/elimite-cost-tablet HTTP/1.1" 200 16880 "-" "Mozilla/5.0 (compatible; AhrefsBot/5.2; +http://ahrefs.com/robot/)"
66.249.64.199 - - [01/Oct/2018:00:26:29 +0200] "GET /node/59025/edit HTTP/1.1" 200 25319 "-" "Mozilla/5.0 (Linux; Android 6.0.1; Nexus 5X Build/MMB29P) AppleWebKit/537.36 (KHTML, like Gecko) Chrome/41.0.2272.96 Mobile Safari/537.36 (compatible; Googlebot/2.1; +http://www.google.com/bot.html)"
66.249.64.199 - - [01/Oct/2018:00:27:41 +0200] "GET /network/order-generic-arcoxia-overnight-no-rx-39 HTTP/1.1" 200 19565 "-" "Mozilla/5.0 (Linux; Android 6.0.1; Nexus 5X Build/MMB29P) AppleWebKit/537.36 (KHTML, like Gecko) Chrome/41.0.2272.96 Mobile Safari/537.36 (compatible; Googlebot/2.1; +http://www.google.com/bot.html)"
54.36.148.181 - - [01/Oct/2018:00:27:41 +0200] "GET /event/2001/09/10/week/all/all/1 HTTP/1.1" 200 279047 "-" "Mozilla/5.0 (compatible; AhrefsBot/5.2; +http://ahrefs.com/robot/)"
52.90.239.176 - - [01/Oct/2018:00:27:56 +0200] "GET /taxonomy/term/58/0/feed HTTP/1.1" 200 4288 "https://www.google.com/" "Mozilla/5.0 (Windows NT 6.2; WOW64; rv:15.0) Gecko/20120910144328 Firefox/15.0.2"
216.244.66.249 - - [01/Oct/2018:00:29:28 +0200] "GET /robots.txt HTTP/1.1" 200 1654 "-" "Mozilla/5.0 (compatible; DotBot/1.1; http://www.opensiteexplorer.org/dotbot, help@moz.com)"
54.87.158.39 - - [01/Oct/2018:00:29:34 +0200] "GET /taxonomy/term/46/0/feed HTTP/1.1" 200 10893 "https://www.google.com/" "Mozilla/5.0 (Windows NT 6.1; WOW64) AppleWebKit/537.17 (KHTML, like Gecko) Chrome/24.0.1312.60 Safari/537.17"
46.229.168.137 - - [01/Oct/2018:00:29:35 +0200] "GET /node/16062 HTTP/1.1" 200 20185 "-" "Mozilla/5.0 (compatible; SemrushBot/2~bl; +http://www.semrush.com/bot.html)"
54.36.148.21 - - [01/Oct/2018:00:30:32 +0200] "GET /trade-justice/vytorin-buy-1020 HTTP/1.1" 200 - "-" "Mozilla/5.0 (compatible; AhrefsBot/5.2; +http://ahrefs.com/robot/)"
66.249.64.199 - - [01/Oct/2018:00:31:45 +0200] "GET /network/order-generic-isordil-overnight-no-rx-12 HTTP/1.1" 200 19483 "-" "Mozilla/5.0 (Linux; Android 6.0.1; Nexus 5X Build/MMB29P) AppleWebKit/537.36 (KHTML, like Gecko) Chrome/41.0.2272.96 Mobile Safari/537.36 (compatible; Googlebot/2.1; +http://www.google.com/bot.html)"
54.36.148.197 - - [01/Oct/2018:00:31:58 +0200] "GET /public-goods/2018-match-watch-spal-vs-sassuolo-full-streaming-hd-watch-live-27092018 HTTP/1.1" 200 15751 "-" "Mozilla/5.0 (compatible; AhrefsBot/5.2; +http://ahrefs.com/robot/)"
54.36.148.94 - - [01/Oct/2018:00:33:11 +0200] "GET /trade-justice/apotheke-order-maxalt-atlanta HTTP/1.1" 200 18700 "-" "Mozilla/5.0 (compatible; AhrefsBot/5.2; +http://ahrefs.com/robot/)"
213.251.182.106 - - [01/Oct/2018:00:33:13 +0200] "GET /agriculture-and-food/fullhdpublic-enemies-2009-online-moviein-golmaal-onlinewithout-registration-or- HTTP/1.1" 200 17606 "http://ceed.zoldpok.hu" "Mozilla/5.0 (compatible; bingbot/2.0; +http://www.bing.com/bingbot.htm)"
66.249.64.199 - - [01/Oct/2018:00:33:25 +0200] "GET /network/order-generic-desogen-overnight-no-rx-37 HTTP/1.1" 200 20418 "-" "Mozilla/5.0 (Linux; Android 6.0.1; Nexus 5X Build/MMB29P) AppleWebKit/537.36 (KHTML, like Gecko) Chrome/41.0.2272.96 Mobile Safari/537.36 (compatible; Googlebot/2.1; +http://www.google.com/bot.html)"
46.229.168.142 - - [01/Oct/2018:00:34:59 +0200] "GET /node/56437 HTTP/1.1" 200 16271 "-" "Mozilla/5.0 (compatible; SemrushBot/2~bl; +http://www.semrush.com/bot.html)"
66.249.64.199 - - [01/Oct/2018:00:36:21 +0200] "GET /development-funding/prednisone-40-mg-discou HTTP/1.1" 404 11085 "-" "Mozilla/5.0 (Linux; Android 6.0.1; Nexus 5X Build/MMB29P) AppleWebKit/537.36 (KHTML, like Gecko) Chrome/41.0.2272.96 Mobile Safari/537.36 (compatible; Googlebot/2.1; +http://www.google.com/bot.html)"
180.76.15.158 - - [01/Oct/2018:00:36:27 +0200] "GET /network/pretty-much-everything-consider-understand-about-lbs-cut-down HTTP/1.1" 200 20194 "-" "Mozilla/5.0 (compatible; Baiduspider/2.0; +http://www.baidu.com/search/spider.html)"
54.36.148.19 - - [01/Oct/2018:00:37:51 +0200] "GET /public-goods/movies-watch-monsters-and-men-2018-online-full-movie HTTP/1.1" 200 17070 "-" "Mozilla/5.0 (compatible; AhrefsBot/5.2; +http://ahrefs.com/robot/)"
54.36.148.147 - - [01/Oct/2018:00:38:06 +0200] "GET /taxonomy/term/1/0/feed HTTP/1.1" 200 14461 "-" "Mozilla/5.0 (compatible; AhrefsBot/5.2; +http://ahrefs.com/robot/)"
216.244.66.249 - - [01/Oct/2018:00:38:12 +0200] "GET /public-goods/qhyzczwbfr HTTP/1.1" 200 15494 "-" "Mozilla/5.0 (compatible; DotBot/1.1; http://www.opensiteexplorer.org/dotbot, help@moz.com)"
216.244.66.249 - - [01/Oct/2018:00:38:24 +0200] "GET /taxonomy/term/76?page=158 HTTP/1.1" 200 71836 "-" "Mozilla/5.0 (compatible; DotBot/1.1; http://www.opensiteexplorer.org/dotbot, help@moz.com)"
216.244.66.249 - - [01/Oct/2018:00:38:36 +0200] "GET /tracker?page=2073 HTTP/1.1" 200 26270 "-" "Mozilla/5.0 (compatible; DotBot/1.1; http://www.opensiteexplorer.org/dotbot, help@moz.com)"
216.244.66.249 - - [01/Oct/2018:00:38:49 +0200] "GET /tracker?page=2295 HTTP/1.1" 200 24658 "-" "Mozilla/5.0 (compatible; DotBot/1.1; http://www.opensiteexplorer.org/dotbot, help@moz.com)"
66.249.64.194 - - [01/Oct/2018:00:39:37 +0200] "GET /democratic-processes/aricept-buy-fedex HTTP/1.1" 200 16638 "-" "Mozilla/5.0 (Linux; Android 6.0.1; Nexus 5X Build/MMB29P) AppleWebKit/537.36 (KHTML, like Gecko) Chrome/41.0.2272.96 Mobile Safari/537.36 (compatible; Googlebot/2.1; +http://www.google.com/bot.html)"
54.210.244.152 - - [01/Oct/2018:00:39:41 +0200] "GET /taxonomy/term/10%2C61/0/feed HTTP/1.1" 200 4467 "https://www.google.com/" "Mozilla/5.0 (X11; Ubuntu; Linux i686; rv:15.0) Gecko/20100101 Firefox/15.0.1"
54.36.149.11 - - [01/Oct/2018:00:40:33 +0200] "GET /network/90-httpswwwisucreditunioncomecommercemichael-kors-factory-outletaspxbbgv HTTP/1.1" 200 24933 "-" "Mozilla/5.0 (compatible; AhrefsBot/5.2; +http://ahrefs.com/robot/)"
66.249.64.199 - - [01/Oct/2018:00:40:35 +0200] "GET /network/order-generic-rheumatrex-online-no-rx-62-0 HTTP/1.1" 200 20719 "-" "Mozilla/5.0 (Linux; Android 6.0.1; Nexus 5X Build/MMB29P) AppleWebKit/537.36 (KHTML, like Gecko) Chrome/41.0.2272.96 Mobile Safari/537.36 (compatible; Googlebot/2.1; +http://www.google.com/bot.html)"
34.201.168.88 - - [01/Oct/2018:00:40:42 +0200] "GET /taxonomy/term/47/0/feed HTTP/1.1" 200 3527 "https://www.google.com/" "Mozilla/5.0 (Windows NT 6.1; WOW64) AppleWebKit/537.17 (KHTML, like Gecko) Chrome/24.0.1312.60 Safari/537.17"
216.244.66.249 - - [01/Oct/2018:00:40:50 +0200] "GET /climate-change/zestril-cash-delivery-cod HTTP/1.1" 200 18398 "-" "Mozilla/5.0 (compatible; DotBot/1.1; http://www.opensiteexplorer.org/dotbot, help@moz.com)"
216.244.66.249 - - [01/Oct/2018:00:41:01 +0200] "GET /democratic-processes/ben-delays-teaches HTTP/1.1" 200 17572 "-" "Mozilla/5.0 (compatible; DotBot/1.1; http://www.opensiteexplorer.org/dotbot, help@moz.com)"
216.244.66.249 - - [01/Oct/2018:00:41:13 +0200] "GET /democratic-processes/naltrexone-order-0 HTTP/1.1" 200 20223 "-" "Mozilla/5.0 (compatible; DotBot/1.1; http://www.opensiteexplorer.org/dotbot, help@moz.com)"
46.229.168.133 - - [01/Oct/2018:00:41:14 +0200] "GET /robots.txt HTTP/1.1" 200 1654 "-" "Mozilla/5.0 (compatible; SemrushBot/2~bl; +http://www.semrush.com/bot.html)"
46.229.168.133 - - [01/Oct/2018:00:41:15 +0200] "GET /event/ical HTTP/1.1" 302 5 "-" "Mozilla/5.0 (compatible; SemrushBot/2~bl; +http://www.semrush.com/bot.html)"
46.229.168.140 - - [01/Oct/2018:00:41:18 +0200] "GET /event/2018/09/30/ical/all/all/ HTTP/1.1" 200 178 "-" "Mozilla/5.0 (compatible; SemrushBot/2~bl; +http://www.semrush.com/bot.html)"
216.244.66.249 - - [01/Oct/2018:00:41:25 +0200] "GET /development-funding/cheap-louis-vuitz HTTP/1.1" 200 26307 "-" "Mozilla/5.0 (compatible; DotBot/1.1; http://www.opensiteexplorer.org/dotbot, help@moz.com)"
54.36.149.9 - - [01/Oct/2018:00:41:29 +0200] "GET /network/theres-very-distinct-look-httpwwwalanon-nassau-nyorgalbeatshtm-bvf HTTP/1.1" 200 24871 "-" "Mozilla/5.0 (compatible; AhrefsBot/5.2; +http://ahrefs.com/robot/)"
216.244.66.249 - - [01/Oct/2018:00:41:36 +0200] "GET /development-funding/kong-skull-island HTTP/1.1" 200 12995 "-" "Mozilla/5.0 (compatible; DotBot/1.1; http://www.opensiteexplorer.org/dotbot, help@moz.com)"
46.229.168.142 - - [01/Oct/2018:00:41:37 +0200] "GET /taxonomy/term/1522 HTTP/1.1" 200 13826 "-" "Mozilla/5.0 (compatible; SemrushBot/2~bl; +http://www.semrush.com/bot.html)"
216.244.66.249 - - [01/Oct/2018:00:41:48 +0200] "GET /development-funding/serophene-100mg-no-rx HTTP/1.1" 200 15108 "-" "Mozilla/5.0 (compatible; DotBot/1.1; http://www.opensiteexplorer.org/dotbot, help@moz.com)"
54.91.14.77 - - [01/Oct/2018:00:41:51 +0200] "GET /taxonomy/term/7%2C61/0/feed HTTP/1.1" 200 4547 "https://www.google.com/" "Mozilla/5.0 (X11; Ubuntu; Linux i686; rv:15.0) Gecko/20100101 Firefox/15.0.1"
216.244.66.249 - - [01/Oct/2018:00:41:59 +0200] "GET /network/d-had-sensory-issues-51891726 HTTP/1.1" 200 21931 "-" "Mozilla/5.0 (compatible; DotBot/1.1; http://www.opensiteexplorer.org/dotbot, help@moz.com)"
66.249.64.194 - - [01/Oct/2018:00:42:10 +0200] "GET /network/order-generic-trecator-sc-overnight-no-rx-23 HTTP/1.1" 200 19419 "-" "Mozilla/5.0 (Linux; Android 6.0.1; Nexus 5X Build/MMB29P) AppleWebKit/537.36 (KHTML, like Gecko) Chrome/41.0.2272.96 Mobile Safari/537.36 (compatible; Googlebot/2.1; +http://www.google.com/bot.html)"
216.244.66.249 - - [01/Oct/2018:00:42:11 +0200] "GET /network/garage-band-and-logic-studiohjg HTTP/1.1" 200 21665 "-" "Mozilla/5.0 (compatible; DotBot/1.1; http://www.opensiteexplorer.org/dotbot, help@moz.com)"
216.244.66.249 - - [01/Oct/2018:00:42:22 +0200] "GET /network/indexphpmainpagepopupimagepid189 HTTP/1.1" 200 17061 "-" "Mozilla/5.0 (compatible; DotBot/1.1; http://www.opensiteexplorer.org/dotbot, help@moz.com)"
216.244.66.249 - - [01/Oct/2018:00:42:33 +0200] "GET /network/mainpageproductreviewswrite-3 HTTP/1.1" 200 17215 "-" "Mozilla/5.0 (compatible; DotBot/1.1; http://www.opensiteexplorer.org/dotbot, help@moz.com)"
216.244.66.249 - - [01/Oct/2018:00:42:45 +0200] "GET /network/order-cheap-droxia-online-no-rx-98 HTTP/1.1" 200 19582 "-" "Mozilla/5.0 (compatible; DotBot/1.1; http://www.opensiteexplorer.org/dotbot, help@moz.com)"
46.229.168.130 - - [01/Oct/2018:00:43:09 +0200] "GET /node/960 HTTP/1.1" 200 14245 "-" "Mozilla/5.0 (compatible; SemrushBot/2~bl; +http://www.semrush.com/bot.html)"
216.244.66.249 - - [01/Oct/2018:00:43:26 +0200] "GET /network/propecia-diregrearse-18 HTTP/1.1" 200 13581 "-" "Mozilla/5.0 (compatible; DotBot/1.1; http://www.opensiteexplorer.org/dotbot, help@moz.com)"
216.244.66.249 - - [01/Oct/2018:00:43:37 +0200] "GET /network/unreassuring-creighton-dimner HTTP/1.1" 200 13522 "-" "Mozilla/5.0 (compatible; DotBot/1.1; http://www.opensiteexplorer.org/dotbot, help@moz.com)"
216.244.66.249 - - [01/Oct/2018:00:43:48 +0200] "GET /public-goods/bupropion-buy HTTP/1.1" 200 17531 "-" "Mozilla/5.0 (compatible; DotBot/1.1; http://www.opensiteexplorer.org/dotbot, help@moz.com)"
216.244.66.249 - - [01/Oct/2018:00:43:59 +0200] "GET /public-goods/citalopram-buy-40mg HTTP/1.1" 200 17309 "-" "Mozilla/5.0 (compatible; DotBot/1.1; http://www.opensiteexplorer.org/dotbot, help@moz.com)"
216.244.66.249 - - [01/Oct/2018:00:44:10 +0200] "GET /public-goods/finpecia-where-buy HTTP/1.1" 200 16301 "-" "Mozilla/5.0 (compatible; DotBot/1.1; http://www.opensiteexplorer.org/dotbot, help@moz.com)"
216.244.66.249 - - [01/Oct/2018:00:44:21 +0200] "GET /public-goods/minomycin-purchase-chlamydia HTTP/1.1" 200 16341 "-" "Mozilla/5.0 (compatible; DotBot/1.1; http://www.opensiteexplorer.org/dotbot, help@moz.com)"
34.229.101.95 - - [01/Oct/2018:00:44:30 +0200] "GET /taxonomy/term/48/0/feed HTTP/1.1" 200 4658 "https://www.google.com/" "Mozilla/5.0 (Windows; U; Windows NT 6.1; rv:2.2) Gecko/20110201"
216.244.66.249 - - [01/Oct/2018:00:44:32 +0200] "GET /trade-justice/baclofen-buy-online-uk HTTP/1.1" 200 18130 "-" "Mozilla/5.0 (compatible; DotBot/1.1; http://www.opensiteexplorer.org/dotbot, help@moz.com)"
54.36.149.21 - - [01/Oct/2018:00:44:37 +0200] "GET /taxonomy/term/616/0 HTTP/1.1" 200 13279 "-" "Mozilla/5.0 (compatible; AhrefsBot/5.2; +http://ahrefs.com/robot/)"
216.244.66.249 - - [01/Oct/2018:00:44:43 +0200] "GET /trade-justice/soyez-attentif HTTP/1.1" 200 16378 "-" "Mozilla/5.0 (compatible; DotBot/1.1; http://www.opensiteexplorer.org/dotbot, help@moz.com)"
216.244.66.249 - - [01/Oct/2018:00:45:02 +0200] "GET /agriculture-and-food/hat-it-itched-so-muchdz-fvdsfvdsfdsdzf-dsfds HTTP/1.1" 200 24319 "-" "Mozilla/5.0 (compatible; DotBot/1.1; http://www.opensiteexplorer.org/dotbot, help@moz.com)"
54.36.148.67 - - [01/Oct/2018:00:45:11 +0200] "GET /trade-justice/vasotec-buy-cod-uk-legally HTTP/1.1" 200 17149 "-" "Mozilla/5.0 (compatible; AhrefsBot/5.2; +http://ahrefs.com/robot/)"
216.244.66.249 - - [01/Oct/2018:00:45:13 +0200] "GET /agriculture-and-food/naltrexone-how-order-online HTTP/1.1" 200 19803 "-" "Mozilla/5.0 (compatible; DotBot/1.1; http://www.opensiteexplorer.org/dotbot, help@moz.com)"
216.244.66.249 - - [01/Oct/2018:00:45:24 +0200] "GET /agriculture-and-food/prednisolone-find-buy-usa HTTP/1.1" 200 15294 "-" "Mozilla/5.0 (compatible; DotBot/1.1; http://www.opensiteexplorer.org/dotbot, help@moz.com)"
54.36.148.49 - - [01/Oct/2018:00:45:49 +0200] "GET /agriculture-and-food/kbeitijcu HTTP/1.1" 200 18691 "-" "Mozilla/5.0 (compatible; AhrefsBot/5.2; +http://ahrefs.com/robot/)"
216.244.66.249 - - [01/Oct/2018:00:46:06 +0200] "GET /democratic-processes/41-httpwwwcurrencyonlinecomtblds-fcdsgvdxfhbgf HTTP/1.1" 200 25111 "-" "Mozilla/5.0 (compatible; DotBot/1.1; http://www.opensiteexplorer.org/dotbot, help@moz.com)"
46.229.168.146 - - [01/Oct/2018:00:46:06 +0200] "GET /working-issues/institutional-background-hungarian-trade-and-development-policy HTTP/1.1" 200 15511 "-" "Mozilla/5.0 (compatible; SemrushBot/2~bl; +http://www.semrush.com/bot.html)"
216.244.66.249 - - [01/Oct/2018:00:46:16 +0200] "GET /democratic-processes/silagra-recomended-sites-buy HTTP/1.1" 200 16504 "-" "Mozilla/5.0 (compatible; DotBot/1.1; http://www.opensiteexplorer.org/dotbot, help@moz.com)"
216.244.66.249 - - [01/Oct/2018:00:46:27 +0200] "GET /development-funding/129-httpwwwsmcstiracukbags-y-zz HTTP/1.1" 200 24448 "-" "Mozilla/5.0 (compatible; DotBot/1.1; http://www.opensiteexplorer.org/dotbot, help@moz.com)"
216.244.66.249 - - [01/Oct/2018:00:46:40 +0200] "GET /event/2007/10/30/month/all/all HTTP/1.1" 200 281285 "-" "Mozilla/5.0 (compatible; DotBot/1.1; http://www.opensiteexplorer.org/dotbot, help@moz.com)"
216.244.66.249 - - [01/Oct/2018:00:46:53 +0200] "GET /event/2007/11/27/month/all/all HTTP/1.1" 200 281221 "-" "Mozilla/5.0 (compatible; DotBot/1.1; http://www.opensiteexplorer.org/dotbot, help@moz.com)"
216.244.66.249 - - [01/Oct/2018:00:47:06 +0200] "GET /event/2008/02/12/list/all/all HTTP/1.1" 200 278010 "-" "Mozilla/5.0 (compatible; DotBot/1.1; http://www.opensiteexplorer.org/dotbot, help@moz.com)"
216.244.66.249 - - [01/Oct/2018:00:47:19 +0200] "GET /event/2008/05/21/month/all/all HTTP/1.1" 200 281281 "-" "Mozilla/5.0 (compatible; DotBot/1.1; http://www.opensiteexplorer.org/dotbot, help@moz.com)"
216.244.66.249 - - [01/Oct/2018:00:47:31 +0200] "GET /event/2008/09/18/month/all/all HTTP/1.1" 200 281222 "-" "Mozilla/5.0 (compatible; DotBot/1.1; http://www.opensiteexplorer.org/dotbot, help@moz.com)"
52.71.47.14 - - [01/Oct/2018:00:47:33 +0200] "GET /taxonomy/term/41/0/feed HTTP/1.1" 200 4651 "https://www.google.com/" "Mozilla/5.0 (X11; Linux i686) AppleWebKit/537.31 (KHTML, like Gecko) Chrome/26.0.1410.43 Safari/537.31"
46.229.168.142 - - [01/Oct/2018:00:47:43 +0200] "GET /public-goods/sociale-et-respect-de-lenvironnement-dsfv HTTP/1.1" 200 21709 "-" "Mozilla/5.0 (compatible; SemrushBot/2~bl; +http://www.semrush.com/bot.html)"
216.244.66.249 - - [01/Oct/2018:00:47:44 +0200] "GET /event/2008/10/19/month/all/all HTTP/1.1" 200 281285 "-" "Mozilla/5.0 (compatible; DotBot/1.1; http://www.opensiteexplorer.org/dotbot, help@moz.com)"
54.36.148.116 - - [01/Oct/2018:00:47:51 +0200] "GET /event/2010/05/21/day/all/all HTTP/1.1" 200 278271 "-" "Mozilla/5.0 (compatible; AhrefsBot/5.2; +http://ahrefs.com/robot/)"
216.244.66.249 - - [01/Oct/2018:00:47:56 +0200] "GET /event/2008/12/28/list/all/all HTTP/1.1" 200 278010 "-" "Mozilla/5.0 (compatible; DotBot/1.1; http://www.opensiteexplorer.org/dotbot, help@moz.com)"
216.244.66.249 - - [01/Oct/2018:00:48:09 +0200] "GET /event/2009/01/24/list/all/all HTTP/1.1" 200 279066 "-" "Mozilla/5.0 (compatible; DotBot/1.1; http://www.opensiteexplorer.org/dotbot, help@moz.com)"
54.36.149.96 - - [01/Oct/2018:00:48:10 +0200] "GET /node/13009/edit HTTP/1.1" 200 20523 "-" "Mozilla/5.0 (compatible; AhrefsBot/5.2; +http://ahrefs.com/robot/)"
216.244.66.249 - - [01/Oct/2018:00:48:22 +0200] "GET /event/2009/02/18/list/all/all HTTP/1.1" 200 279978 "-" "Mozilla/5.0 (compatible; DotBot/1.1; http://www.opensiteexplorer.org/dotbot, help@moz.com)"
216.244.66.249 - - [01/Oct/2018:00:48:34 +0200] "GET /event/2009/03/12/list/all/all HTTP/1.1" 200 284435 "-" "Mozilla/5.0 (compatible; DotBot/1.1; http://www.opensiteexplorer.org/dotbot, help@moz.com)"
216.244.66.249 - - [01/Oct/2018:00:48:46 +0200] "GET /network/and-if-you-dont-color-punch-buttonbfv HTTP/1.1" 200 22879 "-" "Mozilla/5.0 (compatible; DotBot/1.1; http://www.opensiteexplorer.org/dotbot, help@moz.com)"
216.244.66.249 - - [01/Oct/2018:00:48:57 +0200] "GET /network/curioso-me-nueva-organizacion-juegos-lectura-online HTTP/1.1" 200 19800 "-" "Mozilla/5.0 (compatible; DotBot/1.1; http://www.opensiteexplorer.org/dotbot, help@moz.com)"
216.244.66.249 - - [01/Oct/2018:00:49:08 +0200] "GET /network/high-speed-drop-pounds-suplements-certain HTTP/1.1" 200 21508 "-" "Mozilla/5.0 (compatible; DotBot/1.1; http://www.opensiteexplorer.org/dotbot, help@moz.com)"
216.244.66.249 - - [01/Oct/2018:00:49:19 +0200] "GET /network/mamy-duza-kolekcje-gierek-online-bez-ograniczen-0 HTTP/1.1" 200 20303 "-" "Mozilla/5.0 (compatible; DotBot/1.1; http://www.opensiteexplorer.org/dotbot, help@moz.com)"
216.244.66.249 - - [01/Oct/2018:00:49:30 +0200] "GET /network/me-gusta-mucho-jugar-nuevos-juegos-en-camino-en-internet HTTP/1.1" 200 19611 "-" "Mozilla/5.0 (compatible; DotBot/1.1; http://www.opensiteexplorer.org/dotbot, help@moz.com)"
54.36.149.48 - - [01/Oct/2018:00:49:33 +0200] "GET /development-funding/maxalt-buy-uk HTTP/1.1" 200 16041 "-" "Mozilla/5.0 (compatible; AhrefsBot/5.2; +http://ahrefs.com/robot/)"
18.206.188.148 - - [01/Oct/2018:00:49:36 +0200] "GET /taxonomy/term/63/0/feed HTTP/1.1" 200 3567 "https://www.google.com/" "Mozilla/5.0 (X11; U; Linux i686; en-US; rv:1.8.1.12) Gecko/20080219 Firefox/2.0.0.12 Navigator/9.0.0.6"
216.244.66.249 - - [01/Oct/2018:00:49:41 +0200] "GET /network/najpozniejszego-obiekty-noclegowe-w-zakopanym HTTP/1.1" 200 20335 "-" "Mozilla/5.0 (compatible; DotBot/1.1; http://www.opensiteexplorer.org/dotbot, help@moz.com)"
216.244.66.249 - - [01/Oct/2018:00:50:02 +0200] "GET /network/official-news-regarding-same-day-loans-market HTTP/1.1" 200 17994 "-" "Mozilla/5.0 (compatible; DotBot/1.1; http://www.opensiteexplorer.org/dotbot, help@moz.com)"
54.36.149.25 - - [01/Oct/2018:00:50:12 +0200] "GET /taxonomy/term/1683/0 HTTP/1.1" 200 14244 "-" "Mozilla/5.0 (compatible; AhrefsBot/5.2; +http://ahrefs.com/robot/)"
216.244.66.249 - - [01/Oct/2018:00:50:23 +0200] "GET /network/najwazniejszego-rozgrywki-online-otwartego-gwoli-dzieci HTTP/1.1" 200 - "-" "Mozilla/5.0 (compatible; DotBot/1.1; http://www.opensiteexplorer.org/dotbot, help@moz.com)"
54.36.148.208 - - [01/Oct/2018:00:50:39 +0200] "GET /node/1048 HTTP/1.1" 200 14228 "-" "Mozilla/5.0 (compatible; AhrefsBot/5.2; +http://ahrefs.com/robot/)"
216.244.66.249 - - [01/Oct/2018:00:50:43 +0200] "GET /ngdo/33three-louis-vuitton-handbags-outletb HTTP/1.1" 200 19520 "-" "Mozilla/5.0 (compatible; DotBot/1.1; http://www.opensiteexplorer.org/dotbot, help@moz.com)"
216.244.66.249 - - [01/Oct/2018:00:50:54 +0200] "GET /ngo/585414-gardening-landscaping]http: HTTP/1.1" 404 11085 "-" "Mozilla/5.0 (compatible; DotBot/1.1; http://www.opensiteexplorer.org/dotbot, help@moz.com)"
66.249.64.199 - - [01/Oct/2018:00:51:04 +0200] "GET /network/buy-generic-kamagra-oral-jelly-online-no-rx-25 HTTP/1.1" 200 19184 "-" "Mozilla/5.0 (Linux; Android 6.0.1; Nexus 5X Build/MMB29P) AppleWebKit/537.36 (KHTML, like Gecko) Chrome/41.0.2272.96 Mobile Safari/537.36 (compatible; Googlebot/2.1; +http://www.google.com/bot.html)"
216.244.66.249 - - [01/Oct/2018:00:51:05 +0200] "GET /node/1678 HTTP/1.1" 200 14486 "-" "Mozilla/5.0 (compatible; DotBot/1.1; http://www.opensiteexplorer.org/dotbot, help@moz.com)"
54.36.148.189 - - [01/Oct/2018:00:51:10 +0200] "GET /taxonomy/term/8 HTTP/1.1" 200 27742 "-" "Mozilla/5.0 (compatible; AhrefsBot/5.2; +http://ahrefs.com/robot/)"
216.244.66.249 - - [01/Oct/2018:00:51:16 +0200] "GET /node/58576 HTTP/1.1" 200 16845 "-" "Mozilla/5.0 (compatible; DotBot/1.1; http://www.opensiteexplorer.org/dotbot, help@moz.com)"
216.244.66.249 - - [01/Oct/2018:00:51:27 +0200] "GET /node/7170 HTTP/1.1" 200 20438 "-" "Mozilla/5.0 (compatible; DotBot/1.1; http://www.opensiteexplorer.org/dotbot, help@moz.com)"
54.36.149.82 - - [01/Oct/2018:00:51:35 +0200] "GET /taxonomy/term/3888/0 HTTP/1.1" 200 13467 "-" "Mozilla/5.0 (compatible; AhrefsBot/5.2; +http://ahrefs.com/robot/)"
216.244.66.249 - - [01/Oct/2018:00:51:38 +0200] "GET /public-goods/no-need-blue-pill-i-have-home-remedy HTTP/1.1" 200 14567 "-" "Mozilla/5.0 (compatible; DotBot/1.1; http://www.opensiteexplorer.org/dotbot, help@moz.com)"
