195.56.55.225 - - [04/Jul/2013:16:15:57 +0200] "GET /test.html HTTP/1.1" 200 56 "-" "monit/4.6"
195.56.55.225 - - [04/Jul/2013:16:18:04 +0200] "GET /test.html HTTP/1.1" 200 56 "-" "monit/4.6"
195.56.55.225 - - [04/Jul/2013:16:20:06 +0200] "GET /test.html HTTP/1.1" 200 56 "-" "monit/4.6"
195.56.55.225 - - [04/Jul/2013:16:22:08 +0200] "GET /test.html HTTP/1.1" 200 56 "-" "monit/4.6"
89.248.174.60 - - [04/Jul/2013:16:22:48 +0200] "GET /forum_attac.php3?id_article=983&retour=cikk.php3%3Fid_article%3D983 HTTP/1.1" 404 292 "-" "Mozilla/4.0 (compatible; MSIE 6.0; Windows NT 5.1; SV1)"
195.56.55.225 - - [04/Jul/2013:16:24:11 +0200] "GET /test.html HTTP/1.1" 200 56 "-" "monit/4.6"
195.56.55.225 - - [04/Jul/2013:16:26:12 +0200] "GET /test.html HTTP/1.1" 200 56 "-" "monit/4.6"
195.56.55.225 - - [04/Jul/2013:16:28:14 +0200] "GET /test.html HTTP/1.1" 200 56 "-" "monit/4.6"
54.227.29.38 - - [04/Jul/2013:16:28:27 +0200] "GET /robots.txt HTTP/1.1" 404 283 "-" "CCBot/1.0 (+http://www.commoncrawl.org/bot.html)"
54.227.29.38 - - [04/Jul/2013:16:28:30 +0200] "GET / HTTP/1.1" 200 1155 "-" "CCBot/1.0 (+http://www.commoncrawl.org/bot.html)"
195.56.55.225 - - [04/Jul/2013:16:30:17 +0200] "GET /test.html HTTP/1.1" 200 56 "-" "monit/4.6"
195.56.55.225 - - [04/Jul/2013:16:32:20 +0200] "GET /test.html HTTP/1.1" 200 56 "-" "monit/4.6"
212.98.183.24 - - [04/Jul/2013:16:33:10 +0200] "POST /forum_attac.php3?id_article=710&retour=cikk HTTP/1.1" 404 292 "http://attac.zpok.hu/forum_attac.php3?id_article=710&retour=cikk" "Mozilla/4.0 (compatible; MSIE 6.0; Windows NT 5.1; SV1)"
134.201.250.156 - - [04/Jul/2013:16:33:14 +0200] "POST /forum_attac.php3?id_article=710&retour=cikk HTTP/1.1" 404 292 "http://attac.zpok.hu/forum_attac.php3?id_article=710&retour=cikk" "Mozilla/4.0 (compatible; MSIE 6.0; Windows NT 5.1; SV1)"
195.56.55.225 - - [04/Jul/2013:16:34:22 +0200] "GET /test.html HTTP/1.1" 200 56 "-" "monit/4.6"
195.56.55.225 - - [04/Jul/2013:16:36:24 +0200] "GET /test.html HTTP/1.1" 200 56 "-" "monit/4.6"
157.56.93.39 - - [04/Jul/2013:16:37:03 +0200] "GET /robots.txt HTTP/1.1" 404 288 "-" "Mozilla/5.0 (compatible; bingbot/2.0; +http://www.bing.com/bingbot.htm)"
157.56.93.39 - - [04/Jul/2013:16:38:16 +0200] "GET / HTTP/1.1" 200 1155 "-" "Mozilla/5.0 (compatible; bingbot/2.0; +http://www.bing.com/bingbot.htm)"
195.56.55.225 - - [04/Jul/2013:16:38:26 +0200] "GET /test.html HTTP/1.1" 200 56 "-" "monit/4.6"
195.56.55.225 - - [04/Jul/2013:16:40:28 +0200] "GET /test.html HTTP/1.1" 200 56 "-" "monit/4.6"
212.7.196.79 - - [04/Jul/2013:16:40:36 +0200] "GET / HTTP/1.1" 200 1155 "-" "Mozilla/5.0 (Windows; U; Windows NT 6.1; WOW64; en-US; rv:2.0.4) Gecko/20120718 AskTbAVR-IDW/3.12.5.17700 Firefox/14.0.1"
195.56.55.225 - - [04/Jul/2013:16:42:35 +0200] "GET /test.html HTTP/1.1" 200 56 "-" "monit/4.6"
195.56.55.225 - - [04/Jul/2013:16:44:37 +0200] "GET /test.html HTTP/1.1" 200 56 "-" "monit/4.6"
89.248.174.60 - - [04/Jul/2013:16:45:40 +0200] "GET /forum_attac.php3?id_article=983&retour=cikk.php3%3Fid_article%3D983 HTTP/1.1" 404 292 "-" "Mozilla/4.0 (compatible; MSIE 6.0; Windows NT 5.1; SV1)"
195.56.55.225 - - [04/Jul/2013:16:46:39 +0200] "GET /test.html HTTP/1.1" 200 56 "-" "monit/4.6"
195.56.55.225 - - [04/Jul/2013:16:48:41 +0200] "GET /test.html HTTP/1.1" 200 56 "-" "monit/4.6"
195.56.55.225 - - [04/Jul/2013:16:50:44 +0200] "GET /test.html HTTP/1.1" 200 56 "-" "monit/4.6"
195.56.55.225 - - [04/Jul/2013:16:52:46 +0200] "GET /test.html HTTP/1.1" 200 56 "-" "monit/4.6"
195.56.55.225 - - [04/Jul/2013:16:54:48 +0200] "GET /test.html HTTP/1.1" 200 56 "-" "monit/4.6"
208.115.111.71 - - [04/Jul/2013:16:56:54 +0200] "GET / HTTP/1.1" 200 1155 "-" "Mozilla/5.0 (compatible; Ezooms/1.0; ezooms.bot@gmail.com)"
195.56.55.225 - - [04/Jul/2013:16:56:55 +0200] "GET /test.html HTTP/1.1" 200 56 "-" "monit/4.6"
180.250.169.14 - - [04/Jul/2013:16:57:54 +0200] "POST /forum_attac.php3?id_article=710&retour=cikk HTTP/1.1" 404 292 "http://attac.zpok.hu/forum_attac.php3?id_article=710&retour=cikk" "Mozilla/4.0 (compatible; MSIE 6.0; Windows NT 5.1; SV1)"
118.97.95.182 - - [04/Jul/2013:16:57:56 +0200] "POST /forum_attac.php3?id_article=710&retour=cikk HTTP/1.0" 404 280 "http://attac.zpok.hu/forum_attac.php3?id_article=710&retour=cikk" "Mozilla/4.0 (compatible; MSIE 6.0; Windows NT 5.1; SV1)"
195.56.55.225 - - [04/Jul/2013:16:58:57 +0200] "GET /test.html HTTP/1.1" 200 56 "-" "monit/4.6"
101.99.3.164 - - [04/Jul/2013:17:00:43 +0200] "POST /forum_attac.php3?id_article=710&retour=cikk HTTP/1.1" 404 292 "http://attac.zpok.hu/forum_attac.php3?id_article=710&retour=cikk" "Mozilla/4.0 (compatible; MSIE 6.0; Windows NT 5.1; SV1)"
195.56.55.225 - - [04/Jul/2013:17:00:59 +0200] "GET /test.html HTTP/1.1" 200 56 "-" "monit/4.6"
195.56.55.225 - - [04/Jul/2013:17:03:01 +0200] "GET /test.html HTTP/1.1" 200 56 "-" "monit/4.6"
195.56.55.225 - - [04/Jul/2013:17:05:03 +0200] "GET /test.html HTTP/1.1" 200 56 "-" "monit/4.6"
195.56.55.225 - - [04/Jul/2013:17:07:06 +0200] "GET /test.html HTTP/1.1" 200 56 "-" "monit/4.6"
89.248.174.60 - - [04/Jul/2013:17:08:52 +0200] "GET /forum_attac.php3?id_article=983&retour=cikk.php3%3Fid_article%3D983 HTTP/1.1" 404 292 "-" "Mozilla/4.0 (compatible; MSIE 6.0; Windows NT 5.1; SV1)"
195.56.55.225 - - [04/Jul/2013:17:09:08 +0200] "GET /test.html HTTP/1.1" 200 56 "-" "monit/4.6"
195.56.55.225 - - [04/Jul/2013:17:11:11 +0200] "GET /test.html HTTP/1.1" 200 56 "-" "monit/4.6"
195.56.55.225 - - [04/Jul/2013:17:13:13 +0200] "GET /test.html HTTP/1.1" 200 56 "-" "monit/4.6"
195.62.25.119 - - [04/Jul/2013:17:13:47 +0200] "GET /IMG/European_SW_Report_2010-eng.pdf+++++++++++++++++++++++++Result:+%ED%E5+%ED%E0%F8%EB%EE%F1%FC+%F4%EE%F0%EC%FB+%E4%EB%FF+%EE%F2%EF%F0%E0%E2%EA%E8;+Result:+%ED%E5+%ED%E0%F8%EB%EE%F1%FC+%F4%EE%F0%EC%FB+%E4%EB%FF+%EE%F2%EF%F0%E0%E2%EA%E8; HTTP/1.0" 404 401 "http://attac.zpok.hu/IMG/European_SW_Report_2010-eng.pdf+++++++++++++++++++++++++Result:+%ED%E5+%ED%E0%F8%EB%EE%F1%FC+%F4%EE%F0%EC%FB+%E4%EB%FF+%EE%F2%EF%F0%E0%E2%EA%E8;+Result:+%ED%E5+%ED%E0%F8%EB%EE%F1%FC+%F4%EE%F0%EC%FB+%E4%EB%FF+%EE%F2%EF%F0%E0%E2%EA%E8;" "Mozilla/5.0 (Windows NT 6.1; rv:12.0) Gecko/20100101 Firefox/12.0"
195.62.25.119 - - [04/Jul/2013:17:13:47 +0200] "GET / HTTP/1.0" 200 1155 "http://attac.zpok.hu/" "Mozilla/5.0 (Windows NT 6.1; rv:12.0) Gecko/20100101 Firefox/12.0"
65.55.52.92 - - [04/Jul/2013:17:15:02 +0200] "GET /files/ HTTP/1.1" 404 301 "-" "Mozilla/5.0 (compatible; bingbot/2.0; +http://www.bing.com/bingbot.htm)"
195.56.55.225 - - [04/Jul/2013:17:15:15 +0200] "GET /test.html HTTP/1.1" 200 56 "-" "monit/4.6"
46.108.241.253 - - [04/Jul/2013:17:16:31 +0200] "POST /forum_attac.php3?id_article=710&retour=cikk HTTP/1.0" 404 280 "http://attac.zpok.hu/forum_attac.php3?id_article=710&retour=cikk" "Mozilla/4.0 (compatible; MSIE 6.0; Windows NT 5.1; SV1)"
173.199.114.171 - - [04/Jul/2013:17:16:34 +0200] "-" 408 - "-" "-"
98.126.22.58 - - [04/Jul/2013:17:16:36 +0200] "POST /forum_attac.php3?id_article=710&retour=cikk HTTP/1.1" 404 292 "http://attac.zpok.hu/forum_attac.php3?id_article=710&retour=cikk" "Mozilla/4.0 (compatible; MSIE 6.0; Windows NT 5.1; SV1)"
212.98.183.24 - - [04/Jul/2013:17:16:36 +0200] "POST /forum_attac.php3?id_article=710&retour=cikk HTTP/1.1" 404 292 "http://attac.zpok.hu/forum_attac.php3?id_article=710&retour=cikk" "Mozilla/4.0 (compatible; MSIE 6.0; Windows NT 5.1; SV1)"
91.236.74.194 - - [04/Jul/2013:17:17:16 +0200] "GET / HTTP/1.0" 200 1155 "http://attac.zpok.hu/" "Opera/9.80 (Windows NT 6.2; WOW64; MRA 8.0 (build 5784)) Presto/2.12.388 Version/12.11"
195.56.55.225 - - [04/Jul/2013:17:17:17 +0200] "GET /test.html HTTP/1.1" 200 56 "-" "monit/4.6"
195.56.55.225 - - [04/Jul/2013:17:19:19 +0200] "GET /test.html HTTP/1.1" 200 56 "-" "monit/4.6"
195.56.55.225 - - [04/Jul/2013:17:21:21 +0200] "GET /test.html HTTP/1.1" 200 56 "-" "monit/4.6"
195.56.55.225 - - [04/Jul/2013:17:23:23 +0200] "GET /test.html HTTP/1.1" 200 56 "-" "monit/4.6"
195.56.55.225 - - [04/Jul/2013:17:25:30 +0200] "GET /test.html HTTP/1.1" 200 56 "-" "monit/4.6"
195.56.55.225 - - [04/Jul/2013:17:27:32 +0200] "GET /test.html HTTP/1.1" 200 56 "-" "monit/4.6"
195.56.55.225 - - [04/Jul/2013:17:29:34 +0200] "GET /test.html HTTP/1.1" 200 56 "-" "monit/4.6"
212.98.183.24 - - [04/Jul/2013:17:29:36 +0200] "POST /forum_attac.php3?id_article=710&retour=cikk HTTP/1.1" 404 292 "http://attac.zpok.hu/forum_attac.php3?id_article=710&retour=cikk" "Mozilla/4.0 (compatible; MSIE 6.0; Windows NT 5.1; SV1)"
195.56.55.225 - - [04/Jul/2013:17:31:36 +0200] "GET /test.html HTTP/1.1" 200 56 "-" "monit/4.6"
89.248.174.60 - - [04/Jul/2013:17:31:44 +0200] "GET /forum_attac.php3?id_article=983&retour=cikk.php3%3Fid_article%3D983 HTTP/1.1" 404 292 "-" "Mozilla/4.0 (compatible; MSIE 6.0; Windows NT 5.1; SV1)"
91.137.153.40 - - [04/Jul/2013:17:33:00 +0200] "-" 408 - "-" "-"
195.56.55.225 - - [04/Jul/2013:17:33:38 +0200] "GET /test.html HTTP/1.1" 200 56 "-" "monit/4.6"
195.56.55.225 - - [04/Jul/2013:17:35:40 +0200] "GET /test.html HTTP/1.1" 200 56 "-" "monit/4.6"
195.56.55.225 - - [04/Jul/2013:17:37:42 +0200] "GET /test.html HTTP/1.1" 200 56 "-" "monit/4.6"
64.213.148.135 - - [04/Jul/2013:17:38:35 +0200] "POST /forum_attac.php3?id_article=710&retour=cikk HTTP/1.1" 404 292 "http://attac.zpok.hu/forum_attac.php3?id_article=710&retour=cikk" "Mozilla/4.0 (compatible; MSIE 6.0; Windows NT 5.1; SV1)"
46.51.252.64 - - [04/Jul/2013:17:38:37 +0200] "POST /forum_attac.php3?id_article=710&retour=cikk HTTP/1.1" 404 292 "-" "-"
195.56.55.225 - - [04/Jul/2013:17:39:47 +0200] "GET /test.html HTTP/1.1" 200 56 "-" "monit/4.6"
195.56.55.225 - - [04/Jul/2013:17:41:49 +0200] "GET /test.html HTTP/1.1" 200 56 "-" "monit/4.6"
195.56.55.225 - - [04/Jul/2013:17:43:51 +0200] "GET /test.html HTTP/1.1" 200 56 "-" "monit/4.6"
195.56.55.225 - - [04/Jul/2013:17:45:53 +0200] "GET /test.html HTTP/1.1" 200 56 "-" "monit/4.6"
195.56.55.225 - - [04/Jul/2013:17:47:56 +0200] "GET /test.html HTTP/1.1" 200 56 "-" "monit/4.6"
195.56.55.225 - - [04/Jul/2013:17:49:58 +0200] "GET /test.html HTTP/1.1" 200 56 "-" "monit/4.6"
66.249.78.165 - - [04/Jul/2013:17:51:45 +0200] "GET /robots.txt HTTP/1.1" 404 305 "-" "Mozilla/5.0 (compatible; Googlebot/2.1; +http://www.google.com/bot.html)"
66.249.78.165 - - [04/Jul/2013:17:51:45 +0200] "GET /files/ensz_deklaracio_hu.doc HTTP/1.1" 404 323 "-" "Mozilla/5.0 (compatible; Googlebot/2.1; +http://www.google.com/bot.html)"
195.56.55.225 - - [04/Jul/2013:17:52:00 +0200] "GET /test.html HTTP/1.1" 200 56 "-" "monit/4.6"
222.77.195.45 - - [04/Jul/2013:17:53:15 +0200] "-" 408 - "-" "-"
222.77.195.45 - - [04/Jul/2013:17:53:47 +0200] "-" 408 - "-" "-"
195.56.55.225 - - [04/Jul/2013:17:54:02 +0200] "GET /test.html HTTP/1.1" 200 56 "-" "monit/4.6"
222.77.195.45 - - [04/Jul/2013:17:54:39 +0200] "-" 408 - "-" "-"
89.248.174.60 - - [04/Jul/2013:17:54:45 +0200] "GET /forum_attac.php3?id_article=983&retour=cikk.php3%3Fid_article%3D983 HTTP/1.1" 404 292 "-" "Mozilla/4.0 (compatible; MSIE 6.0; Windows NT 5.1; SV1)"
109.254.49.5 - - [04/Jul/2013:17:56:04 +0200] "GET /www.bicusa.org/lac/ppa_corredor1.htm HTTP/1.1" 404 314 "http://lettalkaboutall.blogspot.com/" "\xef\xbb\xbfMozilla/4.0 [\xd0\xb2\xd1\x81\xd0\xb5 \xd0\xbf\xd1\x80\xd0\xbe \xd0\xb2\xd0\xb5\xd0\xbd\xd0\xb4\xd0\xb8\xd0\xbd\xd0\xb3]; MSIE 5.01; Windows NT 4.0)"
195.56.55.225 - - [04/Jul/2013:17:56:04 +0200] "GET /test.html HTTP/1.1" 200 56 "-" "monit/4.6"
91.83.201.87 - - [04/Jul/2013:17:57:41 +0200] "-" 408 - "-" "-"
91.83.201.87 - - [04/Jul/2013:17:57:51 +0200] "-" 408 - "-" "-"
195.56.55.225 - - [04/Jul/2013:17:58:06 +0200] "GET /test.html HTTP/1.1" 200 56 "-" "monit/4.6"
87.250.37.50 - - [04/Jul/2013:17:58:42 +0200] "POST /forum_attac.php3?id_article=710&retour=cikk HTTP/1.1" 404 292 "http://attac.zpok.hu/forum_attac.php3?id_article=710&retour=cikk" "Mozilla/4.0 (compatible; MSIE 6.0; Windows NT 5.1; SV1)"
64.213.148.131 - - [04/Jul/2013:17:58:44 +0200] "POST /forum_attac.php3?id_article=710&retour=cikk HTTP/1.1" 404 292 "http://attac.zpok.hu/forum_attac.php3?id_article=710&retour=cikk" "Mozilla/4.0 (compatible; MSIE 6.0; Windows NT 5.1; SV1)"
195.56.55.225 - - [04/Jul/2013:18:00:08 +0200] "GET /test.html HTTP/1.1" 200 56 "-" "monit/4.6"
195.56.55.225 - - [04/Jul/2013:18:02:10 +0200] "GET /test.html HTTP/1.1" 200 56 "-" "monit/4.6"
195.56.55.225 - - [04/Jul/2013:18:04:12 +0200] "GET /test.html HTTP/1.1" 200 56 "-" "monit/4.6"
59.58.172.118 - - [04/Jul/2013:18:05:11 +0200] "GET /forum_attac.php3?id_article=81&retour=cikk.php3%25253Fid_article%25253D81 HTTP/1.1" 404 292 "-" "Mozilla/4.0 (compatible; MSIE 6.0; Windows NT 5.1; SV1; Mozilla/4.0 (compatible; MSIE 6.0; Windows NT 5.1; SV1) ; .NET CLR 2.0.50727 ; .NET CLR 4.0.30319)"
59.58.172.118 - - [04/Jul/2013:18:05:29 +0200] "GET /forum_attac.php3?id_article=81&retour=cikk.php3%25253Fid_article%25253D81 HTTP/1.1" 404 292 "-" "Mozilla/4.0 (compatible; MSIE 6.0; Windows NT 5.1; SV1)"
195.56.55.225 - - [04/Jul/2013:18:06:14 +0200] "GET /test.html HTTP/1.1" 200 56 "-" "monit/4.6"
195.56.55.225 - - [04/Jul/2013:18:08:16 +0200] "GET /test.html HTTP/1.1" 200 56 "-" "monit/4.6"
65.55.24.245 - - [04/Jul/2013:18:08:41 +0200] "GET /robots.txt HTTP/1.1" 404 286 "-" "Mozilla/5.0 (compatible; bingbot/2.0; +http://www.bing.com/bingbot.htm)"
195.56.55.225 - - [04/Jul/2013:18:10:18 +0200] "GET /test.html HTTP/1.1" 200 56 "-" "monit/4.6"
66.249.78.218 - - [04/Jul/2013:18:11:52 +0200] "GET /cikk.php3?id_article=966 HTTP/1.1" 404 285 "-" "Mozilla/5.0 (compatible; Googlebot/2.1; +http://www.google.com/bot.html)"
195.56.55.225 - - [04/Jul/2013:18:12:20 +0200] "GET /test.html HTTP/1.1" 200 56 "-" "monit/4.6"
46.107.164.251 - - [04/Jul/2013:18:12:51 +0200] "-" 408 - "-" "-"
195.56.55.225 - - [04/Jul/2013:18:14:22 +0200] "GET /test.html HTTP/1.1" 200 56 "-" "monit/4.6"
195.56.55.225 - - [04/Jul/2013:18:16:24 +0200] "GET /test.html HTTP/1.1" 200 56 "-" "monit/4.6"
46.107.197.17 - - [04/Jul/2013:18:16:26 +0200] "GET /proxy.pac HTTP/1.1" 404 282 "-" "Mozilla/5.0 (compatible; MSIE 10.0; Win32; Trident/6.0)"
46.107.197.17 - - [04/Jul/2013:18:16:33 +0200] "GET /proxy.pac HTTP/1.1" 404 282 "-" "Mozilla/5.0 (compatible; MSIE 10.0; Win32; Trident/6.0)"
46.107.197.17 - - [04/Jul/2013:18:16:33 +0200] "GET /proxy.pac HTTP/1.1" 404 282 "-" "Mozilla/5.0 (compatible; MSIE 10.0; Win32; Trident/6.0)"
46.107.197.17 - - [04/Jul/2013:18:16:34 +0200] "GET /proxy.pac HTTP/1.1" 404 282 "-" "Mozilla/5.0 (compatible; MSIE 10.0; Win32; Trident/6.0)"
46.107.197.17 - - [04/Jul/2013:18:16:35 +0200] "GET /proxy.pac HTTP/1.1" 404 282 "-" "-"
46.107.197.17 - - [04/Jul/2013:18:16:36 +0200] "GET /proxy.pac HTTP/1.1" 404 282 "-" "-"
116.236.216.116 - - [04/Jul/2013:18:16:39 +0200] "POST /forum_attac.php3?id_article=710&retour=cikk HTTP/1.1" 404 292 "http://attac.zpok.hu/forum_attac.php3?id_article=710&retour=cikk" "Mozilla/4.0 (compatible; MSIE 6.0; Windows NT 5.1; SV1)"
111.95.243.36 - - [04/Jul/2013:18:16:41 +0200] "POST /forum_attac.php3?id_article=710&retour=cikk HTTP/1.1" 404 292 "http://attac.zpok.hu/forum_attac.php3?id_article=710&retour=cikk" "Mozilla/4.0 (compatible; MSIE 6.0; Windows NT 5.1; SV1)"
46.107.197.17 - - [04/Jul/2013:18:16:41 +0200] "GET /proxy.pac HTTP/1.1" 404 282 "-" "Mozilla/5.0 (compatible; MSIE 10.0; Win32; Trident/6.0)"
46.107.197.17 - - [04/Jul/2013:18:16:41 +0200] "GET /proxy.pac HTTP/1.1" 404 282 "-" "Mozilla/5.0 (compatible; MSIE 10.0; Win32; Trident/6.0)"
46.107.197.17 - - [04/Jul/2013:18:16:46 +0200] "GET /proxy.pac HTTP/1.1" 404 282 "-" "-"
46.107.197.17 - - [04/Jul/2013:18:16:49 +0200] "GET /proxy.pac HTTP/1.1" 404 282 "-" "Mozilla/5.0 (compatible; MSIE 10.0; Win32; Trident/6.0)"
46.107.197.17 - - [04/Jul/2013:18:16:49 +0200] "GET /proxy.pac HTTP/1.1" 404 282 "-" "Mozilla/5.0 (compatible; MSIE 10.0; Win32; Trident/6.0)"
46.107.197.17 - - [04/Jul/2013:18:16:57 +0200] "GET /proxy.pac HTTP/1.1" 404 282 "-" "Mozilla/5.0 (Windows NT 6.1) AppleWebKit/537.36 (KHTML, like Gecko) Chrome/27.0.1453.116 Safari/537.36"
46.107.197.17 - - [04/Jul/2013:18:16:58 +0200] "GET /proxy.pac HTTP/1.1" 404 282 "-" "Mozilla/5.0 (Windows NT 6.1) AppleWebKit/537.36 (KHTML, like Gecko) Chrome/27.0.1453.116 Safari/537.36"
46.107.197.17 - - [04/Jul/2013:18:17:05 +0200] "GET /proxy.pac HTTP/1.1" 404 282 "-" "Mozilla/5.0 (Windows NT 6.1) AppleWebKit/537.36 (KHTML, like Gecko) Chrome/27.0.1453.116 Safari/537.36"
46.107.197.17 - - [04/Jul/2013:18:17:06 +0200] "GET /proxy.pac HTTP/1.1" 404 282 "-" "Mozilla/5.0 (Windows NT 6.1) AppleWebKit/537.36 (KHTML, like Gecko) Chrome/27.0.1453.116 Safari/537.36"
46.107.197.17 - - [04/Jul/2013:18:17:08 +0200] "GET /proxy.pac HTTP/1.1" 404 282 "-" "-"
46.107.197.17 - - [04/Jul/2013:18:17:08 +0200] "GET /proxy.pac HTTP/1.1" 404 282 "-" "-"
46.107.197.17 - - [04/Jul/2013:18:17:08 +0200] "GET /proxy.pac HTTP/1.1" 404 282 "-" "-"
46.107.197.17 - - [04/Jul/2013:18:17:08 +0200] "GET /proxy.pac HTTP/1.1" 404 282 "-" "-"
46.107.197.17 - - [04/Jul/2013:18:17:08 +0200] "GET /proxy.pac HTTP/1.1" 404 282 "-" "-"
46.107.197.17 - - [04/Jul/2013:18:17:09 +0200] "GET /proxy.pac HTTP/1.1" 404 282 "-" "-"
46.107.197.17 - - [04/Jul/2013:18:17:09 +0200] "GET /proxy.pac HTTP/1.1" 404 282 "-" "-"
46.107.197.17 - - [04/Jul/2013:18:17:09 +0200] "GET /proxy.pac HTTP/1.1" 404 282 "-" "-"
46.107.197.17 - - [04/Jul/2013:18:17:09 +0200] "GET /proxy.pac HTTP/1.1" 404 282 "-" "-"
46.107.197.17 - - [04/Jul/2013:18:17:09 +0200] "GET /proxy.pac HTTP/1.1" 404 282 "-" "-"
46.107.197.17 - - [04/Jul/2013:18:17:09 +0200] "GET /proxy.pac HTTP/1.1" 404 282 "-" "-"
46.107.197.17 - - [04/Jul/2013:18:17:09 +0200] "GET /proxy.pac HTTP/1.1" 404 282 "-" "-"
46.107.197.17 - - [04/Jul/2013:18:17:09 +0200] "GET /proxy.pac HTTP/1.1" 404 282 "-" "-"
46.107.197.17 - - [04/Jul/2013:18:17:09 +0200] "GET /proxy.pac HTTP/1.1" 404 282 "-" "-"
46.107.197.17 - - [04/Jul/2013:18:17:09 +0200] "GET /proxy.pac HTTP/1.1" 404 282 "-" "-"
46.107.197.17 - - [04/Jul/2013:18:17:09 +0200] "GET /proxy.pac HTTP/1.1" 404 282 "-" "-"
46.107.197.17 - - [04/Jul/2013:18:17:14 +0200] "GET /proxy.pac HTTP/1.1" 404 282 "-" "-"
46.107.197.17 - - [04/Jul/2013:18:17:16 +0200] "GET /proxy.pac HTTP/1.1" 404 282 "-" "Mozilla/5.0 (compatible; MSIE 10.0; Win32; Trident/6.0)"
46.107.197.17 - - [04/Jul/2013:18:17:16 +0200] "GET /proxy.pac HTTP/1.1" 404 282 "-" "Mozilla/5.0 (compatible; MSIE 10.0; Win32; Trident/6.0)"
46.107.197.17 - - [04/Jul/2013:18:17:17 +0200] "GET /proxy.pac HTTP/1.1" 404 282 "-" "Mozilla/5.0 (compatible; MSIE 10.0; Win32; Trident/6.0)"
46.107.197.17 - - [04/Jul/2013:18:17:17 +0200] "GET /proxy.pac HTTP/1.1" 404 282 "-" "Mozilla/5.0 (compatible; MSIE 10.0; Win32; Trident/6.0)"
46.107.197.17 - - [04/Jul/2013:18:17:19 +0200] "GET /proxy.pac HTTP/1.1" 404 282 "-" "Mozilla/5.0 (compatible; MSIE 10.0; Win32; Trident/6.0)"
46.107.197.17 - - [04/Jul/2013:18:17:19 +0200] "GET /proxy.pac HTTP/1.1" 404 282 "-" "Mozilla/5.0 (compatible; MSIE 10.0; Win32; Trident/6.0)"
46.107.197.17 - - [04/Jul/2013:18:17:19 +0200] "GET /proxy.pac HTTP/1.1" 404 282 "-" "Mozilla/5.0 (compatible; MSIE 10.0; Win32; Trident/6.0)"
46.107.197.17 - - [04/Jul/2013:18:17:40 +0200] "GET /proxy.pac HTTP/1.1" 404 282 "-" "Mozilla/5.0 (Windows NT 6.1) AppleWebKit/537.36 (KHTML, like Gecko) Chrome/27.0.1453.116 Safari/537.36"
46.107.197.17 - - [04/Jul/2013:18:17:49 +0200] "GET /proxy.pac HTTP/1.1" 404 282 "-" "Mozilla/5.0 (compatible; MSIE 10.0; Win32; Trident/6.0)"
89.248.174.60 - - [04/Jul/2013:18:17:59 +0200] "GET /forum_attac.php3?id_article=983&retour=cikk.php3%3Fid_article%3D983 HTTP/1.1" 404 292 "-" "Mozilla/4.0 (compatible; MSIE 6.0; Windows NT 5.1; SV1)"
195.56.55.225 - - [04/Jul/2013:18:18:26 +0200] "GET /test.html HTTP/1.1" 200 56 "-" "monit/4.6"
46.107.197.17 - - [04/Jul/2013:18:18:41 +0200] "GET /proxy.pac HTTP/1.1" 404 282 "-" "Mozilla/5.0 (Windows NT 6.1) AppleWebKit/537.36 (KHTML, like Gecko) Chrome/27.0.1453.116 Safari/537.36"
46.107.197.17 - - [04/Jul/2013:18:19:40 +0200] "GET /proxy.pac HTTP/1.1" 404 282 "-" "Mozilla/5.0 (Windows NT 6.1) AppleWebKit/537.36 (KHTML, like Gecko) Chrome/27.0.1453.116 Safari/537.36"
195.56.55.225 - - [04/Jul/2013:18:20:28 +0200] "GET /test.html HTTP/1.1" 200 56 "-" "monit/4.6"
46.108.241.253 - - [04/Jul/2013:18:21:09 +0200] "POST /forum_attac.php3?id_article=710&retour=cikk HTTP/1.0" 404 280 "http://attac.zpok.hu/forum_attac.php3?id_article=710&retour=cikk" "Mozilla/4.0 (compatible; MSIE 6.0; Windows NT 5.1; SV1)"
195.56.55.225 - - [04/Jul/2013:18:22:31 +0200] "GET /test.html HTTP/1.1" 200 56 "-" "monit/4.6"
46.107.197.17 - - [04/Jul/2013:18:22:59 +0200] "GET /proxy.pac HTTP/1.1" 404 282 "-" "Mozilla/5.0 (Windows NT 6.1) AppleWebKit/537.36 (KHTML, like Gecko) Chrome/27.0.1453.116 Safari/537.36"
195.56.55.225 - - [04/Jul/2013:18:24:33 +0200] "GET /test.html HTTP/1.1" 200 56 "-" "monit/4.6"
65.55.24.245 - - [04/Jul/2013:18:25:12 +0200] "GET /cikk.php3?id_article=94 HTTP/1.1" 404 285 "-" "Mozilla/5.0 (compatible; bingbot/2.0; +http://www.bing.com/bingbot.htm)"
134.201.250.155 - - [04/Jul/2013:18:25:26 +0200] "POST /forum_attac.php3?id_article=710&retour=cikk HTTP/1.1" 404 292 "http://attac.zpok.hu/forum_attac.php3?id_article=710&retour=cikk" "Mozilla/4.0 (compatible; MSIE 6.0; Windows NT 5.1; SV1)"
195.228.147.196 - - [04/Jul/2013:18:25:27 +0200] "POST /forum_attac.php3?id_article=710&retour=cikk HTTP/1.1" 404 292 "http://attac.zpok.hu/forum_attac.php3?id_article=710&retour=cikk" "Mozilla/4.0 (compatible; MSIE 6.0; Windows NT 5.1; SV1)"
195.56.55.225 - - [04/Jul/2013:18:26:35 +0200] "GET /test.html HTTP/1.1" 200 56 "-" "monit/4.6"
208.107.30.29 - - [04/Jul/2013:18:27:35 +0200] "GET /robots.txt HTTP/1.0" 404 293 "-" "Mozilla/5.0 (compatible; MJ12bot/v1.4.3; http://www.majestic12.co.uk/bot.php?+)"
208.107.30.29 - - [04/Jul/2013:18:27:37 +0200] "GET / HTTP/1.1" 200 1155 "-" "Mozilla/5.0 (compatible; MJ12bot/v1.4.3; http://www.majestic12.co.uk/bot.php?+)"
195.56.55.225 - - [04/Jul/2013:18:28:37 +0200] "GET /test.html HTTP/1.1" 200 56 "-" "monit/4.6"
195.56.55.225 - - [04/Jul/2013:18:30:39 +0200] "GET /test.html HTTP/1.1" 200 56 "-" "monit/4.6"
65.55.24.245 - - [04/Jul/2013:18:31:57 +0200] "GET /robots.txt HTTP/1.1" 404 290 "-" "Mozilla/5.0 (compatible; bingbot/2.0; +http://www.bing.com/bingbot.htm)"
195.56.55.225 - - [04/Jul/2013:18:32:41 +0200] "GET /test.html HTTP/1.1" 200 56 "-" "monit/4.6"
72.14.199.132 - - [04/Jul/2013:18:33:18 +0200] "GET / HTTP/1.1" 200 1155 "-" "Feedfetcher-Google; (+http://www.google.com/feedfetcher.html; 1 subscribers; feed-id=849169264004692768)"
195.56.55.225 - - [04/Jul/2013:18:34:43 +0200] "GET /test.html HTTP/1.1" 200 56 "-" "monit/4.6"
65.55.52.108 - - [04/Jul/2013:18:34:51 +0200] "GET /robots.txt HTTP/1.1" 404 295 "-" "Mozilla/5.0 (compatible; bingbot/2.0; +http://www.bing.com/bingbot.htm)"
195.56.55.225 - - [04/Jul/2013:18:36:45 +0200] "GET /test.html HTTP/1.1" 200 56 "-" "monit/4.6"
195.56.55.225 - - [04/Jul/2013:18:38:47 +0200] "GET /test.html HTTP/1.1" 200 56 "-" "monit/4.6"
89.248.174.60 - - [04/Jul/2013:18:40:49 +0200] "GET /forum_attac.php3?id_article=983&retour=cikk.php3%3Fid_article%3D983 HTTP/1.1" 404 292 "-" "Mozilla/4.0 (compatible; MSIE 6.0; Windows NT 5.1; SV1)"
195.56.55.225 - - [04/Jul/2013:18:40:49 +0200] "GET /test.html HTTP/1.1" 200 56 "-" "monit/4.6"
157.56.93.39 - - [04/Jul/2013:18:41:14 +0200] "GET /robots.txt HTTP/1.1" 404 299 "-" "Mozilla/5.0 (compatible; bingbot/2.0; +http://www.bing.com/bingbot.htm)"
65.55.52.108 - - [04/Jul/2013:18:41:47 +0200] "GET / HTTP/1.1" 200 1155 "-" "Mozilla/5.0 (compatible; bingbot/2.0; +http://www.bing.com/bingbot.htm)"
157.56.93.39 - - [04/Jul/2013:18:42:45 +0200] "GET /taxonomy/term/85 HTTP/1.1" 404 305 "-" "Mozilla/5.0 (compatible; bingbot/2.0; +http://www.bing.com/bingbot.htm)"
195.56.55.225 - - [04/Jul/2013:18:42:51 +0200] "GET /test.html HTTP/1.1" 200 56 "-" "monit/4.6"
46.107.197.17 - - [04/Jul/2013:18:42:52 +0200] "GET /proxy.pac HTTP/1.1" 404 282 "-" "Mozilla/5.0 (compatible; MSIE 10.0; Win32; Trident/6.0)"
46.107.197.17 - - [04/Jul/2013:18:42:56 +0200] "GET /proxy.pac HTTP/1.1" 404 282 "-" "Mozilla/5.0 (compatible; MSIE 10.0; Win32; Trident/6.0)"
46.107.197.17 - - [04/Jul/2013:18:42:56 +0200] "GET /proxy.pac HTTP/1.1" 404 282 "-" "Mozilla/5.0 (compatible; MSIE 10.0; Win32; Trident/6.0)"
46.107.197.17 - - [04/Jul/2013:18:43:01 +0200] "GET /proxy.pac HTTP/1.1" 404 282 "-" "-"
46.107.197.17 - - [04/Jul/2013:18:43:03 +0200] "GET /proxy.pac HTTP/1.1" 404 282 "-" "-"
46.107.197.17 - - [04/Jul/2013:18:43:20 +0200] "GET /proxy.pac HTTP/1.1" 404 282 "-" "Mozilla/5.0 (Windows NT 6.1) AppleWebKit/537.36 (KHTML, like Gecko) Chrome/27.0.1453.116 Safari/537.36"
46.107.197.17 - - [04/Jul/2013:18:43:21 +0200] "GET /proxy.pac HTTP/1.1" 404 282 "-" "Mozilla/5.0 (Windows NT 6.1) AppleWebKit/537.36 (KHTML, like Gecko) Chrome/27.0.1453.116 Safari/537.36"
46.107.197.17 - - [04/Jul/2013:18:43:28 +0200] "GET /proxy.pac HTTP/1.1" 404 282 "-" "Mozilla/5.0 (compatible; MSIE 10.0; Win32; Trident/6.0)"
46.107.197.17 - - [04/Jul/2013:18:43:28 +0200] "GET /proxy.pac HTTP/1.1" 404 282 "-" "Mozilla/5.0 (compatible; MSIE 10.0; Win32; Trident/6.0)"
46.107.197.17 - - [04/Jul/2013:18:43:28 +0200] "GET /proxy.pac HTTP/1.1" 404 282 "-" "Mozilla/5.0 (Windows NT 6.1) AppleWebKit/537.36 (KHTML, like Gecko) Chrome/27.0.1453.116 Safari/537.36"
46.107.197.17 - - [04/Jul/2013:18:43:29 +0200] "GET /proxy.pac HTTP/1.1" 404 282 "-" "Mozilla/5.0 (Windows NT 6.1) AppleWebKit/537.36 (KHTML, like Gecko) Chrome/27.0.1453.116 Safari/537.36"
46.107.197.17 - - [04/Jul/2013:18:43:31 +0200] "GET /proxy.pac HTTP/1.1" 404 282 "-" "Mozilla/5.0 (compatible; MSIE 10.0; Win32; Trident/6.0)"
46.107.197.17 - - [04/Jul/2013:18:43:31 +0200] "GET /proxy.pac HTTP/1.1" 404 282 "-" "Mozilla/5.0 (compatible; MSIE 10.0; Win32; Trident/6.0)"
46.107.197.17 - - [04/Jul/2013:18:43:31 +0200] "GET /proxy.pac HTTP/1.1" 404 282 "-" "-"
46.107.197.17 - - [04/Jul/2013:18:43:40 +0200] "GET /proxy.pac HTTP/1.1" 404 282 "-" "-"
46.107.197.17 - - [04/Jul/2013:18:43:44 +0200] "GET /proxy.pac HTTP/1.1" 404 282 "-" "Mozilla/5.0 (compatible; MSIE 10.0; Win32; Trident/6.0)"
46.107.197.17 - - [04/Jul/2013:18:43:44 +0200] "GET /proxy.pac HTTP/1.1" 404 282 "-" "Mozilla/5.0 (compatible; MSIE 10.0; Win32; Trident/6.0)"
46.107.197.17 - - [04/Jul/2013:18:44:04 +0200] "GET /proxy.pac HTTP/1.1" 404 282 "-" "Mozilla/5.0 (Windows NT 6.1) AppleWebKit/537.36 (KHTML, like Gecko) Chrome/27.0.1453.116 Safari/537.36"
46.107.197.17 - - [04/Jul/2013:18:44:24 +0200] "GET /proxy.pac HTTP/1.1" 404 282 "-" "Mozilla/5.0 (compatible; MSIE 10.0; Win32; Trident/6.0)"
195.56.55.225 - - [04/Jul/2013:18:44:53 +0200] "GET /test.html HTTP/1.1" 200 56 "-" "monit/4.6"
46.107.197.17 - - [04/Jul/2013:18:46:14 +0200] "GET /proxy.pac HTTP/1.1" 404 282 "-" "Mozilla/5.0 (Windows NT 6.1) AppleWebKit/537.36 (KHTML, like Gecko) Chrome/27.0.1453.116 Safari/537.36"
46.107.197.17 - - [04/Jul/2013:18:46:49 +0200] "GET /proxy.pac HTTP/1.1" 404 282 "-" "Mozilla/5.0 (Windows NT 6.1) AppleWebKit/537.36 (KHTML, like Gecko) Chrome/27.0.1453.116 Safari/537.36"
195.56.55.225 - - [04/Jul/2013:18:46:55 +0200] "GET /test.html HTTP/1.1" 200 56 "-" "monit/4.6"
195.56.55.225 - - [04/Jul/2013:18:49:01 +0200] "GET /test.html HTTP/1.1" 200 56 "-" "monit/4.6"
46.107.197.17 - - [04/Jul/2013:18:49:31 +0200] "GET /proxy.pac HTTP/1.1" 404 282 "-" "Mozilla/5.0 (Windows NT 6.1) AppleWebKit/537.36 (KHTML, like Gecko) Chrome/27.0.1453.116 Safari/537.36"
78.131.55.122 - - [04/Jul/2013:18:50:51 +0200] "-" 408 - "-" "-"
195.56.55.225 - - [04/Jul/2013:18:51:05 +0200] "GET /test.html HTTP/1.1" 200 56 "-" "monit/4.6"
195.56.55.225 - - [04/Jul/2013:18:53:07 +0200] "GET /test.html HTTP/1.1" 200 56 "-" "monit/4.6"
203.252.199.3 - - [04/Jul/2013:18:53:43 +0200] "POST /forum_attac.php3?id_article=710&retour=cikk HTTP/1.0" 404 280 "http://attac.zpok.hu/forum_attac.php3?id_article=710&retour=cikk" "Mozilla/4.0 (compatible; MSIE 6.0; Windows NT 5.1; SV1)"
157.55.32.113 - - [04/Jul/2013:18:54:15 +0200] "GET /node/386 HTTP/1.1" 404 297 "-" "Mozilla/5.0 (compatible; bingbot/2.0; +http://www.bing.com/bingbot.htm)"
64.235.152.13 - - [04/Jul/2013:18:54:35 +0200] "POST /forum_attac.php3?id_article=710&retour=cikk HTTP/1.1" 404 292 "http://attac.zpok.hu/forum_attac.php3?id_article=710&retour=cikk" "Mozilla/4.0 (compatible; MSIE 6.0; Windows NT 5.1; SV1)"
111.95.243.35 - - [04/Jul/2013:18:54:36 +0200] "POST /forum_attac.php3?id_article=710&retour=cikk HTTP/1.1" 404 292 "http://attac.zpok.hu/forum_attac.php3?id_article=710&retour=cikk" "Mozilla/4.0 (compatible; MSIE 6.0; Windows NT 5.1; SV1)"
81.0.104.90 - - [04/Jul/2013:18:54:39 +0200] "POST /forum_attac.php3?id_article=710&retour=cikk HTTP/1.0" 404 280 "http://attac.zpok.hu/forum_attac.php3?id_article=710&retour=cikk" "Mozilla/4.0 (compatible; MSIE 6.0; Windows NT 5.1; SV1)"
195.56.55.225 - - [04/Jul/2013:18:55:09 +0200] "GET /test.html HTTP/1.1" 200 56 "-" "monit/4.6"
65.55.24.245 - - [04/Jul/2013:18:55:38 +0200] "GET /cikk.php3?id_article=107 HTTP/1.1" 404 289 "-" "Mozilla/5.0 (compatible; bingbot/2.0; +http://www.bing.com/bingbot.htm)"
180.76.5.136 - - [04/Jul/2013:18:55:45 +0200] "GET /forum_attac.php3?id_article=94&retour=cikk.php3?id_article%3D94 HTTP/1.1" 404 292 "-" "Mozilla/5.0 (compatible; Baiduspider/2.0; +http://www.baidu.com/search/spider.html)"
195.56.55.225 - - [04/Jul/2013:18:57:11 +0200] "GET /test.html HTTP/1.1" 200 56 "-" "monit/4.6"
195.56.55.225 - - [04/Jul/2013:18:59:13 +0200] "GET /test.html HTTP/1.1" 200 56 "-" "monit/4.6"
46.107.197.17 - - [04/Jul/2013:18:59:22 +0200] "GET /proxy.pac HTTP/1.1" 404 282 "-" "Mozilla/5.0 (compatible; MSIE 10.0; Win32; Trident/6.0)"
80.99.169.211 - - [04/Jul/2013:18:59:23 +0200] "-" 408 - "-" "-"
195.56.55.225 - - [04/Jul/2013:19:01:15 +0200] "GET /test.html HTTP/1.1" 200 56 "-" "monit/4.6"
195.56.55.225 - - [04/Jul/2013:19:03:17 +0200] "GET /test.html HTTP/1.1" 200 56 "-" "monit/4.6"
89.248.174.60 - - [04/Jul/2013:19:03:39 +0200] "GET /forum_attac.php3?id_article=983&retour=cikk.php3%3Fid_article%3D983 HTTP/1.1" 404 292 "-" "Mozilla/4.0 (compatible; MSIE 6.0; Windows NT 5.1; SV1)"
195.56.55.225 - - [04/Jul/2013:19:05:19 +0200] "GET /test.html HTTP/1.1" 200 56 "-" "monit/4.6"
157.55.32.104 - - [04/Jul/2013:19:06:39 +0200] "GET /robots.txt HTTP/1.1" 404 298 "-" "Mozilla/5.0 (compatible; bingbot/2.0; +http://www.bing.com/bingbot.htm)"
195.56.55.225 - - [04/Jul/2013:19:07:21 +0200] "GET /test.html HTTP/1.1" 200 56 "-" "monit/4.6"
157.55.32.104 - - [04/Jul/2013:19:07:41 +0200] "GET / HTTP/1.1" 304 - "-" "Mozilla/5.0 (compatible; bingbot/2.0; +http://www.bing.com/bingbot.htm)"
195.56.55.225 - - [04/Jul/2013:19:09:23 +0200] "GET /test.html HTTP/1.1" 200 56 "-" "monit/4.6"
195.56.55.225 - - [04/Jul/2013:19:11:25 +0200] "GET /test.html HTTP/1.1" 200 56 "-" "monit/4.6"
212.7.196.79 - - [04/Jul/2013:19:12:22 +0200] "GET / HTTP/1.1" 200 1155 "-" "Mozilla/5.0 (Windows; U; Windows NT 6.1; WOW64; en-US; rv:2.0.4) Gecko/20120718 AskTbAVR-IDW/3.12.5.17700 Firefox/14.0.1"
195.56.55.225 - - [04/Jul/2013:19:13:27 +0200] "GET /test.html HTTP/1.1" 200 56 "-" "monit/4.6"
46.107.197.17 - - [04/Jul/2013:19:14:23 +0200] "GET /proxy.pac HTTP/1.1" 404 282 "-" "Mozilla/5.0 (compatible; MSIE 10.0; Win32; Trident/6.0)"
46.211.248.61 - - [04/Jul/2013:19:14:49 +0200] "GET / HTTP/1.1" 200 1155 "-" "Mozilla/3.6 (compatible; MSIE 7.0; Windows NT 6.1; en-US; rv:1.9.2.16) Gecko/20110319 MRA 5.6 (build 03278) Firefox/3.6.16"
80.99.169.211 - - [04/Jul/2013:19:15:25 +0200] "-" 408 - "-" "-"
195.56.55.225 - - [04/Jul/2013:19:15:29 +0200] "GET /test.html HTTP/1.1" 200 56 "-" "monit/4.6"
195.56.55.225 - - [04/Jul/2013:19:17:31 +0200] "GET /test.html HTTP/1.1" 200 56 "-" "monit/4.6"
195.56.55.225 - - [04/Jul/2013:19:19:33 +0200] "GET /test.html HTTP/1.1" 200 56 "-" "monit/4.6"
195.228.54.210 - - [04/Jul/2013:19:19:39 +0200] "-" 408 - "-" "-"
195.56.55.225 - - [04/Jul/2013:19:21:35 +0200] "GET /test.html HTTP/1.1" 200 56 "-" "monit/4.6"
119.226.253.14 - - [04/Jul/2013:19:21:48 +0200] "POST /forum_attac.php3?id_article=710&retour=cikk HTTP/1.1" 404 292 "http://attac.zpok.hu/forum_attac.php3?id_article=710&retour=cikk" "Mozilla/4.0 (compatible; MSIE 6.0; Windows NT 5.1; SV1)"
78.46.154.41 - - [04/Jul/2013:19:21:51 +0200] "GET /robots.txt HTTP/1.1" 404 286 "-" "ExB Language Crawler 2.1.5 (+http://www.exb.de/crawler)"
180.250.169.14 - - [04/Jul/2013:19:21:52 +0200] "POST /forum_attac.php3?id_article=710&retour=cikk HTTP/1.1" 404 292 "http://attac.zpok.hu/forum_attac.php3?id_article=710&retour=cikk" "Mozilla/4.0 (compatible; MSIE 6.0; Windows NT 5.1; SV1)"
118.140.81.50 - - [04/Jul/2013:19:21:54 +0200] "POST /forum_attac.php3?id_article=710&retour=cikk HTTP/1.1" 404 292 "http://attac.zpok.hu/forum_attac.php3?id_article=710&retour=cikk" "Mozilla/4.0 (compatible; MSIE 6.0; Windows NT 5.1; SV1)"
118.140.81.50 - - [04/Jul/2013:19:21:56 +0200] "POST /forum_attac.php3?id_article=710&retour=cikk HTTP/1.1" 404 292 "http://attac.zpok.hu/forum_attac.php3?id_article=710&retour=cikk" "Mozilla/4.0 (compatible; MSIE 6.0; Windows NT 5.1; SV1)"
89.162.131.190 - - [04/Jul/2013:19:21:57 +0200] "POST /forum_attac.php3?id_article=710&retour=cikk HTTP/1.1" 404 292 "http://attac.zpok.hu/forum_attac.php3?id_article=710&retour=cikk" "Mozilla/4.0 (compatible; MSIE 6.0; Windows NT 5.1; SV1)"
91.228.178.138 - - [04/Jul/2013:19:21:59 +0200] "POST /forum_attac.php3?id_article=710&retour=cikk HTTP/1.0" 404 280 "http://attac.zpok.hu/forum_attac.php3?id_article=710&retour=cikk" "Mozilla/4.0 (compatible; MSIE 6.0; Windows NT 5.1; SV1)"
195.56.55.225 - - [04/Jul/2013:19:23:37 +0200] "GET /test.html HTTP/1.1" 200 56 "-" "monit/4.6"
78.2.127.110 - - [04/Jul/2013:19:25:38 +0200] "-" 408 - "-" "-"
195.56.55.225 - - [04/Jul/2013:19:25:39 +0200] "GET /test.html HTTP/1.1" 200 56 "-" "monit/4.6"
89.248.174.60 - - [04/Jul/2013:19:26:49 +0200] "GET /forum_attac.php3?id_article=983&retour=cikk.php3%3Fid_article%3D983 HTTP/1.1" 404 292 "-" "Mozilla/4.0 (compatible; MSIE 6.0; Windows NT 5.1; SV1)"
195.56.55.225 - - [04/Jul/2013:19:27:41 +0200] "GET /test.html HTTP/1.1" 200 56 "-" "monit/4.6"
94.44.252.180 - - [04/Jul/2013:19:27:53 +0200] "-" 408 - "-" "-"
94.44.252.180 - - [04/Jul/2013:19:27:53 +0200] "-" 408 - "-" "-"
94.44.252.180 - - [04/Jul/2013:19:27:53 +0200] "-" 408 - "-" "-"
94.44.252.180 - - [04/Jul/2013:19:27:53 +0200] "-" 408 - "-" "-"
5.63.249.107 - - [04/Jul/2013:19:28:52 +0200] "-" 408 - "-" "-"
195.56.55.225 - - [04/Jul/2013:19:29:44 +0200] "GET /test.html HTTP/1.1" 200 56 "-" "monit/4.6"
203.252.199.3 - - [04/Jul/2013:19:31:09 +0200] "POST /forum_attac.php3?id_article=710&retour=cikk HTTP/1.0" 404 280 "http://attac.zpok.hu/forum_attac.php3?id_article=710&retour=cikk" "Mozilla/4.0 (compatible; MSIE 6.0; Windows NT 5.1; SV1)"
64.213.148.131 - - [04/Jul/2013:19:31:11 +0200] "POST /forum_attac.php3?id_article=710&retour=cikk HTTP/1.1" 404 292 "http://attac.zpok.hu/forum_attac.php3?id_article=710&retour=cikk" "Mozilla/4.0 (compatible; MSIE 6.0; Windows NT 5.1; SV1)"
195.56.55.225 - - [04/Jul/2013:19:31:47 +0200] "GET /test.html HTTP/1.1" 200 56 "-" "monit/4.6"
94.44.253.190 - - [04/Jul/2013:19:32:43 +0200] "-" 408 - "-" "-"
195.56.55.225 - - [04/Jul/2013:19:33:49 +0200] "GET /test.html HTTP/1.1" 200 56 "-" "monit/4.6"
195.56.55.225 - - [04/Jul/2013:19:35:51 +0200] "GET /test.html HTTP/1.1" 200 56 "-" "monit/4.6"
173.192.29.210 - - [04/Jul/2013:19:36:12 +0200] "POST" 405 - "-" "-"
94.44.253.238 - - [04/Jul/2013:19:36:20 +0200] "-" 408 - "-" "-"
94.44.253.238 - - [04/Jul/2013:19:36:20 +0200] "-" 408 - "-" "-"
94.44.253.238 - - [04/Jul/2013:19:36:20 +0200] "-" 408 - "-" "-"
94.44.253.238 - - [04/Jul/2013:19:36:23 +0200] "-" 408 - "-" "-"
195.56.55.225 - - [04/Jul/2013:19:37:53 +0200] "GET /test.html HTTP/1.1" 200 56 "-" "monit/4.6"
94.44.252.195 - - [04/Jul/2013:19:38:08 +0200] "-" 408 - "-" "-"
94.44.252.195 - - [04/Jul/2013:19:38:08 +0200] "-" 408 - "-" "-"
94.44.252.195 - - [04/Jul/2013:19:38:08 +0200] "-" 408 - "-" "-"
195.56.55.225 - - [04/Jul/2013:19:39:55 +0200] "GET /test.html HTTP/1.1" 200 56 "-" "monit/4.6"
70.199.98.47 - - [04/Jul/2013:19:41:11 +0200] "-" 408 - "-" "-"
70.199.98.47 - - [04/Jul/2013:19:41:11 +0200] "-" 408 - "-" "-"
70.199.98.47 - - [04/Jul/2013:19:41:11 +0200] "-" 408 - "-" "-"
195.56.55.225 - - [04/Jul/2013:19:41:57 +0200] "GET /test.html HTTP/1.1" 200 56 "-" "monit/4.6"
195.56.55.225 - - [04/Jul/2013:19:43:59 +0200] "GET /test.html HTTP/1.1" 200 56 "-" "monit/4.6"
195.56.55.225 - - [04/Jul/2013:19:46:01 +0200] "GET /test.html HTTP/1.1" 200 56 "-" "monit/4.6"
195.56.55.225 - - [04/Jul/2013:19:48:03 +0200] "GET /test.html HTTP/1.1" 200 56 "-" "monit/4.6"
87.250.37.50 - - [04/Jul/2013:19:49:11 +0200] "POST /forum_attac.php3?id_article=710&retour=cikk HTTP/1.1" 404 292 "http://attac.zpok.hu/forum_attac.php3?id_article=710&retour=cikk" "Mozilla/4.0 (compatible; MSIE 6.0; Windows NT 5.1; SV1)"
118.97.95.182 - - [04/Jul/2013:19:49:13 +0200] "POST /forum_attac.php3?id_article=710&retour=cikk HTTP/1.0" 404 280 "http://attac.zpok.hu/forum_attac.php3?id_article=710&retour=cikk" "Mozilla/4.0 (compatible; MSIE 6.0; Windows NT 5.1; SV1)"
178.151.68.210 - - [04/Jul/2013:19:49:19 +0200] "POST /forum_attac.php3?id_article=710&retour=cikk HTTP/1.1" 404 292 "http://attac.zpok.hu/forum_attac.php3?id_article=710&retour=cikk" "Mozilla/4.0 (compatible; MSIE 6.0; Windows NT 5.1; SV1)"
89.248.174.60 - - [04/Jul/2013:19:49:41 +0200] "GET /forum_attac.php3?id_article=983&retour=cikk.php3%3Fid_article%3D983 HTTP/1.1" 404 292 "-" "Mozilla/4.0 (compatible; MSIE 6.0; Windows NT 5.1; SV1)"
195.56.55.225 - - [04/Jul/2013:19:50:05 +0200] "GET /test.html HTTP/1.1" 200 56 "-" "monit/4.6"
208.115.216.19 - - [04/Jul/2013:19:51:36 +0200] "GET http://121.199.48.71/engine.php HTTP/1.0" 404 274 "http://121.199.48.71/engine.php" "Mozilla/4.0 (compatible; MSIE 6.0; Windows 98; Win 9x 4.90)"
195.56.55.225 - - [04/Jul/2013:19:52:07 +0200] "GET /test.html HTTP/1.1" 200 56 "-" "monit/4.6"
69.162.95.250 - - [04/Jul/2013:19:54:02 +0200] "GET http://121.199.48.71/engine.php HTTP/1.0" 404 274 "http://121.199.48.71/engine.php" "Mozilla/4.0 (compatible; MSIE 6.0; Windows 98; Win 9x 4.90)"
195.56.55.225 - - [04/Jul/2013:19:54:10 +0200] "GET /test.html HTTP/1.1" 200 56 "-" "monit/4.6"
195.56.55.225 - - [04/Jul/2013:19:56:13 +0200] "GET /test.html HTTP/1.1" 200 56 "-" "monit/4.6"
157.55.32.113 - - [04/Jul/2013:19:56:24 +0200] "GET /robots.txt HTTP/1.1" 404 299 "-" "Mozilla/5.0 (compatible; bingbot/2.0; +http://www.bing.com/bingbot.htm)"
157.55.32.113 - - [04/Jul/2013:19:57:41 +0200] "GET /node/386 HTTP/1.1" 404 297 "-" "Mozilla/5.0 (compatible; bingbot/2.0; +http://www.bing.com/bingbot.htm)"
94.27.187.136 - - [04/Jul/2013:19:58:11 +0200] "-" 408 - "-" "-"
195.56.55.225 - - [04/Jul/2013:19:58:19 +0200] "GET /test.html HTTP/1.1" 200 56 "-" "monit/4.6"
94.27.169.169 - - [04/Jul/2013:19:58:33 +0200] "-" 408 - "-" "-"
195.56.55.225 - - [04/Jul/2013:20:00:21 +0200] "GET /test.html HTTP/1.1" 200 56 "-" "monit/4.6"
89.134.86.182 - - [04/Jul/2013:20:01:59 +0200] "-" 408 - "-" "-"
195.56.55.225 - - [04/Jul/2013:20:02:23 +0200] "GET /test.html HTTP/1.1" 200 56 "-" "monit/4.6"
46.107.103.38 - - [04/Jul/2013:20:04:24 +0200] "-" 408 - "-" "-"
195.56.55.225 - - [04/Jul/2013:20:04:25 +0200] "GET /test.html HTTP/1.1" 200 56 "-" "monit/4.6"
195.56.55.225 - - [04/Jul/2013:20:06:27 +0200] "GET /test.html HTTP/1.1" 200 56 "-" "monit/4.6"
195.56.55.225 - - [04/Jul/2013:20:08:29 +0200] "GET /test.html HTTP/1.1" 200 56 "-" "monit/4.6"
195.56.55.225 - - [04/Jul/2013:20:10:31 +0200] "GET /test.html HTTP/1.1" 200 56 "-" "monit/4.6"
46.51.252.64 - - [04/Jul/2013:20:12:22 +0200] "POST /forum_attac.php3?id_article=710&retour=cikk HTTP/1.1" 404 292 "-" "-"
195.56.55.225 - - [04/Jul/2013:20:12:33 +0200] "GET /test.html HTTP/1.1" 200 56 "-" "monit/4.6"
89.248.174.60 - - [04/Jul/2013:20:12:48 +0200] "GET /forum_attac.php3?id_article=983&retour=cikk.php3%3Fid_article%3D983 HTTP/1.1" 404 292 "-" "Mozilla/4.0 (compatible; MSIE 6.0; Windows NT 5.1; SV1)"
107.196.234.39 - - [04/Jul/2013:20:13:16 +0200] "-" 408 - "-" "-"
180.76.5.147 - - [04/Jul/2013:20:14:13 +0200] "GET / HTTP/1.1" 304 - "-" "Mozilla/5.0 (compatible; Baiduspider/2.0; +http://www.baidu.com/search/spider.html)"
195.56.55.225 - - [04/Jul/2013:20:14:35 +0200] "GET /test.html HTTP/1.1" 200 56 "-" "monit/4.6"
195.56.55.225 - - [04/Jul/2013:20:16:37 +0200] "GET /test.html HTTP/1.1" 200 56 "-" "monit/4.6"
91.228.178.138 - - [04/Jul/2013:20:18:20 +0200] "POST /forum_attac.php3?id_article=710&retour=cikk HTTP/1.0" 404 280 "http://attac.zpok.hu/forum_attac.php3?id_article=710&retour=cikk" "Mozilla/4.0 (compatible; MSIE 6.0; Windows NT 5.1; SV1)"
195.56.55.225 - - [04/Jul/2013:20:18:39 +0200] "GET /test.html HTTP/1.1" 200 56 "-" "monit/4.6"
195.56.55.225 - - [04/Jul/2013:20:20:42 +0200] "GET /test.html HTTP/1.1" 200 56 "-" "monit/4.6"
180.188.194.54 - - [04/Jul/2013:20:21:18 +0200] "POST" 405 - "-" "-"
188.6.124.164 - - [04/Jul/2013:20:21:49 +0200] "-" 408 - "-" "-"
195.56.55.225 - - [04/Jul/2013:20:22:45 +0200] "GET /test.html HTTP/1.1" 200 56 "-" "monit/4.6"
91.228.178.138 - - [04/Jul/2013:20:24:22 +0200] "POST /forum_attac.php3?id_article=710&retour=cikk HTTP/1.0" 404 280 "http://attac.zpok.hu/forum_attac.php3?id_article=710&retour=cikk" "Mozilla/4.0 (compatible; MSIE 6.0; Windows NT 5.1; SV1)"
66.249.78.89 - - [04/Jul/2013:20:24:44 +0200] "GET /robots.txt HTTP/1.1" 404 287 "-" "Mozilla/5.0 (compatible; Googlebot/2.1; +http://www.google.com/bot.html)"
66.249.78.89 - - [04/Jul/2013:20:24:44 +0200] "GET / HTTP/1.1" 200 1155 "-" "SAMSUNG-SGH-E250/1.0 Profile/MIDP-2.0 Configuration/CLDC-1.1 UP.Browser/6.2.3.3.c.1.101 (GUI) MMP/2.0 (compatible; Googlebot-Mobile/2.1; +http://www.google.com/bot.html)"
195.56.55.225 - - [04/Jul/2013:20:24:47 +0200] "GET /test.html HTTP/1.1" 200 56 "-" "monit/4.6"
98.126.22.58 - - [04/Jul/2013:20:26:05 +0200] "POST /forum_attac.php3?id_article=710&retour=cikk HTTP/1.1" 404 292 "http://attac.zpok.hu/forum_attac.php3?id_article=710&retour=cikk" "Mozilla/4.0 (compatible; MSIE 6.0; Windows NT 5.1; SV1)"
195.56.55.225 - - [04/Jul/2013:20:26:49 +0200] "GET /test.html HTTP/1.1" 200 56 "-" "monit/4.6"
195.56.55.225 - - [04/Jul/2013:20:28:51 +0200] "GET /test.html HTTP/1.1" 200 56 "-" "monit/4.6"
195.56.55.225 - - [04/Jul/2013:20:30:53 +0200] "GET /test.html HTTP/1.1" 200 56 "-" "monit/4.6"
195.56.55.225 - - [04/Jul/2013:20:32:55 +0200] "GET /test.html HTTP/1.1" 200 56 "-" "monit/4.6"
195.56.55.225 - - [04/Jul/2013:20:34:57 +0200] "GET /test.html HTTP/1.1" 200 56 "-" "monit/4.6"
66.249.78.21 - - [04/Jul/2013:20:35:35 +0200] "GET / HTTP/1.1" 200 1155 "-" "SAMSUNG-SGH-E250/1.0 Profile/MIDP-2.0 Configuration/CLDC-1.1 UP.Browser/6.2.3.3.c.1.101 (GUI) MMP/2.0 (compatible; Googlebot-Mobile/2.1; +http://www.google.com/bot.html)"
89.248.174.60 - - [04/Jul/2013:20:35:54 +0200] "GET /forum_attac.php3?id_article=983&retour=cikk.php3%3Fid_article%3D983 HTTP/1.1" 404 292 "-" "Mozilla/4.0 (compatible; MSIE 6.0; Windows NT 5.1; SV1)"
195.56.55.225 - - [04/Jul/2013:20:36:59 +0200] "GET /test.html HTTP/1.1" 200 56 "-" "monit/4.6"
79.133.235.227 - - [04/Jul/2013:20:37:06 +0200] "-" 408 - "-" "-"
195.56.55.225 - - [04/Jul/2013:20:39:01 +0200] "GET /test.html HTTP/1.1" 200 56 "-" "monit/4.6"
217.69.133.69 - - [04/Jul/2013:20:39:25 +0200] "GET /robots.txt HTTP/1.0" 404 278 "-" "Mozilla/5.0 (compatible; Linux x86_64; Mail.RU_Bot/2.0; +http://go.mail.ru/help/robots)"
195.56.55.225 - - [04/Jul/2013:20:41:03 +0200] "GET /test.html HTTP/1.1" 200 56 "-" "monit/4.6"
195.56.55.225 - - [04/Jul/2013:20:43:05 +0200] "GET /test.html HTTP/1.1" 200 56 "-" "monit/4.6"
188.30.203.161 - - [04/Jul/2013:20:44:07 +0200] "GET /proxy.pac HTTP/1.1" 404 282 "-" "Mozilla/5.0 (Windows NT 6.1; rv:5.0) Gecko/20100101 Firefox/5.0"
94.228.34.203 - - [04/Jul/2013:20:44:13 +0200] "GET /?feed=atom HTTP/1.1" 304 - "-" "magpie-crawler/1.1 (U; Linux amd64; en-GB; +http://www.brandwatch.net)"
188.30.203.161 - - [04/Jul/2013:20:44:17 +0200] "GET /proxy.pac HTTP/1.1" 404 282 "-" "Mozilla/5.0 (Windows NT 6.1; rv:5.0) Gecko/20100101 Firefox/5.0"
188.30.203.161 - - [04/Jul/2013:20:44:28 +0200] "GET /proxy.pac HTTP/1.1" 404 282 "-" "Mozilla/5.0 (Windows NT 6.1; rv:5.0) Gecko/20100101 Firefox/5.0"
188.30.203.161 - - [04/Jul/2013:20:44:50 +0200] "GET /proxy.pac HTTP/1.1" 404 282 "-" "Mozilla/5.0 (Windows NT 6.1; rv:5.0) Gecko/20100101 Firefox/5.0"
131.253.24.142 - - [04/Jul/2013:20:44:52 +0200] "-" 408 - "-" "-"
65.55.218.55 - - [04/Jul/2013:20:44:52 +0200] "-" 408 - "-" "-"
118.97.95.182 - - [04/Jul/2013:20:44:55 +0200] "POST /forum_attac.php3?id_article=710&retour=cikk HTTP/1.0" 404 280 "http://attac.zpok.hu/forum_attac.php3?id_article=710&retour=cikk" "Mozilla/4.0 (compatible; MSIE 6.0; Windows NT 5.1; SV1)"
178.151.113.9 - - [04/Jul/2013:20:44:56 +0200] "POST /forum_attac.php3?id_article=710&retour=cikk HTTP/1.1" 404 292 "http://attac.zpok.hu/forum_attac.php3?id_article=710&retour=cikk" "Mozilla/4.0 (compatible; MSIE 6.0; Windows NT 5.1; SV1)"
195.56.55.225 - - [04/Jul/2013:20:45:07 +0200] "GET /test.html HTTP/1.1" 200 56 "-" "monit/4.6"
178.151.68.210 - - [04/Jul/2013:20:45:12 +0200] "POST /forum_attac.php3?id_article=710&retour=cikk HTTP/1.1" 404 292 "http://attac.zpok.hu/forum_attac.php3?id_article=710&retour=cikk" "Mozilla/4.0 (compatible; MSIE 6.0; Windows NT 5.1; SV1)"
188.30.203.161 - - [04/Jul/2013:20:45:32 +0200] "GET /proxy.pac HTTP/1.1" 404 282 "-" "Mozilla/5.0 (Windows NT 6.1; rv:5.0) Gecko/20100101 Firefox/5.0"
66.249.78.234 - - [04/Jul/2013:20:46:28 +0200] "GET /robots.txt HTTP/1.1" 404 291 "-" "Mozilla/5.0 (compatible; Googlebot/2.1; +http://www.google.com/bot.html)"
66.249.78.234 - - [04/Jul/2013:20:46:28 +0200] "GET / HTTP/1.1" 200 1155 "-" "SAMSUNG-SGH-E250/1.0 Profile/MIDP-2.0 Configuration/CLDC-1.1 UP.Browser/6.2.3.3.c.1.101 (GUI) MMP/2.0 (compatible; Googlebot-Mobile/2.1; +http://www.google.com/bot.html)"
46.211.248.61 - - [04/Jul/2013:20:46:32 +0200] "GET / HTTP/1.1" 200 1155 "-" "Mozilla/3.6 (compatible; MSIE 7.0; Windows NT 6.1; en-US; rv:1.9.2.16) Gecko/20110319 MRA 5.6 (build 03278) Firefox/3.6.16"
46.211.248.61 - - [04/Jul/2013:20:46:32 +0200] "GET / HTTP/1.1" 200 1155 "-" "Mozilla/3.6 (compatible; MSIE 7.0; Windows NT 6.1; en-US; rv:1.9.2.16) Gecko/20110319 MRA 5.6 (build 03278) Firefox/3.6.16"
188.30.203.161 - - [04/Jul/2013:20:46:54 +0200] "GET /proxy.pac HTTP/1.1" 404 282 "-" "Mozilla/5.0 (Windows NT 6.1; rv:5.0) Gecko/20100101 Firefox/5.0"
195.56.55.225 - - [04/Jul/2013:20:47:09 +0200] "GET /test.html HTTP/1.1" 200 56 "-" "monit/4.6"
195.56.55.225 - - [04/Jul/2013:20:49:12 +0200] "GET /test.html HTTP/1.1" 200 56 "-" "monit/4.6"
188.29.24.239 - - [04/Jul/2013:20:49:24 +0200] "GET /proxy.pac HTTP/1.1" 404 282 "-" "Mozilla/5.0 (Windows NT 6.1; rv:5.0) Gecko/20100101 Firefox/5.0"
188.29.24.239 - - [04/Jul/2013:20:49:31 +0200] "GET /proxy.pac HTTP/1.1" 404 282 "-" "Mozilla/5.0 (Windows NT 6.1; rv:5.0) Gecko/20100101 Firefox/5.0"
188.29.24.239 - - [04/Jul/2013:20:49:42 +0200] "GET /proxy.pac HTTP/1.1" 404 282 "-" "Mozilla/5.0 (Windows NT 6.1; rv:5.0) Gecko/20100101 Firefox/5.0"
188.29.24.239 - - [04/Jul/2013:20:50:19 +0200] "GET /proxy.pac HTTP/1.1" 404 282 "-" "Mozilla/5.0 (Windows NT 6.1; rv:5.0) Gecko/20100101 Firefox/5.0"
188.29.24.239 - - [04/Jul/2013:20:51:00 +0200] "GET /proxy.pac HTTP/1.1" 404 282 "-" "Mozilla/5.0 (Windows NT 6.1; rv:5.0) Gecko/20100101 Firefox/5.0"
195.56.55.225 - - [04/Jul/2013:20:51:14 +0200] "GET /test.html HTTP/1.1" 200 56 "-" "monit/4.6"
188.29.24.239 - - [04/Jul/2013:20:52:20 +0200] "GET /proxy.pac HTTP/1.1" 404 282 "-" "Mozilla/5.0 (Windows NT 6.1; rv:5.0) Gecko/20100101 Firefox/5.0"
157.56.93.39 - - [04/Jul/2013:20:52:56 +0200] "GET /robots.txt HTTP/1.1" 404 285 "-" "Mozilla/5.0 (compatible; bingbot/2.0; +http://www.bing.com/bingbot.htm)"
217.69.133.69 - - [04/Jul/2013:20:52:59 +0200] "GET /robots.txt HTTP/1.0" 404 280 "-" "Mozilla/5.0 (compatible; Linux x86_64; Mail.RU_Bot/2.0; +http://go.mail.ru/help/robots)"
195.56.55.225 - - [04/Jul/2013:20:53:16 +0200] "GET /test.html HTTP/1.1" 200 56 "-" "monit/4.6"
116.50.153.66 - - [04/Jul/2013:20:53:22 +0200] "POST /forum_attac.php3?id_article=710&retour=cikk HTTP/1.1" 404 292 "http://attac.zpok.hu/forum_attac.php3?id_article=710&retour=cikk" "Mozilla/4.0 (compatible; MSIE 6.0; Windows NT 5.1; SV1)"
116.228.68.142 - - [04/Jul/2013:20:53:24 +0200] "POST /forum_attac.php3?id_article=710&retour=cikk HTTP/1.0" 404 280 "http://attac.zpok.hu/forum_attac.php3?id_article=710&retour=cikk" "Mozilla/4.0 (compatible; MSIE 6.0; Windows NT 5.1; SV1)"
203.252.199.3 - - [04/Jul/2013:20:53:26 +0200] "POST /forum_attac.php3?id_article=710&retour=cikk HTTP/1.0" 404 280 "http://attac.zpok.hu/forum_attac.php3?id_article=710&retour=cikk" "Mozilla/4.0 (compatible; MSIE 6.0; Windows NT 5.1; SV1)"
157.56.93.39 - - [04/Jul/2013:20:54:20 +0200] "GET / HTTP/1.1" 200 1155 "-" "Mozilla/5.0 (compatible; bingbot/2.0; +http://www.bing.com/bingbot.htm)"
217.197.183.231 - - [04/Jul/2013:20:54:36 +0200] "-" 408 - "-" "-"
188.29.24.239 - - [04/Jul/2013:20:55:14 +0200] "GET /proxy.pac HTTP/1.1" 404 282 "-" "Mozilla/5.0 (Windows NT 6.1; rv:5.0) Gecko/20100101 Firefox/5.0"
195.56.55.225 - - [04/Jul/2013:20:55:18 +0200] "GET /test.html HTTP/1.1" 200 56 "-" "monit/4.6"
195.56.55.225 - - [04/Jul/2013:20:57:21 +0200] "GET /test.html HTTP/1.1" 200 56 "-" "monit/4.6"
74.125.183.193 - - [04/Jul/2013:20:58:24 +0200] "GET /IMG/arton573.jpg HTTP/1.1" 404 292 "http://www.stormfront.org/forum/" "pagespeed"
195.56.55.225 - - [04/Jul/2013:20:59:23 +0200] "GET /test.html HTTP/1.1" 200 56 "-" "monit/4.6"
89.248.174.60 - - [04/Jul/2013:20:59:37 +0200] "GET /forum_attac.php3?id_article=983&retour=cikk.php3%3Fid_article%3D983 HTTP/1.1" 404 292 "-" "Mozilla/4.0 (compatible; MSIE 6.0; Windows NT 5.1; SV1)"
66.249.78.235 - - [04/Jul/2013:21:00:05 +0200] "GET /robots.txt HTTP/1.1" 404 294 "-" "Mozilla/5.0 (compatible; Googlebot/2.1; +http://www.google.com/bot.html)"
