195.56.55.225 - - [04/Jul/2013:10:54:19 +0200] "GET /test.html HTTP/1.1" 200 56 "-" "monit/4.6"
46.107.197.17 - - [04/Jul/2013:10:54:39 +0200] "GET /proxy.pac HTTP/1.1" 404 282 "-" "Mozilla/5.0 (compatible; MSIE 10.0; Win32; Trident/6.0)"
46.107.197.17 - - [04/Jul/2013:10:54:39 +0200] "GET /proxy.pac HTTP/1.1" 404 282 "-" "Mozilla/5.0 (compatible; MSIE 10.0; Win32; Trident/6.0)"
46.107.197.17 - - [04/Jul/2013:10:54:45 +0200] "GET /proxy.pac HTTP/1.1" 404 282 "-" "-"
46.107.197.17 - - [04/Jul/2013:10:54:45 +0200] "GET /proxy.pac HTTP/1.1" 404 282 "-" "Mozilla/5.0 (compatible; MSIE 10.0; Win32; Trident/6.0)"
194.176.240.25 - - [04/Jul/2013:10:54:50 +0200] "-" 408 - "-" "-"
46.107.197.17 - - [04/Jul/2013:10:54:51 +0200] "GET /proxy.pac HTTP/1.1" 404 282 "-" "-"
46.107.197.17 - - [04/Jul/2013:10:54:53 +0200] "GET /proxy.pac HTTP/1.1" 404 282 "-" "Mozilla/5.0 (compatible; MSIE 10.0; Win32; Trident/6.0)"
46.107.197.17 - - [04/Jul/2013:10:54:53 +0200] "GET /proxy.pac HTTP/1.1" 404 282 "-" "Mozilla/5.0 (compatible; MSIE 10.0; Win32; Trident/6.0)"
46.107.197.17 - - [04/Jul/2013:10:54:59 +0200] "GET /proxy.pac HTTP/1.1" 404 282 "-" "Mozilla/5.0 (compatible; MSIE 10.0; Win32; Trident/6.0)"
46.107.197.17 - - [04/Jul/2013:10:54:59 +0200] "GET /proxy.pac HTTP/1.1" 404 282 "-" "Mozilla/5.0 (compatible; MSIE 10.0; Win32; Trident/6.0)"
46.107.197.17 - - [04/Jul/2013:10:54:59 +0200] "GET /proxy.pac HTTP/1.1" 404 282 "-" "Mozilla/5.0 (compatible; MSIE 10.0; Win32; Trident/6.0)"
46.107.197.17 - - [04/Jul/2013:10:54:59 +0200] "GET /proxy.pac HTTP/1.1" 404 282 "-" "Mozilla/5.0 (compatible; MSIE 10.0; Win32; Trident/6.0)"
46.107.197.17 - - [04/Jul/2013:10:55:02 +0200] "GET /proxy.pac HTTP/1.1" 404 282 "-" "Mozilla/5.0 (compatible; MSIE 10.0; Win32; Trident/6.0)"
46.107.197.17 - - [04/Jul/2013:10:55:02 +0200] "GET /proxy.pac HTTP/1.1" 404 282 "-" "Mozilla/5.0 (compatible; MSIE 10.0; Win32; Trident/6.0)"
46.107.197.17 - - [04/Jul/2013:10:55:02 +0200] "GET /proxy.pac HTTP/1.1" 404 282 "-" "Mozilla/5.0 (compatible; MSIE 10.0; Win32; Trident/6.0)"
46.107.197.17 - - [04/Jul/2013:10:55:02 +0200] "GET /proxy.pac HTTP/1.1" 404 282 "-" "Mozilla/5.0 (compatible; MSIE 10.0; Win32; Trident/6.0)"
46.107.197.17 - - [04/Jul/2013:10:55:09 +0200] "GET /proxy.pac HTTP/1.1" 404 282 "-" "Mozilla/5.0 (Windows NT 6.1) AppleWebKit/537.36 (KHTML, like Gecko) Chrome/27.0.1453.116 Safari/537.36"
46.107.197.17 - - [04/Jul/2013:10:55:09 +0200] "GET /proxy.pac HTTP/1.1" 404 282 "-" "Mozilla/5.0 (Windows NT 6.1) AppleWebKit/537.36 (KHTML, like Gecko) Chrome/27.0.1453.116 Safari/537.36"
46.107.197.17 - - [04/Jul/2013:10:55:13 +0200] "GET /proxy.pac HTTP/1.1" 404 282 "-" "-"
46.107.197.17 - - [04/Jul/2013:10:55:17 +0200] "GET /proxy.pac HTTP/1.1" 404 282 "-" "Mozilla/5.0 (Windows NT 6.1) AppleWebKit/537.36 (KHTML, like Gecko) Chrome/27.0.1453.116 Safari/537.36"
46.107.197.17 - - [04/Jul/2013:10:55:17 +0200] "GET /proxy.pac HTTP/1.1" 404 282 "-" "Mozilla/5.0 (Windows NT 6.1) AppleWebKit/537.36 (KHTML, like Gecko) Chrome/27.0.1453.116 Safari/537.36"
46.107.197.17 - - [04/Jul/2013:10:55:18 +0200] "GET /proxy.pac HTTP/1.1" 404 282 "-" "-"
46.107.197.17 - - [04/Jul/2013:10:55:18 +0200] "GET /proxy.pac HTTP/1.1" 404 282 "-" "-"
46.107.197.17 - - [04/Jul/2013:10:55:18 +0200] "GET /proxy.pac HTTP/1.1" 404 282 "-" "-"
46.107.197.17 - - [04/Jul/2013:10:55:18 +0200] "GET /proxy.pac HTTP/1.1" 404 282 "-" "-"
46.107.197.17 - - [04/Jul/2013:10:55:18 +0200] "GET /proxy.pac HTTP/1.1" 404 282 "-" "-"
46.107.197.17 - - [04/Jul/2013:10:55:18 +0200] "GET /proxy.pac HTTP/1.1" 404 282 "-" "-"
46.107.197.17 - - [04/Jul/2013:10:55:18 +0200] "GET /proxy.pac HTTP/1.1" 404 282 "-" "-"
46.107.197.17 - - [04/Jul/2013:10:55:18 +0200] "GET /proxy.pac HTTP/1.1" 404 282 "-" "-"
46.107.197.17 - - [04/Jul/2013:10:55:18 +0200] "GET /proxy.pac HTTP/1.1" 404 282 "-" "-"
46.107.197.17 - - [04/Jul/2013:10:55:18 +0200] "GET /proxy.pac HTTP/1.1" 404 282 "-" "-"
46.107.197.17 - - [04/Jul/2013:10:55:18 +0200] "GET /proxy.pac HTTP/1.1" 404 282 "-" "-"
46.107.197.17 - - [04/Jul/2013:10:55:18 +0200] "GET /proxy.pac HTTP/1.1" 404 282 "-" "-"
46.107.197.17 - - [04/Jul/2013:10:55:56 +0200] "GET /proxy.pac HTTP/1.1" 404 282 "-" "Mozilla/5.0 (Windows NT 6.1) AppleWebKit/537.36 (KHTML, like Gecko) Chrome/27.0.1453.116 Safari/537.36"
195.56.55.225 - - [04/Jul/2013:10:56:21 +0200] "GET /test.html HTTP/1.1" 200 56 "-" "monit/4.6"
64.213.148.131 - - [04/Jul/2013:10:56:25 +0200] "POST /forum_attac.php3?id_article=710&retour=cikk HTTP/1.1" 404 292 "http://attac.zpok.hu/forum_attac.php3?id_article=710&retour=cikk" "Mozilla/4.0 (compatible; MSIE 6.0; Windows NT 5.1; SV1)"
118.140.81.50 - - [04/Jul/2013:10:56:30 +0200] "POST /forum_attac.php3?id_article=710&retour=cikk HTTP/1.1" 404 292 "http://attac.zpok.hu/forum_attac.php3?id_article=710&retour=cikk" "Mozilla/4.0 (compatible; MSIE 6.0; Windows NT 5.1; SV1)"
46.107.197.17 - - [04/Jul/2013:10:56:33 +0200] "GET /proxy.pac HTTP/1.1" 404 282 "-" "Mozilla/5.0 (Windows NT 6.1) AppleWebKit/537.36 (KHTML, like Gecko) Chrome/27.0.1453.116 Safari/537.36"
46.107.197.17 - - [04/Jul/2013:10:56:40 +0200] "GET /proxy.pac HTTP/1.1" 404 282 "-" "Mozilla/5.0 (compatible; MSIE 10.0; Win32; Trident/6.0)"
87.242.31.4 - - [04/Jul/2013:10:56:50 +0200] "-" 408 - "-" "-"
195.56.55.225 - - [04/Jul/2013:10:58:23 +0200] "GET /test.html HTTP/1.1" 200 56 "-" "monit/4.6"
46.107.197.17 - - [04/Jul/2013:10:58:29 +0200] "GET /proxy.pac HTTP/1.1" 404 282 "-" "Mozilla/5.0 (Windows NT 6.1) AppleWebKit/537.36 (KHTML, like Gecko) Chrome/27.0.1453.116 Safari/537.36"
14.53.34.176 - - [04/Jul/2013:10:58:45 +0200] "POST /forum_attac.php3?id_article=710&retour=cikk HTTP/1.1" 404 292 "http://attac.zpok.hu/forum_attac.php3?id_article=710&retour=cikk" "Mozilla/4.0 (compatible; MSIE 6.0; Windows NT 5.1; SV1)"
180.250.169.14 - - [04/Jul/2013:10:58:47 +0200] "POST /forum_attac.php3?id_article=710&retour=cikk HTTP/1.1" 404 292 "http://attac.zpok.hu/forum_attac.php3?id_article=710&retour=cikk" "Mozilla/4.0 (compatible; MSIE 6.0; Windows NT 5.1; SV1)"
166.78.253.54 - - [04/Jul/2013:10:59:10 +0200] "POST /forum_attac.php3?id_article=710&retour=cikk HTTP/1.1" 404 292 "http://attac.zpok.hu/forum_attac.php3?id_article=710&retour=cikk" "Mozilla/4.0 (compatible; MSIE 6.0; Windows NT 5.1; SV1)"
195.56.55.225 - - [04/Jul/2013:11:00:26 +0200] "GET /test.html HTTP/1.1" 200 56 "-" "monit/4.6"
74.125.189.18 - - [04/Jul/2013:11:00:34 +0200] "GET /IMG/arton573.jpg HTTP/1.1" 404 292 "http://www.stormfront.org/forum/" "-"
94.253.177.217 - - [04/Jul/2013:11:00:34 +0200] "GET /IMG/arton573.jpg HTTP/1.1" 404 292 "http://www.stormfront.org/forum/t402378/" "Mozilla/5.0 (Windows NT 6.1; WOW64; rv:22.0) Gecko/20100101 Firefox/22.0"
94.253.177.217 - - [04/Jul/2013:11:00:34 +0200] "GET /IMG/arton573.jpg HTTP/1.1" 404 292 "http://www.stormfront.org/forum/t402378/" "Mozilla/5.0 (Windows NT 6.1; WOW64; rv:22.0) Gecko/20100101 Firefox/22.0"
89.248.174.60 - - [04/Jul/2013:11:00:56 +0200] "GET /forum_attac.php3?id_article=983&retour=cikk.php3%3Fid_article%3D983 HTTP/1.1" 404 292 "-" "Mozilla/4.0 (compatible; MSIE 6.0; Windows NT 5.1; SV1)"
46.107.197.17 - - [04/Jul/2013:11:01:10 +0200] "GET /proxy.pac HTTP/1.1" 404 282 "-" "Mozilla/5.0 (Windows NT 6.1) AppleWebKit/537.36 (KHTML, like Gecko) Chrome/27.0.1453.116 Safari/537.36"
195.56.55.225 - - [04/Jul/2013:11:02:28 +0200] "GET /test.html HTTP/1.1" 200 56 "-" "monit/4.6"
195.56.55.225 - - [04/Jul/2013:11:04:30 +0200] "GET /test.html HTTP/1.1" 200 56 "-" "monit/4.6"
195.56.55.225 - - [04/Jul/2013:11:06:32 +0200] "GET /test.html HTTP/1.1" 200 56 "-" "monit/4.6"
195.56.55.225 - - [04/Jul/2013:11:08:34 +0200] "GET /test.html HTTP/1.1" 200 56 "-" "monit/4.6"
46.107.197.17 - - [04/Jul/2013:11:09:41 +0200] "GET /proxy.pac HTTP/1.1" 404 282 "-" "Mozilla/5.0 (compatible; MSIE 10.0; Win32; Trident/6.0)"
195.56.55.225 - - [04/Jul/2013:11:10:36 +0200] "GET /test.html HTTP/1.1" 200 56 "-" "monit/4.6"
195.56.55.225 - - [04/Jul/2013:11:12:38 +0200] "GET /test.html HTTP/1.1" 200 56 "-" "monit/4.6"
195.56.55.225 - - [04/Jul/2013:11:14:40 +0200] "GET /test.html HTTP/1.1" 200 56 "-" "monit/4.6"
195.56.55.225 - - [04/Jul/2013:11:16:42 +0200] "GET /test.html HTTP/1.1" 200 56 "-" "monit/4.6"
46.107.197.17 - - [04/Jul/2013:11:17:00 +0200] "GET /proxy.pac HTTP/1.1" 404 282 "-" "Mozilla/5.0 (compatible; MSIE 10.0; Win32; Trident/6.0)"
46.107.197.17 - - [04/Jul/2013:11:18:24 +0200] "GET /proxy.pac HTTP/1.1" 404 282 "-" "Mozilla/5.0 (Windows NT 6.1) AppleWebKit/537.36 (KHTML, like Gecko) Chrome/27.0.1453.116 Safari/537.36"
46.107.197.17 - - [04/Jul/2013:11:18:24 +0200] "GET /proxy.pac HTTP/1.1" 404 282 "-" "Mozilla/5.0 (Windows NT 6.1) AppleWebKit/537.36 (KHTML, like Gecko) Chrome/27.0.1453.116 Safari/537.36"
46.107.197.17 - - [04/Jul/2013:11:18:32 +0200] "GET /proxy.pac HTTP/1.1" 404 282 "-" "Mozilla/5.0 (Windows NT 6.1) AppleWebKit/537.36 (KHTML, like Gecko) Chrome/27.0.1453.116 Safari/537.36"
46.107.197.17 - - [04/Jul/2013:11:18:32 +0200] "GET /proxy.pac HTTP/1.1" 404 282 "-" "Mozilla/5.0 (Windows NT 6.1) AppleWebKit/537.36 (KHTML, like Gecko) Chrome/27.0.1453.116 Safari/537.36"
195.56.55.225 - - [04/Jul/2013:11:18:44 +0200] "GET /test.html HTTP/1.1" 200 56 "-" "monit/4.6"
46.107.197.17 - - [04/Jul/2013:11:19:08 +0200] "GET /proxy.pac HTTP/1.1" 404 282 "-" "Mozilla/5.0 (Windows NT 6.1) AppleWebKit/537.36 (KHTML, like Gecko) Chrome/27.0.1453.116 Safari/537.36"
178.48.1.105 - - [04/Jul/2013:11:19:22 +0200] "-" 408 - "-" "-"
202.125.84.2 - - [04/Jul/2013:11:20:00 +0200] "POST /forum_attac.php3?id_article=710&retour=cikk HTTP/1.1" 404 292 "http://attac.zpok.hu/forum_attac.php3?id_article=710&retour=cikk" "Mozilla/4.0 (compatible; MSIE 6.0; Windows NT 5.1; SV1)"
202.99.204.83 - - [04/Jul/2013:11:20:03 +0200] "POST /forum_attac.php3?id_article=710&retour=cikk HTTP/1.1" 404 292 "http://attac.zpok.hu/forum_attac.php3?id_article=710&retour=cikk" "Mozilla/4.0 (compatible; MSIE 6.0; Windows NT 5.1; SV1)"
195.56.55.225 - - [04/Jul/2013:11:20:46 +0200] "GET /test.html HTTP/1.1" 200 56 "-" "monit/4.6"
208.115.111.74 - - [04/Jul/2013:11:21:08 +0200] "GET /robots.txt HTTP/1.1" 404 290 "-" "Mozilla/5.0 (compatible; Ezooms/1.0; ezooms.bot@gmail.com)"
195.56.55.225 - - [04/Jul/2013:11:22:48 +0200] "GET /test.html HTTP/1.1" 200 56 "-" "monit/4.6"
89.248.174.60 - - [04/Jul/2013:11:23:54 +0200] "GET /forum_attac.php3?id_article=983&retour=cikk.php3%3Fid_article%3D983 HTTP/1.1" 404 292 "-" "Mozilla/4.0 (compatible; MSIE 6.0; Windows NT 5.1; SV1)"
195.56.55.225 - - [04/Jul/2013:11:24:50 +0200] "GET /test.html HTTP/1.1" 200 56 "-" "monit/4.6"
188.36.216.26 - - [04/Jul/2013:11:26:58 +0200] "GET /ekd/drupal/ HTTP/1.1" 404 293 "http://www.kothalo.hu/index.php/ki-mit-hol-a-koernyezetvedelemben-adatbazis" "Mozilla/4.0 (compatible; MSIE 8.0; Windows NT 5.1; Trident/4.0; InfoPath.2; .NET CLR 1.1.4322)"
195.56.55.225 - - [04/Jul/2013:11:26:58 +0200] "GET /test.html HTTP/1.1" 200 56 "-" "monit/4.6"
194.81.238.195 - - [04/Jul/2013:11:27:03 +0200] "-" 408 - "-" "-"
173.199.120.171 - - [04/Jul/2013:11:28:47 +0200] "GET /cikk.php3?id_article=755 HTTP/1.1" 404 285 "-" "Mozilla/5.0 (compatible; AhrefsBot/4.0; +http://ahrefs.com/robot/)"
195.56.55.225 - - [04/Jul/2013:11:29:01 +0200] "GET /test.html HTTP/1.1" 200 56 "-" "monit/4.6"
195.56.55.225 - - [04/Jul/2013:11:31:03 +0200] "GET /test.html HTTP/1.1" 200 56 "-" "monit/4.6"
94.228.34.203 - - [04/Jul/2013:11:32:24 +0200] "GET /robots.txt HTTP/1.1" 404 286 "-" "magpie-crawler/1.1 (U; Linux amd64; en-GB; +http://www.brandwatch.net)"
94.228.34.203 - - [04/Jul/2013:11:32:29 +0200] "GET /?feed=atom HTTP/1.1" 304 - "-" "magpie-crawler/1.1 (U; Linux amd64; en-GB; +http://www.brandwatch.net)"
157.55.33.29 - - [04/Jul/2013:11:32:51 +0200] "GET /robots.txt HTTP/1.1" 404 288 "-" "Mozilla/5.0 (compatible; bingbot/2.0; +http://www.bing.com/bingbot.htm)"
195.56.55.225 - - [04/Jul/2013:11:33:06 +0200] "GET /test.html HTTP/1.1" 200 56 "-" "monit/4.6"
212.7.196.79 - - [04/Jul/2013:11:34:32 +0200] "GET / HTTP/1.1" 200 1155 "-" "Mozilla/5.0 (Windows; U; Windows NT 6.1; WOW64; en-US; rv:2.0.4) Gecko/20120718 AskTbAVR-IDW/3.12.5.17700 Firefox/14.0.1"
195.56.55.225 - - [04/Jul/2013:11:35:10 +0200] "GET /test.html HTTP/1.1" 200 56 "-" "monit/4.6"
195.56.55.225 - - [04/Jul/2013:11:37:12 +0200] "GET /test.html HTTP/1.1" 200 56 "-" "monit/4.6"
157.56.93.51 - - [04/Jul/2013:11:37:59 +0200] "GET /robots.txt HTTP/1.1" 404 286 "-" "Mozilla/5.0 (compatible; bingbot/2.0; +http://www.bing.com/bingbot.htm)"
195.56.55.225 - - [04/Jul/2013:11:39:14 +0200] "GET /test.html HTTP/1.1" 200 56 "-" "monit/4.6"
157.56.93.51 - - [04/Jul/2013:11:39:48 +0200] "GET / HTTP/1.1" 304 - "-" "Mozilla/5.0 (compatible; bingbot/2.0; +http://www.bing.com/bingbot.htm)"
83.248.219.165 - - [04/Jul/2013:11:41:12 +0200] "-" 408 - "-" "-"
195.56.55.225 - - [04/Jul/2013:11:41:16 +0200] "GET /test.html HTTP/1.1" 200 56 "-" "monit/4.6"
89.132.220.2 - - [04/Jul/2013:11:43:14 +0200] "-" 408 - "-" "-"
195.56.55.225 - - [04/Jul/2013:11:43:18 +0200] "GET /test.html HTTP/1.1" 200 56 "-" "monit/4.6"
82.221.102.245 - - [04/Jul/2013:11:43:51 +0200] "POST /forum_attac.php3?id_article=710&retour=cikk HTTP/1.1" 404 292 "http://attac.zpok.hu/forum_attac.php3?id_article=710&retour=cikk" "Mozilla/4.0 (compatible; MSIE 6.0; Windows NT 5.1; SV1)"
157.55.32.113 - - [04/Jul/2013:11:43:59 +0200] "GET /robots.txt HTTP/1.1" 404 286 "-" "Mozilla/5.0 (compatible; bingbot/2.0; +http://www.bing.com/bingbot.htm)"
157.55.32.113 - - [04/Jul/2013:11:44:44 +0200] "GET /cikk.php3?id_article=819 HTTP/1.1" 404 285 "-" "Mozilla/5.0 (compatible; bingbot/2.0; +http://www.bing.com/bingbot.htm)"
195.56.55.225 - - [04/Jul/2013:11:45:20 +0200] "GET /test.html HTTP/1.1" 200 56 "-" "monit/4.6"
65.55.52.92 - - [04/Jul/2013:11:46:29 +0200] "GET /robots.txt HTTP/1.1" 404 290 "-" "Mozilla/5.0 (compatible; bingbot/2.0; +http://www.bing.com/bingbot.htm)"
157.55.33.29 - - [04/Jul/2013:11:46:37 +0200] "GET / HTTP/1.1" 200 1155 "-" "Mozilla/5.0 (compatible; bingbot/2.0; +http://www.bing.com/bingbot.htm)"
89.248.174.60 - - [04/Jul/2013:11:46:40 +0200] "GET /forum_attac.php3?id_article=983&retour=cikk.php3%3Fid_article%3D983 HTTP/1.1" 404 292 "-" "Mozilla/4.0 (compatible; MSIE 6.0; Windows NT 5.1; SV1)"
84.0.24.248 - - [04/Jul/2013:11:46:44 +0200] "-" 408 - "-" "-"
195.56.55.225 - - [04/Jul/2013:11:47:22 +0200] "GET /test.html HTTP/1.1" 200 56 "-" "monit/4.6"
84.0.24.248 - - [04/Jul/2013:11:47:47 +0200] "-" 408 - "-" "-"
77.75.77.17 - - [04/Jul/2013:11:48:52 +0200] "GET /robots.txt HTTP/1.1" 404 296 "-" "SeznamBot/3.0 (+http://fulltext.sblog.cz/)"
77.75.77.17 - - [04/Jul/2013:11:48:53 +0200] "GET / HTTP/1.1" 200 1155 "-" "SeznamBot/3.0 (+http://fulltext.sblog.cz/)"
193.106.247.8 - - [04/Jul/2013:11:49:04 +0200] "-" 408 - "-" "-"
193.106.247.8 - - [04/Jul/2013:11:49:05 +0200] "-" 408 - "-" "-"
193.106.247.8 - - [04/Jul/2013:11:49:05 +0200] "-" 408 - "-" "-"
84.0.24.248 - - [04/Jul/2013:11:49:14 +0200] "-" 408 - "-" "-"
195.56.55.225 - - [04/Jul/2013:11:49:27 +0200] "GET /test.html HTTP/1.1" 200 56 "-" "monit/4.6"
84.0.24.248 - - [04/Jul/2013:11:49:59 +0200] "-" 408 - "-" "-"
84.0.24.248 - - [04/Jul/2013:11:50:57 +0200] "-" 408 - "-" "-"
84.0.24.248 - - [04/Jul/2013:11:50:57 +0200] "-" 408 - "-" "-"
84.0.24.248 - - [04/Jul/2013:11:50:57 +0200] "-" 408 - "-" "-"
84.0.24.248 - - [04/Jul/2013:11:50:57 +0200] "-" 408 - "-" "-"
84.0.24.248 - - [04/Jul/2013:11:50:57 +0200] "-" 408 - "-" "-"
195.56.55.225 - - [04/Jul/2013:11:51:29 +0200] "GET /test.html HTTP/1.1" 200 56 "-" "monit/4.6"
46.165.197.142 - - [04/Jul/2013:11:51:48 +0200] "GET /robots.txt HTTP/1.0" 404 274 "-" "Mozilla/5.0 (compatible; MJ12bot/v1.4.3; http://www.majestic12.co.uk/bot.php?+)"
46.165.197.142 - - [04/Jul/2013:11:51:49 +0200] "GET /cikkek.php3?id_rubrique=11 HTTP/1.0" 404 275 "-" "Mozilla/5.0 (compatible; MJ12bot/v1.4.3; http://www.majestic12.co.uk/bot.php?+)"
84.0.24.248 - - [04/Jul/2013:11:52:14 +0200] "-" 408 - "-" "-"
114.80.142.20 - - [04/Jul/2013:11:52:44 +0200] "POST /forum_attac.php3?id_article=710&retour=cikk HTTP/1.1" 404 292 "http://attac.zpok.hu/forum_attac.php3?id_article=710&retour=cikk" "Mozilla/4.0 (compatible; MSIE 6.0; Windows NT 5.1; SV1)"
111.95.243.36 - - [04/Jul/2013:11:52:45 +0200] "POST /forum_attac.php3?id_article=710&retour=cikk HTTP/1.1" 404 292 "http://attac.zpok.hu/forum_attac.php3?id_article=710&retour=cikk" "Mozilla/4.0 (compatible; MSIE 6.0; Windows NT 5.1; SV1)"
195.56.55.225 - - [04/Jul/2013:11:53:32 +0200] "GET /test.html HTTP/1.1" 200 56 "-" "monit/4.6"
178.190.158.247 - - [04/Jul/2013:11:55:23 +0200] "-" 408 - "-" "-"
195.56.55.225 - - [04/Jul/2013:11:55:42 +0200] "GET /test.html HTTP/1.1" 200 56 "-" "monit/4.6"
82.131.239.107 - - [04/Jul/2013:11:56:21 +0200] "-" 408 - "-" "-"
195.56.55.225 - - [04/Jul/2013:11:57:44 +0200] "GET /test.html HTTP/1.1" 200 56 "-" "monit/4.6"
188.142.234.57 - - [04/Jul/2013:11:58:22 +0200] "-" 408 - "-" "-"
188.142.234.57 - - [04/Jul/2013:11:59:03 +0200] "-" 408 - "-" "-"
195.56.55.225 - - [04/Jul/2013:11:59:46 +0200] "GET /test.html HTTP/1.1" 200 56 "-" "monit/4.6"
208.167.230.51 - - [04/Jul/2013:12:01:35 +0200] "-" 408 - "-" "-"
195.56.55.225 - - [04/Jul/2013:12:01:48 +0200] "GET /test.html HTTP/1.1" 200 56 "-" "monit/4.6"
195.111.75.20 - - [04/Jul/2013:12:02:08 +0200] "-" 408 - "-" "-"
195.111.75.20 - - [04/Jul/2013:12:02:08 +0200] "-" 408 - "-" "-"
195.56.55.225 - - [04/Jul/2013:12:03:50 +0200] "GET /test.html HTTP/1.1" 200 56 "-" "monit/4.6"
119.226.253.14 - - [04/Jul/2013:12:04:23 +0200] "POST /forum_attac.php3?id_article=710&retour=cikk HTTP/1.1" 404 292 "http://attac.zpok.hu/forum_attac.php3?id_article=710&retour=cikk" "Mozilla/4.0 (compatible; MSIE 6.0; Windows NT 5.1; SV1)"
195.56.55.225 - - [04/Jul/2013:12:05:52 +0200] "GET /test.html HTTP/1.1" 200 56 "-" "monit/4.6"
195.56.55.225 - - [04/Jul/2013:12:07:54 +0200] "GET /test.html HTTP/1.1" 200 56 "-" "monit/4.6"
220.181.127.18 - - [04/Jul/2013:12:08:10 +0200] "GET /brandnewsite/index.shtml HTTP/1.1" 404 300 "http://www.emla.hu/" "Mozilla/4.0 (compatible; MSIE 8.0; Windows NT 6.1; Trident/4.0; SLCC2; .NET CLR 2.0.50727; .NET CLR 3.5.30729; .NET CLR 3.0.30729; Media Center PC 6.0; Tablet PC 2.0)"
111.95.243.35 - - [04/Jul/2013:12:08:36 +0200] "POST /forum_attac.php3?id_article=710&retour=cikk HTTP/1.1" 404 292 "http://attac.zpok.hu/forum_attac.php3?id_article=710&retour=cikk" "Mozilla/4.0 (compatible; MSIE 6.0; Windows NT 5.1; SV1)"
200.35.151.24 - - [04/Jul/2013:12:08:37 +0200] "POST /forum_attac.php3?id_article=710&retour=cikk HTTP/1.1" 404 292 "http://attac.zpok.hu/forum_attac.php3?id_article=710&retour=cikk" "Mozilla/4.0 (compatible; MSIE 6.0; Windows NT 5.1; SV1)"
89.248.174.60 - - [04/Jul/2013:12:09:43 +0200] "GET /forum_attac.php3?id_article=983&retour=cikk.php3%3Fid_article%3D983 HTTP/1.1" 404 292 "-" "Mozilla/4.0 (compatible; MSIE 6.0; Windows NT 5.1; SV1)"
195.56.55.225 - - [04/Jul/2013:12:09:56 +0200] "GET /test.html HTTP/1.1" 200 56 "-" "monit/4.6"
195.56.55.225 - - [04/Jul/2013:12:12:30 +0200] "GET /test.html HTTP/1.1" 200 56 "-" "monit/4.6"
173.199.120.171 - - [04/Jul/2013:12:13:16 +0200] "GET /index.shtml?apc=a-1hnm&x=14994 HTTP/1.1" 404 300 "-" "Mozilla/5.0 (compatible; AhrefsBot/4.0; +http://ahrefs.com/robot/)"
195.56.55.225 - - [04/Jul/2013:12:14:32 +0200] "GET /test.html HTTP/1.1" 200 56 "-" "monit/4.6"
195.56.55.225 - - [04/Jul/2013:12:16:34 +0200] "GET /test.html HTTP/1.1" 200 56 "-" "monit/4.6"
65.55.52.108 - - [04/Jul/2013:12:17:30 +0200] "GET /robots.txt HTTP/1.1" 404 291 "-" "Mozilla/5.0 (compatible; bingbot/2.0; +http://www.bing.com/bingbot.htm)"
195.56.55.225 - - [04/Jul/2013:12:18:37 +0200] "GET /test.html HTTP/1.1" 200 56 "-" "monit/4.6"
94.21.250.253 - - [04/Jul/2013:12:18:51 +0200] "-" 408 - "-" "-"
173.199.120.171 - - [04/Jul/2013:12:19:55 +0200] "GET /cikk.php3?id_article=103 HTTP/1.1" 404 285 "-" "Mozilla/5.0 (compatible; AhrefsBot/4.0; +http://ahrefs.com/robot/)"
195.56.55.225 - - [04/Jul/2013:12:20:39 +0200] "GET /test.html HTTP/1.1" 200 56 "-" "monit/4.6"
195.56.55.225 - - [04/Jul/2013:12:22:41 +0200] "GET /test.html HTTP/1.1" 200 56 "-" "monit/4.6"
195.56.55.225 - - [04/Jul/2013:12:24:43 +0200] "GET /test.html HTTP/1.1" 200 56 "-" "monit/4.6"
211.139.96.36 - - [04/Jul/2013:12:26:31 +0200] "POST /forum_attac.php3?id_article=710&retour=cikk HTTP/1.0" 404 280 "http://attac.zpok.hu/forum_attac.php3?id_article=710&retour=cikk" "Mozilla/4.0 (compatible; MSIE 6.0; Windows NT 5.1; SV1)"
202.125.84.2 - - [04/Jul/2013:12:26:32 +0200] "POST /forum_attac.php3?id_article=710&retour=cikk HTTP/1.1" 404 292 "http://attac.zpok.hu/forum_attac.php3?id_article=710&retour=cikk" "Mozilla/4.0 (compatible; MSIE 6.0; Windows NT 5.1; SV1)"
195.56.55.225 - - [04/Jul/2013:12:26:46 +0200] "GET /test.html HTTP/1.1" 200 56 "-" "monit/4.6"
65.55.52.108 - - [04/Jul/2013:12:27:20 +0200] "GET / HTTP/1.1" 200 1155 "-" "Mozilla/5.0 (compatible; bingbot/2.0; +http://www.bing.com/bingbot.htm)"
173.199.120.171 - - [04/Jul/2013:12:27:55 +0200] "GET /cikk.php3?id_article=453 HTTP/1.1" 404 285 "-" "Mozilla/5.0 (compatible; AhrefsBot/4.0; +http://ahrefs.com/robot/)"
195.56.55.225 - - [04/Jul/2013:12:28:49 +0200] "GET /test.html HTTP/1.1" 200 56 "-" "monit/4.6"
195.56.55.225 - - [04/Jul/2013:12:30:52 +0200] "GET /test.html HTTP/1.1" 200 56 "-" "monit/4.6"
195.56.55.225 - - [04/Jul/2013:12:32:53 +0200] "GET /test.html HTTP/1.1" 200 56 "-" "monit/4.6"
72.14.199.132 - - [04/Jul/2013:12:32:58 +0200] "GET / HTTP/1.1" 200 1155 "-" "Feedfetcher-Google; (+http://www.google.com/feedfetcher.html; 1 subscribers; feed-id=849169264004692768)"
89.248.174.60 - - [04/Jul/2013:12:33:04 +0200] "GET /forum_attac.php3?id_article=983&retour=cikk.php3%3Fid_article%3D983 HTTP/1.1" 404 292 "-" "Mozilla/4.0 (compatible; MSIE 6.0; Windows NT 5.1; SV1)"
65.55.52.119 - - [04/Jul/2013:12:34:22 +0200] "GET /robots.txt HTTP/1.1" 404 293 "-" "Mozilla/5.0 (compatible; bingbot/2.0; +http://www.bing.com/bingbot.htm)"
195.56.55.225 - - [04/Jul/2013:12:34:55 +0200] "GET /test.html HTTP/1.1" 200 56 "-" "monit/4.6"
195.56.55.225 - - [04/Jul/2013:12:37:02 +0200] "GET /test.html HTTP/1.1" 200 56 "-" "monit/4.6"
89.134.210.73 - - [04/Jul/2013:12:37:39 +0200] "GET /IMG/arton497.jpg HTTP/1.1" 404 292 "http://forum.apatnet.hu/viewtopic.php?f=8&t=15&start=4161" "Mozilla/5.0 (Windows NT 5.1) AppleWebKit/537.36 (KHTML, like Gecko) Chrome/27.0.1453.116 Safari/537.36"
195.56.55.225 - - [04/Jul/2013:12:39:05 +0200] "GET /test.html HTTP/1.1" 200 56 "-" "monit/4.6"
195.56.55.225 - - [04/Jul/2013:12:41:07 +0200] "GET /test.html HTTP/1.1" 200 56 "-" "monit/4.6"
195.56.55.225 - - [04/Jul/2013:12:43:09 +0200] "GET /test.html HTTP/1.1" 200 56 "-" "monit/4.6"
195.56.55.225 - - [04/Jul/2013:12:45:11 +0200] "GET /test.html HTTP/1.1" 200 56 "-" "monit/4.6"
111.95.243.35 - - [04/Jul/2013:12:46:37 +0200] "POST /forum_attac.php3?id_article=710&retour=cikk HTTP/1.1" 404 292 "http://attac.zpok.hu/forum_attac.php3?id_article=710&retour=cikk" "Mozilla/4.0 (compatible; MSIE 6.0; Windows NT 5.1; SV1)"
203.234.242.110 - - [04/Jul/2013:12:46:42 +0200] "POST /forum_attac.php3?id_article=710&retour=cikk HTTP/1.1" 404 292 "http://attac.zpok.hu/forum_attac.php3?id_article=710&retour=cikk" "Mozilla/4.0 (compatible; MSIE 6.0; Windows NT 5.1; SV1)"
195.56.55.225 - - [04/Jul/2013:12:47:13 +0200] "GET /test.html HTTP/1.1" 200 56 "-" "monit/4.6"
195.56.55.225 - - [04/Jul/2013:12:49:15 +0200] "GET /test.html HTTP/1.1" 200 56 "-" "monit/4.6"
195.56.55.225 - - [04/Jul/2013:12:51:17 +0200] "GET /test.html HTTP/1.1" 200 56 "-" "monit/4.6"
195.56.55.225 - - [04/Jul/2013:12:53:20 +0200] "GET /test.html HTTP/1.1" 200 56 "-" "monit/4.6"
208.115.113.87 - - [04/Jul/2013:12:54:43 +0200] "GET /robots.txt HTTP/1.1" 404 286 "-" "Mozilla/5.0 (compatible; Ezooms/1.0; ezooms.bot@gmail.com)"
195.56.55.225 - - [04/Jul/2013:12:55:22 +0200] "GET /test.html HTTP/1.1" 200 56 "-" "monit/4.6"
89.248.174.60 - - [04/Jul/2013:12:55:51 +0200] "GET /forum_attac.php3?id_article=983&retour=cikk.php3%3Fid_article%3D983 HTTP/1.1" 404 292 "-" "Mozilla/4.0 (compatible; MSIE 6.0; Windows NT 5.1; SV1)"
195.228.147.196 - - [04/Jul/2013:12:55:56 +0200] "POST /forum_attac.php3?id_article=710&retour=cikk HTTP/1.1" 404 292 "http://attac.zpok.hu/forum_attac.php3?id_article=710&retour=cikk" "Mozilla/4.0 (compatible; MSIE 6.0; Windows NT 5.1; SV1)"
91.228.178.138 - - [04/Jul/2013:12:55:57 +0200] "POST /forum_attac.php3?id_article=710&retour=cikk HTTP/1.0" 404 280 "http://attac.zpok.hu/forum_attac.php3?id_article=710&retour=cikk" "Mozilla/4.0 (compatible; MSIE 6.0; Windows NT 5.1; SV1)"
195.56.55.225 - - [04/Jul/2013:12:57:24 +0200] "GET /test.html HTTP/1.1" 200 56 "-" "monit/4.6"
195.56.55.225 - - [04/Jul/2013:12:59:26 +0200] "GET /test.html HTTP/1.1" 200 56 "-" "monit/4.6"
195.56.55.225 - - [04/Jul/2013:13:01:29 +0200] "GET /test.html HTTP/1.1" 200 56 "-" "monit/4.6"
65.55.24.245 - - [04/Jul/2013:13:03:14 +0200] "GET /robots.txt HTTP/1.1" 404 285 "-" "Mozilla/5.0 (compatible; bingbot/2.0; +http://www.bing.com/bingbot.htm)"
195.56.55.225 - - [04/Jul/2013:13:03:33 +0200] "GET /test.html HTTP/1.1" 200 56 "-" "monit/4.6"
195.56.55.225 - - [04/Jul/2013:13:05:35 +0200] "GET /test.html HTTP/1.1" 200 56 "-" "monit/4.6"
84.2.226.198 - - [04/Jul/2013:13:07:09 +0200] "GET /IMG/arton497.jpg HTTP/1.1" 404 292 "http://forum.apatnet.hu/viewtopic.php?f=8&t=15&start=4159" "Mozilla/5.0 (Windows NT 5.1) AppleWebKit/537.36 (KHTML, like Gecko) Chrome/27.0.1453.116 Safari/537.36"
195.56.55.225 - - [04/Jul/2013:13:07:37 +0200] "GET /test.html HTTP/1.1" 200 56 "-" "monit/4.6"
195.56.55.225 - - [04/Jul/2013:13:09:39 +0200] "GET /test.html HTTP/1.1" 200 56 "-" "monit/4.6"
210.212.152.5 - - [04/Jul/2013:13:10:51 +0200] "POST /forum_attac.php3?id_article=710&retour=cikk HTTP/1.1" 404 292 "http://attac.zpok.hu/forum_attac.php3?id_article=710&retour=cikk" "Mozilla/4.0 (compatible; MSIE 6.0; Windows NT 5.1; SV1)"
180.250.169.14 - - [04/Jul/2013:13:10:52 +0200] "POST /forum_attac.php3?id_article=710&retour=cikk HTTP/1.1" 404 292 "http://attac.zpok.hu/forum_attac.php3?id_article=710&retour=cikk" "Mozilla/4.0 (compatible; MSIE 6.0; Windows NT 5.1; SV1)"
62.77.239.43 - - [04/Jul/2013:13:11:28 +0200] "-" 408 - "-" "-"
62.77.239.43 - - [04/Jul/2013:13:11:28 +0200] "-" 408 - "-" "-"
62.77.239.43 - - [04/Jul/2013:13:11:28 +0200] "-" 408 - "-" "-"
62.77.239.43 - - [04/Jul/2013:13:11:28 +0200] "-" 408 - "-" "-"
62.77.239.43 - - [04/Jul/2013:13:11:29 +0200] "-" 408 - "-" "-"
195.56.55.225 - - [04/Jul/2013:13:11:41 +0200] "GET /test.html HTTP/1.1" 200 56 "-" "monit/4.6"
65.55.24.245 - - [04/Jul/2013:13:12:55 +0200] "GET / HTTP/1.1" 200 1155 "-" "Mozilla/5.0 (compatible; bingbot/2.0; +http://www.bing.com/bingbot.htm)"
66.171.185.75 - - [04/Jul/2013:13:13:29 +0200] "POST /forum_attac.php3?id_article=710&retour=cikk HTTP/1.1" 404 292 "http://attac.zpok.hu/forum_attac.php3?id_article=710&retour=cikk" "Mozilla/4.0 (compatible; MSIE 6.0; Windows NT 5.1; SV1)"
66.249.78.218 - - [04/Jul/2013:13:13:30 +0200] "GET /cikk.php3?id_article=889 HTTP/1.1" 404 285 "-" "Googlebot/2.1 (+http://www.google.com/bot.html)"
64.213.148.131 - - [04/Jul/2013:13:13:30 +0200] "POST /forum_attac.php3?id_article=710&retour=cikk HTTP/1.1" 404 292 "http://attac.zpok.hu/forum_attac.php3?id_article=710&retour=cikk" "Mozilla/4.0 (compatible; MSIE 6.0; Windows NT 5.1; SV1)"
118.140.81.50 - - [04/Jul/2013:13:13:34 +0200] "POST /forum_attac.php3?id_article=710&retour=cikk HTTP/1.1" 404 292 "http://attac.zpok.hu/forum_attac.php3?id_article=710&retour=cikk" "Mozilla/4.0 (compatible; MSIE 6.0; Windows NT 5.1; SV1)"
195.56.55.225 - - [04/Jul/2013:13:13:44 +0200] "GET /test.html HTTP/1.1" 200 56 "-" "monit/4.6"
132.199.173.113 - - [04/Jul/2013:13:15:00 +0200] "-" 408 - "-" "-"
84.2.222.53 - - [04/Jul/2013:13:15:15 +0200] "GET /IMG/rubon2.jpg HTTP/1.1" 404 290 "http://www.hotdog.hu/emaf/mindent-tudni-akarok/mindent-tudni-akarok-m-n-o" "Mozilla/5.0 (Windows NT 6.2; WOW64) AppleWebKit/537.36 (KHTML, like Gecko) Chrome/27.0.1453.116 Safari/537.36"
84.2.222.53 - - [04/Jul/2013:13:15:18 +0200] "GET /IMG/rubon2.jpg HTTP/1.1" 404 290 "http://www.hotdog.hu/emaf/mindent-tudni-akarok/mindent-tudni-akarok-m-n-o" "Mozilla/5.0 (Windows NT 6.2; WOW64) AppleWebKit/537.36 (KHTML, like Gecko) Chrome/27.0.1453.116 Safari/537.36"
195.56.55.225 - - [04/Jul/2013:13:15:47 +0200] "GET /test.html HTTP/1.1" 200 56 "-" "monit/4.6"
195.56.55.225 - - [04/Jul/2013:13:17:49 +0200] "GET /test.html HTTP/1.1" 200 56 "-" "monit/4.6"
89.248.174.60 - - [04/Jul/2013:13:19:09 +0200] "GET /forum_attac.php3?id_article=983&retour=cikk.php3%3Fid_article%3D983 HTTP/1.1" 404 292 "-" "Mozilla/4.0 (compatible; MSIE 6.0; Windows NT 5.1; SV1)"
195.56.55.225 - - [04/Jul/2013:13:19:51 +0200] "GET /test.html HTTP/1.1" 200 56 "-" "monit/4.6"
208.115.111.74 - - [04/Jul/2013:13:21:11 +0200] "GET /hirek HTTP/1.1" 404 285 "-" "Mozilla/5.0 (compatible; Ezooms/1.0; ezooms.bot@gmail.com)"
195.56.55.225 - - [04/Jul/2013:13:21:53 +0200] "GET /test.html HTTP/1.1" 200 56 "-" "monit/4.6"
208.115.113.87 - - [04/Jul/2013:13:23:00 +0200] "GET /szerzok.php3 HTTP/1.1" 404 288 "-" "Mozilla/5.0 (compatible; Ezooms/1.0; ezooms.bot@gmail.com)"
195.56.55.225 - - [04/Jul/2013:13:23:55 +0200] "GET /test.html HTTP/1.1" 200 56 "-" "monit/4.6"
195.56.55.225 - - [04/Jul/2013:13:25:58 +0200] "GET /test.html HTTP/1.1" 200 56 "-" "monit/4.6"
195.56.55.225 - - [04/Jul/2013:13:28:00 +0200] "GET /test.html HTTP/1.1" 200 56 "-" "monit/4.6"
195.56.55.225 - - [04/Jul/2013:13:30:02 +0200] "GET /test.html HTTP/1.1" 200 56 "-" "monit/4.6"
208.115.113.90 - - [04/Jul/2013:13:30:59 +0200] "GET /robots.txt HTTP/1.1" 404 290 "-" "Mozilla/5.0 (compatible; Ezooms/1.0; ezooms.bot@gmail.com)"
195.56.55.225 - - [04/Jul/2013:13:32:04 +0200] "GET /test.html HTTP/1.1" 200 56 "-" "monit/4.6"
180.250.169.14 - - [04/Jul/2013:13:32:22 +0200] "POST /forum_attac.php3?id_article=710&retour=cikk HTTP/1.1" 404 292 "http://attac.zpok.hu/forum_attac.php3?id_article=710&retour=cikk" "Mozilla/4.0 (compatible; MSIE 6.0; Windows NT 5.1; SV1)"
195.56.55.225 - - [04/Jul/2013:13:34:06 +0200] "GET /test.html HTTP/1.1" 200 56 "-" "monit/4.6"
111.95.243.36 - - [04/Jul/2013:13:35:49 +0200] "POST /forum_attac.php3?id_article=710&retour=cikk HTTP/1.1" 404 292 "http://attac.zpok.hu/forum_attac.php3?id_article=710&retour=cikk" "Mozilla/4.0 (compatible; MSIE 6.0; Windows NT 5.1; SV1)"
195.56.55.225 - - [04/Jul/2013:13:36:08 +0200] "GET /test.html HTTP/1.1" 200 56 "-" "monit/4.6"
195.56.55.225 - - [04/Jul/2013:13:38:10 +0200] "GET /test.html HTTP/1.1" 200 56 "-" "monit/4.6"
79.181.205.47 - - [04/Jul/2013:13:38:32 +0200] "-" 408 - "-" "-"
195.56.55.225 - - [04/Jul/2013:13:40:13 +0200] "GET /test.html HTTP/1.1" 200 56 "-" "monit/4.6"
65.55.52.119 - - [04/Jul/2013:13:41:31 +0200] "GET / HTTP/1.1" 200 1155 "-" "Mozilla/5.0 (compatible; bingbot/2.0; +http://www.bing.com/bingbot.htm)"
89.248.174.60 - - [04/Jul/2013:13:41:46 +0200] "GET /forum_attac.php3?id_article=983&retour=cikk.php3%3Fid_article%3D983 HTTP/1.1" 404 292 "-" "Mozilla/4.0 (compatible; MSIE 6.0; Windows NT 5.1; SV1)"
195.56.55.225 - - [04/Jul/2013:13:42:15 +0200] "GET /test.html HTTP/1.1" 200 56 "-" "monit/4.6"
195.56.55.225 - - [04/Jul/2013:13:44:18 +0200] "GET /test.html HTTP/1.1" 200 56 "-" "monit/4.6"
213.222.159.6 - - [04/Jul/2013:13:45:02 +0200] "-" 408 - "-" "-"
91.237.249.171 - - [04/Jul/2013:13:45:27 +0200] "GET /cikk.php3?id_article=869 HTTP/1.1" 404 285 "-" "Mozilla/4.0 (compatible; MSIE 6.0; Windows NT 5.1; SV1)"
195.56.55.225 - - [04/Jul/2013:13:46:33 +0200] "GET /test.html HTTP/1.1" 200 56 "-" "monit/4.6"
195.56.55.225 - - [04/Jul/2013:13:48:35 +0200] "GET /test.html HTTP/1.1" 200 56 "-" "monit/4.6"
195.56.55.225 - - [04/Jul/2013:13:50:37 +0200] "GET /test.html HTTP/1.1" 200 56 "-" "monit/4.6"
60.10.198.31 - - [04/Jul/2013:13:51:29 +0200] "-" 408 - "-" "-"
195.56.55.225 - - [04/Jul/2013:13:52:39 +0200] "GET /test.html HTTP/1.1" 200 56 "-" "monit/4.6"
195.56.55.225 - - [04/Jul/2013:13:54:41 +0200] "GET /test.html HTTP/1.1" 200 56 "-" "monit/4.6"
195.56.55.225 - - [04/Jul/2013:13:56:43 +0200] "GET /test.html HTTP/1.1" 200 56 "-" "monit/4.6"
195.56.55.225 - - [04/Jul/2013:13:58:45 +0200] "GET /test.html HTTP/1.1" 200 56 "-" "monit/4.6"
212.98.183.24 - - [04/Jul/2013:14:00:21 +0200] "POST /forum_attac.php3?id_article=710&retour=cikk HTTP/1.1" 404 292 "http://attac.zpok.hu/forum_attac.php3?id_article=710&retour=cikk" "Mozilla/4.0 (compatible; MSIE 6.0; Windows NT 5.1; SV1)"
46.108.241.253 - - [04/Jul/2013:14:00:23 +0200] "POST /forum_attac.php3?id_article=710&retour=cikk HTTP/1.0" 404 280 "http://attac.zpok.hu/forum_attac.php3?id_article=710&retour=cikk" "Mozilla/4.0 (compatible; MSIE 6.0; Windows NT 5.1; SV1)"
93.178.205.242 - - [04/Jul/2013:14:00:41 +0200] "POST /forum_attac.php3?id_article=710&retour=cikk HTTP/1.0" 404 280 "http://attac.zpok.hu/forum_attac.php3?id_article=710&retour=cikk" "Mozilla/4.0 (compatible; MSIE 6.0; Windows NT 5.1; SV1)"
195.56.55.225 - - [04/Jul/2013:14:00:47 +0200] "GET /test.html HTTP/1.1" 200 56 "-" "monit/4.6"
195.56.55.225 - - [04/Jul/2013:14:02:49 +0200] "GET /test.html HTTP/1.1" 200 56 "-" "monit/4.6"
89.248.174.60 - - [04/Jul/2013:14:04:40 +0200] "GET /forum_attac.php3?id_article=983&retour=cikk.php3%3Fid_article%3D983 HTTP/1.1" 404 292 "-" "Mozilla/4.0 (compatible; MSIE 6.0; Windows NT 5.1; SV1)"
195.56.55.225 - - [04/Jul/2013:14:04:51 +0200] "GET /test.html HTTP/1.1" 200 56 "-" "monit/4.6"
195.56.55.225 - - [04/Jul/2013:14:06:53 +0200] "GET /test.html HTTP/1.1" 200 56 "-" "monit/4.6"
212.7.196.79 - - [04/Jul/2013:14:08:26 +0200] "GET / HTTP/1.1" 200 1155 "-" "Mozilla/5.0 (Windows; U; Windows NT 6.1; WOW64; en-US; rv:2.0.4) Gecko/20120718 AskTbAVR-IDW/3.12.5.17700 Firefox/14.0.1"
195.56.55.225 - - [04/Jul/2013:14:08:56 +0200] "GET /test.html HTTP/1.1" 200 56 "-" "monit/4.6"
66.249.78.21 - - [04/Jul/2013:14:10:37 +0200] "GET /robots.txt HTTP/1.1" 404 296 "-" "Mozilla/5.0 (compatible; Googlebot/2.1; +http://www.google.com/bot.html)"
66.249.75.213 - - [04/Jul/2013:14:10:38 +0200] "GET /documents/pdf/RISK_ANALYSIS_UPDATE.pdf HTTP/1.1" 404 324 "-" "Mozilla/5.0 (compatible; Googlebot/2.1; +http://www.google.com/bot.html)"
195.56.55.225 - - [04/Jul/2013:14:10:58 +0200] "GET /test.html HTTP/1.1" 200 56 "-" "monit/4.6"
180.211.95.220 - - [04/Jul/2013:14:12:25 +0200] "POST /forum_attac.php3?id_article=710&retour=cikk HTTP/1.1" 404 292 "http://attac.zpok.hu/forum_attac.php3?id_article=710&retour=cikk" "Mozilla/4.0 (compatible; MSIE 6.0; Windows NT 5.1; SV1)"
195.56.55.225 - - [04/Jul/2013:14:13:00 +0200] "GET /test.html HTTP/1.1" 200 56 "-" "monit/4.6"
195.56.55.225 - - [04/Jul/2013:14:15:03 +0200] "GET /test.html HTTP/1.1" 200 56 "-" "monit/4.6"
195.56.55.225 - - [04/Jul/2013:14:17:05 +0200] "GET /test.html HTTP/1.1" 200 56 "-" "monit/4.6"
185.10.125.71 - - [04/Jul/2013:14:17:30 +0200] "-" 408 - "-" "-"
185.10.125.71 - - [04/Jul/2013:14:17:33 +0200] "-" 408 - "-" "-"
185.10.125.71 - - [04/Jul/2013:14:18:44 +0200] "-" 408 - "-" "-"
195.56.55.225 - - [04/Jul/2013:14:19:07 +0200] "GET /test.html HTTP/1.1" 200 56 "-" "monit/4.6"
64.213.148.131 - - [04/Jul/2013:14:19:28 +0200] "POST /forum_attac.php3?id_article=710&retour=cikk HTTP/1.1" 404 292 "http://attac.zpok.hu/forum_attac.php3?id_article=710&retour=cikk" "Mozilla/4.0 (compatible; MSIE 6.0; Windows NT 5.1; SV1)"
190.146.132.205 - - [04/Jul/2013:14:19:35 +0200] "POST /forum_attac.php3?id_article=710&retour=cikk HTTP/1.1" 404 292 "http://attac.zpok.hu/forum_attac.php3?id_article=710&retour=cikk" "Mozilla/4.0 (compatible; MSIE 6.0; Windows NT 5.1; SV1)"
188.143.91.202 - - [04/Jul/2013:14:20:04 +0200] "-" 408 - "-" "-"
195.56.55.225 - - [04/Jul/2013:14:21:09 +0200] "GET /test.html HTTP/1.1" 200 56 "-" "monit/4.6"
65.55.52.92 - - [04/Jul/2013:14:21:28 +0200] "GET /az_egyesulet/fenykepek HTTP/1.1" 404 302 "-" "Mozilla/5.0 (compatible; bingbot/2.0; +http://www.bing.com/bingbot.htm)"
185.10.125.71 - - [04/Jul/2013:14:22:58 +0200] "-" 408 - "-" "-"
195.56.55.225 - - [04/Jul/2013:14:23:11 +0200] "GET /test.html HTTP/1.1" 200 56 "-" "monit/4.6"
157.55.33.146 - - [04/Jul/2013:14:24:32 +0200] "GET /robots.txt HTTP/1.1" 404 285 "-" "Mozilla/5.0 (compatible; bingbot/2.0; +http://www.bing.com/bingbot.htm)"
195.56.55.225 - - [04/Jul/2013:14:25:13 +0200] "GET /test.html HTTP/1.1" 200 56 "-" "monit/4.6"
195.56.55.225 - - [04/Jul/2013:14:27:16 +0200] "GET /test.html HTTP/1.1" 200 56 "-" "monit/4.6"
89.248.174.60 - - [04/Jul/2013:14:27:38 +0200] "GET /forum_attac.php3?id_article=983&retour=cikk.php3%3Fid_article%3D983 HTTP/1.1" 404 292 "-" "Mozilla/4.0 (compatible; MSIE 6.0; Windows NT 5.1; SV1)"
195.56.55.225 - - [04/Jul/2013:14:29:18 +0200] "GET /test.html HTTP/1.1" 200 56 "-" "monit/4.6"
94.21.91.91 - - [04/Jul/2013:14:29:23 +0200] "-" 408 - "-" "-"
195.56.55.225 - - [04/Jul/2013:14:31:21 +0200] "GET /test.html HTTP/1.1" 200 56 "-" "monit/4.6"
192.155.91.144 - - [04/Jul/2013:14:31:55 +0200] "-" 408 - "-" "-"
195.56.55.225 - - [04/Jul/2013:14:33:23 +0200] "GET /test.html HTTP/1.1" 200 56 "-" "monit/4.6"
82.144.190.64 - - [04/Jul/2013:14:33:47 +0200] "GET / HTTP/1.1" 200 1155 "-" "Mozilla/5.0 (Windows NT 5.1) AppleWebKit/537.36 (KHTML, like Gecko) Chrome/27.0.1453.116 Safari/537.36"
82.144.190.64 - - [04/Jul/2013:14:33:47 +0200] "GET /favicon.ico HTTP/1.1" 404 283 "-" "Mozilla/5.0 (Windows NT 5.1) AppleWebKit/537.36 (KHTML, like Gecko) Chrome/27.0.1453.116 Safari/537.36"
111.95.243.36 - - [04/Jul/2013:14:35:07 +0200] "POST /forum_attac.php3?id_article=710&retour=cikk HTTP/1.1" 404 292 "http://attac.zpok.hu/forum_attac.php3?id_article=710&retour=cikk" "Mozilla/4.0 (compatible; MSIE 6.0; Windows NT 5.1; SV1)"
195.56.55.225 - - [04/Jul/2013:14:35:25 +0200] "GET /test.html HTTP/1.1" 200 56 "-" "monit/4.6"
195.56.55.225 - - [04/Jul/2013:14:37:27 +0200] "GET /test.html HTTP/1.1" 200 56 "-" "monit/4.6"
195.56.55.225 - - [04/Jul/2013:14:39:29 +0200] "GET /test.html HTTP/1.1" 200 56 "-" "monit/4.6"
195.56.55.225 - - [04/Jul/2013:14:41:31 +0200] "GET /test.html HTTP/1.1" 200 56 "-" "monit/4.6"
157.55.33.146 - - [04/Jul/2013:14:41:59 +0200] "GET / HTTP/1.1" 200 1155 "-" "Mozilla/5.0 (compatible; bingbot/2.0; +http://www.bing.com/bingbot.htm)"
74.125.189.20 - - [04/Jul/2013:14:43:29 +0200] "GET /IMG/arton573.jpg HTTP/1.1" 404 292 "http://www.stormfront.org/forum/" "-"
46.107.118.81 - - [04/Jul/2013:14:43:31 +0200] "-" 408 - "-" "-"
195.56.55.225 - - [04/Jul/2013:14:43:33 +0200] "GET /test.html HTTP/1.1" 200 56 "-" "monit/4.6"
195.56.55.225 - - [04/Jul/2013:14:45:35 +0200] "GET /test.html HTTP/1.1" 200 56 "-" "monit/4.6"
92.85.164.120 - - [04/Jul/2013:14:45:46 +0200] "GET /\" + gaJsHost + \"google-analytics.com/ga.js HTTP/1.1" 400 365 "-" "-"
92.85.164.120 - - [04/Jul/2013:14:46:40 +0200] "GET /cikkek/\" + gaJsHost + \"google-analytics.com/ga.js HTTP/1.1" 400 365 "-" "-"
92.85.164.120 - - [04/Jul/2013:14:46:44 +0200] "GET /english/\" + gaJsHost + \"google-analytics.com/ga.js HTTP/1.1" 400 365 "-" "-"
92.85.164.120 - - [04/Jul/2013:14:46:56 +0200] "GET /galeriak/\" + gaJsHost + \"google-analytics.com/ga.js HTTP/1.1" 400 365 "-" "-"
92.85.164.120 - - [04/Jul/2013:14:47:06 +0200] "GET /glossary/\" + gaJsHost + \"google-analytics.com/ga.js HTTP/1.1" 400 365 "-" "-"
92.85.164.120 - - [04/Jul/2013:14:47:07 +0200] "GET /linkek/\" + gaJsHost + \"google-analytics.com/ga.js HTTP/1.1" 400 365 "-" "-"
92.85.164.120 - - [04/Jul/2013:14:47:21 +0200] "GET /problematerkep/\" + gaJsHost + \"google-analytics.com/ga.js HTTP/1.1" 400 365 "-" "-"
195.56.55.225 - - [04/Jul/2013:14:47:37 +0200] "GET /test.html HTTP/1.1" 200 56 "-" "monit/4.6"
65.55.52.92 - - [04/Jul/2013:14:48:01 +0200] "GET /robots.txt HTTP/1.1" 404 305 "-" "Mozilla/5.0 (compatible; bingbot/2.0; +http://www.bing.com/bingbot.htm)"
91.82.215.209 - - [04/Jul/2013:14:49:11 +0200] "-" 408 - "-" "-"
195.56.55.225 - - [04/Jul/2013:14:49:39 +0200] "GET /test.html HTTP/1.1" 200 56 "-" "monit/4.6"
89.248.174.60 - - [04/Jul/2013:14:50:40 +0200] "GET /forum_attac.php3?id_article=983&retour=cikk.php3%3Fid_article%3D983 HTTP/1.1" 404 292 "-" "Mozilla/4.0 (compatible; MSIE 6.0; Windows NT 5.1; SV1)"
195.56.55.225 - - [04/Jul/2013:14:51:46 +0200] "GET /test.html HTTP/1.1" 200 56 "-" "monit/4.6"
195.56.55.225 - - [04/Jul/2013:14:53:55 +0200] "GET /test.html HTTP/1.1" 200 56 "-" "monit/4.6"
109.182.180.7 - - [04/Jul/2013:14:55:29 +0200] "-" 408 - "-" "-"
195.56.55.225 - - [04/Jul/2013:14:55:57 +0200] "GET /test.html HTTP/1.1" 200 56 "-" "monit/4.6"
208.115.111.71 - - [04/Jul/2013:14:56:00 +0200] "GET /robots.txt HTTP/1.1" 404 289 "-" "Mozilla/5.0 (compatible; Ezooms/1.0; ezooms.bot@gmail.com)"
195.56.55.225 - - [04/Jul/2013:14:57:59 +0200] "GET /test.html HTTP/1.1" 200 56 "-" "monit/4.6"
200.35.151.24 - - [04/Jul/2013:14:58:01 +0200] "POST /forum_attac.php3?id_article=710&retour=cikk HTTP/1.1" 404 292 "http://attac.zpok.hu/forum_attac.php3?id_article=710&retour=cikk" "Mozilla/4.0 (compatible; MSIE 6.0; Windows NT 5.1; SV1)"
218.94.1.72 - - [04/Jul/2013:14:58:05 +0200] "POST /forum_attac.php3?id_article=710&retour=cikk HTTP/1.1" 404 292 "http://attac.zpok.hu/forum_attac.php3?id_article=710&retour=cikk" "Mozilla/4.0 (compatible; MSIE 6.0; Windows NT 5.1; SV1)"
95.132.0.120 - - [04/Jul/2013:14:58:48 +0200] "GET /cikk.php3?id_article=94 HTTP/1.0" 404 273 "http://attac.zpok.hu/cikk.php3?id_article=94" "Opera/9.80 (Windows NT 6.1; WOW64) Presto/2.12.388 Version/12.11"
95.132.0.120 - - [04/Jul/2013:14:58:48 +0200] "GET / HTTP/1.0" 200 1155 "http://attac.zpok.hu/" "Opera/9.80 (Windows NT 6.1; WOW64) Presto/2.12.388 Version/12.11"
195.56.55.225 - - [04/Jul/2013:15:00:01 +0200] "GET /test.html HTTP/1.1" 200 56 "-" "monit/4.6"
195.56.55.225 - - [04/Jul/2013:15:02:03 +0200] "GET /test.html HTTP/1.1" 200 56 "-" "monit/4.6"
195.56.55.225 - - [04/Jul/2013:15:04:05 +0200] "GET /test.html HTTP/1.1" 200 56 "-" "monit/4.6"
79.121.86.118 - - [04/Jul/2013:15:05:04 +0200] "-" 408 - "-" "-"
87.250.37.50 - - [04/Jul/2013:15:05:58 +0200] "POST /forum_attac.php3?id_article=710&retour=cikk HTTP/1.1" 404 292 "http://attac.zpok.hu/forum_attac.php3?id_article=710&retour=cikk" "Mozilla/4.0 (compatible; MSIE 6.0; Windows NT 5.1; SV1)"
46.229.136.224 - - [04/Jul/2013:15:05:59 +0200] "POST /forum_attac.php3?id_article=710&retour=cikk HTTP/1.1" 404 292 "http://attac.zpok.hu/forum_attac.php3?id_article=710&retour=cikk" "Mozilla/4.0 (compatible; MSIE 6.0; Windows NT 5.1; SV1)"
195.56.55.225 - - [04/Jul/2013:15:06:07 +0200] "GET /test.html HTTP/1.1" 200 56 "-" "monit/4.6"
82.141.171.169 - - [04/Jul/2013:15:06:52 +0200] "-" 408 - "-" "-"
82.141.171.169 - - [04/Jul/2013:15:07:03 +0200] "-" 408 - "-" "-"
82.141.171.169 - - [04/Jul/2013:15:07:03 +0200] "-" 408 - "-" "-"
82.141.171.169 - - [04/Jul/2013:15:07:03 +0200] "-" 408 - "-" "-"
195.56.55.225 - - [04/Jul/2013:15:08:09 +0200] "GET /test.html HTTP/1.1" 200 56 "-" "monit/4.6"
195.56.55.225 - - [04/Jul/2013:15:10:11 +0200] "GET /test.html HTTP/1.1" 200 56 "-" "monit/4.6"
195.56.55.225 - - [04/Jul/2013:15:12:14 +0200] "GET /test.html HTTP/1.1" 200 56 "-" "monit/4.6"
109.74.53.216 - - [04/Jul/2013:15:13:20 +0200] "-" 408 - "-" "-"
89.248.174.60 - - [04/Jul/2013:15:13:47 +0200] "GET /forum_attac.php3?id_article=983&retour=cikk.php3%3Fid_article%3D983 HTTP/1.1" 404 292 "-" "Mozilla/4.0 (compatible; MSIE 6.0; Windows NT 5.1; SV1)"
195.56.55.225 - - [04/Jul/2013:15:14:16 +0200] "GET /test.html HTTP/1.1" 200 56 "-" "monit/4.6"
195.56.55.225 - - [04/Jul/2013:15:16:18 +0200] "GET /test.html HTTP/1.1" 200 56 "-" "monit/4.6"
195.56.55.225 - - [04/Jul/2013:15:18:20 +0200] "GET /test.html HTTP/1.1" 200 56 "-" "monit/4.6"
111.95.243.35 - - [04/Jul/2013:15:19:15 +0200] "POST /forum_attac.php3?id_article=710&retour=cikk HTTP/1.1" 404 292 "http://attac.zpok.hu/forum_attac.php3?id_article=710&retour=cikk" "Mozilla/4.0 (compatible; MSIE 6.0; Windows NT 5.1; SV1)"
195.56.55.225 - - [04/Jul/2013:15:20:22 +0200] "GET /test.html HTTP/1.1" 200 56 "-" "monit/4.6"
195.56.55.225 - - [04/Jul/2013:15:22:24 +0200] "GET /test.html HTTP/1.1" 200 56 "-" "monit/4.6"
208.115.111.74 - - [04/Jul/2013:15:23:23 +0200] "GET /robots.txt HTTP/1.1" 404 287 "-" "Mozilla/5.0 (compatible; Ezooms/1.0; ezooms.bot@gmail.com)"
195.56.55.225 - - [04/Jul/2013:15:24:26 +0200] "GET /test.html HTTP/1.1" 200 56 "-" "monit/4.6"
195.56.55.225 - - [04/Jul/2013:15:26:29 +0200] "GET /test.html HTTP/1.1" 200 56 "-" "monit/4.6"
195.56.55.225 - - [04/Jul/2013:15:28:31 +0200] "GET /test.html HTTP/1.1" 200 56 "-" "monit/4.6"
195.56.55.225 - - [04/Jul/2013:15:30:34 +0200] "GET /test.html HTTP/1.1" 200 56 "-" "monit/4.6"
194.176.242.252 - - [04/Jul/2013:15:30:47 +0200] "-" 408 - "-" "-"
195.56.55.225 - - [04/Jul/2013:15:32:36 +0200] "GET /test.html HTTP/1.1" 200 56 "-" "monit/4.6"
72.14.199.132 - - [04/Jul/2013:15:33:09 +0200] "GET / HTTP/1.1" 200 1155 "-" "Feedfetcher-Google; (+http://www.google.com/feedfetcher.html; 1 subscribers; feed-id=849169264004692768)"
195.56.55.225 - - [04/Jul/2013:15:34:38 +0200] "GET /test.html HTTP/1.1" 200 56 "-" "monit/4.6"
195.56.55.225 - - [04/Jul/2013:15:36:40 +0200] "GET /test.html HTTP/1.1" 200 56 "-" "monit/4.6"
89.248.174.60 - - [04/Jul/2013:15:36:47 +0200] "GET /forum_attac.php3?id_article=983&retour=cikk.php3%3Fid_article%3D983 HTTP/1.1" 404 292 "-" "Mozilla/4.0 (compatible; MSIE 6.0; Windows NT 5.1; SV1)"
208.115.113.90 - - [04/Jul/2013:15:38:36 +0200] "GET /tevekenysegunk/kornyezeti_neveles/kornyezetvedelmi_nyari_tabor/vaj HTTP/1.1" 404 346 "-" "Mozilla/5.0 (compatible; Ezooms/1.0; ezooms.bot@gmail.com)"
195.56.55.225 - - [04/Jul/2013:15:38:47 +0200] "GET /test.html HTTP/1.1" 200 56 "-" "monit/4.6"
195.56.55.225 - - [04/Jul/2013:15:40:49 +0200] "GET /test.html HTTP/1.1" 200 56 "-" "monit/4.6"
195.56.55.225 - - [04/Jul/2013:15:42:52 +0200] "GET /test.html HTTP/1.1" 200 56 "-" "monit/4.6"
195.56.55.225 - - [04/Jul/2013:15:44:54 +0200] "GET /test.html HTTP/1.1" 200 56 "-" "monit/4.6"
23.22.217.43 - - [04/Jul/2013:15:45:35 +0200] "GET /blog/2/feed HTTP/1.1" 404 290 "-" "Mozilla/5.0 (Macintosh; U; Intel Mac OS X 10.6; en-US; rv:1.9.2) Gecko/20100115 Firefox/3.6 (FlipboardProxy/1.1; +http://flipboard.com/browserproxy)"
195.56.55.225 - - [04/Jul/2013:15:46:56 +0200] "GET /test.html HTTP/1.1" 200 56 "-" "monit/4.6"
195.56.55.225 - - [04/Jul/2013:15:48:58 +0200] "GET /test.html HTTP/1.1" 200 56 "-" "monit/4.6"
65.55.52.114 - - [04/Jul/2013:15:49:03 +0200] "GET /robots.txt HTTP/1.1" 404 290 "-" "Mozilla/5.0 (compatible; bingbot/2.0; +http://www.bing.com/bingbot.htm)"
195.56.55.225 - - [04/Jul/2013:15:51:00 +0200] "GET /test.html HTTP/1.1" 200 56 "-" "monit/4.6"
195.56.55.225 - - [04/Jul/2013:15:53:07 +0200] "GET /test.html HTTP/1.1" 200 56 "-" "monit/4.6"
195.56.55.225 - - [04/Jul/2013:15:55:10 +0200] "GET /test.html HTTP/1.1" 200 56 "-" "monit/4.6"
209.51.142.178 - - [04/Jul/2013:15:55:14 +0200] "POST" 405 - "-" "-"
87.97.77.222 - - [04/Jul/2013:15:56:07 +0200] "-" 408 - "-" "-"
208.115.111.74 - - [04/Jul/2013:15:56:44 +0200] "GET /ijs2007/ HTTP/1.1" 404 285 "-" "Mozilla/5.0 (compatible; Ezooms/1.0; ezooms.bot@gmail.com)"
195.56.55.225 - - [04/Jul/2013:15:57:12 +0200] "GET /test.html HTTP/1.1" 200 56 "-" "monit/4.6"
86.101.101.252 - - [04/Jul/2013:15:57:38 +0200] "GET / HTTP/1.1" 200 1155 "-" "Mozilla/5.0 (Windows NT 6.1; WOW64; rv:22.0) Gecko/20100101 Firefox/22.0"
86.101.101.252 - - [04/Jul/2013:15:57:39 +0200] "GET /favicon.ico HTTP/1.1" 404 284 "-" "Mozilla/5.0 (Windows NT 6.1; WOW64; rv:22.0) Gecko/20100101 Firefox/22.0"
86.101.101.252 - - [04/Jul/2013:15:57:39 +0200] "GET /favicon.ico HTTP/1.1" 404 284 "-" "Mozilla/5.0 (Windows NT 6.1; WOW64; rv:22.0) Gecko/20100101 Firefox/22.0"
66.249.78.116 - - [04/Jul/2013:15:57:58 +0200] "GET /robots.txt HTTP/1.1" 404 293 "-" "Mozilla/5.0 (compatible; Googlebot/2.1; +http://www.google.com/bot.html)"
66.249.78.116 - - [04/Jul/2013:15:57:58 +0200] "GET / HTTP/1.1" 200 1155 "-" "Mozilla/5.0 (compatible; Googlebot/2.1; +http://www.google.com/bot.html)"
92.249.227.217 - - [04/Jul/2013:15:59:03 +0200] "-" 408 - "-" "-"
195.56.55.225 - - [04/Jul/2013:15:59:14 +0200] "GET /test.html HTTP/1.1" 200 56 "-" "monit/4.6"
89.248.174.60 - - [04/Jul/2013:15:59:43 +0200] "GET /forum_attac.php3?id_article=983&retour=cikk.php3%3Fid_article%3D983 HTTP/1.1" 404 292 "-" "Mozilla/4.0 (compatible; MSIE 6.0; Windows NT 5.1; SV1)"
200.3.193.148 - - [04/Jul/2013:16:00:05 +0200] "-" 408 - "-" "-"
65.55.52.114 - - [04/Jul/2013:16:00:34 +0200] "GET / HTTP/1.1" 200 1155 "-" "Mozilla/5.0 (compatible; bingbot/2.0; +http://www.bing.com/bingbot.htm)"
195.56.55.225 - - [04/Jul/2013:16:01:16 +0200] "GET /test.html HTTP/1.1" 200 56 "-" "monit/4.6"
195.56.55.225 - - [04/Jul/2013:16:03:18 +0200] "GET /test.html HTTP/1.1" 200 56 "-" "monit/4.6"
195.56.55.225 - - [04/Jul/2013:16:05:20 +0200] "GET /test.html HTTP/1.1" 200 56 "-" "monit/4.6"
195.56.55.225 - - [04/Jul/2013:16:07:23 +0200] "GET /test.html HTTP/1.1" 200 56 "-" "monit/4.6"
180.250.169.14 - - [04/Jul/2013:16:07:25 +0200] "POST /forum_attac.php3?id_article=710&retour=cikk HTTP/1.1" 404 292 "http://attac.zpok.hu/forum_attac.php3?id_article=710&retour=cikk" "Mozilla/4.0 (compatible; MSIE 6.0; Windows NT 5.1; SV1)"
46.108.241.253 - - [04/Jul/2013:16:08:31 +0200] "POST /forum_attac.php3?id_article=710&retour=cikk HTTP/1.0" 404 280 "http://attac.zpok.hu/forum_attac.php3?id_article=710&retour=cikk" "Mozilla/4.0 (compatible; MSIE 6.0; Windows NT 5.1; SV1)"
178.151.113.9 - - [04/Jul/2013:16:08:31 +0200] "POST /forum_attac.php3?id_article=710&retour=cikk HTTP/1.1" 404 292 "http://attac.zpok.hu/forum_attac.php3?id_article=710&retour=cikk" "Mozilla/4.0 (compatible; MSIE 6.0; Windows NT 5.1; SV1)"
195.56.55.225 - - [04/Jul/2013:16:09:25 +0200] "GET /test.html HTTP/1.1" 200 56 "-" "monit/4.6"
195.56.55.225 - - [04/Jul/2013:16:11:27 +0200] "GET /test.html HTTP/1.1" 200 56 "-" "monit/4.6"
46.107.210.63 - - [04/Jul/2013:16:12:56 +0200] "-" 408 - "-" "-"
195.56.55.225 - - [04/Jul/2013:16:13:55 +0200] "GET /test.html HTTP/1.1" 200 56 "-" "monit/4.6"
