195.56.55.225 - - [06/Jul/2013:11:38:20 +0200] "GET /test.html HTTP/1.1" 200 56 "-" "monit/4.6"
37.191.9.111 - - [06/Jul/2013:11:38:33 +0200] "GET /proxy.pac HTTP/1.1" 404 286 "-" "-"
37.191.9.111 - - [06/Jul/2013:11:38:33 +0200] "GET /proxy.pac HTTP/1.1" 404 286 "-" "-"
37.191.9.111 - - [06/Jul/2013:11:38:34 +0200] "GET /proxy.pac HTTP/1.1" 404 286 "-" "-"
37.191.9.111 - - [06/Jul/2013:11:38:34 +0200] "GET /proxy.pac HTTP/1.1" 404 286 "-" "-"
37.191.9.111 - - [06/Jul/2013:11:38:34 +0200] "GET /proxy.pac HTTP/1.1" 404 286 "-" "-"
37.191.9.111 - - [06/Jul/2013:11:38:34 +0200] "GET /proxy.pac HTTP/1.1" 404 286 "-" "-"
37.191.9.111 - - [06/Jul/2013:11:38:34 +0200] "GET /proxy.pac HTTP/1.1" 404 286 "-" "-"
37.191.9.111 - - [06/Jul/2013:11:38:34 +0200] "GET /proxy.pac HTTP/1.1" 404 286 "-" "-"
195.56.55.225 - - [06/Jul/2013:11:40:22 +0200] "GET /test.html HTTP/1.1" 200 56 "-" "monit/4.6"
64.31.40.117 - - [06/Jul/2013:11:40:32 +0200] "GET http://121.199.48.71/engine.php HTTP/1.0" 404 274 "http://121.199.48.71/engine.php" "Mozilla/4.0 (compatible; MSIE 6.0; Windows 98; Win 9x 4.90)"
195.56.55.225 - - [06/Jul/2013:11:42:27 +0200] "GET /test.html HTTP/1.1" 200 56 "-" "monit/4.6"
124.238.215.152 - - [06/Jul/2013:11:42:29 +0200] "GET /robots.txt HTTP/1.0" 404 278 "-" "nutch-1.4/Nutch-1.4"
124.238.215.152 - - [06/Jul/2013:11:42:30 +0200] "GET / HTTP/1.0" 200 1155 "-" "nutch-1.4/Nutch-1.4"
195.56.55.225 - - [06/Jul/2013:11:44:34 +0200] "GET /test.html HTTP/1.1" 200 56 "-" "monit/4.6"
195.56.55.225 - - [06/Jul/2013:11:46:36 +0200] "GET /test.html HTTP/1.1" 200 56 "-" "monit/4.6"
157.55.33.146 - - [06/Jul/2013:11:46:45 +0200] "GET /robots.txt HTTP/1.1" 404 285 "-" "Mozilla/5.0 (compatible; bingbot/2.0; +http://www.bing.com/bingbot.htm)"
157.55.33.146 - - [06/Jul/2013:11:48:14 +0200] "GET / HTTP/1.1" 200 1155 "-" "Mozilla/5.0 (compatible; bingbot/2.0; +http://www.bing.com/bingbot.htm)"
195.56.55.225 - - [06/Jul/2013:11:48:38 +0200] "GET /test.html HTTP/1.1" 200 56 "-" "monit/4.6"
201.85.50.148 - - [06/Jul/2013:11:49:47 +0200] "POST /forum_attac.php3?id_article=710&retour=cikk HTTP/1.1" 404 292 "http://attac.zpok.hu/forum_attac.php3?id_article=710&retour=cikk" "Mozilla/4.0 (compatible; MSIE 6.0; Windows NT 5.1; SV1)"
195.56.55.225 - - [06/Jul/2013:11:50:40 +0200] "GET /test.html HTTP/1.1" 200 56 "-" "monit/4.6"
195.56.55.225 - - [06/Jul/2013:11:52:42 +0200] "GET /test.html HTTP/1.1" 200 56 "-" "monit/4.6"
91.232.96.36 - - [06/Jul/2013:11:53:07 +0200] "GET /forum_attac.php3?id_article=983&retour=cikk.php3%3Fid_article%3D983 HTTP/1.1" 404 292 "-" "Mozilla/4.0 (compatible; MSIE 6.0; Windows NT 5.1; SV1)"
37.191.9.111 - - [06/Jul/2013:11:54:05 +0200] "GET /proxy.pac HTTP/1.1" 404 286 "-" "Mozilla/5.0 (compatible; MSIE 10.0; Win32; Trident/6.0)"
195.56.55.225 - - [06/Jul/2013:11:54:44 +0200] "GET /test.html HTTP/1.1" 200 56 "-" "monit/4.6"
89.248.174.60 - - [06/Jul/2013:11:55:43 +0200] "GET /forum_attac.php3?id_article=983&retour=cikk.php3%3Fid_article%3D983 HTTP/1.1" 404 292 "-" "Mozilla/4.0 (compatible; MSIE 6.0; Windows NT 5.1; SV1)"
195.56.55.225 - - [06/Jul/2013:11:56:46 +0200] "GET /test.html HTTP/1.1" 200 56 "-" "monit/4.6"
92.63.250.46 - - [06/Jul/2013:11:57:43 +0200] "-" 408 - "-" "-"
194.176.243.211 - - [06/Jul/2013:11:57:45 +0200] "GET / HTTP/1.1" 200 1155 "-" "Mozilla/5.0 (iPhone; CPU iPhone OS 6_1_4 like Mac OS X) AppleWebKit/536.26 (KHTML, like Gecko) Version/6.0 Mobile/10B350 Safari/8536.25"
195.56.55.225 - - [06/Jul/2013:11:58:49 +0200] "GET /test.html HTTP/1.1" 200 56 "-" "monit/4.6"
77.242.144.186 - - [06/Jul/2013:11:59:35 +0200] "-" 408 - "-" "-"
195.56.55.225 - - [06/Jul/2013:12:00:51 +0200] "GET /test.html HTTP/1.1" 200 56 "-" "monit/4.6"
195.56.55.225 - - [06/Jul/2013:12:02:53 +0200] "GET /test.html HTTP/1.1" 200 56 "-" "monit/4.6"
195.56.55.225 - - [06/Jul/2013:12:04:55 +0200] "GET /test.html HTTP/1.1" 200 56 "-" "monit/4.6"
195.56.55.225 - - [06/Jul/2013:12:06:57 +0200] "GET /test.html HTTP/1.1" 200 56 "-" "monit/4.6"
195.56.55.225 - - [06/Jul/2013:12:08:59 +0200] "GET /test.html HTTP/1.1" 200 56 "-" "monit/4.6"
157.56.93.52 - - [06/Jul/2013:12:10:31 +0200] "GET / HTTP/1.1" 200 1155 "-" "Mozilla/5.0 (compatible; bingbot/2.0; +http://www.bing.com/bingbot.htm)"
195.56.55.225 - - [06/Jul/2013:12:11:01 +0200] "GET /test.html HTTP/1.1" 200 56 "-" "monit/4.6"
157.55.32.113 - - [06/Jul/2013:12:11:18 +0200] "GET /robots.txt HTTP/1.1" 404 299 "-" "Mozilla/5.0 (compatible; bingbot/2.0; +http://www.bing.com/bingbot.htm)"
95.168.57.166 - - [06/Jul/2013:12:12:51 +0200] "-" 408 - "-" "-"
195.56.55.225 - - [06/Jul/2013:12:13:03 +0200] "GET /test.html HTTP/1.1" 200 56 "-" "monit/4.6"
157.55.32.113 - - [06/Jul/2013:12:13:22 +0200] "GET /taxonomy/term/143 HTTP/1.1" 404 306 "-" "Mozilla/5.0 (compatible; bingbot/2.0; +http://www.bing.com/bingbot.htm)"
212.7.196.79 - - [06/Jul/2013:12:13:30 +0200] "GET / HTTP/1.1" 200 1155 "-" "Mozilla/5.0 (Windows; U; Windows NT 6.1; WOW64; en-US; rv:2.0.4) Gecko/20120718 AskTbAVR-IDW/3.12.5.17700 Firefox/14.0.1"
195.56.55.225 - - [06/Jul/2013:12:15:08 +0200] "GET /test.html HTTP/1.1" 200 56 "-" "monit/4.6"
91.232.96.36 - - [06/Jul/2013:12:16:09 +0200] "GET /forum_attac.php3?id_article=983&retour=cikk.php3%3Fid_article%3D983 HTTP/1.1" 404 292 "-" "Mozilla/4.0 (compatible; MSIE 6.0; Windows NT 5.1; SV1)"
195.56.55.225 - - [06/Jul/2013:12:17:11 +0200] "GET /test.html HTTP/1.1" 200 56 "-" "monit/4.6"
89.248.174.60 - - [06/Jul/2013:12:18:59 +0200] "GET /forum_attac.php3?id_article=983&retour=cikk.php3%3Fid_article%3D983 HTTP/1.1" 404 292 "-" "Mozilla/4.0 (compatible; MSIE 6.0; Windows NT 5.1; SV1)"
195.56.55.225 - - [06/Jul/2013:12:19:16 +0200] "GET /test.html HTTP/1.1" 200 56 "-" "monit/4.6"
195.56.55.225 - - [06/Jul/2013:12:21:26 +0200] "GET /test.html HTTP/1.1" 200 56 "-" "monit/4.6"
195.56.55.225 - - [06/Jul/2013:12:23:28 +0200] "GET /test.html HTTP/1.1" 200 56 "-" "monit/4.6"
195.56.55.225 - - [06/Jul/2013:12:25:30 +0200] "GET /test.html HTTP/1.1" 200 56 "-" "monit/4.6"
195.56.55.225 - - [06/Jul/2013:12:27:33 +0200] "GET /test.html HTTP/1.1" 200 56 "-" "monit/4.6"
195.56.55.225 - - [06/Jul/2013:12:29:35 +0200] "GET /test.html HTTP/1.1" 200 56 "-" "monit/4.6"
195.3.146.94 - - [06/Jul/2013:12:29:40 +0200] "HEAD /?q=admin&destination=admin HTTP/1.0" 400 0 "-" "-"
195.56.55.225 - - [06/Jul/2013:12:31:40 +0200] "GET /test.html HTTP/1.1" 200 56 "-" "monit/4.6"
66.249.78.207 - - [06/Jul/2013:12:32:08 +0200] "GET /robots.txt HTTP/1.1" 404 290 "-" "Mozilla/5.0 (compatible; Googlebot/2.1; +http://www.google.com/bot.html)"
66.249.78.207 - - [06/Jul/2013:12:32:08 +0200] "GET /tevekenysegunk/biojosagok/okovasar HTTP/1.1" 404 314 "-" "Mozilla/5.0 (compatible; Googlebot/2.1; +http://www.google.com/bot.html)"
66.249.78.21 - - [06/Jul/2013:12:32:48 +0200] "GET /robots.txt HTTP/1.1" 404 296 "-" "Mozilla/5.0 (compatible; Googlebot/2.1; +http://www.google.com/bot.html)"
66.249.78.21 - - [06/Jul/2013:12:32:48 +0200] "GET / HTTP/1.1" 200 1155 "-" "Mozilla/5.0 (compatible; Googlebot/2.1; +http://www.google.com/bot.html)"
37.191.9.111 - - [06/Jul/2013:12:33:20 +0200] "GET /proxy.pac HTTP/1.1" 404 286 "-" "Mozilla/5.0 (compatible; MSIE 10.0; Win32; Trident/6.0)"
195.56.55.225 - - [06/Jul/2013:12:33:42 +0200] "GET /test.html HTTP/1.1" 200 56 "-" "monit/4.6"
195.56.55.225 - - [06/Jul/2013:12:35:44 +0200] "GET /test.html HTTP/1.1" 200 56 "-" "monit/4.6"
195.56.55.225 - - [06/Jul/2013:12:37:46 +0200] "GET /test.html HTTP/1.1" 200 56 "-" "monit/4.6"
67.212.85.10 - - [06/Jul/2013:12:38:11 +0200] "GET / HTTP/1.0" 200 1155 "http://forum.lmv.hu/" "Mozilla/4.0 (compatible; MSIE 8.0; Windows NT 5.1; Trident/4.0; MRA 6.0 (build 5993); MRA 8.0 (build 5784); InfoPath.2)"
91.232.96.36 - - [06/Jul/2013:12:39:01 +0200] "GET /forum_attac.php3?id_article=983&retour=cikk.php3%3Fid_article%3D983 HTTP/1.1" 404 292 "-" "Mozilla/4.0 (compatible; MSIE 6.0; Windows NT 5.1; SV1)"
123.129.214.155 - - [06/Jul/2013:12:40:32 +0200] "POST /forum_attac.php3?id_article=710&retour=cikk HTTP/1.0" 404 280 "http://attac.zpok.hu/forum_attac.php3?id_article=710&retour=cikk" "Mozilla/4.0 (compatible; MSIE 6.0; Windows NT 5.1; SV1)"
195.56.55.225 - - [06/Jul/2013:12:41:18 +0200] "GET /test.html HTTP/1.1" 200 56 "-" "monit/4.6"
89.248.174.60 - - [06/Jul/2013:12:41:39 +0200] "GET /forum_attac.php3?id_article=983&retour=cikk.php3%3Fid_article%3D983 HTTP/1.1" 404 292 "-" "Mozilla/4.0 (compatible; MSIE 6.0; Windows NT 5.1; SV1)"
180.96.64.181 - - [06/Jul/2013:12:42:14 +0200] "POST /forum_attac.php3?id_article=710&retour=cikk HTTP/1.0" 404 280 "http://attac.zpok.hu/forum_attac.php3?id_article=710&retour=cikk" "Mozilla/4.0 (compatible; MSIE 6.0; Windows NT 5.1; SV1)"
77.120.199.195 - - [06/Jul/2013:12:42:52 +0200] "GET /cikk.php3?id_article=94 HTTP/1.0" 404 273 "http://attac.zpok.hu/cikk.php3?id_article=94" "Mozilla/4.0 (compatible; MSIE 6.0; Windows NT 5.0; .NET CLR 1.0.3705; .NET CLR 1.1.4322)"
77.120.199.195 - - [06/Jul/2013:12:42:52 +0200] "GET / HTTP/1.0" 200 1155 "http://attac.zpok.hu/" "Mozilla/4.0 (compatible; MSIE 6.0; Windows NT 5.0; .NET CLR 1.0.3705; .NET CLR 1.1.4322)"
195.56.55.225 - - [06/Jul/2013:12:43:20 +0200] "GET /test.html HTTP/1.1" 200 56 "-" "monit/4.6"
37.191.9.111 - - [06/Jul/2013:12:43:33 +0200] "GET /proxy.pac HTTP/1.1" 404 286 "-" "-"
37.191.9.111 - - [06/Jul/2013:12:43:33 +0200] "GET /proxy.pac HTTP/1.1" 404 286 "-" "-"
37.191.9.111 - - [06/Jul/2013:12:43:34 +0200] "GET /proxy.pac HTTP/1.1" 404 286 "-" "-"
37.191.9.111 - - [06/Jul/2013:12:43:34 +0200] "GET /proxy.pac HTTP/1.1" 404 286 "-" "-"
37.191.9.111 - - [06/Jul/2013:12:43:34 +0200] "GET /proxy.pac HTTP/1.1" 404 286 "-" "-"
37.191.9.111 - - [06/Jul/2013:12:43:34 +0200] "GET /proxy.pac HTTP/1.1" 404 286 "-" "-"
37.191.9.111 - - [06/Jul/2013:12:43:34 +0200] "GET /proxy.pac HTTP/1.1" 404 286 "-" "-"
37.191.9.111 - - [06/Jul/2013:12:43:34 +0200] "GET /proxy.pac HTTP/1.1" 404 286 "-" "-"
195.56.55.225 - - [06/Jul/2013:12:45:22 +0200] "GET /test.html HTTP/1.1" 200 56 "-" "monit/4.6"
195.56.55.225 - - [06/Jul/2013:12:47:29 +0200] "GET /test.html HTTP/1.1" 200 56 "-" "monit/4.6"
195.56.55.225 - - [06/Jul/2013:12:49:32 +0200] "GET /test.html HTTP/1.1" 200 56 "-" "monit/4.6"
65.55.52.114 - - [06/Jul/2013:12:49:35 +0200] "GET /robots.txt HTTP/1.1" 404 290 "-" "Mozilla/5.0 (compatible; bingbot/2.0; +http://www.bing.com/bingbot.htm)"
157.56.93.52 - - [06/Jul/2013:12:50:07 +0200] "GET /kompasz/az_EJK_fogalma HTTP/1.1" 404 311 "-" "Mozilla/5.0 (compatible; bingbot/2.0; +http://www.bing.com/bingbot.htm)"
78.139.43.20 - - [06/Jul/2013:12:50:51 +0200] "-" 408 - "-" "-"
195.56.55.225 - - [06/Jul/2013:12:51:34 +0200] "GET /test.html HTTP/1.1" 200 56 "-" "monit/4.6"
201.238.239.51 - - [06/Jul/2013:12:51:41 +0200] "GET /manager/html HTTP/1.1" 404 288 "-" "Mozilla/5.0 (Windows NT 5.1; rv:5.0) Gecko/20100101 Firefox/5.0"
201.238.239.51 - - [06/Jul/2013:12:51:41 +0200] "GET /manager/html HTTP/1.1" 404 288 "-" "Mozilla/5.0 (Windows NT 5.1; rv:5.0) Gecko/20100101 Firefox/5.0"
65.55.52.114 - - [06/Jul/2013:12:52:00 +0200] "GET / HTTP/1.1" 200 1155 "-" "Mozilla/5.0 (compatible; bingbot/2.0; +http://www.bing.com/bingbot.htm)"
195.56.55.225 - - [06/Jul/2013:12:53:36 +0200] "GET /test.html HTTP/1.1" 200 56 "-" "monit/4.6"
195.56.55.225 - - [06/Jul/2013:12:55:38 +0200] "GET /test.html HTTP/1.1" 200 56 "-" "monit/4.6"
195.56.55.225 - - [06/Jul/2013:12:57:40 +0200] "GET /test.html HTTP/1.1" 200 56 "-" "monit/4.6"
37.191.9.111 - - [06/Jul/2013:12:58:11 +0200] "GET /proxy.pac HTTP/1.1" 404 286 "-" "Mozilla/5.0 (compatible; MSIE 10.0; Win32; Trident/6.0)"
195.56.55.225 - - [06/Jul/2013:12:59:42 +0200] "GET /test.html HTTP/1.1" 200 56 "-" "monit/4.6"
157.55.32.113 - - [06/Jul/2013:13:01:15 +0200] "GET /kompasz/az_EJK_eredmenyei HTTP/1.1" 404 314 "-" "Mozilla/5.0 (compatible; bingbot/2.0; +http://www.bing.com/bingbot.htm)"
195.56.55.225 - - [06/Jul/2013:13:01:44 +0200] "GET /test.html HTTP/1.1" 200 56 "-" "monit/4.6"
91.232.96.36 - - [06/Jul/2013:13:02:10 +0200] "GET /forum_attac.php3?id_article=983&retour=cikk.php3%3Fid_article%3D983 HTTP/1.1" 404 292 "-" "Mozilla/4.0 (compatible; MSIE 6.0; Windows NT 5.1; SV1)"
195.56.55.225 - - [06/Jul/2013:13:03:46 +0200] "GET /test.html HTTP/1.1" 200 56 "-" "monit/4.6"
89.248.174.60 - - [06/Jul/2013:13:04:51 +0200] "GET /forum_attac.php3?id_article=983&retour=cikk.php3%3Fid_article%3D983 HTTP/1.1" 404 292 "-" "Mozilla/4.0 (compatible; MSIE 6.0; Windows NT 5.1; SV1)"
195.56.55.225 - - [06/Jul/2013:13:05:48 +0200] "GET /test.html HTTP/1.1" 200 56 "-" "monit/4.6"
195.56.55.225 - - [06/Jul/2013:13:07:50 +0200] "GET /test.html HTTP/1.1" 200 56 "-" "monit/4.6"
195.56.55.225 - - [06/Jul/2013:13:09:52 +0200] "GET /test.html HTTP/1.1" 200 56 "-" "monit/4.6"
195.56.55.225 - - [06/Jul/2013:13:11:54 +0200] "GET /test.html HTTP/1.1" 200 56 "-" "monit/4.6"
195.56.55.225 - - [06/Jul/2013:13:13:56 +0200] "GET /test.html HTTP/1.1" 200 56 "-" "monit/4.6"
195.56.55.225 - - [06/Jul/2013:13:15:58 +0200] "GET /test.html HTTP/1.1" 200 56 "-" "monit/4.6"
136.186.231.16 - - [06/Jul/2013:13:16:54 +0200] "GET / HTTP/1.1" 200 1155 "-" "-"
195.56.55.225 - - [06/Jul/2013:13:18:00 +0200] "GET /test.html HTTP/1.1" 200 56 "-" "monit/4.6"
209.85.238.52 - - [06/Jul/2013:13:19:50 +0200] "GET / HTTP/1.1" 200 1155 "-" "Feedfetcher-Google; (+http://www.google.com/feedfetcher.html; 1 subscribers; feed-id=849169264004692768)"
195.56.55.225 - - [06/Jul/2013:13:20:02 +0200] "GET /test.html HTTP/1.1" 200 56 "-" "monit/4.6"
220.181.127.18 - - [06/Jul/2013:13:20:56 +0200] "GET /brandnewsite/index.shtml HTTP/1.1" 404 300 "http://www.emla.hu/" "Mozilla/4.0 (compatible; MSIE 8.0; Windows NT 6.1; Trident/4.0; SLCC2; .NET CLR 2.0.50727; .NET CLR 3.5.30729; .NET CLR 3.0.30729; Media Center PC 6.0; Tablet PC 2.0)"
195.56.55.225 - - [06/Jul/2013:13:22:06 +0200] "GET /test.html HTTP/1.1" 200 56 "-" "monit/4.6"
77.88.42.27 - - [06/Jul/2013:13:22:38 +0200] "GET /robots.txt HTTP/1.1" 404 291 "-" "Mozilla/5.0 (compatible; YandexBot/3.0; +http://yandex.com/bots)"
195.56.55.225 - - [06/Jul/2013:13:24:08 +0200] "GET /test.html HTTP/1.1" 200 56 "-" "monit/4.6"
91.232.96.36 - - [06/Jul/2013:13:24:57 +0200] "GET /forum_attac.php3?id_article=983&retour=cikk.php3%3Fid_article%3D983 HTTP/1.1" 404 292 "-" "Mozilla/4.0 (compatible; MSIE 6.0; Windows NT 5.1; SV1)"
157.55.32.113 - - [06/Jul/2013:13:25:42 +0200] "GET /taxonomy/term/81 HTTP/1.1" 404 305 "-" "Mozilla/5.0 (compatible; bingbot/2.0; +http://www.bing.com/bingbot.htm)"
157.55.32.113 - - [06/Jul/2013:13:25:42 +0200] "GET /node/261 HTTP/1.1" 404 297 "-" "Mozilla/5.0 (compatible; bingbot/2.0; +http://www.bing.com/bingbot.htm)"
195.56.55.225 - - [06/Jul/2013:13:26:14 +0200] "GET /test.html HTTP/1.1" 200 56 "-" "monit/4.6"
217.195.202.14 - - [06/Jul/2013:13:26:35 +0200] "GET /info.php?a=%3Ca+href=http://www.picowiki.com/warrenmovy/index.php/Before Learning How To Start A Sports Blog, You Should First Be Sure That You Understand Your Own Reasons For Sports Blogging! HTTP/1.1" 400 365 "-" "-"
89.248.174.60 - - [06/Jul/2013:13:28:02 +0200] "GET /forum_attac.php3?id_article=983&retour=cikk.php3%3Fid_article%3D983 HTTP/1.1" 404 292 "-" "Mozilla/4.0 (compatible; MSIE 6.0; Windows NT 5.1; SV1)"
195.56.55.225 - - [06/Jul/2013:13:29:31 +0200] "GET /test.html HTTP/1.1" 200 56 "-" "monit/4.6"
195.56.55.225 - - [06/Jul/2013:13:31:33 +0200] "GET /test.html HTTP/1.1" 200 56 "-" "monit/4.6"
66.249.78.77 - - [06/Jul/2013:13:32:57 +0200] "GET /robots.txt HTTP/1.1" 404 292 "-" "Mozilla/5.0 (compatible; Googlebot/2.1; +http://www.google.com/bot.html)"
66.249.78.77 - - [06/Jul/2013:13:32:57 +0200] "GET / HTTP/1.1" 200 1155 "-" "Mozilla/5.0 (compatible; Googlebot/2.1; +http://www.google.com/bot.html)"
66.249.78.238 - - [06/Jul/2013:13:33:07 +0200] "GET /robots.txt HTTP/1.1" 404 299 "-" "Mozilla/5.0 (compatible; Googlebot/2.1; +http://www.google.com/bot.html)"
66.249.78.238 - - [06/Jul/2013:13:33:07 +0200] "GET / HTTP/1.1" 200 1155 "-" "Mozilla/5.0 (compatible; Googlebot/2.1; +http://www.google.com/bot.html)"
195.56.55.225 - - [06/Jul/2013:13:33:35 +0200] "GET /test.html HTTP/1.1" 200 56 "-" "monit/4.6"
157.56.93.62 - - [06/Jul/2013:13:34:31 +0200] "GET /robots.txt HTTP/1.1" 404 287 "-" "Mozilla/5.0 (compatible; bingbot/2.0; +http://www.bing.com/bingbot.htm)"
123.30.75.245 - - [06/Jul/2013:13:34:44 +0200] "POST /forum_attac.php3?id_article=710&retour=cikk HTTP/1.1" 404 292 "http://attac.zpok.hu/forum_attac.php3?id_article=710&retour=cikk" "Mozilla/4.0 (compatible; MSIE 6.0; Windows NT 5.1; SV1)"
119.226.253.14 - - [06/Jul/2013:13:34:46 +0200] "POST /forum_attac.php3?id_article=710&retour=cikk HTTP/1.1" 404 292 "http://attac.zpok.hu/forum_attac.php3?id_article=710&retour=cikk" "Mozilla/4.0 (compatible; MSIE 6.0; Windows NT 5.1; SV1)"
195.56.55.225 - - [06/Jul/2013:13:35:37 +0200] "GET /test.html HTTP/1.1" 200 56 "-" "monit/4.6"
195.56.55.225 - - [06/Jul/2013:13:37:40 +0200] "GET /test.html HTTP/1.1" 200 56 "-" "monit/4.6"
195.56.55.225 - - [06/Jul/2013:13:39:44 +0200] "GET /test.html HTTP/1.1" 200 56 "-" "monit/4.6"
157.56.93.62 - - [06/Jul/2013:13:40:37 +0200] "GET / HTTP/1.1" 200 1155 "-" "Mozilla/5.0 (compatible; bingbot/2.0; +http://www.bing.com/bingbot.htm)"
195.56.55.225 - - [06/Jul/2013:13:41:46 +0200] "GET /test.html HTTP/1.1" 200 56 "-" "monit/4.6"
195.56.55.225 - - [06/Jul/2013:13:43:48 +0200] "GET /test.html HTTP/1.1" 200 56 "-" "monit/4.6"
176.241.38.77 - - [06/Jul/2013:13:44:29 +0200] "-" 408 - "-" "-"
195.56.55.225 - - [06/Jul/2013:13:45:50 +0200] "GET /test.html HTTP/1.1" 200 56 "-" "monit/4.6"
157.56.93.52 - - [06/Jul/2013:13:46:59 +0200] "GET /kompasz/az_EJK_fogalma HTTP/1.1" 404 311 "-" "Mozilla/5.0 (compatible; bingbot/2.0; +http://www.bing.com/bingbot.htm)"
157.56.93.52 - - [06/Jul/2013:13:46:59 +0200] "GET /node?page=2 HTTP/1.1" 404 293 "-" "Mozilla/5.0 (compatible; bingbot/2.0; +http://www.bing.com/bingbot.htm)"
195.56.55.225 - - [06/Jul/2013:13:47:52 +0200] "GET /test.html HTTP/1.1" 200 56 "-" "monit/4.6"
91.232.96.36 - - [06/Jul/2013:13:48:03 +0200] "GET /forum_attac.php3?id_article=983&retour=cikk.php3%3Fid_article%3D983 HTTP/1.1" 404 292 "-" "Mozilla/4.0 (compatible; MSIE 6.0; Windows NT 5.1; SV1)"
54.225.44.23 - - [06/Jul/2013:13:48:42 +0200] "GET /blog/2/feed HTTP/1.1" 404 290 "-" "Mozilla/5.0 (compatible; FlipboardRSS/1.1; +http://flipboard.com/browserproxy)"
195.56.55.225 - - [06/Jul/2013:13:49:54 +0200] "GET /test.html HTTP/1.1" 200 56 "-" "monit/4.6"
89.248.174.60 - - [06/Jul/2013:13:50:54 +0200] "GET /forum_attac.php3?id_article=983&retour=cikk.php3%3Fid_article%3D983 HTTP/1.1" 404 292 "-" "Mozilla/4.0 (compatible; MSIE 6.0; Windows NT 5.1; SV1)"
195.56.55.225 - - [06/Jul/2013:13:51:56 +0200] "GET /test.html HTTP/1.1" 200 56 "-" "monit/4.6"
195.56.55.225 - - [06/Jul/2013:13:54:24 +0200] "GET /test.html HTTP/1.1" 200 56 "-" "monit/4.6"
198.2.203.18 - - [06/Jul/2013:13:54:57 +0200] "GET / HTTP/1.0" 200 1155 "http://forum.lmv.hu/" "Opera/9.80 (Windows NT 6.1; WOW64; MRA 8.0 (build 5784)) Presto/2.12.388 Version/12.10"
195.56.55.225 - - [06/Jul/2013:13:56:27 +0200] "GET /test.html HTTP/1.1" 200 56 "-" "monit/4.6"
77.120.199.195 - - [06/Jul/2013:13:57:50 +0200] "GET /cikk.php3?id_article=94 HTTP/1.0" 404 273 "http://attac.zpok.hu/cikk.php3?id_article=94" "Mozilla/6.0 (compatible; MSIE 7.0a1; Windows NT 5.2; SV1)"
77.120.199.195 - - [06/Jul/2013:13:58:01 +0200] "GET / HTTP/1.0" 200 1155 "http://attac.zpok.hu/" "Mozilla/6.0 (compatible; MSIE 7.0a1; Windows NT 5.2; SV1)"
195.56.55.225 - - [06/Jul/2013:13:58:51 +0200] "GET /test.html HTTP/1.1" 200 56 "-" "monit/4.6"
195.56.55.225 - - [06/Jul/2013:14:00:53 +0200] "GET /test.html HTTP/1.1" 200 56 "-" "monit/4.6"
195.56.55.225 - - [06/Jul/2013:14:02:55 +0200] "GET /test.html HTTP/1.1" 200 56 "-" "monit/4.6"
195.56.55.225 - - [06/Jul/2013:14:04:58 +0200] "GET /test.html HTTP/1.1" 200 56 "-" "monit/4.6"
195.56.55.225 - - [06/Jul/2013:14:07:00 +0200] "GET /test.html HTTP/1.1" 200 56 "-" "monit/4.6"
95.168.57.166 - - [06/Jul/2013:14:07:45 +0200] "-" 408 - "-" "-"
95.168.57.166 - - [06/Jul/2013:14:07:45 +0200] "-" 408 - "-" "-"
95.168.57.166 - - [06/Jul/2013:14:07:45 +0200] "-" 408 - "-" "-"
95.168.57.166 - - [06/Jul/2013:14:07:45 +0200] "-" 408 - "-" "-"
195.56.55.225 - - [06/Jul/2013:14:09:02 +0200] "GET /test.html HTTP/1.1" 200 56 "-" "monit/4.6"
91.232.96.36 - - [06/Jul/2013:14:11:00 +0200] "GET /forum_attac.php3?id_article=983&retour=cikk.php3%3Fid_article%3D983 HTTP/1.1" 404 292 "-" "Mozilla/4.0 (compatible; MSIE 6.0; Windows NT 5.1; SV1)"
195.56.55.225 - - [06/Jul/2013:14:11:05 +0200] "GET /test.html HTTP/1.1" 200 56 "-" "monit/4.6"
95.168.57.166 - - [06/Jul/2013:14:11:52 +0200] "-" 408 - "-" "-"
64.31.40.117 - - [06/Jul/2013:14:12:17 +0200] "GET http://121.199.48.71/engine.php HTTP/1.0" 404 274 "http://121.199.48.71/engine.php" "Mozilla/4.0 (compatible; MSIE 6.0; Windows 98; Win 9x 4.90)"
195.56.55.225 - - [06/Jul/2013:14:13:08 +0200] "GET /test.html HTTP/1.1" 200 56 "-" "monit/4.6"
89.248.174.60 - - [06/Jul/2013:14:14:50 +0200] "GET /forum_attac.php3?id_article=983&retour=cikk.php3%3Fid_article%3D983 HTTP/1.1" 404 292 "-" "Mozilla/4.0 (compatible; MSIE 6.0; Windows NT 5.1; SV1)"
195.56.55.225 - - [06/Jul/2013:14:15:10 +0200] "GET /test.html HTTP/1.1" 200 56 "-" "monit/4.6"
195.56.55.225 - - [06/Jul/2013:14:17:12 +0200] "GET /test.html HTTP/1.1" 200 56 "-" "monit/4.6"
157.56.229.211 - - [06/Jul/2013:14:17:55 +0200] "GET /robots.txt HTTP/1.1" 404 286 "-" "Mozilla/5.0 (compatible; bingbot/2.0; +http://www.bing.com/bingbot.htm)"
130.83.167.153 - - [06/Jul/2013:14:18:05 +0200] "GET / HTTP/1.1" 200 1155 "-" "findlinks/2.6 (+http://wortschatz.uni-leipzig.de/findlinks/)"
157.56.229.211 - - [06/Jul/2013:14:18:41 +0200] "GET /nyomtat.php3?id_article=680 HTTP/1.1" 404 288 "-" "Mozilla/5.0 (compatible; bingbot/2.0; +http://www.bing.com/bingbot.htm)"
195.56.55.225 - - [06/Jul/2013:14:19:15 +0200] "GET /test.html HTTP/1.1" 200 56 "-" "monit/4.6"
117.27.67.79 - - [06/Jul/2013:14:19:28 +0200] "-" 408 - "-" "-"
195.56.55.225 - - [06/Jul/2013:14:21:17 +0200] "GET /test.html HTTP/1.1" 200 56 "-" "monit/4.6"
195.56.55.225 - - [06/Jul/2013:14:23:19 +0200] "GET /test.html HTTP/1.1" 200 56 "-" "monit/4.6"
195.56.55.225 - - [06/Jul/2013:14:25:21 +0200] "GET /test.html HTTP/1.1" 200 56 "-" "monit/4.6"
46.229.164.101 - - [06/Jul/2013:14:25:36 +0200] "GET / HTTP/1.1" 200 1155 "-" "Mozilla/5.0 (compatible; SemrushBot/0.96.3; +http://www.semrush.com/bot.html)"
89.223.210.80 - - [06/Jul/2013:14:26:52 +0200] "-" 408 - "-" "-"
195.56.55.225 - - [06/Jul/2013:14:27:23 +0200] "GET /test.html HTTP/1.1" 200 56 "-" "monit/4.6"
195.56.55.225 - - [06/Jul/2013:14:29:25 +0200] "GET /test.html HTTP/1.1" 200 56 "-" "monit/4.6"
46.229.164.100 - - [06/Jul/2013:14:31:08 +0200] "GET / HTTP/1.1" 200 1155 "-" "Mozilla/5.0 (compatible; SemrushBot/0.96.3; +http://www.semrush.com/bot.html)"
195.56.55.225 - - [06/Jul/2013:14:31:27 +0200] "GET /test.html HTTP/1.1" 200 56 "-" "monit/4.6"
65.55.52.114 - - [06/Jul/2013:14:32:52 +0200] "GET /robots.txt HTTP/1.1" 404 300 "-" "Mozilla/5.0 (compatible; bingbot/2.0; +http://www.bing.com/bingbot.htm)"
46.229.164.100 - - [06/Jul/2013:14:33:27 +0200] "GET / HTTP/1.1" 200 1155 "-" "Mozilla/5.0 (compatible; SemrushBot/0.96.3; +http://www.semrush.com/bot.html)"
195.56.55.225 - - [06/Jul/2013:14:33:29 +0200] "GET /test.html HTTP/1.1" 200 56 "-" "monit/4.6"
91.232.96.36 - - [06/Jul/2013:14:34:18 +0200] "GET /forum_attac.php3?id_article=983&retour=cikk.php3%3Fid_article%3D983 HTTP/1.1" 404 292 "-" "Mozilla/4.0 (compatible; MSIE 6.0; Windows NT 5.1; SV1)"
195.56.55.225 - - [06/Jul/2013:14:35:31 +0200] "GET /test.html HTTP/1.1" 200 56 "-" "monit/4.6"
46.229.164.101 - - [06/Jul/2013:14:36:03 +0200] "GET /cikk.php3?id_article=704 HTTP/1.1" 404 285 "-" "Mozilla/5.0 (compatible; SemrushBot/0.96.3; +http://www.semrush.com/bot.html)"
195.56.55.225 - - [06/Jul/2013:14:37:33 +0200] "GET /test.html HTTP/1.1" 200 56 "-" "monit/4.6"
89.248.174.60 - - [06/Jul/2013:14:37:48 +0200] "GET /forum_attac.php3?id_article=983&retour=cikk.php3%3Fid_article%3D983 HTTP/1.1" 404 292 "-" "Mozilla/4.0 (compatible; MSIE 6.0; Windows NT 5.1; SV1)"
195.56.55.225 - - [06/Jul/2013:14:39:35 +0200] "GET /test.html HTTP/1.1" 200 56 "-" "monit/4.6"
149.254.58.33 - - [06/Jul/2013:14:39:38 +0200] "-" 408 - "-" "-"
149.254.58.33 - - [06/Jul/2013:14:39:38 +0200] "-" 408 - "-" "-"
46.229.164.100 - - [06/Jul/2013:14:40:48 +0200] "GET / HTTP/1.1" 200 1155 "-" "Mozilla/5.0 (compatible; SemrushBot/0.96.3; +http://www.semrush.com/bot.html)"
157.56.93.52 - - [06/Jul/2013:14:40:53 +0200] "GET /robots.txt HTTP/1.1" 404 299 "-" "Mozilla/5.0 (compatible; bingbot/2.0; +http://www.bing.com/bingbot.htm)"
195.56.55.225 - - [06/Jul/2013:14:41:37 +0200] "GET /test.html HTTP/1.1" 200 56 "-" "monit/4.6"
46.229.164.102 - - [06/Jul/2013:14:43:18 +0200] "GET /tevekenysegunk/zolduljunk/okologiai_fogyasztovedelem HTTP/1.1" 404 332 "-" "Mozilla/5.0 (compatible; SemrushBot/0.96.3; +http://www.semrush.com/bot.html)"
195.56.55.225 - - [06/Jul/2013:14:43:39 +0200] "GET /test.html HTTP/1.1" 200 56 "-" "monit/4.6"
157.56.93.52 - - [06/Jul/2013:14:43:42 +0200] "GET /kompasz/az_EJK_fogalma HTTP/1.1" 404 311 "-" "Mozilla/5.0 (compatible; bingbot/2.0; +http://www.bing.com/bingbot.htm)"
195.56.55.225 - - [06/Jul/2013:14:45:41 +0200] "GET /test.html HTTP/1.1" 200 56 "-" "monit/4.6"
65.55.52.114 - - [06/Jul/2013:14:46:24 +0200] "GET /documents/english/solidaritymessage.htm HTTP/1.1" 404 329 "-" "Mozilla/5.0 (compatible; bingbot/2.0; +http://www.bing.com/bingbot.htm)"
195.56.55.225 - - [06/Jul/2013:14:47:43 +0200] "GET /test.html HTTP/1.1" 200 56 "-" "monit/4.6"
212.7.196.79 - - [06/Jul/2013:14:48:41 +0200] "GET / HTTP/1.1" 200 1155 "-" "Mozilla/5.0 (Windows; U; Windows NT 6.1; WOW64; en-US; rv:2.0.4) Gecko/20120718 AskTbAVR-IDW/3.12.5.17700 Firefox/14.0.1"
195.56.55.225 - - [06/Jul/2013:14:49:45 +0200] "GET /test.html HTTP/1.1" 200 56 "-" "monit/4.6"
46.229.164.102 - - [06/Jul/2013:14:49:58 +0200] "GET /node/268 HTTP/1.1" 404 288 "-" "Mozilla/5.0 (compatible; SemrushBot/0.96.3; +http://www.semrush.com/bot.html)"
46.229.164.102 - - [06/Jul/2013:14:51:14 +0200] "GET /cikk.php3?id_article=257 HTTP/1.1" 404 285 "-" "Mozilla/5.0 (compatible; SemrushBot/0.96.3; +http://www.semrush.com/bot.html)"
195.56.55.225 - - [06/Jul/2013:14:51:47 +0200] "GET /test.html HTTP/1.1" 200 56 "-" "monit/4.6"
195.56.55.225 - - [06/Jul/2013:14:53:49 +0200] "GET /test.html HTTP/1.1" 200 56 "-" "monit/4.6"
195.56.55.225 - - [06/Jul/2013:14:55:52 +0200] "GET /test.html HTTP/1.1" 200 56 "-" "monit/4.6"
91.232.96.36 - - [06/Jul/2013:14:57:06 +0200] "GET /forum_attac.php3?id_article=983&retour=cikk.php3%3Fid_article%3D983 HTTP/1.1" 404 292 "-" "Mozilla/4.0 (compatible; MSIE 6.0; Windows NT 5.1; SV1)"
195.56.55.225 - - [06/Jul/2013:14:57:54 +0200] "GET /test.html HTTP/1.1" 200 56 "-" "monit/4.6"
195.56.55.225 - - [06/Jul/2013:14:59:56 +0200] "GET /test.html HTTP/1.1" 200 56 "-" "monit/4.6"
66.249.78.172 - - [06/Jul/2013:15:00:14 +0200] "GET /robots.txt HTTP/1.1" 404 299 "-" "Mozilla/5.0 (compatible; Googlebot/2.1; +http://www.google.com/bot.html)"
66.249.74.180 - - [06/Jul/2013:15:00:14 +0200] "GET / HTTP/1.1" 200 1155 "-" "SAMSUNG-SGH-E250/1.0 Profile/MIDP-2.0 Configuration/CLDC-1.1 UP.Browser/6.2.3.3.c.1.101 (GUI) MMP/2.0 (compatible; Googlebot-Mobile/2.1; +http://www.google.com/bot.html)"
89.248.174.60 - - [06/Jul/2013:15:00:45 +0200] "GET /forum_attac.php3?id_article=983&retour=cikk.php3%3Fid_article%3D983 HTTP/1.1" 404 292 "-" "Mozilla/4.0 (compatible; MSIE 6.0; Windows NT 5.1; SV1)"
195.56.55.225 - - [06/Jul/2013:15:01:58 +0200] "GET /test.html HTTP/1.1" 200 56 "-" "monit/4.6"
195.56.55.225 - - [06/Jul/2013:15:04:00 +0200] "GET /test.html HTTP/1.1" 200 56 "-" "monit/4.6"
180.76.5.144 - - [06/Jul/2013:15:04:07 +0200] "GET / HTTP/1.1" 200 1155 "-" "Mozilla/5.0 (compatible; Baiduspider/2.0; +http://www.baidu.com/search/spider.html)"
46.229.164.100 - - [06/Jul/2013:15:05:23 +0200] "GET / HTTP/1.1" 200 1155 "-" "Mozilla/5.0 (compatible; SemrushBot/0.96.3; +http://www.semrush.com/bot.html)"
195.56.55.225 - - [06/Jul/2013:15:06:02 +0200] "GET /test.html HTTP/1.1" 200 56 "-" "monit/4.6"
46.229.164.98 - - [06/Jul/2013:15:06:39 +0200] "GET /cikk.php3?id_article=503 HTTP/1.1" 404 285 "-" "Mozilla/5.0 (compatible; SemrushBot/0.96.3; +http://www.semrush.com/bot.html)"
195.56.55.225 - - [06/Jul/2013:15:08:04 +0200] "GET /test.html HTTP/1.1" 200 56 "-" "monit/4.6"
46.229.164.102 - - [06/Jul/2013:15:08:22 +0200] "GET /cikk.php3?id_article=488 HTTP/1.1" 404 285 "-" "Mozilla/5.0 (compatible; SemrushBot/0.96.3; +http://www.semrush.com/bot.html)"
195.56.55.225 - - [06/Jul/2013:15:10:06 +0200] "GET /test.html HTTP/1.1" 200 56 "-" "monit/4.6"
202.46.62.18 - - [06/Jul/2013:15:11:05 +0200] "GET / HTTP/1.1" 200 1155 "-" "Mozilla/4.0 (compatible; MSIE 7.0; Windows NT 6.0)"
46.229.164.102 - - [06/Jul/2013:15:11:47 +0200] "GET /www.bankwatch.org HTTP/1.1" 404 295 "-" "Mozilla/5.0 (compatible; SemrushBot/0.96.3; +http://www.semrush.com/bot.html)"
195.56.55.225 - - [06/Jul/2013:15:12:08 +0200] "GET /test.html HTTP/1.1" 200 56 "-" "monit/4.6"
119.63.193.132 - - [06/Jul/2013:15:12:19 +0200] "GET / HTTP/1.1" 200 1155 "-" "Mozilla/4.0 (compatible; MSIE 7.0; Windows NT 6.0)"
46.229.164.100 - - [06/Jul/2013:15:12:27 +0200] "GET /IMG/arton482.jpg HTTP/1.1" 404 292 "-" "Mozilla/5.0 (compatible; SemrushBot/0.96.3; +http://www.semrush.com/bot.html)"
46.229.164.99 - - [06/Jul/2013:15:13:12 +0200] "GET /cikk.php3?id_article=21 HTTP/1.1" 404 285 "-" "Mozilla/5.0 (compatible; SemrushBot/0.96.3; +http://www.semrush.com/bot.html)"
195.56.55.225 - - [06/Jul/2013:15:14:36 +0200] "GET /test.html HTTP/1.1" 200 56 "-" "monit/4.6"
46.229.164.98 - - [06/Jul/2013:15:15:47 +0200] "GET /cikk.php3?id_article=892 HTTP/1.1" 404 285 "-" "Mozilla/5.0 (compatible; SemrushBot/0.96.3; +http://www.semrush.com/bot.html)"
195.56.55.225 - - [06/Jul/2013:15:16:40 +0200] "GET /test.html HTTP/1.1" 200 56 "-" "monit/4.6"
195.56.55.225 - - [06/Jul/2013:15:19:30 +0200] "GET /test.html HTTP/1.1" 200 56 "-" "monit/4.6"
91.232.96.36 - - [06/Jul/2013:15:19:54 +0200] "GET /forum_attac.php3?id_article=983&retour=cikk.php3%3Fid_article%3D983 HTTP/1.1" 404 292 "-" "Mozilla/4.0 (compatible; MSIE 6.0; Windows NT 5.1; SV1)"
195.56.55.225 - - [06/Jul/2013:15:21:32 +0200] "GET /test.html HTTP/1.1" 200 56 "-" "monit/4.6"
195.56.55.225 - - [06/Jul/2013:15:23:35 +0200] "GET /test.html HTTP/1.1" 200 56 "-" "monit/4.6"
89.248.174.60 - - [06/Jul/2013:15:23:37 +0200] "GET /forum_attac.php3?id_article=983&retour=cikk.php3%3Fid_article%3D983 HTTP/1.1" 404 292 "-" "Mozilla/4.0 (compatible; MSIE 6.0; Windows NT 5.1; SV1)"
212.96.53.88 - - [06/Jul/2013:15:25:33 +0200] "-" 408 - "-" "-"
195.56.55.225 - - [06/Jul/2013:15:25:36 +0200] "GET /test.html HTTP/1.1" 200 56 "-" "monit/4.6"
195.56.55.225 - - [06/Jul/2013:15:27:39 +0200] "GET /test.html HTTP/1.1" 200 56 "-" "monit/4.6"
193.226.248.37 - - [06/Jul/2013:15:28:43 +0200] "-" 408 - "-" "-"
112.123.168.158 - - [06/Jul/2013:15:28:52 +0200] "GET / HTTP/1.0" 200 1155 "http://forum.activparty.hu/" "Opera/9.80 (Windows NT 5.1; U; Edition Yx; ru) Presto/2.10.289 Version/12.02"
195.56.55.225 - - [06/Jul/2013:15:29:41 +0200] "GET /test.html HTTP/1.1" 200 56 "-" "monit/4.6"
195.56.55.225 - - [06/Jul/2013:15:31:43 +0200] "GET /test.html HTTP/1.1" 200 56 "-" "monit/4.6"
195.56.55.225 - - [06/Jul/2013:15:33:45 +0200] "GET /test.html HTTP/1.1" 200 56 "-" "monit/4.6"
195.56.55.225 - - [06/Jul/2013:15:35:47 +0200] "GET /test.html HTTP/1.1" 200 56 "-" "monit/4.6"
195.56.55.225 - - [06/Jul/2013:15:37:49 +0200] "GET /test.html HTTP/1.1" 200 56 "-" "monit/4.6"
195.56.55.225 - - [06/Jul/2013:15:40:17 +0200] "GET /test.html HTTP/1.1" 200 56 "-" "monit/4.6"
222.77.194.92 - - [06/Jul/2013:15:42:13 +0200] "-" 408 - "-" "-"
195.56.55.225 - - [06/Jul/2013:15:42:20 +0200] "GET /test.html HTTP/1.1" 200 56 "-" "monit/4.6"
222.77.194.92 - - [06/Jul/2013:15:42:37 +0200] "-" 408 - "-" "-"
91.232.96.36 - - [06/Jul/2013:15:43:05 +0200] "GET /forum_attac.php3?id_article=983&retour=cikk.php3%3Fid_article%3D983 HTTP/1.1" 404 292 "-" "Mozilla/4.0 (compatible; MSIE 6.0; Windows NT 5.1; SV1)"
77.88.42.27 - - [06/Jul/2013:15:43:57 +0200] "GET / HTTP/1.1" 200 1155 "-" "Mozilla/5.0 (compatible; YandexBot/3.0; +http://yandex.com/bots)"
195.56.55.225 - - [06/Jul/2013:15:44:29 +0200] "GET /test.html HTTP/1.1" 200 56 "-" "monit/4.6"
157.56.93.39 - - [06/Jul/2013:15:46:27 +0200] "GET /robots.txt HTTP/1.1" 404 299 "-" "Mozilla/5.0 (compatible; bingbot/2.0; +http://www.bing.com/bingbot.htm)"
195.56.55.225 - - [06/Jul/2013:15:46:37 +0200] "GET /test.html HTTP/1.1" 200 56 "-" "monit/4.6"
89.248.174.60 - - [06/Jul/2013:15:46:43 +0200] "GET /forum_attac.php3?id_article=983&retour=cikk.php3%3Fid_article%3D983 HTTP/1.1" 404 292 "-" "Mozilla/4.0 (compatible; MSIE 6.0; Windows NT 5.1; SV1)"
195.56.55.225 - - [06/Jul/2013:15:48:39 +0200] "GET /test.html HTTP/1.1" 200 56 "-" "monit/4.6"
195.56.55.225 - - [06/Jul/2013:15:50:41 +0200] "GET /test.html HTTP/1.1" 200 56 "-" "monit/4.6"
195.56.55.225 - - [06/Jul/2013:15:52:43 +0200] "GET /test.html HTTP/1.1" 200 56 "-" "monit/4.6"
195.56.55.225 - - [06/Jul/2013:15:54:45 +0200] "GET /test.html HTTP/1.1" 200 56 "-" "monit/4.6"
84.2.244.102 - - [06/Jul/2013:15:55:09 +0200] "GET /cikkek.php3?id_rubrique=77 HTTP/1.1" 404 287 "-" "Mozilla/5.0 (Windows NT 6.1; WOW64) AppleWebKit/537.36 (KHTML, like Gecko) Chrome/27.0.1453.116 Safari/537.36"
195.56.55.225 - - [06/Jul/2013:15:56:48 +0200] "GET /test.html HTTP/1.1" 200 56 "-" "monit/4.6"
195.56.55.225 - - [06/Jul/2013:15:58:50 +0200] "GET /test.html HTTP/1.1" 200 56 "-" "monit/4.6"
195.56.55.225 - - [06/Jul/2013:16:00:52 +0200] "GET /test.html HTTP/1.1" 200 56 "-" "monit/4.6"
157.55.32.113 - - [06/Jul/2013:16:01:16 +0200] "GET /node/322 HTTP/1.1" 404 297 "-" "Mozilla/5.0 (compatible; bingbot/2.0; +http://www.bing.com/bingbot.htm)"
66.249.78.207 - - [06/Jul/2013:16:01:42 +0200] "GET /hasznos_tudnivalok HTTP/1.1" 404 298 "-" "Mozilla/5.0 (compatible; Googlebot/2.1; +http://www.google.com/bot.html)"
157.56.93.39 - - [06/Jul/2013:16:01:49 +0200] "GET /node/481 HTTP/1.1" 404 297 "-" "Mozilla/5.0 (compatible; bingbot/2.0; +http://www.bing.com/bingbot.htm)"
157.56.93.39 - - [06/Jul/2013:16:01:49 +0200] "GET /node/289 HTTP/1.1" 404 297 "-" "Mozilla/5.0 (compatible; bingbot/2.0; +http://www.bing.com/bingbot.htm)"
94.197.220.221 - - [06/Jul/2013:16:02:37 +0200] "GET /proxy.pac HTTP/1.1" 404 282 "-" "Mozilla/5.0 (Windows NT 6.1; rv:5.0) Gecko/20100101 Firefox/5.0"
94.197.220.221 - - [06/Jul/2013:16:02:54 +0200] "GET /proxy.pac HTTP/1.1" 404 282 "-" "Mozilla/5.0 (Windows NT 6.1; rv:5.0) Gecko/20100101 Firefox/5.0"
195.56.55.225 - - [06/Jul/2013:16:02:55 +0200] "GET /test.html HTTP/1.1" 200 56 "-" "monit/4.6"
94.197.220.221 - - [06/Jul/2013:16:03:06 +0200] "GET /proxy.pac HTTP/1.1" 404 282 "-" "Mozilla/5.0 (Windows NT 6.1; rv:5.0) Gecko/20100101 Firefox/5.0"
94.197.220.221 - - [06/Jul/2013:16:03:26 +0200] "GET /proxy.pac HTTP/1.1" 404 282 "-" "Mozilla/5.0 (Windows NT 6.1; rv:5.0) Gecko/20100101 Firefox/5.0"
94.197.220.221 - - [06/Jul/2013:16:04:32 +0200] "GET /proxy.pac HTTP/1.1" 404 282 "-" "Mozilla/5.0 (Windows NT 6.1; rv:5.0) Gecko/20100101 Firefox/5.0"
195.56.55.225 - - [06/Jul/2013:16:04:57 +0200] "GET /test.html HTTP/1.1" 200 56 "-" "monit/4.6"
91.232.96.36 - - [06/Jul/2013:16:06:05 +0200] "GET /forum_attac.php3?id_article=983&retour=cikk.php3%3Fid_article%3D983 HTTP/1.1" 404 292 "-" "Mozilla/4.0 (compatible; MSIE 6.0; Windows NT 5.1; SV1)"
94.197.220.221 - - [06/Jul/2013:16:06:30 +0200] "GET /proxy.pac HTTP/1.1" 404 282 "-" "Mozilla/5.0 (Windows NT 6.1; rv:5.0) Gecko/20100101 Firefox/5.0"
195.56.55.225 - - [06/Jul/2013:16:06:59 +0200] "GET /test.html HTTP/1.1" 200 56 "-" "monit/4.6"
195.56.55.225 - - [06/Jul/2013:16:09:01 +0200] "GET /test.html HTTP/1.1" 200 56 "-" "monit/4.6"
94.197.220.221 - - [06/Jul/2013:16:09:29 +0200] "GET /proxy.pac HTTP/1.1" 404 282 "-" "Mozilla/5.0 (Windows NT 6.1; rv:5.0) Gecko/20100101 Firefox/5.0"
89.248.174.60 - - [06/Jul/2013:16:09:38 +0200] "GET /forum_attac.php3?id_article=983&retour=cikk.php3%3Fid_article%3D983 HTTP/1.1" 404 292 "-" "Mozilla/4.0 (compatible; MSIE 6.0; Windows NT 5.1; SV1)"
195.56.55.225 - - [06/Jul/2013:16:11:03 +0200] "GET /test.html HTTP/1.1" 200 56 "-" "monit/4.6"
85.238.76.207 - - [06/Jul/2013:16:12:02 +0200] "-" 408 - "-" "-"
195.56.55.225 - - [06/Jul/2013:16:13:05 +0200] "GET /test.html HTTP/1.1" 200 56 "-" "monit/4.6"
195.56.55.225 - - [06/Jul/2013:16:15:07 +0200] "GET /test.html HTTP/1.1" 200 56 "-" "monit/4.6"
94.197.220.221 - - [06/Jul/2013:16:15:07 +0200] "GET /proxy.pac HTTP/1.1" 404 282 "-" "Mozilla/5.0 (Windows NT 6.1; rv:5.0) Gecko/20100101 Firefox/5.0"
65.55.52.108 - - [06/Jul/2013:16:16:29 +0200] "GET /robots.txt HTTP/1.1" 404 295 "-" "Mozilla/5.0 (compatible; bingbot/2.0; +http://www.bing.com/bingbot.htm)"
195.56.55.225 - - [06/Jul/2013:16:17:09 +0200] "GET /test.html HTTP/1.1" 200 56 "-" "monit/4.6"
195.56.55.225 - - [06/Jul/2013:16:19:11 +0200] "GET /test.html HTTP/1.1" 200 56 "-" "monit/4.6"
209.85.238.52 - - [06/Jul/2013:16:20:00 +0200] "GET / HTTP/1.1" 200 1155 "-" "Feedfetcher-Google; (+http://www.google.com/feedfetcher.html; 1 subscribers; feed-id=849169264004692768)"
195.56.55.225 - - [06/Jul/2013:16:21:13 +0200] "GET /test.html HTTP/1.1" 200 56 "-" "monit/4.6"
193.226.241.69 - - [06/Jul/2013:16:21:43 +0200] "GET / HTTP/1.1" 200 1155 "-" "Mozilla/5.0 (Windows NT 6.1; WOW64; rv:22.0) Gecko/20100101 Firefox/22.0"
193.226.241.69 - - [06/Jul/2013:16:21:43 +0200] "GET /favicon.ico HTTP/1.1" 404 288 "-" "Mozilla/5.0 (Windows NT 6.1; WOW64; rv:22.0) Gecko/20100101 Firefox/22.0"
65.55.52.108 - - [06/Jul/2013:16:21:51 +0200] "GET / HTTP/1.1" 200 1155 "-" "Mozilla/5.0 (compatible; bingbot/2.0; +http://www.bing.com/bingbot.htm)"
195.56.55.225 - - [06/Jul/2013:16:23:15 +0200] "GET /test.html HTTP/1.1" 200 56 "-" "monit/4.6"
67.166.140.28 - - [06/Jul/2013:16:23:37 +0200] "GET / HTTP/1.1" 200 1155 "-" "curl/7.21.2 (x86_64-unknown-linux-gnu) libcurl/7.21.2 OpenSSL/1.0.0c zlib/1.2.5 libidn/1.15 libssh2/1.2.7"
195.56.55.225 - - [06/Jul/2013:16:25:17 +0200] "GET /test.html HTTP/1.1" 200 56 "-" "monit/4.6"
94.197.220.221 - - [06/Jul/2013:16:25:56 +0200] "GET /proxy.pac HTTP/1.1" 404 282 "-" "-"
94.197.220.221 - - [06/Jul/2013:16:26:01 +0200] "GET /proxy.pac HTTP/1.1" 404 282 "-" "-"
195.56.55.225 - - [06/Jul/2013:16:27:19 +0200] "GET /test.html HTTP/1.1" 200 56 "-" "monit/4.6"
91.232.96.36 - - [06/Jul/2013:16:29:04 +0200] "GET /forum_attac.php3?id_article=983&retour=cikk.php3%3Fid_article%3D983 HTTP/1.1" 404 292 "-" "Mozilla/4.0 (compatible; MSIE 6.0; Windows NT 5.1; SV1)"
195.56.55.225 - - [06/Jul/2013:16:29:21 +0200] "GET /test.html HTTP/1.1" 200 56 "-" "monit/4.6"
195.56.55.225 - - [06/Jul/2013:16:31:23 +0200] "GET /test.html HTTP/1.1" 200 56 "-" "monit/4.6"
95.140.43.58 - - [06/Jul/2013:16:31:52 +0200] "GET / HTTP/1.1" 200 1155 "-" "Java/1.7.0_21"
209.21.92.129 - - [06/Jul/2013:16:32:08 +0200] "GET /people/arne-hintz HTTP/1.0" 404 283 "[url=http://www.arab-ipu.org/cheapoakleys.html]Cheap Fake Oakleys Sunglassess[/url]" "Mozilla/5.0 (Windows NT 6.0) AppleWebKit/537.11 (KHTML, like Gecko) Chrome/23.0.1271.95 Safari/537.11"
209.21.92.129 - - [06/Jul/2013:16:32:09 +0200] "GET / HTTP/1.0" 200 1155 "http://cmcs.zoldpok.hu/" "Mozilla/5.0 (Windows NT 6.0) AppleWebKit/537.11 (KHTML, like Gecko) Chrome/23.0.1271.95 Safari/537.11"
66.249.78.218 - - [06/Jul/2013:16:32:10 +0200] "GET /robots.txt HTTP/1.1" 404 286 "-" "Mozilla/5.0 (compatible; Googlebot/2.1; +http://www.google.com/bot.html)"
66.249.78.218 - - [06/Jul/2013:16:32:10 +0200] "GET /cikk.php3?id_article=628 HTTP/1.1" 404 285 "-" "Mozilla/5.0 (compatible; Googlebot/2.1; +http://www.google.com/bot.html)"
89.248.174.60 - - [06/Jul/2013:16:32:36 +0200] "GET /forum_attac.php3?id_article=983&retour=cikk.php3%3Fid_article%3D983 HTTP/1.1" 404 292 "-" "Mozilla/4.0 (compatible; MSIE 6.0; Windows NT 5.1; SV1)"
195.56.55.225 - - [06/Jul/2013:16:33:25 +0200] "GET /test.html HTTP/1.1" 200 56 "-" "monit/4.6"
94.228.34.203 - - [06/Jul/2013:16:33:36 +0200] "GET /?feed=atom HTTP/1.1" 304 - "-" "magpie-crawler/1.1 (U; Linux amd64; en-GB; +http://www.brandwatch.net)"
195.56.55.225 - - [06/Jul/2013:16:35:35 +0200] "GET /test.html HTTP/1.1" 200 56 "-" "monit/4.6"
195.56.55.225 - - [06/Jul/2013:16:37:38 +0200] "GET /test.html HTTP/1.1" 200 56 "-" "monit/4.6"
195.56.55.225 - - [06/Jul/2013:16:39:44 +0200] "GET /test.html HTTP/1.1" 200 56 "-" "monit/4.6"
195.56.55.225 - - [06/Jul/2013:16:41:47 +0200] "GET /test.html HTTP/1.1" 200 56 "-" "monit/4.6"
195.56.55.225 - - [06/Jul/2013:16:43:49 +0200] "GET /test.html HTTP/1.1" 200 56 "-" "monit/4.6"
195.56.55.225 - - [06/Jul/2013:16:45:51 +0200] "GET /test.html HTTP/1.1" 200 56 "-" "monit/4.6"
85.233.90.6 - - [06/Jul/2013:16:47:28 +0200] "POST /forum_attac.php3?id_article=710&retour=cikk HTTP/1.1" 404 292 "http://attac.zpok.hu/forum_attac.php3?id_article=710&retour=cikk" "Mozilla/4.0 (compatible; MSIE 6.0; Windows NT 5.1; SV1)"
46.108.241.253 - - [06/Jul/2013:16:47:29 +0200] "POST /forum_attac.php3?id_article=710&retour=cikk HTTP/1.0" 404 280 "http://attac.zpok.hu/forum_attac.php3?id_article=710&retour=cikk" "Mozilla/4.0 (compatible; MSIE 6.0; Windows NT 5.1; SV1)"
178.151.113.9 - - [06/Jul/2013:16:47:29 +0200] "POST /forum_attac.php3?id_article=710&retour=cikk HTTP/1.1" 404 292 "http://attac.zpok.hu/forum_attac.php3?id_article=710&retour=cikk" "Mozilla/4.0 (compatible; MSIE 6.0; Windows NT 5.1; SV1)"
195.56.55.225 - - [06/Jul/2013:16:47:53 +0200] "GET /test.html HTTP/1.1" 200 56 "-" "monit/4.6"
195.56.55.225 - - [06/Jul/2013:16:49:55 +0200] "GET /test.html HTTP/1.1" 200 56 "-" "monit/4.6"
95.140.43.58 - - [06/Jul/2013:16:50:23 +0200] "GET /englishsite/index.shtml?conds[0][category........]=Egyes\xfcleti h\xedrek&iview=58&slice_id=777ad89538966d33b9d5fb7d0e49b91c&NmbFullBoxes=1&mlx=EN-ONLY HTTP/1.1" 400 365 "-" "-"
95.140.43.58 - - [06/Jul/2013:16:50:50 +0200] "GET /brandnewsite/index.shtml?conds[0][category........]=(fb OR elnokseg OR te)&iview=50&slice_id=35d4beaf32a03c618d6739d2ab3739ee&NmbFullBoxes=1000&sort[0][integer.........]=a HTTP/1.1" 400 365 "-" "-"
95.140.43.58 - - [06/Jul/2013:16:51:01 +0200] "GET /index.shtml?conds[0][category........]=(fb OR elnokseg OR te)&iview=50&slice_id=35d4beaf32a03c618d6739d2ab3739ee&NmbFullBoxes=1000&sort[0][integer.........]=a HTTP/1.1" 400 365 "-" "-"
95.140.43.58 - - [06/Jul/2013:16:51:01 +0200] "GET /englishsite/index.shtml?conds[0][category.......1]=(fb OR elnokseg OR te)&iview=79&slice_id=35d4beaf32a03c618d6739d2ab3739ee&NmbFullBoxes=1000&sort[0][integer.........]=a&mlx=EN-ONLY HTTP/1.1" 400 365 "-" "-"
95.140.43.58 - - [06/Jul/2013:16:51:07 +0200] "GET /brandnewsite/index.shtml?conds[0][category........]=EMLA 15&iview=92&slice_id=777ad89538966d33b9d5fb7d0e49b91c&NmbFullBoxes=1 HTTP/1.1" 400 365 "-" "-"
95.140.43.58 - - [06/Jul/2013:16:51:34 +0200] "GET /brandnewsite/index.shtml?conds[0][category........]=Egyes\xfcleti h\xedrek&iview=58&slice_id=777ad89538966d33b9d5fb7d0e49b91c&NmbFullBoxes=1 HTTP/1.1" 400 365 "-" "-"
95.140.43.58 - - [06/Jul/2013:16:51:46 +0200] "GET /index.shtml?conds[0][category........]=EMLA 15&iview=92&slice_id=777ad89538966d33b9d5fb7d0e49b91c&NmbFullBoxes=1 HTTP/1.1" 400 365 "-" "-"
91.232.96.36 - - [06/Jul/2013:16:51:51 +0200] "GET /forum_attac.php3?id_article=983&retour=cikk.php3%3Fid_article%3D983 HTTP/1.1" 404 292 "-" "Mozilla/4.0 (compatible; MSIE 6.0; Windows NT 5.1; SV1)"
195.56.55.225 - - [06/Jul/2013:16:51:57 +0200] "GET /test.html HTTP/1.1" 200 56 "-" "monit/4.6"
195.56.55.225 - - [06/Jul/2013:16:53:59 +0200] "GET /test.html HTTP/1.1" 200 56 "-" "monit/4.6"
208.115.113.87 - - [06/Jul/2013:16:54:07 +0200] "GET /robots.txt HTTP/1.1" 404 286 "-" "Mozilla/5.0 (compatible; Ezooms/1.0; ezooms.bot@gmail.com)"
89.248.174.60 - - [06/Jul/2013:16:55:50 +0200] "GET /forum_attac.php3?id_article=983&retour=cikk.php3%3Fid_article%3D983 HTTP/1.1" 404 292 "-" "Mozilla/4.0 (compatible; MSIE 6.0; Windows NT 5.1; SV1)"
195.56.55.225 - - [06/Jul/2013:16:56:01 +0200] "GET /test.html HTTP/1.1" 200 56 "-" "monit/4.6"
195.56.55.225 - - [06/Jul/2013:16:58:03 +0200] "GET /test.html HTTP/1.1" 200 56 "-" "monit/4.6"
195.56.55.225 - - [06/Jul/2013:17:00:05 +0200] "GET /test.html HTTP/1.1" 200 56 "-" "monit/4.6"
195.56.55.225 - - [06/Jul/2013:17:02:07 +0200] "GET /test.html HTTP/1.1" 200 56 "-" "monit/4.6"
195.56.55.225 - - [06/Jul/2013:17:04:10 +0200] "GET /test.html HTTP/1.1" 200 56 "-" "monit/4.6"
195.56.55.225 - - [06/Jul/2013:17:06:12 +0200] "GET /test.html HTTP/1.1" 200 56 "-" "monit/4.6"
195.56.55.225 - - [06/Jul/2013:17:08:15 +0200] "GET /test.html HTTP/1.1" 200 56 "-" "monit/4.6"
46.107.197.17 - - [06/Jul/2013:17:08:46 +0200] "GET /proxy.pac HTTP/1.1" 404 282 "-" "Mozilla/5.0 (compatible; MSIE 10.0; Win32; Trident/6.0)"
46.107.197.17 - - [06/Jul/2013:17:08:56 +0200] "GET /proxy.pac HTTP/1.1" 404 282 "-" "Mozilla/5.0 (compatible; MSIE 10.0; Win32; Trident/6.0)"
46.107.197.17 - - [06/Jul/2013:17:08:56 +0200] "GET /proxy.pac HTTP/1.1" 404 282 "-" "Mozilla/5.0 (compatible; MSIE 10.0; Win32; Trident/6.0)"
46.107.197.17 - - [06/Jul/2013:17:09:05 +0200] "GET /proxy.pac HTTP/1.1" 404 282 "-" "Mozilla/5.0 (compatible; MSIE 10.0; Win32; Trident/6.0)"
46.107.197.17 - - [06/Jul/2013:17:09:05 +0200] "GET /proxy.pac HTTP/1.1" 404 282 "-" "Mozilla/5.0 (compatible; MSIE 10.0; Win32; Trident/6.0)"
46.107.197.17 - - [06/Jul/2013:17:09:06 +0200] "GET /proxy.pac HTTP/1.1" 404 282 "-" "-"
46.107.197.17 - - [06/Jul/2013:17:09:08 +0200] "GET /proxy.pac HTTP/1.1" 404 282 "-" "Mozilla/5.0 (compatible; MSIE 10.0; Win32; Trident/6.0)"
46.107.197.17 - - [06/Jul/2013:17:09:08 +0200] "GET /proxy.pac HTTP/1.1" 404 282 "-" "Mozilla/5.0 (compatible; MSIE 10.0; Win32; Trident/6.0)"
46.107.197.17 - - [06/Jul/2013:17:09:10 +0200] "GET /proxy.pac HTTP/1.1" 404 282 "-" "-"
46.107.197.17 - - [06/Jul/2013:17:09:26 +0200] "GET /proxy.pac HTTP/1.1" 404 282 "-" "Mozilla/5.0 (compatible; MSIE 10.0; Win32; Trident/6.0)"
46.107.197.17 - - [06/Jul/2013:17:09:27 +0200] "GET /proxy.pac HTTP/1.1" 404 282 "-" "Mozilla/5.0 (compatible; MSIE 10.0; Win32; Trident/6.0)"
46.107.197.17 - - [06/Jul/2013:17:09:30 +0200] "GET /proxy.pac HTTP/1.1" 404 282 "-" "Mozilla/5.0 (compatible; MSIE 10.0; Win32; Trident/6.0)"
46.107.197.17 - - [06/Jul/2013:17:09:30 +0200] "GET /proxy.pac HTTP/1.1" 404 282 "-" "Mozilla/5.0 (compatible; MSIE 10.0; Win32; Trident/6.0)"
46.107.197.17 - - [06/Jul/2013:17:09:30 +0200] "GET /proxy.pac HTTP/1.1" 404 282 "-" "-"
46.107.197.17 - - [06/Jul/2013:17:09:31 +0200] "GET /proxy.pac HTTP/1.1" 404 282 "-" "-"
46.107.197.17 - - [06/Jul/2013:17:09:31 +0200] "GET /proxy.pac HTTP/1.1" 404 282 "-" "-"
46.107.197.17 - - [06/Jul/2013:17:09:33 +0200] "GET /proxy.pac HTTP/1.1" 404 282 "-" "-"
46.107.197.17 - - [06/Jul/2013:17:09:44 +0200] "GET /proxy.pac HTTP/1.1" 404 282 "-" "-"
46.107.197.17 - - [06/Jul/2013:17:09:46 +0200] "GET /proxy.pac HTTP/1.1" 404 282 "-" "Mozilla/5.0 (compatible; MSIE 10.0; Win32; Trident/6.0)"
46.107.197.17 - - [06/Jul/2013:17:09:46 +0200] "GET /proxy.pac HTTP/1.1" 404 282 "-" "Mozilla/5.0 (compatible; MSIE 10.0; Win32; Trident/6.0)"
46.107.197.17 - - [06/Jul/2013:17:09:54 +0200] "GET /proxy.pac HTTP/1.1" 404 282 "-" "-"
46.107.197.17 - - [06/Jul/2013:17:09:54 +0200] "GET /proxy.pac HTTP/1.1" 404 282 "-" "-"
46.107.197.17 - - [06/Jul/2013:17:09:54 +0200] "GET /proxy.pac HTTP/1.1" 404 282 "-" "-"
46.107.197.17 - - [06/Jul/2013:17:09:54 +0200] "GET /proxy.pac HTTP/1.1" 404 282 "-" "-"
46.107.197.17 - - [06/Jul/2013:17:10:03 +0200] "GET /proxy.pac HTTP/1.1" 404 282 "-" "Mozilla/5.0 (compatible; MSIE 10.0; Win32; Trident/6.0)"
46.107.197.17 - - [06/Jul/2013:17:10:05 +0200] "GET /proxy.pac HTTP/1.1" 404 282 "-" "-"
46.107.197.17 - - [06/Jul/2013:17:10:05 +0200] "GET /proxy.pac HTTP/1.1" 404 282 "-" "-"
46.107.197.17 - - [06/Jul/2013:17:10:05 +0200] "GET /proxy.pac HTTP/1.1" 404 282 "-" "-"
46.107.197.17 - - [06/Jul/2013:17:10:05 +0200] "GET /proxy.pac HTTP/1.1" 404 282 "-" "-"
46.107.197.17 - - [06/Jul/2013:17:10:05 +0200] "GET /proxy.pac HTTP/1.1" 404 282 "-" "-"
46.107.197.17 - - [06/Jul/2013:17:10:05 +0200] "GET /proxy.pac HTTP/1.1" 404 282 "-" "-"
46.107.197.17 - - [06/Jul/2013:17:10:08 +0200] "GET /proxy.pac HTTP/1.1" 404 282 "-" "-"
46.107.197.17 - - [06/Jul/2013:17:10:08 +0200] "GET /proxy.pac HTTP/1.1" 404 282 "-" "-"
46.107.197.17 - - [06/Jul/2013:17:10:09 +0200] "GET /proxy.pac HTTP/1.1" 404 282 "-" "-"
46.107.197.17 - - [06/Jul/2013:17:10:09 +0200] "GET /proxy.pac HTTP/1.1" 404 282 "-" "-"
46.107.197.17 - - [06/Jul/2013:17:10:09 +0200] "GET /proxy.pac HTTP/1.1" 404 282 "-" "-"
46.107.197.17 - - [06/Jul/2013:17:10:09 +0200] "GET /proxy.pac HTTP/1.1" 404 282 "-" "-"
46.107.197.17 - - [06/Jul/2013:17:10:09 +0200] "GET /proxy.pac HTTP/1.1" 404 282 "-" "-"
46.107.197.17 - - [06/Jul/2013:17:10:09 +0200] "GET /proxy.pac HTTP/1.1" 404 282 "-" "-"
46.107.197.17 - - [06/Jul/2013:17:10:09 +0200] "GET /proxy.pac HTTP/1.1" 404 282 "-" "-"
46.107.197.17 - - [06/Jul/2013:17:10:09 +0200] "GET /proxy.pac HTTP/1.1" 404 282 "-" "-"
46.107.197.17 - - [06/Jul/2013:17:10:10 +0200] "GET /proxy.pac HTTP/1.1" 404 282 "-" "-"
46.107.197.17 - - [06/Jul/2013:17:10:10 +0200] "GET /proxy.pac HTTP/1.1" 404 282 "-" "-"
195.56.55.225 - - [06/Jul/2013:17:10:17 +0200] "GET /test.html HTTP/1.1" 200 56 "-" "monit/4.6"
46.107.197.17 - - [06/Jul/2013:17:10:27 +0200] "GET /proxy.pac HTTP/1.1" 404 282 "-" "Mozilla/5.0 (compatible; MSIE 10.0; Win32; Trident/6.0)"
46.107.197.17 - - [06/Jul/2013:17:10:42 +0200] "GET /proxy.pac HTTP/1.1" 404 282 "-" "-"
157.55.32.113 - - [06/Jul/2013:17:11:36 +0200] "GET /robots.txt HTTP/1.1" 404 299 "-" "Mozilla/5.0 (compatible; bingbot/2.0; +http://www.bing.com/bingbot.htm)"
195.56.55.225 - - [06/Jul/2013:17:12:19 +0200] "GET /test.html HTTP/1.1" 200 56 "-" "monit/4.6"
