65.55.52.108 - - [09/Jul/2013:02:43:49 +0200] "GET /robots.txt HTTP/1.1" 404 295 "-" "Mozilla/5.0 (compatible; bingbot/2.0; +http://www.bing.com/bingbot.htm)"
195.56.55.225 - - [09/Jul/2013:02:44:21 +0200] "GET /test.html HTTP/1.1" 200 56 "-" "monit/4.6"
65.55.52.108 - - [09/Jul/2013:02:45:21 +0200] "GET / HTTP/1.1" 200 1155 "-" "Mozilla/5.0 (compatible; bingbot/2.0; +http://www.bing.com/bingbot.htm)"
195.56.55.225 - - [09/Jul/2013:02:46:23 +0200] "GET /test.html HTTP/1.1" 200 56 "-" "monit/4.6"
91.232.96.36 - - [09/Jul/2013:02:46:38 +0200] "GET /forum_attac.php3?id_article=983&retour=cikk.php3%3Fid_article%3D983 HTTP/1.1" 404 292 "-" "Mozilla/4.0 (compatible; MSIE 6.0; Windows NT 5.1; SV1)"
195.56.55.225 - - [09/Jul/2013:02:48:25 +0200] "GET /test.html HTTP/1.1" 200 56 "-" "monit/4.6"
195.56.55.225 - - [09/Jul/2013:02:50:28 +0200] "GET /test.html HTTP/1.1" 200 56 "-" "monit/4.6"
195.56.55.225 - - [09/Jul/2013:02:52:30 +0200] "GET /test.html HTTP/1.1" 200 56 "-" "monit/4.6"
195.56.55.225 - - [09/Jul/2013:02:54:32 +0200] "GET /test.html HTTP/1.1" 200 56 "-" "monit/4.6"
89.248.174.60 - - [09/Jul/2013:02:56:47 +0200] "GET /forum_attac.php3?id_article=983&retour=cikk.php3%3Fid_article%3D983 HTTP/1.1" 404 292 "-" "Mozilla/4.0 (compatible; MSIE 6.0; Windows NT 5.1; SV1)"
195.56.55.225 - - [09/Jul/2013:02:56:51 +0200] "GET /test.html HTTP/1.1" 200 56 "-" "monit/4.6"
195.56.55.225 - - [09/Jul/2013:02:59:13 +0200] "GET /test.html HTTP/1.1" 200 56 "-" "monit/4.6"
195.56.55.225 - - [09/Jul/2013:03:01:17 +0200] "GET /test.html HTTP/1.1" 200 56 "-" "monit/4.6"
195.56.55.225 - - [09/Jul/2013:03:03:20 +0200] "GET /test.html HTTP/1.1" 200 56 "-" "monit/4.6"
195.56.55.225 - - [09/Jul/2013:03:05:22 +0200] "GET /test.html HTTP/1.1" 200 56 "-" "monit/4.6"
157.56.93.148 - - [09/Jul/2013:03:05:27 +0200] "GET /robots.txt HTTP/1.1" 404 286 "-" "Mozilla/5.0 (compatible; bingbot/2.0; +http://www.bing.com/bingbot.htm)"
195.56.55.225 - - [09/Jul/2013:03:07:24 +0200] "GET /test.html HTTP/1.1" 200 56 "-" "monit/4.6"
65.55.24.214 - - [09/Jul/2013:03:08:56 +0200] "GET /robots.txt HTTP/1.1" 404 288 "-" "Mozilla/5.0 (compatible; bingbot/2.0; +http://www.bing.com/bingbot.htm)"
195.56.55.225 - - [09/Jul/2013:03:09:27 +0200] "GET /test.html HTTP/1.1" 200 56 "-" "monit/4.6"
91.232.96.36 - - [09/Jul/2013:03:09:51 +0200] "GET /forum_attac.php3?id_article=983&retour=cikk.php3%3Fid_article%3D983 HTTP/1.1" 404 292 "-" "Mozilla/4.0 (compatible; MSIE 6.0; Windows NT 5.1; SV1)"
65.55.24.214 - - [09/Jul/2013:03:10:49 +0200] "GET /img_upload/cb39111eba7a31c9c0e48686fa8e3c87/2009_magyar_tudomany_META.pdf HTTP/1.1" 404 351 "-" "Mozilla/5.0 (compatible; bingbot/2.0; +http://www.bing.com/bingbot.htm)"
202.46.56.53 - - [09/Jul/2013:03:10:50 +0200] "GET / HTTP/1.1" 200 1155 "-" "Mozilla/4.0 (compatible; MSIE 7.0; Windows NT 6.0)"
195.56.55.225 - - [09/Jul/2013:03:11:29 +0200] "GET /test.html HTTP/1.1" 200 56 "-" "monit/4.6"
119.63.193.131 - - [09/Jul/2013:03:12:01 +0200] "GET / HTTP/1.1" 200 1155 "-" "Mozilla/4.0 (compatible; MSIE 7.0; Windows NT 6.0)"
212.64.48.193 - - [09/Jul/2013:03:12:26 +0200] "GET /Magyar Színház HTTP/1.1" 400 365 "-" "-"
195.56.55.225 - - [09/Jul/2013:03:13:32 +0200] "GET /test.html HTTP/1.1" 200 56 "-" "monit/4.6"
65.55.52.114 - - [09/Jul/2013:03:14:57 +0200] "GET /robots.txt HTTP/1.1" 404 290 "-" "Mozilla/5.0 (compatible; bingbot/2.0; +http://www.bing.com/bingbot.htm)"
195.56.55.225 - - [09/Jul/2013:03:15:34 +0200] "GET /test.html HTTP/1.1" 200 56 "-" "monit/4.6"
195.56.55.225 - - [09/Jul/2013:03:17:38 +0200] "GET /test.html HTTP/1.1" 200 56 "-" "monit/4.6"
157.56.93.96 - - [09/Jul/2013:03:18:15 +0200] "GET /node/268 HTTP/1.1" 404 288 "-" "Mozilla/5.0 (compatible; bingbot/2.0; +http://www.bing.com/bingbot.htm)"
89.248.174.60 - - [09/Jul/2013:03:19:11 +0200] "GET /forum_attac.php3?id_article=983&retour=cikk.php3%3Fid_article%3D983 HTTP/1.1" 404 292 "-" "Mozilla/4.0 (compatible; MSIE 6.0; Windows NT 5.1; SV1)"
195.56.55.225 - - [09/Jul/2013:03:20:00 +0200] "GET /test.html HTTP/1.1" 200 56 "-" "monit/4.6"
195.56.55.225 - - [09/Jul/2013:03:22:02 +0200] "GET /test.html HTTP/1.1" 200 56 "-" "monit/4.6"
65.55.52.114 - - [09/Jul/2013:03:22:51 +0200] "GET /sites/csalan.mindworks.hu/files/szakmaimuhely_igenyfelmero_0112.doc HTTP/1.1" 404 347 "-" "Mozilla/5.0 (compatible; bingbot/2.0; +http://www.bing.com/bingbot.htm)"
195.56.55.225 - - [09/Jul/2013:03:24:04 +0200] "GET /test.html HTTP/1.1" 200 56 "-" "monit/4.6"
195.56.55.225 - - [09/Jul/2013:03:26:07 +0200] "GET /test.html HTTP/1.1" 200 56 "-" "monit/4.6"
195.56.55.225 - - [09/Jul/2013:03:28:09 +0200] "GET /test.html HTTP/1.1" 200 56 "-" "monit/4.6"
195.56.55.225 - - [09/Jul/2013:03:30:12 +0200] "GET /test.html HTTP/1.1" 200 56 "-" "monit/4.6"
195.56.55.225 - - [09/Jul/2013:03:32:14 +0200] "GET /test.html HTTP/1.1" 200 56 "-" "monit/4.6"
91.232.96.36 - - [09/Jul/2013:03:32:55 +0200] "GET /forum_attac.php3?id_article=983&retour=cikk.php3%3Fid_article%3D983 HTTP/1.1" 404 292 "-" "Mozilla/4.0 (compatible; MSIE 6.0; Windows NT 5.1; SV1)"
66.249.78.207 - - [09/Jul/2013:03:33:40 +0200] "GET /robots.txt HTTP/1.1" 404 290 "-" "Mozilla/5.0 (compatible; Googlebot/2.1; +http://www.google.com/bot.html)"
195.56.55.225 - - [09/Jul/2013:03:34:17 +0200] "GET /test.html HTTP/1.1" 200 56 "-" "monit/4.6"
82.193.120.55 - - [09/Jul/2013:03:34:51 +0200] "GET /cikk.php3?id_article=680 HTTP/1.0" 404 273 "http://attac.zpok.hu/cikk.php3?id_article=680" "Mozilla/5.0 (Windows NT 5.1) AppleWebKit/537.11 (KHTML, like Gecko) Chrome/23.0.1271.91 Safari/537.11"
82.193.120.55 - - [09/Jul/2013:03:34:51 +0200] "GET / HTTP/1.0" 200 1155 "http://attac.zpok.hu/" "Mozilla/5.0 (Windows NT 5.1) AppleWebKit/537.11 (KHTML, like Gecko) Chrome/23.0.1271.91 Safari/537.11"
195.56.55.225 - - [09/Jul/2013:03:36:19 +0200] "GET /test.html HTTP/1.1" 200 56 "-" "monit/4.6"
157.56.93.148 - - [09/Jul/2013:03:38:14 +0200] "GET / HTTP/1.1" 200 1155 "-" "Mozilla/5.0 (compatible; bingbot/2.0; +http://www.bing.com/bingbot.htm)"
195.56.55.225 - - [09/Jul/2013:03:38:21 +0200] "GET /test.html HTTP/1.1" 200 56 "-" "monit/4.6"
96.47.226.21 - - [09/Jul/2013:03:40:15 +0200] "GET /forum_attac.php3?id_article=1142&retour=cikk.php3%252525252525253Fid_article%252525252525253D1142 HTTP/1.0" 404 280 "http://attac.zpok.hu/forum_attac.php3?id_article=1142&retour=cikk.php3%252525252525253Fid_article%252525252525253D1142" "Mozilla/4.0 (compatible; MSIE 6.0; Windows NT 5.1; SV1; InfoPath.1)"
96.47.226.21 - - [09/Jul/2013:03:40:16 +0200] "GET / HTTP/1.0" 200 1155 "http://attac.zpok.hu/" "Mozilla/4.0 (compatible; MSIE 6.0; Windows NT 5.1; SV1; InfoPath.1)"
195.56.55.225 - - [09/Jul/2013:03:40:23 +0200] "GET /test.html HTTP/1.1" 200 56 "-" "monit/4.6"
195.56.55.225 - - [09/Jul/2013:03:42:25 +0200] "GET /test.html HTTP/1.1" 200 56 "-" "monit/4.6"
89.248.174.60 - - [09/Jul/2013:03:42:41 +0200] "GET /forum_attac.php3?id_article=983&retour=cikk.php3%3Fid_article%3D983 HTTP/1.1" 404 292 "-" "Mozilla/4.0 (compatible; MSIE 6.0; Windows NT 5.1; SV1)"
195.56.55.225 - - [09/Jul/2013:03:44:27 +0200] "GET /test.html HTTP/1.1" 200 56 "-" "monit/4.6"
195.56.55.225 - - [09/Jul/2013:03:46:29 +0200] "GET /test.html HTTP/1.1" 200 56 "-" "monit/4.6"
72.14.199.132 - - [09/Jul/2013:03:48:30 +0200] "GET / HTTP/1.1" 200 1155 "-" "Feedfetcher-Google; (+http://www.google.com/feedfetcher.html; 1 subscribers; feed-id=849169264004692768)"
195.56.55.225 - - [09/Jul/2013:03:48:31 +0200] "GET /test.html HTTP/1.1" 200 56 "-" "monit/4.6"
80.243.185.168 - - [09/Jul/2013:03:49:13 +0200] "POST /forum_attac.php3?id_article=710&retour=cikk HTTP/1.1" 404 292 "http://attac.zpok.hu/forum_attac.php3?id_article=710&retour=cikk" "Mozilla/4.0 (compatible; MSIE 6.0; Windows NT 5.1; SV1)"
124.124.221.18 - - [09/Jul/2013:03:49:22 +0200] "POST /forum_attac.php3?id_article=710&retour=cikk HTTP/1.1" 404 292 "http://attac.zpok.hu/forum_attac.php3?id_article=710&retour=cikk" "Mozilla/4.0 (compatible; MSIE 6.0; Windows NT 5.1; SV1)"
66.160.134.222 - - [09/Jul/2013:03:49:44 +0200] "POST /forum_attac.php3?id_article=710&retour=cikk HTTP/1.1" 404 292 "http://attac.zpok.hu/forum_attac.php3?id_article=710&retour=cikk" "Mozilla/4.0 (compatible; MSIE 6.0; Windows NT 5.1; SV1)"
195.56.55.225 - - [09/Jul/2013:03:50:33 +0200] "GET /test.html HTTP/1.1" 200 56 "-" "monit/4.6"
66.249.78.21 - - [09/Jul/2013:03:50:36 +0200] "GET /robots.txt HTTP/1.1" 404 296 "-" "Mozilla/5.0 (compatible; Googlebot/2.1; +http://www.google.com/bot.html)"
66.249.75.213 - - [09/Jul/2013:03:50:36 +0200] "GET / HTTP/1.1" 200 1155 "-" "DoCoMo/2.0 N905i(c100;TB;W24H16) (compatible; Googlebot-Mobile/2.1; +http://www.google.com/bot.html)"
195.56.55.225 - - [09/Jul/2013:03:52:37 +0200] "GET /test.html HTTP/1.1" 200 56 "-" "monit/4.6"
195.56.55.225 - - [09/Jul/2013:03:54:39 +0200] "GET /test.html HTTP/1.1" 200 56 "-" "monit/4.6"
91.232.96.36 - - [09/Jul/2013:03:55:49 +0200] "GET /forum_attac.php3?id_article=983&retour=cikk.php3%3Fid_article%3D983 HTTP/1.1" 404 292 "-" "Mozilla/4.0 (compatible; MSIE 6.0; Windows NT 5.1; SV1)"
195.56.55.225 - - [09/Jul/2013:03:56:42 +0200] "GET /test.html HTTP/1.1" 200 56 "-" "monit/4.6"
195.70.55.211 - - [09/Jul/2013:03:57:15 +0200] "HEAD / HTTP/1.1" 200 0 "-" "libwww-perl/5.834"
195.56.55.225 - - [09/Jul/2013:03:58:44 +0200] "GET /test.html HTTP/1.1" 200 56 "-" "monit/4.6"
157.56.93.96 - - [09/Jul/2013:03:59:19 +0200] "GET /robots.txt HTTP/1.1" 404 288 "-" "Mozilla/5.0 (compatible; bingbot/2.0; +http://www.bing.com/bingbot.htm)"
157.56.93.96 - - [09/Jul/2013:04:00:15 +0200] "GET / HTTP/1.1" 200 1155 "-" "Mozilla/5.0 (compatible; bingbot/2.0; +http://www.bing.com/bingbot.htm)"
195.56.55.225 - - [09/Jul/2013:04:00:46 +0200] "GET /test.html HTTP/1.1" 200 56 "-" "monit/4.6"
195.56.55.225 - - [09/Jul/2013:04:02:48 +0200] "GET /test.html HTTP/1.1" 200 56 "-" "monit/4.6"
195.56.55.225 - - [09/Jul/2013:04:04:54 +0200] "GET /test.html HTTP/1.1" 200 56 "-" "monit/4.6"
89.248.174.60 - - [09/Jul/2013:04:05:14 +0200] "GET /forum_attac.php3?id_article=983&retour=cikk.php3%3Fid_article%3D983 HTTP/1.1" 404 292 "-" "Mozilla/4.0 (compatible; MSIE 6.0; Windows NT 5.1; SV1)"
195.56.55.225 - - [09/Jul/2013:04:07:04 +0200] "GET /test.html HTTP/1.1" 200 56 "-" "monit/4.6"
195.56.55.225 - - [09/Jul/2013:04:09:07 +0200] "GET /test.html HTTP/1.1" 200 56 "-" "monit/4.6"
195.56.55.225 - - [09/Jul/2013:04:11:09 +0200] "GET /test.html HTTP/1.1" 200 56 "-" "monit/4.6"
66.249.78.218 - - [09/Jul/2013:04:13:07 +0200] "GET /cikk.php3?id_article=889 HTTP/1.1" 404 285 "-" "Googlebot/2.1"
195.56.55.225 - - [09/Jul/2013:04:13:11 +0200] "GET /test.html HTTP/1.1" 200 56 "-" "monit/4.6"
195.56.55.225 - - [09/Jul/2013:04:15:13 +0200] "GET /test.html HTTP/1.1" 200 56 "-" "monit/4.6"
195.56.55.225 - - [09/Jul/2013:04:17:15 +0200] "GET /test.html HTTP/1.1" 200 56 "-" "monit/4.6"
91.232.96.36 - - [09/Jul/2013:04:18:36 +0200] "GET /forum_attac.php3?id_article=983&retour=cikk.php3%3Fid_article%3D983 HTTP/1.1" 404 292 "-" "Mozilla/4.0 (compatible; MSIE 6.0; Windows NT 5.1; SV1)"
195.56.55.225 - - [09/Jul/2013:04:19:17 +0200] "GET /test.html HTTP/1.1" 200 56 "-" "monit/4.6"
173.199.114.211 - - [09/Jul/2013:04:19:23 +0200] "GET /cikk.php3?id_article=160 HTTP/1.1" 404 285 "-" "Mozilla/5.0 (compatible; AhrefsBot/4.0; +http://ahrefs.com/robot/)"
195.56.55.225 - - [09/Jul/2013:04:21:19 +0200] "GET /test.html HTTP/1.1" 200 56 "-" "monit/4.6"
180.76.5.149 - - [09/Jul/2013:04:22:03 +0200] "GET /cikk.php3?id_article=892 HTTP/1.1" 404 285 "-" "Mozilla/5.0 (compatible; Baiduspider/2.0; +http://www.baidu.com/search/spider.html)"
195.56.55.225 - - [09/Jul/2013:04:23:22 +0200] "GET /test.html HTTP/1.1" 200 56 "-" "monit/4.6"
195.56.55.225 - - [09/Jul/2013:04:25:25 +0200] "GET /test.html HTTP/1.1" 200 56 "-" "monit/4.6"
195.56.55.225 - - [09/Jul/2013:04:27:28 +0200] "GET /test.html HTTP/1.1" 200 56 "-" "monit/4.6"
89.248.174.60 - - [09/Jul/2013:04:29:24 +0200] "GET /forum_attac.php3?id_article=983&retour=cikk.php3%3Fid_article%3D983 HTTP/1.1" 404 292 "-" "Mozilla/4.0 (compatible; MSIE 6.0; Windows NT 5.1; SV1)"
195.56.55.225 - - [09/Jul/2013:04:29:30 +0200] "GET /test.html HTTP/1.1" 200 56 "-" "monit/4.6"
178.48.206.226 - - [09/Jul/2013:04:30:33 +0200] "-" 408 - "-" "-"
195.56.55.225 - - [09/Jul/2013:04:31:34 +0200] "GET /test.html HTTP/1.1" 200 56 "-" "monit/4.6"
195.56.55.225 - - [09/Jul/2013:04:33:36 +0200] "GET /test.html HTTP/1.1" 200 56 "-" "monit/4.6"
195.56.55.225 - - [09/Jul/2013:04:35:38 +0200] "GET /test.html HTTP/1.1" 200 56 "-" "monit/4.6"
195.56.55.225 - - [09/Jul/2013:04:37:42 +0200] "GET /test.html HTTP/1.1" 200 56 "-" "monit/4.6"
195.56.55.225 - - [09/Jul/2013:04:39:44 +0200] "GET /test.html HTTP/1.1" 200 56 "-" "monit/4.6"
91.232.96.36 - - [09/Jul/2013:04:41:33 +0200] "GET /forum_attac.php3?id_article=983&retour=cikk.php3%3Fid_article%3D983 HTTP/1.1" 404 292 "-" "Mozilla/4.0 (compatible; MSIE 6.0; Windows NT 5.1; SV1)"
195.56.55.225 - - [09/Jul/2013:04:41:46 +0200] "GET /test.html HTTP/1.1" 200 56 "-" "monit/4.6"
195.56.55.225 - - [09/Jul/2013:04:43:48 +0200] "GET /test.html HTTP/1.1" 200 56 "-" "monit/4.6"
195.56.55.225 - - [09/Jul/2013:04:45:50 +0200] "GET /test.html HTTP/1.1" 200 56 "-" "monit/4.6"
195.56.55.225 - - [09/Jul/2013:04:47:52 +0200] "GET /test.html HTTP/1.1" 200 56 "-" "monit/4.6"
195.56.55.225 - - [09/Jul/2013:04:49:54 +0200] "GET /test.html HTTP/1.1" 200 56 "-" "monit/4.6"
195.56.55.225 - - [09/Jul/2013:04:51:57 +0200] "GET /test.html HTTP/1.1" 200 56 "-" "monit/4.6"
89.248.174.60 - - [09/Jul/2013:04:52:08 +0200] "GET /forum_attac.php3?id_article=983&retour=cikk.php3%3Fid_article%3D983 HTTP/1.1" 404 292 "-" "Mozilla/4.0 (compatible; MSIE 6.0; Windows NT 5.1; SV1)"
212.7.196.79 - - [09/Jul/2013:04:53:22 +0200] "GET / HTTP/1.1" 200 1155 "-" "Mozilla/5.0 (Windows; U; Windows NT 6.1; WOW64; en-US; rv:2.0.4) Gecko/20120718 AskTbAVR-IDW/3.12.5.17700 Firefox/14.0.1"
195.56.55.225 - - [09/Jul/2013:04:53:59 +0200] "GET /test.html HTTP/1.1" 200 56 "-" "monit/4.6"
195.56.55.225 - - [09/Jul/2013:04:56:01 +0200] "GET /test.html HTTP/1.1" 200 56 "-" "monit/4.6"
157.56.93.96 - - [09/Jul/2013:04:56:34 +0200] "GET /robots.txt HTTP/1.1" 404 294 "-" "Mozilla/5.0 (compatible; bingbot/2.0; +http://www.bing.com/bingbot.htm)"
157.56.93.96 - - [09/Jul/2013:04:57:19 +0200] "GET /anyagok/ HTTP/1.1" 404 292 "-" "Mozilla/5.0 (compatible; bingbot/2.0; +http://www.bing.com/bingbot.htm)"
157.56.92.173 - - [09/Jul/2013:04:57:26 +0200] "GET /robots.txt HTTP/1.1" 404 286 "-" "Mozilla/5.0 (compatible; bingbot/2.0; +http://www.bing.com/bingbot.htm)"
195.56.55.225 - - [09/Jul/2013:04:58:03 +0200] "GET /test.html HTTP/1.1" 200 56 "-" "monit/4.6"
157.56.92.173 - - [09/Jul/2013:04:58:17 +0200] "GET / HTTP/1.1" 200 1155 "-" "Mozilla/5.0 (compatible; bingbot/2.0; +http://www.bing.com/bingbot.htm)"
195.56.55.225 - - [09/Jul/2013:05:00:05 +0200] "GET /test.html HTTP/1.1" 200 56 "-" "monit/4.6"
180.76.5.185 - - [09/Jul/2013:05:01:21 +0200] "GET / HTTP/1.1" 200 1155 "-" "Mozilla/5.0 (compatible; Baiduspider/2.0; +http://www.baidu.com/search/spider.html)"
195.56.55.225 - - [09/Jul/2013:05:02:07 +0200] "GET /test.html HTTP/1.1" 200 56 "-" "monit/4.6"
174.63.21.26 - - [09/Jul/2013:05:03:22 +0200] "-" 408 - "-" "-"
195.56.55.225 - - [09/Jul/2013:05:04:09 +0200] "GET /test.html HTTP/1.1" 200 56 "-" "monit/4.6"
91.232.96.36 - - [09/Jul/2013:05:04:37 +0200] "GET /forum_attac.php3?id_article=983&retour=cikk.php3%3Fid_article%3D983 HTTP/1.1" 404 292 "-" "Mozilla/4.0 (compatible; MSIE 6.0; Windows NT 5.1; SV1)"
195.56.55.225 - - [09/Jul/2013:05:06:11 +0200] "GET /test.html HTTP/1.1" 200 56 "-" "monit/4.6"
195.56.55.225 - - [09/Jul/2013:05:08:13 +0200] "GET /test.html HTTP/1.1" 200 56 "-" "monit/4.6"
66.249.78.218 - - [09/Jul/2013:05:08:36 +0200] "GET /cikk.php3?id_article=246 HTTP/1.1" 404 285 "-" "Mozilla/5.0 (compatible; Googlebot/2.1; +http://www.google.com/bot.html)"
195.56.55.225 - - [09/Jul/2013:05:10:15 +0200] "GET /test.html HTTP/1.1" 200 56 "-" "monit/4.6"
195.56.55.225 - - [09/Jul/2013:05:12:17 +0200] "GET /test.html HTTP/1.1" 200 56 "-" "monit/4.6"
184.73.141.201 - - [09/Jul/2013:05:12:26 +0200] "POST /forum_attac.php3?id_article=710&retour=cikk HTTP/1.1" 404 292 "http://attac.zpok.hu/forum_attac.php3?id_article=710&retour=cikk" "Mozilla/4.0 (compatible; MSIE 6.0; Windows NT 5.1; SV1)"
195.56.55.225 - - [09/Jul/2013:05:14:20 +0200] "GET /test.html HTTP/1.1" 200 56 "-" "monit/4.6"
89.248.174.60 - - [09/Jul/2013:05:15:13 +0200] "GET /forum_attac.php3?id_article=983&retour=cikk.php3%3Fid_article%3D983 HTTP/1.1" 404 292 "-" "Mozilla/4.0 (compatible; MSIE 6.0; Windows NT 5.1; SV1)"
195.56.55.225 - - [09/Jul/2013:05:16:22 +0200] "GET /test.html HTTP/1.1" 200 56 "-" "monit/4.6"
54.226.56.49 - - [09/Jul/2013:05:17:26 +0200] "POST /forum_attac.php3?id_article=710&retour=cikk HTTP/1.1" 404 292 "http://attac.zpok.hu/forum_attac.php3?id_article=710&retour=cikk" "Mozilla/4.0 (compatible; MSIE 6.0; Windows NT 5.1; SV1)"
157.55.35.105 - - [09/Jul/2013:05:17:39 +0200] "GET /robots.txt HTTP/1.1" 404 293 "-" "Mozilla/5.0 (compatible; bingbot/2.0; +http://www.bing.com/bingbot.htm)"
195.56.55.225 - - [09/Jul/2013:05:18:24 +0200] "GET /test.html HTTP/1.1" 200 56 "-" "monit/4.6"
157.55.35.105 - - [09/Jul/2013:05:18:50 +0200] "GET / HTTP/1.1" 200 1155 "-" "Mozilla/5.0 (compatible; bingbot/2.0; +http://www.bing.com/bingbot.htm)"
195.56.55.225 - - [09/Jul/2013:05:20:26 +0200] "GET /test.html HTTP/1.1" 200 56 "-" "monit/4.6"
180.76.5.176 - - [09/Jul/2013:05:21:12 +0200] "GET / HTTP/1.1" 200 1155 "-" "Mozilla/5.0 (compatible; Baiduspider/2.0; +http://www.baidu.com/search/spider.html)"
180.76.5.151 - - [09/Jul/2013:05:21:57 +0200] "GET / HTTP/1.1" 200 1155 "-" "Mozilla/5.0 (compatible; Baiduspider/2.0; +http://www.baidu.com/search/spider.html)"
195.56.55.225 - - [09/Jul/2013:05:22:28 +0200] "GET /test.html HTTP/1.1" 200 56 "-" "monit/4.6"
195.56.55.225 - - [09/Jul/2013:05:24:30 +0200] "GET /test.html HTTP/1.1" 200 56 "-" "monit/4.6"
195.56.55.225 - - [09/Jul/2013:05:26:32 +0200] "GET /test.html HTTP/1.1" 200 56 "-" "monit/4.6"
91.232.96.36 - - [09/Jul/2013:05:27:22 +0200] "GET /forum_attac.php3?id_article=983&retour=cikk.php3%3Fid_article%3D983 HTTP/1.1" 404 292 "-" "Mozilla/4.0 (compatible; MSIE 6.0; Windows NT 5.1; SV1)"
195.56.55.225 - - [09/Jul/2013:05:28:34 +0200] "GET /test.html HTTP/1.1" 200 56 "-" "monit/4.6"
194.153.113.35 - - [09/Jul/2013:05:28:51 +0200] "HEAD / HTTP/1.1" 200 0 "-" "Mozilla/5.0 (compatible; oBot/2.3.1; +http://filterdb.iss.net/crawler/)"
195.56.55.225 - - [09/Jul/2013:05:30:36 +0200] "GET /test.html HTTP/1.1" 200 56 "-" "monit/4.6"
195.56.55.225 - - [09/Jul/2013:05:32:38 +0200] "GET /test.html HTTP/1.1" 200 56 "-" "monit/4.6"
195.56.55.225 - - [09/Jul/2013:05:34:40 +0200] "GET /test.html HTTP/1.1" 200 56 "-" "monit/4.6"
180.76.5.168 - - [09/Jul/2013:05:34:45 +0200] "GET / HTTP/1.1" 200 1155 "-" "Mozilla/5.0 (compatible; Baiduspider/2.0; +http://www.baidu.com/search/spider.html)"
195.56.55.225 - - [09/Jul/2013:05:36:42 +0200] "GET /test.html HTTP/1.1" 200 56 "-" "monit/4.6"
173.199.114.211 - - [09/Jul/2013:05:38:16 +0200] "GET /cikk.php3?id_article=486 HTTP/1.1" 404 285 "-" "Mozilla/5.0 (compatible; AhrefsBot/4.0; +http://ahrefs.com/robot/)"
89.248.174.60 - - [09/Jul/2013:05:38:18 +0200] "GET /forum_attac.php3?id_article=983&retour=cikk.php3%3Fid_article%3D983 HTTP/1.1" 404 292 "-" "Mozilla/4.0 (compatible; MSIE 6.0; Windows NT 5.1; SV1)"
195.56.55.225 - - [09/Jul/2013:05:38:45 +0200] "GET /test.html HTTP/1.1" 200 56 "-" "monit/4.6"
195.56.55.225 - - [09/Jul/2013:05:40:47 +0200] "GET /test.html HTTP/1.1" 200 56 "-" "monit/4.6"
195.56.55.225 - - [09/Jul/2013:05:42:49 +0200] "GET /test.html HTTP/1.1" 200 56 "-" "monit/4.6"
157.56.229.244 - - [09/Jul/2013:05:43:51 +0200] "GET /robots.txt HTTP/1.1" 404 286 "-" "Mozilla/5.0 (compatible; bingbot/2.0; +http://www.bing.com/bingbot.htm)"
195.56.55.225 - - [09/Jul/2013:05:44:51 +0200] "GET /test.html HTTP/1.1" 200 56 "-" "monit/4.6"
195.56.55.225 - - [09/Jul/2013:05:46:53 +0200] "GET /test.html HTTP/1.1" 200 56 "-" "monit/4.6"
195.56.55.225 - - [09/Jul/2013:05:48:55 +0200] "GET /test.html HTTP/1.1" 200 56 "-" "monit/4.6"
91.232.96.36 - - [09/Jul/2013:05:50:47 +0200] "GET /forum_attac.php3?id_article=983&retour=cikk.php3%3Fid_article%3D983 HTTP/1.1" 404 292 "-" "Mozilla/4.0 (compatible; MSIE 6.0; Windows NT 5.1; SV1)"
195.56.55.225 - - [09/Jul/2013:05:50:57 +0200] "GET /test.html HTTP/1.1" 200 56 "-" "monit/4.6"
157.56.229.244 - - [09/Jul/2013:05:51:29 +0200] "GET /cikk.php3?id_article=446 HTTP/1.1" 404 285 "-" "Mozilla/5.0 (compatible; bingbot/2.0; +http://www.bing.com/bingbot.htm)"
195.56.55.225 - - [09/Jul/2013:05:52:59 +0200] "GET /test.html HTTP/1.1" 200 56 "-" "monit/4.6"
195.56.55.225 - - [09/Jul/2013:05:55:01 +0200] "GET /test.html HTTP/1.1" 200 56 "-" "monit/4.6"
195.56.55.225 - - [09/Jul/2013:05:57:03 +0200] "GET /test.html HTTP/1.1" 200 56 "-" "monit/4.6"
94.228.34.203 - - [09/Jul/2013:05:57:48 +0200] "GET /?feed=atom HTTP/1.1" 304 - "-" "magpie-crawler/1.1 (U; Linux amd64; en-GB; +http://www.brandwatch.net)"
195.56.55.225 - - [09/Jul/2013:05:59:05 +0200] "GET /test.html HTTP/1.1" 200 56 "-" "monit/4.6"
89.248.174.60 - - [09/Jul/2013:06:01:03 +0200] "GET /forum_attac.php3?id_article=983&retour=cikk.php3%3Fid_article%3D983 HTTP/1.1" 404 292 "-" "Mozilla/4.0 (compatible; MSIE 6.0; Windows NT 5.1; SV1)"
195.56.55.225 - - [09/Jul/2013:06:01:07 +0200] "GET /test.html HTTP/1.1" 200 56 "-" "monit/4.6"
195.56.55.225 - - [09/Jul/2013:06:03:09 +0200] "GET /test.html HTTP/1.1" 200 56 "-" "monit/4.6"
195.56.55.225 - - [09/Jul/2013:06:05:12 +0200] "GET /test.html HTTP/1.1" 200 56 "-" "monit/4.6"
195.56.55.225 - - [09/Jul/2013:06:07:14 +0200] "GET /test.html HTTP/1.1" 200 56 "-" "monit/4.6"
66.249.78.21 - - [09/Jul/2013:06:08:47 +0200] "GET / HTTP/1.1" 200 1155 "-" "SAMSUNG-SGH-E250/1.0 Profile/MIDP-2.0 Configuration/CLDC-1.1 UP.Browser/6.2.3.3.c.1.101 (GUI) MMP/2.0 (compatible; Googlebot-Mobile/2.1; +http://www.google.com/bot.html)"
195.56.55.225 - - [09/Jul/2013:06:09:16 +0200] "GET /test.html HTTP/1.1" 200 56 "-" "monit/4.6"
195.56.55.225 - - [09/Jul/2013:06:11:18 +0200] "GET /test.html HTTP/1.1" 200 56 "-" "monit/4.6"
195.56.55.225 - - [09/Jul/2013:06:13:20 +0200] "GET /test.html HTTP/1.1" 200 56 "-" "monit/4.6"
91.232.96.36 - - [09/Jul/2013:06:13:38 +0200] "GET /forum_attac.php3?id_article=983&retour=cikk.php3%3Fid_article%3D983 HTTP/1.1" 404 292 "-" "Mozilla/4.0 (compatible; MSIE 6.0; Windows NT 5.1; SV1)"
65.55.52.108 - - [09/Jul/2013:06:14:46 +0200] "GET /robots.txt HTTP/1.1" 404 291 "-" "Mozilla/5.0 (compatible; bingbot/2.0; +http://www.bing.com/bingbot.htm)"
65.55.52.108 - - [09/Jul/2013:06:15:16 +0200] "GET / HTTP/1.1" 200 1155 "-" "Mozilla/5.0 (compatible; bingbot/2.0; +http://www.bing.com/bingbot.htm)"
195.56.55.225 - - [09/Jul/2013:06:15:22 +0200] "GET /test.html HTTP/1.1" 200 56 "-" "monit/4.6"
195.56.55.225 - - [09/Jul/2013:06:17:24 +0200] "GET /test.html HTTP/1.1" 200 56 "-" "monit/4.6"
65.55.24.221 - - [09/Jul/2013:06:18:59 +0200] "GET /robots.txt HTTP/1.1" 404 288 "-" "Mozilla/5.0 (compatible; bingbot/2.0; +http://www.bing.com/bingbot.htm)"
195.56.55.225 - - [09/Jul/2013:06:19:26 +0200] "GET /test.html HTTP/1.1" 200 56 "-" "monit/4.6"
65.55.24.221 - - [09/Jul/2013:06:19:50 +0200] "GET / HTTP/1.1" 200 1155 "-" "Mozilla/5.0 (compatible; bingbot/2.0; +http://www.bing.com/bingbot.htm)"
62.75.181.210 - - [09/Jul/2013:06:20:54 +0200] "GET / HTTP/1.0" 200 1155 "http://forum.globalance.hu/" "Mozilla/5.0 (Windows NT 5.1; rv:5.0.1) Gecko/20100101 Firefox/5.0.1"
62.75.181.210 - - [09/Jul/2013:06:20:54 +0200] "GET /node/487 HTTP/1.0" 404 278 "http://forum.globalance.hu/node/487" "Mozilla/5.0 (Windows NT 5.1; rv:5.0.1) Gecko/20100101 Firefox/5.0.1"
62.75.181.210 - - [09/Jul/2013:06:20:54 +0200] "GET /487 HTTP/1.0" 404 273 "http://forum.globalance.hu/487" "Mozilla/5.0 (Windows NT 5.1; rv:5.0.1) Gecko/20100101 Firefox/5.0.1"
62.75.181.210 - - [09/Jul/2013:06:20:54 +0200] "GET /node/480 HTTP/1.0" 404 278 "http://forum.globalance.hu/node/480" "Mozilla/5.0 (Windows NT 5.1; rv:5.0.1) Gecko/20100101 Firefox/5.0.1"
62.75.181.210 - - [09/Jul/2013:06:20:54 +0200] "GET /480 HTTP/1.0" 404 273 "http://forum.globalance.hu/480" "Mozilla/5.0 (Windows NT 5.1; rv:5.0.1) Gecko/20100101 Firefox/5.0.1"
62.75.181.210 - - [09/Jul/2013:06:20:54 +0200] "GET /node/455 HTTP/1.0" 404 278 "http://forum.globalance.hu/node/455" "Mozilla/5.0 (Windows NT 5.1; rv:5.0.1) Gecko/20100101 Firefox/5.0.1"
62.75.181.210 - - [09/Jul/2013:06:20:54 +0200] "GET /455 HTTP/1.0" 404 273 "http://forum.globalance.hu/455" "Mozilla/5.0 (Windows NT 5.1; rv:5.0.1) Gecko/20100101 Firefox/5.0.1"
62.75.181.210 - - [09/Jul/2013:06:20:54 +0200] "GET /node/444 HTTP/1.0" 404 278 "http://forum.globalance.hu/node/444" "Mozilla/5.0 (Windows NT 5.1; rv:5.0.1) Gecko/20100101 Firefox/5.0.1"
62.75.181.210 - - [09/Jul/2013:06:20:54 +0200] "GET /444 HTTP/1.0" 404 273 "http://forum.globalance.hu/444" "Mozilla/5.0 (Windows NT 5.1; rv:5.0.1) Gecko/20100101 Firefox/5.0.1"
195.56.55.225 - - [09/Jul/2013:06:21:32 +0200] "GET /test.html HTTP/1.1" 200 56 "-" "monit/4.6"
195.56.55.225 - - [09/Jul/2013:06:23:35 +0200] "GET /test.html HTTP/1.1" 200 56 "-" "monit/4.6"
173.199.114.211 - - [09/Jul/2013:06:24:10 +0200] "GET /cikk.php3?id_article=107 HTTP/1.1" 404 285 "-" "Mozilla/5.0 (compatible; AhrefsBot/4.0; +http://ahrefs.com/robot/)"
89.248.174.60 - - [09/Jul/2013:06:24:13 +0200] "GET /forum_attac.php3?id_article=983&retour=cikk.php3%3Fid_article%3D983 HTTP/1.1" 404 292 "-" "Mozilla/4.0 (compatible; MSIE 6.0; Windows NT 5.1; SV1)"
65.19.138.33 - - [09/Jul/2013:06:24:18 +0200] "GET /blog/2/feed HTTP/1.1" 404 290 "-" "Feedly/1.0 (+http://www.feedly.com/fetcher.html; like FeedFetcher-Google)"
173.199.114.211 - - [09/Jul/2013:06:24:27 +0200] "GET /cikk.php3?id_article=838 HTTP/1.1" 404 285 "-" "Mozilla/5.0 (compatible; AhrefsBot/4.0; +http://ahrefs.com/robot/)"
195.56.55.225 - - [09/Jul/2013:06:25:37 +0200] "GET /test.html HTTP/1.1" 200 56 "-" "monit/4.6"
173.199.114.211 - - [09/Jul/2013:06:26:08 +0200] "GET /wto.shtml?x=12018 HTTP/1.1" 404 298 "-" "Mozilla/5.0 (compatible; AhrefsBot/4.0; +http://ahrefs.com/robot/)"
195.56.55.225 - - [09/Jul/2013:06:27:39 +0200] "GET /test.html HTTP/1.1" 200 56 "-" "monit/4.6"
54.224.189.238 - - [09/Jul/2013:06:27:57 +0200] "POST /forum_attac.php3?id_article=710&retour=cikk HTTP/1.1" 404 292 "http://attac.zpok.hu/forum_attac.php3?id_article=710&retour=cikk" "Mozilla/4.0 (compatible; MSIE 6.0; Windows NT 5.1; SV1)"
66.160.134.222 - - [09/Jul/2013:06:27:58 +0200] "POST /forum_attac.php3?id_article=710&retour=cikk HTTP/1.1" 404 292 "http://attac.zpok.hu/forum_attac.php3?id_article=710&retour=cikk" "Mozilla/4.0 (compatible; MSIE 6.0; Windows NT 5.1; SV1)"
107.20.29.3 - - [09/Jul/2013:06:28:00 +0200] "POST /forum_attac.php3?id_article=710&retour=cikk HTTP/1.1" 404 292 "http://attac.zpok.hu/forum_attac.php3?id_article=710&retour=cikk" "Mozilla/4.0 (compatible; MSIE 6.0; Windows NT 5.1; SV1)"
107.196.89.53 - - [09/Jul/2013:06:28:23 +0200] "-" 408 - "-" "-"
195.56.55.225 - - [09/Jul/2013:06:29:41 +0200] "GET /test.html HTTP/1.1" 200 56 "-" "monit/4.6"
195.56.55.225 - - [09/Jul/2013:06:31:43 +0200] "GET /test.html HTTP/1.1" 200 56 "-" "monit/4.6"
195.56.55.225 - - [09/Jul/2013:06:33:45 +0200] "GET /test.html HTTP/1.1" 200 56 "-" "monit/4.6"
195.56.55.225 - - [09/Jul/2013:06:35:47 +0200] "GET /test.html HTTP/1.1" 200 56 "-" "monit/4.6"
91.232.96.36 - - [09/Jul/2013:06:36:44 +0200] "GET /forum_attac.php3?id_article=983&retour=cikk.php3%3Fid_article%3D983 HTTP/1.1" 404 292 "-" "Mozilla/4.0 (compatible; MSIE 6.0; Windows NT 5.1; SV1)"
180.76.5.87 - - [09/Jul/2013:06:37:44 +0200] "GET / HTTP/1.1" 200 1155 "-" "Mozilla/5.0 (compatible; Baiduspider/2.0; +http://www.baidu.com/search/spider.html)"
195.56.55.225 - - [09/Jul/2013:06:37:49 +0200] "GET /test.html HTTP/1.1" 200 56 "-" "monit/4.6"
142.4.127.33 - - [09/Jul/2013:06:38:52 +0200] "GET /IMG/European_SW_Report_2010-eng.pdf HTTP/1.0" 404 299 "http://attac.zpok.hu/IMG/European_SW_Report_2010-eng.pdf" "Mozilla/5.0 (Windows NT 6.1) AppleWebKit/537.4 (KHTML, like Gecko) Chrome/22.0.1229.94 Safari/537.4"
142.4.127.33 - - [09/Jul/2013:06:38:52 +0200] "GET / HTTP/1.0" 200 1155 "http://attac.zpok.hu/" "Mozilla/5.0 (Windows NT 6.1) AppleWebKit/537.4 (KHTML, like Gecko) Chrome/22.0.1229.94 Safari/537.4"
195.56.55.225 - - [09/Jul/2013:06:39:51 +0200] "GET /test.html HTTP/1.1" 200 56 "-" "monit/4.6"
195.56.55.225 - - [09/Jul/2013:06:41:53 +0200] "GET /test.html HTTP/1.1" 200 56 "-" "monit/4.6"
195.56.55.225 - - [09/Jul/2013:06:43:55 +0200] "GET /test.html HTTP/1.1" 200 56 "-" "monit/4.6"
195.56.55.225 - - [09/Jul/2013:06:45:57 +0200] "GET /test.html HTTP/1.1" 200 56 "-" "monit/4.6"
89.248.174.60 - - [09/Jul/2013:06:47:08 +0200] "GET /forum_attac.php3?id_article=983&retour=cikk.php3%3Fid_article%3D983 HTTP/1.1" 404 292 "-" "Mozilla/4.0 (compatible; MSIE 6.0; Windows NT 5.1; SV1)"
157.56.93.39 - - [09/Jul/2013:06:47:09 +0200] "GET /robots.txt HTTP/1.1" 404 302 "-" "Mozilla/5.0 (compatible; bingbot/2.0; +http://www.bing.com/bingbot.htm)"
175.44.57.251 - - [09/Jul/2013:06:47:23 +0200] "GET /http://lmv.hu// HTTP/1.0" 404 278 "http://forum.lmv.hu/" "Opera/9.80 (Windows NT 6.1; U; ru) Presto/2.7.39 Version/11.00"
195.56.55.225 - - [09/Jul/2013:06:47:59 +0200] "GET /test.html HTTP/1.1" 200 56 "-" "monit/4.6"
72.14.199.132 - - [09/Jul/2013:06:48:38 +0200] "GET / HTTP/1.1" 200 1155 "-" "Feedfetcher-Google; (+http://www.google.com/feedfetcher.html; 1 subscribers; feed-id=849169264004692768)"
157.56.93.39 - - [09/Jul/2013:06:49:23 +0200] "GET /new2.php HTTP/1.1" 404 300 "-" "Mozilla/5.0 (compatible; bingbot/2.0; +http://www.bing.com/bingbot.htm)"
195.56.55.225 - - [09/Jul/2013:06:50:01 +0200] "GET /test.html HTTP/1.1" 200 56 "-" "monit/4.6"
202.46.59.48 - - [09/Jul/2013:06:51:04 +0200] "GET / HTTP/1.1" 200 1155 "-" "Mozilla/4.0 (compatible; MSIE 7.0; Windows NT 6.0)"
119.63.193.194 - - [09/Jul/2013:06:51:34 +0200] "GET / HTTP/1.1" 200 1155 "-" "Mozilla/4.0 (compatible; MSIE 7.0; Windows NT 6.0)"
195.56.55.225 - - [09/Jul/2013:06:52:03 +0200] "GET /test.html HTTP/1.1" 200 56 "-" "monit/4.6"
192.74.241.114 - - [09/Jul/2013:06:53:33 +0200] "GET /cikk.php3?id_article=1031 HTTP/1.0" 404 273 "http://attac.zpok.hu/cikk.php3?id_article=1031" "Opera/9.80 (Windows NT 6.1; Win64; x64; Edition Yx) Presto/2.12.388 Version/12.10"
192.74.241.114 - - [09/Jul/2013:06:53:33 +0200] "GET / HTTP/1.0" 200 1155 "http://attac.zpok.hu/" "Opera/9.80 (Windows NT 6.1; Win64; x64; Edition Yx) Presto/2.12.388 Version/12.10"
195.56.55.225 - - [09/Jul/2013:06:54:05 +0200] "GET /test.html HTTP/1.1" 200 56 "-" "monit/4.6"
195.56.55.225 - - [09/Jul/2013:06:56:07 +0200] "GET /test.html HTTP/1.1" 200 56 "-" "monit/4.6"
195.56.55.225 - - [09/Jul/2013:06:58:10 +0200] "GET /test.html HTTP/1.1" 200 56 "-" "monit/4.6"
91.232.96.36 - - [09/Jul/2013:06:59:26 +0200] "GET /forum_attac.php3?id_article=983&retour=cikk.php3%3Fid_article%3D983 HTTP/1.1" 404 292 "-" "Mozilla/4.0 (compatible; MSIE 6.0; Windows NT 5.1; SV1)"
195.56.55.225 - - [09/Jul/2013:07:00:12 +0200] "GET /test.html HTTP/1.1" 200 56 "-" "monit/4.6"
66.249.78.218 - - [09/Jul/2013:07:00:24 +0200] "GET /cikk.php3?id_article=889 HTTP/1.1" 404 285 "-" "Googlebot/2.1"
195.56.55.225 - - [09/Jul/2013:07:02:15 +0200] "GET /test.html HTTP/1.1" 200 56 "-" "monit/4.6"
195.56.55.225 - - [09/Jul/2013:07:04:17 +0200] "GET /test.html HTTP/1.1" 200 56 "-" "monit/4.6"
195.56.55.225 - - [09/Jul/2013:07:06:19 +0200] "GET /test.html HTTP/1.1" 200 56 "-" "monit/4.6"
195.56.55.225 - - [09/Jul/2013:07:08:21 +0200] "GET /test.html HTTP/1.1" 200 56 "-" "monit/4.6"
89.248.174.60 - - [09/Jul/2013:07:10:08 +0200] "GET /forum_attac.php3?id_article=983&retour=cikk.php3%3Fid_article%3D983 HTTP/1.1" 404 292 "-" "Mozilla/4.0 (compatible; MSIE 6.0; Windows NT 5.1; SV1)"
195.56.55.225 - - [09/Jul/2013:07:10:23 +0200] "GET /test.html HTTP/1.1" 200 56 "-" "monit/4.6"
195.56.55.225 - - [09/Jul/2013:07:12:26 +0200] "GET /test.html HTTP/1.1" 200 56 "-" "monit/4.6"
87.229.83.2 - - [09/Jul/2013:07:14:26 +0200] "GET /puce.gif HTTP/1.1" 404 284 "http://jobbik.net/index.php?q=node/2839" "Mozilla/5.0 (Windows NT 6.1) AppleWebKit/537.36 (KHTML, like Gecko) Chrome/27.0.1453.116 Safari/537.36"
195.56.55.225 - - [09/Jul/2013:07:14:42 +0200] "GET /test.html HTTP/1.1" 200 56 "-" "monit/4.6"
195.56.55.225 - - [09/Jul/2013:07:16:44 +0200] "GET /test.html HTTP/1.1" 200 56 "-" "monit/4.6"
195.56.55.225 - - [09/Jul/2013:07:18:46 +0200] "GET /test.html HTTP/1.1" 200 56 "-" "monit/4.6"
195.56.55.225 - - [09/Jul/2013:07:20:48 +0200] "GET /test.html HTTP/1.1" 200 56 "-" "monit/4.6"
208.115.111.74 - - [09/Jul/2013:07:21:38 +0200] "GET /robots.txt HTTP/1.1" 404 290 "-" "Mozilla/5.0 (compatible; Ezooms/1.0; ezooms.bot@gmail.com)"
91.232.96.36 - - [09/Jul/2013:07:22:38 +0200] "GET /forum_attac.php3?id_article=983&retour=cikk.php3%3Fid_article%3D983 HTTP/1.1" 404 292 "-" "Mozilla/4.0 (compatible; MSIE 6.0; Windows NT 5.1; SV1)"
195.56.55.225 - - [09/Jul/2013:07:22:52 +0200] "GET /test.html HTTP/1.1" 200 56 "-" "monit/4.6"
195.56.55.225 - - [09/Jul/2013:07:24:53 +0200] "GET /test.html HTTP/1.1" 200 56 "-" "monit/4.6"
195.56.55.225 - - [09/Jul/2013:07:26:55 +0200] "GET /test.html HTTP/1.1" 200 56 "-" "monit/4.6"
195.56.55.225 - - [09/Jul/2013:07:28:57 +0200] "GET /test.html HTTP/1.1" 200 56 "-" "monit/4.6"
195.56.55.225 - - [09/Jul/2013:07:30:59 +0200] "GET /test.html HTTP/1.1" 200 56 "-" "monit/4.6"
212.7.196.79 - - [09/Jul/2013:07:32:31 +0200] "GET / HTTP/1.1" 200 1155 "-" "Mozilla/5.0 (Windows; U; Windows NT 6.1; WOW64; en-US; rv:2.0.4) Gecko/20120718 AskTbAVR-IDW/3.12.5.17700 Firefox/14.0.1"
195.56.55.225 - - [09/Jul/2013:07:33:01 +0200] "GET /test.html HTTP/1.1" 200 56 "-" "monit/4.6"
89.248.174.60 - - [09/Jul/2013:07:33:14 +0200] "GET /forum_attac.php3?id_article=983&retour=cikk.php3%3Fid_article%3D983 HTTP/1.1" 404 292 "-" "Mozilla/4.0 (compatible; MSIE 6.0; Windows NT 5.1; SV1)"
195.56.55.225 - - [09/Jul/2013:07:35:03 +0200] "GET /test.html HTTP/1.1" 200 56 "-" "monit/4.6"
157.56.229.244 - - [09/Jul/2013:07:35:31 +0200] "GET /robots.txt HTTP/1.1" 404 290 "-" "Mozilla/5.0 (compatible; bingbot/2.0; +http://www.bing.com/bingbot.htm)"
109.162.98.6 - - [09/Jul/2013:07:36:45 +0200] "POST /forum_attac.php3?id_article=710&retour=cikk HTTP/1.0" 404 280 "http://attac.zpok.hu/forum_attac.php3?id_article=710&retour=cikk" "Mozilla/4.0 (compatible; MSIE 6.0; Windows NT 5.1; SV1)"
157.56.229.244 - - [09/Jul/2013:07:36:46 +0200] "GET /cikk.php3?id_article=77 HTTP/1.1" 404 289 "-" "Mozilla/5.0 (compatible; bingbot/2.0; +http://www.bing.com/bingbot.htm)"
91.228.178.138 - - [09/Jul/2013:07:36:46 +0200] "POST /forum_attac.php3?id_article=710&retour=cikk HTTP/1.0" 404 280 "http://attac.zpok.hu/forum_attac.php3?id_article=710&retour=cikk" "Mozilla/4.0 (compatible; MSIE 6.0; Windows NT 5.1; SV1)"
212.98.183.24 - - [09/Jul/2013:07:36:47 +0200] "POST /forum_attac.php3?id_article=710&retour=cikk HTTP/1.1" 404 292 "http://attac.zpok.hu/forum_attac.php3?id_article=710&retour=cikk" "Mozilla/4.0 (compatible; MSIE 6.0; Windows NT 5.1; SV1)"
195.56.55.225 - - [09/Jul/2013:07:37:05 +0200] "GET /test.html HTTP/1.1" 200 56 "-" "monit/4.6"
195.56.55.225 - - [09/Jul/2013:07:39:07 +0200] "GET /test.html HTTP/1.1" 200 56 "-" "monit/4.6"
113.96.53.218 - - [09/Jul/2013:07:40:54 +0200] "GET /cikk.php3?id_article=376 HTTP/1.0" 404 273 "http://attac.zpok.hu/cikk.php3?id_article=376" "Mozilla/5.0 (Windows NT 6.0; rv:16.0) Gecko/20100101 Firefox/16.0"
113.96.53.218 - - [09/Jul/2013:07:40:55 +0200] "GET / HTTP/1.0" 200 1155 "http://attac.zpok.hu/" "Mozilla/5.0 (Windows NT 6.0; rv:16.0) Gecko/20100101 Firefox/16.0"
195.56.55.225 - - [09/Jul/2013:07:41:09 +0200] "GET /test.html HTTP/1.1" 200 56 "-" "monit/4.6"
180.76.5.164 - - [09/Jul/2013:07:41:47 +0200] "GET /robots.txt HTTP/1.1" 404 290 "-" "Mozilla/5.0 (Windows NT 5.1; rv:6.0.2) Gecko/20100101 Firefox/6.0.2"
173.199.114.211 - - [09/Jul/2013:07:42:12 +0200] "GET /cikk.php3?id_article=511 HTTP/1.1" 404 285 "-" "Mozilla/5.0 (compatible; AhrefsBot/4.0; +http://ahrefs.com/robot/)"
195.56.55.225 - - [09/Jul/2013:07:43:11 +0200] "GET /test.html HTTP/1.1" 200 56 "-" "monit/4.6"
157.56.229.244 - - [09/Jul/2013:07:44:26 +0200] "GET /robots.txt HTTP/1.1" 404 299 "-" "Mozilla/5.0 (compatible; bingbot/2.0; +http://www.bing.com/bingbot.htm)"
195.56.55.225 - - [09/Jul/2013:07:45:13 +0200] "GET /test.html HTTP/1.1" 200 56 "-" "monit/4.6"
91.232.96.36 - - [09/Jul/2013:07:45:43 +0200] "GET /forum_attac.php3?id_article=983&retour=cikk.php3%3Fid_article%3D983 HTTP/1.1" 404 292 "-" "Mozilla/4.0 (compatible; MSIE 6.0; Windows NT 5.1; SV1)"
195.56.55.225 - - [09/Jul/2013:07:47:15 +0200] "GET /test.html HTTP/1.1" 200 56 "-" "monit/4.6"
157.56.92.173 - - [09/Jul/2013:07:47:33 +0200] "GET /robots.txt HTTP/1.1" 404 285 "-" "Mozilla/5.0 (compatible; bingbot/2.0; +http://www.bing.com/bingbot.htm)"
208.115.111.74 - - [09/Jul/2013:07:48:28 +0200] "GET /tevekenysegunk/biojosagok/okovasar HTTP/1.1" 404 314 "-" "Mozilla/5.0 (compatible; Ezooms/1.0; ezooms.bot@gmail.com)"
195.56.55.225 - - [09/Jul/2013:07:49:17 +0200] "GET /test.html HTTP/1.1" 200 56 "-" "monit/4.6"
157.56.92.173 - - [09/Jul/2013:07:49:18 +0200] "GET / HTTP/1.1" 200 1155 "-" "Mozilla/5.0 (compatible; bingbot/2.0; +http://www.bing.com/bingbot.htm)"
157.56.229.244 - - [09/Jul/2013:07:49:26 +0200] "GET /kompasz/egy_tokeletes_vilagban_elni HTTP/1.1" 404 324 "-" "Mozilla/5.0 (compatible; bingbot/2.0; +http://www.bing.com/bingbot.htm)"
180.76.5.60 - - [09/Jul/2013:07:49:58 +0200] "GET /robots.txt HTTP/1.1" 404 285 "-" "Mozilla/5.0 (Windows NT 5.1; rv:6.0.2) Gecko/20100101 Firefox/6.0.2"
195.56.55.225 - - [09/Jul/2013:07:51:19 +0200] "GET /test.html HTTP/1.1" 200 56 "-" "monit/4.6"
123.125.71.25 - - [09/Jul/2013:07:51:22 +0200] "GET /gen_mta_level HTTP/1.1" 404 299 "-" "Mozilla/5.0 (compatible; Baiduspider/2.0; +http://www.baidu.com/search/spider.html)"
192.95.47.180 - - [09/Jul/2013:07:52:13 +0200] "GET / HTTP/1.1" 200 1155 "-" "Mozilla/4.0 (compatible; MSIE 6.0; Windows NT 5.1; SV1; Mozilla/4.0 (compatible; MSIE 6.0; Windows NT 5.1; SV1) ; .NET CLR 2.0.50727 ; .NET CLR 4.0.30319)"
195.56.55.225 - - [09/Jul/2013:07:53:21 +0200] "GET /test.html HTTP/1.1" 200 56 "-" "monit/4.6"
195.56.55.225 - - [09/Jul/2013:07:55:25 +0200] "GET /test.html HTTP/1.1" 200 56 "-" "monit/4.6"
89.248.174.60 - - [09/Jul/2013:07:56:09 +0200] "GET /forum_attac.php3?id_article=983&retour=cikk.php3%3Fid_article%3D983 HTTP/1.1" 404 292 "-" "Mozilla/4.0 (compatible; MSIE 6.0; Windows NT 5.1; SV1)"
110.83.60.118 - - [09/Jul/2013:07:56:32 +0200] "GET /node/7781 Result: chosen nickname \"Harydiuoq\"; sent; message must go through moderation; HTTP/1.0" 400 365 "-" "-"
180.76.5.97 - - [09/Jul/2013:07:56:39 +0200] "GET /robots.txt HTTP/1.1" 404 288 "-" "Mozilla/5.0 (Windows NT 5.1; rv:6.0.2) Gecko/20100101 Firefox/6.0.2"
195.56.55.225 - - [09/Jul/2013:07:57:27 +0200] "GET /test.html HTTP/1.1" 200 56 "-" "monit/4.6"
195.56.55.225 - - [09/Jul/2013:07:59:29 +0200] "GET /test.html HTTP/1.1" 200 56 "-" "monit/4.6"
180.76.5.137 - - [09/Jul/2013:07:59:34 +0200] "GET /robots.txt HTTP/1.1" 404 296 "-" "Mozilla/5.0 (Windows NT 5.1; rv:6.0.2) Gecko/20100101 Firefox/6.0.2"
195.56.55.225 - - [09/Jul/2013:08:01:31 +0200] "GET /test.html HTTP/1.1" 200 56 "-" "monit/4.6"
195.56.55.225 - - [09/Jul/2013:08:03:34 +0200] "GET /test.html HTTP/1.1" 200 56 "-" "monit/4.6"
195.56.55.225 - - [09/Jul/2013:08:05:36 +0200] "GET /test.html HTTP/1.1" 200 56 "-" "monit/4.6"
180.76.6.212 - - [09/Jul/2013:08:06:37 +0200] "GET / HTTP/1.1" 200 1155 "-" "Mozilla/5.0 (compatible; Baiduspider/2.0; +http://www.baidu.com/search/spider.html)"
195.56.55.225 - - [09/Jul/2013:08:07:38 +0200] "GET /test.html HTTP/1.1" 200 56 "-" "monit/4.6"
91.232.96.36 - - [09/Jul/2013:08:08:36 +0200] "GET /forum_attac.php3?id_article=983&retour=cikk.php3%3Fid_article%3D983 HTTP/1.1" 404 292 "-" "Mozilla/4.0 (compatible; MSIE 6.0; Windows NT 5.1; SV1)"
195.56.55.225 - - [09/Jul/2013:08:09:40 +0200] "GET /test.html HTTP/1.1" 200 56 "-" "monit/4.6"
195.56.55.225 - - [09/Jul/2013:08:11:42 +0200] "GET /test.html HTTP/1.1" 200 56 "-" "monit/4.6"
157.55.32.55 - - [09/Jul/2013:08:11:57 +0200] "GET /robots.txt HTTP/1.1" 404 282 "-" "Mozilla/5.0 (compatible; bingbot/2.0; +http://www.bing.com/bingbot.htm)"
195.56.55.225 - - [09/Jul/2013:08:13:44 +0200] "GET /test.html HTTP/1.1" 200 56 "-" "monit/4.6"
157.55.32.55 - - [09/Jul/2013:08:14:25 +0200] "GET / HTTP/1.1" 200 1155 "-" "Mozilla/5.0 (compatible; bingbot/2.0; +http://www.bing.com/bingbot.htm)"
195.56.55.225 - - [09/Jul/2013:08:15:46 +0200] "GET /test.html HTTP/1.1" 200 56 "-" "monit/4.6"
195.56.55.225 - - [09/Jul/2013:08:17:48 +0200] "GET /test.html HTTP/1.1" 200 56 "-" "monit/4.6"
89.248.174.60 - - [09/Jul/2013:08:19:18 +0200] "GET /forum_attac.php3?id_article=983&retour=cikk.php3%3Fid_article%3D983 HTTP/1.1" 404 292 "-" "Mozilla/4.0 (compatible; MSIE 6.0; Windows NT 5.1; SV1)"
195.56.55.225 - - [09/Jul/2013:08:19:51 +0200] "GET /test.html HTTP/1.1" 200 56 "-" "monit/4.6"
195.56.55.225 - - [09/Jul/2013:08:21:54 +0200] "GET /test.html HTTP/1.1" 200 56 "-" "monit/4.6"
195.56.55.225 - - [09/Jul/2013:08:23:56 +0200] "GET /test.html HTTP/1.1" 200 56 "-" "monit/4.6"
195.56.55.225 - - [09/Jul/2013:08:26:02 +0200] "GET /test.html HTTP/1.1" 200 56 "-" "monit/4.6"
173.199.114.211 - - [09/Jul/2013:08:27:11 +0200] "GET /cikk.php3?id_article=250 HTTP/1.1" 404 285 "-" "Mozilla/5.0 (compatible; AhrefsBot/4.0; +http://ahrefs.com/robot/)"
195.56.55.225 - - [09/Jul/2013:08:28:04 +0200] "GET /test.html HTTP/1.1" 200 56 "-" "monit/4.6"
195.56.55.225 - - [09/Jul/2013:08:30:06 +0200] "GET /test.html HTTP/1.1" 200 56 "-" "monit/4.6"
91.232.96.36 - - [09/Jul/2013:08:31:37 +0200] "GET /forum_attac.php3?id_article=983&retour=cikk.php3%3Fid_article%3D983 HTTP/1.1" 404 292 "-" "Mozilla/4.0 (compatible; MSIE 6.0; Windows NT 5.1; SV1)"
195.56.55.225 - - [09/Jul/2013:08:32:08 +0200] "GET /test.html HTTP/1.1" 200 56 "-" "monit/4.6"
195.56.55.225 - - [09/Jul/2013:08:34:21 +0200] "GET /test.html HTTP/1.1" 200 56 "-" "monit/4.6"
195.56.55.225 - - [09/Jul/2013:08:36:23 +0200] "GET /test.html HTTP/1.1" 200 56 "-" "monit/4.6"
66.160.134.222 - - [09/Jul/2013:08:36:29 +0200] "POST /forum_attac.php3?id_article=710&retour=cikk HTTP/1.1" 404 292 "http://attac.zpok.hu/forum_attac.php3?id_article=710&retour=cikk" "Mozilla/4.0 (compatible; MSIE 6.0; Windows NT 5.1; SV1)"
87.250.37.50 - - [09/Jul/2013:08:37:21 +0200] "POST /forum_attac.php3?id_article=710&retour=cikk HTTP/1.1" 404 292 "http://attac.zpok.hu/forum_attac.php3?id_article=710&retour=cikk" "Mozilla/4.0 (compatible; MSIE 6.0; Windows NT 5.1; SV1)"
74.121.191.133 - - [09/Jul/2013:08:37:22 +0200] "POST /forum_attac.php3?id_article=710&retour=cikk HTTP/1.1" 404 292 "http://attac.zpok.hu/forum_attac.php3?id_article=710&retour=cikk" "Mozilla/4.0 (compatible; MSIE 6.0; Windows NT 5.1; SV1)"
176.9.83.228 - - [09/Jul/2013:08:37:24 +0200] "GET /node/add/og HTTP/1.1" 404 295 "-" "ExB Language Crawler 2.1.5 (+http://www.exb.de/crawler)"
195.56.55.225 - - [09/Jul/2013:08:38:25 +0200] "GET /test.html HTTP/1.1" 200 56 "-" "monit/4.6"
195.56.55.225 - - [09/Jul/2013:08:40:27 +0200] "GET /test.html HTTP/1.1" 200 56 "-" "monit/4.6"
89.248.174.60 - - [09/Jul/2013:08:42:25 +0200] "GET /forum_attac.php3?id_article=983&retour=cikk.php3%3Fid_article%3D983 HTTP/1.1" 404 292 "-" "Mozilla/4.0 (compatible; MSIE 6.0; Windows NT 5.1; SV1)"
195.56.55.225 - - [09/Jul/2013:08:42:30 +0200] "GET /test.html HTTP/1.1" 200 56 "-" "monit/4.6"
84.2.8.104 - - [09/Jul/2013:08:43:14 +0200] "-" 408 - "-" "-"
84.2.8.104 - - [09/Jul/2013:08:43:14 +0200] "-" 408 - "-" "-"
84.2.8.104 - - [09/Jul/2013:08:43:14 +0200] "-" 408 - "-" "-"
84.2.8.104 - - [09/Jul/2013:08:43:14 +0200] "-" 408 - "-" "-"
84.2.8.104 - - [09/Jul/2013:08:43:14 +0200] "-" 408 - "-" "-"
195.56.55.225 - - [09/Jul/2013:08:44:32 +0200] "GET /test.html HTTP/1.1" 200 56 "-" "monit/4.6"
195.56.55.225 - - [09/Jul/2013:08:46:34 +0200] "GET /test.html HTTP/1.1" 200 56 "-" "monit/4.6"
195.56.55.225 - - [09/Jul/2013:08:48:36 +0200] "GET /test.html HTTP/1.1" 200 56 "-" "monit/4.6"
195.56.55.225 - - [09/Jul/2013:08:50:38 +0200] "GET /test.html HTTP/1.1" 200 56 "-" "monit/4.6"
195.56.55.225 - - [09/Jul/2013:08:52:40 +0200] "GET /test.html HTTP/1.1" 200 56 "-" "monit/4.6"
91.232.96.36 - - [09/Jul/2013:08:54:34 +0200] "GET /forum_attac.php3?id_article=983&retour=cikk.php3%3Fid_article%3D983 HTTP/1.1" 404 292 "-" "Mozilla/4.0 (compatible; MSIE 6.0; Windows NT 5.1; SV1)"
195.56.55.225 - - [09/Jul/2013:08:54:42 +0200] "GET /test.html HTTP/1.1" 200 56 "-" "monit/4.6"
178.210.252.93 - - [09/Jul/2013:08:55:07 +0200] "-" 408 - "-" "-"
195.56.55.225 - - [09/Jul/2013:08:56:44 +0200] "GET /test.html HTTP/1.1" 200 56 "-" "monit/4.6"
195.56.55.225 - - [09/Jul/2013:08:58:46 +0200] "GET /test.html HTTP/1.1" 200 56 "-" "monit/4.6"
195.56.55.225 - - [09/Jul/2013:09:00:48 +0200] "GET /test.html HTTP/1.1" 200 56 "-" "monit/4.6"
195.56.55.225 - - [09/Jul/2013:09:02:50 +0200] "GET /test.html HTTP/1.1" 200 56 "-" "monit/4.6"
176.9.21.194 - - [09/Jul/2013:09:02:59 +0200] "GET /robots.txt HTTP/1.0" 404 278 "-" "Mozilla/5.0 (compatible; SEOkicks-Robot +http://www.seokicks.de/robot.html)"
77.57.13.13 - - [09/Jul/2013:09:03:00 +0200] "GET /puce.gif HTTP/1.1" 404 284 "http://jobbik.net/index.php?q=node/2839" "Mozilla/5.0 (Linux; U; Android 2.3.4; de-de; GT-I9100 Build/GINGERBREAD) AppleWebKit/533.1 (KHTML, like Gecko) Version/4.0 Mobile Safari/533.1"
123.125.71.50 - - [09/Jul/2013:09:03:01 +0200] "GET /index.shtml?apc=--1knm15408&x=15408 HTTP/1.1" 404 300 "-" "Mozilla/5.0 (compatible; Baiduspider/2.0; +http://www.baidu.com/search/spider.html)"
176.9.21.194 - - [09/Jul/2013:09:03:02 +0200] "GET / HTTP/1.0" 200 1155 "-" "Mozilla/5.0 (compatible; SEOkicks-Robot +http://www.seokicks.de/robot.html)"
180.76.5.13 - - [09/Jul/2013:09:04:43 +0200] "GET /robots.txt HTTP/1.1" 404 299 "-" "Mozilla/5.0 (Windows NT 5.1; rv:6.0.2) Gecko/20100101 Firefox/6.0.2"
195.56.55.225 - - [09/Jul/2013:09:04:52 +0200] "GET /test.html HTTP/1.1" 200 56 "-" "monit/4.6"
89.248.174.60 - - [09/Jul/2013:09:05:11 +0200] "GET /forum_attac.php3?id_article=983&retour=cikk.php3%3Fid_article%3D983 HTTP/1.1" 404 292 "-" "Mozilla/4.0 (compatible; MSIE 6.0; Windows NT 5.1; SV1)"
195.56.55.225 - - [09/Jul/2013:09:06:54 +0200] "GET /test.html HTTP/1.1" 200 56 "-" "monit/4.6"
65.55.52.114 - - [09/Jul/2013:09:07:48 +0200] "GET /robots.txt HTTP/1.1" 404 290 "-" "Mozilla/5.0 (compatible; bingbot/2.0; +http://www.bing.com/bingbot.htm)"
65.55.52.114 - - [09/Jul/2013:09:08:55 +0200] "GET / HTTP/1.1" 200 1155 "-" "Mozilla/5.0 (compatible; bingbot/2.0; +http://www.bing.com/bingbot.htm)"
195.56.55.225 - - [09/Jul/2013:09:08:56 +0200] "GET /test.html HTTP/1.1" 200 56 "-" "monit/4.6"
157.56.229.189 - - [09/Jul/2013:09:09:39 +0200] "GET /robots.txt HTTP/1.1" 404 309 "-" "Mozilla/5.0 (compatible; bingbot/2.0; +http://www.bing.com/bingbot.htm)"
157.56.229.189 - - [09/Jul/2013:09:10:39 +0200] "GET /silo HTTP/1.1" 404 303 "-" "Mozilla/5.0 (compatible; bingbot/2.0; +http://www.bing.com/bingbot.htm)"
195.56.55.225 - - [09/Jul/2013:09:10:58 +0200] "GET /test.html HTTP/1.1" 200 56 "-" "monit/4.6"
195.56.55.225 - - [09/Jul/2013:09:13:00 +0200] "GET /test.html HTTP/1.1" 200 56 "-" "monit/4.6"
173.199.114.211 - - [09/Jul/2013:09:14:06 +0200] "GET /cikk.php3?id_article=662 HTTP/1.1" 404 285 "-" "Mozilla/5.0 (compatible; AhrefsBot/4.0; +http://ahrefs.com/robot/)"
195.56.55.225 - - [09/Jul/2013:09:15:02 +0200] "GET /test.html HTTP/1.1" 200 56 "-" "monit/4.6"
193.224.195.2 - - [09/Jul/2013:09:16:40 +0200] "-" 408 - "-" "-"
195.56.55.225 - - [09/Jul/2013:09:17:05 +0200] "GET /test.html HTTP/1.1" 200 56 "-" "monit/4.6"
91.232.96.36 - - [09/Jul/2013:09:17:27 +0200] "GET /forum_attac.php3?id_article=983&retour=cikk.php3%3Fid_article%3D983 HTTP/1.1" 404 292 "-" "Mozilla/4.0 (compatible; MSIE 6.0; Windows NT 5.1; SV1)"
195.56.55.225 - - [09/Jul/2013:09:19:07 +0200] "GET /test.html HTTP/1.1" 200 56 "-" "monit/4.6"
66.249.78.218 - - [09/Jul/2013:09:19:52 +0200] "GET /cikk.php3?id_article=995 HTTP/1.1" 404 285 "-" "Mozilla/5.0 (compatible; Googlebot/2.1; +http://www.google.com/bot.html)"
195.56.55.225 - - [09/Jul/2013:09:21:09 +0200] "GET /test.html HTTP/1.1" 200 56 "-" "monit/4.6"
195.56.55.225 - - [09/Jul/2013:09:23:11 +0200] "GET /test.html HTTP/1.1" 200 56 "-" "monit/4.6"
195.56.55.225 - - [09/Jul/2013:09:25:16 +0200] "GET /test.html HTTP/1.1" 200 56 "-" "monit/4.6"
157.56.93.39 - - [09/Jul/2013:09:26:36 +0200] "GET /robots.txt HTTP/1.1" 404 299 "-" "Mozilla/5.0 (compatible; bingbot/2.0; +http://www.bing.com/bingbot.htm)"
195.56.55.225 - - [09/Jul/2013:09:27:18 +0200] "GET /test.html HTTP/1.1" 200 56 "-" "monit/4.6"
89.248.174.60 - - [09/Jul/2013:09:28:09 +0200] "GET /forum_attac.php3?id_article=983&retour=cikk.php3%3Fid_article%3D983 HTTP/1.1" 404 292 "-" "Mozilla/4.0 (compatible; MSIE 6.0; Windows NT 5.1; SV1)"
195.56.55.225 - - [09/Jul/2013:09:29:20 +0200] "GET /test.html HTTP/1.1" 200 56 "-" "monit/4.6"
82.144.168.64 - - [09/Jul/2013:09:29:46 +0200] "-" 408 - "-" "-"
195.56.55.225 - - [09/Jul/2013:09:31:22 +0200] "GET /test.html HTTP/1.1" 200 56 "-" "monit/4.6"
195.56.55.225 - - [09/Jul/2013:09:33:24 +0200] "GET /test.html HTTP/1.1" 200 56 "-" "monit/4.6"
195.56.55.225 - - [09/Jul/2013:09:35:26 +0200] "GET /test.html HTTP/1.1" 200 56 "-" "monit/4.6"
23.20.95.92 - - [09/Jul/2013:09:37:03 +0200] "POST /forum_attac.php3?id_article=710&retour=cikk HTTP/1.1" 404 292 "http://attac.zpok.hu/forum_attac.php3?id_article=710&retour=cikk" "Mozilla/4.0 (compatible; MSIE 6.0; Windows NT 5.1; SV1)"
195.56.55.225 - - [09/Jul/2013:09:37:28 +0200] "GET /test.html HTTP/1.1" 200 56 "-" "monit/4.6"
94.27.223.8 - - [09/Jul/2013:09:38:31 +0200] "-" 408 - "-" "-"
94.27.223.8 - - [09/Jul/2013:09:38:31 +0200] "-" 408 - "-" "-"
