195.56.55.225 - - [07/Jul/2013:00:39:09 +0200] "GET /test.html HTTP/1.1" 200 56 "-" "monit/4.6"
157.56.93.62 - - [07/Jul/2013:00:40:06 +0200] "GET /robots.txt HTTP/1.1" 404 287 "-" "Mozilla/5.0 (compatible; bingbot/2.0; +http://www.bing.com/bingbot.htm)"
157.56.93.62 - - [07/Jul/2013:00:40:52 +0200] "GET / HTTP/1.1" 200 1155 "-" "Mozilla/5.0 (compatible; bingbot/2.0; +http://www.bing.com/bingbot.htm)"
195.56.55.225 - - [07/Jul/2013:00:41:11 +0200] "GET /test.html HTTP/1.1" 200 56 "-" "monit/4.6"
198.1.99.26 - - [07/Jul/2013:00:42:46 +0200] "POST /forum_attac.php3?id_article=710&retour=cikk HTTP/1.1" 404 292 "-" "Mozilla/4.0 (compatible; MSIE 6.0; Windows NT 5.1; SV1)"
94.231.163.147 - - [07/Jul/2013:00:42:56 +0200] "POST /forum_attac.php3?id_article=710&retour=cikk HTTP/1.1" 404 292 "http://attac.zpok.hu/forum_attac.php3?id_article=710&retour=cikk" "Mozilla/4.0 (compatible; MSIE 6.0; Windows NT 5.1; SV1)"
195.56.55.225 - - [07/Jul/2013:00:43:13 +0200] "GET /test.html HTTP/1.1" 200 56 "-" "monit/4.6"
202.46.63.45 - - [07/Jul/2013:00:43:28 +0200] "GET / HTTP/1.1" 200 1155 "-" "Mozilla/4.0 (compatible; MSIE 7.0; Windows NT 6.0)"
119.63.193.194 - - [07/Jul/2013:00:43:42 +0200] "GET / HTTP/1.1" 200 1155 "-" "Mozilla/4.0 (compatible; MSIE 7.0; Windows NT 6.0)"
157.56.93.52 - - [07/Jul/2013:00:44:50 +0200] "GET /robots.txt HTTP/1.1" 404 299 "-" "Mozilla/5.0 (compatible; bingbot/2.0; +http://www.bing.com/bingbot.htm)"
195.56.55.225 - - [07/Jul/2013:00:45:16 +0200] "GET /test.html HTTP/1.1" 200 56 "-" "monit/4.6"
27.159.201.197 - - [07/Jul/2013:00:46:54 +0200] "GET /http://lmv.hu// HTTP/1.0" 404 278 "http://forum.lmv.hu/" "Mozilla/5.0 (Windows; U; Windows NT 6.1; en-US) AppleWebKit/533.4 (KHTML, like Gecko) Iron/5.0.381.0 Chrome/5.0.381 Safari/533.4"
172.245.212.116 - - [07/Jul/2013:00:46:56 +0200] "GET /www.bicusa.org/lac/ppa_corredor1.htm HTTP/1.1" 404 314 "http://www.dig.pw" "Mozilla/4.0 (compatible; MSIE 5.5; Windows 98)"
172.245.212.116 - - [07/Jul/2013:00:46:56 +0200] "GET /www.bicusa.org/lac/ppa_corredor1.htm HTTP/1.1" 404 314 "http://www.ksl.cc" "Mozilla/4.0 (compatible; MSIE 5.5; Windows 98)"
195.56.55.225 - - [07/Jul/2013:00:47:18 +0200] "GET /test.html HTTP/1.1" 200 56 "-" "monit/4.6"
195.56.55.225 - - [07/Jul/2013:00:49:20 +0200] "GET /test.html HTTP/1.1" 200 56 "-" "monit/4.6"
46.107.197.17 - - [07/Jul/2013:00:49:44 +0200] "GET /proxy.pac HTTP/1.1" 404 282 "-" "Mozilla/5.0 (compatible; MSIE 10.0; Win32; Trident/6.0)"
195.56.55.225 - - [07/Jul/2013:00:51:22 +0200] "GET /test.html HTTP/1.1" 200 56 "-" "monit/4.6"
195.56.55.225 - - [07/Jul/2013:00:53:24 +0200] "GET /test.html HTTP/1.1" 200 56 "-" "monit/4.6"
157.56.93.52 - - [07/Jul/2013:00:53:36 +0200] "GET /taxonomy/term/127 HTTP/1.1" 404 306 "-" "Mozilla/5.0 (compatible; bingbot/2.0; +http://www.bing.com/bingbot.htm)"
46.107.197.17 - - [07/Jul/2013:00:54:11 +0200] "GET /proxy.pac HTTP/1.1" 404 282 "-" "Mozilla/5.0 (Windows NT 6.1) AppleWebKit/537.36 (KHTML, like Gecko) Chrome/27.0.1453.116 Safari/537.36"
190.128.137.206 - - [07/Jul/2013:00:55:22 +0200] "POST /forum_attac.php3?id_article=710&retour=cikk HTTP/1.1" 404 292 "http://attac.zpok.hu/forum_attac.php3?id_article=710&retour=cikk" "Mozilla/4.0 (compatible; MSIE 6.0; Windows NT 5.1; SV1)"
195.56.55.225 - - [07/Jul/2013:00:55:27 +0200] "GET /test.html HTTP/1.1" 200 56 "-" "monit/4.6"
91.232.96.36 - - [07/Jul/2013:00:55:38 +0200] "GET /forum_attac.php3?id_article=983&retour=cikk.php3%3Fid_article%3D983 HTTP/1.1" 404 292 "-" "Mozilla/4.0 (compatible; MSIE 6.0; Windows NT 5.1; SV1)"
83.168.215.63 - - [07/Jul/2013:00:56:28 +0200] "POST" 405 - "-" "-"
195.56.55.225 - - [07/Jul/2013:00:57:29 +0200] "GET /test.html HTTP/1.1" 200 56 "-" "monit/4.6"
91.228.178.138 - - [07/Jul/2013:00:58:32 +0200] "POST /forum_attac.php3?id_article=710&retour=cikk HTTP/1.0" 404 280 "http://attac.zpok.hu/forum_attac.php3?id_article=710&retour=cikk" "Mozilla/4.0 (compatible; MSIE 6.0; Windows NT 5.1; SV1)"
89.248.174.60 - - [07/Jul/2013:00:58:43 +0200] "GET /forum_attac.php3?id_article=983&retour=cikk.php3%3Fid_article%3D983 HTTP/1.1" 404 292 "-" "Mozilla/4.0 (compatible; MSIE 6.0; Windows NT 5.1; SV1)"
208.115.113.87 - - [07/Jul/2013:00:58:53 +0200] "GET /robots.txt HTTP/1.1" 404 294 "-" "Mozilla/5.0 (compatible; Ezooms/1.0; ezooms.bot@gmail.com)"
195.56.55.225 - - [07/Jul/2013:00:59:31 +0200] "GET /test.html HTTP/1.1" 200 56 "-" "monit/4.6"
195.56.55.225 - - [07/Jul/2013:01:01:33 +0200] "GET /test.html HTTP/1.1" 200 56 "-" "monit/4.6"
195.3.146.94 - - [07/Jul/2013:01:01:44 +0200] "HEAD /?q=admin&destination=admin HTTP/1.0" 400 0 "-" "-"
195.56.55.225 - - [07/Jul/2013:01:03:35 +0200] "GET /test.html HTTP/1.1" 200 56 "-" "monit/4.6"
46.107.197.17 - - [07/Jul/2013:01:04:37 +0200] "GET /proxy.pac HTTP/1.1" 404 282 "-" "Mozilla/5.0 (compatible; MSIE 10.0; Win32; Trident/6.0)"
46.107.197.17 - - [07/Jul/2013:01:04:44 +0200] "GET /proxy.pac HTTP/1.1" 404 282 "-" "Mozilla/5.0 (compatible; MSIE 10.0; Win32; Trident/6.0)"
195.56.55.225 - - [07/Jul/2013:01:05:37 +0200] "GET /test.html HTTP/1.1" 200 56 "-" "monit/4.6"
66.249.78.218 - - [07/Jul/2013:01:06:12 +0200] "GET /cikk.php3?id_article=288 HTTP/1.1" 404 285 "-" "Mozilla/5.0 (compatible; Googlebot/2.1; +http://www.google.com/bot.html)"
46.107.197.17 - - [07/Jul/2013:01:06:28 +0200] "GET /proxy.pac HTTP/1.1" 404 282 "-" "-"
46.107.197.17 - - [07/Jul/2013:01:06:28 +0200] "GET /proxy.pac HTTP/1.1" 404 282 "-" "-"
46.107.197.17 - - [07/Jul/2013:01:06:28 +0200] "GET /proxy.pac HTTP/1.1" 404 282 "-" "-"
46.107.197.17 - - [07/Jul/2013:01:06:28 +0200] "GET /proxy.pac HTTP/1.1" 404 282 "-" "-"
46.107.197.17 - - [07/Jul/2013:01:06:28 +0200] "GET /proxy.pac HTTP/1.1" 404 282 "-" "-"
46.107.197.17 - - [07/Jul/2013:01:06:28 +0200] "GET /proxy.pac HTTP/1.1" 404 282 "-" "-"
46.107.197.17 - - [07/Jul/2013:01:06:28 +0200] "GET /proxy.pac HTTP/1.1" 404 282 "-" "-"
46.107.197.17 - - [07/Jul/2013:01:06:28 +0200] "GET /proxy.pac HTTP/1.1" 404 282 "-" "-"
66.249.78.218 - - [07/Jul/2013:01:06:46 +0200] "GET /cikk.php3?id_article=303 HTTP/1.1" 404 285 "-" "Mozilla/5.0 (compatible; Googlebot/2.1; +http://www.google.com/bot.html)"
195.56.55.225 - - [07/Jul/2013:01:07:39 +0200] "GET /test.html HTTP/1.1" 200 56 "-" "monit/4.6"
54.235.160.121 - - [07/Jul/2013:01:08:26 +0200] "POST /forum_attac.php3?id_article=710&retour=cikk HTTP/1.1" 404 292 "http://attac.zpok.hu/forum_attac.php3?id_article=710&retour=cikk" "Mozilla/4.0 (compatible; MSIE 6.0; Windows NT 5.1; SV1)"
178.151.113.9 - - [07/Jul/2013:01:08:27 +0200] "POST /forum_attac.php3?id_article=710&retour=cikk HTTP/1.1" 404 292 "http://attac.zpok.hu/forum_attac.php3?id_article=710&retour=cikk" "Mozilla/4.0 (compatible; MSIE 6.0; Windows NT 5.1; SV1)"
66.249.78.218 - - [07/Jul/2013:01:08:43 +0200] "GET /cikk.php3?id_article=685 HTTP/1.1" 404 285 "-" "Mozilla/5.0 (compatible; Googlebot/2.1; +http://www.google.com/bot.html)"
195.56.55.225 - - [07/Jul/2013:01:09:41 +0200] "GET /test.html HTTP/1.1" 200 56 "-" "monit/4.6"
66.249.78.75 - - [07/Jul/2013:01:09:58 +0200] "GET /robots.txt HTTP/1.1" 404 282 "-" "Mozilla/5.0 (compatible; Googlebot/2.1; +http://www.google.com/bot.html)"
195.56.55.225 - - [07/Jul/2013:01:11:43 +0200] "GET /test.html HTTP/1.1" 200 56 "-" "monit/4.6"
66.249.74.89 - - [07/Jul/2013:01:12:00 +0200] "GET /robots.txt HTTP/1.1" 404 289 "-" "Mozilla/5.0 (compatible; Googlebot/2.1; +http://www.google.com/bot.html)"
195.56.55.225 - - [07/Jul/2013:01:13:45 +0200] "GET /test.html HTTP/1.1" 200 56 "-" "monit/4.6"
195.56.55.225 - - [07/Jul/2013:01:15:47 +0200] "GET /test.html HTTP/1.1" 200 56 "-" "monit/4.6"
195.56.55.225 - - [07/Jul/2013:01:17:50 +0200] "GET /test.html HTTP/1.1" 200 56 "-" "monit/4.6"
91.232.96.36 - - [07/Jul/2013:01:18:40 +0200] "GET /forum_attac.php3?id_article=983&retour=cikk.php3%3Fid_article%3D983 HTTP/1.1" 404 292 "-" "Mozilla/4.0 (compatible; MSIE 6.0; Windows NT 5.1; SV1)"
46.107.197.17 - - [07/Jul/2013:01:19:44 +0200] "GET /proxy.pac HTTP/1.1" 404 282 "-" "Mozilla/5.0 (compatible; MSIE 10.0; Win32; Trident/6.0)"
195.56.55.225 - - [07/Jul/2013:01:19:52 +0200] "GET /test.html HTTP/1.1" 200 56 "-" "monit/4.6"
209.85.238.52 - - [07/Jul/2013:01:20:30 +0200] "GET / HTTP/1.1" 200 1155 "-" "Feedfetcher-Google; (+http://www.google.com/feedfetcher.html; 1 subscribers; feed-id=849169264004692768)"
195.56.55.225 - - [07/Jul/2013:01:21:54 +0200] "GET /test.html HTTP/1.1" 200 56 "-" "monit/4.6"
89.248.174.60 - - [07/Jul/2013:01:21:57 +0200] "GET /forum_attac.php3?id_article=983&retour=cikk.php3%3Fid_article%3D983 HTTP/1.1" 404 292 "-" "Mozilla/4.0 (compatible; MSIE 6.0; Windows NT 5.1; SV1)"
77.88.42.27 - - [07/Jul/2013:01:22:21 +0200] "GET / HTTP/1.1" 200 1155 "-" "Mozilla/5.0 (compatible; YandexBot/3.0; +http://yandex.com/bots)"
195.56.55.225 - - [07/Jul/2013:01:23:56 +0200] "GET /test.html HTTP/1.1" 200 56 "-" "monit/4.6"
208.115.113.87 - - [07/Jul/2013:01:25:49 +0200] "GET /node/162 HTTP/1.1" 404 292 "-" "Mozilla/5.0 (compatible; Ezooms/1.0; ezooms.bot@gmail.com)"
195.56.55.225 - - [07/Jul/2013:01:25:58 +0200] "GET /test.html HTTP/1.1" 200 56 "-" "monit/4.6"
66.249.78.218 - - [07/Jul/2013:01:26:06 +0200] "GET /cikk.php3?id_article=200 HTTP/1.1" 404 285 "-" "Mozilla/5.0 (compatible; Googlebot/2.1; +http://www.google.com/bot.html)"
46.107.197.17 - - [07/Jul/2013:01:26:28 +0200] "GET /proxy.pac HTTP/1.1" 404 282 "-" "-"
46.107.197.17 - - [07/Jul/2013:01:26:28 +0200] "GET /proxy.pac HTTP/1.1" 404 282 "-" "-"
195.56.55.225 - - [07/Jul/2013:01:28:00 +0200] "GET /test.html HTTP/1.1" 200 56 "-" "monit/4.6"
107.21.102.102 - - [07/Jul/2013:01:28:50 +0200] "POST /forum_attac.php3?id_article=710&retour=cikk HTTP/1.1" 404 292 "http://attac.zpok.hu/forum_attac.php3?id_article=710&retour=cikk" "Mozilla/4.0 (compatible; MSIE 6.0; Windows NT 5.1; SV1)"
89.218.94.166 - - [07/Jul/2013:01:28:51 +0200] "POST /forum_attac.php3?id_article=710&retour=cikk HTTP/1.1" 404 292 "http://attac.zpok.hu/forum_attac.php3?id_article=710&retour=cikk" "Mozilla/4.0 (compatible; MSIE 6.0; Windows NT 5.1; SV1)"
195.56.55.225 - - [07/Jul/2013:01:30:02 +0200] "GET /test.html HTTP/1.1" 200 56 "-" "monit/4.6"
195.56.55.225 - - [07/Jul/2013:01:32:05 +0200] "GET /test.html HTTP/1.1" 200 56 "-" "monit/4.6"
195.56.55.225 - - [07/Jul/2013:01:34:07 +0200] "GET /test.html HTTP/1.1" 200 56 "-" "monit/4.6"
46.107.197.17 - - [07/Jul/2013:01:34:44 +0200] "GET /proxy.pac HTTP/1.1" 404 282 "-" "Mozilla/5.0 (compatible; MSIE 10.0; Win32; Trident/6.0)"
195.56.55.225 - - [07/Jul/2013:01:36:09 +0200] "GET /test.html HTTP/1.1" 200 56 "-" "monit/4.6"
77.111.90.197 - - [07/Jul/2013:01:36:53 +0200] "GET /cikk.php3?id_article=495 HTTP/1.1" 404 285 "-" "Mozilla/5.0 (X11; U; Linux i686; en-US; rv:1.9.0.4) Gecko/2008111318 Ubuntu/8.10 (intrepid) Firefox/3.0.4"
195.56.55.225 - - [07/Jul/2013:01:38:11 +0200] "GET /test.html HTTP/1.1" 200 56 "-" "monit/4.6"
195.56.55.225 - - [07/Jul/2013:01:40:13 +0200] "GET /test.html HTTP/1.1" 200 56 "-" "monit/4.6"
91.232.96.36 - - [07/Jul/2013:01:41:40 +0200] "GET /forum_attac.php3?id_article=983&retour=cikk.php3%3Fid_article%3D983 HTTP/1.1" 404 292 "-" "Mozilla/4.0 (compatible; MSIE 6.0; Windows NT 5.1; SV1)"
195.56.55.225 - - [07/Jul/2013:01:42:48 +0200] "GET /test.html HTTP/1.1" 200 56 "-" "monit/4.6"
89.248.174.60 - - [07/Jul/2013:01:44:49 +0200] "GET /forum_attac.php3?id_article=983&retour=cikk.php3%3Fid_article%3D983 HTTP/1.1" 404 292 "-" "Mozilla/4.0 (compatible; MSIE 6.0; Windows NT 5.1; SV1)"
195.56.55.225 - - [07/Jul/2013:01:44:50 +0200] "GET /test.html HTTP/1.1" 200 56 "-" "monit/4.6"
195.56.55.225 - - [07/Jul/2013:01:46:52 +0200] "GET /test.html HTTP/1.1" 200 56 "-" "monit/4.6"
46.107.197.17 - - [07/Jul/2013:01:48:12 +0200] "GET /proxy.pac HTTP/1.1" 404 282 "-" "-"
46.107.197.17 - - [07/Jul/2013:01:48:15 +0200] "GET /proxy.pac HTTP/1.1" 404 282 "-" "-"
195.56.55.225 - - [07/Jul/2013:01:48:54 +0200] "GET /test.html HTTP/1.1" 200 56 "-" "monit/4.6"
46.107.197.17 - - [07/Jul/2013:01:49:45 +0200] "GET /proxy.pac HTTP/1.1" 404 282 "-" "Mozilla/5.0 (compatible; MSIE 10.0; Win32; Trident/6.0)"
195.56.55.225 - - [07/Jul/2013:01:50:56 +0200] "GET /test.html HTTP/1.1" 200 56 "-" "monit/4.6"
64.213.148.130 - - [07/Jul/2013:01:52:39 +0200] "POST /forum_attac.php3?id_article=710&retour=cikk HTTP/1.1" 404 292 "http://attac.zpok.hu/forum_attac.php3?id_article=710&retour=cikk" "Mozilla/4.0 (compatible; MSIE 6.0; Windows NT 5.1; SV1)"
134.201.250.155 - - [07/Jul/2013:01:52:40 +0200] "POST /forum_attac.php3?id_article=710&retour=cikk HTTP/1.1" 404 292 "http://attac.zpok.hu/forum_attac.php3?id_article=710&retour=cikk" "Mozilla/4.0 (compatible; MSIE 6.0; Windows NT 5.1; SV1)"
195.56.55.225 - - [07/Jul/2013:01:52:58 +0200] "GET /test.html HTTP/1.1" 200 56 "-" "monit/4.6"
195.56.55.225 - - [07/Jul/2013:01:55:01 +0200] "GET /test.html HTTP/1.1" 200 56 "-" "monit/4.6"
157.55.32.113 - - [07/Jul/2013:01:55:29 +0200] "GET /robots.txt HTTP/1.1" 404 286 "-" "Mozilla/5.0 (compatible; bingbot/2.0; +http://www.bing.com/bingbot.htm)"
157.55.32.113 - - [07/Jul/2013:01:56:46 +0200] "GET /cikk.php3?id_article=1162 HTTP/1.1" 404 285 "-" "Mozilla/5.0 (compatible; bingbot/2.0; +http://www.bing.com/bingbot.htm)"
195.56.55.225 - - [07/Jul/2013:01:57:03 +0200] "GET /test.html HTTP/1.1" 200 56 "-" "monit/4.6"
193.105.210.226 - - [07/Jul/2013:01:57:38 +0200] "-" 408 - "-" "-"
77.88.42.27 - - [07/Jul/2013:01:57:45 +0200] "GET / HTTP/1.1" 200 1155 "-" "Mozilla/5.0 (compatible; YandexBot/3.0; +http://yandex.com/bots)"
195.56.55.225 - - [07/Jul/2013:01:59:05 +0200] "GET /test.html HTTP/1.1" 200 56 "-" "monit/4.6"
195.56.55.225 - - [07/Jul/2013:02:01:08 +0200] "GET /test.html HTTP/1.1" 200 56 "-" "monit/4.6"
157.55.32.113 - - [07/Jul/2013:02:03:08 +0200] "GET /robots.txt HTTP/1.1" 404 290 "-" "Mozilla/5.0 (compatible; bingbot/2.0; +http://www.bing.com/bingbot.htm)"
195.56.55.225 - - [07/Jul/2013:02:03:10 +0200] "GET /test.html HTTP/1.1" 200 56 "-" "monit/4.6"
212.7.196.79 - - [07/Jul/2013:02:04:04 +0200] "GET / HTTP/1.1" 200 1155 "-" "Mozilla/5.0 (Windows; U; Windows NT 6.1; WOW64; en-US; rv:2.0.4) Gecko/20120718 AskTbAVR-IDW/3.12.5.17700 Firefox/14.0.1"
46.107.197.17 - - [07/Jul/2013:02:04:45 +0200] "GET /proxy.pac HTTP/1.1" 404 282 "-" "Mozilla/5.0 (compatible; MSIE 10.0; Win32; Trident/6.0)"
91.232.96.36 - - [07/Jul/2013:02:04:46 +0200] "GET /forum_attac.php3?id_article=983&retour=cikk.php3%3Fid_article%3D983 HTTP/1.1" 404 292 "-" "Mozilla/4.0 (compatible; MSIE 6.0; Windows NT 5.1; SV1)"
195.56.55.225 - - [07/Jul/2013:02:05:12 +0200] "GET /test.html HTTP/1.1" 200 56 "-" "monit/4.6"
46.107.197.17 - - [07/Jul/2013:02:06:28 +0200] "GET /proxy.pac HTTP/1.1" 404 282 "-" "-"
46.107.197.17 - - [07/Jul/2013:02:06:28 +0200] "GET /proxy.pac HTTP/1.1" 404 282 "-" "-"
46.107.197.17 - - [07/Jul/2013:02:06:29 +0200] "GET /proxy.pac HTTP/1.1" 404 282 "-" "-"
46.107.197.17 - - [07/Jul/2013:02:06:29 +0200] "GET /proxy.pac HTTP/1.1" 404 282 "-" "-"
46.107.197.17 - - [07/Jul/2013:02:06:29 +0200] "GET /proxy.pac HTTP/1.1" 404 282 "-" "-"
46.107.197.17 - - [07/Jul/2013:02:06:29 +0200] "GET /proxy.pac HTTP/1.1" 404 282 "-" "-"
46.107.197.17 - - [07/Jul/2013:02:06:29 +0200] "GET /proxy.pac HTTP/1.1" 404 282 "-" "-"
46.107.197.17 - - [07/Jul/2013:02:06:29 +0200] "GET /proxy.pac HTTP/1.1" 404 282 "-" "-"
195.56.55.225 - - [07/Jul/2013:02:07:14 +0200] "GET /test.html HTTP/1.1" 200 56 "-" "monit/4.6"
89.248.174.60 - - [07/Jul/2013:02:07:59 +0200] "GET /forum_attac.php3?id_article=983&retour=cikk.php3%3Fid_article%3D983 HTTP/1.1" 404 292 "-" "Mozilla/4.0 (compatible; MSIE 6.0; Windows NT 5.1; SV1)"
195.56.55.225 - - [07/Jul/2013:02:09:16 +0200] "GET /test.html HTTP/1.1" 200 56 "-" "monit/4.6"
68.3.249.244 - - [07/Jul/2013:02:09:21 +0200] "-" 408 - "-" "-"
157.55.32.113 - - [07/Jul/2013:02:10:14 +0200] "GET /cikk.php3?id_article=127 HTTP/1.1" 404 289 "-" "Mozilla/5.0 (compatible; bingbot/2.0; +http://www.bing.com/bingbot.htm)"
195.56.55.225 - - [07/Jul/2013:02:11:18 +0200] "GET /test.html HTTP/1.1" 200 56 "-" "monit/4.6"
46.107.197.17 - - [07/Jul/2013:02:11:28 +0200] "GET /proxy.pac HTTP/1.1" 404 282 "-" "-"
46.107.197.17 - - [07/Jul/2013:02:11:28 +0200] "GET /proxy.pac HTTP/1.1" 404 282 "-" "-"
46.107.197.17 - - [07/Jul/2013:02:11:28 +0200] "GET /proxy.pac HTTP/1.1" 404 282 "-" "-"
46.107.197.17 - - [07/Jul/2013:02:11:28 +0200] "GET /proxy.pac HTTP/1.1" 404 282 "-" "-"
77.111.90.197 - - [07/Jul/2013:02:11:39 +0200] "GET /cikk.php3?id_article=527 HTTP/1.1" 404 285 "-" "Mozilla/5.0 (X11; U; Linux i686; en-US; rv:1.9.0.4) Gecko/2008111318 Ubuntu/8.10 (intrepid) Firefox/3.0.4"
195.56.55.225 - - [07/Jul/2013:02:13:20 +0200] "GET /test.html HTTP/1.1" 200 56 "-" "monit/4.6"
195.56.55.225 - - [07/Jul/2013:02:15:22 +0200] "GET /test.html HTTP/1.1" 200 56 "-" "monit/4.6"
198.199.72.168 - - [07/Jul/2013:02:16:02 +0200] "POST /forum_attac.php3?id_article=710&retour=cikk HTTP/1.1" 404 292 "-" "Mozilla/4.0 (compatible; MSIE 6.0; Windows NT 5.1; SV1)"
195.56.55.225 - - [07/Jul/2013:02:17:24 +0200] "GET /test.html HTTP/1.1" 200 56 "-" "monit/4.6"
66.249.78.218 - - [07/Jul/2013:02:18:23 +0200] "GET /cikk.php3?id_article=487 HTTP/1.1" 404 285 "-" "Mozilla/5.0 (compatible; Googlebot/2.1; +http://www.google.com/bot.html)"
195.56.55.225 - - [07/Jul/2013:02:19:26 +0200] "GET /test.html HTTP/1.1" 200 56 "-" "monit/4.6"
46.107.197.17 - - [07/Jul/2013:02:19:45 +0200] "GET /proxy.pac HTTP/1.1" 404 282 "-" "Mozilla/5.0 (compatible; MSIE 10.0; Win32; Trident/6.0)"
77.111.90.197 - - [07/Jul/2013:02:20:40 +0200] "GET /cikk.php3?id_article=223 HTTP/1.1" 404 285 "-" "Mozilla/5.0 (X11; U; Linux i686; en-US; rv:1.9.0.4) Gecko/2008111318 Ubuntu/8.10 (intrepid) Firefox/3.0.4"
77.111.90.197 - - [07/Jul/2013:02:21:02 +0200] "GET /cikk.php3?id_article=174 HTTP/1.1" 404 285 "-" "Mozilla/5.0 (X11; U; Linux i686; en-US; rv:1.9.0.4) Gecko/2008111318 Ubuntu/8.10 (intrepid) Firefox/3.0.4"
77.111.90.197 - - [07/Jul/2013:02:21:09 +0200] "GET /cikk.php3?id_article=636 HTTP/1.1" 404 285 "-" "Mozilla/5.0 (X11; U; Linux i686; en-US; rv:1.9.0.4) Gecko/2008111318 Ubuntu/8.10 (intrepid) Firefox/3.0.4"
195.56.55.225 - - [07/Jul/2013:02:21:28 +0200] "GET /test.html HTTP/1.1" 200 56 "-" "monit/4.6"
77.111.90.197 - - [07/Jul/2013:02:21:58 +0200] "GET /cikk.php3?id_article=707 HTTP/1.1" 404 285 "-" "Mozilla/5.0 (X11; U; Linux i686; en-US; rv:1.9.0.4) Gecko/2008111318 Ubuntu/8.10 (intrepid) Firefox/3.0.4"
77.111.90.197 - - [07/Jul/2013:02:22:03 +0200] "GET /hir.php3?id_breve=93 HTTP/1.1" 404 284 "-" "Mozilla/5.0 (X11; U; Linux i686; en-US; rv:1.9.0.4) Gecko/2008111318 Ubuntu/8.10 (intrepid) Firefox/3.0.4"
195.56.55.225 - - [07/Jul/2013:02:23:30 +0200] "GET /test.html HTTP/1.1" 200 56 "-" "monit/4.6"
77.111.90.197 - - [07/Jul/2013:02:23:36 +0200] "GET /cikk.php3?id_article=466 HTTP/1.1" 404 285 "-" "Mozilla/5.0 (X11; U; Linux i686; en-US; rv:1.9.0.4) Gecko/2008111318 Ubuntu/8.10 (intrepid) Firefox/3.0.4"
77.111.90.197 - - [07/Jul/2013:02:23:37 +0200] "GET /cikk.php3?id_article=107 HTTP/1.1" 404 285 "-" "Mozilla/5.0 (X11; U; Linux i686; en-US; rv:1.9.0.4) Gecko/2008111318 Ubuntu/8.10 (intrepid) Firefox/3.0.4"
195.56.55.225 - - [07/Jul/2013:02:25:32 +0200] "GET /test.html HTTP/1.1" 200 56 "-" "monit/4.6"
77.111.90.197 - - [07/Jul/2013:02:25:39 +0200] "GET /hir.php3?id_breve=107 HTTP/1.1" 404 284 "-" "Mozilla/5.0 (X11; U; Linux i686; en-US; rv:1.9.0.4) Gecko/2008111318 Ubuntu/8.10 (intrepid) Firefox/3.0.4"
77.111.90.197 - - [07/Jul/2013:02:25:52 +0200] "GET /cikk.php3?id_article=437 HTTP/1.1" 404 285 "-" "Mozilla/5.0 (X11; U; Linux i686; en-US; rv:1.9.0.4) Gecko/2008111318 Ubuntu/8.10 (intrepid) Firefox/3.0.4"
157.56.93.39 - - [07/Jul/2013:02:26:16 +0200] "GET /robots.txt HTTP/1.1" 404 299 "-" "Mozilla/5.0 (compatible; bingbot/2.0; +http://www.bing.com/bingbot.htm)"
195.56.55.225 - - [07/Jul/2013:02:27:35 +0200] "GET /test.html HTTP/1.1" 200 56 "-" "monit/4.6"
46.229.167.149 - - [07/Jul/2013:02:27:38 +0200] "GET / HTTP/1.1" 200 1155 "-" "Mozilla/5.0 (Windows; Windows NT 5.1; es-ES; rv:1.9.2a1pre) Gecko/20090402 Firefox/3.6a1pre"
91.232.96.36 - - [07/Jul/2013:02:27:41 +0200] "GET /forum_attac.php3?id_article=983&retour=cikk.php3%3Fid_article%3D983 HTTP/1.1" 404 292 "-" "Mozilla/4.0 (compatible; MSIE 6.0; Windows NT 5.1; SV1)"
77.88.42.27 - - [07/Jul/2013:02:28:19 +0200] "GET /robots.txt HTTP/1.1" 404 294 "-" "Mozilla/5.0 (compatible; YandexBot/3.0; +http://yandex.com/bots)"
195.56.55.225 - - [07/Jul/2013:02:29:37 +0200] "GET /test.html HTTP/1.1" 200 56 "-" "monit/4.6"
89.248.174.60 - - [07/Jul/2013:02:30:34 +0200] "GET /forum_attac.php3?id_article=983&retour=cikk.php3%3Fid_article%3D983 HTTP/1.1" 404 292 "-" "Mozilla/4.0 (compatible; MSIE 6.0; Windows NT 5.1; SV1)"
66.249.78.218 - - [07/Jul/2013:02:30:52 +0200] "GET /cikk.php3?id_article=831 HTTP/1.1" 404 285 "-" "Mozilla/5.0 (compatible; Googlebot/2.1; +http://www.google.com/bot.html)"
195.56.55.225 - - [07/Jul/2013:02:31:41 +0200] "GET /test.html HTTP/1.1" 200 56 "-" "monit/4.6"
119.63.196.23 - - [07/Jul/2013:02:32:04 +0200] "GET /robots.txt HTTP/1.1" 404 286 "-" "Baiduspider+(+http://www.baidu.com/search/spider.htm)"
77.88.42.27 - - [07/Jul/2013:02:33:09 +0200] "GET / HTTP/1.1" 200 1155 "-" "Mozilla/5.0 (compatible; YandexBot/3.0; +http://yandex.com/bots)"
195.56.55.225 - - [07/Jul/2013:02:33:43 +0200] "GET /test.html HTTP/1.1" 200 56 "-" "monit/4.6"
92.41.179.132 - - [07/Jul/2013:02:34:42 +0200] "GET /proxy.pac HTTP/1.1" 404 282 "-" "Mozilla/5.0 (Windows NT 6.1; rv:5.0) Gecko/20100101 Firefox/5.0"
92.41.179.132 - - [07/Jul/2013:02:34:49 +0200] "GET /proxy.pac HTTP/1.1" 404 282 "-" "Mozilla/5.0 (Windows NT 6.1; rv:5.0) Gecko/20100101 Firefox/5.0"
92.41.179.132 - - [07/Jul/2013:02:35:08 +0200] "GET /proxy.pac HTTP/1.1" 404 282 "-" "Mozilla/5.0 (Windows NT 6.1; rv:5.0) Gecko/20100101 Firefox/5.0"
24.140.82.109 - - [07/Jul/2013:02:35:40 +0200] "-" 408 - "-" "-"
195.56.55.225 - - [07/Jul/2013:02:35:46 +0200] "GET /test.html HTTP/1.1" 200 56 "-" "monit/4.6"
157.56.93.39 - - [07/Jul/2013:02:36:26 +0200] "GET /contact HTTP/1.1" 404 296 "-" "Mozilla/5.0 (compatible; bingbot/2.0; +http://www.bing.com/bingbot.htm)"
195.56.55.225 - - [07/Jul/2013:02:37:48 +0200] "GET /test.html HTTP/1.1" 200 56 "-" "monit/4.6"
123.125.71.110 - - [07/Jul/2013:02:38:12 +0200] "GET /gen_mta_level HTTP/1.1" 404 299 "-" "Mozilla/5.0 (compatible; Baiduspider/2.0; +http://www.baidu.com/search/spider.html)"
195.56.55.225 - - [07/Jul/2013:02:39:50 +0200] "GET /test.html HTTP/1.1" 200 56 "-" "monit/4.6"
195.56.55.225 - - [07/Jul/2013:02:41:52 +0200] "GET /test.html HTTP/1.1" 200 56 "-" "monit/4.6"
195.56.55.225 - - [07/Jul/2013:02:43:54 +0200] "GET /test.html HTTP/1.1" 200 56 "-" "monit/4.6"
195.56.55.225 - - [07/Jul/2013:02:45:57 +0200] "GET /test.html HTTP/1.1" 200 56 "-" "monit/4.6"
66.249.78.169 - - [07/Jul/2013:02:47:52 +0200] "GET /robots.txt HTTP/1.1" 404 293 "-" "Mozilla/5.0 (compatible; Googlebot/2.1; +http://www.google.com/bot.html)"
66.249.74.68 - - [07/Jul/2013:02:47:52 +0200] "GET / HTTP/1.1" 200 1155 "-" "Mozilla/5.0 (iPhone; U; CPU iPhone OS 4_1 like Mac OS X; en-us) AppleWebKit/532.9 (KHTML, like Gecko) Version/4.0.5 Mobile/8B117 Safari/6531.22.7 (compatible; Googlebot-Mobile/2.1; +http://www.google.com/bot.html)"
195.56.55.225 - - [07/Jul/2013:02:48:00 +0200] "GET /test.html HTTP/1.1" 200 56 "-" "monit/4.6"
66.249.78.21 - - [07/Jul/2013:02:48:59 +0200] "GET /documents/pdf/Eugen_David.pdf HTTP/1.1" 404 315 "-" "Mozilla/5.0 (compatible; Googlebot/2.1; +http://www.google.com/bot.html)"
219.131.176.19 - - [07/Jul/2013:02:49:56 +0200] "GET /www.bicusa.org/lac/ppa_corredor1.htm HTTP/1.1" 404 314 "http://www.youmi.org.cn" "Mozilla/4.0 (compatible; MSIE 5.5; Windows 98)"
219.131.176.19 - - [07/Jul/2013:02:49:59 +0200] "GET /www.bicusa.org/lac/ppa_corredor1.htm HTTP/1.1" 404 314 "http://www.yohogame.com" "Mozilla/4.0 (compatible; MSIE 5.5; Windows 98)"
195.56.55.225 - - [07/Jul/2013:02:50:02 +0200] "GET /test.html HTTP/1.1" 200 56 "-" "monit/4.6"
91.232.96.36 - - [07/Jul/2013:02:50:36 +0200] "GET /forum_attac.php3?id_article=983&retour=cikk.php3%3Fid_article%3D983 HTTP/1.1" 404 292 "-" "Mozilla/4.0 (compatible; MSIE 6.0; Windows NT 5.1; SV1)"
195.56.55.225 - - [07/Jul/2013:02:52:04 +0200] "GET /test.html HTTP/1.1" 200 56 "-" "monit/4.6"
77.88.42.27 - - [07/Jul/2013:02:52:08 +0200] "GET /tevekenysegunk/jeles_napok/madarak_es_fak_napja HTTP/1.1" 404 327 "-" "Mozilla/5.0 (compatible; YandexBot/3.0; +http://yandex.com/bots)"
89.248.174.60 - - [07/Jul/2013:02:53:42 +0200] "GET /forum_attac.php3?id_article=983&retour=cikk.php3%3Fid_article%3D983 HTTP/1.1" 404 292 "-" "Mozilla/4.0 (compatible; MSIE 6.0; Windows NT 5.1; SV1)"
195.56.55.225 - - [07/Jul/2013:02:54:07 +0200] "GET /test.html HTTP/1.1" 200 56 "-" "monit/4.6"
64.235.152.13 - - [07/Jul/2013:02:55:05 +0200] "POST /forum_attac.php3?id_article=710&retour=cikk HTTP/1.1" 404 292 "http://attac.zpok.hu/forum_attac.php3?id_article=710&retour=cikk" "Mozilla/4.0 (compatible; MSIE 6.0; Windows NT 5.1; SV1)"
134.201.250.156 - - [07/Jul/2013:02:55:06 +0200] "POST /forum_attac.php3?id_article=710&retour=cikk HTTP/1.1" 404 292 "http://attac.zpok.hu/forum_attac.php3?id_article=710&retour=cikk" "Mozilla/4.0 (compatible; MSIE 6.0; Windows NT 5.1; SV1)"
91.228.178.138 - - [07/Jul/2013:02:55:06 +0200] "POST /forum_attac.php3?id_article=710&retour=cikk HTTP/1.0" 404 280 "http://attac.zpok.hu/forum_attac.php3?id_article=710&retour=cikk" "Mozilla/4.0 (compatible; MSIE 6.0; Windows NT 5.1; SV1)"
195.56.55.225 - - [07/Jul/2013:02:56:09 +0200] "GET /test.html HTTP/1.1" 200 56 "-" "monit/4.6"
157.55.32.113 - - [07/Jul/2013:02:57:39 +0200] "GET /robots.txt HTTP/1.1" 404 286 "-" "Mozilla/5.0 (compatible; bingbot/2.0; +http://www.bing.com/bingbot.htm)"
195.56.55.225 - - [07/Jul/2013:02:58:12 +0200] "GET /test.html HTTP/1.1" 200 56 "-" "monit/4.6"
157.55.32.113 - - [07/Jul/2013:02:58:18 +0200] "GET /cikk.php3?id_article=1162 HTTP/1.1" 404 285 "-" "Mozilla/5.0 (compatible; bingbot/2.0; +http://www.bing.com/bingbot.htm)"
195.56.55.225 - - [07/Jul/2013:03:00:14 +0200] "GET /test.html HTTP/1.1" 200 56 "-" "monit/4.6"
107.21.102.102 - - [07/Jul/2013:03:00:40 +0200] "POST /forum_attac.php3?id_article=710&retour=cikk HTTP/1.1" 404 292 "http://attac.zpok.hu/forum_attac.php3?id_article=710&retour=cikk" "Mozilla/4.0 (compatible; MSIE 6.0; Windows NT 5.1; SV1)"
107.23.180.148 - - [07/Jul/2013:03:00:41 +0200] "POST /forum_attac.php3?id_article=710&retour=cikk HTTP/1.1" 404 292 "http://attac.zpok.hu/forum_attac.php3?id_article=710&retour=cikk" "Mozilla/4.0 (compatible; MSIE 6.0; Windows NT 5.1; SV1)"
195.56.55.225 - - [07/Jul/2013:03:02:16 +0200] "GET /test.html HTTP/1.1" 200 56 "-" "monit/4.6"
180.76.6.227 - - [07/Jul/2013:03:04:13 +0200] "GET / HTTP/1.1" 200 1155 "-" "Mozilla/5.0 (compatible; Baiduspider/2.0; +http://www.baidu.com/search/spider.html)"
195.56.55.225 - - [07/Jul/2013:03:04:18 +0200] "GET /test.html HTTP/1.1" 200 56 "-" "monit/4.6"
66.249.78.207 - - [07/Jul/2013:03:05:03 +0200] "GET / HTTP/1.1" 200 1155 "-" "Mozilla/5.0 (iPhone; U; CPU iPhone OS 4_1 like Mac OS X; en-us) AppleWebKit/532.9 (KHTML, like Gecko) Version/4.0.5 Mobile/8B117 Safari/6531.22.7 (compatible; Googlebot-Mobile/2.1; +http://www.google.com/bot.html)"
95.140.43.58 - - [07/Jul/2013:03:06:08 +0200] "GET /\" + gaJsHost + \"google-analytics.com/ga.js HTTP/1.1" 400 365 "-" "-"
195.56.55.225 - - [07/Jul/2013:03:06:20 +0200] "GET /test.html HTTP/1.1" 200 56 "-" "monit/4.6"
66.249.78.21 - - [07/Jul/2013:03:07:36 +0200] "GET / HTTP/1.1" 200 1155 "-" "Mozilla/5.0 (iPhone; U; CPU iPhone OS 4_1 like Mac OS X; en-us) AppleWebKit/532.9 (KHTML, like Gecko) Version/4.0.5 Mobile/8B117 Safari/6531.22.7 (compatible; Googlebot-Mobile/2.1; +http://www.google.com/bot.html)"
195.56.55.225 - - [07/Jul/2013:03:08:22 +0200] "GET /test.html HTTP/1.1" 200 56 "-" "monit/4.6"
195.56.55.225 - - [07/Jul/2013:03:10:24 +0200] "GET /test.html HTTP/1.1" 200 56 "-" "monit/4.6"
195.56.55.225 - - [07/Jul/2013:03:12:26 +0200] "GET /test.html HTTP/1.1" 200 56 "-" "monit/4.6"
77.111.91.44 - - [07/Jul/2013:03:13:17 +0200] "HEAD /cikk.php3?id_article=707 HTTP/1.1" 404 0 "-" "Mozilla/5.0 (Windows NT 6.1; WOW64) AppleWebKit/537.17 (KHTML, like Gecko) Chrome/24.0.1312.56 Safari/537.17"
77.111.91.44 - - [07/Jul/2013:03:13:17 +0200] "HEAD /hir.php3?id_breve=93 HTTP/1.1" 404 0 "-" "Mozilla/5.0 (Windows NT 6.1; WOW64) AppleWebKit/537.17 (KHTML, like Gecko) Chrome/24.0.1312.56 Safari/537.17"
91.232.96.36 - - [07/Jul/2013:03:13:39 +0200] "GET /forum_attac.php3?id_article=983&retour=cikk.php3%3Fid_article%3D983 HTTP/1.1" 404 292 "-" "Mozilla/4.0 (compatible; MSIE 6.0; Windows NT 5.1; SV1)"
195.56.55.225 - - [07/Jul/2013:03:14:28 +0200] "GET /test.html HTTP/1.1" 200 56 "-" "monit/4.6"
66.249.78.218 - - [07/Jul/2013:03:14:51 +0200] "GET /cikk.php3?id_article=858 HTTP/1.1" 404 285 "-" "Mozilla/5.0 (compatible; Googlebot/2.1; +http://www.google.com/bot.html)"
193.105.210.226 - - [07/Jul/2013:03:15:40 +0200] "-" 408 - "-" "-"
193.105.210.226 - - [07/Jul/2013:03:15:40 +0200] "-" 408 - "-" "-"
193.105.210.226 - - [07/Jul/2013:03:15:40 +0200] "-" 408 - "-" "-"
195.56.55.225 - - [07/Jul/2013:03:16:30 +0200] "GET /test.html HTTP/1.1" 200 56 "-" "monit/4.6"
195.56.55.225 - - [07/Jul/2013:03:18:32 +0200] "GET /test.html HTTP/1.1" 200 56 "-" "monit/4.6"
66.249.78.218 - - [07/Jul/2013:03:18:43 +0200] "GET /cikkek.php3?id_rubrique=13 HTTP/1.1" 404 287 "-" "Mozilla/5.0 (compatible; Googlebot/2.1; +http://www.google.com/bot.html)"
195.56.55.225 - - [07/Jul/2013:03:20:34 +0200] "GET /test.html HTTP/1.1" 200 56 "-" "monit/4.6"
195.56.55.225 - - [07/Jul/2013:03:22:37 +0200] "GET /test.html HTTP/1.1" 200 56 "-" "monit/4.6"
195.56.55.225 - - [07/Jul/2013:03:24:40 +0200] "GET /test.html HTTP/1.1" 200 56 "-" "monit/4.6"
65.55.52.108 - - [07/Jul/2013:03:25:36 +0200] "GET /robots.txt HTTP/1.1" 404 295 "-" "Mozilla/5.0 (compatible; bingbot/2.0; +http://www.bing.com/bingbot.htm)"
195.56.55.225 - - [07/Jul/2013:03:26:42 +0200] "GET /test.html HTTP/1.1" 200 56 "-" "monit/4.6"
195.3.146.94 - - [07/Jul/2013:03:26:51 +0200] "HEAD /?q=admin&destination=admin HTTP/1.0" 400 0 "-" "-"
65.55.52.108 - - [07/Jul/2013:03:26:53 +0200] "GET / HTTP/1.1" 200 1155 "-" "Mozilla/5.0 (compatible; bingbot/2.0; +http://www.bing.com/bingbot.htm)"
195.56.55.225 - - [07/Jul/2013:03:28:44 +0200] "GET /test.html HTTP/1.1" 200 56 "-" "monit/4.6"
195.56.55.225 - - [07/Jul/2013:03:30:46 +0200] "GET /test.html HTTP/1.1" 200 56 "-" "monit/4.6"
157.56.93.39 - - [07/Jul/2013:03:30:52 +0200] "GET /robots.txt HTTP/1.1" 404 299 "-" "Mozilla/5.0 (compatible; bingbot/2.0; +http://www.bing.com/bingbot.htm)"
66.249.78.207 - - [07/Jul/2013:03:32:03 +0200] "GET /node/227 HTTP/1.1" 404 288 "-" "Mozilla/5.0 (compatible; Googlebot/2.1; +http://www.google.com/bot.html)"
195.56.55.225 - - [07/Jul/2013:03:32:49 +0200] "GET /test.html HTTP/1.1" 200 56 "-" "monit/4.6"
195.56.55.225 - - [07/Jul/2013:03:34:51 +0200] "GET /test.html HTTP/1.1" 200 56 "-" "monit/4.6"
91.232.96.36 - - [07/Jul/2013:03:36:47 +0200] "GET /forum_attac.php3?id_article=983&retour=cikk.php3%3Fid_article%3D983 HTTP/1.1" 404 292 "-" "Mozilla/4.0 (compatible; MSIE 6.0; Windows NT 5.1; SV1)"
195.56.55.225 - - [07/Jul/2013:03:36:53 +0200] "GET /test.html HTTP/1.1" 200 56 "-" "monit/4.6"
157.56.93.39 - - [07/Jul/2013:03:36:57 +0200] "GET /contact HTTP/1.1" 404 296 "-" "Mozilla/5.0 (compatible; bingbot/2.0; +http://www.bing.com/bingbot.htm)"
195.56.55.225 - - [07/Jul/2013:03:38:55 +0200] "GET /test.html HTTP/1.1" 200 56 "-" "monit/4.6"
195.56.55.225 - - [07/Jul/2013:03:40:57 +0200] "GET /test.html HTTP/1.1" 200 56 "-" "monit/4.6"
195.56.55.225 - - [07/Jul/2013:03:42:59 +0200] "GET /test.html HTTP/1.1" 200 56 "-" "monit/4.6"
85.233.90.6 - - [07/Jul/2013:03:44:11 +0200] "POST /forum_attac.php3?id_article=710&retour=cikk HTTP/1.1" 404 292 "http://attac.zpok.hu/forum_attac.php3?id_article=710&retour=cikk" "Mozilla/4.0 (compatible; MSIE 6.0; Windows NT 5.1; SV1)"
178.151.68.210 - - [07/Jul/2013:03:44:21 +0200] "POST /forum_attac.php3?id_article=710&retour=cikk HTTP/1.1" 404 292 "http://attac.zpok.hu/forum_attac.php3?id_article=710&retour=cikk" "Mozilla/4.0 (compatible; MSIE 6.0; Windows NT 5.1; SV1)"
46.108.241.253 - - [07/Jul/2013:03:44:23 +0200] "POST /forum_attac.php3?id_article=710&retour=cikk HTTP/1.0" 404 280 "http://attac.zpok.hu/forum_attac.php3?id_article=710&retour=cikk" "Mozilla/4.0 (compatible; MSIE 6.0; Windows NT 5.1; SV1)"
178.151.68.210 - - [07/Jul/2013:03:44:51 +0200] "POST /forum_attac.php3?id_article=710&retour=cikk HTTP/1.1" 404 292 "http://attac.zpok.hu/forum_attac.php3?id_article=710&retour=cikk" "Mozilla/4.0 (compatible; MSIE 6.0; Windows NT 5.1; SV1)"
94.231.163.147 - - [07/Jul/2013:03:44:52 +0200] "POST /forum_attac.php3?id_article=710&retour=cikk HTTP/1.1" 404 292 "http://attac.zpok.hu/forum_attac.php3?id_article=710&retour=cikk" "Mozilla/4.0 (compatible; MSIE 6.0; Windows NT 5.1; SV1)"
195.56.55.225 - - [07/Jul/2013:03:45:01 +0200] "GET /test.html HTTP/1.1" 200 56 "-" "monit/4.6"
74.125.183.193 - - [07/Jul/2013:03:46:44 +0200] "GET /IMG/arton573.jpg HTTP/1.1" 404 292 "http://www.stormfront.org/forum/" "pagespeed"
195.56.55.225 - - [07/Jul/2013:03:47:06 +0200] "GET /test.html HTTP/1.1" 200 56 "-" "monit/4.6"
195.56.55.225 - - [07/Jul/2013:03:49:08 +0200] "GET /test.html HTTP/1.1" 200 56 "-" "monit/4.6"
195.56.55.225 - - [07/Jul/2013:03:51:10 +0200] "GET /test.html HTTP/1.1" 200 56 "-" "monit/4.6"
198.1.99.26 - - [07/Jul/2013:03:51:55 +0200] "POST /forum_attac.php3?id_article=710&retour=cikk HTTP/1.1" 404 292 "-" "Mozilla/4.0 (compatible; MSIE 6.0; Windows NT 5.1; SV1)"
64.213.148.131 - - [07/Jul/2013:03:51:56 +0200] "POST /forum_attac.php3?id_article=710&retour=cikk HTTP/1.1" 404 292 "http://attac.zpok.hu/forum_attac.php3?id_article=710&retour=cikk" "Mozilla/4.0 (compatible; MSIE 6.0; Windows NT 5.1; SV1)"
195.56.55.225 - - [07/Jul/2013:03:53:12 +0200] "GET /test.html HTTP/1.1" 200 56 "-" "monit/4.6"
195.56.55.225 - - [07/Jul/2013:03:55:14 +0200] "GET /test.html HTTP/1.1" 200 56 "-" "monit/4.6"
199.15.234.88 - - [07/Jul/2013:03:55:43 +0200] "GET /cikk.php3?id_article=1031 HTTP/1.0" 404 273 "http://attac.zpok.hu/cikk.php3?id_article=1031" "Mozilla/5.0 (Windows NT 6.1; WOW64) AppleWebKit/537.4 (KHTML, like Gecko) Chrome/22.0.1229.94 Safari/537.4"
199.15.234.88 - - [07/Jul/2013:03:55:44 +0200] "GET / HTTP/1.0" 200 1155 "http://attac.zpok.hu/" "Mozilla/5.0 (Windows NT 6.1; WOW64) AppleWebKit/537.4 (KHTML, like Gecko) Chrome/22.0.1229.94 Safari/537.4"
195.70.55.211 - - [07/Jul/2013:03:57:12 +0200] "HEAD / HTTP/1.1" 200 0 "-" "libwww-perl/5.834"
195.56.55.225 - - [07/Jul/2013:03:57:16 +0200] "GET /test.html HTTP/1.1" 200 56 "-" "monit/4.6"
195.56.55.225 - - [07/Jul/2013:03:59:18 +0200] "GET /test.html HTTP/1.1" 200 56 "-" "monit/4.6"
91.232.96.36 - - [07/Jul/2013:03:59:39 +0200] "GET /forum_attac.php3?id_article=983&retour=cikk.php3%3Fid_article%3D983 HTTP/1.1" 404 292 "-" "Mozilla/4.0 (compatible; MSIE 6.0; Windows NT 5.1; SV1)"
178.199.141.43 - - [07/Jul/2013:04:00:36 +0200] "-" 408 - "-" "-"
195.56.55.225 - - [07/Jul/2013:04:01:20 +0200] "GET /test.html HTTP/1.1" 200 56 "-" "monit/4.6"
195.56.55.225 - - [07/Jul/2013:04:03:22 +0200] "GET /test.html HTTP/1.1" 200 56 "-" "monit/4.6"
195.56.55.225 - - [07/Jul/2013:04:05:24 +0200] "GET /test.html HTTP/1.1" 200 56 "-" "monit/4.6"
195.56.55.225 - - [07/Jul/2013:04:07:26 +0200] "GET /test.html HTTP/1.1" 200 56 "-" "monit/4.6"
65.19.138.34 - - [07/Jul/2013:04:08:24 +0200] "GET /blog/2/feed HTTP/1.1" 404 290 "-" "Feedly/1.0 (+http://www.feedly.com/fetcher.html; like FeedFetcher-Google)"
195.56.55.225 - - [07/Jul/2013:04:09:28 +0200] "GET /test.html HTTP/1.1" 200 56 "-" "monit/4.6"
66.249.78.218 - - [07/Jul/2013:04:10:00 +0200] "GET /rubrique.php3?id_rubrique=20 HTTP/1.1" 404 289 "-" "Mozilla/5.0 (compatible; Googlebot/2.1; +http://www.google.com/bot.html)"
195.56.55.225 - - [07/Jul/2013:04:11:30 +0200] "GET /test.html HTTP/1.1" 200 56 "-" "monit/4.6"
195.56.55.225 - - [07/Jul/2013:04:13:32 +0200] "GET /test.html HTTP/1.1" 200 56 "-" "monit/4.6"
195.56.55.225 - - [07/Jul/2013:04:15:34 +0200] "GET /test.html HTTP/1.1" 200 56 "-" "monit/4.6"
195.56.55.225 - - [07/Jul/2013:04:17:36 +0200] "GET /test.html HTTP/1.1" 200 56 "-" "monit/4.6"
66.249.74.52 - - [07/Jul/2013:04:19:07 +0200] "GET /spip_cookie.php3?url=spip_login.php3&var_lang_ecrire=it HTTP/1.1" 404 292 "-" "Mozilla/5.0 (compatible; Googlebot/2.1; +http://www.google.com/bot.html)"
195.56.55.225 - - [07/Jul/2013:04:19:41 +0200] "GET /test.html HTTP/1.1" 200 56 "-" "monit/4.6"
209.85.238.52 - - [07/Jul/2013:04:20:31 +0200] "GET / HTTP/1.1" 200 1155 "-" "Feedfetcher-Google; (+http://www.google.com/feedfetcher.html; 1 subscribers; feed-id=849169264004692768)"
195.56.55.225 - - [07/Jul/2013:04:21:45 +0200] "GET /test.html HTTP/1.1" 200 56 "-" "monit/4.6"
91.232.96.36 - - [07/Jul/2013:04:22:52 +0200] "GET /forum_attac.php3?id_article=983&retour=cikk.php3%3Fid_article%3D983 HTTP/1.1" 404 292 "-" "Mozilla/4.0 (compatible; MSIE 6.0; Windows NT 5.1; SV1)"
195.56.55.225 - - [07/Jul/2013:04:23:47 +0200] "GET /test.html HTTP/1.1" 200 56 "-" "monit/4.6"
195.56.55.225 - - [07/Jul/2013:04:25:49 +0200] "GET /test.html HTTP/1.1" 200 56 "-" "monit/4.6"
212.98.183.24 - - [07/Jul/2013:04:25:51 +0200] "POST /forum_attac.php3?id_article=710&retour=cikk HTTP/1.1" 404 292 "http://attac.zpok.hu/forum_attac.php3?id_article=710&retour=cikk" "Mozilla/4.0 (compatible; MSIE 6.0; Windows NT 5.1; SV1)"
85.233.90.6 - - [07/Jul/2013:04:25:56 +0200] "POST /forum_attac.php3?id_article=710&retour=cikk HTTP/1.1" 404 292 "http://attac.zpok.hu/forum_attac.php3?id_article=710&retour=cikk" "Mozilla/4.0 (compatible; MSIE 6.0; Windows NT 5.1; SV1)"
157.56.93.39 - - [07/Jul/2013:04:27:35 +0200] "GET /robots.txt HTTP/1.1" 404 299 "-" "Mozilla/5.0 (compatible; bingbot/2.0; +http://www.bing.com/bingbot.htm)"
195.56.55.225 - - [07/Jul/2013:04:27:51 +0200] "GET /test.html HTTP/1.1" 200 56 "-" "monit/4.6"
195.56.55.225 - - [07/Jul/2013:04:29:54 +0200] "GET /test.html HTTP/1.1" 200 56 "-" "monit/4.6"
195.56.55.225 - - [07/Jul/2013:04:31:56 +0200] "GET /test.html HTTP/1.1" 200 56 "-" "monit/4.6"
180.76.5.166 - - [07/Jul/2013:04:33:48 +0200] "GET /robots.txt HTTP/1.1" 404 286 "-" "Mozilla/5.0 (Windows NT 5.1; rv:6.0.2) Gecko/20100101 Firefox/6.0.2"
195.56.55.225 - - [07/Jul/2013:04:33:58 +0200] "GET /test.html HTTP/1.1" 200 56 "-" "monit/4.6"
195.56.55.225 - - [07/Jul/2013:04:36:00 +0200] "GET /test.html HTTP/1.1" 200 56 "-" "monit/4.6"
157.56.93.39 - - [07/Jul/2013:04:37:26 +0200] "GET /contact HTTP/1.1" 404 296 "-" "Mozilla/5.0 (compatible; bingbot/2.0; +http://www.bing.com/bingbot.htm)"
195.56.55.225 - - [07/Jul/2013:04:38:02 +0200] "GET /test.html HTTP/1.1" 200 56 "-" "monit/4.6"
178.255.215.65 - - [07/Jul/2013:04:38:46 +0200] "GET /robots.txt HTTP/1.1" 404 290 "-" "Mozilla/5.0 (compatible; Exabot/3.0; +http://www.exabot.com/go/robot)"
178.255.215.65 - - [07/Jul/2013:04:38:46 +0200] "GET / HTTP/1.1" 304 - "-" "Mozilla/5.0 (compatible; Exabot/3.0; +http://www.exabot.com/go/robot)"
195.56.55.225 - - [07/Jul/2013:04:40:04 +0200] "GET /test.html HTTP/1.1" 200 56 "-" "monit/4.6"
188.28.71.122 - - [07/Jul/2013:04:41:17 +0200] "GET /proxy.pac HTTP/1.1" 404 282 "-" "Mozilla/5.0 (Windows NT 6.1; rv:5.0) Gecko/20100101 Firefox/5.0"
188.28.71.122 - - [07/Jul/2013:04:41:32 +0200] "GET /proxy.pac HTTP/1.1" 404 282 "-" "Mozilla/5.0 (Windows NT 6.1; rv:5.0) Gecko/20100101 Firefox/5.0"
188.28.71.122 - - [07/Jul/2013:04:41:46 +0200] "GET /proxy.pac HTTP/1.1" 404 282 "-" "Mozilla/5.0 (Windows NT 6.1; rv:5.0) Gecko/20100101 Firefox/5.0"
195.56.55.225 - - [07/Jul/2013:04:42:06 +0200] "GET /test.html HTTP/1.1" 200 56 "-" "monit/4.6"
188.28.71.122 - - [07/Jul/2013:04:42:07 +0200] "GET /proxy.pac HTTP/1.1" 404 282 "-" "Mozilla/5.0 (Windows NT 6.1; rv:5.0) Gecko/20100101 Firefox/5.0"
188.28.71.122 - - [07/Jul/2013:04:43:14 +0200] "GET /proxy.pac HTTP/1.1" 404 282 "-" "Mozilla/5.0 (Windows NT 6.1; rv:5.0) Gecko/20100101 Firefox/5.0"
195.56.55.225 - - [07/Jul/2013:04:44:08 +0200] "GET /test.html HTTP/1.1" 200 56 "-" "monit/4.6"
188.28.71.122 - - [07/Jul/2013:04:44:36 +0200] "GET /proxy.pac HTTP/1.1" 404 282 "-" "Mozilla/5.0 (Windows NT 6.1; rv:5.0) Gecko/20100101 Firefox/5.0"
91.232.96.36 - - [07/Jul/2013:04:45:45 +0200] "GET /forum_attac.php3?id_article=983&retour=cikk.php3%3Fid_article%3D983 HTTP/1.1" 404 292 "-" "Mozilla/4.0 (compatible; MSIE 6.0; Windows NT 5.1; SV1)"
195.56.55.225 - - [07/Jul/2013:04:46:10 +0200] "GET /test.html HTTP/1.1" 200 56 "-" "monit/4.6"
188.28.71.122 - - [07/Jul/2013:04:47:18 +0200] "GET /proxy.pac HTTP/1.1" 404 282 "-" "Mozilla/5.0 (Windows NT 6.1; rv:5.0) Gecko/20100101 Firefox/5.0"
198.1.99.26 - - [07/Jul/2013:04:47:41 +0200] "POST /forum_attac.php3?id_article=710&retour=cikk HTTP/1.1" 404 292 "-" "Mozilla/4.0 (compatible; MSIE 6.0; Windows NT 5.1; SV1)"
91.228.178.138 - - [07/Jul/2013:04:48:02 +0200] "POST /forum_attac.php3?id_article=710&retour=cikk HTTP/1.0" 404 280 "http://attac.zpok.hu/forum_attac.php3?id_article=710&retour=cikk" "Mozilla/4.0 (compatible; MSIE 6.0; Windows NT 5.1; SV1)"
195.56.55.225 - - [07/Jul/2013:04:48:12 +0200] "GET /test.html HTTP/1.1" 200 56 "-" "monit/4.6"
217.69.133.69 - - [07/Jul/2013:04:48:23 +0200] "GET /cikk.php3?id_article=250 HTTP/1.0" 404 273 "-" "Mozilla/5.0 (compatible; Linux x86_64; Mail.RU_Bot/2.0; +http://go.mail.ru/help/robots)"
195.56.55.225 - - [07/Jul/2013:04:50:14 +0200] "GET /test.html HTTP/1.1" 200 56 "-" "monit/4.6"
195.56.55.225 - - [07/Jul/2013:04:52:16 +0200] "GET /test.html HTTP/1.1" 200 56 "-" "monit/4.6"
195.56.55.225 - - [07/Jul/2013:04:54:18 +0200] "GET /test.html HTTP/1.1" 200 56 "-" "monit/4.6"
195.56.55.225 - - [07/Jul/2013:04:56:20 +0200] "GET /test.html HTTP/1.1" 200 56 "-" "monit/4.6"
212.7.196.79 - - [07/Jul/2013:04:57:03 +0200] "GET / HTTP/1.1" 200 1155 "-" "Mozilla/5.0 (Windows; U; Windows NT 6.1; WOW64; en-US; rv:2.0.4) Gecko/20120718 AskTbAVR-IDW/3.12.5.17700 Firefox/14.0.1"
157.56.229.211 - - [07/Jul/2013:04:58:07 +0200] "GET /robots.txt HTTP/1.1" 404 296 "-" "Mozilla/5.0 (compatible; bingbot/2.0; +http://www.bing.com/bingbot.htm)"
195.56.55.225 - - [07/Jul/2013:04:58:22 +0200] "GET /test.html HTTP/1.1" 200 56 "-" "monit/4.6"
66.249.78.93 - - [07/Jul/2013:04:59:33 +0200] "GET /robots.txt HTTP/1.1" 404 285 "-" "Mozilla/5.0 (compatible; Googlebot/2.1; +http://www.google.com/bot.html)"
195.56.55.225 - - [07/Jul/2013:05:00:25 +0200] "GET /test.html HTTP/1.1" 200 56 "-" "monit/4.6"
107.23.180.148 - - [07/Jul/2013:05:01:45 +0200] "POST /forum_attac.php3?id_article=710&retour=cikk HTTP/1.1" 404 292 "http://attac.zpok.hu/forum_attac.php3?id_article=710&retour=cikk" "Mozilla/4.0 (compatible; MSIE 6.0; Windows NT 5.1; SV1)"
54.226.62.225 - - [07/Jul/2013:05:01:46 +0200] "POST /forum_attac.php3?id_article=710&retour=cikk HTTP/1.1" 404 292 "http://attac.zpok.hu/forum_attac.php3?id_article=710&retour=cikk" "Mozilla/4.0 (compatible; MSIE 6.0; Windows NT 5.1; SV1)"
195.56.55.225 - - [07/Jul/2013:05:02:27 +0200] "GET /test.html HTTP/1.1" 200 56 "-" "monit/4.6"
195.56.55.225 - - [07/Jul/2013:05:04:29 +0200] "GET /test.html HTTP/1.1" 200 56 "-" "monit/4.6"
195.56.55.225 - - [07/Jul/2013:05:06:31 +0200] "GET /test.html HTTP/1.1" 200 56 "-" "monit/4.6"
195.56.55.225 - - [07/Jul/2013:05:08:33 +0200] "GET /test.html HTTP/1.1" 200 56 "-" "monit/4.6"
91.232.96.36 - - [07/Jul/2013:05:09:01 +0200] "GET /forum_attac.php3?id_article=983&retour=cikk.php3%3Fid_article%3D983 HTTP/1.1" 404 292 "-" "Mozilla/4.0 (compatible; MSIE 6.0; Windows NT 5.1; SV1)"
178.151.68.210 - - [07/Jul/2013:05:10:10 +0200] "POST /forum_attac.php3?id_article=710&retour=cikk HTTP/1.1" 404 292 "http://attac.zpok.hu/forum_attac.php3?id_article=710&retour=cikk" "Mozilla/4.0 (compatible; MSIE 6.0; Windows NT 5.1; SV1)"
198.1.99.26 - - [07/Jul/2013:05:10:14 +0200] "POST /forum_attac.php3?id_article=710&retour=cikk HTTP/1.1" 404 292 "-" "Mozilla/4.0 (compatible; MSIE 6.0; Windows NT 5.1; SV1)"
195.56.55.225 - - [07/Jul/2013:05:10:35 +0200] "GET /test.html HTTP/1.1" 200 56 "-" "monit/4.6"
180.76.5.55 - - [07/Jul/2013:05:10:45 +0200] "GET / HTTP/1.1" 200 1155 "-" "Mozilla/5.0 (compatible; Baiduspider/2.0; +http://www.baidu.com/search/spider.html)"
157.55.32.113 - - [07/Jul/2013:05:11:29 +0200] "GET /kompasz/mik_azok_az_emberi_jogok HTTP/1.1" 404 321 "-" "Mozilla/5.0 (compatible; bingbot/2.0; +http://www.bing.com/bingbot.htm)"
66.249.78.218 - - [07/Jul/2013:05:12:02 +0200] "GET /robots.txt HTTP/1.1" 404 286 "-" "Mozilla/5.0 (compatible; Googlebot/2.1; +http://www.google.com/bot.html)"
66.249.78.218 - - [07/Jul/2013:05:12:02 +0200] "GET /hir.php3?id_breve=263 HTTP/1.1" 404 284 "-" "Mozilla/5.0 (compatible; Googlebot/2.1; +http://www.google.com/bot.html)"
65.55.52.114 - - [07/Jul/2013:05:12:09 +0200] "GET /robots.txt HTTP/1.1" 404 295 "-" "Mozilla/5.0 (compatible; bingbot/2.0; +http://www.bing.com/bingbot.htm)"
195.56.55.225 - - [07/Jul/2013:05:12:37 +0200] "GET /test.html HTTP/1.1" 200 56 "-" "monit/4.6"
65.55.52.114 - - [07/Jul/2013:05:12:43 +0200] "GET /taxonomy/term/54 HTTP/1.1" 404 301 "-" "Mozilla/5.0 (compatible; bingbot/2.0; +http://www.bing.com/bingbot.htm)"
180.76.5.8 - - [07/Jul/2013:05:13:42 +0200] "GET / HTTP/1.1" 200 1155 "-" "Mozilla/5.0 (compatible; Baiduspider/2.0; +http://www.baidu.com/search/spider.html)"
195.56.55.225 - - [07/Jul/2013:05:14:39 +0200] "GET /test.html HTTP/1.1" 200 56 "-" "monit/4.6"
195.56.55.225 - - [07/Jul/2013:05:16:41 +0200] "GET /test.html HTTP/1.1" 200 56 "-" "monit/4.6"
195.56.55.225 - - [07/Jul/2013:05:18:43 +0200] "GET /test.html HTTP/1.1" 200 56 "-" "monit/4.6"
195.56.55.225 - - [07/Jul/2013:05:20:45 +0200] "GET /test.html HTTP/1.1" 200 56 "-" "monit/4.6"
195.56.55.225 - - [07/Jul/2013:05:22:48 +0200] "GET /test.html HTTP/1.1" 200 56 "-" "monit/4.6"
195.56.55.225 - - [07/Jul/2013:05:24:51 +0200] "GET /test.html HTTP/1.1" 200 56 "-" "monit/4.6"
157.56.229.211 - - [07/Jul/2013:05:26:46 +0200] "GET /node/515 HTTP/1.1" 404 297 "-" "Mozilla/5.0 (compatible; bingbot/2.0; +http://www.bing.com/bingbot.htm)"
195.56.55.225 - - [07/Jul/2013:05:26:53 +0200] "GET /test.html HTTP/1.1" 200 56 "-" "monit/4.6"
157.56.229.211 - - [07/Jul/2013:05:27:15 +0200] "GET / HTTP/1.1" 304 - "-" "Mozilla/5.0 (compatible; bingbot/2.0; +http://www.bing.com/bingbot.htm)"
142.4.110.196 - - [07/Jul/2013:05:28:30 +0200] "GET /IMG/European_SW_Report_2010-eng.pdf HTTP/1.0" 404 299 "http://attac.zpok.hu/IMG/European_SW_Report_2010-eng.pdf" "Mozilla/5.0 (Windows NT 6.0; WOW64) AppleWebKit/537.11 (KHTML, like Gecko) Chrome/23.0.1271.64 Safari/537.11"
142.4.110.196 - - [07/Jul/2013:05:28:30 +0200] "GET / HTTP/1.0" 200 1155 "http://attac.zpok.hu/" "Mozilla/5.0 (Windows NT 6.0; WOW64) AppleWebKit/537.11 (KHTML, like Gecko) Chrome/23.0.1271.64 Safari/537.11"
195.56.55.225 - - [07/Jul/2013:05:28:55 +0200] "GET /test.html HTTP/1.1" 200 56 "-" "monit/4.6"
195.56.55.225 - - [07/Jul/2013:05:30:57 +0200] "GET /test.html HTTP/1.1" 200 56 "-" "monit/4.6"
91.232.96.36 - - [07/Jul/2013:05:31:42 +0200] "GET /forum_attac.php3?id_article=983&retour=cikk.php3%3Fid_article%3D983 HTTP/1.1" 404 292 "-" "Mozilla/4.0 (compatible; MSIE 6.0; Windows NT 5.1; SV1)"
195.56.55.225 - - [07/Jul/2013:05:32:59 +0200] "GET /test.html HTTP/1.1" 200 56 "-" "monit/4.6"
195.56.55.225 - - [07/Jul/2013:05:35:02 +0200] "GET /test.html HTTP/1.1" 200 56 "-" "monit/4.6"
178.137.87.192 - - [07/Jul/2013:05:35:13 +0200] "GET /gallery/council_8_61_90/ghana_2006_march/03_buduburam_humanist_forum/index.html HTTP/1.0" 404 351 "http://humanizmus.zoldpok.hu/gallery/council_8_61_90/ghana_2006_march/03_buduburam_humanist_forum/index.html" "Mozilla/5.0 (Windows NT 5.1; rv:17.0) Gecko/20100101 Firefox/17.0"
178.137.87.192 - - [07/Jul/2013:05:35:14 +0200] "GET / HTTP/1.0" 200 1155 "http://humanizmus.zoldpok.hu/" "Mozilla/5.0 (Windows NT 5.1; rv:17.0) Gecko/20100101 Firefox/17.0"
157.56.92.173 - - [07/Jul/2013:05:37:17 +0200] "GET /kompasz/jatsszunk_szabalyosan HTTP/1.1" 404 318 "-" "Mozilla/5.0 (compatible; bingbot/2.0; +http://www.bing.com/bingbot.htm)"
195.56.55.225 - - [07/Jul/2013:05:37:41 +0200] "GET /test.html HTTP/1.1" 200 56 "-" "monit/4.6"
195.56.55.225 - - [07/Jul/2013:05:39:43 +0200] "GET /test.html HTTP/1.1" 200 56 "-" "monit/4.6"
195.56.55.225 - - [07/Jul/2013:05:41:45 +0200] "GET /test.html HTTP/1.1" 200 56 "-" "monit/4.6"
64.235.152.13 - - [07/Jul/2013:05:42:01 +0200] "POST /forum_attac.php3?id_article=710&retour=cikk HTTP/1.1" 404 292 "http://attac.zpok.hu/forum_attac.php3?id_article=710&retour=cikk" "Mozilla/4.0 (compatible; MSIE 6.0; Windows NT 5.1; SV1)"
198.199.72.168 - - [07/Jul/2013:05:42:02 +0200] "POST /forum_attac.php3?id_article=710&retour=cikk HTTP/1.1" 404 292 "-" "Mozilla/4.0 (compatible; MSIE 6.0; Windows NT 5.1; SV1)"
195.56.55.225 - - [07/Jul/2013:05:43:47 +0200] "GET /test.html HTTP/1.1" 200 56 "-" "monit/4.6"
195.56.55.225 - - [07/Jul/2013:05:45:49 +0200] "GET /test.html HTTP/1.1" 200 56 "-" "monit/4.6"
78.87.123.114 - - [07/Jul/2013:05:45:51 +0200] "GET /conf/\" + ez_codePath + \"ezloader.js HTTP/1.1" 400 365 "-" "-"
195.56.55.225 - - [07/Jul/2013:05:47:51 +0200] "GET /test.html HTTP/1.1" 200 56 "-" "monit/4.6"
77.88.42.27 - - [07/Jul/2013:05:49:23 +0200] "GET /robots.txt HTTP/1.1" 404 286 "-" "Mozilla/5.0 (compatible; YandexBot/3.0; +http://yandex.com/bots)"
77.88.42.27 - - [07/Jul/2013:05:49:24 +0200] "GET /robots.txt HTTP/1.1" 404 294 "-" "Mozilla/5.0 (compatible; YandexBot/3.0; +http://yandex.com/bots)"
195.56.55.225 - - [07/Jul/2013:05:49:53 +0200] "GET /test.html HTTP/1.1" 200 56 "-" "monit/4.6"
46.108.241.253 - - [07/Jul/2013:05:51:36 +0200] "POST /forum_attac.php3?id_article=710&retour=cikk HTTP/1.0" 404 280 "http://attac.zpok.hu/forum_attac.php3?id_article=710&retour=cikk" "Mozilla/4.0 (compatible; MSIE 6.0; Windows NT 5.1; SV1)"
