93.178.205.242 - - [09/Jul/2013:18:41:26 +0200] "POST /forum_attac.php3?id_article=710&retour=cikk HTTP/1.0" 404 280 "http://attac.zpok.hu/forum_attac.php3?id_article=710&retour=cikk" "Mozilla/4.0 (compatible; MSIE 6.0; Windows NT 5.1; SV1)"
54.226.198.56 - - [09/Jul/2013:18:41:32 +0200] "POST /forum_attac.php3?id_article=710&retour=cikk HTTP/1.1" 404 292 "http://attac.zpok.hu/forum_attac.php3?id_article=710&retour=cikk" "Mozilla/4.0 (compatible; MSIE 6.0; Windows NT 5.1; SV1)"
195.56.55.225 - - [09/Jul/2013:18:42:26 +0200] "GET /test.html HTTP/1.1" 200 56 "-" "monit/4.6"
54.234.18.91 - - [09/Jul/2013:18:42:32 +0200] "POST /forum_attac.php3?id_article=710&retour=cikk HTTP/1.1" 404 292 "http://attac.zpok.hu/forum_attac.php3?id_article=710&retour=cikk" "Mozilla/4.0 (compatible; MSIE 6.0; Windows NT 5.1; SV1)"
195.56.55.225 - - [09/Jul/2013:18:44:28 +0200] "GET /test.html HTTP/1.1" 200 56 "-" "monit/4.6"
195.56.55.225 - - [09/Jul/2013:18:46:31 +0200] "GET /test.html HTTP/1.1" 200 56 "-" "monit/4.6"
195.56.55.225 - - [09/Jul/2013:18:48:33 +0200] "GET /test.html HTTP/1.1" 200 56 "-" "monit/4.6"
209.85.238.214 - - [09/Jul/2013:18:49:38 +0200] "GET / HTTP/1.1" 200 1155 "-" "Feedfetcher-Google; (+http://www.google.com/feedfetcher.html; 1 subscribers; feed-id=849169264004692768)"
195.56.55.225 - - [09/Jul/2013:18:50:35 +0200] "GET /test.html HTTP/1.1" 200 56 "-" "monit/4.6"
195.56.55.225 - - [09/Jul/2013:18:52:37 +0200] "GET /test.html HTTP/1.1" 200 56 "-" "monit/4.6"
75.44.117.93 - - [09/Jul/2013:18:53:27 +0200] "-" 408 - "-" "-"
91.232.96.36 - - [09/Jul/2013:18:53:33 +0200] "GET /forum_attac.php3?id_article=983&retour=cikk.php3%3Fid_article%3D983 HTTP/1.1" 404 292 "-" "Mozilla/4.0 (compatible; MSIE 6.0; Windows NT 5.1; SV1)"
195.56.55.225 - - [09/Jul/2013:18:54:39 +0200] "GET /test.html HTTP/1.1" 200 56 "-" "monit/4.6"
208.115.111.71 - - [09/Jul/2013:18:55:01 +0200] "GET /robots.txt HTTP/1.1" 404 293 "-" "Mozilla/5.0 (compatible; Ezooms/1.0; ezooms.bot@gmail.com)"
84.224.35.132 - - [09/Jul/2013:18:55:33 +0200] "GET /puce.gif HTTP/1.1" 404 284 "http://jobbik.net/index.php?q=node/2839" "Mozilla/5.0 (Linux; U; Android 2.3.5; en-gb; MB526 Build/4.5.1-134_DFP-125) AppleWebKit/533.1 (KHTML, like Gecko) Version/4.0 Mobile Safari/533.1"
195.56.55.225 - - [09/Jul/2013:18:56:57 +0200] "GET /test.html HTTP/1.1" 200 56 "-" "monit/4.6"
195.56.55.225 - - [09/Jul/2013:18:58:59 +0200] "GET /test.html HTTP/1.1" 200 56 "-" "monit/4.6"
195.56.55.225 - - [09/Jul/2013:19:01:01 +0200] "GET /test.html HTTP/1.1" 200 56 "-" "monit/4.6"
221.11.67.125 - - [09/Jul/2013:19:02:19 +0200] "-" 408 - "-" "-"
195.56.55.225 - - [09/Jul/2013:19:03:03 +0200] "GET /test.html HTTP/1.1" 200 56 "-" "monit/4.6"
89.248.174.60 - - [09/Jul/2013:19:04:16 +0200] "GET /forum_attac.php3?id_article=983&retour=cikk.php3%3Fid_article%3D983 HTTP/1.1" 404 292 "-" "Mozilla/4.0 (compatible; MSIE 6.0; Windows NT 5.1; SV1)"
195.56.55.225 - - [09/Jul/2013:19:05:05 +0200] "GET /test.html HTTP/1.1" 200 56 "-" "monit/4.6"
195.56.55.225 - - [09/Jul/2013:19:07:07 +0200] "GET /test.html HTTP/1.1" 200 56 "-" "monit/4.6"
202.46.56.43 - - [09/Jul/2013:19:08:15 +0200] "GET / HTTP/1.1" 200 1155 "-" "Mozilla/4.0 (compatible; MSIE 7.0; Windows NT 6.0)"
195.56.55.225 - - [09/Jul/2013:19:09:11 +0200] "GET /test.html HTTP/1.1" 200 56 "-" "monit/4.6"
119.63.193.196 - - [09/Jul/2013:19:09:22 +0200] "GET / HTTP/1.1" 200 1155 "-" "Mozilla/4.0 (compatible; MSIE 7.0; Windows NT 6.0)"
195.56.55.225 - - [09/Jul/2013:19:11:13 +0200] "GET /test.html HTTP/1.1" 200 56 "-" "monit/4.6"
80.98.191.138 - - [09/Jul/2013:19:12:10 +0200] "-" 408 - "-" "-"
195.56.55.225 - - [09/Jul/2013:19:13:15 +0200] "GET /test.html HTTP/1.1" 200 56 "-" "monit/4.6"
195.56.55.225 - - [09/Jul/2013:19:15:17 +0200] "GET /test.html HTTP/1.1" 200 56 "-" "monit/4.6"
157.56.92.173 - - [09/Jul/2013:19:16:13 +0200] "GET /robots.txt HTTP/1.1" 404 299 "-" "Mozilla/5.0 (compatible; bingbot/2.0; +http://www.bing.com/bingbot.htm)"
91.232.96.36 - - [09/Jul/2013:19:16:41 +0200] "GET /forum_attac.php3?id_article=983&retour=cikk.php3%3Fid_article%3D983 HTTP/1.1" 404 292 "-" "Mozilla/4.0 (compatible; MSIE 6.0; Windows NT 5.1; SV1)"
157.56.92.173 - - [09/Jul/2013:19:16:47 +0200] "GET /node/480 HTTP/1.1" 404 297 "-" "Mozilla/5.0 (compatible; bingbot/2.0; +http://www.bing.com/bingbot.htm)"
195.56.55.225 - - [09/Jul/2013:19:17:19 +0200] "GET /test.html HTTP/1.1" 200 56 "-" "monit/4.6"
195.56.55.225 - - [09/Jul/2013:19:19:21 +0200] "GET /test.html HTTP/1.1" 200 56 "-" "monit/4.6"
72.71.254.53 - - [09/Jul/2013:19:19:48 +0200] "-" 408 - "-" "-"
188.36.8.33 - - [09/Jul/2013:19:21:13 +0200] "-" 408 - "-" "-"
195.56.55.225 - - [09/Jul/2013:19:21:23 +0200] "GET /test.html HTTP/1.1" 200 56 "-" "monit/4.6"
66.249.73.122 - - [09/Jul/2013:19:21:40 +0200] "GET /robots.txt HTTP/1.1" 404 285 "-" "Mozilla/5.0 (compatible; Googlebot/2.1; +http://www.google.com/bot.html)"
66.249.73.122 - - [09/Jul/2013:19:21:40 +0200] "GET / HTTP/1.1" 200 1155 "-" "DoCoMo/2.0 N905i(c100;TB;W24H16) (compatible; Googlebot-Mobile/2.1; +http://www.google.com/bot.html)"
54.226.201.45 - - [09/Jul/2013:19:22:50 +0200] "POST /forum_attac.php3?id_article=710&retour=cikk HTTP/1.1" 404 292 "http://attac.zpok.hu/forum_attac.php3?id_article=710&retour=cikk" "Mozilla/4.0 (compatible; MSIE 6.0; Windows NT 5.1; SV1)"
219.232.254.33 - - [09/Jul/2013:19:22:52 +0200] "POST /forum_attac.php3?id_article=710&retour=cikk HTTP/1.0" 404 280 "http://attac.zpok.hu/forum_attac.php3?id_article=710&retour=cikk" "Mozilla/4.0 (compatible; MSIE 6.0; Windows NT 5.1; SV1)"
195.56.55.225 - - [09/Jul/2013:19:23:25 +0200] "GET /test.html HTTP/1.1" 200 56 "-" "monit/4.6"
77.88.42.27 - - [09/Jul/2013:19:23:52 +0200] "GET /robots.txt HTTP/1.1" 404 287 "-" "Mozilla/5.0 (compatible; YandexBot/3.0; +http://yandex.com/bots)"
90.55.247.62 - - [09/Jul/2013:19:24:17 +0200] "GET / HTTP/1.1" 400 8782 "-" "-"
208.115.111.71 - - [09/Jul/2013:19:25:05 +0200] "GET /bio.php HTTP/1.1" 404 290 "-" "Mozilla/5.0 (compatible; Ezooms/1.0; ezooms.bot@gmail.com)"
180.76.5.99 - - [09/Jul/2013:19:25:21 +0200] "GET / HTTP/1.1" 200 1155 "-" "Mozilla/5.0 (compatible; Baiduspider/2.0; +http://www.baidu.com/search/spider.html)"
195.56.55.225 - - [09/Jul/2013:19:25:28 +0200] "GET /test.html HTTP/1.1" 200 56 "-" "monit/4.6"
89.248.174.60 - - [09/Jul/2013:19:27:03 +0200] "GET /forum_attac.php3?id_article=983&retour=cikk.php3%3Fid_article%3D983 HTTP/1.1" 404 292 "-" "Mozilla/4.0 (compatible; MSIE 6.0; Windows NT 5.1; SV1)"
195.56.55.225 - - [09/Jul/2013:19:27:29 +0200] "GET /test.html HTTP/1.1" 200 56 "-" "monit/4.6"
195.56.55.225 - - [09/Jul/2013:19:29:31 +0200] "GET /test.html HTTP/1.1" 200 56 "-" "monit/4.6"
86.94.69.95 - - [09/Jul/2013:19:29:41 +0200] "-" 408 - "-" "-"
173.199.114.211 - - [09/Jul/2013:19:30:34 +0200] "GET /www.bicusa.org/lac.htm HTTP/1.1" 404 300 "-" "Mozilla/5.0 (compatible; AhrefsBot/4.0; +http://ahrefs.com/robot/)"
90.55.247.62 - - [09/Jul/2013:19:31:16 +0200] "GET / HTTP/1.1" 400 8783 "-" "-"
195.56.55.225 - - [09/Jul/2013:19:31:33 +0200] "GET /test.html HTTP/1.1" 200 56 "-" "monit/4.6"
195.56.55.225 - - [09/Jul/2013:19:33:35 +0200] "GET /test.html HTTP/1.1" 200 56 "-" "monit/4.6"
195.56.55.225 - - [09/Jul/2013:19:35:37 +0200] "GET /test.html HTTP/1.1" 200 56 "-" "monit/4.6"
66.249.73.122 - - [09/Jul/2013:19:35:58 +0200] "GET / HTTP/1.1" 200 1155 "-" "SAMSUNG-SGH-E250/1.0 Profile/MIDP-2.0 Configuration/CLDC-1.1 UP.Browser/6.2.3.3.c.1.101 (GUI) MMP/2.0 (compatible; Googlebot-Mobile/2.1; +http://www.google.com/bot.html)"
66.249.73.202 - - [09/Jul/2013:19:36:14 +0200] "GET /robots.txt HTTP/1.1" 404 291 "-" "Mozilla/5.0 (compatible; Googlebot/2.1; +http://www.google.com/bot.html)"
66.249.73.202 - - [09/Jul/2013:19:36:14 +0200] "GET / HTTP/1.1" 200 1155 "-" "DoCoMo/2.0 N905i(c100;TB;W24H16) (compatible; Googlebot-Mobile/2.1; +http://www.google.com/bot.html)"
195.56.55.225 - - [09/Jul/2013:19:37:39 +0200] "GET /test.html HTTP/1.1" 200 56 "-" "monit/4.6"
173.199.114.211 - - [09/Jul/2013:19:39:14 +0200] "GET /cikk.php3?id_article=819 HTTP/1.1" 404 285 "-" "Mozilla/5.0 (compatible; AhrefsBot/4.0; +http://ahrefs.com/robot/)"
91.232.96.36 - - [09/Jul/2013:19:39:26 +0200] "GET /forum_attac.php3?id_article=983&retour=cikk.php3%3Fid_article%3D983 HTTP/1.1" 404 292 "-" "Mozilla/4.0 (compatible; MSIE 6.0; Windows NT 5.1; SV1)"
180.96.64.181 - - [09/Jul/2013:19:39:31 +0200] "POST /forum_attac.php3?id_article=710&retour=cikk HTTP/1.0" 404 280 "http://attac.zpok.hu/forum_attac.php3?id_article=710&retour=cikk" "Mozilla/4.0 (compatible; MSIE 6.0; Windows NT 5.1; SV1)"
61.155.159.9 - - [09/Jul/2013:19:39:32 +0200] "POST /forum_attac.php3?id_article=710&retour=cikk HTTP/1.1" 404 292 "http://attac.zpok.hu/forum_attac.php3?id_article=710&retour=cikk" "Mozilla/4.0 (compatible; MSIE 6.0; Windows NT 5.1; SV1)"
195.56.55.225 - - [09/Jul/2013:19:39:41 +0200] "GET /test.html HTTP/1.1" 200 56 "-" "monit/4.6"
195.56.55.225 - - [09/Jul/2013:19:41:43 +0200] "GET /test.html HTTP/1.1" 200 56 "-" "monit/4.6"
195.56.55.225 - - [09/Jul/2013:19:43:45 +0200] "GET /test.html HTTP/1.1" 200 56 "-" "monit/4.6"
92.249.214.251 - - [09/Jul/2013:19:44:40 +0200] "GET / HTTP/1.1" 200 1155 "-" "Mozilla/5.0 (Macintosh; Intel Mac OS X 10_7_5) AppleWebKit/536.30.1 (KHTML, like Gecko) Version/6.0.5 Safari/536.30.1"
92.249.214.251 - - [09/Jul/2013:19:44:40 +0200] "GET /favicon.ico HTTP/1.1" 404 292 "http://myadmin.zoldpok.hu/" "Mozilla/5.0 (Macintosh; Intel Mac OS X 10_7_5) AppleWebKit/536.30.1 (KHTML, like Gecko) Version/6.0.5 Safari/536.30.1"
195.56.55.225 - - [09/Jul/2013:19:45:47 +0200] "GET /test.html HTTP/1.1" 200 56 "-" "monit/4.6"
85.25.134.59 - - [09/Jul/2013:19:47:39 +0200] "GET /robots.txt HTTP/1.1" 404 289 "http://netcomber.com" "NCBot (http://netcomber.com : tool for finding true domain owners) Queries/complaints: bot@netcomber.com"
85.25.134.59 - - [09/Jul/2013:19:47:39 +0200] "GET / HTTP/1.1" 200 1155 "http://netcomber.com" "NCBot (http://netcomber.com : tool for finding true domain owners) Queries/complaints: bot@netcomber.com"
195.56.55.225 - - [09/Jul/2013:19:47:49 +0200] "GET /test.html HTTP/1.1" 200 56 "-" "monit/4.6"
195.56.55.225 - - [09/Jul/2013:19:49:51 +0200] "GET /test.html HTTP/1.1" 200 56 "-" "monit/4.6"
89.248.174.60 - - [09/Jul/2013:19:50:01 +0200] "GET /forum_attac.php3?id_article=983&retour=cikk.php3%3Fid_article%3D983 HTTP/1.1" 404 292 "-" "Mozilla/4.0 (compatible; MSIE 6.0; Windows NT 5.1; SV1)"
66.249.73.66 - - [09/Jul/2013:19:50:51 +0200] "GET /robots.txt HTTP/1.1" 404 288 "-" "Mozilla/5.0 (compatible; Googlebot/2.1; +http://www.google.com/bot.html)"
66.249.73.66 - - [09/Jul/2013:19:50:51 +0200] "GET / HTTP/1.1" 200 1155 "-" "DoCoMo/2.0 N905i(c100;TB;W24H16) (compatible; Googlebot-Mobile/2.1; +http://www.google.com/bot.html)"
195.56.55.225 - - [09/Jul/2013:19:51:53 +0200] "GET /test.html HTTP/1.1" 200 56 "-" "monit/4.6"
84.3.40.86 - - [09/Jul/2013:19:52:15 +0200] "-" 408 - "-" "-"
84.3.40.86 - - [09/Jul/2013:19:52:15 +0200] "-" 408 - "-" "-"
195.56.55.225 - - [09/Jul/2013:19:53:56 +0200] "GET /test.html HTTP/1.1" 200 56 "-" "monit/4.6"
93.78.47.20 - - [09/Jul/2013:19:54:24 +0200] "POST /forum_attac.php3?id_article=710&retour=cikk HTTP/1.1" 404 292 "http://attac.zpok.hu/forum_attac.php3?id_article=710&retour=cikk" "Mozilla/4.0 (compatible; MSIE 6.0; Windows NT 5.1; SV1)"
166.78.22.161 - - [09/Jul/2013:19:55:10 +0200] "POST /forum_attac.php3?id_article=710&retour=cikk HTTP/1.1" 404 292 "http://attac.zpok.hu/forum_attac.php3?id_article=710&retour=cikk" "Mozilla/4.0 (compatible; MSIE 6.0; Windows NT 5.1; SV1)"
119.63.196.126 - - [09/Jul/2013:19:55:58 +0200] "GET / HTTP/1.1" 200 1155 "-" "Mozilla/5.0 (compatible; Baiduspider/2.0; +http://www.baidu.com/search/spider.html)"
195.56.55.225 - - [09/Jul/2013:19:55:58 +0200] "GET /test.html HTTP/1.1" 200 56 "-" "monit/4.6"
173.199.114.211 - - [09/Jul/2013:19:56:10 +0200] "GET /cikk.php3?id_article=356 HTTP/1.1" 404 285 "-" "Mozilla/5.0 (compatible; AhrefsBot/4.0; +http://ahrefs.com/robot/)"
195.56.55.225 - - [09/Jul/2013:19:58:01 +0200] "GET /test.html HTTP/1.1" 200 56 "-" "monit/4.6"
173.199.120.43 - - [09/Jul/2013:19:58:32 +0200] "GET /tevekenysegunk/biojosagok/okovasar HTTP/1.1" 404 314 "-" "Mozilla/5.0 (compatible; AhrefsBot/4.0; +http://ahrefs.com/robot/)"
195.56.55.225 - - [09/Jul/2013:20:00:03 +0200] "GET /test.html HTTP/1.1" 200 56 "-" "monit/4.6"
173.165.6.33 - - [09/Jul/2013:20:00:51 +0200] "-" 408 - "-" "-"
66.249.73.66 - - [09/Jul/2013:20:01:05 +0200] "GET / HTTP/1.1" 200 1155 "-" "SAMSUNG-SGH-E250/1.0 Profile/MIDP-2.0 Configuration/CLDC-1.1 UP.Browser/6.2.3.3.c.1.101 (GUI) MMP/2.0 (compatible; Googlebot-Mobile/2.1; +http://www.google.com/bot.html)"
195.56.55.225 - - [09/Jul/2013:20:02:06 +0200] "GET /test.html HTTP/1.1" 200 56 "-" "monit/4.6"
91.232.96.36 - - [09/Jul/2013:20:02:37 +0200] "GET /forum_attac.php3?id_article=983&retour=cikk.php3%3Fid_article%3D983 HTTP/1.1" 404 292 "-" "Mozilla/4.0 (compatible; MSIE 6.0; Windows NT 5.1; SV1)"
195.56.55.225 - - [09/Jul/2013:20:04:08 +0200] "GET /test.html HTTP/1.1" 200 56 "-" "monit/4.6"
173.199.116.211 - - [09/Jul/2013:20:05:19 +0200] "-" 408 - "-" "-"
195.56.55.225 - - [09/Jul/2013:20:06:10 +0200] "GET /test.html HTTP/1.1" 200 56 "-" "monit/4.6"
77.111.163.20 - - [09/Jul/2013:20:07:49 +0200] "GET / HTTP/1.1" 200 1155 "-" "Mozilla/5.0 (Windows NT 5.1; rv:22.0) Gecko/20100101 Firefox/22.0"
77.111.163.20 - - [09/Jul/2013:20:07:49 +0200] "GET /favicon.ico HTTP/1.1" 404 288 "-" "Mozilla/5.0 (Windows NT 5.1; rv:22.0) Gecko/20100101 Firefox/22.0"
77.111.163.20 - - [09/Jul/2013:20:07:49 +0200] "GET /favicon.ico HTTP/1.1" 404 288 "-" "Mozilla/5.0 (Windows NT 5.1; rv:22.0) Gecko/20100101 Firefox/22.0"
195.56.55.225 - - [09/Jul/2013:20:08:13 +0200] "GET /test.html HTTP/1.1" 200 56 "-" "monit/4.6"
195.56.55.225 - - [09/Jul/2013:20:10:15 +0200] "GET /test.html HTTP/1.1" 200 56 "-" "monit/4.6"
195.56.55.225 - - [09/Jul/2013:20:12:27 +0200] "GET /test.html HTTP/1.1" 200 56 "-" "monit/4.6"
89.248.174.60 - - [09/Jul/2013:20:13:02 +0200] "GET /forum_attac.php3?id_article=983&retour=cikk.php3%3Fid_article%3D983 HTTP/1.1" 404 292 "-" "Mozilla/4.0 (compatible; MSIE 6.0; Windows NT 5.1; SV1)"
66.249.73.15 - - [09/Jul/2013:20:13:44 +0200] "GET /robots.txt HTTP/1.1" 404 282 "-" "Mozilla/5.0 (compatible; Googlebot/2.1; +http://www.google.com/bot.html)"
66.249.73.15 - - [09/Jul/2013:20:13:45 +0200] "GET / HTTP/1.1" 200 1155 "-" "SAMSUNG-SGH-E250/1.0 Profile/MIDP-2.0 Configuration/CLDC-1.1 UP.Browser/6.2.3.3.c.1.101 (GUI) MMP/2.0 (compatible; Googlebot-Mobile/2.1; +http://www.google.com/bot.html)"
187.113.191.17 - - [09/Jul/2013:20:14:18 +0200] "-" 408 - "-" "-"
195.56.55.225 - - [09/Jul/2013:20:14:29 +0200] "GET /test.html HTTP/1.1" 200 56 "-" "monit/4.6"
195.56.55.225 - - [09/Jul/2013:20:16:31 +0200] "GET /test.html HTTP/1.1" 200 56 "-" "monit/4.6"
91.83.180.7 - - [09/Jul/2013:20:17:02 +0200] "-" 408 - "-" "-"
89.134.152.143 - - [09/Jul/2013:20:17:07 +0200] "-" 408 - "-" "-"
80.243.185.168 - - [09/Jul/2013:20:18:24 +0200] "POST /forum_attac.php3?id_article=710&retour=cikk HTTP/1.1" 404 292 "http://attac.zpok.hu/forum_attac.php3?id_article=710&retour=cikk" "Mozilla/4.0 (compatible; MSIE 6.0; Windows NT 5.1; SV1)"
118.140.81.50 - - [09/Jul/2013:20:18:29 +0200] "POST /forum_attac.php3?id_article=710&retour=cikk HTTP/1.1" 404 292 "http://attac.zpok.hu/forum_attac.php3?id_article=710&retour=cikk" "Mozilla/4.0 (compatible; MSIE 6.0; Windows NT 5.1; SV1)"
195.56.55.225 - - [09/Jul/2013:20:18:33 +0200] "GET /test.html HTTP/1.1" 200 56 "-" "monit/4.6"
54.224.152.175 - - [09/Jul/2013:20:18:53 +0200] "POST /forum_attac.php3?id_article=710&retour=cikk HTTP/1.1" 404 292 "http://attac.zpok.hu/forum_attac.php3?id_article=710&retour=cikk" "Mozilla/4.0 (compatible; MSIE 6.0; Windows NT 5.1; SV1)"
180.76.5.50 - - [09/Jul/2013:20:18:59 +0200] "GET / HTTP/1.1" 200 1155 "-" "Mozilla/5.0 (compatible; Baiduspider/2.0; +http://www.baidu.com/search/spider.html)"
195.56.55.225 - - [09/Jul/2013:20:20:35 +0200] "GET /test.html HTTP/1.1" 200 56 "-" "monit/4.6"
195.56.55.225 - - [09/Jul/2013:20:22:38 +0200] "GET /test.html HTTP/1.1" 200 56 "-" "monit/4.6"
180.76.5.137 - - [09/Jul/2013:20:22:47 +0200] "GET /robots.txt HTTP/1.1" 404 286 "-" "Mozilla/5.0 (Windows NT 5.1; rv:6.0.2) Gecko/20100101 Firefox/6.0.2"
195.56.55.225 - - [09/Jul/2013:20:24:39 +0200] "GET /test.html HTTP/1.1" 200 56 "-" "monit/4.6"
212.7.196.79 - - [09/Jul/2013:20:24:54 +0200] "GET / HTTP/1.1" 200 1155 "-" "Mozilla/5.0 (Windows; U; Windows NT 6.1; WOW64; en-US; rv:2.0.4) Gecko/20120718 AskTbAVR-IDW/3.12.5.17700 Firefox/14.0.1"
91.232.96.36 - - [09/Jul/2013:20:25:30 +0200] "GET /forum_attac.php3?id_article=983&retour=cikk.php3%3Fid_article%3D983 HTTP/1.1" 404 292 "-" "Mozilla/4.0 (compatible; MSIE 6.0; Windows NT 5.1; SV1)"
157.55.32.113 - - [09/Jul/2013:20:26:27 +0200] "GET /robots.txt HTTP/1.1" 404 286 "-" "Mozilla/5.0 (compatible; bingbot/2.0; +http://www.bing.com/bingbot.htm)"
195.56.55.225 - - [09/Jul/2013:20:26:41 +0200] "GET /test.html HTTP/1.1" 200 56 "-" "monit/4.6"
157.55.32.113 - - [09/Jul/2013:20:27:24 +0200] "GET /cikk.php3?id_article=174 HTTP/1.1" 404 285 "-" "Mozilla/5.0 (compatible; bingbot/2.0; +http://www.bing.com/bingbot.htm)"
173.199.114.211 - - [09/Jul/2013:20:28:19 +0200] "GET /cikk.php3?id_article=420 HTTP/1.1" 404 285 "-" "Mozilla/5.0 (compatible; AhrefsBot/4.0; +http://ahrefs.com/robot/)"
195.56.55.225 - - [09/Jul/2013:20:28:43 +0200] "GET /test.html HTTP/1.1" 200 56 "-" "monit/4.6"
157.56.229.244 - - [09/Jul/2013:20:30:23 +0200] "GET /robots.txt HTTP/1.1" 404 299 "-" "Mozilla/5.0 (compatible; bingbot/2.0; +http://www.bing.com/bingbot.htm)"
123.125.71.41 - - [09/Jul/2013:20:30:25 +0200] "GET / HTTP/1.1" 200 1155 "-" "Mozilla/5.0 (compatible; Baiduspider/2.0; +http://www.baidu.com/search/spider.html)"
195.56.55.225 - - [09/Jul/2013:20:30:45 +0200] "GET /test.html HTTP/1.1" 200 56 "-" "monit/4.6"
84.0.119.203 - - [09/Jul/2013:20:31:05 +0200] "-" 408 - "-" "-"
157.56.229.244 - - [09/Jul/2013:20:31:16 +0200] "GET /kompasz/hogyan_elhetunk_jogainkkal HTTP/1.1" 404 323 "-" "Mozilla/5.0 (compatible; bingbot/2.0; +http://www.bing.com/bingbot.htm)"
195.56.55.225 - - [09/Jul/2013:20:32:47 +0200] "GET /test.html HTTP/1.1" 200 56 "-" "monit/4.6"
195.56.55.225 - - [09/Jul/2013:20:34:49 +0200] "GET /test.html HTTP/1.1" 200 56 "-" "monit/4.6"
89.248.174.60 - - [09/Jul/2013:20:36:11 +0200] "GET /forum_attac.php3?id_article=983&retour=cikk.php3%3Fid_article%3D983 HTTP/1.1" 404 292 "-" "Mozilla/4.0 (compatible; MSIE 6.0; Windows NT 5.1; SV1)"
195.56.55.225 - - [09/Jul/2013:20:36:51 +0200] "GET /test.html HTTP/1.1" 200 56 "-" "monit/4.6"
195.56.55.225 - - [09/Jul/2013:20:38:53 +0200] "GET /test.html HTTP/1.1" 200 56 "-" "monit/4.6"
66.249.73.110 - - [09/Jul/2013:20:38:58 +0200] "GET /robots.txt HTTP/1.1" 404 288 "-" "Mozilla/5.0 (compatible; Googlebot/2.1; +http://www.google.com/bot.html)"
66.249.73.110 - - [09/Jul/2013:20:38:58 +0200] "GET / HTTP/1.1" 200 1155 "-" "SAMSUNG-SGH-E250/1.0 Profile/MIDP-2.0 Configuration/CLDC-1.1 UP.Browser/6.2.3.3.c.1.101 (GUI) MMP/2.0 (compatible; Googlebot-Mobile/2.1; +http://www.google.com/bot.html)"
195.56.55.225 - - [09/Jul/2013:20:40:55 +0200] "GET /test.html HTTP/1.1" 200 56 "-" "monit/4.6"
61.135.179.167 - - [09/Jul/2013:20:42:35 +0200] "POST /forum_attac.php3?id_article=710&retour=cikk HTTP/1.0" 404 280 "http://attac.zpok.hu/forum_attac.php3?id_article=710&retour=cikk" "Mozilla/4.0 (compatible; MSIE 6.0; Windows NT 5.1; SV1)"
180.96.64.181 - - [09/Jul/2013:20:42:36 +0200] "POST /forum_attac.php3?id_article=710&retour=cikk HTTP/1.0" 404 280 "http://attac.zpok.hu/forum_attac.php3?id_article=710&retour=cikk" "Mozilla/4.0 (compatible; MSIE 6.0; Windows NT 5.1; SV1)"
107.23.180.148 - - [09/Jul/2013:20:42:37 +0200] "POST /forum_attac.php3?id_article=710&retour=cikk HTTP/1.1" 404 292 "http://attac.zpok.hu/forum_attac.php3?id_article=710&retour=cikk" "Mozilla/4.0 (compatible; MSIE 6.0; Windows NT 5.1; SV1)"
195.56.55.225 - - [09/Jul/2013:20:42:57 +0200] "GET /test.html HTTP/1.1" 200 56 "-" "monit/4.6"
195.56.55.225 - - [09/Jul/2013:20:45:01 +0200] "GET /test.html HTTP/1.1" 200 56 "-" "monit/4.6"
195.56.55.225 - - [09/Jul/2013:20:47:03 +0200] "GET /test.html HTTP/1.1" 200 56 "-" "monit/4.6"
188.142.241.45 - - [09/Jul/2013:20:48:09 +0200] "-" 408 - "-" "-"
91.232.96.36 - - [09/Jul/2013:20:48:33 +0200] "GET /forum_attac.php3?id_article=983&retour=cikk.php3%3Fid_article%3D983 HTTP/1.1" 404 292 "-" "Mozilla/4.0 (compatible; MSIE 6.0; Windows NT 5.1; SV1)"
195.56.55.225 - - [09/Jul/2013:20:49:05 +0200] "GET /test.html HTTP/1.1" 200 56 "-" "monit/4.6"
66.249.73.63 - - [09/Jul/2013:20:49:24 +0200] "GET /robots.txt HTTP/1.1" 404 297 "-" "Mozilla/5.0 (compatible; Googlebot/2.1; +http://www.google.com/bot.html)"
66.249.73.63 - - [09/Jul/2013:20:49:24 +0200] "GET /day/33 HTTP/1.1" 404 293 "-" "Mozilla/5.0 (compatible; Googlebot/2.1; +http://www.google.com/bot.html)"
195.56.55.225 - - [09/Jul/2013:20:51:07 +0200] "GET /test.html HTTP/1.1" 200 56 "-" "monit/4.6"
66.249.73.53 - - [09/Jul/2013:20:51:35 +0200] "GET /robots.txt HTTP/1.1" 404 290 "-" "Mozilla/5.0 (compatible; Googlebot/2.1; +http://www.google.com/bot.html)"
66.249.73.53 - - [09/Jul/2013:20:51:35 +0200] "GET / HTTP/1.1" 200 1155 "-" "SAMSUNG-SGH-E250/1.0 Profile/MIDP-2.0 Configuration/CLDC-1.1 UP.Browser/6.2.3.3.c.1.101 (GUI) MMP/2.0 (compatible; Googlebot-Mobile/2.1; +http://www.google.com/bot.html)"
195.56.55.225 - - [09/Jul/2013:20:53:10 +0200] "GET /test.html HTTP/1.1" 200 56 "-" "monit/4.6"
195.56.55.225 - - [09/Jul/2013:20:55:12 +0200] "GET /test.html HTTP/1.1" 200 56 "-" "monit/4.6"
195.56.55.225 - - [09/Jul/2013:20:57:14 +0200] "GET /test.html HTTP/1.1" 200 56 "-" "monit/4.6"
89.248.174.60 - - [09/Jul/2013:20:59:04 +0200] "GET /forum_attac.php3?id_article=983&retour=cikk.php3%3Fid_article%3D983 HTTP/1.1" 404 292 "-" "Mozilla/4.0 (compatible; MSIE 6.0; Windows NT 5.1; SV1)"
195.56.55.225 - - [09/Jul/2013:20:59:16 +0200] "GET /test.html HTTP/1.1" 200 56 "-" "monit/4.6"
77.88.42.27 - - [09/Jul/2013:20:59:40 +0200] "GET / HTTP/1.1" 200 1155 "-" "Mozilla/5.0 (compatible; YandexBot/3.0; +http://yandex.com/bots)"
195.56.55.225 - - [09/Jul/2013:21:01:18 +0200] "GET /test.html HTTP/1.1" 200 56 "-" "monit/4.6"
195.56.55.225 - - [09/Jul/2013:21:03:20 +0200] "GET /test.html HTTP/1.1" 200 56 "-" "monit/4.6"
195.56.55.225 - - [09/Jul/2013:21:05:23 +0200] "GET /test.html HTTP/1.1" 200 56 "-" "monit/4.6"
195.56.55.225 - - [09/Jul/2013:21:07:25 +0200] "GET /test.html HTTP/1.1" 200 56 "-" "monit/4.6"
195.56.55.225 - - [09/Jul/2013:21:09:27 +0200] "GET /test.html HTTP/1.1" 200 56 "-" "monit/4.6"
195.56.55.225 - - [09/Jul/2013:21:11:29 +0200] "GET /test.html HTTP/1.1" 200 56 "-" "monit/4.6"
91.232.96.36 - - [09/Jul/2013:21:11:35 +0200] "GET /forum_attac.php3?id_article=983&retour=cikk.php3%3Fid_article%3D983 HTTP/1.1" 404 292 "-" "Mozilla/4.0 (compatible; MSIE 6.0; Windows NT 5.1; SV1)"
54.226.1.5 - - [09/Jul/2013:21:12:47 +0200] "POST /forum_attac.php3?id_article=710&retour=cikk HTTP/1.1" 404 292 "http://attac.zpok.hu/forum_attac.php3?id_article=710&retour=cikk" "Mozilla/4.0 (compatible; MSIE 6.0; Windows NT 5.1; SV1)"
107.23.180.148 - - [09/Jul/2013:21:13:11 +0200] "POST /forum_attac.php3?id_article=710&retour=cikk HTTP/1.1" 404 292 "http://attac.zpok.hu/forum_attac.php3?id_article=710&retour=cikk" "Mozilla/4.0 (compatible; MSIE 6.0; Windows NT 5.1; SV1)"
166.78.22.161 - - [09/Jul/2013:21:13:15 +0200] "POST /forum_attac.php3?id_article=710&retour=cikk HTTP/1.1" 404 292 "http://attac.zpok.hu/forum_attac.php3?id_article=710&retour=cikk" "Mozilla/4.0 (compatible; MSIE 6.0; Windows NT 5.1; SV1)"
195.56.55.225 - - [09/Jul/2013:21:13:31 +0200] "GET /test.html HTTP/1.1" 200 56 "-" "monit/4.6"
195.56.55.225 - - [09/Jul/2013:21:15:33 +0200] "GET /test.html HTTP/1.1" 200 56 "-" "monit/4.6"
195.56.55.225 - - [09/Jul/2013:21:17:35 +0200] "GET /test.html HTTP/1.1" 200 56 "-" "monit/4.6"
195.56.55.225 - - [09/Jul/2013:21:19:37 +0200] "GET /test.html HTTP/1.1" 200 56 "-" "monit/4.6"
198.2.203.4 - - [09/Jul/2013:21:21:22 +0200] "GET / HTTP/1.0" 200 1155 "http://forum.lmv.hu/" "Mozilla/5.0 (Windows NT 5.1) AppleWebKit/537.4 (KHTML, like Gecko) Chrome/22.0.1229.94 Safari/537.4"
195.56.55.225 - - [09/Jul/2013:21:21:39 +0200] "GET /test.html HTTP/1.1" 200 56 "-" "monit/4.6"
54.226.87.158 - - [09/Jul/2013:21:21:42 +0200] "POST /forum_attac.php3?id_article=710&retour=cikk HTTP/1.1" 404 292 "http://attac.zpok.hu/forum_attac.php3?id_article=710&retour=cikk" "Mozilla/4.0 (compatible; MSIE 6.0; Windows NT 5.1; SV1)"
54.226.103.116 - - [09/Jul/2013:21:21:50 +0200] "POST /forum_attac.php3?id_article=710&retour=cikk HTTP/1.1" 404 292 "http://attac.zpok.hu/forum_attac.php3?id_article=710&retour=cikk" "Mozilla/4.0 (compatible; MSIE 6.0; Windows NT 5.1; SV1)"
89.248.174.60 - - [09/Jul/2013:21:22:14 +0200] "GET /forum_attac.php3?id_article=983&retour=cikk.php3%3Fid_article%3D983 HTTP/1.1" 404 292 "-" "Mozilla/4.0 (compatible; MSIE 6.0; Windows NT 5.1; SV1)"
195.56.55.225 - - [09/Jul/2013:21:23:41 +0200] "GET /test.html HTTP/1.1" 200 56 "-" "monit/4.6"
66.249.73.106 - - [09/Jul/2013:21:24:19 +0200] "GET /cikk.php3?id_article=676 HTTP/1.1" 404 285 "-" "Mozilla/5.0 (compatible; Googlebot/2.1; +http://www.google.com/bot.html)"
46.107.197.17 - - [09/Jul/2013:21:24:55 +0200] "GET /proxy.pac HTTP/1.1" 404 282 "-" "-"
46.107.197.17 - - [09/Jul/2013:21:24:59 +0200] "GET /proxy.pac HTTP/1.1" 404 282 "-" "-"
46.107.197.17 - - [09/Jul/2013:21:25:24 +0200] "GET /proxy.pac HTTP/1.1" 404 282 "-" "Mozilla/5.0 (compatible; MSIE 10.0; Win32; Trident/6.0)"
46.107.197.17 - - [09/Jul/2013:21:25:30 +0200] "GET /proxy.pac HTTP/1.1" 404 282 "-" "Mozilla/5.0 (compatible; MSIE 10.0; Win32; Trident/6.0)"
46.107.197.17 - - [09/Jul/2013:21:25:30 +0200] "GET /proxy.pac HTTP/1.1" 404 282 "-" "Mozilla/5.0 (compatible; MSIE 10.0; Win32; Trident/6.0)"
46.107.197.17 - - [09/Jul/2013:21:25:37 +0200] "GET /proxy.pac HTTP/1.1" 404 282 "-" "Mozilla/5.0 (compatible; MSIE 10.0; Win32; Trident/6.0)"
46.107.197.17 - - [09/Jul/2013:21:25:37 +0200] "GET /proxy.pac HTTP/1.1" 404 282 "-" "Mozilla/5.0 (compatible; MSIE 10.0; Win32; Trident/6.0)"
46.107.197.17 - - [09/Jul/2013:21:25:37 +0200] "GET /proxy.pac HTTP/1.1" 404 282 "-" "-"
46.107.197.17 - - [09/Jul/2013:21:25:40 +0200] "GET /proxy.pac HTTP/1.1" 404 282 "-" "Mozilla/5.0 (compatible; MSIE 10.0; Win32; Trident/6.0)"
46.107.197.17 - - [09/Jul/2013:21:25:40 +0200] "GET /proxy.pac HTTP/1.1" 404 282 "-" "Mozilla/5.0 (compatible; MSIE 10.0; Win32; Trident/6.0)"
195.56.55.225 - - [09/Jul/2013:21:25:43 +0200] "GET /test.html HTTP/1.1" 200 56 "-" "monit/4.6"
46.107.197.17 - - [09/Jul/2013:21:25:52 +0200] "GET /proxy.pac HTTP/1.1" 404 282 "-" "-"
46.107.197.17 - - [09/Jul/2013:21:25:57 +0200] "GET /proxy.pac HTTP/1.1" 404 282 "-" "Mozilla/5.0 (compatible; MSIE 10.0; Win32; Trident/6.0)"
46.107.197.17 - - [09/Jul/2013:21:25:57 +0200] "GET /proxy.pac HTTP/1.1" 404 282 "-" "Mozilla/5.0 (compatible; MSIE 10.0; Win32; Trident/6.0)"
46.107.197.17 - - [09/Jul/2013:21:26:09 +0200] "GET /proxy.pac HTTP/1.1" 404 282 "-" "-"
46.107.197.17 - - [09/Jul/2013:21:26:09 +0200] "GET /proxy.pac HTTP/1.1" 404 282 "-" "-"
46.107.197.17 - - [09/Jul/2013:21:26:09 +0200] "GET /proxy.pac HTTP/1.1" 404 282 "-" "-"
46.107.197.17 - - [09/Jul/2013:21:26:09 +0200] "GET /proxy.pac HTTP/1.1" 404 282 "-" "-"
46.107.197.17 - - [09/Jul/2013:21:26:09 +0200] "GET /proxy.pac HTTP/1.1" 404 282 "-" "-"
46.107.197.17 - - [09/Jul/2013:21:26:09 +0200] "GET /proxy.pac HTTP/1.1" 404 282 "-" "-"
46.107.197.17 - - [09/Jul/2013:21:26:09 +0200] "GET /proxy.pac HTTP/1.1" 404 282 "-" "-"
46.107.197.17 - - [09/Jul/2013:21:26:10 +0200] "GET /proxy.pac HTTP/1.1" 404 282 "-" "-"
46.107.197.17 - - [09/Jul/2013:21:26:10 +0200] "GET /proxy.pac HTTP/1.1" 404 282 "-" "-"
46.107.197.17 - - [09/Jul/2013:21:26:10 +0200] "GET /proxy.pac HTTP/1.1" 404 282 "-" "-"
46.107.197.17 - - [09/Jul/2013:21:26:10 +0200] "GET /proxy.pac HTTP/1.1" 404 282 "-" "-"
46.107.197.17 - - [09/Jul/2013:21:26:10 +0200] "GET /proxy.pac HTTP/1.1" 404 282 "-" "-"
46.107.197.17 - - [09/Jul/2013:21:26:10 +0200] "GET /proxy.pac HTTP/1.1" 404 282 "-" "-"
46.107.197.17 - - [09/Jul/2013:21:26:10 +0200] "GET /proxy.pac HTTP/1.1" 404 282 "-" "-"
46.107.197.17 - - [09/Jul/2013:21:26:10 +0200] "GET /proxy.pac HTTP/1.1" 404 282 "-" "-"
46.107.197.17 - - [09/Jul/2013:21:26:10 +0200] "GET /proxy.pac HTTP/1.1" 404 282 "-" "-"
46.107.197.17 - - [09/Jul/2013:21:27:06 +0200] "GET /proxy.pac HTTP/1.1" 404 282 "-" "Mozilla/5.0 (compatible; MSIE 10.0; Win32; Trident/6.0)"
195.56.55.225 - - [09/Jul/2013:21:27:46 +0200] "GET /test.html HTTP/1.1" 200 56 "-" "monit/4.6"
195.56.55.225 - - [09/Jul/2013:21:29:58 +0200] "GET /test.html HTTP/1.1" 200 56 "-" "monit/4.6"
46.107.197.17 - - [09/Jul/2013:21:30:26 +0200] "GET /proxy.pac HTTP/1.1" 404 282 "-" "Mozilla/5.0 (Windows NT 6.1) AppleWebKit/537.36 (KHTML, like Gecko) Chrome/27.0.1453.116 Safari/537.36"
46.107.197.17 - - [09/Jul/2013:21:30:31 +0200] "GET /proxy.pac HTTP/1.1" 404 282 "-" "Mozilla/5.0 (Windows NT 6.1) AppleWebKit/537.36 (KHTML, like Gecko) Chrome/27.0.1453.116 Safari/537.36"
46.107.197.17 - - [09/Jul/2013:21:30:34 +0200] "GET /proxy.pac HTTP/1.1" 404 282 "-" "Mozilla/5.0 (Windows NT 6.1) AppleWebKit/537.36 (KHTML, like Gecko) Chrome/27.0.1453.116 Safari/537.36"
46.107.197.17 - - [09/Jul/2013:21:30:39 +0200] "GET /proxy.pac HTTP/1.1" 404 282 "-" "Mozilla/5.0 (Windows NT 6.1) AppleWebKit/537.36 (KHTML, like Gecko) Chrome/27.0.1453.116 Safari/537.36"
46.107.197.17 - - [09/Jul/2013:21:31:11 +0200] "GET /proxy.pac HTTP/1.1" 404 282 "-" "Mozilla/5.0 (Windows NT 6.1) AppleWebKit/537.36 (KHTML, like Gecko) Chrome/27.0.1453.116 Safari/537.36"
195.56.55.225 - - [09/Jul/2013:21:32:01 +0200] "GET /test.html HTTP/1.1" 200 56 "-" "monit/4.6"
46.107.197.17 - - [09/Jul/2013:21:32:39 +0200] "GET /proxy.pac HTTP/1.1" 404 282 "-" "Mozilla/5.0 (Windows NT 6.1) AppleWebKit/537.36 (KHTML, like Gecko) Chrome/27.0.1453.116 Safari/537.36"
46.107.197.17 - - [09/Jul/2013:21:32:39 +0200] "GET /proxy.pac HTTP/1.1" 404 282 "-" "Mozilla/5.0 (compatible; MSIE 10.0; Win32; Trident/6.0)"
46.107.197.17 - - [09/Jul/2013:21:32:39 +0200] "GET /proxy.pac HTTP/1.1" 404 282 "-" "Mozilla/5.0 (compatible; MSIE 10.0; Win32; Trident/6.0)"
46.107.197.17 - - [09/Jul/2013:21:33:01 +0200] "GET /proxy.pac HTTP/1.1" 404 282 "-" "Mozilla/5.0 (compatible; MSIE 10.0; Win32; Trident/6.0)"
46.107.197.17 - - [09/Jul/2013:21:33:23 +0200] "GET /proxy.pac HTTP/1.1" 404 282 "-" "Mozilla/5.0 (Windows NT 6.1) AppleWebKit/537.36 (KHTML, like Gecko) Chrome/27.0.1453.116 Safari/537.36"
195.56.55.225 - - [09/Jul/2013:21:34:03 +0200] "GET /test.html HTTP/1.1" 200 56 "-" "monit/4.6"
216.152.243.131 - - [09/Jul/2013:21:34:30 +0200] "GET /cikk.php3?id_article=172 HTTP/1.0" 404 273 "http://attac.zpok.hu/cikk.php3?id_article=172" "Opera/9.80 (Windows NT 6.1; Edition Yx) Presto/2.12.388 Version/12.11"
216.152.243.131 - - [09/Jul/2013:21:34:30 +0200] "GET / HTTP/1.0" 200 1155 "http://attac.zpok.hu/" "Opera/9.80 (Windows NT 6.1; Edition Yx) Presto/2.12.388 Version/12.11"
216.152.243.131 - - [09/Jul/2013:21:34:30 +0200] "GET /cikk.php3?id_article=92 HTTP/1.0" 404 273 "http://attac.zpok.hu/cikk.php3?id_article=92" "Mozilla/5.0 (Windows NT 5.1; rv:17.0) Gecko/17.0 Firefox/17.0"
216.152.243.131 - - [09/Jul/2013:21:34:30 +0200] "GET /cikk.php3?id_article=503 HTTP/1.0" 404 273 "http://attac.zpok.hu/cikk.php3?id_article=503" "Mozilla/5.0 (Windows NT 6.2; WOW64; rv:16.0) Gecko/20100101 Firefox/16.0"
216.152.243.131 - - [09/Jul/2013:21:34:30 +0200] "GET /cikk.php3?id_article=95 HTTP/1.0" 404 273 "http://attac.zpok.hu/cikk.php3?id_article=95" "Mozilla/4.0 (compatible; MSIE 8.0; Windows NT 5.1; Trident/4.0; .NET CLR 1.1.4322; .NET CLR 2.0.50727; .NET CLR 3.0.4506.2152; .NET CLR 3.5.30729)"
216.152.243.131 - - [09/Jul/2013:21:34:31 +0200] "GET / HTTP/1.0" 200 1155 "http://attac.zpok.hu/" "Mozilla/5.0 (Windows NT 5.1; rv:17.0) Gecko/17.0 Firefox/17.0"
216.152.243.131 - - [09/Jul/2013:21:34:31 +0200] "GET / HTTP/1.0" 200 1155 "http://attac.zpok.hu/" "Mozilla/5.0 (Windows NT 6.2; WOW64; rv:16.0) Gecko/20100101 Firefox/16.0"
216.152.243.131 - - [09/Jul/2013:21:34:31 +0200] "GET / HTTP/1.0" 200 1155 "http://attac.zpok.hu/" "Mozilla/4.0 (compatible; MSIE 8.0; Windows NT 5.1; Trident/4.0; .NET CLR 1.1.4322; .NET CLR 2.0.50727; .NET CLR 3.0.4506.2152; .NET CLR 3.5.30729)"
91.232.96.36 - - [09/Jul/2013:21:34:35 +0200] "GET /forum_attac.php3?id_article=983&retour=cikk.php3%3Fid_article%3D983 HTTP/1.1" 404 292 "-" "Mozilla/4.0 (compatible; MSIE 6.0; Windows NT 5.1; SV1)"
221.238.28.158 - - [09/Jul/2013:21:35:29 +0200] "POST /forum_attac.php3?id_article=710&retour=cikk HTTP/1.0" 404 280 "http://attac.zpok.hu/forum_attac.php3?id_article=710&retour=cikk" "Mozilla/4.0 (compatible; MSIE 6.0; Windows NT 5.1; SV1)"
61.135.179.167 - - [09/Jul/2013:21:35:30 +0200] "POST /forum_attac.php3?id_article=710&retour=cikk HTTP/1.0" 404 280 "http://attac.zpok.hu/forum_attac.php3?id_article=710&retour=cikk" "Mozilla/4.0 (compatible; MSIE 6.0; Windows NT 5.1; SV1)"
180.96.64.181 - - [09/Jul/2013:21:35:31 +0200] "POST /forum_attac.php3?id_article=710&retour=cikk HTTP/1.0" 404 280 "http://attac.zpok.hu/forum_attac.php3?id_article=710&retour=cikk" "Mozilla/4.0 (compatible; MSIE 6.0; Windows NT 5.1; SV1)"
195.56.55.225 - - [09/Jul/2013:21:36:05 +0200] "GET /test.html HTTP/1.1" 200 56 "-" "monit/4.6"
46.107.197.17 - - [09/Jul/2013:21:36:10 +0200] "GET /proxy.pac HTTP/1.1" 404 282 "-" "Mozilla/5.0 (Windows NT 6.1) AppleWebKit/537.36 (KHTML, like Gecko) Chrome/27.0.1453.116 Safari/537.36"
195.56.55.225 - - [09/Jul/2013:21:38:07 +0200] "GET /test.html HTTP/1.1" 200 56 "-" "monit/4.6"
197.33.120.213 - - [09/Jul/2013:21:39:34 +0200] "-" 408 - "-" "-"
195.56.55.225 - - [09/Jul/2013:21:40:09 +0200] "GET /test.html HTTP/1.1" 200 56 "-" "monit/4.6"
46.107.197.17 - - [09/Jul/2013:21:42:04 +0200] "GET /proxy.pac HTTP/1.1" 404 282 "-" "Mozilla/5.0 (compatible; MSIE 10.0; Win32; Trident/6.0)"
195.56.55.225 - - [09/Jul/2013:21:42:11 +0200] "GET /test.html HTTP/1.1" 200 56 "-" "monit/4.6"
66.249.73.106 - - [09/Jul/2013:21:42:47 +0200] "GET /cikk.php3?id_article=1191 HTTP/1.1" 404 285 "-" "Mozilla/5.0 (compatible; Googlebot/2.1; +http://www.google.com/bot.html)"
157.55.32.55 - - [09/Jul/2013:21:44:06 +0200] "GET /robots.txt HTTP/1.1" 404 282 "-" "Mozilla/5.0 (compatible; bingbot/2.0; +http://www.bing.com/bingbot.htm)"
195.56.55.225 - - [09/Jul/2013:21:44:13 +0200] "GET /test.html HTTP/1.1" 200 56 "-" "monit/4.6"
157.55.32.55 - - [09/Jul/2013:21:44:45 +0200] "GET / HTTP/1.1" 200 1155 "-" "Mozilla/5.0 (compatible; bingbot/2.0; +http://www.bing.com/bingbot.htm)"
89.248.174.60 - - [09/Jul/2013:21:45:07 +0200] "GET /forum_attac.php3?id_article=983&retour=cikk.php3%3Fid_article%3D983 HTTP/1.1" 404 292 "-" "Mozilla/4.0 (compatible; MSIE 6.0; Windows NT 5.1; SV1)"
84.236.76.39 - - [09/Jul/2013:21:45:22 +0200] "-" 408 - "-" "-"
195.56.55.225 - - [09/Jul/2013:21:46:15 +0200] "GET /test.html HTTP/1.1" 200 56 "-" "monit/4.6"
77.88.42.27 - - [09/Jul/2013:21:46:17 +0200] "GET /robots.txt HTTP/1.1" 404 290 "-" "Mozilla/5.0 (compatible; YandexBot/3.0; +http://yandex.com/bots)"
66.249.73.15 - - [09/Jul/2013:21:47:09 +0200] "GET / HTTP/1.1" 200 1155 "-" "DoCoMo/2.0 N905i(c100;TB;W24H16) (compatible; Googlebot-Mobile/2.1; +http://www.google.com/bot.html)"
195.56.55.225 - - [09/Jul/2013:21:48:17 +0200] "GET /test.html HTTP/1.1" 200 56 "-" "monit/4.6"
209.85.238.214 - - [09/Jul/2013:21:49:50 +0200] "GET / HTTP/1.1" 200 1155 "-" "Feedfetcher-Google; (+http://www.google.com/feedfetcher.html; 1 subscribers; feed-id=849169264004692768)"
195.56.55.225 - - [09/Jul/2013:21:50:19 +0200] "GET /test.html HTTP/1.1" 200 56 "-" "monit/4.6"
46.107.197.17 - - [09/Jul/2013:21:51:50 +0200] "GET /proxy.pac HTTP/1.1" 404 282 "-" "Mozilla/5.0 (Windows NT 6.1) AppleWebKit/537.36 (KHTML, like Gecko) Chrome/27.0.1453.116 Safari/537.36"
46.107.197.17 - - [09/Jul/2013:21:51:51 +0200] "GET /proxy.pac HTTP/1.1" 404 282 "-" "Mozilla/5.0 (Windows NT 6.1) AppleWebKit/537.36 (KHTML, like Gecko) Chrome/27.0.1453.116 Safari/537.36"
46.107.197.17 - - [09/Jul/2013:21:51:58 +0200] "GET /proxy.pac HTTP/1.1" 404 282 "-" "Mozilla/5.0 (Windows NT 6.1) AppleWebKit/537.36 (KHTML, like Gecko) Chrome/27.0.1453.116 Safari/537.36"
46.107.197.17 - - [09/Jul/2013:21:51:59 +0200] "GET /proxy.pac HTTP/1.1" 404 282 "-" "Mozilla/5.0 (Windows NT 6.1) AppleWebKit/537.36 (KHTML, like Gecko) Chrome/27.0.1453.116 Safari/537.36"
195.56.55.225 - - [09/Jul/2013:21:52:22 +0200] "GET /test.html HTTP/1.1" 200 56 "-" "monit/4.6"
46.107.197.17 - - [09/Jul/2013:21:52:36 +0200] "GET /proxy.pac HTTP/1.1" 404 282 "-" "Mozilla/5.0 (Windows NT 6.1) AppleWebKit/537.36 (KHTML, like Gecko) Chrome/27.0.1453.116 Safari/537.36"
195.56.55.225 - - [09/Jul/2013:21:54:24 +0200] "GET /test.html HTTP/1.1" 200 56 "-" "monit/4.6"
46.107.197.17 - - [09/Jul/2013:21:54:46 +0200] "GET /proxy.pac HTTP/1.1" 404 282 "-" "Mozilla/5.0 (Windows NT 6.1) AppleWebKit/537.36 (KHTML, like Gecko) Chrome/27.0.1453.116 Safari/537.36"
46.107.197.17 - - [09/Jul/2013:21:54:46 +0200] "GET /proxy.pac HTTP/1.1" 404 282 "-" "Mozilla/5.0 (Windows NT 6.1) AppleWebKit/537.36 (KHTML, like Gecko) Chrome/27.0.1453.116 Safari/537.36"
195.56.55.225 - - [09/Jul/2013:21:56:43 +0200] "GET /test.html HTTP/1.1" 200 56 "-" "monit/4.6"
46.107.197.17 - - [09/Jul/2013:21:57:04 +0200] "GET /proxy.pac HTTP/1.1" 404 282 "-" "Mozilla/5.0 (compatible; MSIE 10.0; Win32; Trident/6.0)"
66.249.73.106 - - [09/Jul/2013:21:57:45 +0200] "GET /IMG/arton1254.jpg HTTP/1.1" 404 293 "-" "Googlebot-Image/1.0"
46.107.197.17 - - [09/Jul/2013:21:57:50 +0200] "GET /proxy.pac HTTP/1.1" 404 282 "-" "Mozilla/5.0 (Windows NT 6.1) AppleWebKit/537.36 (KHTML, like Gecko) Chrome/27.0.1453.116 Safari/537.36"
195.56.55.225 - - [09/Jul/2013:21:58:45 +0200] "GET /test.html HTTP/1.1" 200 56 "-" "monit/4.6"
89.132.103.138 - - [09/Jul/2013:21:59:41 +0200] "-" 408 - "-" "-"
195.56.55.225 - - [09/Jul/2013:22:00:47 +0200] "GET /test.html HTTP/1.1" 200 56 "-" "monit/4.6"
86.59.231.216 - - [09/Jul/2013:22:01:53 +0200] "-" 408 - "-" "-"
86.59.231.216 - - [09/Jul/2013:22:01:53 +0200] "-" 408 - "-" "-"
195.56.55.225 - - [09/Jul/2013:22:02:49 +0200] "GET /test.html HTTP/1.1" 200 56 "-" "monit/4.6"
173.199.120.43 - - [09/Jul/2013:22:02:52 +0200] "GET /tevekenysegunk/kothalo/gyik/veszelyes HTTP/1.1" 404 317 "-" "Mozilla/5.0 (compatible; AhrefsBot/4.0; +http://ahrefs.com/robot/)"
195.56.55.225 - - [09/Jul/2013:22:04:51 +0200] "GET /test.html HTTP/1.1" 200 56 "-" "monit/4.6"
195.56.55.225 - - [09/Jul/2013:22:06:53 +0200] "GET /test.html HTTP/1.1" 200 56 "-" "monit/4.6"
89.248.174.60 - - [09/Jul/2013:22:08:16 +0200] "GET /forum_attac.php3?id_article=983&retour=cikk.php3%3Fid_article%3D983 HTTP/1.1" 404 292 "-" "Mozilla/4.0 (compatible; MSIE 6.0; Windows NT 5.1; SV1)"
195.56.55.225 - - [09/Jul/2013:22:08:55 +0200] "GET /test.html HTTP/1.1" 200 56 "-" "monit/4.6"
91.82.213.223 - - [09/Jul/2013:22:10:23 +0200] "GET / HTTP/1.1" 200 1155 "-" "Mozilla/5.0 (Windows NT 6.1; WOW64) AppleWebKit/537.36 (KHTML, like Gecko) Chrome/27.0.1453.116 Safari/537.36"
91.82.213.223 - - [09/Jul/2013:22:10:24 +0200] "GET /favicon.ico HTTP/1.1" 404 288 "-" "Mozilla/5.0 (Windows NT 6.1; WOW64) AppleWebKit/537.36 (KHTML, like Gecko) Chrome/27.0.1453.116 Safari/537.36"
91.82.213.223 - - [09/Jul/2013:22:10:25 +0200] "GET /favicon.ico HTTP/1.1" 404 288 "-" "Mozilla/5.0 (Windows NT 6.1; WOW64) AppleWebKit/537.36 (KHTML, like Gecko) Chrome/27.0.1453.116 Safari/537.36"
195.56.55.225 - - [09/Jul/2013:22:10:57 +0200] "GET /test.html HTTP/1.1" 200 56 "-" "monit/4.6"
46.107.197.17 - - [09/Jul/2013:22:12:03 +0200] "GET /proxy.pac HTTP/1.1" 404 282 "-" "Mozilla/5.0 (compatible; MSIE 10.0; Win32; Trident/6.0)"
78.92.78.96 - - [09/Jul/2013:22:12:59 +0200] "-" 408 - "-" "-"
195.56.55.225 - - [09/Jul/2013:22:12:59 +0200] "GET /test.html HTTP/1.1" 200 56 "-" "monit/4.6"
78.92.78.96 - - [09/Jul/2013:22:14:03 +0200] "-" 408 - "-" "-"
195.56.55.225 - - [09/Jul/2013:22:15:02 +0200] "GET /test.html HTTP/1.1" 200 56 "-" "monit/4.6"
195.56.55.225 - - [09/Jul/2013:22:17:04 +0200] "GET /test.html HTTP/1.1" 200 56 "-" "monit/4.6"
195.56.55.225 - - [09/Jul/2013:22:19:06 +0200] "GET /test.html HTTP/1.1" 200 56 "-" "monit/4.6"
118.97.95.182 - - [09/Jul/2013:22:19:13 +0200] "POST /forum_attac.php3?id_article=710&retour=cikk HTTP/1.0" 404 280 "http://attac.zpok.hu/forum_attac.php3?id_article=710&retour=cikk" "Mozilla/4.0 (compatible; MSIE 6.0; Windows NT 5.1; SV1)"
195.56.55.225 - - [09/Jul/2013:22:21:08 +0200] "GET /test.html HTTP/1.1" 200 56 "-" "monit/4.6"
195.56.55.225 - - [09/Jul/2013:22:23:10 +0200] "GET /test.html HTTP/1.1" 200 56 "-" "monit/4.6"
195.56.55.225 - - [09/Jul/2013:22:25:13 +0200] "GET /test.html HTTP/1.1" 200 56 "-" "monit/4.6"
46.107.197.17 - - [09/Jul/2013:22:27:04 +0200] "GET /proxy.pac HTTP/1.1" 404 282 "-" "Mozilla/5.0 (compatible; MSIE 10.0; Win32; Trident/6.0)"
195.56.55.225 - - [09/Jul/2013:22:27:16 +0200] "GET /test.html HTTP/1.1" 200 56 "-" "monit/4.6"
107.23.180.148 - - [09/Jul/2013:22:29:17 +0200] "POST /forum_attac.php3?id_article=710&retour=cikk HTTP/1.1" 404 292 "http://attac.zpok.hu/forum_attac.php3?id_article=710&retour=cikk" "Mozilla/4.0 (compatible; MSIE 6.0; Windows NT 5.1; SV1)"
221.194.111.226 - - [09/Jul/2013:22:29:19 +0200] "POST /forum_attac.php3?id_article=710&retour=cikk HTTP/1.0" 404 280 "http://attac.zpok.hu/forum_attac.php3?id_article=710&retour=cikk" "Mozilla/4.0 (compatible; MSIE 6.0; Windows NT 5.1; SV1)"
195.56.55.225 - - [09/Jul/2013:22:29:19 +0200] "GET /test.html HTTP/1.1" 200 56 "-" "monit/4.6"
46.107.213.73 - - [09/Jul/2013:22:29:35 +0200] "-" 408 - "-" "-"
46.107.213.73 - - [09/Jul/2013:22:29:50 +0200] "-" 408 - "-" "-"
89.248.174.60 - - [09/Jul/2013:22:31:14 +0200] "GET /forum_attac.php3?id_article=983&retour=cikk.php3%3Fid_article%3D983 HTTP/1.1" 404 292 "-" "Mozilla/4.0 (compatible; MSIE 6.0; Windows NT 5.1; SV1)"
195.56.55.225 - - [09/Jul/2013:22:31:21 +0200] "GET /test.html HTTP/1.1" 200 56 "-" "monit/4.6"
62.165.231.60 - - [09/Jul/2013:22:32:40 +0200] "-" 408 - "-" "-"
195.56.55.225 - - [09/Jul/2013:22:33:23 +0200] "GET /test.html HTTP/1.1" 200 56 "-" "monit/4.6"
46.107.213.73 - - [09/Jul/2013:22:34:24 +0200] "-" 408 - "-" "-"
46.107.213.73 - - [09/Jul/2013:22:35:18 +0200] "-" 408 - "-" "-"
195.56.55.225 - - [09/Jul/2013:22:35:25 +0200] "GET /test.html HTTP/1.1" 200 56 "-" "monit/4.6"
195.56.55.225 - - [09/Jul/2013:22:37:27 +0200] "GET /test.html HTTP/1.1" 200 56 "-" "monit/4.6"
195.56.55.225 - - [09/Jul/2013:22:39:29 +0200] "GET /test.html HTTP/1.1" 200 56 "-" "monit/4.6"
195.56.55.225 - - [09/Jul/2013:22:41:31 +0200] "GET /test.html HTTP/1.1" 200 56 "-" "monit/4.6"
65.55.213.245 - - [09/Jul/2013:22:41:33 +0200] "GET /trafficbasedsspsitemap.xml HTTP/1.1" 404 302 "-" "Mozilla/5.0 (compatible; bingbot/2.0; +http://www.bing.com/bingbot.htm) SitemapProbe"
79.93.220.239 - - [09/Jul/2013:22:41:50 +0200] "-" 408 - "-" "-"
46.107.197.17 - - [09/Jul/2013:22:42:04 +0200] "GET /proxy.pac HTTP/1.1" 404 282 "-" "Mozilla/5.0 (compatible; MSIE 10.0; Win32; Trident/6.0)"
180.76.5.103 - - [09/Jul/2013:22:42:40 +0200] "GET / HTTP/1.1" 200 1155 "-" "Mozilla/5.0 (compatible; Baiduspider/2.0; +http://www.baidu.com/search/spider.html)"
195.56.55.225 - - [09/Jul/2013:22:43:33 +0200] "GET /test.html HTTP/1.1" 200 56 "-" "monit/4.6"
202.46.63.75 - - [09/Jul/2013:22:45:23 +0200] "GET / HTTP/1.1" 200 1155 "-" "Mozilla/4.0 (compatible; MSIE 7.0; Windows NT 6.0)"
195.56.55.225 - - [09/Jul/2013:22:45:36 +0200] "GET /test.html HTTP/1.1" 200 56 "-" "monit/4.6"
66.249.73.106 - - [09/Jul/2013:22:45:41 +0200] "GET /cikk.php3?id_article=680 HTTP/1.1" 404 285 "-" "Mozilla/5.0 (compatible; Googlebot/2.1; +http://www.google.com/bot.html)"
119.63.193.131 - - [09/Jul/2013:22:45:41 +0200] "GET / HTTP/1.1" 200 1155 "-" "Mozilla/4.0 (compatible; MSIE 7.0; Windows NT 6.0)"
94.228.34.203 - - [09/Jul/2013:22:45:50 +0200] "GET /?feed=atom HTTP/1.1" 304 - "-" "magpie-crawler/1.1 (U; Linux amd64; en-GB; +http://www.brandwatch.net)"
157.55.32.113 - - [09/Jul/2013:22:46:58 +0200] "GET /robots.txt HTTP/1.1" 404 286 "-" "Mozilla/5.0 (compatible; bingbot/2.0; +http://www.bing.com/bingbot.htm)"
195.56.55.225 - - [09/Jul/2013:22:47:38 +0200] "GET /test.html HTTP/1.1" 200 56 "-" "monit/4.6"
46.107.197.17 - - [09/Jul/2013:22:48:13 +0200] "GET /proxy.pac HTTP/1.1" 404 282 "-" "-"
46.107.197.17 - - [09/Jul/2013:22:48:16 +0200] "GET /proxy.pac HTTP/1.1" 404 282 "-" "-"
195.56.55.225 - - [09/Jul/2013:22:49:40 +0200] "GET /test.html HTTP/1.1" 200 56 "-" "monit/4.6"
66.249.73.106 - - [09/Jul/2013:22:50:18 +0200] "GET /cikk.php3?id_article=889 HTTP/1.1" 404 285 "-" "Googlebot/2.1 (+http://www.google.com/bot.html)"
157.55.32.113 - - [09/Jul/2013:22:50:54 +0200] "GET /cikk.php3?id_article=239 HTTP/1.1" 404 285 "-" "Mozilla/5.0 (compatible; bingbot/2.0; +http://www.bing.com/bingbot.htm)"
2.122.35.155 - - [09/Jul/2013:22:51:12 +0200] "-" 408 - "-" "-"
195.56.55.225 - - [09/Jul/2013:22:51:42 +0200] "GET /test.html HTTP/1.1" 200 56 "-" "monit/4.6"
195.56.55.225 - - [09/Jul/2013:22:53:44 +0200] "GET /test.html HTTP/1.1" 200 56 "-" "monit/4.6"
89.248.174.60 - - [09/Jul/2013:22:54:07 +0200] "GET /forum_attac.php3?id_article=983&retour=cikk.php3%3Fid_article%3D983 HTTP/1.1" 404 292 "-" "Mozilla/4.0 (compatible; MSIE 6.0; Windows NT 5.1; SV1)"
195.56.55.225 - - [09/Jul/2013:22:55:46 +0200] "GET /test.html HTTP/1.1" 200 56 "-" "monit/4.6"
46.107.197.17 - - [09/Jul/2013:22:57:04 +0200] "GET /proxy.pac HTTP/1.1" 404 282 "-" "Mozilla/5.0 (compatible; MSIE 10.0; Win32; Trident/6.0)"
195.56.55.225 - - [09/Jul/2013:22:57:49 +0200] "GET /test.html HTTP/1.1" 200 56 "-" "monit/4.6"
212.7.196.79 - - [09/Jul/2013:22:59:01 +0200] "GET / HTTP/1.1" 200 1155 "-" "Mozilla/5.0 (Windows; U; Windows NT 6.1; WOW64; en-US; rv:2.0.4) Gecko/20120718 AskTbAVR-IDW/3.12.5.17700 Firefox/14.0.1"
208.115.111.71 - - [09/Jul/2013:22:59:32 +0200] "GET /robots.txt HTTP/1.1" 404 293 "-" "Mozilla/5.0 (compatible; Ezooms/1.0; ezooms.bot@gmail.com)"
195.56.55.225 - - [09/Jul/2013:22:59:51 +0200] "GET /test.html HTTP/1.1" 200 56 "-" "monit/4.6"
195.56.55.225 - - [09/Jul/2013:23:01:53 +0200] "GET /test.html HTTP/1.1" 200 56 "-" "monit/4.6"
195.56.55.225 - - [09/Jul/2013:23:04:11 +0200] "GET /test.html HTTP/1.1" 200 56 "-" "monit/4.6"
195.56.55.225 - - [09/Jul/2013:23:06:13 +0200] "GET /test.html HTTP/1.1" 200 56 "-" "monit/4.6"
66.249.73.106 - - [09/Jul/2013:23:07:06 +0200] "GET /cikk.php3?id_article=160 HTTP/1.1" 404 285 "-" "Mozilla/5.0 (compatible; Googlebot/2.1; +http://www.google.com/bot.html)"
195.56.55.225 - - [09/Jul/2013:23:08:15 +0200] "GET /test.html HTTP/1.1" 200 56 "-" "monit/4.6"
219.232.254.33 - - [09/Jul/2013:23:08:51 +0200] "POST /forum_attac.php3?id_article=710&retour=cikk HTTP/1.0" 404 280 "http://attac.zpok.hu/forum_attac.php3?id_article=710&retour=cikk" "Mozilla/4.0 (compatible; MSIE 6.0; Windows NT 5.1; SV1)"
58.20.223.230 - - [09/Jul/2013:23:08:53 +0200] "POST /forum_attac.php3?id_article=710&retour=cikk HTTP/1.0" 404 280 "http://attac.zpok.hu/forum_attac.php3?id_article=710&retour=cikk" "Mozilla/4.0 (compatible; MSIE 6.0; Windows NT 5.1; SV1)"
81.183.184.72 - - [09/Jul/2013:23:09:44 +0200] "-" 408 - "-" "-"
82.193.120.55 - - [09/Jul/2013:23:10:12 +0200] "GET /cikk.php3?id_article=680 HTTP/1.0" 404 273 "http://attac.zpok.hu/cikk.php3?id_article=680" "Opera/9.80 (Windows NT 5.1; U; ru) Presto/2.10.289 Version/12.01"
82.193.120.55 - - [09/Jul/2013:23:10:12 +0200] "GET / HTTP/1.0" 200 1155 "http://attac.zpok.hu/" "Opera/9.80 (Windows NT 5.1; U; ru) Presto/2.10.289 Version/12.01"
195.56.55.225 - - [09/Jul/2013:23:10:17 +0200] "GET /test.html HTTP/1.1" 200 56 "-" "monit/4.6"
46.107.197.17 - - [09/Jul/2013:23:12:04 +0200] "GET /proxy.pac HTTP/1.1" 404 282 "-" "Mozilla/5.0 (compatible; MSIE 10.0; Win32; Trident/6.0)"
195.56.55.225 - - [09/Jul/2013:23:12:20 +0200] "GET /test.html HTTP/1.1" 200 56 "-" "monit/4.6"
195.56.55.225 - - [09/Jul/2013:23:14:22 +0200] "GET /test.html HTTP/1.1" 200 56 "-" "monit/4.6"
195.56.55.225 - - [09/Jul/2013:23:16:24 +0200] "GET /test.html HTTP/1.1" 200 56 "-" "monit/4.6"
89.248.174.60 - - [09/Jul/2013:23:17:14 +0200] "GET /forum_attac.php3?id_article=983&retour=cikk.php3%3Fid_article%3D983 HTTP/1.1" 404 292 "-" "Mozilla/4.0 (compatible; MSIE 6.0; Windows NT 5.1; SV1)"
208.115.111.71 - - [09/Jul/2013:23:18:22 +0200] "GET / HTTP/1.1" 200 1155 "-" "Mozilla/5.0 (compatible; Ezooms/1.0; ezooms.bot@gmail.com)"
195.56.55.225 - - [09/Jul/2013:23:18:26 +0200] "GET /test.html HTTP/1.1" 200 56 "-" "monit/4.6"
208.115.111.74 - - [09/Jul/2013:23:20:16 +0200] "GET /robots.txt HTTP/1.1" 404 290 "-" "Mozilla/5.0 (compatible; Ezooms/1.0; ezooms.bot@gmail.com)"
195.56.55.225 - - [09/Jul/2013:23:20:28 +0200] "GET /test.html HTTP/1.1" 200 56 "-" "monit/4.6"
195.56.55.225 - - [09/Jul/2013:23:22:30 +0200] "GET /test.html HTTP/1.1" 200 56 "-" "monit/4.6"
180.76.5.162 - - [09/Jul/2013:23:23:06 +0200] "GET /robots.txt HTTP/1.1" 404 291 "-" "Mozilla/5.0 (Windows NT 5.1; rv:6.0.2) Gecko/20100101 Firefox/6.0.2"
195.56.55.225 - - [09/Jul/2013:23:24:34 +0200] "GET /test.html HTTP/1.1" 200 56 "-" "monit/4.6"
180.76.6.233 - - [09/Jul/2013:23:25:31 +0200] "GET / HTTP/1.1" 200 1155 "-" "Mozilla/5.0 (compatible; Baiduspider/2.0; +http://www.baidu.com/search/spider.html)"
195.56.55.225 - - [09/Jul/2013:23:26:36 +0200] "GET /test.html HTTP/1.1" 200 56 "-" "monit/4.6"
46.107.197.17 - - [09/Jul/2013:23:27:04 +0200] "GET /proxy.pac HTTP/1.1" 404 282 "-" "Mozilla/5.0 (compatible; MSIE 10.0; Win32; Trident/6.0)"
195.56.55.225 - - [09/Jul/2013:23:28:38 +0200] "GET /test.html HTTP/1.1" 200 56 "-" "monit/4.6"
195.56.55.225 - - [09/Jul/2013:23:30:40 +0200] "GET /test.html HTTP/1.1" 200 56 "-" "monit/4.6"
