66.249.78.218 - - [06/Jul/2013:21:11:58 +0200] "GET /cikk.php3?id_article=223 HTTP/1.1" 404 285 "-" "Mozilla/5.0 (compatible; Googlebot/2.1; +http://www.google.com/bot.html)"
195.56.55.225 - - [06/Jul/2013:21:12:47 +0200] "GET /test.html HTTP/1.1" 200 56 "-" "monit/4.6"
65.55.52.108 - - [06/Jul/2013:21:14:48 +0200] "GET /robots.txt HTTP/1.1" 404 291 "-" "Mozilla/5.0 (compatible; bingbot/2.0; +http://www.bing.com/bingbot.htm)"
195.56.55.225 - - [06/Jul/2013:21:14:49 +0200] "GET /test.html HTTP/1.1" 200 56 "-" "monit/4.6"
195.56.55.225 - - [06/Jul/2013:21:16:51 +0200] "GET /test.html HTTP/1.1" 200 56 "-" "monit/4.6"
65.55.52.108 - - [06/Jul/2013:21:18:22 +0200] "GET / HTTP/1.1" 200 1155 "-" "Mozilla/5.0 (compatible; bingbot/2.0; +http://www.bing.com/bingbot.htm)"
195.56.55.225 - - [06/Jul/2013:21:18:54 +0200] "GET /test.html HTTP/1.1" 200 56 "-" "monit/4.6"
66.249.78.92 - - [06/Jul/2013:21:19:07 +0200] "GET / HTTP/1.1" 200 1155 "-" "SAMSUNG-SGH-E250/1.0 Profile/MIDP-2.0 Configuration/CLDC-1.1 UP.Browser/6.2.3.3.c.1.101 (GUI) MMP/2.0 (compatible; Googlebot-Mobile/2.1; +http://www.google.com/bot.html)"
195.56.55.225 - - [06/Jul/2013:21:20:57 +0200] "GET /test.html HTTP/1.1" 200 56 "-" "monit/4.6"
109.69.113.9 - - [06/Jul/2013:21:21:48 +0200] "GET / HTTP/1.1" 200 1155 "-" "Opera/9.80 (Windows NT 5.1) Presto/2.12.388 Version/12.15"
109.69.113.9 - - [06/Jul/2013:21:21:48 +0200] "GET /favicon.ico HTTP/1.1" 404 284 "http://pte.etk.hu/" "Opera/9.80 (Windows NT 5.1) Presto/2.12.388 Version/12.15"
145.236.5.157 - - [06/Jul/2013:21:21:50 +0200] "-" 408 - "-" "-"
195.56.55.225 - - [06/Jul/2013:21:22:59 +0200] "GET /test.html HTTP/1.1" 200 56 "-" "monit/4.6"
195.56.55.225 - - [06/Jul/2013:21:25:02 +0200] "GET /test.html HTTP/1.1" 200 56 "-" "monit/4.6"
89.121.137.121 - - [06/Jul/2013:21:26:41 +0200] "-" 408 - "-" "-"
195.56.55.225 - - [06/Jul/2013:21:27:06 +0200] "GET /test.html HTTP/1.1" 200 56 "-" "monit/4.6"
145.236.5.157 - - [06/Jul/2013:21:27:20 +0200] "-" 408 - "-" "-"
145.236.5.157 - - [06/Jul/2013:21:27:20 +0200] "-" 408 - "-" "-"
145.236.5.157 - - [06/Jul/2013:21:27:20 +0200] "-" 408 - "-" "-"
145.236.5.157 - - [06/Jul/2013:21:27:20 +0200] "-" 408 - "-" "-"
91.232.96.36 - - [06/Jul/2013:21:28:46 +0200] "GET /forum_attac.php3?id_article=983&retour=cikk.php3%3Fid_article%3D983 HTTP/1.1" 404 292 "-" "Mozilla/4.0 (compatible; MSIE 6.0; Windows NT 5.1; SV1)"
195.56.55.225 - - [06/Jul/2013:21:29:08 +0200] "GET /test.html HTTP/1.1" 200 56 "-" "monit/4.6"
66.249.78.218 - - [06/Jul/2013:21:30:47 +0200] "GET /IMG/sn_173.pdf HTTP/1.1" 404 290 "-" "Googlebot/2.1 (+http://www.google.com/bot.html)"
195.56.55.225 - - [06/Jul/2013:21:31:10 +0200] "GET /test.html HTTP/1.1" 200 56 "-" "monit/4.6"
89.248.174.60 - - [06/Jul/2013:21:31:47 +0200] "GET /forum_attac.php3?id_article=983&retour=cikk.php3%3Fid_article%3D983 HTTP/1.1" 404 292 "-" "Mozilla/4.0 (compatible; MSIE 6.0; Windows NT 5.1; SV1)"
157.56.229.189 - - [06/Jul/2013:21:32:32 +0200] "GET /robots.txt HTTP/1.1" 404 305 "-" "Mozilla/5.0 (compatible; bingbot/2.0; +http://www.bing.com/bingbot.htm)"
157.56.229.189 - - [06/Jul/2013:21:33:12 +0200] "GET /files/ HTTP/1.1" 404 301 "-" "Mozilla/5.0 (compatible; bingbot/2.0; +http://www.bing.com/bingbot.htm)"
195.56.55.225 - - [06/Jul/2013:21:33:12 +0200] "GET /test.html HTTP/1.1" 200 56 "-" "monit/4.6"
178.151.113.9 - - [06/Jul/2013:21:34:41 +0200] "POST /forum_attac.php3?id_article=710&retour=cikk HTTP/1.1" 404 292 "http://attac.zpok.hu/forum_attac.php3?id_article=710&retour=cikk" "Mozilla/4.0 (compatible; MSIE 6.0; Windows NT 5.1; SV1)"
107.23.180.148 - - [06/Jul/2013:21:34:42 +0200] "POST /forum_attac.php3?id_article=710&retour=cikk HTTP/1.1" 404 292 "http://attac.zpok.hu/forum_attac.php3?id_article=710&retour=cikk" "Mozilla/4.0 (compatible; MSIE 6.0; Windows NT 5.1; SV1)"
54.226.132.128 - - [06/Jul/2013:21:34:43 +0200] "POST /forum_attac.php3?id_article=710&retour=cikk HTTP/1.1" 404 292 "http://attac.zpok.hu/forum_attac.php3?id_article=710&retour=cikk" "Mozilla/4.0 (compatible; MSIE 6.0; Windows NT 5.1; SV1)"
66.249.74.104 - - [06/Jul/2013:21:34:56 +0200] "GET /robots.txt HTTP/1.1" 404 296 "-" "Mozilla/5.0 (compatible; Googlebot/2.1; +http://www.google.com/bot.html)"
66.249.78.173 - - [06/Jul/2013:21:34:56 +0200] "GET /gen_mta_level HTTP/1.1" 404 299 "-" "Mozilla/5.0 (compatible; Googlebot/2.1; +http://www.google.com/bot.html)"
195.56.55.225 - - [06/Jul/2013:21:35:14 +0200] "GET /test.html HTTP/1.1" 200 56 "-" "monit/4.6"
195.56.55.225 - - [06/Jul/2013:21:37:16 +0200] "GET /test.html HTTP/1.1" 200 56 "-" "monit/4.6"
195.56.55.225 - - [06/Jul/2013:21:39:19 +0200] "GET /test.html HTTP/1.1" 200 56 "-" "monit/4.6"
195.56.55.225 - - [06/Jul/2013:21:41:21 +0200] "GET /test.html HTTP/1.1" 200 56 "-" "monit/4.6"
66.249.78.168 - - [06/Jul/2013:21:43:20 +0200] "GET /robots.txt HTTP/1.1" 404 288 "-" "Mozilla/5.0 (compatible; Googlebot/2.1; +http://www.google.com/bot.html)"
66.249.78.168 - - [06/Jul/2013:21:43:21 +0200] "GET / HTTP/1.1" 200 1155 "-" "SAMSUNG-SGH-E250/1.0 Profile/MIDP-2.0 Configuration/CLDC-1.1 UP.Browser/6.2.3.3.c.1.101 (GUI) MMP/2.0 (compatible; Googlebot-Mobile/2.1; +http://www.google.com/bot.html)"
195.56.55.225 - - [06/Jul/2013:21:43:23 +0200] "GET /test.html HTTP/1.1" 200 56 "-" "monit/4.6"
195.56.55.225 - - [06/Jul/2013:21:45:25 +0200] "GET /test.html HTTP/1.1" 200 56 "-" "monit/4.6"
178.156.190.66 - - [06/Jul/2013:21:45:45 +0200] "GET /blog/cat/hir/#rel=category tag HTTP/1.0" 400 365 "-" "-"
119.63.196.82 - - [06/Jul/2013:21:47:07 +0200] "GET /robots.txt HTTP/1.1" 404 286 "-" "Baiduspider+(+http://www.baidu.com/search/spider.htm)"
195.56.55.225 - - [06/Jul/2013:21:47:27 +0200] "GET /test.html HTTP/1.1" 200 56 "-" "monit/4.6"
157.56.93.52 - - [06/Jul/2013:21:47:52 +0200] "GET /robots.txt HTTP/1.1" 404 283 "-" "Mozilla/5.0 (compatible; bingbot/2.0; +http://www.bing.com/bingbot.htm)"
195.56.55.225 - - [06/Jul/2013:21:49:34 +0200] "GET /test.html HTTP/1.1" 200 56 "-" "monit/4.6"
157.55.35.105 - - [06/Jul/2013:21:49:41 +0200] "GET /robots.txt HTTP/1.1" 404 293 "-" "Mozilla/5.0 (compatible; bingbot/2.0; +http://www.bing.com/bingbot.htm)"
195.56.55.225 - - [06/Jul/2013:21:51:37 +0200] "GET /test.html HTTP/1.1" 200 56 "-" "monit/4.6"
91.232.96.36 - - [06/Jul/2013:21:51:44 +0200] "GET /forum_attac.php3?id_article=983&retour=cikk.php3%3Fid_article%3D983 HTTP/1.1" 404 292 "-" "Mozilla/4.0 (compatible; MSIE 6.0; Windows NT 5.1; SV1)"
195.56.55.225 - - [06/Jul/2013:21:53:40 +0200] "GET /test.html HTTP/1.1" 200 56 "-" "monit/4.6"
89.248.174.60 - - [06/Jul/2013:21:54:47 +0200] "GET /forum_attac.php3?id_article=983&retour=cikk.php3%3Fid_article%3D983 HTTP/1.1" 404 292 "-" "Mozilla/4.0 (compatible; MSIE 6.0; Windows NT 5.1; SV1)"
66.249.74.153 - - [06/Jul/2013:21:55:30 +0200] "GET /robots.txt HTTP/1.1" 404 290 "-" "Mozilla/5.0 (compatible; Googlebot/2.1; +http://www.google.com/bot.html)"
66.249.78.207 - - [06/Jul/2013:21:55:31 +0200] "GET / HTTP/1.1" 200 1155 "-" "SAMSUNG-SGH-E250/1.0 Profile/MIDP-2.0 Configuration/CLDC-1.1 UP.Browser/6.2.3.3.c.1.101 (GUI) MMP/2.0 (compatible; Googlebot-Mobile/2.1; +http://www.google.com/bot.html)"
195.56.55.225 - - [06/Jul/2013:21:55:42 +0200] "GET /test.html HTTP/1.1" 200 56 "-" "monit/4.6"
157.55.35.105 - - [06/Jul/2013:21:56:49 +0200] "GET / HTTP/1.1" 200 1155 "-" "Mozilla/5.0 (compatible; bingbot/2.0; +http://www.bing.com/bingbot.htm)"
195.56.55.225 - - [06/Jul/2013:21:57:44 +0200] "GET /test.html HTTP/1.1" 200 56 "-" "monit/4.6"
54.226.211.230 - - [06/Jul/2013:21:59:29 +0200] "POST /forum_attac.php3?id_article=710&retour=cikk HTTP/1.1" 404 292 "http://attac.zpok.hu/forum_attac.php3?id_article=710&retour=cikk" "Mozilla/4.0 (compatible; MSIE 6.0; Windows NT 5.1; SV1)"
203.93.104.10 - - [06/Jul/2013:21:59:32 +0200] "POST /forum_attac.php3?id_article=710&retour=cikk HTTP/1.0" 404 280 "http://attac.zpok.hu/forum_attac.php3?id_article=710&retour=cikk" "Mozilla/4.0 (compatible; MSIE 6.0; Windows NT 5.1; SV1)"
198.199.72.168 - - [06/Jul/2013:21:59:33 +0200] "POST /forum_attac.php3?id_article=710&retour=cikk HTTP/1.1" 404 292 "-" "Mozilla/4.0 (compatible; MSIE 6.0; Windows NT 5.1; SV1)"
195.56.55.225 - - [06/Jul/2013:21:59:46 +0200] "GET /test.html HTTP/1.1" 200 56 "-" "monit/4.6"
195.56.55.225 - - [06/Jul/2013:22:01:48 +0200] "GET /test.html HTTP/1.1" 200 56 "-" "monit/4.6"
195.56.55.225 - - [06/Jul/2013:22:03:50 +0200] "GET /test.html HTTP/1.1" 200 56 "-" "monit/4.6"
157.56.93.52 - - [06/Jul/2013:22:05:18 +0200] "GET /robots.txt HTTP/1.1" 404 286 "-" "Mozilla/5.0 (compatible; bingbot/2.0; +http://www.bing.com/bingbot.htm)"
195.56.55.225 - - [06/Jul/2013:22:05:52 +0200] "GET /test.html HTTP/1.1" 200 56 "-" "monit/4.6"
195.56.55.225 - - [06/Jul/2013:22:07:54 +0200] "GET /test.html HTTP/1.1" 200 56 "-" "monit/4.6"
85.178.73.142 - - [06/Jul/2013:22:08:22 +0200] "-" 408 - "-" "-"
85.178.73.142 - - [06/Jul/2013:22:08:44 +0200] "-" 408 - "-" "-"
91.120.175.22 - - [06/Jul/2013:22:08:48 +0200] "-" 408 - "-" "-"
195.56.55.225 - - [06/Jul/2013:22:09:56 +0200] "GET /test.html HTTP/1.1" 200 56 "-" "monit/4.6"
66.249.78.235 - - [06/Jul/2013:22:10:17 +0200] "GET /robots.txt HTTP/1.1" 404 285 "-" "Mozilla/5.0 (compatible; Googlebot/2.1; +http://www.google.com/bot.html)"
66.249.78.235 - - [06/Jul/2013:22:10:18 +0200] "GET / HTTP/1.1" 200 1155 "-" "Mozilla/5.0 (compatible; Googlebot/2.1; +http://www.google.com/bot.html)"
195.56.55.225 - - [06/Jul/2013:22:11:58 +0200] "GET /test.html HTTP/1.1" 200 56 "-" "monit/4.6"
109.105.17.194 - - [06/Jul/2013:22:12:24 +0200] "-" 408 - "-" "-"
109.105.17.194 - - [06/Jul/2013:22:12:27 +0200] "-" 408 - "-" "-"
221.10.40.236 - - [06/Jul/2013:22:12:30 +0200] "GET http://attac.zpok.hu/cikk.php3?id_article=1031 HTTP/1.0" 404 273 "http://attac.zpok.hu/cikk.php3?id_article=1031" "Opera/9.64(Windows NT 5.1; U; en) Presto/2.1.1"
66.249.78.180 - - [06/Jul/2013:22:13:00 +0200] "GET /robots.txt HTTP/1.1" 404 299 "-" "Mozilla/5.0 (compatible; Googlebot/2.1; +http://www.google.com/bot.html)"
66.249.78.180 - - [06/Jul/2013:22:13:00 +0200] "GET /index.shtml?apc=a-1hnm&x=14994 HTTP/1.1" 404 300 "-" "Mozilla/5.0 (compatible; Googlebot/2.1; +http://www.google.com/bot.html)"
195.56.55.225 - - [06/Jul/2013:22:14:01 +0200] "GET /test.html HTTP/1.1" 200 56 "-" "monit/4.6"
151.248.123.211 - - [06/Jul/2013:22:14:29 +0200] "POST" 405 - "-" "-"
91.232.96.36 - - [06/Jul/2013:22:14:39 +0200] "GET /forum_attac.php3?id_article=983&retour=cikk.php3%3Fid_article%3D983 HTTP/1.1" 404 292 "-" "Mozilla/4.0 (compatible; MSIE 6.0; Windows NT 5.1; SV1)"
94.44.252.244 - - [06/Jul/2013:22:15:55 +0200] "-" 408 - "-" "-"
94.44.252.244 - - [06/Jul/2013:22:15:55 +0200] "-" 408 - "-" "-"
94.44.252.244 - - [06/Jul/2013:22:15:56 +0200] "-" 408 - "-" "-"
94.44.252.244 - - [06/Jul/2013:22:15:56 +0200] "-" 408 - "-" "-"
94.44.252.244 - - [06/Jul/2013:22:15:56 +0200] "-" 408 - "-" "-"
195.56.55.225 - - [06/Jul/2013:22:16:03 +0200] "GET /test.html HTTP/1.1" 200 56 "-" "monit/4.6"
94.44.252.244 - - [06/Jul/2013:22:16:20 +0200] "-" 408 - "-" "-"
94.44.252.244 - - [06/Jul/2013:22:16:20 +0200] "-" 408 - "-" "-"
94.44.252.244 - - [06/Jul/2013:22:16:20 +0200] "-" 408 - "-" "-"
62.30.137.155 - - [06/Jul/2013:22:16:24 +0200] "-" 408 - "-" "-"
94.44.252.244 - - [06/Jul/2013:22:16:38 +0200] "-" 408 - "-" "-"
89.248.174.60 - - [06/Jul/2013:22:17:42 +0200] "GET /forum_attac.php3?id_article=983&retour=cikk.php3%3Fid_article%3D983 HTTP/1.1" 404 292 "-" "Mozilla/4.0 (compatible; MSIE 6.0; Windows NT 5.1; SV1)"
195.56.55.225 - - [06/Jul/2013:22:18:05 +0200] "GET /test.html HTTP/1.1" 200 56 "-" "monit/4.6"
31.24.187.23 - - [06/Jul/2013:22:19:04 +0200] "-" 408 - "-" "-"
31.24.187.23 - - [06/Jul/2013:22:19:13 +0200] "-" 408 - "-" "-"
195.56.55.225 - - [06/Jul/2013:22:20:08 +0200] "GET /test.html HTTP/1.1" 200 56 "-" "monit/4.6"
209.85.238.52 - - [06/Jul/2013:22:20:20 +0200] "GET / HTTP/1.1" 200 1155 "-" "Feedfetcher-Google; (+http://www.google.com/feedfetcher.html; 1 subscribers; feed-id=849169264004692768)"
23.22.92.214 - - [06/Jul/2013:22:20:36 +0200] "-" 408 - "-" "-"
178.48.69.139 - - [06/Jul/2013:22:21:31 +0200] "-" 408 - "-" "-"
195.56.55.225 - - [06/Jul/2013:22:22:10 +0200] "GET /test.html HTTP/1.1" 200 56 "-" "monit/4.6"
195.56.55.225 - - [06/Jul/2013:22:24:12 +0200] "GET /test.html HTTP/1.1" 200 56 "-" "monit/4.6"
157.56.93.52 - - [06/Jul/2013:22:25:11 +0200] "GET / HTTP/1.1" 304 - "-" "Mozilla/5.0 (compatible; bingbot/2.0; +http://www.bing.com/bingbot.htm)"
157.56.93.52 - - [06/Jul/2013:22:26:14 +0200] "GET / HTTP/1.1" 200 1155 "-" "Mozilla/5.0 (compatible; bingbot/2.0; +http://www.bing.com/bingbot.htm)"
195.56.55.225 - - [06/Jul/2013:22:26:15 +0200] "GET /test.html HTTP/1.1" 200 56 "-" "monit/4.6"
188.6.180.217 - - [06/Jul/2013:22:26:42 +0200] "-" 408 - "-" "-"
195.56.55.225 - - [06/Jul/2013:22:28:16 +0200] "GET /test.html HTTP/1.1" 200 56 "-" "monit/4.6"
195.56.55.225 - - [06/Jul/2013:22:30:19 +0200] "GET /test.html HTTP/1.1" 200 56 "-" "monit/4.6"
66.36.230.78 - - [06/Jul/2013:22:31:13 +0200] "GET /robots.txt HTTP/1.1" 404 288 "-" "Mozilla/4.0 (compatible; MSIE 5.01; Windows NT)"
66.36.230.78 - - [06/Jul/2013:22:31:20 +0200] "GET / HTTP/1.1" 200 1155 "-" "Mozilla/4.0 (compatible; MSIE 5.01; Windows NT)"
195.56.55.225 - - [06/Jul/2013:22:32:21 +0200] "GET /test.html HTTP/1.1" 200 56 "-" "monit/4.6"
195.56.55.225 - - [06/Jul/2013:22:34:23 +0200] "GET /test.html HTTP/1.1" 200 56 "-" "monit/4.6"
195.56.55.225 - - [06/Jul/2013:22:36:25 +0200] "GET /test.html HTTP/1.1" 200 56 "-" "monit/4.6"
91.232.96.36 - - [06/Jul/2013:22:37:43 +0200] "GET /forum_attac.php3?id_article=983&retour=cikk.php3%3Fid_article%3D983 HTTP/1.1" 404 292 "-" "Mozilla/4.0 (compatible; MSIE 6.0; Windows NT 5.1; SV1)"
195.56.55.225 - - [06/Jul/2013:22:38:27 +0200] "GET /test.html HTTP/1.1" 200 56 "-" "monit/4.6"
193.182.156.91 - - [06/Jul/2013:22:39:42 +0200] "POST /forum_attac.php3?id_article=710&retour=cikk HTTP/1.1" 404 292 "http://attac.zpok.hu/forum_attac.php3?id_article=710&retour=cikk" "Mozilla/4.0 (compatible; MSIE 6.0; Windows NT 5.1; SV1)"
178.151.68.210 - - [06/Jul/2013:22:39:55 +0200] "POST /forum_attac.php3?id_article=710&retour=cikk HTTP/1.1" 404 292 "http://attac.zpok.hu/forum_attac.php3?id_article=710&retour=cikk" "Mozilla/4.0 (compatible; MSIE 6.0; Windows NT 5.1; SV1)"
174.129.81.90 - - [06/Jul/2013:22:40:04 +0200] "POST /forum_attac.php3?id_article=710&retour=cikk HTTP/1.1" 404 292 "http://attac.zpok.hu/forum_attac.php3?id_article=710&retour=cikk" "Mozilla/4.0 (compatible; MSIE 6.0; Windows NT 5.1; SV1)"
195.56.55.225 - - [06/Jul/2013:22:40:29 +0200] "GET /test.html HTTP/1.1" 200 56 "-" "monit/4.6"
54.226.9.68 - - [06/Jul/2013:22:40:35 +0200] "POST /forum_attac.php3?id_article=710&retour=cikk HTTP/1.1" 200 - "http://attac.zpok.hu/forum_attac.php3?id_article=710&retour=cikk" "Mozilla/4.0 (compatible; MSIE 6.0; Windows NT 5.1; SV1)"
77.88.42.27 - - [06/Jul/2013:22:40:48 +0200] "GET / HTTP/1.1" 200 1155 "-" "Mozilla/5.0 (compatible; YandexBot/3.0; +http://yandex.com/bots)"
89.248.174.60 - - [06/Jul/2013:22:40:59 +0200] "GET /forum_attac.php3?id_article=983&retour=cikk.php3%3Fid_article%3D983 HTTP/1.1" 404 292 "-" "Mozilla/4.0 (compatible; MSIE 6.0; Windows NT 5.1; SV1)"
54.242.9.97 - - [06/Jul/2013:22:42:02 +0200] "GET /robots.txt HTTP/1.1" 404 292 "-" "ShopWiki/1.0 ( +http://www.shopwiki.com/wiki/Help:Bot)"
54.242.9.97 - - [06/Jul/2013:22:42:02 +0200] "GET / HTTP/1.1" 200 1155 "-" "ShopWiki/1.0 ( +http://www.shopwiki.com/wiki/Help:Bot)"
54.242.9.97 - - [06/Jul/2013:22:42:03 +0200] "GET / HTTP/1.1" 200 1155 "-" "ShopWiki/1.0 ( +http://www.shopwiki.com/wiki/Help:Bot)"
195.56.55.225 - - [06/Jul/2013:22:42:31 +0200] "GET /test.html HTTP/1.1" 200 56 "-" "monit/4.6"
95.140.43.58 - - [06/Jul/2013:22:43:56 +0200] "GET /text.htm; charset=windows-1250 HTTP/1.1" 400 365 "-" "-"
95.140.43.58 - - [06/Jul/2013:22:43:57 +0200] "GET /text.htm; charset=iso-8859-1 HTTP/1.1" 400 365 "-" "-"
195.56.55.225 - - [06/Jul/2013:22:44:33 +0200] "GET /test.html HTTP/1.1" 200 56 "-" "monit/4.6"
157.55.32.55 - - [06/Jul/2013:22:45:02 +0200] "GET /robots.txt HTTP/1.1" 404 282 "-" "Mozilla/5.0 (compatible; bingbot/2.0; +http://www.bing.com/bingbot.htm)"
157.55.32.55 - - [06/Jul/2013:22:46:14 +0200] "GET / HTTP/1.1" 304 - "-" "Mozilla/5.0 (compatible; bingbot/2.0; +http://www.bing.com/bingbot.htm)"
195.56.55.225 - - [06/Jul/2013:22:46:35 +0200] "GET /test.html HTTP/1.1" 200 56 "-" "monit/4.6"
77.88.42.27 - - [06/Jul/2013:22:48:21 +0200] "GET / HTTP/1.1" 200 1155 "-" "Mozilla/5.0 (compatible; YandexBot/3.0; +http://yandex.com/bots)"
195.56.55.225 - - [06/Jul/2013:22:48:37 +0200] "GET /test.html HTTP/1.1" 200 56 "-" "monit/4.6"
217.145.200.180 - - [06/Jul/2013:22:49:55 +0200] "GET /IMG/rubon2.jpg HTTP/1.1" 404 290 "http://www.hotdog.hu/emaf/mindent-tudni-akarok" "Mozilla/4.0 (compatible; MSIE 8.0; Windows NT 5.1; Trident/4.0; .NET CLR 2.0.50727; InfoPath.1; .NET CLR 3.0.4506.2152; .NET CLR 3.5.30729; .NET CLR 1.1.4322; .NET4.0C)"
195.56.55.225 - - [06/Jul/2013:22:50:39 +0200] "GET /test.html HTTP/1.1" 200 56 "-" "monit/4.6"
217.145.200.180 - - [06/Jul/2013:22:51:25 +0200] "GET /IMG/rubon2.jpg HTTP/1.1" 404 290 "http://www.hotdog.hu/emaf/mindent-tudni-akarok/p1" "Mozilla/4.0 (compatible; MSIE 8.0; Windows NT 5.1; Trident/4.0; .NET CLR 2.0.50727; InfoPath.1; .NET CLR 3.0.4506.2152; .NET CLR 3.5.30729; .NET CLR 1.1.4322; .NET4.0C)"
195.56.55.225 - - [06/Jul/2013:22:52:41 +0200] "GET /test.html HTTP/1.1" 200 56 "-" "monit/4.6"
195.56.55.225 - - [06/Jul/2013:22:54:43 +0200] "GET /test.html HTTP/1.1" 200 56 "-" "monit/4.6"
212.7.196.79 - - [06/Jul/2013:22:55:41 +0200] "GET / HTTP/1.1" 200 1155 "-" "Mozilla/5.0 (Windows; U; Windows NT 6.1; WOW64; en-US; rv:2.0.4) Gecko/20120718 AskTbAVR-IDW/3.12.5.17700 Firefox/14.0.1"
50.16.2.157 - - [06/Jul/2013:22:55:55 +0200] "POST /forum_attac.php3?id_article=710&retour=cikk HTTP/1.1" 404 292 "http://attac.zpok.hu/forum_attac.php3?id_article=710&retour=cikk" "Mozilla/4.0 (compatible; MSIE 6.0; Windows NT 5.1; SV1)"
64.235.152.13 - - [06/Jul/2013:22:55:56 +0200] "POST /forum_attac.php3?id_article=710&retour=cikk HTTP/1.1" 404 292 "http://attac.zpok.hu/forum_attac.php3?id_article=710&retour=cikk" "Mozilla/4.0 (compatible; MSIE 6.0; Windows NT 5.1; SV1)"
212.73.212.193 - - [06/Jul/2013:22:56:02 +0200] "POST /forum_attac.php3?id_article=710&retour=cikk HTTP/1.1" 404 292 "http://attac.zpok.hu/forum_attac.php3?id_article=710&retour=cikk" "Mozilla/4.0 (compatible; MSIE 6.0; Windows NT 5.1; SV1)"
195.56.55.225 - - [06/Jul/2013:22:56:45 +0200] "GET /test.html HTTP/1.1" 200 56 "-" "monit/4.6"
157.56.93.39 - - [06/Jul/2013:22:56:53 +0200] "GET /robots.txt HTTP/1.1" 404 299 "-" "Mozilla/5.0 (compatible; bingbot/2.0; +http://www.bing.com/bingbot.htm)"
110.85.117.204 - - [06/Jul/2013:22:57:29 +0200] "-" 408 - "-" "-"
110.85.117.204 - - [06/Jul/2013:22:58:37 +0200] "-" 408 - "-" "-"
195.56.55.225 - - [06/Jul/2013:22:58:47 +0200] "GET /test.html HTTP/1.1" 200 56 "-" "monit/4.6"
110.85.117.204 - - [06/Jul/2013:22:59:49 +0200] "-" 408 - "-" "-"
110.85.117.204 - - [06/Jul/2013:23:00:31 +0200] "-" 408 - "-" "-"
195.56.55.225 - - [06/Jul/2013:23:00:49 +0200] "GET /test.html HTTP/1.1" 200 56 "-" "monit/4.6"
91.232.96.36 - - [06/Jul/2013:23:01:06 +0200] "GET /forum_attac.php3?id_article=983&retour=cikk.php3%3Fid_article%3D983 HTTP/1.1" 404 292 "-" "Mozilla/4.0 (compatible; MSIE 6.0; Windows NT 5.1; SV1)"
110.85.117.204 - - [06/Jul/2013:23:01:12 +0200] "-" 408 - "-" "-"
110.85.117.204 - - [06/Jul/2013:23:02:02 +0200] "-" 408 - "-" "-"
83.168.215.63 - - [06/Jul/2013:23:02:05 +0200] "POST" 405 - "-" "-"
195.56.55.225 - - [06/Jul/2013:23:02:51 +0200] "GET /test.html HTTP/1.1" 200 56 "-" "monit/4.6"
110.85.117.204 - - [06/Jul/2013:23:03:07 +0200] "-" 408 - "-" "-"
89.248.174.60 - - [06/Jul/2013:23:03:37 +0200] "GET /forum_attac.php3?id_article=983&retour=cikk.php3%3Fid_article%3D983 HTTP/1.1" 404 292 "-" "Mozilla/4.0 (compatible; MSIE 6.0; Windows NT 5.1; SV1)"
110.85.117.204 - - [06/Jul/2013:23:04:12 +0200] "-" 408 - "-" "-"
110.85.117.204 - - [06/Jul/2013:23:04:44 +0200] "-" 408 - "-" "-"
195.56.55.225 - - [06/Jul/2013:23:04:53 +0200] "GET /test.html HTTP/1.1" 200 56 "-" "monit/4.6"
195.56.55.225 - - [06/Jul/2013:23:06:56 +0200] "GET /test.html HTTP/1.1" 200 56 "-" "monit/4.6"
66.249.78.58 - - [06/Jul/2013:23:08:20 +0200] "GET / HTTP/1.1" 200 1155 "-" "SAMSUNG-SGH-E250/1.0 Profile/MIDP-2.0 Configuration/CLDC-1.1 UP.Browser/6.2.3.3.c.1.101 (GUI) MMP/2.0 (compatible; Googlebot-Mobile/2.1; +http://www.google.com/bot.html)"
195.56.55.225 - - [06/Jul/2013:23:08:59 +0200] "GET /test.html HTTP/1.1" 200 56 "-" "monit/4.6"
180.76.5.175 - - [06/Jul/2013:23:09:15 +0200] "GET / HTTP/1.1" 200 1155 "-" "Mozilla/5.0 (compatible; Baiduspider/2.0; +http://www.baidu.com/search/spider.html)"
195.56.55.225 - - [06/Jul/2013:23:11:01 +0200] "GET /test.html HTTP/1.1" 200 56 "-" "monit/4.6"
157.56.93.39 - - [06/Jul/2013:23:11:38 +0200] "GET /kompasz/nemzetkozi_emberi_jogi_eszkozok HTTP/1.1" 404 328 "-" "Mozilla/5.0 (compatible; bingbot/2.0; +http://www.bing.com/bingbot.htm)"
195.56.55.225 - - [06/Jul/2013:23:13:03 +0200] "GET /test.html HTTP/1.1" 200 56 "-" "monit/4.6"
195.56.55.225 - - [06/Jul/2013:23:15:05 +0200] "GET /test.html HTTP/1.1" 200 56 "-" "monit/4.6"
180.76.5.12 - - [06/Jul/2013:23:15:35 +0200] "GET /cikk.php3?id_article=892 HTTP/1.1" 404 285 "-" "Mozilla/5.0 (compatible; Baiduspider/2.0; +http://www.baidu.com/search/spider.html)"
195.56.55.225 - - [06/Jul/2013:23:17:08 +0200] "GET /test.html HTTP/1.1" 200 56 "-" "monit/4.6"
195.56.55.225 - - [06/Jul/2013:23:19:10 +0200] "GET /test.html HTTP/1.1" 200 56 "-" "monit/4.6"
195.56.55.225 - - [06/Jul/2013:23:21:12 +0200] "GET /test.html HTTP/1.1" 200 56 "-" "monit/4.6"
195.56.55.225 - - [06/Jul/2013:23:23:14 +0200] "GET /test.html HTTP/1.1" 200 56 "-" "monit/4.6"
91.232.96.36 - - [06/Jul/2013:23:23:50 +0200] "GET /forum_attac.php3?id_article=983&retour=cikk.php3%3Fid_article%3D983 HTTP/1.1" 404 292 "-" "Mozilla/4.0 (compatible; MSIE 6.0; Windows NT 5.1; SV1)"
195.56.55.225 - - [06/Jul/2013:23:25:16 +0200] "GET /test.html HTTP/1.1" 200 56 "-" "monit/4.6"
89.248.174.60 - - [06/Jul/2013:23:26:55 +0200] "GET /forum_attac.php3?id_article=983&retour=cikk.php3%3Fid_article%3D983 HTTP/1.1" 404 292 "-" "Mozilla/4.0 (compatible; MSIE 6.0; Windows NT 5.1; SV1)"
195.56.55.225 - - [06/Jul/2013:23:27:27 +0200] "GET /test.html HTTP/1.1" 200 56 "-" "monit/4.6"
162.213.1.18 - - [06/Jul/2013:23:28:39 +0200] "POST" 405 - "-" "-"
195.56.55.225 - - [06/Jul/2013:23:29:30 +0200] "GET /test.html HTTP/1.1" 200 56 "-" "monit/4.6"
195.56.55.225 - - [06/Jul/2013:23:31:32 +0200] "GET /test.html HTTP/1.1" 200 56 "-" "monit/4.6"
195.56.55.225 - - [06/Jul/2013:23:33:34 +0200] "GET /test.html HTTP/1.1" 200 56 "-" "monit/4.6"
195.56.55.225 - - [06/Jul/2013:23:35:36 +0200] "GET /test.html HTTP/1.1" 200 56 "-" "monit/4.6"
195.56.55.225 - - [06/Jul/2013:23:37:38 +0200] "GET /test.html HTTP/1.1" 200 56 "-" "monit/4.6"
195.56.55.225 - - [06/Jul/2013:23:39:40 +0200] "GET /test.html HTTP/1.1" 200 56 "-" "monit/4.6"
195.56.55.225 - - [06/Jul/2013:23:41:42 +0200] "GET /test.html HTTP/1.1" 200 56 "-" "monit/4.6"
157.56.93.52 - - [06/Jul/2013:23:42:52 +0200] "GET /robots.txt HTTP/1.1" 404 285 "-" "Mozilla/5.0 (compatible; bingbot/2.0; +http://www.bing.com/bingbot.htm)"
195.56.55.225 - - [06/Jul/2013:23:43:44 +0200] "GET /test.html HTTP/1.1" 200 56 "-" "monit/4.6"
84.0.79.166 - - [06/Jul/2013:23:44:30 +0200] "-" 408 - "-" "-"
195.56.55.225 - - [06/Jul/2013:23:45:46 +0200] "GET /test.html HTTP/1.1" 200 56 "-" "monit/4.6"
91.232.96.36 - - [06/Jul/2013:23:46:46 +0200] "GET /forum_attac.php3?id_article=983&retour=cikk.php3%3Fid_article%3D983 HTTP/1.1" 404 292 "-" "Mozilla/4.0 (compatible; MSIE 6.0; Windows NT 5.1; SV1)"
195.56.55.225 - - [06/Jul/2013:23:47:49 +0200] "GET /test.html HTTP/1.1" 200 56 "-" "monit/4.6"
94.197.192.51 - - [06/Jul/2013:23:49:36 +0200] "GET /proxy.pac HTTP/1.1" 404 282 "-" "Mozilla/5.0 (Windows NT 6.1; rv:5.0) Gecko/20100101 Firefox/5.0"
89.248.174.60 - - [06/Jul/2013:23:49:47 +0200] "GET /forum_attac.php3?id_article=983&retour=cikk.php3%3Fid_article%3D983 HTTP/1.1" 404 292 "-" "Mozilla/4.0 (compatible; MSIE 6.0; Windows NT 5.1; SV1)"
94.197.192.51 - - [06/Jul/2013:23:49:48 +0200] "GET /proxy.pac HTTP/1.1" 404 282 "-" "Mozilla/5.0 (Windows NT 6.1; rv:5.0) Gecko/20100101 Firefox/5.0"
195.56.55.225 - - [06/Jul/2013:23:49:51 +0200] "GET /test.html HTTP/1.1" 200 56 "-" "monit/4.6"
94.197.192.51 - - [06/Jul/2013:23:49:59 +0200] "GET /proxy.pac HTTP/1.1" 404 282 "-" "Mozilla/5.0 (Windows NT 6.1; rv:5.0) Gecko/20100101 Firefox/5.0"
94.197.192.51 - - [06/Jul/2013:23:50:20 +0200] "GET /proxy.pac HTTP/1.1" 404 282 "-" "Mozilla/5.0 (Windows NT 6.1; rv:5.0) Gecko/20100101 Firefox/5.0"
81.0.104.90 - - [06/Jul/2013:23:50:38 +0200] "POST /forum_attac.php3?id_article=710&retour=cikk HTTP/1.0" 404 280 "http://attac.zpok.hu/forum_attac.php3?id_article=710&retour=cikk" "Mozilla/4.0 (compatible; MSIE 6.0; Windows NT 5.1; SV1)"
195.56.55.225 - - [06/Jul/2013:23:51:53 +0200] "GET /test.html HTTP/1.1" 200 56 "-" "monit/4.6"
188.31.3.48 - - [06/Jul/2013:23:52:45 +0200] "GET /proxy.pac HTTP/1.1" 404 282 "-" "Mozilla/5.0 (Windows NT 6.1; rv:5.0) Gecko/20100101 Firefox/5.0"
188.31.3.48 - - [06/Jul/2013:23:53:07 +0200] "GET /proxy.pac HTTP/1.1" 404 282 "-" "Mozilla/5.0 (Windows NT 6.1; rv:5.0) Gecko/20100101 Firefox/5.0"
188.31.3.48 - - [06/Jul/2013:23:53:23 +0200] "GET /proxy.pac HTTP/1.1" 404 282 "-" "Mozilla/5.0 (Windows NT 6.1; rv:5.0) Gecko/20100101 Firefox/5.0"
188.31.3.48 - - [06/Jul/2013:23:53:47 +0200] "GET /proxy.pac HTTP/1.1" 404 282 "-" "Mozilla/5.0 (Windows NT 6.1; rv:5.0) Gecko/20100101 Firefox/5.0"
54.235.160.121 - - [06/Jul/2013:23:53:52 +0200] "POST /forum_attac.php3?id_article=710&retour=cikk HTTP/1.1" 404 292 "http://attac.zpok.hu/forum_attac.php3?id_article=710&retour=cikk" "Mozilla/4.0 (compatible; MSIE 6.0; Windows NT 5.1; SV1)"
157.56.93.52 - - [06/Jul/2013:23:53:54 +0200] "GET / HTTP/1.1" 200 1155 "-" "Mozilla/5.0 (compatible; bingbot/2.0; +http://www.bing.com/bingbot.htm)"
195.56.55.225 - - [06/Jul/2013:23:53:55 +0200] "GET /test.html HTTP/1.1" 200 56 "-" "monit/4.6"
91.121.34.130 - - [06/Jul/2013:23:54:04 +0200] "POST /forum_attac.php3?id_article=710&retour=cikk HTTP/1.1" 404 292 "-" "-"
188.31.3.48 - - [06/Jul/2013:23:54:30 +0200] "GET /proxy.pac HTTP/1.1" 404 282 "-" "Mozilla/5.0 (Windows NT 6.1; rv:5.0) Gecko/20100101 Firefox/5.0"
111.64.89.97 - - [06/Jul/2013:23:55:24 +0200] "POST /forum_attac.php3?id_article=710&retour=cikk HTTP/1.1" 404 292 "http://attac.zpok.hu/forum_attac.php3?id_article=710&retour=cikk" "Mozilla/4.0 (compatible; MSIE 6.0; Windows NT 5.1; SV1)"
64.235.152.13 - - [06/Jul/2013:23:55:25 +0200] "POST /forum_attac.php3?id_article=710&retour=cikk HTTP/1.1" 404 292 "http://attac.zpok.hu/forum_attac.php3?id_article=710&retour=cikk" "Mozilla/4.0 (compatible; MSIE 6.0; Windows NT 5.1; SV1)"
195.56.55.225 - - [06/Jul/2013:23:55:57 +0200] "GET /test.html HTTP/1.1" 200 56 "-" "monit/4.6"
195.56.55.225 - - [06/Jul/2013:23:57:59 +0200] "GET /test.html HTTP/1.1" 200 56 "-" "monit/4.6"
157.55.32.104 - - [06/Jul/2013:23:59:22 +0200] "GET /robots.txt HTTP/1.1" 404 288 "-" "Mozilla/5.0 (compatible; bingbot/2.0; +http://www.bing.com/bingbot.htm)"
157.55.32.104 - - [06/Jul/2013:23:59:59 +0200] "GET / HTTP/1.1" 304 - "-" "Mozilla/5.0 (compatible; bingbot/2.0; +http://www.bing.com/bingbot.htm)"
195.56.55.225 - - [07/Jul/2013:00:00:02 +0200] "GET /test.html HTTP/1.1" 200 56 "-" "monit/4.6"
66.249.78.12 - - [07/Jul/2013:00:01:05 +0200] "GET /robots.txt HTTP/1.1" 404 285 "-" "Mozilla/5.0 (compatible; Googlebot/2.1; +http://www.google.com/bot.html)"
66.249.78.12 - - [07/Jul/2013:00:01:05 +0200] "GET / HTTP/1.1" 200 1155 "-" "Mozilla/5.0 (compatible; Googlebot/2.1; +http://www.google.com/bot.html)"
195.56.55.225 - - [07/Jul/2013:00:02:05 +0200] "GET /test.html HTTP/1.1" 200 56 "-" "monit/4.6"
157.56.93.39 - - [07/Jul/2013:00:02:07 +0200] "GET /robots.txt HTTP/1.1" 404 288 "-" "Mozilla/5.0 (compatible; bingbot/2.0; +http://www.bing.com/bingbot.htm)"
216.26.101.190 - - [07/Jul/2013:00:03:35 +0200] "-" 408 - "-" "-"
195.56.55.225 - - [07/Jul/2013:00:04:07 +0200] "GET /test.html HTTP/1.1" 200 56 "-" "monit/4.6"
46.107.197.17 - - [07/Jul/2013:00:04:38 +0200] "GET /proxy.pac HTTP/1.1" 404 282 "-" "Mozilla/5.0 (compatible; MSIE 10.0; Win32; Trident/6.0)"
46.107.197.17 - - [07/Jul/2013:00:04:38 +0200] "GET /proxy.pac HTTP/1.1" 404 282 "-" "Mozilla/5.0 (compatible; MSIE 10.0; Win32; Trident/6.0)"
46.107.197.17 - - [07/Jul/2013:00:04:39 +0200] "GET /proxy.pac HTTP/1.1" 404 282 "-" "Mozilla/5.0 (compatible; MSIE 10.0; Win32; Trident/6.0)"
46.107.197.17 - - [07/Jul/2013:00:04:40 +0200] "GET /proxy.pac HTTP/1.1" 404 282 "-" "Mozilla/5.0 (Windows NT 6.1) AppleWebKit/537.36 (KHTML, like Gecko) Chrome/27.0.1453.116 Safari/537.36"
46.107.197.17 - - [07/Jul/2013:00:04:40 +0200] "GET /proxy.pac HTTP/1.1" 404 282 "-" "Mozilla/5.0 (Windows NT 6.1) AppleWebKit/537.36 (KHTML, like Gecko) Chrome/27.0.1453.116 Safari/537.36"
46.107.197.17 - - [07/Jul/2013:00:04:41 +0200] "GET /proxy.pac HTTP/1.1" 404 282 "-" "Mozilla/5.0 (compatible; MSIE 10.0; Win32; Trident/6.0)"
46.107.197.17 - - [07/Jul/2013:00:04:42 +0200] "GET /proxy.pac HTTP/1.1" 404 282 "-" "Mozilla/5.0 (compatible; MSIE 10.0; Win32; Trident/6.0)"
46.107.197.17 - - [07/Jul/2013:00:04:42 +0200] "GET /proxy.pac HTTP/1.1" 404 282 "-" "Mozilla/5.0 (compatible; MSIE 10.0; Win32; Trident/6.0)"
46.107.197.17 - - [07/Jul/2013:00:04:44 +0200] "GET /proxy.pac HTTP/1.1" 404 282 "-" "Mozilla/5.0 (Windows NT 6.1) AppleWebKit/537.36 (KHTML, like Gecko) Chrome/27.0.1453.116 Safari/537.36"
46.107.197.17 - - [07/Jul/2013:00:04:44 +0200] "GET /proxy.pac HTTP/1.1" 404 282 "-" "Mozilla/5.0 (Windows NT 6.1) AppleWebKit/537.36 (KHTML, like Gecko) Chrome/27.0.1453.116 Safari/537.36"
46.107.197.17 - - [07/Jul/2013:00:04:46 +0200] "GET /proxy.pac HTTP/1.1" 404 282 "-" "Mozilla/5.0 (compatible; MSIE 10.0; Win32; Trident/6.0)"
46.107.197.17 - - [07/Jul/2013:00:04:46 +0200] "GET /proxy.pac HTTP/1.1" 404 282 "-" "Mozilla/5.0 (compatible; MSIE 10.0; Win32; Trident/6.0)"
46.107.197.17 - - [07/Jul/2013:00:04:46 +0200] "GET /proxy.pac HTTP/1.1" 404 282 "-" "Mozilla/5.0 (compatible; MSIE 10.0; Win32; Trident/6.0)"
46.107.197.17 - - [07/Jul/2013:00:04:46 +0200] "GET /proxy.pac HTTP/1.1" 404 282 "-" "Mozilla/5.0 (compatible; MSIE 10.0; Win32; Trident/6.0)"
46.107.197.17 - - [07/Jul/2013:00:04:48 +0200] "GET /proxy.pac HTTP/1.1" 404 282 "-" "Mozilla/5.0 (compatible; MSIE 10.0; Win32; Trident/6.0)"
46.107.197.17 - - [07/Jul/2013:00:04:48 +0200] "GET /proxy.pac HTTP/1.1" 404 282 "-" "Mozilla/5.0 (compatible; MSIE 10.0; Win32; Trident/6.0)"
46.107.197.17 - - [07/Jul/2013:00:04:48 +0200] "GET /proxy.pac HTTP/1.1" 404 282 "-" "Mozilla/5.0 (compatible; MSIE 10.0; Win32; Trident/6.0)"
46.107.197.17 - - [07/Jul/2013:00:04:48 +0200] "GET /proxy.pac HTTP/1.1" 404 282 "-" "Mozilla/5.0 (compatible; MSIE 10.0; Win32; Trident/6.0)"
46.107.197.17 - - [07/Jul/2013:00:04:48 +0200] "GET /proxy.pac HTTP/1.1" 404 282 "-" "Mozilla/5.0 (compatible; MSIE 10.0; Win32; Trident/6.0)"
46.107.197.17 - - [07/Jul/2013:00:04:51 +0200] "GET /proxy.pac HTTP/1.1" 404 282 "-" "Mozilla/5.0 (compatible; MSIE 10.0; Win32; Trident/6.0)"
46.107.197.17 - - [07/Jul/2013:00:04:51 +0200] "GET /proxy.pac HTTP/1.1" 404 282 "-" "Mozilla/5.0 (compatible; MSIE 10.0; Win32; Trident/6.0)"
46.107.197.17 - - [07/Jul/2013:00:04:51 +0200] "GET /proxy.pac HTTP/1.1" 404 282 "-" "Mozilla/5.0 (compatible; MSIE 10.0; Win32; Trident/6.0)"
46.107.197.17 - - [07/Jul/2013:00:04:51 +0200] "GET /proxy.pac HTTP/1.1" 404 282 "-" "Mozilla/5.0 (compatible; MSIE 10.0; Win32; Trident/6.0)"
46.107.197.17 - - [07/Jul/2013:00:04:51 +0200] "GET /proxy.pac HTTP/1.1" 404 282 "-" "Mozilla/5.0 (compatible; MSIE 10.0; Win32; Trident/6.0)"
46.107.197.17 - - [07/Jul/2013:00:04:52 +0200] "GET /proxy.pac HTTP/1.1" 404 282 "-" "Mozilla/5.0 (Windows NT 6.1) AppleWebKit/537.36 (KHTML, like Gecko) Chrome/27.0.1453.116 Safari/537.36"
46.107.197.17 - - [07/Jul/2013:00:04:52 +0200] "GET /proxy.pac HTTP/1.1" 404 282 "-" "Mozilla/5.0 (Windows NT 6.1) AppleWebKit/537.36 (KHTML, like Gecko) Chrome/27.0.1453.116 Safari/537.36"
46.107.197.17 - - [07/Jul/2013:00:04:52 +0200] "GET /proxy.pac HTTP/1.1" 404 282 "-" "Mozilla/5.0 (compatible; MSIE 10.0; Win32; Trident/6.0)"
46.107.197.17 - - [07/Jul/2013:00:04:56 +0200] "GET /proxy.pac HTTP/1.1" 404 282 "-" "-"
46.107.197.17 - - [07/Jul/2013:00:04:56 +0200] "GET /proxy.pac HTTP/1.1" 404 282 "-" "-"
46.107.197.17 - - [07/Jul/2013:00:04:56 +0200] "GET /proxy.pac HTTP/1.1" 404 282 "-" "-"
46.107.197.17 - - [07/Jul/2013:00:04:58 +0200] "GET /proxy.pac HTTP/1.1" 404 282 "-" "-"
46.107.197.17 - - [07/Jul/2013:00:04:58 +0200] "GET /proxy.pac HTTP/1.1" 404 282 "-" "-"
46.107.197.17 - - [07/Jul/2013:00:04:59 +0200] "GET /proxy.pac HTTP/1.1" 404 282 "-" "-"
46.107.197.17 - - [07/Jul/2013:00:04:59 +0200] "GET /proxy.pac HTTP/1.1" 404 282 "-" "-"
46.107.197.17 - - [07/Jul/2013:00:05:23 +0200] "GET /proxy.pac HTTP/1.1" 404 282 "-" "-"
46.107.197.17 - - [07/Jul/2013:00:05:23 +0200] "GET /proxy.pac HTTP/1.1" 404 282 "-" "-"
46.107.197.17 - - [07/Jul/2013:00:05:23 +0200] "GET /proxy.pac HTTP/1.1" 404 282 "-" "-"
46.107.197.17 - - [07/Jul/2013:00:05:23 +0200] "GET /proxy.pac HTTP/1.1" 404 282 "-" "-"
46.107.197.17 - - [07/Jul/2013:00:05:23 +0200] "GET /proxy.pac HTTP/1.1" 404 282 "-" "-"
46.107.197.17 - - [07/Jul/2013:00:05:23 +0200] "GET /proxy.pac HTTP/1.1" 404 282 "-" "-"
46.107.197.17 - - [07/Jul/2013:00:05:23 +0200] "GET /proxy.pac HTTP/1.1" 404 282 "-" "-"
46.107.197.17 - - [07/Jul/2013:00:05:23 +0200] "GET /proxy.pac HTTP/1.1" 404 282 "-" "-"
46.107.197.17 - - [07/Jul/2013:00:05:23 +0200] "GET /proxy.pac HTTP/1.1" 404 282 "-" "-"
46.107.197.17 - - [07/Jul/2013:00:05:23 +0200] "GET /proxy.pac HTTP/1.1" 404 282 "-" "-"
46.107.197.17 - - [07/Jul/2013:00:05:23 +0200] "GET /proxy.pac HTTP/1.1" 404 282 "-" "-"
46.107.197.17 - - [07/Jul/2013:00:05:23 +0200] "GET /proxy.pac HTTP/1.1" 404 282 "-" "-"
46.107.197.17 - - [07/Jul/2013:00:05:23 +0200] "GET /proxy.pac HTTP/1.1" 404 282 "-" "-"
46.107.197.17 - - [07/Jul/2013:00:05:23 +0200] "GET /proxy.pac HTTP/1.1" 404 282 "-" "-"
46.107.197.17 - - [07/Jul/2013:00:05:33 +0200] "GET /proxy.pac HTTP/1.1" 404 282 "-" "Mozilla/5.0 (Windows NT 6.1) AppleWebKit/537.36 (KHTML, like Gecko) Chrome/27.0.1453.116 Safari/537.36"
46.107.197.17 - - [07/Jul/2013:00:05:41 +0200] "GET /proxy.pac HTTP/1.1" 404 282 "-" "Mozilla/5.0 (Windows NT 6.1) AppleWebKit/537.36 (KHTML, like Gecko) Chrome/27.0.1453.116 Safari/537.36"
46.107.197.17 - - [07/Jul/2013:00:05:41 +0200] "GET /proxy.pac HTTP/1.1" 404 282 "-" "Mozilla/5.0 (Windows NT 6.1) AppleWebKit/537.36 (KHTML, like Gecko) Chrome/27.0.1453.116 Safari/537.36"
46.107.197.17 - - [07/Jul/2013:00:05:50 +0200] "GET /proxy.pac HTTP/1.1" 404 282 "-" "Mozilla/5.0 (Windows NT 6.1) AppleWebKit/537.36 (KHTML, like Gecko) Chrome/27.0.1453.116 Safari/537.36"
46.107.197.17 - - [07/Jul/2013:00:05:50 +0200] "GET /proxy.pac HTTP/1.1" 404 282 "-" "Mozilla/5.0 (Windows NT 6.1) AppleWebKit/537.36 (KHTML, like Gecko) Chrome/27.0.1453.116 Safari/537.36"
195.56.55.225 - - [07/Jul/2013:00:06:09 +0200] "GET /test.html HTTP/1.1" 200 56 "-" "monit/4.6"
46.107.197.17 - - [07/Jul/2013:00:06:22 +0200] "GET /proxy.pac HTTP/1.1" 404 282 "-" "Mozilla/5.0 (Windows NT 6.1) AppleWebKit/537.36 (KHTML, like Gecko) Chrome/27.0.1453.116 Safari/537.36"
77.88.42.27 - - [07/Jul/2013:00:06:38 +0200] "GET / HTTP/1.1" 200 1155 "-" "Mozilla/5.0 (compatible; YandexBot/3.0; +http://yandex.com/bots)"
66.249.78.165 - - [07/Jul/2013:00:06:38 +0200] "GET /robots.txt HTTP/1.1" 404 305 "-" "Mozilla/5.0 (compatible; Googlebot/2.1; +http://www.google.com/bot.html)"
66.249.78.165 - - [07/Jul/2013:00:06:38 +0200] "GET / HTTP/1.1" 200 1155 "-" "Mozilla/5.0 (compatible; Googlebot/2.1; +http://www.google.com/bot.html)"
46.107.205.248 - - [07/Jul/2013:00:07:35 +0200] "-" 408 - "-" "-"
211.244.83.232 - - [07/Jul/2013:00:08:00 +0200] "GET /robots.txt HTTP/1.1" 404 286 "http://search.daum.net/" "Mozilla/5.0 (compatible; MSIE or Firefox mutant; not on Windows server; + http://tab.search.daum.net/aboutWebSearch.html) Daumoa/3.0"
211.244.83.232 - - [07/Jul/2013:00:08:00 +0200] "GET / HTTP/1.1" 200 1155 "http://search.daum.net/" "Mozilla/5.0 (compatible; MSIE or Firefox mutant; not on Windows server; + http://tab.search.daum.net/aboutWebSearch.html) Daumoa/3.0"
66.249.78.218 - - [07/Jul/2013:00:08:07 +0200] "GET /IMG/The_US_Financial_Crisis_and_Central_and_Eastern_Europe.doc HTTP/1.1" 404 338 "-" "Mozilla/5.0 (compatible; Googlebot/2.1; +http://www.google.com/bot.html)"
195.56.55.225 - - [07/Jul/2013:00:08:11 +0200] "GET /test.html HTTP/1.1" 200 56 "-" "monit/4.6"
46.107.197.17 - - [07/Jul/2013:00:08:25 +0200] "GET /proxy.pac HTTP/1.1" 404 282 "-" "Mozilla/5.0 (Windows NT 6.1) AppleWebKit/537.36 (KHTML, like Gecko) Chrome/27.0.1453.116 Safari/537.36"
46.107.197.17 - - [07/Jul/2013:00:08:32 +0200] "GET /proxy.pac HTTP/1.1" 404 282 "-" "Mozilla/5.0 (Windows NT 6.1) AppleWebKit/537.36 (KHTML, like Gecko) Chrome/27.0.1453.116 Safari/537.36"
66.249.78.89 - - [07/Jul/2013:00:08:34 +0200] "GET /robots.txt HTTP/1.1" 404 287 "-" "Mozilla/5.0 (compatible; Googlebot/2.1; +http://www.google.com/bot.html)"
66.249.78.89 - - [07/Jul/2013:00:08:34 +0200] "GET / HTTP/1.1" 200 1155 "-" "Mozilla/5.0 (compatible; Googlebot/2.1; +http://www.google.com/bot.html)"
66.249.78.75 - - [07/Jul/2013:00:09:35 +0200] "GET /robots.txt HTTP/1.1" 404 284 "-" "Mozilla/5.0 (compatible; Googlebot/2.1; +http://www.google.com/bot.html)"
66.249.78.75 - - [07/Jul/2013:00:09:36 +0200] "GET / HTTP/1.1" 200 1155 "-" "Mozilla/5.0 (compatible; Googlebot/2.1; +http://www.google.com/bot.html)"
91.232.96.36 - - [07/Jul/2013:00:09:51 +0200] "GET /forum_attac.php3?id_article=983&retour=cikk.php3%3Fid_article%3D983 HTTP/1.1" 404 292 "-" "Mozilla/4.0 (compatible; MSIE 6.0; Windows NT 5.1; SV1)"
66.249.78.36 - - [07/Jul/2013:00:10:03 +0200] "GET /robots.txt HTTP/1.1" 404 290 "-" "Mozilla/5.0 (compatible; Googlebot/2.1; +http://www.google.com/bot.html)"
66.249.78.36 - - [07/Jul/2013:00:10:03 +0200] "GET / HTTP/1.1" 200 1155 "-" "Mozilla/5.0 (compatible; Googlebot/2.1; +http://www.google.com/bot.html)"
195.56.55.225 - - [07/Jul/2013:00:10:13 +0200] "GET /test.html HTTP/1.1" 200 56 "-" "monit/4.6"
46.107.197.17 - - [07/Jul/2013:00:11:44 +0200] "GET /proxy.pac HTTP/1.1" 404 282 "-" "Mozilla/5.0 (Windows NT 6.1) AppleWebKit/537.36 (KHTML, like Gecko) Chrome/27.0.1453.116 Safari/537.36"
66.249.78.33 - - [07/Jul/2013:00:11:44 +0200] "GET /robots.txt HTTP/1.1" 404 291 "-" "Mozilla/5.0 (compatible; Googlebot/2.1; +http://www.google.com/bot.html)"
66.249.78.33 - - [07/Jul/2013:00:11:45 +0200] "GET / HTTP/1.1" 200 1155 "-" "Mozilla/5.0 (compatible; Googlebot/2.1; +http://www.google.com/bot.html)"
195.56.55.225 - - [07/Jul/2013:00:12:17 +0200] "GET /test.html HTTP/1.1" 200 56 "-" "monit/4.6"
46.107.197.17 - - [07/Jul/2013:00:12:24 +0200] "GET /proxy.pac HTTP/1.1" 404 282 "-" "-"
89.248.174.60 - - [07/Jul/2013:00:12:45 +0200] "GET /forum_attac.php3?id_article=983&retour=cikk.php3%3Fid_article%3D983 HTTP/1.1" 404 292 "-" "Mozilla/4.0 (compatible; MSIE 6.0; Windows NT 5.1; SV1)"
195.56.55.225 - - [07/Jul/2013:00:14:19 +0200] "GET /test.html HTTP/1.1" 200 56 "-" "monit/4.6"
65.55.52.114 - - [07/Jul/2013:00:14:40 +0200] "GET /robots.txt HTTP/1.1" 404 290 "-" "Mozilla/5.0 (compatible; bingbot/2.0; +http://www.bing.com/bingbot.htm)"
66.249.74.126 - - [07/Jul/2013:00:15:43 +0200] "GET /robots.txt HTTP/1.1" 404 283 "-" "Mozilla/5.0 (compatible; Googlebot/2.1; +http://www.google.com/bot.html)"
77.88.42.27 - - [07/Jul/2013:00:15:43 +0200] "GET / HTTP/1.1" 200 1155 "-" "Mozilla/5.0 (compatible; YandexBot/3.0; +http://yandex.com/bots)"
195.56.55.225 - - [07/Jul/2013:00:16:21 +0200] "GET /test.html HTTP/1.1" 200 56 "-" "monit/4.6"
157.56.93.39 - - [07/Jul/2013:00:17:07 +0200] "GET / HTTP/1.1" 200 1155 "-" "Mozilla/5.0 (compatible; bingbot/2.0; +http://www.bing.com/bingbot.htm)"
195.56.55.225 - - [07/Jul/2013:00:18:23 +0200] "GET /test.html HTTP/1.1" 200 56 "-" "monit/4.6"
195.56.55.225 - - [07/Jul/2013:00:20:25 +0200] "GET /test.html HTTP/1.1" 200 56 "-" "monit/4.6"
195.56.55.225 - - [07/Jul/2013:00:22:27 +0200] "GET /test.html HTTP/1.1" 200 56 "-" "monit/4.6"
65.55.52.114 - - [07/Jul/2013:00:22:40 +0200] "GET / HTTP/1.1" 200 1155 "-" "Mozilla/5.0 (compatible; bingbot/2.0; +http://www.bing.com/bingbot.htm)"
157.55.32.113 - - [07/Jul/2013:00:23:27 +0200] "GET /robots.txt HTTP/1.1" 404 286 "-" "Mozilla/5.0 (compatible; bingbot/2.0; +http://www.bing.com/bingbot.htm)"
195.56.55.225 - - [07/Jul/2013:00:24:31 +0200] "GET /test.html HTTP/1.1" 200 56 "-" "monit/4.6"
180.76.5.142 - - [07/Jul/2013:00:25:03 +0200] "GET / HTTP/1.1" 200 1155 "-" "Mozilla/5.0 (compatible; Baiduspider/2.0; +http://www.baidu.com/search/spider.html)"
157.55.32.113 - - [07/Jul/2013:00:26:10 +0200] "GET /cikk.php3?id_article=1162 HTTP/1.1" 404 285 "-" "Mozilla/5.0 (compatible; bingbot/2.0; +http://www.bing.com/bingbot.htm)"
195.56.55.225 - - [07/Jul/2013:00:26:56 +0200] "GET /test.html HTTP/1.1" 200 56 "-" "monit/4.6"
195.56.55.225 - - [07/Jul/2013:00:28:59 +0200] "GET /test.html HTTP/1.1" 200 56 "-" "monit/4.6"
77.88.42.27 - - [07/Jul/2013:00:29:21 +0200] "GET / HTTP/1.1" 200 1155 "-" "Mozilla/5.0 (compatible; YandexBot/3.0; +http://yandex.com/bots)"
77.88.42.27 - - [07/Jul/2013:00:30:42 +0200] "GET / HTTP/1.1" 200 1155 "-" "Mozilla/5.0 (compatible; YandexBot/3.0; +http://yandex.com/bots)"
46.165.197.142 - - [07/Jul/2013:00:31:00 +0200] "GET /robots.txt HTTP/1.0" 404 287 "-" "Mozilla/5.0 (compatible; MJ12bot/v1.4.3; http://www.majestic12.co.uk/bot.php?+)"
195.56.55.225 - - [07/Jul/2013:00:31:01 +0200] "GET /test.html HTTP/1.1" 200 56 "-" "monit/4.6"
46.165.197.142 - - [07/Jul/2013:00:31:02 +0200] "GET /index.shtml?apc=--1knm15408&x=15408 HTTP/1.0" 404 288 "-" "Mozilla/5.0 (compatible; MJ12bot/v1.4.3; http://www.majestic12.co.uk/bot.php?+)"
91.232.96.36 - - [07/Jul/2013:00:32:45 +0200] "GET /forum_attac.php3?id_article=983&retour=cikk.php3%3Fid_article%3D983 HTTP/1.1" 404 292 "-" "Mozilla/4.0 (compatible; MSIE 6.0; Windows NT 5.1; SV1)"
195.56.55.225 - - [07/Jul/2013:00:33:03 +0200] "GET /test.html HTTP/1.1" 200 56 "-" "monit/4.6"
46.107.197.17 - - [07/Jul/2013:00:33:15 +0200] "GET /proxy.pac HTTP/1.1" 404 282 "-" "Mozilla/5.0 (compatible; MSIE 10.0; Win32; Trident/6.0)"
46.107.197.17 - - [07/Jul/2013:00:33:20 +0200] "GET /proxy.pac HTTP/1.1" 404 282 "-" "Mozilla/5.0 (compatible; MSIE 10.0; Win32; Trident/6.0)"
46.107.197.17 - - [07/Jul/2013:00:33:20 +0200] "GET /proxy.pac HTTP/1.1" 404 282 "-" "Mozilla/5.0 (compatible; MSIE 10.0; Win32; Trident/6.0)"
46.107.197.17 - - [07/Jul/2013:00:33:39 +0200] "GET /proxy.pac HTTP/1.1" 404 282 "-" "-"
46.107.197.17 - - [07/Jul/2013:00:33:44 +0200] "GET /proxy.pac HTTP/1.1" 404 282 "-" "-"
46.107.197.17 - - [07/Jul/2013:00:33:57 +0200] "GET /proxy.pac HTTP/1.1" 404 282 "-" "Mozilla/5.0 (compatible; MSIE 10.0; Win32; Trident/6.0)"
46.107.197.17 - - [07/Jul/2013:00:33:57 +0200] "GET /proxy.pac HTTP/1.1" 404 282 "-" "Mozilla/5.0 (compatible; MSIE 10.0; Win32; Trident/6.0)"
46.107.197.17 - - [07/Jul/2013:00:34:00 +0200] "GET /proxy.pac HTTP/1.1" 404 282 "-" "Mozilla/5.0 (compatible; MSIE 10.0; Win32; Trident/6.0)"
46.107.197.17 - - [07/Jul/2013:00:34:00 +0200] "GET /proxy.pac HTTP/1.1" 404 282 "-" "Mozilla/5.0 (compatible; MSIE 10.0; Win32; Trident/6.0)"
46.107.197.17 - - [07/Jul/2013:00:34:00 +0200] "GET /proxy.pac HTTP/1.1" 404 282 "-" "Mozilla/5.0 (compatible; MSIE 10.0; Win32; Trident/6.0)"
46.107.197.17 - - [07/Jul/2013:00:34:04 +0200] "GET /proxy.pac HTTP/1.1" 404 282 "-" "-"
46.107.197.17 - - [07/Jul/2013:00:34:09 +0200] "GET /proxy.pac HTTP/1.1" 404 282 "-" "Mozilla/5.0 (Windows NT 6.1) AppleWebKit/537.36 (KHTML, like Gecko) Chrome/27.0.1453.116 Safari/537.36"
46.107.197.17 - - [07/Jul/2013:00:34:10 +0200] "GET /proxy.pac HTTP/1.1" 404 282 "-" "Mozilla/5.0 (Windows NT 6.1) AppleWebKit/537.36 (KHTML, like Gecko) Chrome/27.0.1453.116 Safari/537.36"
46.107.197.17 - - [07/Jul/2013:00:34:13 +0200] "GET /proxy.pac HTTP/1.1" 404 282 "-" "Mozilla/5.0 (compatible; MSIE 10.0; Win32; Trident/6.0)"
46.107.197.17 - - [07/Jul/2013:00:34:13 +0200] "GET /proxy.pac HTTP/1.1" 404 282 "-" "Mozilla/5.0 (compatible; MSIE 10.0; Win32; Trident/6.0)"
46.107.197.17 - - [07/Jul/2013:00:34:14 +0200] "GET /proxy.pac HTTP/1.1" 404 282 "-" "Mozilla/5.0 (compatible; MSIE 10.0; Win32; Trident/6.0)"
46.107.197.17 - - [07/Jul/2013:00:34:17 +0200] "GET /proxy.pac HTTP/1.1" 404 282 "-" "Mozilla/5.0 (compatible; MSIE 10.0; Win32; Trident/6.0)"
46.107.197.17 - - [07/Jul/2013:00:34:17 +0200] "GET /proxy.pac HTTP/1.1" 404 282 "-" "Mozilla/5.0 (compatible; MSIE 10.0; Win32; Trident/6.0)"
46.107.197.17 - - [07/Jul/2013:00:34:17 +0200] "GET /proxy.pac HTTP/1.1" 404 282 "-" "Mozilla/5.0 (compatible; MSIE 10.0; Win32; Trident/6.0)"
46.107.197.17 - - [07/Jul/2013:00:34:17 +0200] "GET /proxy.pac HTTP/1.1" 404 282 "-" "Mozilla/5.0 (Windows NT 6.1) AppleWebKit/537.36 (KHTML, like Gecko) Chrome/27.0.1453.116 Safari/537.36"
46.107.197.17 - - [07/Jul/2013:00:34:18 +0200] "GET /proxy.pac HTTP/1.1" 404 282 "-" "Mozilla/5.0 (Windows NT 6.1) AppleWebKit/537.36 (KHTML, like Gecko) Chrome/27.0.1453.116 Safari/537.36"
46.107.197.17 - - [07/Jul/2013:00:34:29 +0200] "GET /proxy.pac HTTP/1.1" 404 282 "-" "-"
46.107.197.17 - - [07/Jul/2013:00:34:40 +0200] "GET /proxy.pac HTTP/1.1" 404 282 "-" "Mozilla/5.0 (compatible; MSIE 10.0; Win32; Trident/6.0)"
46.107.197.17 - - [07/Jul/2013:00:34:40 +0200] "GET /proxy.pac HTTP/1.1" 404 282 "-" "Mozilla/5.0 (compatible; MSIE 10.0; Win32; Trident/6.0)"
46.107.197.17 - - [07/Jul/2013:00:34:40 +0200] "GET /proxy.pac HTTP/1.1" 404 282 "-" "Mozilla/5.0 (compatible; MSIE 10.0; Win32; Trident/6.0)"
46.107.197.17 - - [07/Jul/2013:00:34:43 +0200] "GET /proxy.pac HTTP/1.1" 404 282 "-" "Mozilla/5.0 (compatible; MSIE 10.0; Win32; Trident/6.0)"
46.107.197.17 - - [07/Jul/2013:00:34:43 +0200] "GET /proxy.pac HTTP/1.1" 404 282 "-" "Mozilla/5.0 (compatible; MSIE 10.0; Win32; Trident/6.0)"
46.107.197.17 - - [07/Jul/2013:00:34:43 +0200] "GET /proxy.pac HTTP/1.1" 404 282 "-" "Mozilla/5.0 (compatible; MSIE 10.0; Win32; Trident/6.0)"
46.107.197.17 - - [07/Jul/2013:00:34:48 +0200] "GET /proxy.pac HTTP/1.1" 404 282 "-" "Mozilla/5.0 (compatible; MSIE 10.0; Win32; Trident/6.0)"
46.107.197.17 - - [07/Jul/2013:00:34:48 +0200] "GET /proxy.pac HTTP/1.1" 404 282 "-" "Mozilla/5.0 (compatible; MSIE 10.0; Win32; Trident/6.0)"
46.107.197.17 - - [07/Jul/2013:00:34:48 +0200] "GET /proxy.pac HTTP/1.1" 404 282 "-" "Mozilla/5.0 (compatible; MSIE 10.0; Win32; Trident/6.0)"
46.107.197.17 - - [07/Jul/2013:00:34:48 +0200] "GET /proxy.pac HTTP/1.1" 404 282 "-" "Mozilla/5.0 (compatible; MSIE 10.0; Win32; Trident/6.0)"
46.107.197.17 - - [07/Jul/2013:00:34:48 +0200] "GET /proxy.pac HTTP/1.1" 404 282 "-" "Mozilla/5.0 (compatible; MSIE 10.0; Win32; Trident/6.0)"
46.107.197.17 - - [07/Jul/2013:00:34:51 +0200] "GET /proxy.pac HTTP/1.1" 404 282 "-" "Mozilla/5.0 (compatible; MSIE 10.0; Win32; Trident/6.0)"
46.107.197.17 - - [07/Jul/2013:00:34:51 +0200] "GET /proxy.pac HTTP/1.1" 404 282 "-" "Mozilla/5.0 (compatible; MSIE 10.0; Win32; Trident/6.0)"
46.107.197.17 - - [07/Jul/2013:00:34:51 +0200] "GET /proxy.pac HTTP/1.1" 404 282 "-" "Mozilla/5.0 (compatible; MSIE 10.0; Win32; Trident/6.0)"
46.107.197.17 - - [07/Jul/2013:00:34:51 +0200] "GET /proxy.pac HTTP/1.1" 404 282 "-" "Mozilla/5.0 (compatible; MSIE 10.0; Win32; Trident/6.0)"
46.107.197.17 - - [07/Jul/2013:00:34:53 +0200] "GET /proxy.pac HTTP/1.1" 404 282 "-" "-"
46.107.197.17 - - [07/Jul/2013:00:34:57 +0200] "GET /proxy.pac HTTP/1.1" 404 282 "-" "Mozilla/5.0 (Windows NT 6.1) AppleWebKit/537.36 (KHTML, like Gecko) Chrome/27.0.1453.116 Safari/537.36"
46.107.197.17 - - [07/Jul/2013:00:34:59 +0200] "GET /proxy.pac HTTP/1.1" 404 282 "-" "Mozilla/5.0 (compatible; MSIE 10.0; Win32; Trident/6.0)"
46.107.197.17 - - [07/Jul/2013:00:34:59 +0200] "GET /proxy.pac HTTP/1.1" 404 282 "-" "Mozilla/5.0 (compatible; MSIE 10.0; Win32; Trident/6.0)"
46.107.197.17 - - [07/Jul/2013:00:34:59 +0200] "GET /proxy.pac HTTP/1.1" 404 282 "-" "Mozilla/5.0 (compatible; MSIE 10.0; Win32; Trident/6.0)"
46.107.197.17 - - [07/Jul/2013:00:35:00 +0200] "GET /proxy.pac HTTP/1.1" 404 282 "-" "Mozilla/5.0 (compatible; MSIE 10.0; Win32; Trident/6.0)"
46.107.197.17 - - [07/Jul/2013:00:35:03 +0200] "GET /proxy.pac HTTP/1.1" 404 282 "-" "-"
46.107.197.17 - - [07/Jul/2013:00:35:03 +0200] "GET /proxy.pac HTTP/1.1" 404 282 "-" "Mozilla/5.0 (compatible; MSIE 10.0; Win32; Trident/6.0)"
46.107.197.17 - - [07/Jul/2013:00:35:03 +0200] "GET /proxy.pac HTTP/1.1" 404 282 "-" "Mozilla/5.0 (compatible; MSIE 10.0; Win32; Trident/6.0)"
46.107.197.17 - - [07/Jul/2013:00:35:03 +0200] "GET /proxy.pac HTTP/1.1" 404 282 "-" "Mozilla/5.0 (compatible; MSIE 10.0; Win32; Trident/6.0)"
46.107.197.17 - - [07/Jul/2013:00:35:03 +0200] "GET /proxy.pac HTTP/1.1" 404 282 "-" "Mozilla/5.0 (compatible; MSIE 10.0; Win32; Trident/6.0)"
195.56.55.225 - - [07/Jul/2013:00:35:05 +0200] "GET /test.html HTTP/1.1" 200 56 "-" "monit/4.6"
89.248.174.60 - - [07/Jul/2013:00:35:36 +0200] "GET /forum_attac.php3?id_article=983&retour=cikk.php3%3Fid_article%3D983 HTTP/1.1" 404 292 "-" "Mozilla/4.0 (compatible; MSIE 6.0; Windows NT 5.1; SV1)"
46.107.197.17 - - [07/Jul/2013:00:36:58 +0200] "GET /proxy.pac HTTP/1.1" 404 282 "-" "Mozilla/5.0 (Windows NT 6.1) AppleWebKit/537.36 (KHTML, like Gecko) Chrome/27.0.1453.116 Safari/537.36"
195.56.55.225 - - [07/Jul/2013:00:37:07 +0200] "GET /test.html HTTP/1.1" 200 56 "-" "monit/4.6"
46.107.197.17 - - [07/Jul/2013:00:39:03 +0200] "GET /proxy.pac HTTP/1.1" 404 282 "-" "Mozilla/5.0 (Windows NT 6.1) AppleWebKit/537.36 (KHTML, like Gecko) Chrome/27.0.1453.116 Safari/537.36"
