46.107.197.17 - - [05/Jul/2013:14:25:30 +0200] "GET /proxy.pac HTTP/1.1" 404 282 "-" "Mozilla/5.0 (compatible; MSIE 10.0; Win32; Trident/6.0)"
46.107.197.17 - - [05/Jul/2013:14:25:30 +0200] "GET /proxy.pac HTTP/1.1" 404 282 "-" "Mozilla/5.0 (compatible; MSIE 10.0; Win32; Trident/6.0)"
46.107.197.17 - - [05/Jul/2013:14:25:33 +0200] "GET /proxy.pac HTTP/1.1" 404 282 "-" "Mozilla/5.0 (compatible; MSIE 10.0; Win32; Trident/6.0)"
46.107.197.17 - - [05/Jul/2013:14:25:33 +0200] "GET /proxy.pac HTTP/1.1" 404 282 "-" "Mozilla/5.0 (compatible; MSIE 10.0; Win32; Trident/6.0)"
46.107.197.17 - - [05/Jul/2013:14:25:33 +0200] "GET /proxy.pac HTTP/1.1" 404 282 "-" "Mozilla/5.0 (compatible; MSIE 10.0; Win32; Trident/6.0)"
46.107.197.17 - - [05/Jul/2013:14:25:36 +0200] "GET /proxy.pac HTTP/1.1" 404 282 "-" "Mozilla/5.0 (compatible; MSIE 10.0; Win32; Trident/6.0)"
46.107.197.17 - - [05/Jul/2013:14:25:36 +0200] "GET /proxy.pac HTTP/1.1" 404 282 "-" "Mozilla/5.0 (compatible; MSIE 10.0; Win32; Trident/6.0)"
46.107.197.17 - - [05/Jul/2013:14:25:36 +0200] "GET /proxy.pac HTTP/1.1" 404 282 "-" "Mozilla/5.0 (compatible; MSIE 10.0; Win32; Trident/6.0)"
46.107.197.17 - - [05/Jul/2013:14:25:36 +0200] "GET /proxy.pac HTTP/1.1" 404 282 "-" "-"
46.107.197.17 - - [05/Jul/2013:14:25:47 +0200] "GET /proxy.pac HTTP/1.1" 404 282 "-" "Mozilla/5.0 (Windows NT 6.1) AppleWebKit/537.36 (KHTML, like Gecko) Chrome/27.0.1453.116 Safari/537.36"
46.107.197.17 - - [05/Jul/2013:14:25:47 +0200] "GET /proxy.pac HTTP/1.1" 404 282 "-" "Mozilla/5.0 (Windows NT 6.1) AppleWebKit/537.36 (KHTML, like Gecko) Chrome/27.0.1453.116 Safari/537.36"
195.56.55.225 - - [05/Jul/2013:14:26:57 +0200] "GET /test.html HTTP/1.1" 200 56 "-" "monit/4.6"
46.107.153.203 - - [05/Jul/2013:14:27:04 +0200] "-" 408 - "-" "-"
157.56.93.39 - - [05/Jul/2013:14:27:58 +0200] "GET /robots.txt HTTP/1.1" 404 299 "-" "Mozilla/5.0 (compatible; bingbot/2.0; +http://www.bing.com/bingbot.htm)"
46.107.197.17 - - [05/Jul/2013:14:28:43 +0200] "GET /proxy.pac HTTP/1.1" 404 282 "-" "Mozilla/5.0 (Windows NT 6.1) AppleWebKit/537.36 (KHTML, like Gecko) Chrome/27.0.1453.116 Safari/537.36"
157.56.93.39 - - [05/Jul/2013:14:28:55 +0200] "GET /node/491 HTTP/1.1" 404 297 "-" "Mozilla/5.0 (compatible; bingbot/2.0; +http://www.bing.com/bingbot.htm)"
195.56.55.225 - - [05/Jul/2013:14:28:59 +0200] "GET /test.html HTTP/1.1" 200 56 "-" "monit/4.6"
157.56.93.39 - - [05/Jul/2013:14:29:03 +0200] "GET /kompasz/szockomp HTTP/1.1" 404 305 "-" "Mozilla/5.0 (compatible; bingbot/2.0; +http://www.bing.com/bingbot.htm)"
87.97.94.236 - - [05/Jul/2013:14:29:51 +0200] "-" 408 - "-" "-"
176.8.247.223 - - [05/Jul/2013:14:29:59 +0200] "GET /cikk.php3?id_article=680 HTTP/1.0" 404 273 "http://attac.zpok.hu/cikk.php3?id_article=680" "Opera/9.80 (Windows NT 6.1; Win64; x64) Presto/2.12.388 Version/12.10"
176.8.247.223 - - [05/Jul/2013:14:29:59 +0200] "GET / HTTP/1.0" 200 1155 "http://attac.zpok.hu/" "Opera/9.80 (Windows NT 6.1; Win64; x64) Presto/2.12.388 Version/12.10"
87.97.94.236 - - [05/Jul/2013:14:30:25 +0200] "-" 408 - "-" "-"
87.97.94.236 - - [05/Jul/2013:14:30:25 +0200] "-" 408 - "-" "-"
87.97.94.236 - - [05/Jul/2013:14:30:25 +0200] "-" 408 - "-" "-"
195.56.55.225 - - [05/Jul/2013:14:31:01 +0200] "GET /test.html HTTP/1.1" 200 56 "-" "monit/4.6"
87.97.94.236 - - [05/Jul/2013:14:32:06 +0200] "-" 408 - "-" "-"
87.97.94.236 - - [05/Jul/2013:14:32:09 +0200] "-" 408 - "-" "-"
87.97.94.236 - - [05/Jul/2013:14:32:13 +0200] "-" 408 - "-" "-"
222.77.194.92 - - [05/Jul/2013:14:32:16 +0200] "-" 408 - "-" "-"
87.97.94.236 - - [05/Jul/2013:14:32:37 +0200] "-" 408 - "-" "-"
195.56.55.225 - - [05/Jul/2013:14:33:03 +0200] "GET /test.html HTTP/1.1" 200 56 "-" "monit/4.6"
80.85.59.194 - - [05/Jul/2013:14:34:05 +0200] "-" 408 - "-" "-"
80.85.59.194 - - [05/Jul/2013:14:34:10 +0200] "-" 408 - "-" "-"
46.108.241.253 - - [05/Jul/2013:14:34:14 +0200] "POST /forum_attac.php3?id_article=710&retour=cikk HTTP/1.0" 404 280 "http://attac.zpok.hu/forum_attac.php3?id_article=710&retour=cikk" "Mozilla/4.0 (compatible; MSIE 6.0; Windows NT 5.1; SV1)"
195.228.147.196 - - [05/Jul/2013:14:34:15 +0200] "POST /forum_attac.php3?id_article=710&retour=cikk HTTP/1.1" 404 292 "http://attac.zpok.hu/forum_attac.php3?id_article=710&retour=cikk" "Mozilla/4.0 (compatible; MSIE 6.0; Windows NT 5.1; SV1)"
134.201.250.156 - - [05/Jul/2013:14:34:16 +0200] "POST /forum_attac.php3?id_article=710&retour=cikk HTTP/1.1" 404 292 "http://attac.zpok.hu/forum_attac.php3?id_article=710&retour=cikk" "Mozilla/4.0 (compatible; MSIE 6.0; Windows NT 5.1; SV1)"
195.56.55.225 - - [05/Jul/2013:14:35:10 +0200] "GET /test.html HTTP/1.1" 200 56 "-" "monit/4.6"
195.228.131.248 - - [05/Jul/2013:14:35:47 +0200] "-" 408 - "-" "-"
66.249.78.53 - - [05/Jul/2013:14:37:08 +0200] "GET /robots.txt HTTP/1.1" 404 287 "-" "Mozilla/5.0 (compatible; Googlebot/2.1; +http://www.google.com/bot.html)"
66.249.78.53 - - [05/Jul/2013:14:37:08 +0200] "GET / HTTP/1.1" 200 1155 "-" "Mozilla/5.0 (compatible; Googlebot/2.1; +http://www.google.com/bot.html)"
195.56.55.225 - - [05/Jul/2013:14:37:12 +0200] "GET /test.html HTTP/1.1" 200 56 "-" "monit/4.6"
89.248.174.60 - - [05/Jul/2013:14:38:46 +0200] "GET /forum_attac.php3?id_article=983&retour=cikk.php3%3Fid_article%3D983 HTTP/1.1" 404 292 "-" "Mozilla/4.0 (compatible; MSIE 6.0; Windows NT 5.1; SV1)"
195.56.55.225 - - [05/Jul/2013:14:39:20 +0200] "GET /test.html HTTP/1.1" 200 56 "-" "monit/4.6"
195.56.55.225 - - [05/Jul/2013:14:41:22 +0200] "GET /test.html HTTP/1.1" 200 56 "-" "monit/4.6"
66.249.78.107 - - [05/Jul/2013:14:42:43 +0200] "GET /robots.txt HTTP/1.1" 404 291 "-" "Mozilla/5.0 (compatible; Googlebot/2.1; +http://www.google.com/bot.html)"
66.249.75.240 - - [05/Jul/2013:14:42:43 +0200] "GET / HTTP/1.1" 200 1155 "-" "Mozilla/5.0 (compatible; Googlebot/2.1; +http://www.google.com/bot.html)"
195.56.55.225 - - [05/Jul/2013:14:43:24 +0200] "GET /test.html HTTP/1.1" 200 56 "-" "monit/4.6"
213.163.37.38 - - [05/Jul/2013:14:45:14 +0200] "-" 408 - "-" "-"
64.235.152.13 - - [05/Jul/2013:14:45:25 +0200] "POST /forum_attac.php3?id_article=710&retour=cikk HTTP/1.1" 404 292 "http://attac.zpok.hu/forum_attac.php3?id_article=710&retour=cikk" "Mozilla/4.0 (compatible; MSIE 6.0; Windows NT 5.1; SV1)"
134.201.250.156 - - [05/Jul/2013:14:45:26 +0200] "POST /forum_attac.php3?id_article=710&retour=cikk HTTP/1.1" 404 292 "http://attac.zpok.hu/forum_attac.php3?id_article=710&retour=cikk" "Mozilla/4.0 (compatible; MSIE 6.0; Windows NT 5.1; SV1)"
195.56.55.225 - - [05/Jul/2013:14:45:27 +0200] "GET /test.html HTTP/1.1" 200 56 "-" "monit/4.6"
195.56.55.225 - - [05/Jul/2013:14:47:29 +0200] "GET /test.html HTTP/1.1" 200 56 "-" "monit/4.6"
195.56.55.225 - - [05/Jul/2013:14:49:32 +0200] "GET /test.html HTTP/1.1" 200 56 "-" "monit/4.6"
195.56.55.225 - - [05/Jul/2013:14:51:34 +0200] "GET /test.html HTTP/1.1" 200 56 "-" "monit/4.6"
80.98.132.220 - - [05/Jul/2013:14:53:06 +0200] "-" 408 - "-" "-"
195.56.55.225 - - [05/Jul/2013:14:53:36 +0200] "GET /test.html HTTP/1.1" 200 56 "-" "monit/4.6"
195.56.55.225 - - [05/Jul/2013:14:55:38 +0200] "GET /test.html HTTP/1.1" 200 56 "-" "monit/4.6"
195.56.55.225 - - [05/Jul/2013:14:57:40 +0200] "GET /test.html HTTP/1.1" 200 56 "-" "monit/4.6"
195.56.55.225 - - [05/Jul/2013:14:59:42 +0200] "GET /test.html HTTP/1.1" 200 56 "-" "monit/4.6"
195.56.55.225 - - [05/Jul/2013:15:01:44 +0200] "GET /test.html HTTP/1.1" 200 56 "-" "monit/4.6"
89.248.174.60 - - [05/Jul/2013:15:01:47 +0200] "GET /forum_attac.php3?id_article=983&retour=cikk.php3%3Fid_article%3D983 HTTP/1.1" 404 292 "-" "Mozilla/4.0 (compatible; MSIE 6.0; Windows NT 5.1; SV1)"
195.56.55.225 - - [05/Jul/2013:15:03:46 +0200] "GET /test.html HTTP/1.1" 200 56 "-" "monit/4.6"
195.56.55.225 - - [05/Jul/2013:15:05:48 +0200] "GET /test.html HTTP/1.1" 200 56 "-" "monit/4.6"
195.56.55.225 - - [05/Jul/2013:15:07:51 +0200] "GET /test.html HTTP/1.1" 200 56 "-" "monit/4.6"
66.249.75.183 - - [05/Jul/2013:15:08:30 +0200] "GET /robots.txt HTTP/1.1" 404 290 "-" "Mozilla/5.0 (compatible; Googlebot/2.1; +http://www.google.com/bot.html)"
66.249.78.207 - - [05/Jul/2013:15:08:31 +0200] "GET /tevekenysegunk/biojosagok/biotermelok HTTP/1.1" 404 317 "-" "Mozilla/5.0 (compatible; Googlebot/2.1; +http://www.google.com/bot.html)"
195.56.55.225 - - [05/Jul/2013:15:09:53 +0200] "GET /test.html HTTP/1.1" 200 56 "-" "monit/4.6"
31.46.189.234 - - [05/Jul/2013:15:10:12 +0200] "-" 408 - "-" "-"
123.30.75.245 - - [05/Jul/2013:15:10:54 +0200] "POST /forum_attac.php3?id_article=710&retour=cikk HTTP/1.1" 404 292 "http://attac.zpok.hu/forum_attac.php3?id_article=710&retour=cikk" "Mozilla/4.0 (compatible; MSIE 6.0; Windows NT 5.1; SV1)"
116.228.55.217 - - [05/Jul/2013:15:10:57 +0200] "POST /forum_attac.php3?id_article=710&retour=cikk HTTP/1.1" 404 292 "http://attac.zpok.hu/forum_attac.php3?id_article=710&retour=cikk" "Mozilla/4.0 (compatible; MSIE 6.0; Windows NT 5.1; SV1)"
203.252.199.3 - - [05/Jul/2013:15:10:58 +0200] "POST /forum_attac.php3?id_article=710&retour=cikk HTTP/1.0" 404 280 "http://attac.zpok.hu/forum_attac.php3?id_article=710&retour=cikk" "Mozilla/4.0 (compatible; MSIE 6.0; Windows NT 5.1; SV1)"
195.56.55.225 - - [05/Jul/2013:15:11:55 +0200] "GET /test.html HTTP/1.1" 200 56 "-" "monit/4.6"
178.151.68.210 - - [05/Jul/2013:15:12:59 +0200] "POST /forum_attac.php3?id_article=710&retour=cikk HTTP/1.1" 404 292 "http://attac.zpok.hu/forum_attac.php3?id_article=710&retour=cikk" "Mozilla/4.0 (compatible; MSIE 6.0; Windows NT 5.1; SV1)"
111.95.243.36 - - [05/Jul/2013:15:13:00 +0200] "POST /forum_attac.php3?id_article=710&retour=cikk HTTP/1.1" 404 292 "http://attac.zpok.hu/forum_attac.php3?id_article=710&retour=cikk" "Mozilla/4.0 (compatible; MSIE 6.0; Windows NT 5.1; SV1)"
118.97.95.182 - - [05/Jul/2013:15:13:02 +0200] "POST /forum_attac.php3?id_article=710&retour=cikk HTTP/1.0" 404 280 "http://attac.zpok.hu/forum_attac.php3?id_article=710&retour=cikk" "Mozilla/4.0 (compatible; MSIE 6.0; Windows NT 5.1; SV1)"
195.56.55.225 - - [05/Jul/2013:15:13:57 +0200] "GET /test.html HTTP/1.1" 200 56 "-" "monit/4.6"
195.56.55.225 - - [05/Jul/2013:15:15:59 +0200] "GET /test.html HTTP/1.1" 200 56 "-" "monit/4.6"
94.21.57.126 - - [05/Jul/2013:15:16:35 +0200] "-" 408 - "-" "-"
195.56.55.225 - - [05/Jul/2013:15:18:01 +0200] "GET /test.html HTTP/1.1" 200 56 "-" "monit/4.6"
212.7.196.79 - - [05/Jul/2013:15:18:53 +0200] "GET / HTTP/1.1" 200 1155 "-" "Mozilla/5.0 (Windows; U; Windows NT 6.1; WOW64; en-US; rv:2.0.4) Gecko/20120718 AskTbAVR-IDW/3.12.5.17700 Firefox/14.0.1"
195.56.55.225 - - [05/Jul/2013:15:20:03 +0200] "GET /test.html HTTP/1.1" 200 56 "-" "monit/4.6"
188.167.11.11 - - [05/Jul/2013:15:20:51 +0200] "-" 408 - "-" "-"
188.167.11.11 - - [05/Jul/2013:15:20:51 +0200] "-" 408 - "-" "-"
188.167.11.11 - - [05/Jul/2013:15:20:51 +0200] "-" 408 - "-" "-"
188.167.11.11 - - [05/Jul/2013:15:20:51 +0200] "-" 408 - "-" "-"
188.167.11.11 - - [05/Jul/2013:15:20:51 +0200] "-" 408 - "-" "-"
188.167.11.11 - - [05/Jul/2013:15:20:51 +0200] "-" 408 - "-" "-"
188.167.11.11 - - [05/Jul/2013:15:20:51 +0200] "-" 408 - "-" "-"
188.167.11.11 - - [05/Jul/2013:15:20:51 +0200] "-" 408 - "-" "-"
188.167.11.11 - - [05/Jul/2013:15:20:51 +0200] "-" 408 - "-" "-"
188.167.11.11 - - [05/Jul/2013:15:20:51 +0200] "-" 408 - "-" "-"
195.56.55.225 - - [05/Jul/2013:15:22:05 +0200] "GET /test.html HTTP/1.1" 200 56 "-" "monit/4.6"
195.56.55.225 - - [05/Jul/2013:15:24:08 +0200] "GET /test.html HTTP/1.1" 200 56 "-" "monit/4.6"
89.248.174.60 - - [05/Jul/2013:15:24:44 +0200] "GET /forum_attac.php3?id_article=983&retour=cikk.php3%3Fid_article%3D983 HTTP/1.1" 404 292 "-" "Mozilla/4.0 (compatible; MSIE 6.0; Windows NT 5.1; SV1)"
218.213.137.5 - - [05/Jul/2013:15:25:24 +0200] "GET /robots.txt HTTP/1.1" 404 299 "-" "DoCoMo/2.0 P900i(c100;TB;W24H11) (compatible; ichiro/mobile goo;+http://search.goo.ne.jp/option/use/sub4/sub4-1/)"
218.213.137.5 - - [05/Jul/2013:15:25:33 +0200] "GET / HTTP/1.1" 200 1155 "-" "DoCoMo/2.0 P900i(c100;TB;W24H11) (compatible; ichiro/mobile goo;+http://search.goo.ne.jp/option/use/sub4/sub4-1/)"
195.56.55.225 - - [05/Jul/2013:15:26:12 +0200] "GET /test.html HTTP/1.1" 200 56 "-" "monit/4.6"
195.56.55.225 - - [05/Jul/2013:15:28:13 +0200] "GET /test.html HTTP/1.1" 200 56 "-" "monit/4.6"
195.56.55.225 - - [05/Jul/2013:15:30:15 +0200] "GET /test.html HTTP/1.1" 200 56 "-" "monit/4.6"
92.243.6.12 - - [05/Jul/2013:15:30:48 +0200] "POST" 405 - "-" "-"
94.158.97.114 - - [05/Jul/2013:15:31:07 +0200] "-" 408 - "-" "-"
195.56.55.225 - - [05/Jul/2013:15:32:17 +0200] "GET /test.html HTTP/1.1" 200 56 "-" "monit/4.6"
157.56.229.186 - - [05/Jul/2013:15:33:47 +0200] "GET /robots.txt HTTP/1.1" 404 299 "-" "Mozilla/5.0 (compatible; bingbot/2.0; +http://www.bing.com/bingbot.htm)"
72.14.199.132 - - [05/Jul/2013:15:33:59 +0200] "GET / HTTP/1.1" 200 1155 "-" "Feedfetcher-Google; (+http://www.google.com/feedfetcher.html; 1 subscribers; feed-id=849169264004692768)"
195.56.55.225 - - [05/Jul/2013:15:34:19 +0200] "GET /test.html HTTP/1.1" 200 56 "-" "monit/4.6"
157.56.229.186 - - [05/Jul/2013:15:35:22 +0200] "GET /kompasz/letrehozas_folyamata HTTP/1.1" 404 317 "-" "Mozilla/5.0 (compatible; bingbot/2.0; +http://www.bing.com/bingbot.htm)"
195.56.55.225 - - [05/Jul/2013:15:36:22 +0200] "GET /test.html HTTP/1.1" 200 56 "-" "monit/4.6"
195.56.55.225 - - [05/Jul/2013:15:38:26 +0200] "GET /test.html HTTP/1.1" 200 56 "-" "monit/4.6"
66.249.78.162 - - [05/Jul/2013:15:39:05 +0200] "GET /robots.txt HTTP/1.1" 404 294 "-" "Mozilla/5.0 (compatible; Googlebot/2.1; +http://www.google.com/bot.html)"
195.56.55.225 - - [05/Jul/2013:15:40:28 +0200] "GET /test.html HTTP/1.1" 200 56 "-" "monit/4.6"
91.228.178.138 - - [05/Jul/2013:15:41:26 +0200] "POST /forum_attac.php3?id_article=710&retour=cikk HTTP/1.0" 404 280 "http://attac.zpok.hu/forum_attac.php3?id_article=710&retour=cikk" "Mozilla/4.0 (compatible; MSIE 6.0; Windows NT 5.1; SV1)"
195.56.55.225 - - [05/Jul/2013:15:42:30 +0200] "GET /test.html HTTP/1.1" 200 56 "-" "monit/4.6"
65.55.52.114 - - [05/Jul/2013:15:43:40 +0200] "GET /robots.txt HTTP/1.1" 404 290 "-" "Mozilla/5.0 (compatible; bingbot/2.0; +http://www.bing.com/bingbot.htm)"
195.56.55.225 - - [05/Jul/2013:15:44:32 +0200] "GET /test.html HTTP/1.1" 200 56 "-" "monit/4.6"
195.56.55.225 - - [05/Jul/2013:15:46:34 +0200] "GET /test.html HTTP/1.1" 200 56 "-" "monit/4.6"
65.55.52.114 - - [05/Jul/2013:15:47:25 +0200] "GET / HTTP/1.1" 200 1155 "-" "Mozilla/5.0 (compatible; bingbot/2.0; +http://www.bing.com/bingbot.htm)"
157.55.33.146 - - [05/Jul/2013:15:47:35 +0200] "GET /robots.txt HTTP/1.1" 404 285 "-" "Mozilla/5.0 (compatible; bingbot/2.0; +http://www.bing.com/bingbot.htm)"
213.145.46.215 - - [05/Jul/2013:15:47:44 +0200] "POST /forum_attac.php3?id_article=710&retour=cikk HTTP/1.1" 404 292 "http://attac.zpok.hu/forum_attac.php3?id_article=710&retour=cikk" "Mozilla/4.0 (compatible; MSIE 6.0; Windows NT 5.1; SV1)"
89.248.174.60 - - [05/Jul/2013:15:47:45 +0200] "GET /forum_attac.php3?id_article=983&retour=cikk.php3%3Fid_article%3D983 HTTP/1.1" 404 292 "-" "Mozilla/4.0 (compatible; MSIE 6.0; Windows NT 5.1; SV1)"
124.124.221.18 - - [05/Jul/2013:15:47:52 +0200] "POST /forum_attac.php3?id_article=710&retour=cikk HTTP/1.1" 404 292 "http://attac.zpok.hu/forum_attac.php3?id_article=710&retour=cikk" "Mozilla/4.0 (compatible; MSIE 6.0; Windows NT 5.1; SV1)"
195.56.55.225 - - [05/Jul/2013:15:48:36 +0200] "GET /test.html HTTP/1.1" 200 56 "-" "monit/4.6"
180.76.5.153 - - [05/Jul/2013:15:49:12 +0200] "GET / HTTP/1.1" 200 1155 "-" "Mozilla/5.0 (compatible; Baiduspider/2.0; +http://www.baidu.com/search/spider.html)"
195.56.55.225 - - [05/Jul/2013:15:50:38 +0200] "GET /test.html HTTP/1.1" 200 56 "-" "monit/4.6"
195.56.55.225 - - [05/Jul/2013:15:52:40 +0200] "GET /test.html HTTP/1.1" 200 56 "-" "monit/4.6"
91.207.5.30 - - [05/Jul/2013:15:53:17 +0200] "GET /cikk.php3?id_article=1085+%28%29 HTTP/1.0" 404 273 "http://attac.zpok.hu/cikk.php3?id_article=1085+%28%29" "Opera/9.80 (Windows NT 6.1; U; Edition Yx; ru) Presto/2.10.289 Version/12.02"
91.207.5.30 - - [05/Jul/2013:15:53:18 +0200] "GET / HTTP/1.0" 200 1155 "http://attac.zpok.hu/" "Opera/9.80 (Windows NT 6.1; U; Edition Yx; ru) Presto/2.10.289 Version/12.02"
195.56.55.225 - - [05/Jul/2013:15:54:42 +0200] "GET /test.html HTTP/1.1" 200 56 "-" "monit/4.6"
207.172.209.16 - - [05/Jul/2013:15:54:58 +0200] "GET /cikk.php3?id_article=146 HTTP/1.1" 404 285 "-" "Mozilla/5.0 (Windows NT 6.1; WOW64; rv:12.0) Gecko/20100101 Firefox/12.0"
207.172.209.16 - - [05/Jul/2013:15:54:58 +0200] "GET /cikk.php3?id_article=342 HTTP/1.1" 404 285 "-" "Mozilla/5.0 (Windows NT 6.1; WOW64; rv:12.0) Gecko/20100101 Firefox/12.0"
195.56.55.225 - - [05/Jul/2013:15:56:44 +0200] "GET /test.html HTTP/1.1" 200 56 "-" "monit/4.6"
195.56.55.225 - - [05/Jul/2013:15:58:46 +0200] "GET /test.html HTTP/1.1" 200 56 "-" "monit/4.6"
195.56.55.225 - - [05/Jul/2013:16:00:48 +0200] "GET /test.html HTTP/1.1" 200 56 "-" "monit/4.6"
203.252.199.3 - - [05/Jul/2013:16:01:09 +0200] "POST /forum_attac.php3?id_article=710&retour=cikk HTTP/1.0" 404 280 "http://attac.zpok.hu/forum_attac.php3?id_article=710&retour=cikk" "Mozilla/4.0 (compatible; MSIE 6.0; Windows NT 5.1; SV1)"
195.56.55.225 - - [05/Jul/2013:16:02:50 +0200] "GET /test.html HTTP/1.1" 200 56 "-" "monit/4.6"
65.55.52.114 - - [05/Jul/2013:16:03:32 +0200] "GET /robots.txt HTTP/1.1" 404 309 "-" "Mozilla/5.0 (compatible; bingbot/2.0; +http://www.bing.com/bingbot.htm)"
195.56.55.225 - - [05/Jul/2013:16:04:52 +0200] "GET /test.html HTTP/1.1" 200 56 "-" "monit/4.6"
195.56.55.225 - - [05/Jul/2013:16:06:54 +0200] "GET /test.html HTTP/1.1" 200 56 "-" "monit/4.6"
195.56.55.225 - - [05/Jul/2013:16:08:56 +0200] "GET /test.html HTTP/1.1" 200 56 "-" "monit/4.6"
94.27.205.85 - - [05/Jul/2013:16:09:03 +0200] "-" 408 - "-" "-"
84.236.9.156 - - [05/Jul/2013:16:09:20 +0200] "GET / HTTP/1.1" 200 1155 "-" "Mozilla/5.0 (Windows NT 5.1) AppleWebKit/537.36 (KHTML, like Gecko) Chrome/27.0.1453.116 Safari/537.36"
84.236.9.156 - - [05/Jul/2013:16:09:23 +0200] "GET /favicon.ico HTTP/1.1" 404 286 "-" "Mozilla/5.0 (Windows NT 5.1) AppleWebKit/537.36 (KHTML, like Gecko) Chrome/27.0.1453.116 Safari/537.36"
94.27.205.85 - - [05/Jul/2013:16:09:55 +0200] "-" 408 - "-" "-"
89.248.174.60 - - [05/Jul/2013:16:10:50 +0200] "GET /forum_attac.php3?id_article=983&retour=cikk.php3%3Fid_article%3D983 HTTP/1.1" 404 292 "-" "Mozilla/4.0 (compatible; MSIE 6.0; Windows NT 5.1; SV1)"
195.56.55.225 - - [05/Jul/2013:16:10:58 +0200] "GET /test.html HTTP/1.1" 200 56 "-" "monit/4.6"
64.213.148.133 - - [05/Jul/2013:16:11:29 +0200] "POST /forum_attac.php3?id_article=710&retour=cikk HTTP/1.1" 404 292 "http://attac.zpok.hu/forum_attac.php3?id_article=710&retour=cikk" "Mozilla/4.0 (compatible; MSIE 6.0; Windows NT 5.1; SV1)"
91.228.178.138 - - [05/Jul/2013:16:11:30 +0200] "POST /forum_attac.php3?id_article=710&retour=cikk HTTP/1.0" 404 280 "http://attac.zpok.hu/forum_attac.php3?id_article=710&retour=cikk" "Mozilla/4.0 (compatible; MSIE 6.0; Windows NT 5.1; SV1)"
78.139.43.20 - - [05/Jul/2013:16:12:51 +0200] "-" 408 - "-" "-"
85.25.134.59 - - [05/Jul/2013:16:12:59 +0200] "GET /robots.txt HTTP/1.1" 404 299 "http://netcomber.com" "NCBot (http://netcomber.com : tool for finding true domain owners) Queries/complaints: bot@netcomber.com"
85.25.134.59 - - [05/Jul/2013:16:12:59 +0200] "GET / HTTP/1.1" 200 1155 "http://netcomber.com" "NCBot (http://netcomber.com : tool for finding true domain owners) Queries/complaints: bot@netcomber.com"
195.56.55.225 - - [05/Jul/2013:16:13:01 +0200] "GET /test.html HTTP/1.1" 200 56 "-" "monit/4.6"
195.56.55.225 - - [05/Jul/2013:16:15:03 +0200] "GET /test.html HTTP/1.1" 200 56 "-" "monit/4.6"
195.56.55.225 - - [05/Jul/2013:16:17:05 +0200] "GET /test.html HTTP/1.1" 200 56 "-" "monit/4.6"
199.187.122.91 - - [05/Jul/2013:16:18:02 +0200] "GET /new/projektek/Nyitott jogalkot?s HTTP/1.1" 400 365 "-" "-"
199.187.122.91 - - [05/Jul/2013:16:18:14 +0200] "GET /new/projektek/Menedzsment tr?ning HTTP/1.1" 400 365 "-" "-"
199.187.122.91 - - [05/Jul/2013:16:18:16 +0200] "GET /new/dossziek/Teszt dosszi? HTTP/1.1" 400 365 "-" "-"
199.187.122.91 - - [05/Jul/2013:16:18:38 +0200] "GET /new/projektek/Civil ?js?g?r?s HTTP/1.1" 400 365 "-" "-"
195.56.55.225 - - [05/Jul/2013:16:19:07 +0200] "GET /test.html HTTP/1.1" 200 56 "-" "monit/4.6"
195.56.55.225 - - [05/Jul/2013:16:21:10 +0200] "GET /test.html HTTP/1.1" 200 56 "-" "monit/4.6"
65.55.52.114 - - [05/Jul/2013:16:21:57 +0200] "GET /king HTTP/1.1" 404 303 "-" "Mozilla/5.0 (compatible; bingbot/2.0; +http://www.bing.com/bingbot.htm)"
195.56.55.225 - - [05/Jul/2013:16:23:12 +0200] "GET /test.html HTTP/1.1" 200 56 "-" "monit/4.6"
195.56.55.225 - - [05/Jul/2013:16:25:14 +0200] "GET /test.html HTTP/1.1" 200 56 "-" "monit/4.6"
194.153.113.35 - - [05/Jul/2013:16:25:32 +0200] "HEAD / HTTP/1.1" 200 0 "-" "Mozilla/5.0 (compatible; oBot/2.3.1; +http://filterdb.iss.net/crawler/)"
195.56.55.225 - - [05/Jul/2013:16:27:16 +0200] "GET /test.html HTTP/1.1" 200 56 "-" "monit/4.6"
195.56.55.225 - - [05/Jul/2013:16:29:18 +0200] "GET /test.html HTTP/1.1" 200 56 "-" "monit/4.6"
195.56.55.225 - - [05/Jul/2013:16:31:20 +0200] "GET /test.html HTTP/1.1" 200 56 "-" "monit/4.6"
195.56.55.225 - - [05/Jul/2013:16:33:22 +0200] "GET /test.html HTTP/1.1" 200 56 "-" "monit/4.6"
89.248.174.60 - - [05/Jul/2013:16:33:40 +0200] "GET /forum_attac.php3?id_article=983&retour=cikk.php3%3Fid_article%3D983 HTTP/1.1" 404 292 "-" "Mozilla/4.0 (compatible; MSIE 6.0; Windows NT 5.1; SV1)"
66.249.78.207 - - [05/Jul/2013:16:34:19 +0200] "GET /tevekenysegunk/jeles_napok/kevesebbel_boldogabban HTTP/1.1" 404 329 "-" "Mozilla/5.0 (compatible; Googlebot/2.1; +http://www.google.com/bot.html)"
195.56.55.225 - - [05/Jul/2013:16:35:24 +0200] "GET /test.html HTTP/1.1" 200 56 "-" "monit/4.6"
195.56.55.225 - - [05/Jul/2013:16:37:26 +0200] "GET /test.html HTTP/1.1" 200 56 "-" "monit/4.6"
195.56.55.225 - - [05/Jul/2013:16:39:28 +0200] "GET /test.html HTTP/1.1" 200 56 "-" "monit/4.6"
195.56.55.225 - - [05/Jul/2013:16:41:30 +0200] "GET /test.html HTTP/1.1" 200 56 "-" "monit/4.6"
65.55.52.114 - - [05/Jul/2013:16:41:54 +0200] "GET /robots.txt HTTP/1.1" 404 290 "-" "Mozilla/5.0 (compatible; bingbot/2.0; +http://www.bing.com/bingbot.htm)"
64.235.152.13 - - [05/Jul/2013:16:42:01 +0200] "POST /forum_attac.php3?id_article=710&retour=cikk HTTP/1.1" 404 292 "http://attac.zpok.hu/forum_attac.php3?id_article=710&retour=cikk" "Mozilla/4.0 (compatible; MSIE 6.0; Windows NT 5.1; SV1)"
111.95.243.35 - - [05/Jul/2013:16:42:03 +0200] "POST /forum_attac.php3?id_article=710&retour=cikk HTTP/1.1" 404 292 "http://attac.zpok.hu/forum_attac.php3?id_article=710&retour=cikk" "Mozilla/4.0 (compatible; MSIE 6.0; Windows NT 5.1; SV1)"
157.55.33.79 - - [05/Jul/2013:16:42:43 +0200] "GET /tevekenysegunk/jeles_napok/fold_napja HTTP/1.1" 404 317 "-" "Mozilla/5.0 (compatible; bingbot/2.0; +http://www.bing.com/bingbot.htm)"
77.88.42.27 - - [05/Jul/2013:16:43:20 +0200] "GET /robots.txt HTTP/1.1" 404 287 "-" "Mozilla/5.0 (compatible; YandexBot/3.0; +http://yandex.com/bots)"
65.55.52.114 - - [05/Jul/2013:16:43:24 +0200] "GET /sites/csalan.mindworks.hu/files/KormFVPol.ppt HTTP/1.1" 404 325 "-" "Mozilla/5.0 (compatible; bingbot/2.0; +http://www.bing.com/bingbot.htm)"
195.56.55.225 - - [05/Jul/2013:16:43:32 +0200] "GET /test.html HTTP/1.1" 200 56 "-" "monit/4.6"
195.56.55.225 - - [05/Jul/2013:16:45:34 +0200] "GET /test.html HTTP/1.1" 200 56 "-" "monit/4.6"
157.55.32.113 - - [05/Jul/2013:16:46:06 +0200] "GET /robots.txt HTTP/1.1" 404 299 "-" "Mozilla/5.0 (compatible; bingbot/2.0; +http://www.bing.com/bingbot.htm)"
195.56.55.225 - - [05/Jul/2013:16:47:36 +0200] "GET /test.html HTTP/1.1" 200 56 "-" "monit/4.6"
195.56.55.225 - - [05/Jul/2013:16:49:38 +0200] "GET /test.html HTTP/1.1" 200 56 "-" "monit/4.6"
195.56.55.225 - - [05/Jul/2013:16:51:41 +0200] "GET /test.html HTTP/1.1" 200 56 "-" "monit/4.6"
203.191.150.11 - - [05/Jul/2013:16:52:00 +0200] "POST /forum_attac.php3?id_article=710&retour=cikk HTTP/1.0" 404 280 "http://attac.zpok.hu/forum_attac.php3?id_article=710&retour=cikk" "Mozilla/4.0 (compatible; MSIE 6.0; Windows NT 5.1; SV1)"
116.228.68.142 - - [05/Jul/2013:16:52:06 +0200] "POST /forum_attac.php3?id_article=710&retour=cikk HTTP/1.0" 404 280 "http://attac.zpok.hu/forum_attac.php3?id_article=710&retour=cikk" "Mozilla/4.0 (compatible; MSIE 6.0; Windows NT 5.1; SV1)"
195.56.55.225 - - [05/Jul/2013:16:53:43 +0200] "GET /test.html HTTP/1.1" 200 56 "-" "monit/4.6"
195.56.55.225 - - [05/Jul/2013:16:55:46 +0200] "GET /test.html HTTP/1.1" 200 56 "-" "monit/4.6"
89.248.174.60 - - [05/Jul/2013:16:56:35 +0200] "GET /forum_attac.php3?id_article=983&retour=cikk.php3%3Fid_article%3D983 HTTP/1.1" 404 292 "-" "Mozilla/4.0 (compatible; MSIE 6.0; Windows NT 5.1; SV1)"
195.56.55.225 - - [05/Jul/2013:16:57:49 +0200] "GET /test.html HTTP/1.1" 200 56 "-" "monit/4.6"
195.56.55.225 - - [05/Jul/2013:16:59:51 +0200] "GET /test.html HTTP/1.1" 200 56 "-" "monit/4.6"
195.56.55.225 - - [05/Jul/2013:17:01:53 +0200] "GET /test.html HTTP/1.1" 200 56 "-" "monit/4.6"
98.126.22.58 - - [05/Jul/2013:17:03:28 +0200] "POST /forum_attac.php3?id_article=710&retour=cikk HTTP/1.1" 404 292 "http://attac.zpok.hu/forum_attac.php3?id_article=710&retour=cikk" "Mozilla/4.0 (compatible; MSIE 6.0; Windows NT 5.1; SV1)"
134.201.250.156 - - [05/Jul/2013:17:03:30 +0200] "POST /forum_attac.php3?id_article=710&retour=cikk HTTP/1.1" 404 292 "http://attac.zpok.hu/forum_attac.php3?id_article=710&retour=cikk" "Mozilla/4.0 (compatible; MSIE 6.0; Windows NT 5.1; SV1)"
91.228.178.138 - - [05/Jul/2013:17:03:31 +0200] "POST /forum_attac.php3?id_article=710&retour=cikk HTTP/1.0" 404 280 "http://attac.zpok.hu/forum_attac.php3?id_article=710&retour=cikk" "Mozilla/4.0 (compatible; MSIE 6.0; Windows NT 5.1; SV1)"
195.56.55.225 - - [05/Jul/2013:17:03:56 +0200] "GET /test.html HTTP/1.1" 200 56 "-" "monit/4.6"
195.56.55.225 - - [05/Jul/2013:17:05:58 +0200] "GET /test.html HTTP/1.1" 200 56 "-" "monit/4.6"
195.56.55.225 - - [05/Jul/2013:17:08:00 +0200] "GET /test.html HTTP/1.1" 200 56 "-" "monit/4.6"
195.56.55.225 - - [05/Jul/2013:17:10:23 +0200] "GET /test.html HTTP/1.1" 200 56 "-" "monit/4.6"
202.46.58.29 - - [05/Jul/2013:17:12:00 +0200] "GET / HTTP/1.1" 200 1155 "-" "Mozilla/4.0 (compatible; MSIE 7.0; Windows NT 6.0)"
195.56.55.225 - - [05/Jul/2013:17:12:25 +0200] "GET /test.html HTTP/1.1" 200 56 "-" "monit/4.6"
86.59.157.128 - - [05/Jul/2013:17:12:37 +0200] "-" 408 - "-" "-"
119.63.193.194 - - [05/Jul/2013:17:13:17 +0200] "GET / HTTP/1.1" 200 1155 "-" "Mozilla/4.0 (compatible; MSIE 7.0; Windows NT 6.0)"
195.56.55.225 - - [05/Jul/2013:17:14:27 +0200] "GET /test.html HTTP/1.1" 200 56 "-" "monit/4.6"
91.228.178.138 - - [05/Jul/2013:17:15:05 +0200] "POST /forum_attac.php3?id_article=710&retour=cikk HTTP/1.0" 404 280 "http://attac.zpok.hu/forum_attac.php3?id_article=710&retour=cikk" "Mozilla/4.0 (compatible; MSIE 6.0; Windows NT 5.1; SV1)"
54.243.192.23 - - [05/Jul/2013:17:15:11 +0200] "POST /forum_attac.php3?id_article=710&retour=cikk HTTP/1.1" 404 292 "http://attac.zpok.hu/forum_attac.php3?id_article=710&retour=cikk" "Mozilla/4.0 (compatible; MSIE 6.0; Windows NT 5.1; SV1)"
89.162.131.190 - - [05/Jul/2013:17:15:12 +0200] "POST /forum_attac.php3?id_article=710&retour=cikk HTTP/1.1" 404 292 "http://attac.zpok.hu/forum_attac.php3?id_article=710&retour=cikk" "Mozilla/4.0 (compatible; MSIE 6.0; Windows NT 5.1; SV1)"
195.56.55.225 - - [05/Jul/2013:17:16:29 +0200] "GET /test.html HTTP/1.1" 200 56 "-" "monit/4.6"
195.56.55.225 - - [05/Jul/2013:17:18:31 +0200] "GET /test.html HTTP/1.1" 200 56 "-" "monit/4.6"
89.248.174.60 - - [05/Jul/2013:17:19:36 +0200] "GET /forum_attac.php3?id_article=983&retour=cikk.php3%3Fid_article%3D983 HTTP/1.1" 404 292 "-" "Mozilla/4.0 (compatible; MSIE 6.0; Windows NT 5.1; SV1)"
195.56.55.225 - - [05/Jul/2013:17:20:33 +0200] "GET /test.html HTTP/1.1" 200 56 "-" "monit/4.6"
195.56.55.225 - - [05/Jul/2013:17:22:35 +0200] "GET /test.html HTTP/1.1" 200 56 "-" "monit/4.6"
195.56.55.225 - - [05/Jul/2013:17:24:38 +0200] "GET /test.html HTTP/1.1" 200 56 "-" "monit/4.6"
195.56.55.225 - - [05/Jul/2013:17:26:40 +0200] "GET /test.html HTTP/1.1" 200 56 "-" "monit/4.6"
78.98.28.100 - - [05/Jul/2013:17:28:35 +0200] "-" 408 - "-" "-"
195.56.55.225 - - [05/Jul/2013:17:28:42 +0200] "GET /test.html HTTP/1.1" 200 56 "-" "monit/4.6"
195.56.55.225 - - [05/Jul/2013:17:30:44 +0200] "GET /test.html HTTP/1.1" 200 56 "-" "monit/4.6"
195.56.55.225 - - [05/Jul/2013:17:32:45 +0200] "GET /test.html HTTP/1.1" 200 56 "-" "monit/4.6"
195.56.55.225 - - [05/Jul/2013:17:34:47 +0200] "GET /test.html HTTP/1.1" 200 56 "-" "monit/4.6"
195.56.55.225 - - [05/Jul/2013:17:36:50 +0200] "GET /test.html HTTP/1.1" 200 56 "-" "monit/4.6"
195.56.55.225 - - [05/Jul/2013:17:38:52 +0200] "GET /test.html HTTP/1.1" 200 56 "-" "monit/4.6"
195.56.55.225 - - [05/Jul/2013:17:40:54 +0200] "GET /test.html HTTP/1.1" 200 56 "-" "monit/4.6"
82.132.245.233 - - [05/Jul/2013:17:40:57 +0200] "-" 408 - "-" "-"
89.248.174.60 - - [05/Jul/2013:17:42:37 +0200] "GET /forum_attac.php3?id_article=983&retour=cikk.php3%3Fid_article%3D983 HTTP/1.1" 404 292 "-" "Mozilla/4.0 (compatible; MSIE 6.0; Windows NT 5.1; SV1)"
195.56.55.225 - - [05/Jul/2013:17:42:57 +0200] "GET /test.html HTTP/1.1" 200 56 "-" "monit/4.6"
58.53.192.218 - - [05/Jul/2013:17:44:14 +0200] "POST /forum_attac.php3?id_article=710&retour=cikk HTTP/1.0" 404 280 "http://attac.zpok.hu/forum_attac.php3?id_article=710&retour=cikk" "Mozilla/4.0 (compatible; MSIE 6.0; Windows NT 5.1; SV1)"
134.201.250.156 - - [05/Jul/2013:17:44:27 +0200] "POST /forum_attac.php3?id_article=710&retour=cikk HTTP/1.1" 404 292 "http://attac.zpok.hu/forum_attac.php3?id_article=710&retour=cikk" "Mozilla/4.0 (compatible; MSIE 6.0; Windows NT 5.1; SV1)"
87.250.37.50 - - [05/Jul/2013:17:44:35 +0200] "POST /forum_attac.php3?id_article=710&retour=cikk HTTP/1.1" 404 292 "http://attac.zpok.hu/forum_attac.php3?id_article=710&retour=cikk" "Mozilla/4.0 (compatible; MSIE 6.0; Windows NT 5.1; SV1)"
212.98.183.24 - - [05/Jul/2013:17:44:38 +0200] "POST /forum_attac.php3?id_article=710&retour=cikk HTTP/1.1" 404 292 "http://attac.zpok.hu/forum_attac.php3?id_article=710&retour=cikk" "Mozilla/4.0 (compatible; MSIE 6.0; Windows NT 5.1; SV1)"
195.56.55.225 - - [05/Jul/2013:17:44:59 +0200] "GET /test.html HTTP/1.1" 200 56 "-" "monit/4.6"
46.51.252.64 - - [05/Jul/2013:17:45:04 +0200] "POST /forum_attac.php3?id_article=710&retour=cikk HTTP/1.1" 404 292 "-" "-"
195.56.55.225 - - [05/Jul/2013:17:47:01 +0200] "GET /test.html HTTP/1.1" 200 56 "-" "monit/4.6"
195.56.55.225 - - [05/Jul/2013:17:49:03 +0200] "GET /test.html HTTP/1.1" 200 56 "-" "monit/4.6"
157.56.93.62 - - [05/Jul/2013:17:50:32 +0200] "GET /robots.txt HTTP/1.1" 404 287 "-" "Mozilla/5.0 (compatible; bingbot/2.0; +http://www.bing.com/bingbot.htm)"
195.56.55.225 - - [05/Jul/2013:17:51:05 +0200] "GET /test.html HTTP/1.1" 200 56 "-" "monit/4.6"
195.56.55.225 - - [05/Jul/2013:17:53:08 +0200] "GET /test.html HTTP/1.1" 200 56 "-" "monit/4.6"
195.56.55.225 - - [05/Jul/2013:17:55:10 +0200] "GET /test.html HTTP/1.1" 200 56 "-" "monit/4.6"
212.7.196.79 - - [05/Jul/2013:17:57:12 +0200] "GET / HTTP/1.1" 200 1155 "-" "Mozilla/5.0 (Windows; U; Windows NT 6.1; WOW64; en-US; rv:2.0.4) Gecko/20120718 AskTbAVR-IDW/3.12.5.17700 Firefox/14.0.1"
195.56.55.225 - - [05/Jul/2013:17:57:12 +0200] "GET /test.html HTTP/1.1" 200 56 "-" "monit/4.6"
65.55.52.108 - - [05/Jul/2013:17:57:54 +0200] "GET /robots.txt HTTP/1.1" 404 295 "-" "Mozilla/5.0 (compatible; bingbot/2.0; +http://www.bing.com/bingbot.htm)"
81.0.94.142 - - [05/Jul/2013:17:58:27 +0200] "-" 408 - "-" "-"
157.56.93.62 - - [05/Jul/2013:17:59:00 +0200] "GET / HTTP/1.1" 200 1155 "-" "Mozilla/5.0 (compatible; bingbot/2.0; +http://www.bing.com/bingbot.htm)"
195.56.55.225 - - [05/Jul/2013:17:59:14 +0200] "GET /test.html HTTP/1.1" 200 56 "-" "monit/4.6"
80.60.150.65 - - [05/Jul/2013:17:59:37 +0200] "-" 408 - "-" "-"
80.60.150.65 - - [05/Jul/2013:17:59:37 +0200] "-" 408 - "-" "-"
80.60.150.65 - - [05/Jul/2013:17:59:37 +0200] "-" 408 - "-" "-"
188.36.23.233 - - [05/Jul/2013:18:00:39 +0200] "GET /IMG/rubon2.jpg HTTP/1.1" 404 290 "http://www.hotdog.hu/emaf/mindent-tudni-akarok" "Mozilla/5.0 (Windows NT 5.1; rv:22.0) Gecko/20100101 Firefox/22.0"
188.36.23.233 - - [05/Jul/2013:18:00:41 +0200] "GET /IMG/rubon2.jpg HTTP/1.1" 404 290 "http://www.hotdog.hu/emaf/mindent-tudni-akarok" "Mozilla/5.0 (Windows NT 5.1; rv:22.0) Gecko/20100101 Firefox/22.0"
188.36.23.233 - - [05/Jul/2013:18:00:41 +0200] "GET /IMG/rubon2.jpg HTTP/1.1" 404 290 "http://www.hotdog.hu/emaf/mindent-tudni-akarok" "Mozilla/5.0 (Windows NT 5.1; rv:22.0) Gecko/20100101 Firefox/22.0"
188.36.23.233 - - [05/Jul/2013:18:00:42 +0200] "GET /IMG/rubon2.jpg HTTP/1.1" 404 290 "http://www.hotdog.hu/emaf/mindent-tudni-akarok" "Mozilla/5.0 (Windows NT 5.1; rv:22.0) Gecko/20100101 Firefox/22.0"
188.36.23.233 - - [05/Jul/2013:18:00:42 +0200] "GET /IMG/rubon2.jpg HTTP/1.1" 404 290 "http://www.hotdog.hu/emaf/mindent-tudni-akarok" "Mozilla/5.0 (Windows NT 5.1; rv:22.0) Gecko/20100101 Firefox/22.0"
188.36.23.233 - - [05/Jul/2013:18:00:42 +0200] "GET /IMG/rubon2.jpg HTTP/1.1" 404 290 "http://www.hotdog.hu/emaf/mindent-tudni-akarok" "Mozilla/5.0 (Windows NT 5.1; rv:22.0) Gecko/20100101 Firefox/22.0"
188.36.23.233 - - [05/Jul/2013:18:00:43 +0200] "GET /IMG/rubon2.jpg HTTP/1.1" 404 290 "http://www.hotdog.hu/emaf/mindent-tudni-akarok" "Mozilla/5.0 (Windows NT 5.1; rv:22.0) Gecko/20100101 Firefox/22.0"
65.55.52.108 - - [05/Jul/2013:18:00:57 +0200] "GET / HTTP/1.1" 200 1155 "-" "Mozilla/5.0 (compatible; bingbot/2.0; +http://www.bing.com/bingbot.htm)"
195.56.55.225 - - [05/Jul/2013:18:01:16 +0200] "GET /test.html HTTP/1.1" 200 56 "-" "monit/4.6"
88.106.22.24 - - [05/Jul/2013:18:02:53 +0200] "-" 408 - "-" "-"
88.106.22.24 - - [05/Jul/2013:18:02:53 +0200] "-" 408 - "-" "-"
88.106.22.24 - - [05/Jul/2013:18:02:53 +0200] "-" 408 - "-" "-"
88.106.22.24 - - [05/Jul/2013:18:02:55 +0200] "-" 408 - "-" "-"
88.106.22.24 - - [05/Jul/2013:18:02:56 +0200] "-" 408 - "-" "-"
88.106.22.24 - - [05/Jul/2013:18:02:56 +0200] "-" 408 - "-" "-"
157.56.92.151 - - [05/Jul/2013:18:03:10 +0200] "GET /robots.txt HTTP/1.1" 404 287 "-" "Mozilla/5.0 (compatible; bingbot/2.0; +http://www.bing.com/bingbot.htm)"
195.56.55.225 - - [05/Jul/2013:18:03:18 +0200] "GET /test.html HTTP/1.1" 200 56 "-" "monit/4.6"
195.56.55.225 - - [05/Jul/2013:18:05:21 +0200] "GET /test.html HTTP/1.1" 200 56 "-" "monit/4.6"
157.56.92.151 - - [05/Jul/2013:18:05:24 +0200] "GET / HTTP/1.1" 200 1155 "-" "Mozilla/5.0 (compatible; bingbot/2.0; +http://www.bing.com/bingbot.htm)"
89.248.174.60 - - [05/Jul/2013:18:05:36 +0200] "GET /forum_attac.php3?id_article=983&retour=cikk.php3%3Fid_article%3D983 HTTP/1.1" 404 292 "-" "Mozilla/4.0 (compatible; MSIE 6.0; Windows NT 5.1; SV1)"
31.133.13.251 - - [05/Jul/2013:18:07:20 +0200] "GET / HTTP/1.0" 200 1155 "http://forum.activparty.hu/" "Mozilla/5.0 (Windows NT 6.1; rv:15.0) Gecko/20100101 Firefox/15.0.1"
195.56.55.225 - - [05/Jul/2013:18:07:23 +0200] "GET /test.html HTTP/1.1" 200 56 "-" "monit/4.6"
195.56.55.225 - - [05/Jul/2013:18:09:26 +0200] "GET /test.html HTTP/1.1" 200 56 "-" "monit/4.6"
195.56.55.225 - - [05/Jul/2013:18:11:28 +0200] "GET /test.html HTTP/1.1" 200 56 "-" "monit/4.6"
188.6.59.211 - - [05/Jul/2013:18:12:02 +0200] "-" 408 - "-" "-"
195.56.55.225 - - [05/Jul/2013:18:13:30 +0200] "GET /test.html HTTP/1.1" 200 56 "-" "monit/4.6"
134.201.250.156 - - [05/Jul/2013:18:14:36 +0200] "POST /forum_attac.php3?id_article=710&retour=cikk HTTP/1.1" 404 292 "http://attac.zpok.hu/forum_attac.php3?id_article=710&retour=cikk" "Mozilla/4.0 (compatible; MSIE 6.0; Windows NT 5.1; SV1)"
118.97.95.182 - - [05/Jul/2013:18:14:37 +0200] "POST /forum_attac.php3?id_article=710&retour=cikk HTTP/1.0" 404 280 "http://attac.zpok.hu/forum_attac.php3?id_article=710&retour=cikk" "Mozilla/4.0 (compatible; MSIE 6.0; Windows NT 5.1; SV1)"
64.213.148.131 - - [05/Jul/2013:18:14:39 +0200] "POST /forum_attac.php3?id_article=710&retour=cikk HTTP/1.1" 404 292 "http://attac.zpok.hu/forum_attac.php3?id_article=710&retour=cikk" "Mozilla/4.0 (compatible; MSIE 6.0; Windows NT 5.1; SV1)"
195.56.55.225 - - [05/Jul/2013:18:15:32 +0200] "GET /test.html HTTP/1.1" 200 56 "-" "monit/4.6"
98.126.22.58 - - [05/Jul/2013:18:15:55 +0200] "POST /forum_attac.php3?id_article=710&retour=cikk HTTP/1.1" 404 292 "http://attac.zpok.hu/forum_attac.php3?id_article=710&retour=cikk" "Mozilla/4.0 (compatible; MSIE 6.0; Windows NT 5.1; SV1)"
134.201.250.156 - - [05/Jul/2013:18:15:56 +0200] "POST /forum_attac.php3?id_article=710&retour=cikk HTTP/1.1" 404 292 "http://attac.zpok.hu/forum_attac.php3?id_article=710&retour=cikk" "Mozilla/4.0 (compatible; MSIE 6.0; Windows NT 5.1; SV1)"
114.112.243.230 - - [05/Jul/2013:18:16:00 +0200] "POST /forum_attac.php3?id_article=710&retour=cikk HTTP/1.1" 404 292 "http://attac.zpok.hu/forum_attac.php3?id_article=710&retour=cikk" "Mozilla/4.0 (compatible; MSIE 6.0; Windows NT 5.1; SV1)"
195.56.55.225 - - [05/Jul/2013:18:17:34 +0200] "GET /test.html HTTP/1.1" 200 56 "-" "monit/4.6"
188.36.56.57 - - [05/Jul/2013:18:18:45 +0200] "-" 408 - "-" "-"
195.56.55.225 - - [05/Jul/2013:18:19:36 +0200] "GET /test.html HTTP/1.1" 200 56 "-" "monit/4.6"
38.100.21.110 - - [05/Jul/2013:18:20:44 +0200] "GET /wto.shtml?AA_SL_Session=e7dae3290107618560262711dba16f0a&x=12018 HTTP/1.1" 404 298 "-" "Mozilla/4.0 (compatible; MSIE 7.0; Windows\t\t\t\t\tNT 5.2)"
195.56.55.225 - - [05/Jul/2013:18:21:38 +0200] "GET /test.html HTTP/1.1" 200 56 "-" "monit/4.6"
151.248.123.211 - - [05/Jul/2013:18:22:40 +0200] "POST" 405 - "-" "-"
209.21.92.129 - - [05/Jul/2013:18:22:49 +0200] "GET /people/arne-hintz HTTP/1.0" 404 283 "[url=http://www.arab-ipu.org/cheapoakleys.html]Cheap Fake Oakleys Sunglassess[/url]" "Opera/9.80 (Windows NT 6.1; WOW64; MRA 6.0 (build 5998)) Presto/2.12.388 Version/12.10"
209.21.92.129 - - [05/Jul/2013:18:22:49 +0200] "GET / HTTP/1.0" 200 1155 "http://cmcs.zoldpok.hu/" "Opera/9.80 (Windows NT 6.1; WOW64; MRA 6.0 (build 5998)) Presto/2.12.388 Version/12.10"
195.56.55.225 - - [05/Jul/2013:18:23:40 +0200] "GET /test.html HTTP/1.1" 200 56 "-" "monit/4.6"
195.56.55.225 - - [05/Jul/2013:18:25:42 +0200] "GET /test.html HTTP/1.1" 200 56 "-" "monit/4.6"
195.56.55.225 - - [05/Jul/2013:18:27:44 +0200] "GET /test.html HTTP/1.1" 200 56 "-" "monit/4.6"
46.107.197.17 - - [05/Jul/2013:18:27:44 +0200] "GET /proxy.pac HTTP/1.1" 404 282 "-" "-"
46.107.197.17 - - [05/Jul/2013:18:27:44 +0200] "GET /proxy.pac HTTP/1.1" 404 282 "-" "-"
46.107.197.17 - - [05/Jul/2013:18:28:45 +0200] "GET /proxy.pac HTTP/1.1" 404 282 "-" "Mozilla/5.0 (compatible; MSIE 10.0; Win32; Trident/6.0)"
89.248.174.60 - - [05/Jul/2013:18:28:47 +0200] "GET /forum_attac.php3?id_article=983&retour=cikk.php3%3Fid_article%3D983 HTTP/1.1" 404 292 "-" "Mozilla/4.0 (compatible; MSIE 6.0; Windows NT 5.1; SV1)"
46.107.197.17 - - [05/Jul/2013:18:28:55 +0200] "GET /proxy.pac HTTP/1.1" 404 282 "-" "Mozilla/5.0 (compatible; MSIE 10.0; Win32; Trident/6.0)"
46.107.197.17 - - [05/Jul/2013:18:28:55 +0200] "GET /proxy.pac HTTP/1.1" 404 282 "-" "Mozilla/5.0 (compatible; MSIE 10.0; Win32; Trident/6.0)"
46.107.197.17 - - [05/Jul/2013:18:28:57 +0200] "GET /proxy.pac HTTP/1.1" 404 282 "-" "-"
46.107.197.17 - - [05/Jul/2013:18:29:08 +0200] "GET /proxy.pac HTTP/1.1" 404 282 "-" "Mozilla/5.0 (compatible; MSIE 10.0; Win32; Trident/6.0)"
46.107.197.17 - - [05/Jul/2013:18:29:20 +0200] "GET /proxy.pac HTTP/1.1" 404 282 "-" "Mozilla/5.0 (Windows NT 6.1) AppleWebKit/537.36 (KHTML, like Gecko) Chrome/27.0.1453.116 Safari/537.36"
46.107.197.17 - - [05/Jul/2013:18:29:21 +0200] "GET /proxy.pac HTTP/1.1" 404 282 "-" "Mozilla/5.0 (Windows NT 6.1) AppleWebKit/537.36 (KHTML, like Gecko) Chrome/27.0.1453.116 Safari/537.36"
46.107.197.17 - - [05/Jul/2013:18:29:28 +0200] "GET /proxy.pac HTTP/1.1" 404 282 "-" "-"
46.107.197.17 - - [05/Jul/2013:18:29:30 +0200] "GET /proxy.pac HTTP/1.1" 404 282 "-" "Mozilla/5.0 (Windows NT 6.1) AppleWebKit/537.36 (KHTML, like Gecko) Chrome/27.0.1453.116 Safari/537.36"
46.107.197.17 - - [05/Jul/2013:18:29:30 +0200] "GET /proxy.pac HTTP/1.1" 404 282 "-" "Mozilla/5.0 (Windows NT 6.1) AppleWebKit/537.36 (KHTML, like Gecko) Chrome/27.0.1453.116 Safari/537.36"
46.107.197.17 - - [05/Jul/2013:18:29:30 +0200] "GET /proxy.pac HTTP/1.1" 404 282 "-" "Mozilla/5.0 (compatible; MSIE 10.0; Win32; Trident/6.0)"
46.107.197.17 - - [05/Jul/2013:18:29:30 +0200] "GET /proxy.pac HTTP/1.1" 404 282 "-" "Mozilla/5.0 (compatible; MSIE 10.0; Win32; Trident/6.0)"
46.107.197.17 - - [05/Jul/2013:18:29:33 +0200] "GET /proxy.pac HTTP/1.1" 404 282 "-" "Mozilla/5.0 (compatible; MSIE 10.0; Win32; Trident/6.0)"
46.107.197.17 - - [05/Jul/2013:18:29:33 +0200] "GET /proxy.pac HTTP/1.1" 404 282 "-" "Mozilla/5.0 (compatible; MSIE 10.0; Win32; Trident/6.0)"
46.107.197.17 - - [05/Jul/2013:18:29:33 +0200] "GET /proxy.pac HTTP/1.1" 404 282 "-" "Mozilla/5.0 (compatible; MSIE 10.0; Win32; Trident/6.0)"
46.107.197.17 - - [05/Jul/2013:18:29:33 +0200] "GET /proxy.pac HTTP/1.1" 404 282 "-" "Mozilla/5.0 (compatible; MSIE 10.0; Win32; Trident/6.0)"
46.107.197.17 - - [05/Jul/2013:18:29:34 +0200] "GET /proxy.pac HTTP/1.1" 404 282 "-" "-"
46.107.197.17 - - [05/Jul/2013:18:29:34 +0200] "GET /proxy.pac HTTP/1.1" 404 282 "-" "-"
46.107.197.17 - - [05/Jul/2013:18:29:34 +0200] "GET /proxy.pac HTTP/1.1" 404 282 "-" "-"
46.107.197.17 - - [05/Jul/2013:18:29:34 +0200] "GET /proxy.pac HTTP/1.1" 404 282 "-" "-"
46.107.197.17 - - [05/Jul/2013:18:29:34 +0200] "GET /proxy.pac HTTP/1.1" 404 282 "-" "-"
46.107.197.17 - - [05/Jul/2013:18:29:34 +0200] "GET /proxy.pac HTTP/1.1" 404 282 "-" "-"
46.107.197.17 - - [05/Jul/2013:18:29:34 +0200] "GET /proxy.pac HTTP/1.1" 404 282 "-" "-"
46.107.197.17 - - [05/Jul/2013:18:29:34 +0200] "GET /proxy.pac HTTP/1.1" 404 282 "-" "-"
46.107.197.17 - - [05/Jul/2013:18:29:34 +0200] "GET /proxy.pac HTTP/1.1" 404 282 "-" "-"
46.107.197.17 - - [05/Jul/2013:18:29:34 +0200] "GET /proxy.pac HTTP/1.1" 404 282 "-" "-"
46.107.197.17 - - [05/Jul/2013:18:29:34 +0200] "GET /proxy.pac HTTP/1.1" 404 282 "-" "-"
46.107.197.17 - - [05/Jul/2013:18:29:34 +0200] "GET /proxy.pac HTTP/1.1" 404 282 "-" "-"
46.107.197.17 - - [05/Jul/2013:18:29:34 +0200] "GET /proxy.pac HTTP/1.1" 404 282 "-" "-"
46.107.197.17 - - [05/Jul/2013:18:29:34 +0200] "GET /proxy.pac HTTP/1.1" 404 282 "-" "-"
195.56.55.225 - - [05/Jul/2013:18:29:46 +0200] "GET /test.html HTTP/1.1" 200 56 "-" "monit/4.6"
46.107.197.17 - - [05/Jul/2013:18:30:08 +0200] "GET /proxy.pac HTTP/1.1" 404 282 "-" "Mozilla/5.0 (Windows NT 6.1) AppleWebKit/537.36 (KHTML, like Gecko) Chrome/27.0.1453.116 Safari/537.36"
46.107.197.17 - - [05/Jul/2013:18:30:28 +0200] "GET /proxy.pac HTTP/1.1" 404 282 "-" "Mozilla/5.0 (Windows NT 6.1) AppleWebKit/537.36 (KHTML, like Gecko) Chrome/27.0.1453.116 Safari/537.36"
46.107.197.17 - - [05/Jul/2013:18:30:28 +0200] "GET /proxy.pac HTTP/1.1" 404 282 "-" "Mozilla/5.0 (Windows NT 6.1) AppleWebKit/537.36 (KHTML, like Gecko) Chrome/27.0.1453.116 Safari/537.36"
46.107.197.17 - - [05/Jul/2013:18:30:36 +0200] "GET /proxy.pac HTTP/1.1" 404 282 "-" "Mozilla/5.0 (Windows NT 6.1) AppleWebKit/537.36 (KHTML, like Gecko) Chrome/27.0.1453.116 Safari/537.36"
46.107.197.17 - - [05/Jul/2013:18:30:36 +0200] "GET /proxy.pac HTTP/1.1" 404 282 "-" "Mozilla/5.0 (Windows NT 6.1) AppleWebKit/537.36 (KHTML, like Gecko) Chrome/27.0.1453.116 Safari/537.36"
46.107.197.17 - - [05/Jul/2013:18:31:08 +0200] "GET /proxy.pac HTTP/1.1" 404 282 "-" "Mozilla/5.0 (Windows NT 6.1) AppleWebKit/537.36 (KHTML, like Gecko) Chrome/27.0.1453.116 Safari/537.36"
195.56.55.225 - - [05/Jul/2013:18:31:48 +0200] "GET /test.html HTTP/1.1" 200 56 "-" "monit/4.6"
46.107.197.17 - - [05/Jul/2013:18:32:42 +0200] "GET /proxy.pac HTTP/1.1" 404 282 "-" "Mozilla/5.0 (Windows NT 6.1) AppleWebKit/537.36 (KHTML, like Gecko) Chrome/27.0.1453.116 Safari/537.36"
46.107.197.17 - - [05/Jul/2013:18:33:09 +0200] "GET /proxy.pac HTTP/1.1" 404 282 "-" "Mozilla/5.0 (Windows NT 6.1) AppleWebKit/537.36 (KHTML, like Gecko) Chrome/27.0.1453.116 Safari/537.36"
72.14.199.132 - - [05/Jul/2013:18:34:08 +0200] "GET / HTTP/1.1" 200 1155 "-" "Feedfetcher-Google; (+http://www.google.com/feedfetcher.html; 1 subscribers; feed-id=849169264004692768)"
31.46.65.115 - - [05/Jul/2013:18:34:35 +0200] "-" 408 - "-" "-"
111.95.243.36 - - [05/Jul/2013:18:34:49 +0200] "POST /forum_attac.php3?id_article=710&retour=cikk HTTP/1.1" 404 292 "http://attac.zpok.hu/forum_attac.php3?id_article=710&retour=cikk" "Mozilla/4.0 (compatible; MSIE 6.0; Windows NT 5.1; SV1)"
195.56.55.225 - - [05/Jul/2013:18:35:59 +0200] "GET /test.html HTTP/1.1" 200 56 "-" "monit/4.6"
46.107.197.17 - - [05/Jul/2013:18:36:28 +0200] "GET /proxy.pac HTTP/1.1" 404 282 "-" "Mozilla/5.0 (Windows NT 6.1) AppleWebKit/537.36 (KHTML, like Gecko) Chrome/27.0.1453.116 Safari/537.36"
195.56.55.225 - - [05/Jul/2013:18:38:01 +0200] "GET /test.html HTTP/1.1" 200 56 "-" "monit/4.6"
195.56.55.225 - - [05/Jul/2013:18:40:03 +0200] "GET /test.html HTTP/1.1" 200 56 "-" "monit/4.6"
195.56.55.225 - - [05/Jul/2013:18:42:05 +0200] "GET /test.html HTTP/1.1" 200 56 "-" "monit/4.6"
212.98.183.24 - - [05/Jul/2013:18:42:40 +0200] "POST /forum_attac.php3?id_article=710&retour=cikk HTTP/1.1" 404 292 "http://attac.zpok.hu/forum_attac.php3?id_article=710&retour=cikk" "Mozilla/4.0 (compatible; MSIE 6.0; Windows NT 5.1; SV1)"
46.107.197.17 - - [05/Jul/2013:18:43:53 +0200] "GET /proxy.pac HTTP/1.1" 404 282 "-" "Mozilla/5.0 (compatible; MSIE 10.0; Win32; Trident/6.0)"
195.56.55.225 - - [05/Jul/2013:18:44:07 +0200] "GET /test.html HTTP/1.1" 200 56 "-" "monit/4.6"
195.56.55.225 - - [05/Jul/2013:18:46:09 +0200] "GET /test.html HTTP/1.1" 200 56 "-" "monit/4.6"
78.46.154.40 - - [05/Jul/2013:18:46:35 +0200] "GET /robots.txt HTTP/1.1" 404 286 "-" "ExB Language Crawler 2.1.5 (+http://www.exb.de/crawler)"
195.56.55.225 - - [05/Jul/2013:18:48:28 +0200] "GET /test.html HTTP/1.1" 200 56 "-" "monit/4.6"
195.56.55.225 - - [05/Jul/2013:18:50:30 +0200] "GET /test.html HTTP/1.1" 200 56 "-" "monit/4.6"
89.248.174.60 - - [05/Jul/2013:18:51:30 +0200] "GET /forum_attac.php3?id_article=983&retour=cikk.php3%3Fid_article%3D983 HTTP/1.1" 404 292 "-" "Mozilla/4.0 (compatible; MSIE 6.0; Windows NT 5.1; SV1)"
193.68.37.44 - - [05/Jul/2013:18:51:38 +0200] "-" 408 - "-" "-"
195.56.55.225 - - [05/Jul/2013:18:52:32 +0200] "GET /test.html HTTP/1.1" 200 56 "-" "monit/4.6"
183.136.138.42 - - [05/Jul/2013:18:54:19 +0200] "GET / HTTP/1.1" 200 1155 "-" "PHP/5.3.6"
195.56.55.225 - - [05/Jul/2013:18:54:34 +0200] "GET /test.html HTTP/1.1" 200 56 "-" "monit/4.6"
91.200.14.67 - - [05/Jul/2013:18:55:00 +0200] "GET /cikk.php3?id_article=889 HTTP/1.0" 404 273 "http://attac.zpok.hu/cikk.php3?id_article=889" "Mozilla/5.0 (Windows; U; Windows NT 6.1; ru; rv:1.9.2.28) Gecko/20120306 Firefox/3.6.28 sputnik 2.5.2.8"
91.200.14.67 - - [05/Jul/2013:18:55:00 +0200] "GET / HTTP/1.0" 200 1155 "http://attac.zpok.hu/" "Mozilla/5.0 (Windows; U; Windows NT 6.1; ru; rv:1.9.2.28) Gecko/20120306 Firefox/3.6.28 sputnik 2.5.2.8"
195.56.55.225 - - [05/Jul/2013:18:56:36 +0200] "GET /test.html HTTP/1.1" 200 56 "-" "monit/4.6"
195.56.55.225 - - [05/Jul/2013:18:58:38 +0200] "GET /test.html HTTP/1.1" 200 56 "-" "monit/4.6"
46.107.197.17 - - [05/Jul/2013:18:58:53 +0200] "GET /proxy.pac HTTP/1.1" 404 282 "-" "Mozilla/5.0 (compatible; MSIE 10.0; Win32; Trident/6.0)"
195.56.55.225 - - [05/Jul/2013:19:00:40 +0200] "GET /test.html HTTP/1.1" 200 56 "-" "monit/4.6"
157.56.93.39 - - [05/Jul/2013:19:02:29 +0200] "GET /robots.txt HTTP/1.1" 404 299 "-" "Mozilla/5.0 (compatible; bingbot/2.0; +http://www.bing.com/bingbot.htm)"
195.56.55.225 - - [05/Jul/2013:19:02:42 +0200] "GET /test.html HTTP/1.1" 200 56 "-" "monit/4.6"
131.253.38.101 - - [05/Jul/2013:19:03:41 +0200] "GET /robots.txt HTTP/1.1" 404 290 "-" "msnbot-media/1.1 (+http://search.msn.com/msnbot.htm)"
131.253.38.101 - - [05/Jul/2013:19:03:41 +0200] "GET /sites/csalan.mindworks.hu/files/logo_dia.jpg HTTP/1.1" 404 324 "-" "msnbot-media/1.1 (+http://search.msn.com/msnbot.htm)"
157.56.93.39 - - [05/Jul/2013:19:03:49 +0200] "GET /kompasz HTTP/1.1" 404 296 "-" "Mozilla/5.0 (compatible; bingbot/2.0; +http://www.bing.com/bingbot.htm)"
195.56.55.225 - - [05/Jul/2013:19:04:45 +0200] "GET /test.html HTTP/1.1" 200 56 "-" "monit/4.6"
46.107.197.17 - - [05/Jul/2013:19:07:27 +0200] "GET /proxy.pac HTTP/1.1" 404 282 "-" "Mozilla/5.0 (Windows NT 6.1) AppleWebKit/537.36 (KHTML, like Gecko) Chrome/27.0.1453.116 Safari/537.36"
46.107.197.17 - - [05/Jul/2013:19:07:27 +0200] "GET /proxy.pac HTTP/1.1" 404 282 "-" "Mozilla/5.0 (Windows NT 6.1) AppleWebKit/537.36 (KHTML, like Gecko) Chrome/27.0.1453.116 Safari/537.36"
46.107.197.17 - - [05/Jul/2013:19:07:35 +0200] "GET /proxy.pac HTTP/1.1" 404 282 "-" "Mozilla/5.0 (Windows NT 6.1) AppleWebKit/537.36 (KHTML, like Gecko) Chrome/27.0.1453.116 Safari/537.36"
46.107.197.17 - - [05/Jul/2013:19:07:35 +0200] "GET /proxy.pac HTTP/1.1" 404 282 "-" "Mozilla/5.0 (Windows NT 6.1) AppleWebKit/537.36 (KHTML, like Gecko) Chrome/27.0.1453.116 Safari/537.36"
46.107.197.17 - - [05/Jul/2013:19:08:10 +0200] "GET /proxy.pac HTTP/1.1" 404 282 "-" "Mozilla/5.0 (Windows NT 6.1) AppleWebKit/537.36 (KHTML, like Gecko) Chrome/27.0.1453.116 Safari/537.36"
188.92.13.228 - - [05/Jul/2013:19:08:16 +0200] "-" 408 - "-" "-"
195.56.55.225 - - [05/Jul/2013:19:08:43 +0200] "GET /test.html HTTP/1.1" 200 56 "-" "monit/4.6"
46.107.197.17 - - [05/Jul/2013:19:08:50 +0200] "GET /proxy.pac HTTP/1.1" 404 282 "-" "Mozilla/5.0 (Windows NT 6.1) AppleWebKit/537.36 (KHTML, like Gecko) Chrome/27.0.1453.116 Safari/537.36"
46.107.197.17 - - [05/Jul/2013:19:10:19 +0200] "GET /proxy.pac HTTP/1.1" 404 282 "-" "Mozilla/5.0 (Windows NT 6.1) AppleWebKit/537.36 (KHTML, like Gecko) Chrome/27.0.1453.116 Safari/537.36"
195.56.55.225 - - [05/Jul/2013:19:10:46 +0200] "GET /test.html HTTP/1.1" 200 56 "-" "monit/4.6"
