157.55.35.80 - - [01/Jul/2013:10:41:16 +0200] "GET /taxonomy/term/83 HTTP/1.1" 404 305 "-" "Mozilla/5.0 (compatible; bingbot/2.0; +http://www.bing.com/bingbot.htm)"
195.56.55.225 - - [01/Jul/2013:10:41:52 +0200] "GET /test.html HTTP/1.1" 200 56 "-" "monit/4.6"
5.63.248.144 - - [01/Jul/2013:10:43:15 +0200] "-" 408 - "-" "-"
112.101.64.179 - - [01/Jul/2013:10:43:19 +0200] "GET /http://lmv.hu// HTTP/1.0" 404 278 "http://forum.lmv.hu/" "Opera/9.80 (Windows NT 6.1; WOW64; U; Edition Next; Edition Yx; ru) Presto/2.11.310 Version/12.50"
195.56.55.225 - - [01/Jul/2013:10:43:54 +0200] "GET /test.html HTTP/1.1" 200 56 "-" "monit/4.6"
195.56.55.225 - - [01/Jul/2013:10:45:58 +0200] "GET /test.html HTTP/1.1" 200 56 "-" "monit/4.6"
91.232.96.36 - - [01/Jul/2013:10:46:54 +0200] "GET /forum_attac.php3?id_article=983&retour=cikk.php3%3Fid_article%3D983 HTTP/1.1" 404 292 "-" "Mozilla/4.0 (compatible; MSIE 6.0; Windows NT 5.1; SV1)"
195.56.55.225 - - [01/Jul/2013:10:48:00 +0200] "GET /test.html HTTP/1.1" 200 56 "-" "monit/4.6"
89.248.174.60 - - [01/Jul/2013:10:49:43 +0200] "GET /forum_attac.php3?id_article=983&retour=cikk.php3%3Fid_article%3D983 HTTP/1.1" 404 292 "-" "Mozilla/4.0 (compatible; MSIE 6.0; Windows NT 5.1; SV1)"
195.56.55.225 - - [01/Jul/2013:10:50:02 +0200] "GET /test.html HTTP/1.1" 200 56 "-" "monit/4.6"
157.55.35.80 - - [01/Jul/2013:10:50:28 +0200] "GET /szerzok.php3 HTTP/1.1" 404 292 "-" "Mozilla/5.0 (compatible; bingbot/2.0; +http://www.bing.com/bingbot.htm)"
188.254.99.26 - - [01/Jul/2013:10:50:53 +0200] "-" 408 - "-" "-"
195.56.55.225 - - [01/Jul/2013:10:52:05 +0200] "GET /test.html HTTP/1.1" 200 56 "-" "monit/4.6"
195.56.55.225 - - [01/Jul/2013:10:54:07 +0200] "GET /test.html HTTP/1.1" 200 56 "-" "monit/4.6"
195.56.55.225 - - [01/Jul/2013:10:56:09 +0200] "GET /test.html HTTP/1.1" 200 56 "-" "monit/4.6"
195.56.55.225 - - [01/Jul/2013:10:58:12 +0200] "GET /test.html HTTP/1.1" 200 56 "-" "monit/4.6"
195.56.55.225 - - [01/Jul/2013:11:00:14 +0200] "GET /test.html HTTP/1.1" 200 56 "-" "monit/4.6"
72.14.199.132 - - [01/Jul/2013:11:00:47 +0200] "GET / HTTP/1.1" 200 1155 "-" "Feedfetcher-Google; (+http://www.google.com/feedfetcher.html; 1 subscribers; feed-id=849169264004692768)"
178.164.131.35 - - [01/Jul/2013:11:02:10 +0200] "-" 408 - "-" "-"
195.56.55.225 - - [01/Jul/2013:11:02:16 +0200] "GET /test.html HTTP/1.1" 200 56 "-" "monit/4.6"
195.56.55.225 - - [01/Jul/2013:11:04:19 +0200] "GET /test.html HTTP/1.1" 200 56 "-" "monit/4.6"
195.56.55.225 - - [01/Jul/2013:11:06:21 +0200] "GET /test.html HTTP/1.1" 200 56 "-" "monit/4.6"
195.56.55.225 - - [01/Jul/2013:11:08:25 +0200] "GET /test.html HTTP/1.1" 200 56 "-" "monit/4.6"
157.55.32.114 - - [01/Jul/2013:11:09:31 +0200] "GET /robots.txt HTTP/1.1" 404 288 "-" "Mozilla/5.0 (compatible; bingbot/2.0; +http://www.bing.com/bingbot.htm)"
91.232.96.36 - - [01/Jul/2013:11:10:04 +0200] "GET /forum_attac.php3?id_article=983&retour=cikk.php3%3Fid_article%3D983 HTTP/1.1" 404 292 "-" "Mozilla/4.0 (compatible; MSIE 6.0; Windows NT 5.1; SV1)"
195.56.55.225 - - [01/Jul/2013:11:10:31 +0200] "GET /test.html HTTP/1.1" 200 56 "-" "monit/4.6"
195.56.55.225 - - [01/Jul/2013:11:12:33 +0200] "GET /test.html HTTP/1.1" 200 56 "-" "monit/4.6"
89.248.174.60 - - [01/Jul/2013:11:12:55 +0200] "GET /forum_attac.php3?id_article=983&retour=cikk.php3%3Fid_article%3D983 HTTP/1.1" 404 292 "-" "Mozilla/4.0 (compatible; MSIE 6.0; Windows NT 5.1; SV1)"
195.56.55.225 - - [01/Jul/2013:11:14:35 +0200] "GET /test.html HTTP/1.1" 200 56 "-" "monit/4.6"
78.139.43.20 - - [01/Jul/2013:11:16:12 +0200] "-" 408 - "-" "-"
195.56.55.225 - - [01/Jul/2013:11:16:37 +0200] "GET /test.html HTTP/1.1" 200 56 "-" "monit/4.6"
157.55.32.114 - - [01/Jul/2013:11:17:20 +0200] "GET /img_upload/cb39111eba7a31c9c0e48686fa8e3c87/12_Horv%C3%83%C2%A1thetal1228.pdf HTTP/1.1" 404 347 "-" "Mozilla/5.0 (compatible; bingbot/2.0; +http://www.bing.com/bingbot.htm)"
78.139.43.20 - - [01/Jul/2013:11:18:12 +0200] "-" 408 - "-" "-"
195.56.55.225 - - [01/Jul/2013:11:18:39 +0200] "GET /test.html HTTP/1.1" 200 56 "-" "monit/4.6"
142.4.96.65 - - [01/Jul/2013:11:18:50 +0200] "GET /cikk.php3?id_article=94 HTTP/1.0" 404 273 "http://attac.zpok.hu/cikk.php3?id_article=94" "Mozilla/5.0 (Windows NT 6.1; rv:15.0) Gecko/20100101 Firefox/15.0.1"
142.4.96.65 - - [01/Jul/2013:11:18:50 +0200] "GET / HTTP/1.0" 200 1155 "http://attac.zpok.hu/" "Mozilla/5.0 (Windows NT 6.1; rv:15.0) Gecko/20100101 Firefox/15.0.1"
195.56.55.225 - - [01/Jul/2013:11:20:46 +0200] "GET /test.html HTTP/1.1" 200 56 "-" "monit/4.6"
188.29.18.254 - - [01/Jul/2013:11:21:16 +0200] "GET /proxy.pac HTTP/1.1" 404 282 "-" "Mozilla/5.0 (Windows NT 6.1; rv:5.0) Gecko/20100101 Firefox/5.0"
195.56.55.225 - - [01/Jul/2013:11:22:48 +0200] "GET /test.html HTTP/1.1" 200 56 "-" "monit/4.6"
195.199.143.134 - - [01/Jul/2013:11:23:50 +0200] "-" 408 - "-" "-"
195.199.143.134 - - [01/Jul/2013:11:23:59 +0200] "-" 408 - "-" "-"
208.115.111.74 - - [01/Jul/2013:11:24:11 +0200] "GET /robots.txt HTTP/1.1" 404 288 "-" "Mozilla/5.0 (compatible; Ezooms/1.0; ezooms.bot@gmail.com)"
195.56.55.225 - - [01/Jul/2013:11:24:53 +0200] "GET /test.html HTTP/1.1" 200 56 "-" "monit/4.6"
195.56.55.225 - - [01/Jul/2013:11:26:56 +0200] "GET /test.html HTTP/1.1" 200 56 "-" "monit/4.6"
195.62.25.119 - - [01/Jul/2013:11:28:07 +0200] "GET /IMG/European_SW_Report_2010-eng.pdf+++++++++++++++++++++++++Result:+%ED%E5+%ED%E0%F8%EB%EE%F1%FC+%F4%EE%F0%EC%FB+%E4%EB%FF+%EE%F2%EF%F0%E0%E2%EA%E8; HTTP/1.0" 404 362 "http://attac.zpok.hu/IMG/European_SW_Report_2010-eng.pdf+++++++++++++++++++++++++Result:+%ED%E5+%ED%E0%F8%EB%EE%F1%FC+%F4%EE%F0%EC%FB+%E4%EB%FF+%EE%F2%EF%F0%E0%E2%EA%E8;" "Mozilla/5.0 (Windows NT 5.1; rv:15.0) Gecko/20100101 Firefox/15.0.1"
195.62.25.119 - - [01/Jul/2013:11:28:07 +0200] "GET / HTTP/1.0" 200 1155 "http://attac.zpok.hu/" "Mozilla/5.0 (Windows NT 5.1; rv:15.0) Gecko/20100101 Firefox/15.0.1"
195.56.55.225 - - [01/Jul/2013:11:28:58 +0200] "GET /test.html HTTP/1.1" 200 56 "-" "monit/4.6"
195.56.55.225 - - [01/Jul/2013:11:31:00 +0200] "GET /test.html HTTP/1.1" 200 56 "-" "monit/4.6"
195.56.55.225 - - [01/Jul/2013:11:33:02 +0200] "GET /test.html HTTP/1.1" 200 56 "-" "monit/4.6"
91.232.96.36 - - [01/Jul/2013:11:33:06 +0200] "GET /forum_attac.php3?id_article=983&retour=cikk.php3%3Fid_article%3D983 HTTP/1.1" 404 292 "-" "Mozilla/4.0 (compatible; MSIE 6.0; Windows NT 5.1; SV1)"
157.55.35.80 - - [01/Jul/2013:11:34:01 +0200] "GET /robots.txt HTTP/1.1" 404 299 "-" "Mozilla/5.0 (compatible; bingbot/2.0; +http://www.bing.com/bingbot.htm)"
89.248.174.60 - - [01/Jul/2013:11:35:44 +0200] "GET /forum_attac.php3?id_article=983&retour=cikk.php3%3Fid_article%3D983 HTTP/1.1" 404 292 "-" "Mozilla/4.0 (compatible; MSIE 6.0; Windows NT 5.1; SV1)"
195.199.143.134 - - [01/Jul/2013:11:35:53 +0200] "-" 408 - "-" "-"
195.56.55.225 - - [01/Jul/2013:11:37:06 +0200] "GET /test.html HTTP/1.1" 200 56 "-" "monit/4.6"
195.56.55.225 - - [01/Jul/2013:11:39:09 +0200] "GET /test.html HTTP/1.1" 200 56 "-" "monit/4.6"
62.201.78.63 - - [01/Jul/2013:11:39:57 +0200] "GET / HTTP/1.1" 200 1155 "-" "Mozilla/5.0 (compatible; MSIE 10.0; Windows NT 6.1; WOW64; Trident/6.0)"
62.201.78.63 - - [01/Jul/2013:11:39:57 +0200] "GET /favicon.ico HTTP/1.1" 404 288 "-" "Mozilla/5.0 (compatible; MSIE 10.0; Windows NT 6.1; Win64; x64; Trident/6.0)"
78.46.154.37 - - [01/Jul/2013:11:40:06 +0200] "GET /robots.txt HTTP/1.1" 404 285 "-" "ExB Language Crawler 2.1.5 (+http://www.exb.de/crawler)"
62.201.78.63 - - [01/Jul/2013:11:40:13 +0200] "GET /favicon.ico HTTP/1.1" 404 288 "-" "Mozilla/5.0 (compatible; MSIE 10.0; Windows NT 6.1; Win64; x64; Trident/6.0)"
62.201.78.63 - - [01/Jul/2013:11:40:28 +0200] "-" 408 - "-" "-"
195.56.55.225 - - [01/Jul/2013:11:41:11 +0200] "GET /test.html HTTP/1.1" 200 56 "-" "monit/4.6"
195.56.55.225 - - [01/Jul/2013:11:43:13 +0200] "GET /test.html HTTP/1.1" 200 56 "-" "monit/4.6"
78.139.43.20 - - [01/Jul/2013:11:44:52 +0200] "-" 408 - "-" "-"
195.56.55.225 - - [01/Jul/2013:11:45:15 +0200] "GET /test.html HTTP/1.1" 200 56 "-" "monit/4.6"
188.36.218.129 - - [01/Jul/2013:11:45:26 +0200] "-" 408 - "-" "-"
27.153.248.203 - - [01/Jul/2013:11:47:00 +0200] "GET /cikk.php3?id_article=693 HTTP/1.0" 404 273 "http://attac.zpok.hu/cikk.php3?id_article=693" "Mozilla/5.0 (Windows NT 6.1; WOW64) AppleWebKit/535.19 (KHTML, like Gecko) Chrome/18.0.1025.1634 Safari/535.19 YI"
27.153.248.203 - - [01/Jul/2013:11:47:00 +0200] "GET / HTTP/1.0" 200 1155 "http://attac.zpok.hu/" "Mozilla/5.0 (Windows NT 6.1; WOW64) AppleWebKit/535.19 (KHTML, like Gecko) Chrome/18.0.1025.1634 Safari/535.19 YI"
195.56.55.225 - - [01/Jul/2013:11:47:17 +0200] "GET /test.html HTTP/1.1" 200 56 "-" "monit/4.6"
78.139.43.20 - - [01/Jul/2013:11:47:55 +0200] "-" 408 - "-" "-"
195.56.55.225 - - [01/Jul/2013:11:49:19 +0200] "GET /test.html HTTP/1.1" 200 56 "-" "monit/4.6"
195.56.55.225 - - [01/Jul/2013:11:51:22 +0200] "GET /test.html HTTP/1.1" 200 56 "-" "monit/4.6"
195.56.55.225 - - [01/Jul/2013:11:53:24 +0200] "GET /test.html HTTP/1.1" 200 56 "-" "monit/4.6"
86.101.108.222 - - [01/Jul/2013:11:55:16 +0200] "GET / HTTP/1.1" 200 1155 "-" "Mozilla/5.0 (compatible; MSIE 9.0; Windows NT 6.1; Trident/5.0)"
86.101.108.222 - - [01/Jul/2013:11:55:16 +0200] "GET /favicon.ico HTTP/1.1" 404 283 "-" "Mozilla/5.0 (compatible; MSIE 9.0; Windows NT 6.1; Trident/5.0)"
195.56.55.225 - - [01/Jul/2013:11:55:26 +0200] "GET /test.html HTTP/1.1" 200 56 "-" "monit/4.6"
91.232.96.36 - - [01/Jul/2013:11:55:58 +0200] "GET /forum_attac.php3?id_article=983&retour=cikk.php3%3Fid_article%3D983 HTTP/1.1" 404 292 "-" "Mozilla/4.0 (compatible; MSIE 6.0; Windows NT 5.1; SV1)"
77.88.42.27 - - [01/Jul/2013:11:57:25 +0200] "GET /node/268 HTTP/1.1" 404 288 "-" "Mozilla/5.0 (compatible; YandexBot/3.0; +http://yandex.com/bots)"
195.56.55.225 - - [01/Jul/2013:11:57:28 +0200] "GET /test.html HTTP/1.1" 200 56 "-" "monit/4.6"
77.88.42.27 - - [01/Jul/2013:11:57:29 +0200] "GET /cikk.php3?id_article=250 HTTP/1.1" 404 285 "-" "Mozilla/5.0 (compatible; YandexBot/3.0; +http://yandex.com/bots)"
89.248.174.60 - - [01/Jul/2013:11:58:51 +0200] "GET /forum_attac.php3?id_article=983&retour=cikk.php3%3Fid_article%3D983 HTTP/1.1" 404 292 "-" "Mozilla/4.0 (compatible; MSIE 6.0; Windows NT 5.1; SV1)"
195.56.55.225 - - [01/Jul/2013:11:59:30 +0200] "GET /test.html HTTP/1.1" 200 56 "-" "monit/4.6"
213.163.9.124 - - [01/Jul/2013:12:00:20 +0200] "-" 408 - "-" "-"
157.55.35.80 - - [01/Jul/2013:12:01:07 +0200] "GET /kompasz/eredmenyek HTTP/1.1" 404 307 "-" "Mozilla/5.0 (compatible; bingbot/2.0; +http://www.bing.com/bingbot.htm)"
195.56.55.225 - - [01/Jul/2013:12:01:32 +0200] "GET /test.html HTTP/1.1" 200 56 "-" "monit/4.6"
27.153.248.203 - - [01/Jul/2013:12:02:01 +0200] "GET /brandnewsite/ HTTP/1.0" 404 277 "http://forum.emla.hu/" "Mozilla/5.0 (Windows NT 6.2; rv:16.0) Gecko/20100101 Firefox/16.0"
195.56.55.225 - - [01/Jul/2013:12:03:34 +0200] "GET /test.html HTTP/1.1" 200 56 "-" "monit/4.6"
213.253.198.106 - - [01/Jul/2013:12:05:07 +0200] "-" 408 - "-" "-"
195.56.55.225 - - [01/Jul/2013:12:05:37 +0200] "GET /test.html HTTP/1.1" 200 56 "-" "monit/4.6"
195.56.55.225 - - [01/Jul/2013:12:07:39 +0200] "GET /test.html HTTP/1.1" 200 56 "-" "monit/4.6"
85.233.90.6 - - [01/Jul/2013:12:07:41 +0200] "POST /forum_attac.php3?id_article=710&retour=cikk HTTP/1.1" 404 292 "http://attac.zpok.hu/forum_attac.php3?id_article=710&retour=cikk" "Mozilla/4.0 (compatible; MSIE 6.0; Windows NT 5.1; SV1)"
193.6.63.109 - - [01/Jul/2013:12:09:05 +0200] "GET / HTTP/1.0" 200 1155 "-" "Mozilla/5.0 (compatible; MSIE 9.0; Windows NT 6.1; Trident/5.0)"
193.6.63.109 - - [01/Jul/2013:12:09:06 +0200] "GET /favicon.ico HTTP/1.0" 404 272 "-" "Mozilla/5.0 (compatible; MSIE 9.0; Windows NT 6.1; Trident/5.0)"
77.88.42.27 - - [01/Jul/2013:12:09:28 +0200] "GET / HTTP/1.1" 200 1155 "-" "Mozilla/5.0 (compatible; YandexBot/3.0; +http://yandex.com/bots)"
195.56.55.225 - - [01/Jul/2013:12:09:41 +0200] "GET /test.html HTTP/1.1" 200 56 "-" "monit/4.6"
195.56.55.225 - - [01/Jul/2013:12:11:48 +0200] "GET /test.html HTTP/1.1" 200 56 "-" "monit/4.6"
65.55.215.48 - - [01/Jul/2013:12:13:13 +0200] "GET /robots.txt HTTP/1.1" 404 286 "-" "msnbot-media/1.1 (+http://search.msn.com/msnbot.htm)"
65.55.215.48 - - [01/Jul/2013:12:13:13 +0200] "GET /IMG/arton482.jpg HTTP/1.1" 404 292 "-" "msnbot-media/1.1 (+http://search.msn.com/msnbot.htm)"
195.56.55.225 - - [01/Jul/2013:12:13:51 +0200] "GET /test.html HTTP/1.1" 200 56 "-" "monit/4.6"
66.249.78.218 - - [01/Jul/2013:12:15:14 +0200] "GET /robots.txt HTTP/1.1" 404 286 "-" "Mozilla/5.0 (compatible; Googlebot/2.1; +http://www.google.com/bot.html)"
66.249.78.218 - - [01/Jul/2013:12:15:14 +0200] "GET /cikk.php3?id_article=340 HTTP/1.1" 404 285 "-" "Mozilla/5.0 (compatible; Googlebot/2.1; +http://www.google.com/bot.html)"
195.56.55.225 - - [01/Jul/2013:12:15:53 +0200] "GET /test.html HTTP/1.1" 200 56 "-" "monit/4.6"
195.56.55.225 - - [01/Jul/2013:12:17:56 +0200] "GET /test.html HTTP/1.1" 200 56 "-" "monit/4.6"
112.111.47.35 - - [01/Jul/2013:12:18:45 +0200] "GET /IMG/European_SW_Report_2010-eng.pdf HTTP/1.1" 404 311 "-" "Mozilla/4.0 (compatible; MSIE 6.0; Windows NT 5.1; SV1;)"
91.232.96.36 - - [01/Jul/2013:12:18:49 +0200] "GET /forum_attac.php3?id_article=983&retour=cikk.php3%3Fid_article%3D983 HTTP/1.1" 404 292 "-" "Mozilla/4.0 (compatible; MSIE 6.0; Windows NT 5.1; SV1)"
195.56.55.225 - - [01/Jul/2013:12:19:58 +0200] "GET /test.html HTTP/1.1" 200 56 "-" "monit/4.6"
84.0.131.36 - - [01/Jul/2013:12:21:25 +0200] "-" 408 - "-" "-"
89.248.174.60 - - [01/Jul/2013:12:21:53 +0200] "GET /forum_attac.php3?id_article=983&retour=cikk.php3%3Fid_article%3D983 HTTP/1.1" 404 292 "-" "Mozilla/4.0 (compatible; MSIE 6.0; Windows NT 5.1; SV1)"
195.56.55.225 - - [01/Jul/2013:12:22:00 +0200] "GET /test.html HTTP/1.1" 200 56 "-" "monit/4.6"
195.56.55.225 - - [01/Jul/2013:12:24:02 +0200] "GET /test.html HTTP/1.1" 200 56 "-" "monit/4.6"
195.56.55.225 - - [01/Jul/2013:12:26:04 +0200] "GET /test.html HTTP/1.1" 200 56 "-" "monit/4.6"
195.56.55.225 - - [01/Jul/2013:12:28:07 +0200] "GET /test.html HTTP/1.1" 200 56 "-" "monit/4.6"
66.249.78.75 - - [01/Jul/2013:12:29:23 +0200] "GET /robots.txt HTTP/1.1" 404 284 "-" "Mozilla/5.0 (compatible; Googlebot/2.1; +http://www.google.com/bot.html)"
66.249.78.75 - - [01/Jul/2013:12:29:23 +0200] "GET / HTTP/1.1" 200 1155 "-" "Mozilla/5.0 (compatible; Googlebot/2.1; +http://www.google.com/bot.html)"
195.56.55.225 - - [01/Jul/2013:12:30:47 +0200] "GET /test.html HTTP/1.1" 200 56 "-" "monit/4.6"
195.56.55.225 - - [01/Jul/2013:12:32:50 +0200] "GET /test.html HTTP/1.1" 200 56 "-" "monit/4.6"
212.7.196.79 - - [01/Jul/2013:12:33:23 +0200] "GET / HTTP/1.1" 200 1155 "-" "Mozilla/5.0 (Windows; U; Windows NT 6.1; WOW64; en-US; rv:2.0.4) Gecko/20120718 AskTbAVR-IDW/3.12.5.17700 Firefox/14.0.1"
195.56.55.225 - - [01/Jul/2013:12:35:05 +0200] "GET /test.html HTTP/1.1" 200 56 "-" "monit/4.6"
193.105.210.226 - - [01/Jul/2013:12:36:15 +0200] "-" 408 - "-" "-"
193.105.210.226 - - [01/Jul/2013:12:36:15 +0200] "-" 408 - "-" "-"
195.56.55.225 - - [01/Jul/2013:12:37:22 +0200] "GET /test.html HTTP/1.1" 200 56 "-" "monit/4.6"
195.56.55.225 - - [01/Jul/2013:12:39:24 +0200] "GET /test.html HTTP/1.1" 200 56 "-" "monit/4.6"
77.88.42.27 - - [01/Jul/2013:12:39:50 +0200] "GET /sites/csalan.mindworks.hu/files/kulcs-kerdes.pdf HTTP/1.1" 404 328 "-" "Mozilla/5.0 (compatible; YandexBot/3.0; +http://yandex.com/bots)"
195.56.55.225 - - [01/Jul/2013:12:41:26 +0200] "GET /test.html HTTP/1.1" 200 56 "-" "monit/4.6"
91.232.96.36 - - [01/Jul/2013:12:41:57 +0200] "GET /forum_attac.php3?id_article=983&retour=cikk.php3%3Fid_article%3D983 HTTP/1.1" 404 292 "-" "Mozilla/4.0 (compatible; MSIE 6.0; Windows NT 5.1; SV1)"
195.56.55.225 - - [01/Jul/2013:12:43:33 +0200] "GET /test.html HTTP/1.1" 200 56 "-" "monit/4.6"
89.248.174.60 - - [01/Jul/2013:12:44:34 +0200] "GET /forum_attac.php3?id_article=983&retour=cikk.php3%3Fid_article%3D983 HTTP/1.1" 404 292 "-" "Mozilla/4.0 (compatible; MSIE 6.0; Windows NT 5.1; SV1)"
202.46.57.81 - - [01/Jul/2013:12:44:51 +0200] "GET / HTTP/1.1" 200 1155 "-" "Mozilla/4.0 (compatible; MSIE 7.0; Windows NT 6.0)"
119.63.193.196 - - [01/Jul/2013:12:45:06 +0200] "GET / HTTP/1.1" 200 1155 "-" "Mozilla/4.0 (compatible; MSIE 7.0; Windows NT 6.0)"
195.56.55.225 - - [01/Jul/2013:12:45:35 +0200] "GET /test.html HTTP/1.1" 200 56 "-" "monit/4.6"
66.249.78.218 - - [01/Jul/2013:12:46:47 +0200] "GET /cikkek.php3?id_rubrique=62 HTTP/1.1" 404 287 "-" "Mozilla/5.0 (compatible; Googlebot/2.1; +http://www.google.com/bot.html)"
66.249.78.36 - - [01/Jul/2013:12:46:56 +0200] "GET /robots.txt HTTP/1.1" 404 290 "-" "Mozilla/5.0 (compatible; Googlebot/2.1; +http://www.google.com/bot.html)"
66.249.78.36 - - [01/Jul/2013:12:46:56 +0200] "GET / HTTP/1.1" 200 1155 "-" "Mozilla/5.0 (compatible; Googlebot/2.1; +http://www.google.com/bot.html)"
195.56.55.225 - - [01/Jul/2013:12:47:37 +0200] "GET /test.html HTTP/1.1" 200 56 "-" "monit/4.6"
86.101.108.222 - - [01/Jul/2013:12:49:37 +0200] "GET /favicon.ico HTTP/1.1" 404 283 "-" "Mozilla/5.0 (compatible; MSIE 9.0; Windows NT 6.1; Trident/5.0)"
195.56.55.225 - - [01/Jul/2013:12:49:39 +0200] "GET /test.html HTTP/1.1" 200 56 "-" "monit/4.6"
86.101.108.222 - - [01/Jul/2013:12:50:08 +0200] "-" 408 - "-" "-"
195.56.55.225 - - [01/Jul/2013:12:51:41 +0200] "GET /test.html HTTP/1.1" 200 56 "-" "monit/4.6"
195.56.55.225 - - [01/Jul/2013:12:53:47 +0200] "GET /test.html HTTP/1.1" 200 56 "-" "monit/4.6"
66.249.78.234 - - [01/Jul/2013:12:54:08 +0200] "GET /robots.txt HTTP/1.1" 404 291 "-" "Mozilla/5.0 (compatible; Googlebot/2.1; +http://www.google.com/bot.html)"
66.249.78.234 - - [01/Jul/2013:12:54:08 +0200] "GET / HTTP/1.1" 200 1155 "-" "Mozilla/5.0 (compatible; Googlebot/2.1; +http://www.google.com/bot.html)"
86.101.108.222 - - [01/Jul/2013:12:54:24 +0200] "GET / HTTP/1.1" 200 1155 "-" "Mozilla/5.0 (compatible; MSIE 9.0; Windows NT 6.1; Trident/5.0)"
86.101.108.222 - - [01/Jul/2013:12:54:25 +0200] "GET /favicon.ico HTTP/1.1" 404 284 "-" "Mozilla/5.0 (compatible; MSIE 9.0; Windows NT 6.1; Trident/5.0)"
66.249.78.240 - - [01/Jul/2013:12:55:22 +0200] "GET /robots.txt HTTP/1.1" 404 288 "-" "Mozilla/5.0 (compatible; Googlebot/2.1; +http://www.google.com/bot.html)"
66.249.78.240 - - [01/Jul/2013:12:55:22 +0200] "GET /www.bankwatch.org HTTP/1.1" 404 295 "-" "Mozilla/5.0 (compatible; Googlebot/2.1; +http://www.google.com/bot.html)"
46.251.5.196 - - [01/Jul/2013:12:55:27 +0200] "-" 408 - "-" "-"
195.56.55.225 - - [01/Jul/2013:12:55:49 +0200] "GET /test.html HTTP/1.1" 200 56 "-" "monit/4.6"
195.228.232.199 - - [01/Jul/2013:12:56:55 +0200] "-" 408 - "-" "-"
195.56.55.225 - - [01/Jul/2013:12:57:51 +0200] "GET /test.html HTTP/1.1" 200 56 "-" "monit/4.6"
195.56.55.225 - - [01/Jul/2013:12:59:53 +0200] "GET /test.html HTTP/1.1" 200 56 "-" "monit/4.6"
80.99.135.248 - - [01/Jul/2013:13:00:16 +0200] "-" 408 - "-" "-"
66.249.78.218 - - [01/Jul/2013:13:01:31 +0200] "GET /cikk.php3?id_article=1221 HTTP/1.1" 404 285 "-" "Mozilla/5.0 (compatible; Googlebot/2.1; +http://www.google.com/bot.html)"
14.200.181.172 - - [01/Jul/2013:13:01:40 +0200] "-" 408 - "-" "-"
195.56.55.225 - - [01/Jul/2013:13:01:55 +0200] "GET /test.html HTTP/1.1" 200 56 "-" "monit/4.6"
157.56.229.186 - - [01/Jul/2013:13:02:55 +0200] "GET /robots.txt HTTP/1.1" 404 302 "-" "Mozilla/5.0 (compatible; bingbot/2.0; +http://www.bing.com/bingbot.htm)"
65.55.52.119 - - [01/Jul/2013:13:03:08 +0200] "GET /robots.txt HTTP/1.1" 404 283 "-" "Mozilla/5.0 (compatible; bingbot/2.0; +http://www.bing.com/bingbot.htm)"
65.55.52.119 - - [01/Jul/2013:13:03:47 +0200] "GET / HTTP/1.1" 304 - "-" "Mozilla/5.0 (compatible; bingbot/2.0; +http://www.bing.com/bingbot.htm)"
195.56.55.225 - - [01/Jul/2013:13:03:57 +0200] "GET /test.html HTTP/1.1" 200 56 "-" "monit/4.6"
91.232.96.36 - - [01/Jul/2013:13:04:48 +0200] "GET /forum_attac.php3?id_article=983&retour=cikk.php3%3Fid_article%3D983 HTTP/1.1" 404 292 "-" "Mozilla/4.0 (compatible; MSIE 6.0; Windows NT 5.1; SV1)"
195.56.55.225 - - [01/Jul/2013:13:06:02 +0200] "GET /test.html HTTP/1.1" 200 56 "-" "monit/4.6"
157.56.229.186 - - [01/Jul/2013:13:07:23 +0200] "GET /function.require HTTP/1.1" 404 308 "-" "Mozilla/5.0 (compatible; bingbot/2.0; +http://www.bing.com/bingbot.htm)"
89.248.174.60 - - [01/Jul/2013:13:07:38 +0200] "GET /forum_attac.php3?id_article=983&retour=cikk.php3%3Fid_article%3D983 HTTP/1.1" 404 292 "-" "Mozilla/4.0 (compatible; MSIE 6.0; Windows NT 5.1; SV1)"
195.56.55.225 - - [01/Jul/2013:13:08:20 +0200] "GET /test.html HTTP/1.1" 200 56 "-" "monit/4.6"
195.56.55.225 - - [01/Jul/2013:13:10:23 +0200] "GET /test.html HTTP/1.1" 200 56 "-" "monit/4.6"
157.56.229.186 - - [01/Jul/2013:13:11:14 +0200] "GET /robots.txt HTTP/1.1" 404 286 "-" "Mozilla/5.0 (compatible; bingbot/2.0; +http://www.bing.com/bingbot.htm)"
94.21.187.46 - - [01/Jul/2013:13:11:16 +0200] "-" 408 - "-" "-"
77.88.42.27 - - [01/Jul/2013:13:11:28 +0200] "GET / HTTP/1.1" 200 1155 "-" "Mozilla/5.0 (compatible; YandexBot/3.0; +http://yandex.com/bots)"
157.56.229.186 - - [01/Jul/2013:13:12:16 +0200] "GET / HTTP/1.1" 200 1155 "-" "Mozilla/5.0 (compatible; bingbot/2.0; +http://www.bing.com/bingbot.htm)"
195.56.55.225 - - [01/Jul/2013:13:12:25 +0200] "GET /test.html HTTP/1.1" 200 56 "-" "monit/4.6"
195.56.55.225 - - [01/Jul/2013:13:14:27 +0200] "GET /test.html HTTP/1.1" 200 56 "-" "monit/4.6"
195.56.55.225 - - [01/Jul/2013:13:16:29 +0200] "GET /test.html HTTP/1.1" 200 56 "-" "monit/4.6"
195.56.55.225 - - [01/Jul/2013:13:18:31 +0200] "GET /test.html HTTP/1.1" 200 56 "-" "monit/4.6"
66.249.78.218 - - [01/Jul/2013:13:18:38 +0200] "GET /cikk.php3?id_article=354 HTTP/1.1" 404 285 "-" "Mozilla/5.0 (compatible; Googlebot/2.1; +http://www.google.com/bot.html)"
195.56.55.225 - - [01/Jul/2013:13:20:33 +0200] "GET /test.html HTTP/1.1" 200 56 "-" "monit/4.6"
77.88.42.27 - - [01/Jul/2013:13:21:05 +0200] "GET / HTTP/1.1" 200 1155 "-" "Mozilla/5.0 (compatible; YandexBot/3.0; +http://yandex.com/bots)"
66.249.78.218 - - [01/Jul/2013:13:21:22 +0200] "GET /cikk.php3?id_article=226 HTTP/1.1" 404 285 "-" "Mozilla/5.0 (compatible; Googlebot/2.1; +http://www.google.com/bot.html)"
195.56.55.225 - - [01/Jul/2013:13:22:36 +0200] "GET /test.html HTTP/1.1" 200 56 "-" "monit/4.6"
157.56.229.186 - - [01/Jul/2013:13:23:00 +0200] "GET /robots.txt HTTP/1.1" 404 299 "-" "Mozilla/5.0 (compatible; bingbot/2.0; +http://www.bing.com/bingbot.htm)"
208.115.111.74 - - [01/Jul/2013:13:23:10 +0200] "GET / HTTP/1.1" 200 1155 "-" "Mozilla/5.0 (compatible; Ezooms/1.0; ezooms.bot@gmail.com)"
195.56.55.225 - - [01/Jul/2013:13:24:39 +0200] "GET /test.html HTTP/1.1" 200 56 "-" "monit/4.6"
151.0.81.45 - - [01/Jul/2013:13:25:13 +0200] "-" 408 - "-" "-"
195.56.55.225 - - [01/Jul/2013:13:26:42 +0200] "GET /test.html HTTP/1.1" 200 56 "-" "monit/4.6"
91.232.96.36 - - [01/Jul/2013:13:27:44 +0200] "GET /forum_attac.php3?id_article=983&retour=cikk.php3%3Fid_article%3D983 HTTP/1.1" 404 292 "-" "Mozilla/4.0 (compatible; MSIE 6.0; Windows NT 5.1; SV1)"
195.56.55.225 - - [01/Jul/2013:13:28:45 +0200] "GET /test.html HTTP/1.1" 200 56 "-" "monit/4.6"
157.56.229.186 - - [01/Jul/2013:13:28:49 +0200] "GET /user HTTP/1.1" 404 293 "-" "Mozilla/5.0 (compatible; bingbot/2.0; +http://www.bing.com/bingbot.htm)"
195.56.55.225 - - [01/Jul/2013:13:30:47 +0200] "GET /test.html HTTP/1.1" 200 56 "-" "monit/4.6"
89.248.174.60 - - [01/Jul/2013:13:31:06 +0200] "GET /forum_attac.php3?id_article=983&retour=cikk.php3%3Fid_article%3D983 HTTP/1.1" 404 292 "-" "Mozilla/4.0 (compatible; MSIE 6.0; Windows NT 5.1; SV1)"
195.56.55.225 - - [01/Jul/2013:13:32:50 +0200] "GET /test.html HTTP/1.1" 200 56 "-" "monit/4.6"
195.56.55.225 - - [01/Jul/2013:13:34:52 +0200] "GET /test.html HTTP/1.1" 200 56 "-" "monit/4.6"
208.115.113.90 - - [01/Jul/2013:13:35:26 +0200] "GET /robots.txt HTTP/1.1" 404 290 "-" "Mozilla/5.0 (compatible; Ezooms/1.0; ezooms.bot@gmail.com)"
157.55.32.89 - - [01/Jul/2013:13:36:20 +0200] "GET /robots.txt HTTP/1.1" 404 295 "-" "Mozilla/5.0 (compatible; bingbot/2.0; +http://www.bing.com/bingbot.htm)"
195.56.55.225 - - [01/Jul/2013:13:36:54 +0200] "GET /test.html HTTP/1.1" 200 56 "-" "monit/4.6"
157.55.32.89 - - [01/Jul/2013:13:37:14 +0200] "GET / HTTP/1.1" 200 1155 "-" "Mozilla/5.0 (compatible; bingbot/2.0; +http://www.bing.com/bingbot.htm)"
195.56.55.225 - - [01/Jul/2013:13:38:56 +0200] "GET /test.html HTTP/1.1" 200 56 "-" "monit/4.6"
66.249.78.218 - - [01/Jul/2013:13:39:54 +0200] "GET /cikk.php3?id_article=442 HTTP/1.1" 404 285 "-" "Mozilla/5.0 (compatible; Googlebot/2.1; +http://www.google.com/bot.html)"
94.178.242.2 - - [01/Jul/2013:13:39:56 +0200] "GET / HTTP/1.0" 200 1155 "http://attac.zpok.hu/" "Mozilla/4.0 (compatible; MSIE 6.0; Windows NT 5.2; SV1; .NET CLR 1.1.4322)"
123.125.71.43 - - [01/Jul/2013:13:40:15 +0200] "GET / HTTP/1.1" 304 - "-" "Mozilla/5.0 (compatible; Baiduspider/2.0; +http://www.baidu.com/search/spider.html)"
195.56.55.225 - - [01/Jul/2013:13:40:58 +0200] "GET /test.html HTTP/1.1" 200 56 "-" "monit/4.6"
66.249.78.218 - - [01/Jul/2013:13:41:08 +0200] "GET /cikk.php3?id_article=412 HTTP/1.1" 404 285 "-" "Mozilla/5.0 (compatible; Googlebot/2.1; +http://www.google.com/bot.html)"
62.201.74.8 - - [01/Jul/2013:13:41:35 +0200] "-" 408 - "-" "-"
66.249.78.165 - - [01/Jul/2013:13:41:36 +0200] "GET /robots.txt HTTP/1.1" 404 305 "-" "Mozilla/5.0 (compatible; Googlebot/2.1; +http://www.google.com/bot.html)"
195.56.55.225 - - [01/Jul/2013:13:43:02 +0200] "GET /test.html HTTP/1.1" 200 56 "-" "monit/4.6"
195.56.55.225 - - [01/Jul/2013:13:45:08 +0200] "GET /test.html HTTP/1.1" 200 56 "-" "monit/4.6"
89.133.62.203 - - [01/Jul/2013:13:45:57 +0200] "-" 408 - "-" "-"
66.249.78.218 - - [01/Jul/2013:13:46:06 +0200] "GET /cikk.php3?id_article=410 HTTP/1.1" 404 285 "-" "Mozilla/5.0 (compatible; Googlebot/2.1; +http://www.google.com/bot.html)"
89.133.62.203 - - [01/Jul/2013:13:47:07 +0200] "-" 408 - "-" "-"
89.133.62.203 - - [01/Jul/2013:13:47:07 +0200] "-" 408 - "-" "-"
89.133.62.203 - - [01/Jul/2013:13:47:07 +0200] "-" 408 - "-" "-"
89.133.62.203 - - [01/Jul/2013:13:47:07 +0200] "-" 408 - "-" "-"
89.133.62.203 - - [01/Jul/2013:13:47:07 +0200] "-" 408 - "-" "-"
195.56.55.225 - - [01/Jul/2013:13:47:11 +0200] "GET /test.html HTTP/1.1" 200 56 "-" "monit/4.6"
195.56.55.225 - - [01/Jul/2013:13:49:13 +0200] "GET /test.html HTTP/1.1" 200 56 "-" "monit/4.6"
91.232.96.36 - - [01/Jul/2013:13:50:56 +0200] "GET /forum_attac.php3?id_article=983&retour=cikk.php3%3Fid_article%3D983 HTTP/1.1" 404 292 "-" "Mozilla/4.0 (compatible; MSIE 6.0; Windows NT 5.1; SV1)"
176.57.143.60 - - [01/Jul/2013:13:51:05 +0200] "GET /cikk.php3?id_article=1155 HTTP/1.1" 404 285 "-" "Mozilla/5.0 (X11; Linux i686; rv:6.0) Gecko/20100101 Firefox/6.0"
195.56.55.225 - - [01/Jul/2013:13:51:15 +0200] "GET /test.html HTTP/1.1" 200 56 "-" "monit/4.6"
195.56.55.225 - - [01/Jul/2013:13:53:17 +0200] "GET /test.html HTTP/1.1" 200 56 "-" "monit/4.6"
89.248.174.60 - - [01/Jul/2013:13:53:41 +0200] "GET /forum_attac.php3?id_article=983&retour=cikk.php3%3Fid_article%3D983 HTTP/1.1" 404 292 "-" "Mozilla/4.0 (compatible; MSIE 6.0; Windows NT 5.1; SV1)"
195.56.55.225 - - [01/Jul/2013:13:55:20 +0200] "GET /test.html HTTP/1.1" 200 56 "-" "monit/4.6"
157.56.93.39 - - [01/Jul/2013:13:56:26 +0200] "GET /taxonomy/term/259 HTTP/1.1" 404 306 "-" "Mozilla/5.0 (compatible; bingbot/2.0; +http://www.bing.com/bingbot.htm)"
193.224.94.140 - - [01/Jul/2013:13:56:46 +0200] "-" 408 - "-" "-"
193.224.94.140 - - [01/Jul/2013:13:56:46 +0200] "-" 408 - "-" "-"
157.55.32.113 - - [01/Jul/2013:13:57:15 +0200] "GET /kompasz/valasz_a_rasszizmusra HTTP/1.1" 404 318 "-" "Mozilla/5.0 (compatible; bingbot/2.0; +http://www.bing.com/bingbot.htm)"
157.55.32.113 - - [01/Jul/2013:13:57:18 +0200] "GET /kompasz/media HTTP/1.1" 404 302 "-" "Mozilla/5.0 (compatible; bingbot/2.0; +http://www.bing.com/bingbot.htm)"
195.56.55.225 - - [01/Jul/2013:13:57:22 +0200] "GET /test.html HTTP/1.1" 200 56 "-" "monit/4.6"
195.56.55.225 - - [01/Jul/2013:13:59:24 +0200] "GET /test.html HTTP/1.1" 200 56 "-" "monit/4.6"
66.249.78.89 - - [01/Jul/2013:13:59:49 +0200] "GET /robots.txt HTTP/1.1" 404 287 "-" "Mozilla/5.0 (compatible; Googlebot/2.1; +http://www.google.com/bot.html)"
72.14.199.132 - - [01/Jul/2013:14:00:48 +0200] "GET / HTTP/1.1" 200 1155 "-" "Feedfetcher-Google; (+http://www.google.com/feedfetcher.html; 1 subscribers; feed-id=849169264004692768)"
195.56.55.225 - - [01/Jul/2013:14:01:26 +0200] "GET /test.html HTTP/1.1" 200 56 "-" "monit/4.6"
195.56.55.225 - - [01/Jul/2013:14:03:28 +0200] "GET /test.html HTTP/1.1" 200 56 "-" "monit/4.6"
77.88.42.27 - - [01/Jul/2013:14:03:56 +0200] "GET / HTTP/1.1" 200 1155 "-" "Mozilla/5.0 (compatible; YandexBot/3.0; +http://yandex.com/bots)"
195.56.55.225 - - [01/Jul/2013:14:05:30 +0200] "GET /test.html HTTP/1.1" 200 56 "-" "monit/4.6"
84.236.57.102 - - [01/Jul/2013:14:06:40 +0200] "GET /hunlogo03.jpg HTTP/1.1" 404 289 "http://muon.hu/web-linkek/91-hasonlo-szellemisegu-oldalak" "Mozilla/5.0 (Windows NT 5.1; rv:22.0) Gecko/20100101 Firefox/22.0"
84.236.57.102 - - [01/Jul/2013:14:06:43 +0200] "GET /hunlogo03.jpg HTTP/1.1" 404 289 "http://muon.hu/web-linkek/91-hasonlo-szellemisegu-oldalak" "Mozilla/5.0 (Windows NT 5.1; rv:22.0) Gecko/20100101 Firefox/22.0"
195.56.55.225 - - [01/Jul/2013:14:07:32 +0200] "GET /test.html HTTP/1.1" 200 56 "-" "monit/4.6"
88.132.98.145 - - [01/Jul/2013:14:07:37 +0200] "-" 408 - "-" "-"
195.56.55.225 - - [01/Jul/2013:14:09:38 +0200] "GET /test.html HTTP/1.1" 200 56 "-" "monit/4.6"
86.59.208.99 - - [01/Jul/2013:14:09:44 +0200] "-" 408 - "-" "-"
195.56.55.225 - - [01/Jul/2013:14:11:40 +0200] "GET /test.html HTTP/1.1" 200 56 "-" "monit/4.6"
157.56.93.39 - - [01/Jul/2013:14:11:41 +0200] "GET /robots.txt HTTP/1.1" 404 290 "-" "Mozilla/5.0 (compatible; bingbot/2.0; +http://www.bing.com/bingbot.htm)"
195.56.55.225 - - [01/Jul/2013:14:13:42 +0200] "GET /test.html HTTP/1.1" 200 56 "-" "monit/4.6"
91.232.96.36 - - [01/Jul/2013:14:13:55 +0200] "GET /forum_attac.php3?id_article=983&retour=cikk.php3%3Fid_article%3D983 HTTP/1.1" 404 292 "-" "Mozilla/4.0 (compatible; MSIE 6.0; Windows NT 5.1; SV1)"
157.56.93.39 - - [01/Jul/2013:14:14:09 +0200] "GET /cikk.php3?id_article=250 HTTP/1.1" 404 289 "-" "Mozilla/5.0 (compatible; bingbot/2.0; +http://www.bing.com/bingbot.htm)"
124.119.50.254 - - [01/Jul/2013:14:15:12 +0200] "POST /forum_attac.php3?id_article=710&retour=cikk HTTP/1.1" 404 292 "http://attac.zpok.hu/forum_attac.php3?id_article=710&retour=cikk" "Mozilla/4.0 (compatible; MSIE 6.0; Windows NT 5.1; SV1)"
122.228.206.87 - - [01/Jul/2013:14:15:20 +0200] "POST /forum_attac.php3?id_article=710&retour=cikk HTTP/1.0" 404 280 "-" "Mozilla/4.0 (compatible; MSIE 6.0; Windows NT 5.2; SV1; .NET CLR 1.1.4322; .NET CLR 2.0.50727; .NET CLR 3.0.4506.2152; .NET CLR 3.5.30729)"
78.46.154.40 - - [01/Jul/2013:14:15:26 +0200] "GET /node/add/og HTTP/1.1" 404 295 "-" "ExB Language Crawler 2.1.5 (+http://www.exb.de/crawler)"
195.56.55.225 - - [01/Jul/2013:14:15:44 +0200] "GET /test.html HTTP/1.1" 200 56 "-" "monit/4.6"
173.199.119.35 - - [01/Jul/2013:14:16:35 +0200] "-" 408 - "-" "-"
89.248.174.60 - - [01/Jul/2013:14:16:41 +0200] "GET /forum_attac.php3?id_article=983&retour=cikk.php3%3Fid_article%3D983 HTTP/1.1" 404 292 "-" "Mozilla/4.0 (compatible; MSIE 6.0; Windows NT 5.1; SV1)"
195.56.55.225 - - [01/Jul/2013:14:17:46 +0200] "GET /test.html HTTP/1.1" 200 56 "-" "monit/4.6"
195.56.55.225 - - [01/Jul/2013:14:19:48 +0200] "GET /test.html HTTP/1.1" 200 56 "-" "monit/4.6"
195.56.55.225 - - [01/Jul/2013:14:21:50 +0200] "GET /test.html HTTP/1.1" 200 56 "-" "monit/4.6"
195.56.55.225 - - [01/Jul/2013:14:23:52 +0200] "GET /test.html HTTP/1.1" 200 56 "-" "monit/4.6"
37.220.128.205 - - [01/Jul/2013:14:24:12 +0200] "-" 408 - "-" "-"
195.56.55.225 - - [01/Jul/2013:14:25:55 +0200] "GET /test.html HTTP/1.1" 200 56 "-" "monit/4.6"
195.56.55.225 - - [01/Jul/2013:14:27:57 +0200] "GET /test.html HTTP/1.1" 200 56 "-" "monit/4.6"
91.137.176.138 - - [01/Jul/2013:14:28:59 +0200] "-" 408 - "-" "-"
195.56.55.225 - - [01/Jul/2013:14:29:59 +0200] "GET /test.html HTTP/1.1" 200 56 "-" "monit/4.6"
89.132.3.151 - - [01/Jul/2013:14:30:39 +0200] "-" 408 - "-" "-"
195.56.55.225 - - [01/Jul/2013:14:32:01 +0200] "GET /test.html HTTP/1.1" 200 56 "-" "monit/4.6"
89.132.3.151 - - [01/Jul/2013:14:33:15 +0200] "-" 408 - "-" "-"
66.249.75.132 - - [01/Jul/2013:14:33:28 +0200] "GET /cikk.php3?id_article=904 HTTP/1.1" 404 285 "-" "Mozilla/5.0 (compatible; Googlebot/2.1; +http://www.google.com/bot.html)"
195.56.55.225 - - [01/Jul/2013:14:34:04 +0200] "GET /test.html HTTP/1.1" 200 56 "-" "monit/4.6"
195.56.55.225 - - [01/Jul/2013:14:36:06 +0200] "GET /test.html HTTP/1.1" 200 56 "-" "monit/4.6"
91.232.96.36 - - [01/Jul/2013:14:38:01 +0200] "GET /forum_attac.php3?id_article=983&retour=cikk.php3%3Fid_article%3D983 HTTP/1.1" 404 292 "-" "Mozilla/4.0 (compatible; MSIE 6.0; Windows NT 5.1; SV1)"
195.56.55.225 - - [01/Jul/2013:14:38:09 +0200] "GET /test.html HTTP/1.1" 200 56 "-" "monit/4.6"
66.249.75.132 - - [01/Jul/2013:14:39:39 +0200] "GET /cikk.php3?id_article=806 HTTP/1.1" 404 285 "-" "Mozilla/5.0 (compatible; Googlebot/2.1; +http://www.google.com/bot.html)"
84.0.28.95 - - [01/Jul/2013:14:39:44 +0200] "-" 408 - "-" "-"
89.248.174.60 - - [01/Jul/2013:14:39:44 +0200] "GET /forum_attac.php3?id_article=983&retour=cikk.php3%3Fid_article%3D983 HTTP/1.1" 404 292 "-" "Mozilla/4.0 (compatible; MSIE 6.0; Windows NT 5.1; SV1)"
195.56.55.225 - - [01/Jul/2013:14:40:11 +0200] "GET /test.html HTTP/1.1" 200 56 "-" "monit/4.6"
195.56.55.225 - - [01/Jul/2013:14:42:13 +0200] "GET /test.html HTTP/1.1" 200 56 "-" "monit/4.6"
157.56.229.186 - - [01/Jul/2013:14:43:02 +0200] "GET /robots.txt HTTP/1.1" 404 299 "-" "Mozilla/5.0 (compatible; bingbot/2.0; +http://www.bing.com/bingbot.htm)"
195.56.55.225 - - [01/Jul/2013:14:44:15 +0200] "GET /test.html HTTP/1.1" 200 56 "-" "monit/4.6"
74.125.189.16 - - [01/Jul/2013:14:45:01 +0200] "GET /IMG/arton573.jpg HTTP/1.1" 404 292 "http://www.stormfront.org/forum/" "-"
132.76.61.22 - - [01/Jul/2013:14:45:01 +0200] "GET /IMG/arton573.jpg HTTP/1.1" 404 292 "http://www.stormfront.org/forum/t402378/" "Mozilla/5.0 (Windows NT 6.1; WOW64; rv:21.0) Gecko/20100101 Firefox/21.0"
84.0.28.95 - - [01/Jul/2013:14:45:08 +0200] "-" 408 - "-" "-"
84.0.28.95 - - [01/Jul/2013:14:45:12 +0200] "-" 408 - "-" "-"
195.56.55.225 - - [01/Jul/2013:14:46:17 +0200] "GET /test.html HTTP/1.1" 200 56 "-" "monit/4.6"
178.48.54.126 - - [01/Jul/2013:14:48:08 +0200] "-" 408 - "-" "-"
195.56.55.225 - - [01/Jul/2013:14:48:21 +0200] "GET /test.html HTTP/1.1" 200 56 "-" "monit/4.6"
157.56.93.39 - - [01/Jul/2013:14:49:19 +0200] "GET /robots.txt HTTP/1.1" 404 285 "-" "Mozilla/5.0 (compatible; bingbot/2.0; +http://www.bing.com/bingbot.htm)"
157.56.229.186 - - [01/Jul/2013:14:49:56 +0200] "GET /kompasz/hogyan_jutunk_el_oda HTTP/1.1" 404 317 "-" "Mozilla/5.0 (compatible; bingbot/2.0; +http://www.bing.com/bingbot.htm)"
195.56.55.225 - - [01/Jul/2013:14:50:23 +0200] "GET /test.html HTTP/1.1" 200 56 "-" "monit/4.6"
178.151.143.247 - - [01/Jul/2013:14:51:14 +0200] "GET /contact HTTP/1.0" 404 273 "-" "Mozilla/5.0 (compatible; MJ12bot/v1.4.3; http://www.majestic12.co.uk/bot.php?+)"
178.151.143.247 - - [01/Jul/2013:14:51:16 +0200] "GET /tevekenysegunk/zolduljunk/gyokeres_fenyo HTTP/1.0" 404 308 "-" "Mozilla/5.0 (compatible; MJ12bot/v1.4.3; http://www.majestic12.co.uk/bot.php?+)"
178.151.143.247 - - [01/Jul/2013:14:51:18 +0200] "GET /cikk.php3?id_article=550 HTTP/1.0" 404 273 "-" "Mozilla/5.0 (compatible; MJ12bot/v1.4.3; http://www.majestic12.co.uk/bot.php?+)"
195.56.55.225 - - [01/Jul/2013:14:52:25 +0200] "GET /test.html HTTP/1.1" 200 56 "-" "monit/4.6"
157.56.93.39 - - [01/Jul/2013:14:53:59 +0200] "GET / HTTP/1.1" 200 1155 "-" "Mozilla/5.0 (compatible; bingbot/2.0; +http://www.bing.com/bingbot.htm)"
195.56.55.225 - - [01/Jul/2013:14:54:28 +0200] "GET /test.html HTTP/1.1" 200 56 "-" "monit/4.6"
208.115.111.71 - - [01/Jul/2013:14:55:08 +0200] "GET /robots.txt HTTP/1.1" 404 299 "-" "Mozilla/5.0 (compatible; Ezooms/1.0; ezooms.bot@gmail.com)"
195.228.41.42 - - [01/Jul/2013:14:55:23 +0200] "-" 408 - "-" "-"
195.56.55.225 - - [01/Jul/2013:14:56:30 +0200] "GET /test.html HTTP/1.1" 200 56 "-" "monit/4.6"
195.228.41.42 - - [01/Jul/2013:14:57:28 +0200] "-" 408 - "-" "-"
195.56.55.225 - - [01/Jul/2013:14:58:32 +0200] "GET /test.html HTTP/1.1" 200 56 "-" "monit/4.6"
178.48.114.84 - - [01/Jul/2013:14:59:41 +0200] "-" 408 - "-" "-"
195.56.55.225 - - [01/Jul/2013:15:00:34 +0200] "GET /test.html HTTP/1.1" 200 56 "-" "monit/4.6"
91.232.96.36 - - [01/Jul/2013:15:00:59 +0200] "GET /forum_attac.php3?id_article=983&retour=cikk.php3%3Fid_article%3D983 HTTP/1.1" 404 292 "-" "Mozilla/4.0 (compatible; MSIE 6.0; Windows NT 5.1; SV1)"
176.241.12.2 - - [01/Jul/2013:15:02:31 +0200] "-" 408 - "-" "-"
195.56.55.225 - - [01/Jul/2013:15:02:36 +0200] "GET /test.html HTTP/1.1" 200 56 "-" "monit/4.6"
89.248.174.60 - - [01/Jul/2013:15:02:47 +0200] "GET /forum_attac.php3?id_article=983&retour=cikk.php3%3Fid_article%3D983 HTTP/1.1" 404 292 "-" "Mozilla/4.0 (compatible; MSIE 6.0; Windows NT 5.1; SV1)"
66.249.75.132 - - [01/Jul/2013:15:04:30 +0200] "GET /cikk.php3?id_article=895 HTTP/1.1" 404 285 "-" "Mozilla/5.0 (compatible; Googlebot/2.1; +http://www.google.com/bot.html)"
195.56.55.225 - - [01/Jul/2013:15:04:38 +0200] "GET /test.html HTTP/1.1" 200 56 "-" "monit/4.6"
195.56.55.225 - - [01/Jul/2013:15:06:40 +0200] "GET /test.html HTTP/1.1" 200 56 "-" "monit/4.6"
212.7.196.79 - - [01/Jul/2013:15:07:00 +0200] "GET / HTTP/1.1" 200 1155 "-" "Mozilla/5.0 (Windows; U; Windows NT 6.1; WOW64; en-US; rv:2.0.4) Gecko/20120718 AskTbAVR-IDW/3.12.5.17700 Firefox/14.0.1"
195.56.55.225 - - [01/Jul/2013:15:08:42 +0200] "GET /test.html HTTP/1.1" 200 56 "-" "monit/4.6"
195.56.55.225 - - [01/Jul/2013:15:10:44 +0200] "GET /test.html HTTP/1.1" 200 56 "-" "monit/4.6"
195.56.55.225 - - [01/Jul/2013:15:12:46 +0200] "GET /test.html HTTP/1.1" 200 56 "-" "monit/4.6"
91.146.138.130 - - [01/Jul/2013:15:13:49 +0200] "-" 408 - "-" "-"
195.56.55.225 - - [01/Jul/2013:15:14:48 +0200] "GET /test.html HTTP/1.1" 200 56 "-" "monit/4.6"
92.40.171.118 - - [01/Jul/2013:15:16:33 +0200] "GET /proxy.pac HTTP/1.1" 404 282 "-" "Mozilla/5.0 (Windows NT 6.1; rv:5.0) Gecko/20100101 Firefox/5.0"
92.40.171.118 - - [01/Jul/2013:15:16:44 +0200] "GET /proxy.pac HTTP/1.1" 404 282 "-" "Mozilla/5.0 (Windows NT 6.1; rv:5.0) Gecko/20100101 Firefox/5.0"
195.56.55.225 - - [01/Jul/2013:15:16:50 +0200] "GET /test.html HTTP/1.1" 200 56 "-" "monit/4.6"
92.40.171.118 - - [01/Jul/2013:15:16:55 +0200] "GET /proxy.pac HTTP/1.1" 404 282 "-" "Mozilla/5.0 (Windows NT 6.1; rv:5.0) Gecko/20100101 Firefox/5.0"
92.40.171.118 - - [01/Jul/2013:15:17:17 +0200] "GET /proxy.pac HTTP/1.1" 404 282 "-" "Mozilla/5.0 (Windows NT 6.1; rv:5.0) Gecko/20100101 Firefox/5.0"
92.40.171.118 - - [01/Jul/2013:15:18:02 +0200] "GET /proxy.pac HTTP/1.1" 404 282 "-" "Mozilla/5.0 (Windows NT 6.1; rv:5.0) Gecko/20100101 Firefox/5.0"
157.56.229.186 - - [01/Jul/2013:15:18:39 +0200] "GET /robots.txt HTTP/1.1" 404 286 "-" "Mozilla/5.0 (compatible; bingbot/2.0; +http://www.bing.com/bingbot.htm)"
195.56.55.225 - - [01/Jul/2013:15:18:53 +0200] "GET /test.html HTTP/1.1" 200 56 "-" "monit/4.6"
122.173.148.126 - - [01/Jul/2013:15:19:17 +0200] "-" 408 - "-" "-"
92.40.171.118 - - [01/Jul/2013:15:19:26 +0200] "GET /proxy.pac HTTP/1.1" 404 282 "-" "Mozilla/5.0 (Windows NT 6.1; rv:5.0) Gecko/20100101 Firefox/5.0"
183.61.239.209 - - [01/Jul/2013:15:20:38 +0200] "POST /forum_attac.php3?id_article=710&retour=cikk HTTP/1.0" 404 280 "http://attac.zpok.hu/forum_attac.php3?id_article=710&retour=cikk" "Mozilla/4.0 (compatible; MSIE 6.0; Windows NT 5.1; SV1)"
195.56.55.225 - - [01/Jul/2013:15:20:56 +0200] "GET /test.html HTTP/1.1" 200 56 "-" "monit/4.6"
92.40.171.118 - - [01/Jul/2013:15:22:08 +0200] "GET /proxy.pac HTTP/1.1" 404 282 "-" "Mozilla/5.0 (Windows NT 6.1; rv:5.0) Gecko/20100101 Firefox/5.0"
195.56.55.225 - - [01/Jul/2013:15:22:58 +0200] "GET /test.html HTTP/1.1" 200 56 "-" "monit/4.6"
91.232.96.36 - - [01/Jul/2013:15:23:52 +0200] "GET /forum_attac.php3?id_article=983&retour=cikk.php3%3Fid_article%3D983 HTTP/1.1" 404 292 "-" "Mozilla/4.0 (compatible; MSIE 6.0; Windows NT 5.1; SV1)"
157.56.229.186 - - [01/Jul/2013:15:24:57 +0200] "GET / HTTP/1.1" 200 1155 "-" "Mozilla/5.0 (compatible; bingbot/2.0; +http://www.bing.com/bingbot.htm)"
195.56.55.225 - - [01/Jul/2013:15:25:01 +0200] "GET /test.html HTTP/1.1" 200 56 "-" "monit/4.6"
89.248.174.60 - - [01/Jul/2013:15:25:43 +0200] "GET /forum_attac.php3?id_article=983&retour=cikk.php3%3Fid_article%3D983 HTTP/1.1" 404 292 "-" "Mozilla/4.0 (compatible; MSIE 6.0; Windows NT 5.1; SV1)"
195.56.55.225 - - [01/Jul/2013:15:27:05 +0200] "GET /test.html HTTP/1.1" 200 56 "-" "monit/4.6"
92.40.171.118 - - [01/Jul/2013:15:27:09 +0200] "GET /proxy.pac HTTP/1.1" 404 282 "-" "Mozilla/5.0 (Windows NT 6.1; rv:5.0) Gecko/20100101 Firefox/5.0"
195.56.55.225 - - [01/Jul/2013:15:29:07 +0200] "GET /test.html HTTP/1.1" 200 56 "-" "monit/4.6"
114.79.0.197 - - [01/Jul/2013:15:30:30 +0200] "-" 408 - "-" "-"
195.56.55.225 - - [01/Jul/2013:15:31:09 +0200] "GET /test.html HTTP/1.1" 200 56 "-" "monit/4.6"
114.79.0.197 - - [01/Jul/2013:15:31:12 +0200] "-" 408 - "-" "-"
92.40.171.118 - - [01/Jul/2013:15:32:28 +0200] "GET /proxy.pac HTTP/1.1" 404 282 "-" "Mozilla/5.0 (Windows NT 6.1; rv:5.0) Gecko/20100101 Firefox/5.0"
195.56.55.225 - - [01/Jul/2013:15:33:12 +0200] "GET /test.html HTTP/1.1" 200 56 "-" "monit/4.6"
195.56.55.225 - - [01/Jul/2013:15:35:14 +0200] "GET /test.html HTTP/1.1" 200 56 "-" "monit/4.6"
195.56.55.225 - - [01/Jul/2013:15:37:16 +0200] "GET /test.html HTTP/1.1" 200 56 "-" "monit/4.6"
92.40.171.118 - - [01/Jul/2013:15:37:31 +0200] "GET /proxy.pac HTTP/1.1" 404 282 "-" "Mozilla/5.0 (Windows NT 6.1; rv:5.0) Gecko/20100101 Firefox/5.0"
195.56.55.225 - - [01/Jul/2013:15:39:18 +0200] "GET /test.html HTTP/1.1" 200 56 "-" "monit/4.6"
89.223.142.41 - - [01/Jul/2013:15:41:10 +0200] "-" 408 - "-" "-"
89.223.142.41 - - [01/Jul/2013:15:41:10 +0200] "-" 408 - "-" "-"
89.223.142.41 - - [01/Jul/2013:15:41:10 +0200] "-" 408 - "-" "-"
89.223.142.41 - - [01/Jul/2013:15:41:10 +0200] "-" 408 - "-" "-"
195.56.55.225 - - [01/Jul/2013:15:41:21 +0200] "GET /test.html HTTP/1.1" 200 56 "-" "monit/4.6"
92.40.171.118 - - [01/Jul/2013:15:42:36 +0200] "GET /proxy.pac HTTP/1.1" 404 282 "-" "Mozilla/5.0 (Windows NT 6.1; rv:5.0) Gecko/20100101 Firefox/5.0"
77.88.42.27 - - [01/Jul/2013:15:42:54 +0200] "GET / HTTP/1.1" 200 1155 "-" "Mozilla/5.0 (compatible; YandexBot/3.0; +http://yandex.com/bots)"
195.56.55.225 - - [01/Jul/2013:15:43:23 +0200] "GET /test.html HTTP/1.1" 200 56 "-" "monit/4.6"
157.56.229.186 - - [01/Jul/2013:15:43:55 +0200] "GET / HTTP/1.1" 200 1155 "-" "Mozilla/5.0 (compatible; bingbot/2.0; +http://www.bing.com/bingbot.htm)"
195.56.55.225 - - [01/Jul/2013:15:45:30 +0200] "GET /test.html HTTP/1.1" 200 56 "-" "monit/4.6"
89.132.65.228 - - [01/Jul/2013:15:46:33 +0200] "-" 408 - "-" "-"
91.232.96.36 - - [01/Jul/2013:15:46:57 +0200] "GET /forum_attac.php3?id_article=983&retour=cikk.php3%3Fid_article%3D983 HTTP/1.1" 404 292 "-" "Mozilla/4.0 (compatible; MSIE 6.0; Windows NT 5.1; SV1)"
195.56.55.225 - - [01/Jul/2013:15:47:33 +0200] "GET /test.html HTTP/1.1" 200 56 "-" "monit/4.6"
92.40.171.118 - - [01/Jul/2013:15:47:54 +0200] "GET /proxy.pac HTTP/1.1" 404 282 "-" "Mozilla/5.0 (Windows NT 6.1; rv:5.0) Gecko/20100101 Firefox/5.0"
89.248.174.60 - - [01/Jul/2013:15:48:41 +0200] "GET /forum_attac.php3?id_article=983&retour=cikk.php3%3Fid_article%3D983 HTTP/1.1" 404 292 "-" "Mozilla/4.0 (compatible; MSIE 6.0; Windows NT 5.1; SV1)"
195.56.55.225 - - [01/Jul/2013:15:49:35 +0200] "GET /test.html HTTP/1.1" 200 56 "-" "monit/4.6"
66.249.75.132 - - [01/Jul/2013:15:50:21 +0200] "GET /cikkek.php3?id_rubrique=76 HTTP/1.1" 404 287 "-" "Mozilla/5.0 (compatible; Googlebot/2.1; +http://www.google.com/bot.html)"
62.77.226.22 - - [01/Jul/2013:15:51:28 +0200] "-" 408 - "-" "-"
81.182.252.139 - - [01/Jul/2013:15:51:38 +0200] "GET / HTTP/1.1" 200 1155 "-" "Mozilla/5.0 (compatible; MSIE 10.0; Windows NT 6.1; Trident/6.0)"
81.182.252.139 - - [01/Jul/2013:15:51:38 +0200] "GET /favicon.ico HTTP/1.1" 404 290 "-" "Mozilla/5.0 (compatible; MSIE 10.0; Windows NT 6.1; Trident/6.0)"
195.56.55.225 - - [01/Jul/2013:15:51:38 +0200] "GET /test.html HTTP/1.1" 200 56 "-" "monit/4.6"
81.182.252.139 - - [01/Jul/2013:15:52:09 +0200] "-" 408 - "-" "-"
81.182.252.139 - - [01/Jul/2013:15:52:09 +0200] "-" 408 - "-" "-"
81.182.252.139 - - [01/Jul/2013:15:52:21 +0200] "-" 408 - "-" "-"
81.182.252.139 - - [01/Jul/2013:15:52:30 +0200] "-" 408 - "-" "-"
92.40.171.118 - - [01/Jul/2013:15:53:07 +0200] "GET /proxy.pac HTTP/1.1" 404 282 "-" "Mozilla/5.0 (Windows NT 6.1; rv:5.0) Gecko/20100101 Firefox/5.0"
81.182.252.139 - - [01/Jul/2013:15:53:10 +0200] "-" 408 - "-" "-"
81.182.252.139 - - [01/Jul/2013:15:53:11 +0200] "-" 408 - "-" "-"
208.115.113.90 - - [01/Jul/2013:15:53:30 +0200] "GET /node/198 HTTP/1.1" 404 288 "-" "Mozilla/5.0 (compatible; Ezooms/1.0; ezooms.bot@gmail.com)"
85.72.120.187 - - [01/Jul/2013:15:53:30 +0200] "GET http://attac.zpok.hu/IMG/European_SW_Report_2010-eng.pdf HTTP/1.0" 404 299 "http://attac.zpok.hu/IMG/European_SW_Report_2010-eng.pdf" "Mozilla/5.0 (Windows NT 6.2; WOW64) AppleWebKit/537.11 (KHTML, like Gecko) Chrome/23.0.1271.64 Safari/537.11"
85.72.120.187 - - [01/Jul/2013:15:53:33 +0200] "GET / HTTP/1.0" 200 1155 "http://attac.zpok.hu/" "Mozilla/5.0 (Windows NT 6.2; WOW64) AppleWebKit/537.11 (KHTML, like Gecko) Chrome/23.0.1271.64 Safari/537.11"
195.56.55.225 - - [01/Jul/2013:15:53:40 +0200] "GET /test.html HTTP/1.1" 200 56 "-" "monit/4.6"
195.56.55.225 - - [01/Jul/2013:15:55:42 +0200] "GET /test.html HTTP/1.1" 200 56 "-" "monit/4.6"
77.234.80.54 - - [01/Jul/2013:15:56:09 +0200] "-" 408 - "-" "-"
77.234.80.54 - - [01/Jul/2013:15:56:09 +0200] "-" 408 - "-" "-"
195.56.55.225 - - [01/Jul/2013:15:57:44 +0200] "GET /test.html HTTP/1.1" 200 56 "-" "monit/4.6"
92.40.171.118 - - [01/Jul/2013:15:58:14 +0200] "GET /proxy.pac HTTP/1.1" 404 282 "-" "Mozilla/5.0 (Windows NT 6.1; rv:5.0) Gecko/20100101 Firefox/5.0"
193.226.212.99 - - [01/Jul/2013:15:58:42 +0200] "-" 408 - "-" "-"
193.91.89.218 - - [01/Jul/2013:15:59:21 +0200] "-" 408 - "-" "-"
195.56.55.225 - - [01/Jul/2013:15:59:46 +0200] "GET /test.html HTTP/1.1" 200 56 "-" "monit/4.6"
89.132.65.228 - - [01/Jul/2013:15:59:58 +0200] "-" 408 - "-" "-"
195.56.55.225 - - [01/Jul/2013:16:01:49 +0200] "GET /test.html HTTP/1.1" 200 56 "-" "monit/4.6"
193.91.89.218 - - [01/Jul/2013:16:02:07 +0200] "-" 408 - "-" "-"
92.40.171.118 - - [01/Jul/2013:16:03:17 +0200] "GET /proxy.pac HTTP/1.1" 404 282 "-" "Mozilla/5.0 (Windows NT 6.1; rv:5.0) Gecko/20100101 Firefox/5.0"
195.56.55.225 - - [01/Jul/2013:16:03:51 +0200] "GET /test.html HTTP/1.1" 200 56 "-" "monit/4.6"
195.56.55.225 - - [01/Jul/2013:16:05:53 +0200] "GET /test.html HTTP/1.1" 200 56 "-" "monit/4.6"
195.56.55.225 - - [01/Jul/2013:16:07:56 +0200] "GET /test.html HTTP/1.1" 200 56 "-" "monit/4.6"
92.40.171.118 - - [01/Jul/2013:16:08:22 +0200] "GET /proxy.pac HTTP/1.1" 404 282 "-" "Mozilla/5.0 (Windows NT 6.1; rv:5.0) Gecko/20100101 Firefox/5.0"
91.232.96.36 - - [01/Jul/2013:16:09:52 +0200] "GET /forum_attac.php3?id_article=983&retour=cikk.php3%3Fid_article%3D983 HTTP/1.1" 404 292 "-" "Mozilla/4.0 (compatible; MSIE 6.0; Windows NT 5.1; SV1)"
195.56.55.225 - - [01/Jul/2013:16:09:58 +0200] "GET /test.html HTTP/1.1" 200 56 "-" "monit/4.6"
77.88.42.27 - - [01/Jul/2013:16:10:28 +0200] "GET / HTTP/1.1" 200 1155 "-" "Mozilla/5.0 (compatible; YandexBot/3.0; +http://yandex.com/bots)"
89.248.174.60 - - [01/Jul/2013:16:11:47 +0200] "GET /forum_attac.php3?id_article=983&retour=cikk.php3%3Fid_article%3D983 HTTP/1.1" 404 292 "-" "Mozilla/4.0 (compatible; MSIE 6.0; Windows NT 5.1; SV1)"
195.56.55.225 - - [01/Jul/2013:16:12:01 +0200] "GET /test.html HTTP/1.1" 200 56 "-" "monit/4.6"
92.40.171.118 - - [01/Jul/2013:16:13:26 +0200] "GET /proxy.pac HTTP/1.1" 404 282 "-" "Mozilla/5.0 (Windows NT 6.1; rv:5.0) Gecko/20100101 Firefox/5.0"
195.56.55.225 - - [01/Jul/2013:16:14:04 +0200] "GET /test.html HTTP/1.1" 200 56 "-" "monit/4.6"
195.56.55.225 - - [01/Jul/2013:16:16:11 +0200] "GET /test.html HTTP/1.1" 200 56 "-" "monit/4.6"
195.56.55.225 - - [01/Jul/2013:16:18:13 +0200] "GET /test.html HTTP/1.1" 200 56 "-" "monit/4.6"
157.55.34.168 - - [01/Jul/2013:16:19:39 +0200] "GET /robots.txt HTTP/1.1" 404 288 "-" "Mozilla/5.0 (compatible; bingbot/2.0; +http://www.bing.com/bingbot.htm)"
195.56.55.225 - - [01/Jul/2013:16:20:15 +0200] "GET /test.html HTTP/1.1" 200 56 "-" "monit/4.6"
195.56.55.225 - - [01/Jul/2013:16:22:17 +0200] "GET /test.html HTTP/1.1" 200 56 "-" "monit/4.6"
195.56.55.225 - - [01/Jul/2013:16:24:19 +0200] "GET /test.html HTTP/1.1" 200 56 "-" "monit/4.6"
195.56.55.225 - - [01/Jul/2013:16:26:21 +0200] "GET /test.html HTTP/1.1" 200 56 "-" "monit/4.6"
195.56.55.225 - - [01/Jul/2013:16:28:23 +0200] "GET /test.html HTTP/1.1" 200 56 "-" "monit/4.6"
195.56.55.225 - - [01/Jul/2013:16:30:25 +0200] "GET /test.html HTTP/1.1" 200 56 "-" "monit/4.6"
194.176.228.35 - - [01/Jul/2013:16:30:49 +0200] "-" 408 - "-" "-"
194.176.228.35 - - [01/Jul/2013:16:30:49 +0200] "-" 408 - "-" "-"
188.155.79.191 - - [01/Jul/2013:16:31:32 +0200] "-" 408 - "-" "-"
157.55.33.20 - - [01/Jul/2013:16:32:21 +0200] "GET /robots.txt HTTP/1.1" 404 299 "-" "Mozilla/5.0 (compatible; bingbot/2.0; +http://www.bing.com/bingbot.htm)"
195.56.55.225 - - [01/Jul/2013:16:32:31 +0200] "GET /test.html HTTP/1.1" 200 56 "-" "monit/4.6"
37.191.9.111 - - [01/Jul/2013:16:32:39 +0200] "GET /proxy.pac HTTP/1.1" 404 286 "-" "-"
37.191.9.111 - - [01/Jul/2013:16:32:40 +0200] "GET /proxy.pac HTTP/1.1" 404 286 "-" "-"
188.155.79.191 - - [01/Jul/2013:16:32:53 +0200] "-" 408 - "-" "-"
91.232.96.36 - - [01/Jul/2013:16:32:53 +0200] "GET /forum_attac.php3?id_article=983&retour=cikk.php3%3Fid_article%3D983 HTTP/1.1" 404 292 "-" "Mozilla/4.0 (compatible; MSIE 6.0; Windows NT 5.1; SV1)"
