46.107.197.17 - - [05/Jul/2013:19:10:49 +0200] "GET /proxy.pac HTTP/1.1" 404 282 "-" "Mozilla/5.0 (Windows NT 6.1) AppleWebKit/537.36 (KHTML, like Gecko) Chrome/27.0.1453.116 Safari/537.36"
46.107.197.17 - - [05/Jul/2013:19:10:49 +0200] "GET /proxy.pac HTTP/1.1" 404 282 "-" "Mozilla/5.0 (Windows NT 6.1) AppleWebKit/537.36 (KHTML, like Gecko) Chrome/27.0.1453.116 Safari/537.36"
46.107.197.17 - - [05/Jul/2013:19:10:57 +0200] "GET /proxy.pac HTTP/1.1" 404 282 "-" "Mozilla/5.0 (Windows NT 6.1) AppleWebKit/537.36 (KHTML, like Gecko) Chrome/27.0.1453.116 Safari/537.36"
46.107.197.17 - - [05/Jul/2013:19:10:57 +0200] "GET /proxy.pac HTTP/1.1" 404 282 "-" "Mozilla/5.0 (Windows NT 6.1) AppleWebKit/537.36 (KHTML, like Gecko) Chrome/27.0.1453.116 Safari/537.36"
46.107.197.17 - - [05/Jul/2013:19:11:33 +0200] "GET /proxy.pac HTTP/1.1" 404 282 "-" "Mozilla/5.0 (Windows NT 6.1) AppleWebKit/537.36 (KHTML, like Gecko) Chrome/27.0.1453.116 Safari/537.36"
134.201.250.156 - - [05/Jul/2013:19:12:16 +0200] "POST /forum_attac.php3?id_article=710&retour=cikk HTTP/1.1" 404 292 "http://attac.zpok.hu/forum_attac.php3?id_article=710&retour=cikk" "Mozilla/4.0 (compatible; MSIE 6.0; Windows NT 5.1; SV1)"
91.228.178.138 - - [05/Jul/2013:19:12:41 +0200] "POST /forum_attac.php3?id_article=710&retour=cikk HTTP/1.0" 404 280 "http://attac.zpok.hu/forum_attac.php3?id_article=710&retour=cikk" "Mozilla/4.0 (compatible; MSIE 6.0; Windows NT 5.1; SV1)"
195.56.55.225 - - [05/Jul/2013:19:12:48 +0200] "GET /test.html HTTP/1.1" 200 56 "-" "monit/4.6"
46.107.197.17 - - [05/Jul/2013:19:13:09 +0200] "GET /proxy.pac HTTP/1.1" 404 282 "-" "Mozilla/5.0 (Windows NT 6.1) AppleWebKit/537.36 (KHTML, like Gecko) Chrome/27.0.1453.116 Safari/537.36"
46.107.197.17 - - [05/Jul/2013:19:13:53 +0200] "GET /proxy.pac HTTP/1.1" 404 282 "-" "Mozilla/5.0 (compatible; MSIE 10.0; Win32; Trident/6.0)"
89.248.174.60 - - [05/Jul/2013:19:14:44 +0200] "GET /forum_attac.php3?id_article=983&retour=cikk.php3%3Fid_article%3D983 HTTP/1.1" 404 292 "-" "Mozilla/4.0 (compatible; MSIE 6.0; Windows NT 5.1; SV1)"
195.56.55.225 - - [05/Jul/2013:19:14:50 +0200] "GET /test.html HTTP/1.1" 200 56 "-" "monit/4.6"
46.107.197.17 - - [05/Jul/2013:19:16:49 +0200] "GET /proxy.pac HTTP/1.1" 404 282 "-" "Mozilla/5.0 (Windows NT 6.1) AppleWebKit/537.36 (KHTML, like Gecko) Chrome/27.0.1453.116 Safari/537.36"
195.56.55.225 - - [05/Jul/2013:19:16:52 +0200] "GET /test.html HTTP/1.1" 200 56 "-" "monit/4.6"
80.98.159.144 - - [05/Jul/2013:19:18:52 +0200] "-" 408 - "-" "-"
195.56.55.225 - - [05/Jul/2013:19:18:54 +0200] "GET /test.html HTTP/1.1" 200 56 "-" "monit/4.6"
195.56.55.225 - - [05/Jul/2013:19:20:56 +0200] "GET /test.html HTTP/1.1" 200 56 "-" "monit/4.6"
151.248.123.211 - - [05/Jul/2013:19:21:17 +0200] "POST" 405 - "-" "-"
203.252.199.3 - - [05/Jul/2013:19:22:54 +0200] "POST /forum_attac.php3?id_article=710&retour=cikk HTTP/1.0" 404 280 "http://attac.zpok.hu/forum_attac.php3?id_article=710&retour=cikk" "Mozilla/4.0 (compatible; MSIE 6.0; Windows NT 5.1; SV1)"
202.125.84.2 - - [05/Jul/2013:19:22:57 +0200] "POST /forum_attac.php3?id_article=710&retour=cikk HTTP/1.1" 404 292 "http://attac.zpok.hu/forum_attac.php3?id_article=710&retour=cikk" "Mozilla/4.0 (compatible; MSIE 6.0; Windows NT 5.1; SV1)"
116.236.216.116 - - [05/Jul/2013:19:22:58 +0200] "POST /forum_attac.php3?id_article=710&retour=cikk HTTP/1.1" 404 292 "http://attac.zpok.hu/forum_attac.php3?id_article=710&retour=cikk" "Mozilla/4.0 (compatible; MSIE 6.0; Windows NT 5.1; SV1)"
195.56.55.225 - - [05/Jul/2013:19:22:58 +0200] "GET /test.html HTTP/1.1" 200 56 "-" "monit/4.6"
195.56.55.225 - - [05/Jul/2013:19:25:01 +0200] "GET /test.html HTTP/1.1" 200 56 "-" "monit/4.6"
195.56.55.225 - - [05/Jul/2013:19:27:03 +0200] "GET /test.html HTTP/1.1" 200 56 "-" "monit/4.6"
46.107.197.17 - - [05/Jul/2013:19:28:53 +0200] "GET /proxy.pac HTTP/1.1" 404 282 "-" "Mozilla/5.0 (compatible; MSIE 10.0; Win32; Trident/6.0)"
195.56.55.225 - - [05/Jul/2013:19:29:05 +0200] "GET /test.html HTTP/1.1" 200 56 "-" "monit/4.6"
166.78.136.180 - - [05/Jul/2013:19:29:50 +0200] "POST /forum_attac.php3?id_article=710&retour=cikk HTTP/1.1" 404 292 "http://attac.zpok.hu/forum_attac.php3?id_article=710&retour=cikk" "Mozilla/4.0 (compatible; MSIE 6.0; Windows NT 5.1; SV1)"
203.217.188.60 - - [05/Jul/2013:19:29:52 +0200] "POST /forum_attac.php3?id_article=710&retour=cikk HTTP/1.1" 404 292 "http://attac.zpok.hu/forum_attac.php3?id_article=710&retour=cikk" "Mozilla/4.0 (compatible; MSIE 6.0; Windows NT 5.1; SV1)"
66.249.78.99 - - [05/Jul/2013:19:30:37 +0200] "GET /robots.txt HTTP/1.1" 404 291 "-" "Mozilla/5.0 (compatible; Googlebot/2.1; +http://www.google.com/bot.html)"
195.56.55.225 - - [05/Jul/2013:19:31:07 +0200] "GET /test.html HTTP/1.1" 200 56 "-" "monit/4.6"
46.107.197.17 - - [05/Jul/2013:19:31:28 +0200] "GET /proxy.pac HTTP/1.1" 404 282 "-" "-"
46.107.197.17 - - [05/Jul/2013:19:31:28 +0200] "GET /proxy.pac HTTP/1.1" 404 282 "-" "-"
46.107.197.17 - - [05/Jul/2013:19:31:28 +0200] "GET /proxy.pac HTTP/1.1" 404 282 "-" "-"
46.107.197.17 - - [05/Jul/2013:19:31:28 +0200] "GET /proxy.pac HTTP/1.1" 404 282 "-" "-"
46.107.197.17 - - [05/Jul/2013:19:31:28 +0200] "GET /proxy.pac HTTP/1.1" 404 282 "-" "-"
46.107.197.17 - - [05/Jul/2013:19:31:28 +0200] "GET /proxy.pac HTTP/1.1" 404 282 "-" "-"
46.107.197.17 - - [05/Jul/2013:19:31:29 +0200] "GET /proxy.pac HTTP/1.1" 404 282 "-" "-"
46.107.197.17 - - [05/Jul/2013:19:31:29 +0200] "GET /proxy.pac HTTP/1.1" 404 282 "-" "-"
195.56.55.225 - - [05/Jul/2013:19:33:09 +0200] "GET /test.html HTTP/1.1" 200 56 "-" "monit/4.6"
27.153.148.93 - - [05/Jul/2013:19:34:35 +0200] "-" 408 - "-" "-"
195.56.55.225 - - [05/Jul/2013:19:35:11 +0200] "GET /test.html HTTP/1.1" 200 56 "-" "monit/4.6"
27.153.148.93 - - [05/Jul/2013:19:35:22 +0200] "-" 408 - "-" "-"
65.55.52.114 - - [05/Jul/2013:19:36:22 +0200] "GET /robots.txt HTTP/1.1" 404 294 "-" "Mozilla/5.0 (compatible; bingbot/2.0; +http://www.bing.com/bingbot.htm)"
195.56.55.225 - - [05/Jul/2013:19:37:14 +0200] "GET /test.html HTTP/1.1" 200 56 "-" "monit/4.6"
46.107.197.17 - - [05/Jul/2013:19:37:29 +0200] "GET /proxy.pac HTTP/1.1" 404 282 "-" "Mozilla/5.0 (Windows NT 6.1) AppleWebKit/537.36 (KHTML, like Gecko) Chrome/27.0.1453.116 Safari/537.36"
89.248.174.60 - - [05/Jul/2013:19:37:43 +0200] "GET /forum_attac.php3?id_article=983&retour=cikk.php3%3Fid_article%3D983 HTTP/1.1" 404 292 "-" "Mozilla/4.0 (compatible; MSIE 6.0; Windows NT 5.1; SV1)"
64.235.152.13 - - [05/Jul/2013:19:39:05 +0200] "POST /forum_attac.php3?id_article=710&retour=cikk HTTP/1.1" 404 292 "http://attac.zpok.hu/forum_attac.php3?id_article=710&retour=cikk" "Mozilla/4.0 (compatible; MSIE 6.0; Windows NT 5.1; SV1)"
31.46.64.163 - - [05/Jul/2013:19:39:05 +0200] "-" 408 - "-" "-"
64.213.148.131 - - [05/Jul/2013:19:39:06 +0200] "POST /forum_attac.php3?id_article=710&retour=cikk HTTP/1.1" 404 292 "http://attac.zpok.hu/forum_attac.php3?id_article=710&retour=cikk" "Mozilla/4.0 (compatible; MSIE 6.0; Windows NT 5.1; SV1)"
212.98.183.24 - - [05/Jul/2013:19:39:07 +0200] "POST /forum_attac.php3?id_article=710&retour=cikk HTTP/1.1" 404 292 "http://attac.zpok.hu/forum_attac.php3?id_article=710&retour=cikk" "Mozilla/4.0 (compatible; MSIE 6.0; Windows NT 5.1; SV1)"
195.56.55.225 - - [05/Jul/2013:19:39:16 +0200] "GET /test.html HTTP/1.1" 200 56 "-" "monit/4.6"
195.56.55.225 - - [05/Jul/2013:19:41:19 +0200] "GET /test.html HTTP/1.1" 200 56 "-" "monit/4.6"
77.100.248.6 - - [05/Jul/2013:19:43:17 +0200] "GET /robots.txt HTTP/1.0" 404 299 "-" "Mozilla/5.0 (compatible; MJ12bot/v1.4.3; http://www.majestic12.co.uk/bot.php?+)"
77.100.248.6 - - [05/Jul/2013:19:43:18 +0200] "GET /lakossagi/szigeteles-fillerekbol/C%C3%A9g%C3%BCnk HTTP/1.1" 404 342 "-" "Mozilla/5.0 (compatible; MJ12bot/v1.4.3; http://www.majestic12.co.uk/bot.php?+)"
77.100.248.6 - - [05/Jul/2013:19:43:20 +0200] "GET /lakossagi/szigeteles-fillerekbol/Elad%C3%B3 HTTP/1.1" 404 340 "-" "Mozilla/5.0 (compatible; MJ12bot/v1.4.3; http://www.majestic12.co.uk/bot.php?+)"
195.56.55.225 - - [05/Jul/2013:19:43:21 +0200] "GET /test.html HTTP/1.1" 200 56 "-" "monit/4.6"
77.100.248.6 - - [05/Jul/2013:19:43:21 +0200] "GET /lakossagi/szigeteles-fillerekbol/F%C3%B5 HTTP/1.1" 404 337 "-" "Mozilla/5.0 (compatible; MJ12bot/v1.4.3; http://www.majestic12.co.uk/bot.php?+)"
77.100.248.6 - - [05/Jul/2013:19:43:23 +0200] "GET /lakossagi/szigeteles-fillerekbol/H%C3%B5 HTTP/1.1" 404 337 "-" "Mozilla/5.0 (compatible; MJ12bot/v1.4.3; http://www.majestic12.co.uk/bot.php?+)"
77.100.248.6 - - [05/Jul/2013:19:43:24 +0200] "GET /lakossagi/szigeteles-fillerekbol/H%C3%B5szigetel%C3%A9s HTTP/1.1" 404 348 "-" "Mozilla/5.0 (compatible; MJ12bot/v1.4.3; http://www.majestic12.co.uk/bot.php?+)"
77.100.248.6 - - [05/Jul/2013:19:43:26 +0200] "GET /lakossagi/szigeteles-fillerekbol/H%C5%91 HTTP/1.1" 404 337 "-" "Mozilla/5.0 (compatible; MJ12bot/v1.4.3; http://www.majestic12.co.uk/bot.php?+)"
77.100.248.6 - - [05/Jul/2013:19:43:27 +0200] "GET /lakossagi/szigeteles-fillerekbol/Lapostet%C3%B5 HTTP/1.1" 404 344 "-" "Mozilla/5.0 (compatible; MJ12bot/v1.4.3; http://www.majestic12.co.uk/bot.php?+)"
77.100.248.6 - - [05/Jul/2013:19:43:29 +0200] "GET /lakossagi/szigeteles-fillerekbol/Lapostet%C5%91 HTTP/1.1" 404 344 "-" "Mozilla/5.0 (compatible; MJ12bot/v1.4.3; http://www.majestic12.co.uk/bot.php?+)"
46.107.197.17 - - [05/Jul/2013:19:43:53 +0200] "GET /proxy.pac HTTP/1.1" 404 282 "-" "Mozilla/5.0 (compatible; MSIE 10.0; Win32; Trident/6.0)"
195.56.55.225 - - [05/Jul/2013:19:45:23 +0200] "GET /test.html HTTP/1.1" 200 56 "-" "monit/4.6"
195.56.55.225 - - [05/Jul/2013:19:47:25 +0200] "GET /test.html HTTP/1.1" 200 56 "-" "monit/4.6"
46.107.197.17 - - [05/Jul/2013:19:48:12 +0200] "GET /proxy.pac HTTP/1.1" 404 282 "-" "-"
46.107.197.17 - - [05/Jul/2013:19:48:15 +0200] "GET /proxy.pac HTTP/1.1" 404 282 "-" "-"
195.56.55.225 - - [05/Jul/2013:19:49:27 +0200] "GET /test.html HTTP/1.1" 200 56 "-" "monit/4.6"
46.107.197.17 - - [05/Jul/2013:19:51:28 +0200] "GET /proxy.pac HTTP/1.1" 404 282 "-" "-"
46.107.197.17 - - [05/Jul/2013:19:51:28 +0200] "GET /proxy.pac HTTP/1.1" 404 282 "-" "-"
195.56.55.225 - - [05/Jul/2013:19:51:29 +0200] "GET /test.html HTTP/1.1" 200 56 "-" "monit/4.6"
195.56.55.225 - - [05/Jul/2013:19:53:31 +0200] "GET /test.html HTTP/1.1" 200 56 "-" "monit/4.6"
195.56.55.225 - - [05/Jul/2013:19:55:33 +0200] "GET /test.html HTTP/1.1" 200 56 "-" "monit/4.6"
180.76.5.19 - - [05/Jul/2013:19:55:34 +0200] "GET / HTTP/1.1" 200 1155 "-" "Mozilla/5.0 (compatible; Baiduspider/2.0; +http://www.baidu.com/search/spider.html)"
195.56.55.225 - - [05/Jul/2013:19:57:35 +0200] "GET /test.html HTTP/1.1" 200 56 "-" "monit/4.6"
46.107.197.17 - - [05/Jul/2013:19:58:53 +0200] "GET /proxy.pac HTTP/1.1" 404 282 "-" "Mozilla/5.0 (compatible; MSIE 10.0; Win32; Trident/6.0)"
89.123.27.103 - - [05/Jul/2013:19:58:57 +0200] "GET /\" + gaJsHost + \"google-analytics.com/ga.js HTTP/1.1" 400 365 "-" "-"
195.56.55.225 - - [05/Jul/2013:19:59:37 +0200] "GET /test.html HTTP/1.1" 200 56 "-" "monit/4.6"
188.6.144.117 - - [05/Jul/2013:19:59:49 +0200] "-" 408 - "-" "-"
89.248.174.60 - - [05/Jul/2013:20:00:35 +0200] "GET /forum_attac.php3?id_article=983&retour=cikk.php3%3Fid_article%3D983 HTTP/1.1" 404 292 "-" "Mozilla/4.0 (compatible; MSIE 6.0; Windows NT 5.1; SV1)"
195.56.55.225 - - [05/Jul/2013:20:01:39 +0200] "GET /test.html HTTP/1.1" 200 56 "-" "monit/4.6"
195.56.55.225 - - [05/Jul/2013:20:03:41 +0200] "GET /test.html HTTP/1.1" 200 56 "-" "monit/4.6"
195.56.55.225 - - [05/Jul/2013:20:05:43 +0200] "GET /test.html HTTP/1.1" 200 56 "-" "monit/4.6"
46.107.197.17 - - [05/Jul/2013:20:06:24 +0200] "GET /proxy.pac HTTP/1.1" 404 282 "-" "Mozilla/5.0 (Windows NT 6.1) AppleWebKit/537.36 (KHTML, like Gecko) Chrome/27.0.1453.116 Safari/537.36"
46.107.197.17 - - [05/Jul/2013:20:06:24 +0200] "GET /proxy.pac HTTP/1.1" 404 282 "-" "Mozilla/5.0 (Windows NT 6.1) AppleWebKit/537.36 (KHTML, like Gecko) Chrome/27.0.1453.116 Safari/537.36"
46.107.197.17 - - [05/Jul/2013:20:06:32 +0200] "GET /proxy.pac HTTP/1.1" 404 282 "-" "Mozilla/5.0 (Windows NT 6.1) AppleWebKit/537.36 (KHTML, like Gecko) Chrome/27.0.1453.116 Safari/537.36"
46.107.197.17 - - [05/Jul/2013:20:06:32 +0200] "GET /proxy.pac HTTP/1.1" 404 282 "-" "Mozilla/5.0 (Windows NT 6.1) AppleWebKit/537.36 (KHTML, like Gecko) Chrome/27.0.1453.116 Safari/537.36"
180.76.5.92 - - [05/Jul/2013:20:07:00 +0200] "GET /robots.txt HTTP/1.1" 404 292 "-" "Mozilla/5.0 (Windows NT 5.1; rv:6.0.2) Gecko/20100101 Firefox/6.0.2"
180.76.5.142 - - [05/Jul/2013:20:07:00 +0200] "GET /robots.txt HTTP/1.1" 404 293 "-" "Mozilla/5.0 (Windows NT 5.1; rv:6.0.2) Gecko/20100101 Firefox/6.0.2"
180.76.6.222 - - [05/Jul/2013:20:07:00 +0200] "GET /robots.txt HTTP/1.1" 404 283 "-" "Mozilla/5.0 (Windows NT 5.1; rv:6.0.2) Gecko/20100101 Firefox/6.0.2"
180.76.5.194 - - [05/Jul/2013:20:07:00 +0200] "GET /robots.txt HTTP/1.1" 404 289 "-" "Mozilla/5.0 (Windows NT 5.1; rv:6.0.2) Gecko/20100101 Firefox/6.0.2"
46.107.197.17 - - [05/Jul/2013:20:07:10 +0200] "GET /proxy.pac HTTP/1.1" 404 282 "-" "Mozilla/5.0 (Windows NT 6.1) AppleWebKit/537.36 (KHTML, like Gecko) Chrome/27.0.1453.116 Safari/537.36"
91.228.178.138 - - [05/Jul/2013:20:07:13 +0200] "POST /forum_attac.php3?id_article=710&retour=cikk HTTP/1.0" 404 280 "http://attac.zpok.hu/forum_attac.php3?id_article=710&retour=cikk" "Mozilla/4.0 (compatible; MSIE 6.0; Windows NT 5.1; SV1)"
212.98.183.24 - - [05/Jul/2013:20:07:14 +0200] "POST /forum_attac.php3?id_article=710&retour=cikk HTTP/1.1" 404 292 "http://attac.zpok.hu/forum_attac.php3?id_article=710&retour=cikk" "Mozilla/4.0 (compatible; MSIE 6.0; Windows NT 5.1; SV1)"
64.235.152.13 - - [05/Jul/2013:20:07:22 +0200] "POST /forum_attac.php3?id_article=710&retour=cikk HTTP/1.1" 404 292 "http://attac.zpok.hu/forum_attac.php3?id_article=710&retour=cikk" "Mozilla/4.0 (compatible; MSIE 6.0; Windows NT 5.1; SV1)"
195.56.55.225 - - [05/Jul/2013:20:07:45 +0200] "GET /test.html HTTP/1.1" 200 56 "-" "monit/4.6"
159.16.241.1 - - [05/Jul/2013:20:08:10 +0200] "-" 408 - "-" "-"
46.107.197.17 - - [05/Jul/2013:20:09:01 +0200] "GET /proxy.pac HTTP/1.1" 404 282 "-" "Mozilla/5.0 (Windows NT 6.1) AppleWebKit/537.36 (KHTML, like Gecko) Chrome/27.0.1453.116 Safari/537.36"
195.56.55.225 - - [05/Jul/2013:20:09:47 +0200] "GET /test.html HTTP/1.1" 200 56 "-" "monit/4.6"
195.56.55.225 - - [05/Jul/2013:20:11:59 +0200] "GET /test.html HTTP/1.1" 200 56 "-" "monit/4.6"
46.107.197.17 - - [05/Jul/2013:20:12:24 +0200] "GET /proxy.pac HTTP/1.1" 404 282 "-" "Mozilla/5.0 (Windows NT 6.1) AppleWebKit/537.36 (KHTML, like Gecko) Chrome/27.0.1453.116 Safari/537.36"
46.107.197.17 - - [05/Jul/2013:20:13:53 +0200] "GET /proxy.pac HTTP/1.1" 404 282 "-" "Mozilla/5.0 (compatible; MSIE 10.0; Win32; Trident/6.0)"
195.56.55.225 - - [05/Jul/2013:20:14:02 +0200] "GET /test.html HTTP/1.1" 200 56 "-" "monit/4.6"
203.234.242.110 - - [05/Jul/2013:20:14:15 +0200] "POST /forum_attac.php3?id_article=710&retour=cikk HTTP/1.1" 404 292 "http://attac.zpok.hu/forum_attac.php3?id_article=710&retour=cikk" "Mozilla/4.0 (compatible; MSIE 6.0; Windows NT 5.1; SV1)"
180.76.5.171 - - [05/Jul/2013:20:15:33 +0200] "GET /robots.txt HTTP/1.1" 404 288 "-" "Mozilla/5.0 (Windows NT 5.1; rv:6.0.2) Gecko/20100101 Firefox/6.0.2"
195.56.55.225 - - [05/Jul/2013:20:16:04 +0200] "GET /test.html HTTP/1.1" 200 56 "-" "monit/4.6"
195.56.55.225 - - [05/Jul/2013:20:18:06 +0200] "GET /test.html HTTP/1.1" 200 56 "-" "monit/4.6"
46.107.197.17 - - [05/Jul/2013:20:18:21 +0200] "GET /proxy.pac HTTP/1.1" 404 282 "-" "Mozilla/5.0 (Windows NT 6.1) AppleWebKit/537.36 (KHTML, like Gecko) Chrome/27.0.1453.116 Safari/537.36"
195.56.55.225 - - [05/Jul/2013:20:20:08 +0200] "GET /test.html HTTP/1.1" 200 56 "-" "monit/4.6"
195.56.55.225 - - [05/Jul/2013:20:22:10 +0200] "GET /test.html HTTP/1.1" 200 56 "-" "monit/4.6"
89.248.174.60 - - [05/Jul/2013:20:23:37 +0200] "GET /forum_attac.php3?id_article=983&retour=cikk.php3%3Fid_article%3D983 HTTP/1.1" 404 292 "-" "Mozilla/4.0 (compatible; MSIE 6.0; Windows NT 5.1; SV1)"
195.56.55.225 - - [05/Jul/2013:20:24:12 +0200] "GET /test.html HTTP/1.1" 200 56 "-" "monit/4.6"
65.55.213.245 - - [05/Jul/2013:20:24:26 +0200] "GET /trafficbasedsspsitemap.xml HTTP/1.1" 404 302 "-" "Mozilla/5.0 (compatible; bingbot/2.0; +http://www.bing.com/bingbot.htm) SitemapProbe"
195.56.55.225 - - [05/Jul/2013:20:26:14 +0200] "GET /test.html HTTP/1.1" 200 56 "-" "monit/4.6"
78.108.29.125 - - [05/Jul/2013:20:27:42 +0200] "-" 408 - "-" "-"
195.56.55.225 - - [05/Jul/2013:20:28:16 +0200] "GET /test.html HTTP/1.1" 200 56 "-" "monit/4.6"
46.107.197.17 - - [05/Jul/2013:20:28:54 +0200] "GET /proxy.pac HTTP/1.1" 404 282 "-" "Mozilla/5.0 (compatible; MSIE 10.0; Win32; Trident/6.0)"
195.56.55.225 - - [05/Jul/2013:20:30:18 +0200] "GET /test.html HTTP/1.1" 200 56 "-" "monit/4.6"
46.107.197.17 - - [05/Jul/2013:20:31:28 +0200] "GET /proxy.pac HTTP/1.1" 404 282 "-" "-"
46.107.197.17 - - [05/Jul/2013:20:31:28 +0200] "GET /proxy.pac HTTP/1.1" 404 282 "-" "-"
46.107.197.17 - - [05/Jul/2013:20:31:28 +0200] "GET /proxy.pac HTTP/1.1" 404 282 "-" "-"
46.107.197.17 - - [05/Jul/2013:20:31:28 +0200] "GET /proxy.pac HTTP/1.1" 404 282 "-" "-"
173.237.182.101 - - [05/Jul/2013:20:31:34 +0200] "GET / HTTP/1.0" 200 1155 "http://forum.lmv.hu/" "Mozilla/5.0 (Windows NT 5.2; WOW64; rv:13.0) Gecko/20100101 Firefox/13.0.1"
195.56.55.225 - - [05/Jul/2013:20:32:20 +0200] "GET /test.html HTTP/1.1" 200 56 "-" "monit/4.6"
65.55.52.114 - - [05/Jul/2013:20:33:58 +0200] "GET /materiales/ HTTP/1.1" 404 295 "-" "Mozilla/5.0 (compatible; bingbot/2.0; +http://www.bing.com/bingbot.htm)"
111.95.243.36 - - [05/Jul/2013:20:34:20 +0200] "POST /forum_attac.php3?id_article=710&retour=cikk HTTP/1.1" 404 292 "http://attac.zpok.hu/forum_attac.php3?id_article=710&retour=cikk" "Mozilla/4.0 (compatible; MSIE 6.0; Windows NT 5.1; SV1)"
195.56.55.225 - - [05/Jul/2013:20:34:24 +0200] "GET /test.html HTTP/1.1" 200 56 "-" "monit/4.6"
54.235.160.121 - - [05/Jul/2013:20:34:25 +0200] "POST /forum_attac.php3?id_article=710&retour=cikk HTTP/1.1" 404 292 "http://attac.zpok.hu/forum_attac.php3?id_article=710&retour=cikk" "Mozilla/4.0 (compatible; MSIE 6.0; Windows NT 5.1; SV1)"
64.213.148.136 - - [05/Jul/2013:20:34:26 +0200] "POST /forum_attac.php3?id_article=710&retour=cikk HTTP/1.1" 404 292 "http://attac.zpok.hu/forum_attac.php3?id_article=710&retour=cikk" "Mozilla/4.0 (compatible; MSIE 6.0; Windows NT 5.1; SV1)"
46.229.164.97 - - [05/Jul/2013:20:35:03 +0200] "GET /robots.txt HTTP/1.1" 404 299 "-" "Mozilla/5.0 (compatible; SemrushBot/0.96.3; +http://www.semrush.com/bot.html)"
195.56.55.225 - - [05/Jul/2013:20:36:26 +0200] "GET /test.html HTTP/1.1" 200 56 "-" "monit/4.6"
46.107.197.17 - - [05/Jul/2013:20:36:28 +0200] "GET /proxy.pac HTTP/1.1" 404 282 "-" "-"
46.107.197.17 - - [05/Jul/2013:20:36:28 +0200] "GET /proxy.pac HTTP/1.1" 404 282 "-" "-"
46.107.197.17 - - [05/Jul/2013:20:36:28 +0200] "GET /proxy.pac HTTP/1.1" 404 282 "-" "-"
46.107.197.17 - - [05/Jul/2013:20:36:28 +0200] "GET /proxy.pac HTTP/1.1" 404 282 "-" "-"
46.107.197.17 - - [05/Jul/2013:20:36:28 +0200] "GET /proxy.pac HTTP/1.1" 404 282 "-" "-"
46.107.197.17 - - [05/Jul/2013:20:36:28 +0200] "GET /proxy.pac HTTP/1.1" 404 282 "-" "-"
46.107.197.17 - - [05/Jul/2013:20:36:28 +0200] "GET /proxy.pac HTTP/1.1" 404 282 "-" "-"
46.107.197.17 - - [05/Jul/2013:20:36:29 +0200] "GET /proxy.pac HTTP/1.1" 404 282 "-" "-"
212.7.196.79 - - [05/Jul/2013:20:38:05 +0200] "GET / HTTP/1.1" 200 1155 "-" "Mozilla/5.0 (Windows; U; Windows NT 6.1; WOW64; en-US; rv:2.0.4) Gecko/20120718 AskTbAVR-IDW/3.12.5.17700 Firefox/14.0.1"
188.29.5.216 - - [05/Jul/2013:20:38:15 +0200] "GET /proxy.pac HTTP/1.1" 404 282 "-" "Mozilla/5.0 (Windows NT 6.1; rv:5.0) Gecko/20100101 Firefox/5.0"
195.56.55.225 - - [05/Jul/2013:20:38:28 +0200] "GET /test.html HTTP/1.1" 200 56 "-" "monit/4.6"
195.56.55.225 - - [05/Jul/2013:20:40:30 +0200] "GET /test.html HTTP/1.1" 200 56 "-" "monit/4.6"
212.92.6.249 - - [05/Jul/2013:20:40:41 +0200] "GET / HTTP/1.1" 200 1155 "-" "Mozilla/4.0 (compatible; MSIE 8.0; Windows NT 5.1; Trident/4.0)"
212.92.6.249 - - [05/Jul/2013:20:40:41 +0200] "GET /favicon.ico HTTP/1.1" 404 287 "-" "Mozilla/4.0 (compatible; MSIE 8.0; Windows NT 5.1; Trident/4.0)"
119.226.253.14 - - [05/Jul/2013:20:41:59 +0200] "POST /forum_attac.php3?id_article=710&retour=cikk HTTP/1.1" 404 292 "http://attac.zpok.hu/forum_attac.php3?id_article=710&retour=cikk" "Mozilla/4.0 (compatible; MSIE 6.0; Windows NT 5.1; SV1)"
134.201.250.155 - - [05/Jul/2013:20:42:00 +0200] "POST /forum_attac.php3?id_article=710&retour=cikk HTTP/1.1" 404 292 "http://attac.zpok.hu/forum_attac.php3?id_article=710&retour=cikk" "Mozilla/4.0 (compatible; MSIE 6.0; Windows NT 5.1; SV1)"
195.228.147.196 - - [05/Jul/2013:20:42:01 +0200] "POST /forum_attac.php3?id_article=710&retour=cikk HTTP/1.1" 404 292 "http://attac.zpok.hu/forum_attac.php3?id_article=710&retour=cikk" "Mozilla/4.0 (compatible; MSIE 6.0; Windows NT 5.1; SV1)"
195.56.55.225 - - [05/Jul/2013:20:42:32 +0200] "GET /test.html HTTP/1.1" 200 56 "-" "monit/4.6"
46.107.197.17 - - [05/Jul/2013:20:43:54 +0200] "GET /proxy.pac HTTP/1.1" 404 282 "-" "Mozilla/5.0 (compatible; MSIE 10.0; Win32; Trident/6.0)"
195.56.55.225 - - [05/Jul/2013:20:44:34 +0200] "GET /test.html HTTP/1.1" 200 56 "-" "monit/4.6"
195.56.55.225 - - [05/Jul/2013:20:46:36 +0200] "GET /test.html HTTP/1.1" 200 56 "-" "monit/4.6"
89.248.174.60 - - [05/Jul/2013:20:46:48 +0200] "GET /forum_attac.php3?id_article=983&retour=cikk.php3%3Fid_article%3D983 HTTP/1.1" 404 292 "-" "Mozilla/4.0 (compatible; MSIE 6.0; Windows NT 5.1; SV1)"
66.249.78.84 - - [05/Jul/2013:20:47:28 +0200] "GET /robots.txt HTTP/1.1" 404 295 "-" "Mozilla/5.0 (compatible; Googlebot/2.1; +http://www.google.com/bot.html)"
66.249.78.84 - - [05/Jul/2013:20:47:29 +0200] "GET / HTTP/1.1" 200 1155 "-" "SAMSUNG-SGH-E250/1.0 Profile/MIDP-2.0 Configuration/CLDC-1.1 UP.Browser/6.2.3.3.c.1.101 (GUI) MMP/2.0 (compatible; Googlebot-Mobile/2.1; +http://www.google.com/bot.html)"
195.56.55.225 - - [05/Jul/2013:20:48:38 +0200] "GET /test.html HTTP/1.1" 200 56 "-" "monit/4.6"
195.56.55.225 - - [05/Jul/2013:20:50:40 +0200] "GET /test.html HTTP/1.1" 200 56 "-" "monit/4.6"
107.2.169.101 - - [05/Jul/2013:20:50:56 +0200] "-" 408 - "-" "-"
195.56.55.225 - - [05/Jul/2013:20:52:42 +0200] "GET /test.html HTTP/1.1" 200 56 "-" "monit/4.6"
195.56.55.225 - - [05/Jul/2013:20:54:44 +0200] "GET /test.html HTTP/1.1" 200 56 "-" "monit/4.6"
195.56.55.225 - - [05/Jul/2013:20:56:46 +0200] "GET /test.html HTTP/1.1" 200 56 "-" "monit/4.6"
195.56.55.225 - - [05/Jul/2013:20:58:48 +0200] "GET /test.html HTTP/1.1" 200 56 "-" "monit/4.6"
46.107.197.17 - - [05/Jul/2013:20:58:54 +0200] "GET /proxy.pac HTTP/1.1" 404 282 "-" "Mozilla/5.0 (compatible; MSIE 10.0; Win32; Trident/6.0)"
195.56.55.225 - - [05/Jul/2013:21:00:50 +0200] "GET /test.html HTTP/1.1" 200 56 "-" "monit/4.6"
111.95.243.35 - - [05/Jul/2013:21:01:31 +0200] "POST /forum_attac.php3?id_article=710&retour=cikk HTTP/1.1" 404 292 "http://attac.zpok.hu/forum_attac.php3?id_article=710&retour=cikk" "Mozilla/4.0 (compatible; MSIE 6.0; Windows NT 5.1; SV1)"
118.97.95.182 - - [05/Jul/2013:21:01:33 +0200] "POST /forum_attac.php3?id_article=710&retour=cikk HTTP/1.0" 404 280 "http://attac.zpok.hu/forum_attac.php3?id_article=710&retour=cikk" "Mozilla/4.0 (compatible; MSIE 6.0; Windows NT 5.1; SV1)"
54.235.160.121 - - [05/Jul/2013:21:02:09 +0200] "POST /forum_attac.php3?id_article=710&retour=cikk HTTP/1.1" 404 292 "http://attac.zpok.hu/forum_attac.php3?id_article=710&retour=cikk" "Mozilla/4.0 (compatible; MSIE 6.0; Windows NT 5.1; SV1)"
195.56.55.225 - - [05/Jul/2013:21:02:53 +0200] "GET /test.html HTTP/1.1" 200 56 "-" "monit/4.6"
46.229.164.97 - - [05/Jul/2013:21:02:55 +0200] "GET /robots.txt HTTP/1.1" 404 299 "-" "Mozilla/5.0 (compatible; SemrushBot/0.96.3; +http://www.semrush.com/bot.html)"
201.85.50.148 - - [05/Jul/2013:21:03:34 +0200] "POST /forum_attac.php3?id_article=710&retour=cikk HTTP/1.1" 404 292 "http://attac.zpok.hu/forum_attac.php3?id_article=710&retour=cikk" "Mozilla/4.0 (compatible; MSIE 6.0; Windows NT 5.1; SV1)"
195.56.55.225 - - [05/Jul/2013:21:04:55 +0200] "GET /test.html HTTP/1.1" 200 56 "-" "monit/4.6"
66.193.122.3 - - [05/Jul/2013:21:06:07 +0200] "-" 408 - "-" "-"
66.193.122.3 - - [05/Jul/2013:21:06:13 +0200] "-" 408 - "-" "-"
195.56.55.225 - - [05/Jul/2013:21:06:57 +0200] "GET /test.html HTTP/1.1" 200 56 "-" "monit/4.6"
195.56.55.225 - - [05/Jul/2013:21:08:59 +0200] "GET /test.html HTTP/1.1" 200 56 "-" "monit/4.6"
89.248.174.60 - - [05/Jul/2013:21:09:37 +0200] "GET /forum_attac.php3?id_article=983&retour=cikk.php3%3Fid_article%3D983 HTTP/1.1" 404 292 "-" "Mozilla/4.0 (compatible; MSIE 6.0; Windows NT 5.1; SV1)"
195.56.55.225 - - [05/Jul/2013:21:11:03 +0200] "GET /test.html HTTP/1.1" 200 56 "-" "monit/4.6"
195.56.55.225 - - [05/Jul/2013:21:13:05 +0200] "GET /test.html HTTP/1.1" 200 56 "-" "monit/4.6"
46.107.197.17 - - [05/Jul/2013:21:13:54 +0200] "GET /proxy.pac HTTP/1.1" 404 282 "-" "Mozilla/5.0 (compatible; MSIE 10.0; Win32; Trident/6.0)"
218.213.137.5 - - [05/Jul/2013:21:14:12 +0200] "GET /robots.txt HTTP/1.1" 404 286 "-" "DoCoMo/2.0 P900i(c100;TB;W24H11) (compatible; ichiro/mobile goo;+http://search.goo.ne.jp/option/use/sub4/sub4-1/)"
46.229.164.97 - - [05/Jul/2013:21:14:54 +0200] "GET /robots.txt HTTP/1.1" 404 286 "-" "Mozilla/5.0 (compatible; SemrushBot/0.96.3; +http://www.semrush.com/bot.html)"
195.56.55.225 - - [05/Jul/2013:21:15:07 +0200] "GET /test.html HTTP/1.1" 200 56 "-" "monit/4.6"
46.107.197.17 - - [05/Jul/2013:21:16:28 +0200] "GET /proxy.pac HTTP/1.1" 404 282 "-" "-"
46.107.197.17 - - [05/Jul/2013:21:16:28 +0200] "GET /proxy.pac HTTP/1.1" 404 282 "-" "-"
195.56.55.225 - - [05/Jul/2013:21:17:09 +0200] "GET /test.html HTTP/1.1" 200 56 "-" "monit/4.6"
195.56.55.225 - - [05/Jul/2013:21:19:11 +0200] "GET /test.html HTTP/1.1" 200 56 "-" "monit/4.6"
195.56.55.225 - - [05/Jul/2013:21:21:13 +0200] "GET /test.html HTTP/1.1" 200 56 "-" "monit/4.6"
74.125.189.18 - - [05/Jul/2013:21:22:09 +0200] "GET /IMG/arton573.jpg HTTP/1.1" 404 292 "http://www.stormfront.org/forum/" "-"
66.249.75.132 - - [05/Jul/2013:21:23:14 +0200] "GET /robots.txt HTTP/1.1" 404 286 "-" "Mozilla/5.0 (compatible; Googlebot/2.1; +http://www.google.com/bot.html)"
66.249.75.132 - - [05/Jul/2013:21:23:14 +0200] "GET /cikk.php3?id_article=889 HTTP/1.1" 404 285 "-" "Googlebot/2.1 (+http://www.google.com/bot.html)"
195.56.55.225 - - [05/Jul/2013:21:23:15 +0200] "GET /test.html HTTP/1.1" 200 56 "-" "monit/4.6"
69.140.99.94 - - [05/Jul/2013:21:24:43 +0200] "-" 408 - "-" "-"
195.56.55.225 - - [05/Jul/2013:21:25:18 +0200] "GET /test.html HTTP/1.1" 200 56 "-" "monit/4.6"
195.56.55.225 - - [05/Jul/2013:21:27:20 +0200] "GET /test.html HTTP/1.1" 200 56 "-" "monit/4.6"
139.18.2.209 - - [05/Jul/2013:21:28:20 +0200] "GET /robots.txt HTTP/1.1" 404 285 "-" "findlinks/2.6 (+http://wortschatz.uni-leipzig.de/findlinks/)"
46.107.197.17 - - [05/Jul/2013:21:28:54 +0200] "GET /proxy.pac HTTP/1.1" 404 282 "-" "Mozilla/5.0 (compatible; MSIE 10.0; Win32; Trident/6.0)"
195.56.55.225 - - [05/Jul/2013:21:29:22 +0200] "GET /test.html HTTP/1.1" 200 56 "-" "monit/4.6"
111.95.243.36 - - [05/Jul/2013:21:30:23 +0200] "POST /forum_attac.php3?id_article=710&retour=cikk HTTP/1.1" 404 292 "http://attac.zpok.hu/forum_attac.php3?id_article=710&retour=cikk" "Mozilla/4.0 (compatible; MSIE 6.0; Windows NT 5.1; SV1)"
178.151.68.210 - - [05/Jul/2013:21:30:39 +0200] "POST /forum_attac.php3?id_article=710&retour=cikk HTTP/1.1" 404 292 "http://attac.zpok.hu/forum_attac.php3?id_article=710&retour=cikk" "Mozilla/4.0 (compatible; MSIE 6.0; Windows NT 5.1; SV1)"
118.97.95.182 - - [05/Jul/2013:21:30:40 +0200] "POST /forum_attac.php3?id_article=710&retour=cikk HTTP/1.0" 404 280 "http://attac.zpok.hu/forum_attac.php3?id_article=710&retour=cikk" "Mozilla/4.0 (compatible; MSIE 6.0; Windows NT 5.1; SV1)"
195.56.55.225 - - [05/Jul/2013:21:31:24 +0200] "GET /test.html HTTP/1.1" 200 56 "-" "monit/4.6"
89.248.174.60 - - [05/Jul/2013:21:32:31 +0200] "GET /forum_attac.php3?id_article=983&retour=cikk.php3%3Fid_article%3D983 HTTP/1.1" 404 292 "-" "Mozilla/4.0 (compatible; MSIE 6.0; Windows NT 5.1; SV1)"
195.56.55.225 - - [05/Jul/2013:21:33:26 +0200] "GET /test.html HTTP/1.1" 200 56 "-" "monit/4.6"
72.14.199.132 - - [05/Jul/2013:21:34:19 +0200] "GET / HTTP/1.1" 200 1155 "-" "Feedfetcher-Google; (+http://www.google.com/feedfetcher.html; 1 subscribers; feed-id=849169264004692768)"
91.232.96.36 - - [05/Jul/2013:21:34:59 +0200] "GET /forum_attac.php3?id_article=983&retour=cikk.php3%3Fid_article%3D983 HTTP/1.1" 404 292 "-" "Mozilla/4.0 (compatible; MSIE 6.0; Windows NT 5.1; SV1)"
195.56.55.225 - - [05/Jul/2013:21:35:28 +0200] "GET /test.html HTTP/1.1" 200 56 "-" "monit/4.6"
66.249.78.201 - - [05/Jul/2013:21:35:32 +0200] "GET /robots.txt HTTP/1.1" 404 292 "-" "Mozilla/5.0 (compatible; Googlebot/2.1; +http://www.google.com/bot.html)"
66.249.78.201 - - [05/Jul/2013:21:35:32 +0200] "GET / HTTP/1.1" 200 1155 "-" "Mozilla/5.0 (compatible; Googlebot/2.1; +http://www.google.com/bot.html)"
66.249.78.134 - - [05/Jul/2013:21:37:03 +0200] "GET /robots.txt HTTP/1.1" 404 309 "-" "Mozilla/5.0 (compatible; Googlebot/2.1; +http://www.google.com/bot.html)"
66.249.78.134 - - [05/Jul/2013:21:37:04 +0200] "GET / HTTP/1.1" 200 1155 "-" "Mozilla/5.0 (compatible; Googlebot/2.1; +http://www.google.com/bot.html)"
195.56.55.225 - - [05/Jul/2013:21:37:30 +0200] "GET /test.html HTTP/1.1" 200 56 "-" "monit/4.6"
195.56.55.225 - - [05/Jul/2013:21:39:32 +0200] "GET /test.html HTTP/1.1" 200 56 "-" "monit/4.6"
125.176.223.177 - - [05/Jul/2013:21:39:44 +0200] "GET /redjade HTTP/1.1" 404 288 "-" "Mozilla/5.0 (compatible; MSIE 9.0; Windows NT 6.1; WOW64; Trident/5.0)"
46.107.197.17 - - [05/Jul/2013:21:41:28 +0200] "GET /proxy.pac HTTP/1.1" 404 282 "-" "-"
46.107.197.17 - - [05/Jul/2013:21:41:28 +0200] "GET /proxy.pac HTTP/1.1" 404 282 "-" "-"
46.107.197.17 - - [05/Jul/2013:21:41:28 +0200] "GET /proxy.pac HTTP/1.1" 404 282 "-" "-"
46.107.197.17 - - [05/Jul/2013:21:41:28 +0200] "GET /proxy.pac HTTP/1.1" 404 282 "-" "-"
46.107.197.17 - - [05/Jul/2013:21:41:29 +0200] "GET /proxy.pac HTTP/1.1" 404 282 "-" "-"
46.107.197.17 - - [05/Jul/2013:21:41:29 +0200] "GET /proxy.pac HTTP/1.1" 404 282 "-" "-"
46.107.197.17 - - [05/Jul/2013:21:41:29 +0200] "GET /proxy.pac HTTP/1.1" 404 282 "-" "-"
46.107.197.17 - - [05/Jul/2013:21:41:29 +0200] "GET /proxy.pac HTTP/1.1" 404 282 "-" "-"
195.56.55.225 - - [05/Jul/2013:21:41:35 +0200] "GET /test.html HTTP/1.1" 200 56 "-" "monit/4.6"
195.56.55.225 - - [05/Jul/2013:21:43:43 +0200] "GET /test.html HTTP/1.1" 200 56 "-" "monit/4.6"
46.107.197.17 - - [05/Jul/2013:21:43:54 +0200] "GET /proxy.pac HTTP/1.1" 404 282 "-" "Mozilla/5.0 (compatible; MSIE 10.0; Win32; Trident/6.0)"
50.19.193.124 - - [05/Jul/2013:21:45:38 +0200] "GET /robots.txt HTTP/1.1" 404 292 "-" "ShopWiki/1.0 ( +http://www.shopwiki.com/wiki/Help:Bot)"
50.19.193.124 - - [05/Jul/2013:21:45:38 +0200] "GET / HTTP/1.1" 200 1155 "-" "ShopWiki/1.0 ( +http://www.shopwiki.com/wiki/Help:Bot)"
195.56.55.225 - - [05/Jul/2013:21:45:45 +0200] "GET /test.html HTTP/1.1" 200 56 "-" "monit/4.6"
195.56.55.225 - - [05/Jul/2013:21:47:47 +0200] "GET /test.html HTTP/1.1" 200 56 "-" "monit/4.6"
113.13.200.251 - - [05/Jul/2013:21:47:49 +0200] "GET /www.bicusa.org/lac/ppa_corredor1.htm HTTP/1.1" 404 314 "http://www.gpxz.com" "Mozilla/4.0 (compatible; MSIE 5.5; Windows 98)"
113.13.200.251 - - [05/Jul/2013:21:47:49 +0200] "GET /www.bicusa.org/lac/ppa_corredor1.htm HTTP/1.1" 404 314 "http://www.kkyxw.com" "Mozilla/4.0 (compatible; MSIE 5.5; Windows 98)"
113.13.200.251 - - [05/Jul/2013:21:47:49 +0200] "GET /www.bicusa.org/lac/ppa_corredor1.htm HTTP/1.1" 404 314 "http://www.xiuxiuw.com" "Mozilla/4.0 (compatible; MSIE 5.5; Windows 98)"
113.13.200.251 - - [05/Jul/2013:21:47:50 +0200] "GET /www.bicusa.org/lac/ppa_corredor1.htm HTTP/1.1" 404 314 "http://www.geyuce.com" "Mozilla/4.0 (compatible; MSIE 5.5; Windows 98)"
139.18.2.209 - - [05/Jul/2013:21:48:47 +0200] "GET /robots.txt HTTP/1.1" 404 286 "-" "findlinks/2.6 (+http://wortschatz.uni-leipzig.de/findlinks/)"
195.56.55.225 - - [05/Jul/2013:21:49:49 +0200] "GET /test.html HTTP/1.1" 200 56 "-" "monit/4.6"
195.56.55.225 - - [05/Jul/2013:21:51:51 +0200] "GET /test.html HTTP/1.1" 200 56 "-" "monit/4.6"
180.76.6.222 - - [05/Jul/2013:21:52:35 +0200] "GET / HTTP/1.1" 200 1155 "-" "Mozilla/5.0 (compatible; Baiduspider/2.0; +http://www.baidu.com/search/spider.html)"
91.228.178.138 - - [05/Jul/2013:21:53:38 +0200] "POST /forum_attac.php3?id_article=710&retour=cikk HTTP/1.0" 404 280 "http://attac.zpok.hu/forum_attac.php3?id_article=710&retour=cikk" "Mozilla/4.0 (compatible; MSIE 6.0; Windows NT 5.1; SV1)"
64.235.152.13 - - [05/Jul/2013:21:53:39 +0200] "POST /forum_attac.php3?id_article=710&retour=cikk HTTP/1.1" 404 292 "http://attac.zpok.hu/forum_attac.php3?id_article=710&retour=cikk" "Mozilla/4.0 (compatible; MSIE 6.0; Windows NT 5.1; SV1)"
134.201.250.155 - - [05/Jul/2013:21:53:40 +0200] "POST /forum_attac.php3?id_article=710&retour=cikk HTTP/1.1" 404 292 "http://attac.zpok.hu/forum_attac.php3?id_article=710&retour=cikk" "Mozilla/4.0 (compatible; MSIE 6.0; Windows NT 5.1; SV1)"
195.56.55.225 - - [05/Jul/2013:21:53:53 +0200] "GET /test.html HTTP/1.1" 200 56 "-" "monit/4.6"
89.248.174.60 - - [05/Jul/2013:21:55:42 +0200] "GET /forum_attac.php3?id_article=983&retour=cikk.php3%3Fid_article%3D983 HTTP/1.1" 404 292 "-" "Mozilla/4.0 (compatible; MSIE 6.0; Windows NT 5.1; SV1)"
195.56.55.225 - - [05/Jul/2013:21:55:56 +0200] "GET /test.html HTTP/1.1" 200 56 "-" "monit/4.6"
77.111.91.44 - - [05/Jul/2013:21:56:46 +0200] "HEAD / HTTP/1.1" 200 0 "-" "Mozilla/5.0 (Windows NT 6.1; WOW64) AppleWebKit/537.17 (KHTML, like Gecko) Chrome/24.0.1312.56 Safari/537.17"
66.249.78.149 - - [05/Jul/2013:21:57:14 +0200] "GET /robots.txt HTTP/1.1" 404 287 "-" "Mozilla/5.0 (compatible; Googlebot/2.1; +http://www.google.com/bot.html)"
66.249.78.149 - - [05/Jul/2013:21:57:14 +0200] "GET / HTTP/1.1" 200 1155 "-" "SAMSUNG-SGH-E250/1.0 Profile/MIDP-2.0 Configuration/CLDC-1.1 UP.Browser/6.2.3.3.c.1.101 (GUI) MMP/2.0 (compatible; Googlebot-Mobile/2.1; +http://www.google.com/bot.html)"
91.232.96.36 - - [05/Jul/2013:21:57:54 +0200] "GET /forum_attac.php3?id_article=983&retour=cikk.php3%3Fid_article%3D983 HTTP/1.1" 404 292 "-" "Mozilla/4.0 (compatible; MSIE 6.0; Windows NT 5.1; SV1)"
195.56.55.225 - - [05/Jul/2013:21:57:58 +0200] "GET /test.html HTTP/1.1" 200 56 "-" "monit/4.6"
46.107.197.17 - - [05/Jul/2013:21:58:54 +0200] "GET /proxy.pac HTTP/1.1" 404 282 "-" "Mozilla/5.0 (compatible; MSIE 10.0; Win32; Trident/6.0)"
195.56.55.225 - - [05/Jul/2013:22:00:00 +0200] "GET /test.html HTTP/1.1" 200 56 "-" "monit/4.6"
210.242.74.197 - - [05/Jul/2013:22:00:06 +0200] "-" 408 - "-" "-"
157.55.33.111 - - [05/Jul/2013:22:00:15 +0200] "GET /robots.txt HTTP/1.1" 404 286 "-" "Mozilla/5.0 (compatible; bingbot/2.0; +http://www.bing.com/bingbot.htm)"
157.55.33.111 - - [05/Jul/2013:22:01:18 +0200] "GET / HTTP/1.1" 200 1155 "-" "Mozilla/5.0 (compatible; bingbot/2.0; +http://www.bing.com/bingbot.htm)"
27.153.148.93 - - [05/Jul/2013:22:01:29 +0200] "-" 408 - "-" "-"
195.56.55.225 - - [05/Jul/2013:22:02:02 +0200] "GET /test.html HTTP/1.1" 200 56 "-" "monit/4.6"
222.92.141.155 - - [05/Jul/2013:22:02:42 +0200] "POST /forum_attac.php3?id_article=710&retour=cikk HTTP/1.0" 404 280 "http://attac.zpok.hu/forum_attac.php3?id_article=710&retour=cikk" "Mozilla/4.0 (compatible; MSIE 6.0; Windows NT 5.1; SV1)"
116.50.153.66 - - [05/Jul/2013:22:02:53 +0200] "POST /forum_attac.php3?id_article=710&retour=cikk HTTP/1.1" 404 292 "http://attac.zpok.hu/forum_attac.php3?id_article=710&retour=cikk" "Mozilla/4.0 (compatible; MSIE 6.0; Windows NT 5.1; SV1)"
195.56.55.225 - - [05/Jul/2013:22:04:04 +0200] "GET /test.html HTTP/1.1" 200 56 "-" "monit/4.6"
180.76.5.158 - - [05/Jul/2013:22:04:55 +0200] "GET / HTTP/1.1" 200 1155 "-" "Mozilla/5.0 (compatible; Baiduspider/2.0; +http://www.baidu.com/search/spider.html)"
66.249.75.57 - - [05/Jul/2013:22:05:38 +0200] "GET /robots.txt HTTP/1.1" 404 293 "-" "Mozilla/5.0 (compatible; Googlebot/2.1; +http://www.google.com/bot.html)"
66.249.75.57 - - [05/Jul/2013:22:05:38 +0200] "GET / HTTP/1.1" 200 1155 "-" "DoCoMo/2.0 N905i(c100;TB;W24H16) (compatible; Googlebot-Mobile/2.1; +http://www.google.com/bot.html)"
195.56.55.225 - - [05/Jul/2013:22:06:06 +0200] "GET /test.html HTTP/1.1" 200 56 "-" "monit/4.6"
195.56.55.225 - - [05/Jul/2013:22:08:08 +0200] "GET /test.html HTTP/1.1" 200 56 "-" "monit/4.6"
195.56.55.225 - - [05/Jul/2013:22:10:10 +0200] "GET /test.html HTTP/1.1" 200 56 "-" "monit/4.6"
157.56.229.186 - - [05/Jul/2013:22:10:42 +0200] "GET /robots.txt HTTP/1.1" 404 299 "-" "Mozilla/5.0 (compatible; bingbot/2.0; +http://www.bing.com/bingbot.htm)"
195.56.55.225 - - [05/Jul/2013:22:12:12 +0200] "GET /test.html HTTP/1.1" 200 56 "-" "monit/4.6"
157.56.229.186 - - [05/Jul/2013:22:12:49 +0200] "GET /kompasz/az_elet_szovedeke HTTP/1.1" 404 314 "-" "Mozilla/5.0 (compatible; bingbot/2.0; +http://www.bing.com/bingbot.htm)"
46.107.197.17 - - [05/Jul/2013:22:13:55 +0200] "GET /proxy.pac HTTP/1.1" 404 282 "-" "Mozilla/5.0 (compatible; MSIE 10.0; Win32; Trident/6.0)"
195.56.55.225 - - [05/Jul/2013:22:14:15 +0200] "GET /test.html HTTP/1.1" 200 56 "-" "monit/4.6"
195.56.55.225 - - [05/Jul/2013:22:16:17 +0200] "GET /test.html HTTP/1.1" 200 56 "-" "monit/4.6"
151.0.84.64 - - [05/Jul/2013:22:17:17 +0200] "-" 408 - "-" "-"
195.56.55.225 - - [05/Jul/2013:22:18:19 +0200] "GET /test.html HTTP/1.1" 200 56 "-" "monit/4.6"
89.248.174.60 - - [05/Jul/2013:22:18:34 +0200] "GET /forum_attac.php3?id_article=983&retour=cikk.php3%3Fid_article%3D983 HTTP/1.1" 404 292 "-" "Mozilla/4.0 (compatible; MSIE 6.0; Windows NT 5.1; SV1)"
98.137.206.227 - - [05/Jul/2013:22:20:08 +0200] "GET / HTTP/1.1" 200 1155 "-" "Mozilla/5.0 (compatible; Yahoo! Slurp/3.0; http://help.yahoo.com/help/us/ysearch/slurp) NOT Firefox/3.5"
195.56.55.225 - - [05/Jul/2013:22:20:21 +0200] "GET /test.html HTTP/1.1" 200 56 "-" "monit/4.6"
62.68.180.150 - - [05/Jul/2013:22:20:22 +0200] "-" 408 - "-" "-"
66.249.78.169 - - [05/Jul/2013:22:20:29 +0200] "GET / HTTP/1.1" 200 1155 "-" "SAMSUNG-SGH-E250/1.0 Profile/MIDP-2.0 Configuration/CLDC-1.1 UP.Browser/6.2.3.3.c.1.101 (GUI) MMP/2.0 (compatible; Googlebot-Mobile/2.1; +http://www.google.com/bot.html)"
91.232.96.36 - - [05/Jul/2013:22:20:53 +0200] "GET /forum_attac.php3?id_article=983&retour=cikk.php3%3Fid_article%3D983 HTTP/1.1" 404 292 "-" "Mozilla/4.0 (compatible; MSIE 6.0; Windows NT 5.1; SV1)"
195.56.55.225 - - [05/Jul/2013:22:22:24 +0200] "GET /test.html HTTP/1.1" 200 56 "-" "monit/4.6"
98.160.108.147 - - [05/Jul/2013:22:23:48 +0200] "-" 408 - "-" "-"
195.56.55.225 - - [05/Jul/2013:22:24:27 +0200] "GET /test.html HTTP/1.1" 200 56 "-" "monit/4.6"
195.56.55.225 - - [05/Jul/2013:22:26:29 +0200] "GET /test.html HTTP/1.1" 200 56 "-" "monit/4.6"
195.56.55.225 - - [05/Jul/2013:22:28:31 +0200] "GET /test.html HTTP/1.1" 200 56 "-" "monit/4.6"
46.107.197.17 - - [05/Jul/2013:22:28:56 +0200] "GET /proxy.pac HTTP/1.1" 404 282 "-" "Mozilla/5.0 (compatible; MSIE 10.0; Win32; Trident/6.0)"
112.123.168.56 - - [05/Jul/2013:22:30:17 +0200] "GET / HTTP/1.0" 200 1155 "http://forum.activparty.hu/" "Mozilla/5.0 (Windows NT 5.1) AppleWebKit/537.11 (KHTML, like Gecko) Chrome/23.0.1271.91 Safari/537.11"
195.56.55.225 - - [05/Jul/2013:22:30:33 +0200] "GET /test.html HTTP/1.1" 200 56 "-" "monit/4.6"
216.157.108.234 - - [05/Jul/2013:22:31:09 +0200] "GET / HTTP/1.1" 200 1155 "-" "Mozilla/5.0 (Macintosh; Intel Mac OS X 10_8_1) AppleWebKit/537.1 (KHTML, like Gecko) Chrome/21.0.1180.89 Safari/537.1"
46.107.197.17 - - [05/Jul/2013:22:31:31 +0200] "GET /proxy.pac HTTP/1.1" 404 282 "-" "-"
46.107.197.17 - - [05/Jul/2013:22:31:32 +0200] "GET /proxy.pac HTTP/1.1" 404 282 "-" "-"
46.107.197.17 - - [05/Jul/2013:22:31:32 +0200] "GET /proxy.pac HTTP/1.1" 404 282 "-" "-"
46.107.197.17 - - [05/Jul/2013:22:31:32 +0200] "GET /proxy.pac HTTP/1.1" 404 282 "-" "-"
66.249.78.235 - - [05/Jul/2013:22:32:02 +0200] "GET /robots.txt HTTP/1.1" 404 285 "-" "Mozilla/5.0 (compatible; Googlebot/2.1; +http://www.google.com/bot.html)"
66.249.78.235 - - [05/Jul/2013:22:32:02 +0200] "GET /nosza/anyag/ch04s02.html HTTP/1.1" 404 299 "-" "Mozilla/5.0 (compatible; Googlebot/2.1; +http://www.google.com/bot.html)"
195.56.55.225 - - [05/Jul/2013:22:32:35 +0200] "GET /test.html HTTP/1.1" 200 56 "-" "monit/4.6"
195.56.55.225 - - [05/Jul/2013:22:34:37 +0200] "GET /test.html HTTP/1.1" 200 56 "-" "monit/4.6"
157.56.92.150 - - [05/Jul/2013:22:36:23 +0200] "GET /robots.txt HTTP/1.1" 404 288 "-" "Mozilla/5.0 (compatible; bingbot/2.0; +http://www.bing.com/bingbot.htm)"
195.56.55.225 - - [05/Jul/2013:22:36:39 +0200] "GET /test.html HTTP/1.1" 200 56 "-" "monit/4.6"
157.56.92.150 - - [05/Jul/2013:22:37:20 +0200] "GET / HTTP/1.1" 200 1155 "-" "Mozilla/5.0 (compatible; bingbot/2.0; +http://www.bing.com/bingbot.htm)"
94.228.34.203 - - [05/Jul/2013:22:37:26 +0200] "GET /?feed=atom HTTP/1.1" 304 - "-" "magpie-crawler/1.1 (U; Linux amd64; en-GB; +http://www.brandwatch.net)"
188.6.52.154 - - [05/Jul/2013:22:38:12 +0200] "-" 408 - "-" "-"
195.56.55.225 - - [05/Jul/2013:22:38:41 +0200] "GET /test.html HTTP/1.1" 200 56 "-" "monit/4.6"
58.22.138.13 - - [05/Jul/2013:22:39:26 +0200] "GET /IMG/European_SW_Report_2010-eng.pdf HTTP/1.0" 404 299 "http://attac.zpok.hu/IMG/European_SW_Report_2010-eng.pdf" "Opera/9.80 (Windows NT 6.2; WOW64; MRA 8.0 (build 5784)) Presto/2.12.388 Version/12.10"
58.22.138.13 - - [05/Jul/2013:22:39:26 +0200] "GET / HTTP/1.0" 200 1155 "http://attac.zpok.hu/" "Opera/9.80 (Windows NT 6.2; WOW64; MRA 8.0 (build 5784)) Presto/2.12.388 Version/12.10"
195.56.55.225 - - [05/Jul/2013:22:40:43 +0200] "GET /test.html HTTP/1.1" 200 56 "-" "monit/4.6"
157.55.32.153 - - [05/Jul/2013:22:41:15 +0200] "GET /robots.txt HTTP/1.1" 404 293 "-" "Mozilla/5.0 (compatible; bingbot/2.0; +http://www.bing.com/bingbot.htm)"
46.107.197.17 - - [05/Jul/2013:22:41:29 +0200] "GET /proxy.pac HTTP/1.1" 404 282 "-" "-"
46.107.197.17 - - [05/Jul/2013:22:41:29 +0200] "GET /proxy.pac HTTP/1.1" 404 282 "-" "-"
46.107.197.17 - - [05/Jul/2013:22:41:29 +0200] "GET /proxy.pac HTTP/1.1" 404 282 "-" "-"
46.107.197.17 - - [05/Jul/2013:22:41:29 +0200] "GET /proxy.pac HTTP/1.1" 404 282 "-" "-"
46.107.197.17 - - [05/Jul/2013:22:41:29 +0200] "GET /proxy.pac HTTP/1.1" 404 282 "-" "-"
46.107.197.17 - - [05/Jul/2013:22:41:29 +0200] "GET /proxy.pac HTTP/1.1" 404 282 "-" "-"
89.248.174.60 - - [05/Jul/2013:22:41:37 +0200] "GET /forum_attac.php3?id_article=983&retour=cikk.php3%3Fid_article%3D983 HTTP/1.1" 404 292 "-" "Mozilla/4.0 (compatible; MSIE 6.0; Windows NT 5.1; SV1)"
46.107.197.17 - - [05/Jul/2013:22:41:58 +0200] "GET /proxy.pac HTTP/1.1" 404 282 "-" "Mozilla/5.0 (Windows NT 6.1) AppleWebKit/537.36 (KHTML, like Gecko) Chrome/27.0.1453.116 Safari/537.36"
46.107.197.17 - - [05/Jul/2013:22:42:00 +0200] "GET /proxy.pac HTTP/1.1" 404 282 "-" "Mozilla/5.0 (Windows NT 6.1) AppleWebKit/537.36 (KHTML, like Gecko) Chrome/27.0.1453.116 Safari/537.36"
46.107.197.17 - - [05/Jul/2013:22:42:06 +0200] "GET /proxy.pac HTTP/1.1" 404 282 "-" "Mozilla/5.0 (Windows NT 6.1) AppleWebKit/537.36 (KHTML, like Gecko) Chrome/27.0.1453.116 Safari/537.36"
46.107.197.17 - - [05/Jul/2013:22:42:08 +0200] "GET /proxy.pac HTTP/1.1" 404 282 "-" "Mozilla/5.0 (Windows NT 6.1) AppleWebKit/537.36 (KHTML, like Gecko) Chrome/27.0.1453.116 Safari/537.36"
195.56.55.225 - - [05/Jul/2013:22:42:45 +0200] "GET /test.html HTTP/1.1" 200 56 "-" "monit/4.6"
46.107.197.17 - - [05/Jul/2013:22:42:55 +0200] "GET /proxy.pac HTTP/1.1" 404 282 "-" "Mozilla/5.0 (Windows NT 6.1) AppleWebKit/537.36 (KHTML, like Gecko) Chrome/27.0.1453.116 Safari/537.36"
80.98.12.29 - - [05/Jul/2013:22:43:06 +0200] "-" 408 - "-" "-"
157.55.32.153 - - [05/Jul/2013:22:43:26 +0200] "GET / HTTP/1.1" 200 1155 "-" "Mozilla/5.0 (compatible; bingbot/2.0; +http://www.bing.com/bingbot.htm)"
46.107.197.17 - - [05/Jul/2013:22:44:12 +0200] "GET /proxy.pac HTTP/1.1" 404 282 "-" "Mozilla/5.0 (Windows NT 6.1) AppleWebKit/537.36 (KHTML, like Gecko) Chrome/27.0.1453.116 Safari/537.36"
46.107.197.17 - - [05/Jul/2013:22:44:24 +0200] "GET /proxy.pac HTTP/1.1" 404 282 "-" "Mozilla/5.0 (compatible; MSIE 10.0; Win32; Trident/6.0)"
195.56.55.225 - - [05/Jul/2013:22:44:48 +0200] "GET /test.html HTTP/1.1" 200 56 "-" "monit/4.6"
91.232.96.36 - - [05/Jul/2013:22:44:50 +0200] "GET /forum_attac.php3?id_article=983&retour=cikk.php3%3Fid_article%3D983 HTTP/1.1" 404 292 "-" "Mozilla/4.0 (compatible; MSIE 6.0; Windows NT 5.1; SV1)"
46.107.197.17 - - [05/Jul/2013:22:44:59 +0200] "GET /proxy.pac HTTP/1.1" 404 282 "-" "Mozilla/5.0 (Windows NT 6.1) AppleWebKit/537.36 (KHTML, like Gecko) Chrome/27.0.1453.116 Safari/537.36"
46.107.197.17 - - [05/Jul/2013:22:46:28 +0200] "GET /proxy.pac HTTP/1.1" 404 282 "-" "-"
46.107.197.17 - - [05/Jul/2013:22:46:28 +0200] "GET /proxy.pac HTTP/1.1" 404 282 "-" "-"
46.107.197.17 - - [05/Jul/2013:22:46:29 +0200] "GET /proxy.pac HTTP/1.1" 404 282 "-" "-"
46.107.197.17 - - [05/Jul/2013:22:46:29 +0200] "GET /proxy.pac HTTP/1.1" 404 282 "-" "-"
195.56.55.225 - - [05/Jul/2013:22:46:50 +0200] "GET /test.html HTTP/1.1" 200 56 "-" "monit/4.6"
46.107.197.17 - - [05/Jul/2013:22:48:02 +0200] "GET /proxy.pac HTTP/1.1" 404 282 "-" "Mozilla/5.0 (Windows NT 6.1) AppleWebKit/537.36 (KHTML, like Gecko) Chrome/27.0.1453.116 Safari/537.36"
46.229.164.97 - - [05/Jul/2013:22:48:05 +0200] "GET /robots.txt HTTP/1.1" 404 290 "-" "Mozilla/5.0 (compatible; SemrushBot/0.96.3; +http://www.semrush.com/bot.html)"
46.107.197.17 - - [05/Jul/2013:22:48:12 +0200] "GET /proxy.pac HTTP/1.1" 404 282 "-" "-"
46.107.197.17 - - [05/Jul/2013:22:48:15 +0200] "GET /proxy.pac HTTP/1.1" 404 282 "-" "-"
195.56.55.225 - - [05/Jul/2013:22:48:52 +0200] "GET /test.html HTTP/1.1" 200 56 "-" "monit/4.6"
203.252.199.3 - - [05/Jul/2013:22:49:48 +0200] "POST /forum_attac.php3?id_article=710&retour=cikk HTTP/1.0" 404 280 "http://attac.zpok.hu/forum_attac.php3?id_article=710&retour=cikk" "Mozilla/4.0 (compatible; MSIE 6.0; Windows NT 5.1; SV1)"
195.56.55.225 - - [05/Jul/2013:22:50:54 +0200] "GET /test.html HTTP/1.1" 200 56 "-" "monit/4.6"
195.3.146.94 - - [05/Jul/2013:22:52:25 +0200] "HEAD /?q=admin&destination=admin HTTP/1.0" 400 0 "-" "-"
195.56.55.225 - - [05/Jul/2013:22:53:04 +0200] "GET /test.html HTTP/1.1" 200 56 "-" "monit/4.6"
77.88.42.27 - - [05/Jul/2013:22:53:37 +0200] "GET / HTTP/1.1" 200 1155 "-" "Mozilla/5.0 (compatible; YandexBot/3.0; +http://yandex.com/bots)"
180.76.6.37 - - [05/Jul/2013:22:53:48 +0200] "GET / HTTP/1.1" 200 1155 "-" "Mozilla/5.0 (compatible; Baiduspider/2.0; +http://www.baidu.com/search/spider.html)"
195.56.55.225 - - [05/Jul/2013:22:55:06 +0200] "GET /test.html HTTP/1.1" 200 56 "-" "monit/4.6"
195.56.55.225 - - [05/Jul/2013:22:57:08 +0200] "GET /test.html HTTP/1.1" 200 56 "-" "monit/4.6"
46.107.197.17 - - [05/Jul/2013:22:58:55 +0200] "GET /proxy.pac HTTP/1.1" 404 282 "-" "Mozilla/5.0 (compatible; MSIE 10.0; Win32; Trident/6.0)"
195.56.55.225 - - [05/Jul/2013:22:59:10 +0200] "GET /test.html HTTP/1.1" 200 56 "-" "monit/4.6"
5.206.159.111 - - [05/Jul/2013:22:59:23 +0200] "-" 408 - "-" "-"
5.206.159.111 - - [05/Jul/2013:22:59:23 +0200] "-" 408 - "-" "-"
79.122.0.208 - - [05/Jul/2013:22:59:23 +0200] "-" 408 - "-" "-"
5.206.159.111 - - [05/Jul/2013:22:59:23 +0200] "-" 408 - "-" "-"
46.107.197.17 - - [05/Jul/2013:23:00:41 +0200] "GET /proxy.pac HTTP/1.1" 404 282 "-" "Mozilla/5.0 (compatible; MSIE 10.0; Win32; Trident/6.0)"
46.107.197.17 - - [05/Jul/2013:23:00:41 +0200] "GET /proxy.pac HTTP/1.1" 404 282 "-" "Mozilla/5.0 (compatible; MSIE 10.0; Win32; Trident/6.0)"
46.107.197.17 - - [05/Jul/2013:23:01:00 +0200] "GET /proxy.pac HTTP/1.1" 404 282 "-" "Mozilla/5.0 (compatible; MSIE 10.0; Win32; Trident/6.0)"
195.56.55.225 - - [05/Jul/2013:23:01:12 +0200] "GET /test.html HTTP/1.1" 200 56 "-" "monit/4.6"
195.56.55.225 - - [05/Jul/2013:23:03:14 +0200] "GET /test.html HTTP/1.1" 200 56 "-" "monit/4.6"
89.248.174.60 - - [05/Jul/2013:23:04:46 +0200] "GET /forum_attac.php3?id_article=983&retour=cikk.php3%3Fid_article%3D983 HTTP/1.1" 404 292 "-" "Mozilla/4.0 (compatible; MSIE 6.0; Windows NT 5.1; SV1)"
195.56.55.225 - - [05/Jul/2013:23:05:17 +0200] "GET /test.html HTTP/1.1" 200 56 "-" "monit/4.6"
195.56.55.225 - - [05/Jul/2013:23:07:19 +0200] "GET /test.html HTTP/1.1" 200 56 "-" "monit/4.6"
91.232.96.36 - - [05/Jul/2013:23:07:52 +0200] "GET /forum_attac.php3?id_article=983&retour=cikk.php3%3Fid_article%3D983 HTTP/1.1" 404 292 "-" "Mozilla/4.0 (compatible; MSIE 6.0; Windows NT 5.1; SV1)"
195.56.55.225 - - [05/Jul/2013:23:09:22 +0200] "GET /test.html HTTP/1.1" 200 56 "-" "monit/4.6"
195.56.55.225 - - [05/Jul/2013:23:11:24 +0200] "GET /test.html HTTP/1.1" 200 56 "-" "monit/4.6"
178.32.218.78 - - [05/Jul/2013:23:11:58 +0200] "POST / HTTP/1.1" 405 311 "-" "-"
178.32.218.78 - - [05/Jul/2013:23:11:58 +0200] "\xae\xcb\xab'\x8c0\xd9`\xd3%M\xdf\x0eq\x1a\x9f.\xce\xa7\xa0\xc0S\xe6\xc3n\xd5\x81~\x91\x8a\xf5\xa1D\x8b\xec\xc4\xc4w\x8d\xac\xf8\xc5\xc4<{\xd5\xb8OV\xc8\xfen\v\xb9\xe3[\xe4\xe8\xb9\xb7\xaeZ\xcfI0\xab\x9b\x83\x85U\xda\xb7@\xfa\xa7\xfb\x8e\xaaG\x99\x1c2(\xc8\x8b\x87\x95\x8a\xa7\x91\xdf\xdc\xbe\xd6\xfd\x9d\xf5{\v\xd0:5\xca" 400 365 "-" "-"
195.56.55.225 - - [05/Jul/2013:23:13:26 +0200] "GET /test.html HTTP/1.1" 200 56 "-" "monit/4.6"
46.107.197.17 - - [05/Jul/2013:23:13:55 +0200] "GET /proxy.pac HTTP/1.1" 404 282 "-" "Mozilla/5.0 (compatible; MSIE 10.0; Win32; Trident/6.0)"
190.205.168.241 - - [05/Jul/2013:23:15:08 +0200] "-" 408 - "-" "-"
195.56.55.225 - - [05/Jul/2013:23:15:28 +0200] "GET /test.html HTTP/1.1" 200 56 "-" "monit/4.6"
65.55.52.108 - - [05/Jul/2013:23:16:43 +0200] "GET /robots.txt HTTP/1.1" 404 291 "-" "Mozilla/5.0 (compatible; bingbot/2.0; +http://www.bing.com/bingbot.htm)"
195.56.55.225 - - [05/Jul/2013:23:17:30 +0200] "GET /test.html HTTP/1.1" 200 56 "-" "monit/4.6"
