157.55.33.20 - - [01/Jul/2013:16:33:33 +0200] "GET /node/363 HTTP/1.1" 404 297 "-" "Mozilla/5.0 (compatible; bingbot/2.0; +http://www.bing.com/bingbot.htm)"
37.191.9.111 - - [01/Jul/2013:16:34:05 +0200] "GET /proxy.pac HTTP/1.1" 404 286 "-" "-"
37.191.9.111 - - [01/Jul/2013:16:34:07 +0200] "GET /proxy.pac HTTP/1.1" 404 286 "-" "-"
37.191.9.111 - - [01/Jul/2013:16:34:07 +0200] "GET /proxy.pac HTTP/1.1" 404 286 "-" "-"
37.191.9.111 - - [01/Jul/2013:16:34:08 +0200] "GET /proxy.pac HTTP/1.1" 404 286 "-" "-"
37.191.9.111 - - [01/Jul/2013:16:34:08 +0200] "GET /proxy.pac HTTP/1.1" 404 286 "-" "-"
37.191.9.111 - - [01/Jul/2013:16:34:09 +0200] "GET /proxy.pac HTTP/1.1" 404 286 "-" "-"
37.191.9.111 - - [01/Jul/2013:16:34:09 +0200] "GET /proxy.pac HTTP/1.1" 404 286 "-" "-"
37.191.9.111 - - [01/Jul/2013:16:34:19 +0200] "GET /proxy.pac HTTP/1.1" 404 286 "-" "-"
37.191.9.111 - - [01/Jul/2013:16:34:20 +0200] "GET /proxy.pac HTTP/1.1" 404 286 "-" "Mozilla/5.0 (compatible; MSIE 10.0; Win32; Trident/6.0)"
37.191.9.111 - - [01/Jul/2013:16:34:20 +0200] "GET /proxy.pac HTTP/1.1" 404 286 "-" "Mozilla/5.0 (compatible; MSIE 10.0; Win32; Trident/6.0)"
37.191.9.111 - - [01/Jul/2013:16:34:29 +0200] "GET /proxy.pac HTTP/1.1" 404 286 "-" "-"
37.191.9.111 - - [01/Jul/2013:16:34:30 +0200] "GET /proxy.pac HTTP/1.1" 404 286 "-" "Mozilla/5.0 (compatible; MSIE 10.0; Win32; Trident/6.0)"
195.56.55.225 - - [01/Jul/2013:16:34:33 +0200] "GET /test.html HTTP/1.1" 200 56 "-" "monit/4.6"
37.191.9.111 - - [01/Jul/2013:16:34:45 +0200] "GET /proxy.pac HTTP/1.1" 404 286 "-" "-"
37.191.9.111 - - [01/Jul/2013:16:34:45 +0200] "GET /proxy.pac HTTP/1.1" 404 286 "-" "-"
37.191.9.111 - - [01/Jul/2013:16:34:45 +0200] "GET /proxy.pac HTTP/1.1" 404 286 "-" "-"
37.191.9.111 - - [01/Jul/2013:16:34:45 +0200] "GET /proxy.pac HTTP/1.1" 404 286 "-" "-"
37.191.9.111 - - [01/Jul/2013:16:34:45 +0200] "GET /proxy.pac HTTP/1.1" 404 286 "-" "-"
37.191.9.111 - - [01/Jul/2013:16:34:45 +0200] "GET /proxy.pac HTTP/1.1" 404 286 "-" "-"
37.191.9.111 - - [01/Jul/2013:16:34:45 +0200] "GET /proxy.pac HTTP/1.1" 404 286 "-" "-"
37.191.9.111 - - [01/Jul/2013:16:34:46 +0200] "GET /proxy.pac HTTP/1.1" 404 286 "-" "-"
37.191.9.111 - - [01/Jul/2013:16:34:46 +0200] "GET /proxy.pac HTTP/1.1" 404 286 "-" "-"
37.191.9.111 - - [01/Jul/2013:16:34:46 +0200] "GET /proxy.pac HTTP/1.1" 404 286 "-" "-"
37.191.9.111 - - [01/Jul/2013:16:34:46 +0200] "GET /proxy.pac HTTP/1.1" 404 286 "-" "-"
37.191.9.111 - - [01/Jul/2013:16:34:46 +0200] "GET /proxy.pac HTTP/1.1" 404 286 "-" "-"
37.191.9.111 - - [01/Jul/2013:16:34:46 +0200] "GET /proxy.pac HTTP/1.1" 404 286 "-" "-"
37.191.9.111 - - [01/Jul/2013:16:34:46 +0200] "GET /proxy.pac HTTP/1.1" 404 286 "-" "-"
37.191.9.111 - - [01/Jul/2013:16:34:46 +0200] "GET /proxy.pac HTTP/1.1" 404 286 "-" "-"
37.191.9.111 - - [01/Jul/2013:16:34:46 +0200] "GET /proxy.pac HTTP/1.1" 404 286 "-" "-"
37.191.9.111 - - [01/Jul/2013:16:34:47 +0200] "GET /proxy.pac HTTP/1.1" 404 286 "-" "-"
89.248.174.60 - - [01/Jul/2013:16:34:50 +0200] "GET /forum_attac.php3?id_article=983&retour=cikk.php3%3Fid_article%3D983 HTTP/1.1" 404 292 "-" "Mozilla/4.0 (compatible; MSIE 6.0; Windows NT 5.1; SV1)"
37.191.9.111 - - [01/Jul/2013:16:34:54 +0200] "GET /proxy.pac HTTP/1.1" 404 286 "-" "Mozilla/5.0 (compatible; MSIE 10.0; Win32; Trident/6.0)"
37.191.9.111 - - [01/Jul/2013:16:34:55 +0200] "GET /proxy.pac HTTP/1.1" 404 286 "-" "-"
37.191.9.111 - - [01/Jul/2013:16:34:55 +0200] "GET /proxy.pac HTTP/1.1" 404 286 "-" "-"
37.191.9.111 - - [01/Jul/2013:16:34:56 +0200] "GET /proxy.pac HTTP/1.1" 404 286 "-" "-"
37.191.9.111 - - [01/Jul/2013:16:34:56 +0200] "GET /proxy.pac HTTP/1.1" 404 286 "-" "-"
37.191.9.111 - - [01/Jul/2013:16:34:56 +0200] "GET /proxy.pac HTTP/1.1" 404 286 "-" "-"
37.191.9.111 - - [01/Jul/2013:16:34:59 +0200] "GET /proxy.pac HTTP/1.1" 404 286 "-" "-"
37.191.9.111 - - [01/Jul/2013:16:35:07 +0200] "GET /proxy.pac HTTP/1.1" 404 286 "-" "-"
37.191.9.111 - - [01/Jul/2013:16:35:26 +0200] "GET /proxy.pac HTTP/1.1" 404 286 "-" "-"
37.191.9.111 - - [01/Jul/2013:16:35:26 +0200] "GET /proxy.pac HTTP/1.1" 404 286 "-" "-"
37.191.9.111 - - [01/Jul/2013:16:35:26 +0200] "GET /proxy.pac HTTP/1.1" 404 286 "-" "-"
37.191.9.111 - - [01/Jul/2013:16:35:26 +0200] "GET /proxy.pac HTTP/1.1" 404 286 "-" "-"
195.56.55.225 - - [01/Jul/2013:16:36:36 +0200] "GET /test.html HTTP/1.1" 200 56 "-" "monit/4.6"
195.56.55.225 - - [01/Jul/2013:16:38:38 +0200] "GET /test.html HTTP/1.1" 200 56 "-" "monit/4.6"
37.191.9.111 - - [01/Jul/2013:16:39:15 +0200] "GET /proxy.pac HTTP/1.1" 404 286 "-" "Mozilla/5.0 (compatible; MSIE 10.0; Win32; Trident/6.0)"
37.191.9.111 - - [01/Jul/2013:16:39:15 +0200] "GET /proxy.pac HTTP/1.1" 404 286 "-" "Mozilla/5.0 (compatible; MSIE 10.0; Win32; Trident/6.0)"
195.56.55.225 - - [01/Jul/2013:16:40:40 +0200] "GET /test.html HTTP/1.1" 200 56 "-" "monit/4.6"
87.114.164.65 - - [01/Jul/2013:16:42:21 +0200] "-" 408 - "-" "-"
195.56.55.225 - - [01/Jul/2013:16:42:42 +0200] "GET /test.html HTTP/1.1" 200 56 "-" "monit/4.6"
195.56.55.225 - - [01/Jul/2013:16:44:46 +0200] "GET /test.html HTTP/1.1" 200 56 "-" "monit/4.6"
195.56.55.225 - - [01/Jul/2013:16:45:33 +0200] "GET /rovat/vallalati HTTP/1.0" 404 295 "-" "-"
195.56.55.225 - - [01/Jul/2013:16:46:48 +0200] "GET /test.html HTTP/1.1" 200 56 "-" "monit/4.6"
37.191.9.111 - - [01/Jul/2013:16:47:09 +0200] "GET /proxy.pac HTTP/1.1" 404 286 "-" "-"
195.56.55.225 - - [01/Jul/2013:16:48:50 +0200] "GET /test.html HTTP/1.1" 200 56 "-" "monit/4.6"
92.249.181.234 - - [01/Jul/2013:16:49:27 +0200] "-" 408 - "-" "-"
81.94.207.138 - - [01/Jul/2013:16:50:31 +0200] "HEAD /people/arne-hintz HTTP/1.0" 404 0 "-" "Opera/9.64(Windows NT 5.1; U; en) Presto/2.1.1"
195.56.55.225 - - [01/Jul/2013:16:50:55 +0200] "GET /test.html HTTP/1.1" 200 56 "-" "monit/4.6"
195.56.55.225 - - [01/Jul/2013:16:52:57 +0200] "GET /test.html HTTP/1.1" 200 56 "-" "monit/4.6"
195.56.55.225 - - [01/Jul/2013:16:54:59 +0200] "GET /test.html HTTP/1.1" 200 56 "-" "monit/4.6"
208.115.111.71 - - [01/Jul/2013:16:55:08 +0200] "GET /wto.shtml?x=11752 HTTP/1.1" 404 298 "-" "Mozilla/5.0 (compatible; Ezooms/1.0; ezooms.bot@gmail.com)"
91.232.96.36 - - [01/Jul/2013:16:55:54 +0200] "GET /forum_attac.php3?id_article=983&retour=cikk.php3%3Fid_article%3D983 HTTP/1.1" 404 292 "-" "Mozilla/4.0 (compatible; MSIE 6.0; Windows NT 5.1; SV1)"
195.56.55.225 - - [01/Jul/2013:16:57:01 +0200] "GET /test.html HTTP/1.1" 200 56 "-" "monit/4.6"
195.56.55.225 - - [01/Jul/2013:16:59:03 +0200] "GET /test.html HTTP/1.1" 200 56 "-" "monit/4.6"
72.14.199.132 - - [01/Jul/2013:17:00:58 +0200] "GET / HTTP/1.1" 200 1155 "-" "Feedfetcher-Google; (+http://www.google.com/feedfetcher.html; 1 subscribers; feed-id=849169264004692768)"
195.56.55.225 - - [01/Jul/2013:17:01:05 +0200] "GET /test.html HTTP/1.1" 200 56 "-" "monit/4.6"
195.56.55.225 - - [01/Jul/2013:17:03:07 +0200] "GET /test.html HTTP/1.1" 200 56 "-" "monit/4.6"
112.111.46.87 - - [01/Jul/2013:17:04:00 +0200] "GET /IMG/European_SW_Report_2010-eng.pdf HTTP/1.0" 404 299 "http://indieanna.com/contact.html" "Opera/9.80 (Windows NT 6.1; WOW64; Edition Yx) Presto/2.12.388 Version/12.11"
112.111.46.87 - - [01/Jul/2013:17:04:01 +0200] "GET / HTTP/1.0" 200 1155 "http://attac.zpok.hu/" "Opera/9.80 (Windows NT 6.1; WOW64; Edition Yx) Presto/2.12.388 Version/12.11"
195.56.55.225 - - [01/Jul/2013:17:05:09 +0200] "GET /test.html HTTP/1.1" 200 56 "-" "monit/4.6"
195.56.55.225 - - [01/Jul/2013:17:07:13 +0200] "GET /test.html HTTP/1.1" 200 56 "-" "monit/4.6"
195.56.55.225 - - [01/Jul/2013:17:09:15 +0200] "GET /test.html HTTP/1.1" 200 56 "-" "monit/4.6"
66.249.78.218 - - [01/Jul/2013:17:11:18 +0200] "GET /cikk.php3?id_article=750 HTTP/1.1" 404 285 "-" "Mozilla/5.0 (compatible; Googlebot/2.1; +http://www.google.com/bot.html)"
195.56.55.225 - - [01/Jul/2013:17:11:23 +0200] "GET /test.html HTTP/1.1" 200 56 "-" "monit/4.6"
182.118.25.209 - - [01/Jul/2013:17:12:30 +0200] "GET /robots.txt HTTP/1.1" 404 286 "http://attac.zpok.hu/robots.txt" "Mozilla/5.0 (Windows; U; Windows NT 5.1; zh-CN; rv:1.8.0.11) Firefox/1.5.0.11; 360Spider"
89.248.174.60 - - [01/Jul/2013:17:12:50 +0200] "GET /forum_attac.php3?id_article=983&retour=cikk.php3%3Fid_article%3D983 HTTP/1.1" 404 292 "-" "Mozilla/4.0 (compatible; MSIE 6.0; Windows NT 5.1; SV1)"
195.56.55.225 - - [01/Jul/2013:17:13:25 +0200] "GET /test.html HTTP/1.1" 200 56 "-" "monit/4.6"
195.56.55.225 - - [01/Jul/2013:17:15:27 +0200] "GET /test.html HTTP/1.1" 200 56 "-" "monit/4.6"
195.56.55.225 - - [01/Jul/2013:17:17:29 +0200] "GET /test.html HTTP/1.1" 200 56 "-" "monit/4.6"
72.87.121.48 - - [01/Jul/2013:17:18:24 +0200] "-" 408 - "-" "-"
91.232.96.36 - - [01/Jul/2013:17:18:51 +0200] "GET /forum_attac.php3?id_article=983&retour=cikk.php3%3Fid_article%3D983 HTTP/1.1" 404 292 "-" "Mozilla/4.0 (compatible; MSIE 6.0; Windows NT 5.1; SV1)"
195.56.55.225 - - [01/Jul/2013:17:19:33 +0200] "GET /test.html HTTP/1.1" 200 56 "-" "monit/4.6"
37.191.9.111 - - [01/Jul/2013:17:20:57 +0200] "GET /proxy.pac HTTP/1.1" 404 286 "-" "Mozilla/5.0 (compatible; MSIE 10.0; Win32; Trident/6.0)"
195.56.55.225 - - [01/Jul/2013:17:21:35 +0200] "GET /test.html HTTP/1.1" 200 56 "-" "monit/4.6"
195.56.55.225 - - [01/Jul/2013:17:23:39 +0200] "GET /test.html HTTP/1.1" 200 56 "-" "monit/4.6"
31.46.195.10 - - [01/Jul/2013:17:24:18 +0200] "-" 408 - "-" "-"
199.30.20.103 - - [01/Jul/2013:17:24:53 +0200] "GET /robots.txt HTTP/1.1" 404 286 "-" "msnbot-media/1.1 (+http://search.msn.com/msnbot.htm)"
199.30.20.103 - - [01/Jul/2013:17:24:54 +0200] "GET /IMG/arton415.jpg HTTP/1.1" 404 292 "-" "msnbot-media/1.1 (+http://search.msn.com/msnbot.htm)"
195.56.55.225 - - [01/Jul/2013:17:25:40 +0200] "GET /test.html HTTP/1.1" 200 56 "-" "monit/4.6"
192.74.243.124 - - [01/Jul/2013:17:26:45 +0200] "GET /cikk.php3?id_article=1031 HTTP/1.0" 404 273 "http://attac.zpok.hu/cikk.php3?id_article=1031" "Opera/9.80 (Windows NT 6.1; Edition Yx) Presto/2.12.388 Version/12.11"
192.74.243.124 - - [01/Jul/2013:17:26:46 +0200] "GET / HTTP/1.0" 200 1155 "http://attac.zpok.hu/" "Opera/9.80 (Windows NT 6.1; Edition Yx) Presto/2.12.388 Version/12.11"
195.56.55.225 - - [01/Jul/2013:17:27:42 +0200] "GET /test.html HTTP/1.1" 200 56 "-" "monit/4.6"
37.191.9.111 - - [01/Jul/2013:17:27:45 +0200] "GET /proxy.pac HTTP/1.1" 404 286 "-" "-"
94.70.117.119 - - [01/Jul/2013:17:29:39 +0200] "-" 408 - "-" "-"
195.56.55.225 - - [01/Jul/2013:17:29:44 +0200] "GET /test.html HTTP/1.1" 200 56 "-" "monit/4.6"
195.56.55.225 - - [01/Jul/2013:17:31:46 +0200] "GET /test.html HTTP/1.1" 200 56 "-" "monit/4.6"
79.97.62.158 - - [01/Jul/2013:17:32:24 +0200] "-" 408 - "-" "-"
195.56.55.225 - - [01/Jul/2013:17:33:49 +0200] "GET /test.html HTTP/1.1" 200 56 "-" "monit/4.6"
89.248.174.60 - - [01/Jul/2013:17:35:41 +0200] "GET /forum_attac.php3?id_article=983&retour=cikk.php3%3Fid_article%3D983 HTTP/1.1" 404 292 "-" "Mozilla/4.0 (compatible; MSIE 6.0; Windows NT 5.1; SV1)"
195.56.55.225 - - [01/Jul/2013:17:35:51 +0200] "GET /test.html HTTP/1.1" 200 56 "-" "monit/4.6"
195.56.55.225 - - [01/Jul/2013:17:37:53 +0200] "GET /test.html HTTP/1.1" 200 56 "-" "monit/4.6"
37.191.9.111 - - [01/Jul/2013:17:38:32 +0200] "GET /proxy.pac HTTP/1.1" 404 286 "-" "-"
37.191.9.111 - - [01/Jul/2013:17:38:32 +0200] "GET /proxy.pac HTTP/1.1" 404 286 "-" "-"
37.191.9.111 - - [01/Jul/2013:17:38:32 +0200] "GET /proxy.pac HTTP/1.1" 404 286 "-" "-"
37.191.9.111 - - [01/Jul/2013:17:38:32 +0200] "GET /proxy.pac HTTP/1.1" 404 286 "-" "-"
37.191.9.111 - - [01/Jul/2013:17:38:32 +0200] "GET /proxy.pac HTTP/1.1" 404 286 "-" "-"
37.191.9.111 - - [01/Jul/2013:17:38:32 +0200] "GET /proxy.pac HTTP/1.1" 404 286 "-" "-"
37.191.9.111 - - [01/Jul/2013:17:38:32 +0200] "GET /proxy.pac HTTP/1.1" 404 286 "-" "-"
37.191.9.111 - - [01/Jul/2013:17:38:32 +0200] "GET /proxy.pac HTTP/1.1" 404 286 "-" "-"
37.191.9.111 - - [01/Jul/2013:17:38:32 +0200] "GET /proxy.pac HTTP/1.1" 404 286 "-" "-"
37.191.9.111 - - [01/Jul/2013:17:38:32 +0200] "GET /proxy.pac HTTP/1.1" 404 286 "-" "-"
195.56.55.225 - - [01/Jul/2013:17:39:55 +0200] "GET /test.html HTTP/1.1" 200 56 "-" "monit/4.6"
212.7.196.79 - - [01/Jul/2013:17:41:27 +0200] "GET / HTTP/1.1" 200 1155 "-" "Mozilla/5.0 (Windows; U; Windows NT 6.1; WOW64; en-US; rv:2.0.4) Gecko/20120718 AskTbAVR-IDW/3.12.5.17700 Firefox/14.0.1"
91.232.96.36 - - [01/Jul/2013:17:41:55 +0200] "GET /forum_attac.php3?id_article=983&retour=cikk.php3%3Fid_article%3D983 HTTP/1.1" 404 292 "-" "Mozilla/4.0 (compatible; MSIE 6.0; Windows NT 5.1; SV1)"
195.56.55.225 - - [01/Jul/2013:17:41:57 +0200] "GET /test.html HTTP/1.1" 200 56 "-" "monit/4.6"
195.56.55.225 - - [01/Jul/2013:17:43:59 +0200] "GET /test.html HTTP/1.1" 200 56 "-" "monit/4.6"
195.56.55.225 - - [01/Jul/2013:17:46:01 +0200] "GET /test.html HTTP/1.1" 200 56 "-" "monit/4.6"
195.56.55.225 - - [01/Jul/2013:17:48:03 +0200] "GET /test.html HTTP/1.1" 200 56 "-" "monit/4.6"
134.201.250.155 - - [01/Jul/2013:17:48:18 +0200] "POST /forum_attac.php3?id_article=710&retour=cikk HTTP/1.1" 404 292 "http://attac.zpok.hu/forum_attac.php3?id_article=710&retour=cikk" "Mozilla/4.0 (compatible; MSIE 6.0; Windows NT 5.1; SV1)"
54.232.20.188 - - [01/Jul/2013:17:48:19 +0200] "POST /forum_attac.php3?id_article=710&retour=cikk HTTP/1.1" 404 292 "http://attac.zpok.hu/forum_attac.php3?id_article=710&retour=cikk" "Mozilla/4.0 (compatible; MSIE 6.0; Windows NT 5.1; SV1)"
195.56.55.225 - - [01/Jul/2013:17:50:05 +0200] "GET /test.html HTTP/1.1" 200 56 "-" "monit/4.6"
66.249.78.33 - - [01/Jul/2013:17:51:33 +0200] "GET /robots.txt HTTP/1.1" 404 291 "-" "Mozilla/5.0 (compatible; Googlebot/2.1; +http://www.google.com/bot.html)"
66.249.78.33 - - [01/Jul/2013:17:51:33 +0200] "GET / HTTP/1.1" 200 1155 "-" "Mozilla/5.0 (compatible; Googlebot/2.1; +http://www.google.com/bot.html)"
195.56.55.225 - - [01/Jul/2013:17:52:07 +0200] "GET /test.html HTTP/1.1" 200 56 "-" "monit/4.6"
195.56.55.225 - - [01/Jul/2013:17:54:09 +0200] "GET /test.html HTTP/1.1" 200 56 "-" "monit/4.6"
37.191.9.111 - - [01/Jul/2013:17:55:45 +0200] "GET /proxy.pac HTTP/1.1" 404 286 "-" "Mozilla/5.0 (compatible; MSIE 10.0; Win32; Trident/6.0)"
195.56.55.225 - - [01/Jul/2013:17:56:11 +0200] "GET /test.html HTTP/1.1" 200 56 "-" "monit/4.6"
195.56.55.225 - - [01/Jul/2013:17:58:13 +0200] "GET /test.html HTTP/1.1" 200 56 "-" "monit/4.6"
89.248.174.60 - - [01/Jul/2013:17:58:47 +0200] "GET /forum_attac.php3?id_article=983&retour=cikk.php3%3Fid_article%3D983 HTTP/1.1" 404 292 "-" "Mozilla/4.0 (compatible; MSIE 6.0; Windows NT 5.1; SV1)"
195.56.55.225 - - [01/Jul/2013:18:00:15 +0200] "GET /test.html HTTP/1.1" 200 56 "-" "monit/4.6"
173.199.119.35 - - [01/Jul/2013:18:01:35 +0200] "-" 408 - "-" "-"
94.44.252.109 - - [01/Jul/2013:18:02:14 +0200] "GET /sites/csalan.mindworks.hu/files/logo_kothalo.png HTTP/1.1" 404 328 "http://csalan.hu/csalanrol/partnerek" "Mozilla/5.0 (Windows NT 6.1; WOW64; rv:21.0) Gecko/20100101 Firefox/21.0"
94.44.252.109 - - [01/Jul/2013:18:02:14 +0200] "GET /sites/csalan.mindworks.hu/files/logo_humusz.png HTTP/1.1" 404 327 "http://csalan.hu/csalanrol/partnerek" "Mozilla/5.0 (Windows NT 6.1; WOW64; rv:21.0) Gecko/20100101 Firefox/21.0"
94.44.252.109 - - [01/Jul/2013:18:02:14 +0200] "GET /sites/csalan.mindworks.hu/files/logo_dia.jpg HTTP/1.1" 404 324 "http://csalan.hu/csalanrol/partnerek" "Mozilla/5.0 (Windows NT 6.1; WOW64; rv:21.0) Gecko/20100101 Firefox/21.0"
94.44.252.109 - - [01/Jul/2013:18:02:14 +0200] "GET /sites/csalan.mindworks.hu/files/logo_kothalo.png HTTP/1.1" 404 328 "http://csalan.hu/csalanrol/partnerek" "Mozilla/5.0 (Windows NT 6.1; WOW64; rv:21.0) Gecko/20100101 Firefox/21.0"
94.44.252.109 - - [01/Jul/2013:18:02:14 +0200] "GET /sites/csalan.mindworks.hu/files/logo_humusz.png HTTP/1.1" 404 327 "http://csalan.hu/csalanrol/partnerek" "Mozilla/5.0 (Windows NT 6.1; WOW64; rv:21.0) Gecko/20100101 Firefox/21.0"
94.44.252.109 - - [01/Jul/2013:18:02:14 +0200] "GET /sites/csalan.mindworks.hu/files/logo_dia.jpg HTTP/1.1" 404 324 "http://csalan.hu/csalanrol/partnerek" "Mozilla/5.0 (Windows NT 6.1; WOW64; rv:21.0) Gecko/20100101 Firefox/21.0"
195.56.55.225 - - [01/Jul/2013:18:02:17 +0200] "GET /test.html HTTP/1.1" 200 56 "-" "monit/4.6"
195.56.55.225 - - [01/Jul/2013:18:04:19 +0200] "GET /test.html HTTP/1.1" 200 56 "-" "monit/4.6"
91.232.96.36 - - [01/Jul/2013:18:04:44 +0200] "GET /forum_attac.php3?id_article=983&retour=cikk.php3%3Fid_article%3D983 HTTP/1.1" 404 292 "-" "Mozilla/4.0 (compatible; MSIE 6.0; Windows NT 5.1; SV1)"
195.56.55.225 - - [01/Jul/2013:18:06:21 +0200] "GET /test.html HTTP/1.1" 200 56 "-" "monit/4.6"
195.56.55.225 - - [01/Jul/2013:18:08:23 +0200] "GET /test.html HTTP/1.1" 200 56 "-" "monit/4.6"
79.121.64.201 - - [01/Jul/2013:18:10:24 +0200] "-" 408 - "-" "-"
195.56.55.225 - - [01/Jul/2013:18:10:26 +0200] "GET /test.html HTTP/1.1" 200 56 "-" "monit/4.6"
195.56.55.225 - - [01/Jul/2013:18:12:29 +0200] "GET /test.html HTTP/1.1" 200 56 "-" "monit/4.6"
66.249.78.218 - - [01/Jul/2013:18:12:29 +0200] "GET /cikk.php3?id_article=7 HTTP/1.1" 404 285 "-" "Mozilla/5.0 (compatible; Googlebot/2.1; +http://www.google.com/bot.html)"
195.56.55.225 - - [01/Jul/2013:18:14:31 +0200] "GET /test.html HTTP/1.1" 200 56 "-" "monit/4.6"
71.13.87.122 - - [01/Jul/2013:18:16:33 +0200] "-" 408 - "-" "-"
195.56.55.225 - - [01/Jul/2013:18:16:33 +0200] "GET /test.html HTTP/1.1" 200 56 "-" "monit/4.6"
195.56.55.225 - - [01/Jul/2013:18:18:35 +0200] "GET /test.html HTTP/1.1" 200 56 "-" "monit/4.6"
195.56.55.225 - - [01/Jul/2013:18:20:45 +0200] "GET /test.html HTTP/1.1" 200 56 "-" "monit/4.6"
89.248.174.60 - - [01/Jul/2013:18:21:48 +0200] "GET /forum_attac.php3?id_article=983&retour=cikk.php3%3Fid_article%3D983 HTTP/1.1" 404 292 "-" "Mozilla/4.0 (compatible; MSIE 6.0; Windows NT 5.1; SV1)"
195.56.55.225 - - [01/Jul/2013:18:22:47 +0200] "GET /test.html HTTP/1.1" 200 56 "-" "monit/4.6"
211.139.96.34 - - [01/Jul/2013:18:22:51 +0200] "POST /forum_attac.php3?id_article=710&retour=cikk HTTP/1.0" 404 280 "http://attac.zpok.hu/forum_attac.php3?id_article=710&retour=cikk" "Mozilla/4.0 (compatible; MSIE 6.0; Windows NT 5.1; SV1)"
211.139.96.35 - - [01/Jul/2013:18:22:53 +0200] "POST /forum_attac.php3?id_article=710&retour=cikk HTTP/1.0" 404 280 "http://attac.zpok.hu/forum_attac.php3?id_article=710&retour=cikk" "Mozilla/4.0 (compatible; MSIE 6.0; Windows NT 5.1; SV1)"
200.35.151.24 - - [01/Jul/2013:18:22:56 +0200] "POST /forum_attac.php3?id_article=710&retour=cikk HTTP/1.1" 404 292 "http://attac.zpok.hu/forum_attac.php3?id_article=710&retour=cikk" "Mozilla/4.0 (compatible; MSIE 6.0; Windows NT 5.1; SV1)"
195.56.55.225 - - [01/Jul/2013:18:24:49 +0200] "GET /test.html HTTP/1.1" 200 56 "-" "monit/4.6"
157.56.229.186 - - [01/Jul/2013:18:24:58 +0200] "GET /robots.txt HTTP/1.1" 404 299 "-" "Mozilla/5.0 (compatible; bingbot/2.0; +http://www.bing.com/bingbot.htm)"
157.56.229.186 - - [01/Jul/2013:18:26:35 +0200] "GET /bevezeto HTTP/1.1" 404 297 "-" "Mozilla/5.0 (compatible; bingbot/2.0; +http://www.bing.com/bingbot.htm)"
81.209.177.201 - - [01/Jul/2013:18:26:40 +0200] "GET /robots.txt HTTP/1.1" 404 305 "-" "netEstate NE Crawler (+http://www.website-datenbank.de/)"
81.209.177.202 - - [01/Jul/2013:18:26:44 +0200] "GET / HTTP/1.1" 200 1155 "-" "netEstate NE Crawler (+http://www.website-datenbank.de/)"
195.56.55.225 - - [01/Jul/2013:18:26:52 +0200] "GET /test.html HTTP/1.1" 200 56 "-" "monit/4.6"
89.132.65.228 - - [01/Jul/2013:18:27:04 +0200] "-" 408 - "-" "-"
91.232.96.36 - - [01/Jul/2013:18:27:47 +0200] "GET /forum_attac.php3?id_article=983&retour=cikk.php3%3Fid_article%3D983 HTTP/1.1" 404 292 "-" "Mozilla/4.0 (compatible; MSIE 6.0; Windows NT 5.1; SV1)"
195.56.55.225 - - [01/Jul/2013:18:28:54 +0200] "GET /test.html HTTP/1.1" 200 56 "-" "monit/4.6"
195.56.55.225 - - [01/Jul/2013:18:30:56 +0200] "GET /test.html HTTP/1.1" 200 56 "-" "monit/4.6"
195.56.55.225 - - [01/Jul/2013:18:32:59 +0200] "GET /test.html HTTP/1.1" 200 56 "-" "monit/4.6"
195.56.55.225 - - [01/Jul/2013:18:35:02 +0200] "GET /test.html HTTP/1.1" 200 56 "-" "monit/4.6"
157.55.33.20 - - [01/Jul/2013:18:36:54 +0200] "GET /robots.txt HTTP/1.1" 404 286 "-" "Mozilla/5.0 (compatible; bingbot/2.0; +http://www.bing.com/bingbot.htm)"
195.56.55.225 - - [01/Jul/2013:18:37:04 +0200] "GET /test.html HTTP/1.1" 200 56 "-" "monit/4.6"
157.55.33.20 - - [01/Jul/2013:18:37:45 +0200] "GET / HTTP/1.1" 200 1155 "-" "Mozilla/5.0 (compatible; bingbot/2.0; +http://www.bing.com/bingbot.htm)"
195.56.55.225 - - [01/Jul/2013:18:39:06 +0200] "GET /test.html HTTP/1.1" 200 56 "-" "monit/4.6"
195.56.55.225 - - [01/Jul/2013:18:41:08 +0200] "GET /test.html HTTP/1.1" 200 56 "-" "monit/4.6"
157.56.92.146 - - [01/Jul/2013:18:41:52 +0200] "GET /robots.txt HTTP/1.1" 404 293 "-" "Mozilla/5.0 (compatible; bingbot/2.0; +http://www.bing.com/bingbot.htm)"
195.56.55.225 - - [01/Jul/2013:18:43:10 +0200] "GET /test.html HTTP/1.1" 200 56 "-" "monit/4.6"
157.56.229.186 - - [01/Jul/2013:18:43:59 +0200] "GET /book/export/html/123 HTTP/1.1" 404 309 "-" "Mozilla/5.0 (compatible; bingbot/2.0; +http://www.bing.com/bingbot.htm)"
89.248.174.60 - - [01/Jul/2013:18:44:45 +0200] "GET /forum_attac.php3?id_article=983&retour=cikk.php3%3Fid_article%3D983 HTTP/1.1" 404 292 "-" "Mozilla/4.0 (compatible; MSIE 6.0; Windows NT 5.1; SV1)"
64.233.198.250 - - [01/Jul/2013:18:45:02 +0200] "POST /forum_attac.php3?id_article=710&retour=cikk HTTP/1.1" 404 292 "http://attac.zpok.hu/forum_attac.php3?id_article=710&retour=cikk" "Mozilla/4.0 (compatible; MSIE 6.0; Windows NT 5.1; SV1)"
84.1.151.164 - - [01/Jul/2013:18:45:03 +0200] "-" 408 - "-" "-"
111.90.168.60 - - [01/Jul/2013:18:45:06 +0200] "POST /forum_attac.php3?id_article=710&retour=cikk HTTP/1.1" 404 292 "http://attac.zpok.hu/forum_attac.php3?id_article=710&retour=cikk" "Mozilla/4.0 (compatible; MSIE 6.0; Windows NT 5.1; SV1)"
195.56.55.225 - - [01/Jul/2013:18:45:12 +0200] "GET /test.html HTTP/1.1" 200 56 "-" "monit/4.6"
94.228.34.203 - - [01/Jul/2013:18:46:46 +0200] "GET /robots.txt HTTP/1.1" 404 286 "-" "magpie-crawler/1.1 (U; Linux amd64; en-GB; +http://www.brandwatch.net)"
94.228.34.203 - - [01/Jul/2013:18:46:46 +0200] "GET /?feed=atom HTTP/1.1" 304 - "-" "magpie-crawler/1.1 (U; Linux amd64; en-GB; +http://www.brandwatch.net)"
157.56.92.146 - - [01/Jul/2013:18:47:11 +0200] "GET / HTTP/1.1" 200 1155 "-" "Mozilla/5.0 (compatible; bingbot/2.0; +http://www.bing.com/bingbot.htm)"
195.56.55.225 - - [01/Jul/2013:18:47:14 +0200] "GET /test.html HTTP/1.1" 200 56 "-" "monit/4.6"
82.45.25.148 - - [01/Jul/2013:18:49:00 +0200] "-" 408 - "-" "-"
195.56.55.225 - - [01/Jul/2013:18:49:16 +0200] "GET /test.html HTTP/1.1" 200 56 "-" "monit/4.6"
91.232.96.36 - - [01/Jul/2013:18:50:41 +0200] "GET /forum_attac.php3?id_article=983&retour=cikk.php3%3Fid_article%3D983 HTTP/1.1" 404 292 "-" "Mozilla/4.0 (compatible; MSIE 6.0; Windows NT 5.1; SV1)"
195.56.55.225 - - [01/Jul/2013:18:51:18 +0200] "GET /test.html HTTP/1.1" 200 56 "-" "monit/4.6"
195.56.55.225 - - [01/Jul/2013:18:53:20 +0200] "GET /test.html HTTP/1.1" 200 56 "-" "monit/4.6"
86.59.166.246 - - [01/Jul/2013:18:54:39 +0200] "-" 408 - "-" "-"
195.56.55.225 - - [01/Jul/2013:18:55:22 +0200] "GET /test.html HTTP/1.1" 200 56 "-" "monit/4.6"
195.56.55.225 - - [01/Jul/2013:18:57:24 +0200] "GET /test.html HTTP/1.1" 200 56 "-" "monit/4.6"
77.88.42.27 - - [01/Jul/2013:18:57:30 +0200] "GET /robots.txt HTTP/1.1" 404 292 "-" "Mozilla/5.0 (compatible; YandexBot/3.0; +http://yandex.com/bots)"
77.88.42.27 - - [01/Jul/2013:18:57:32 +0200] "GET / HTTP/1.1" 200 1155 "-" "Mozilla/5.0 (compatible; YandexBot/3.0; +http://yandex.com/bots)"
31.46.162.212 - - [01/Jul/2013:18:57:34 +0200] "-" 408 - "-" "-"
77.88.42.27 - - [01/Jul/2013:18:57:35 +0200] "GET / HTTP/1.1" 200 1155 "-" "Mozilla/5.0 (compatible; YandexBot/3.0; +http://yandex.com/bots)"
46.107.197.17 - - [01/Jul/2013:18:59:12 +0200] "GET /proxy.pac HTTP/1.1" 404 282 "-" "-"
46.107.197.17 - - [01/Jul/2013:18:59:12 +0200] "GET /proxy.pac HTTP/1.1" 404 282 "-" "-"
46.107.197.17 - - [01/Jul/2013:18:59:14 +0200] "GET /proxy.pac HTTP/1.1" 404 282 "-" "-"
46.107.197.17 - - [01/Jul/2013:18:59:23 +0200] "GET /proxy.pac HTTP/1.1" 404 282 "-" "Mozilla/5.0 (compatible; MSIE 9.0; Win32; Trident/5.0)"
46.107.197.17 - - [01/Jul/2013:18:59:23 +0200] "GET /proxy.pac HTTP/1.1" 404 282 "-" "Mozilla/5.0 (compatible; MSIE 9.0; Win32; Trident/5.0)"
195.56.55.225 - - [01/Jul/2013:18:59:27 +0200] "GET /test.html HTTP/1.1" 200 56 "-" "monit/4.6"
46.107.197.17 - - [01/Jul/2013:18:59:31 +0200] "GET /proxy.pac HTTP/1.1" 404 282 "-" "Mozilla/5.0 (compatible; MSIE 9.0; Win32; Trident/5.0)"
46.107.197.17 - - [01/Jul/2013:18:59:42 +0200] "GET /proxy.pac HTTP/1.1" 404 282 "-" "Mozilla/5.0 (compatible; MSIE 9.0; Win32; Trident/5.0)"
46.107.197.17 - - [01/Jul/2013:18:59:58 +0200] "GET /proxy.pac HTTP/1.1" 404 282 "-" "Mozilla/5.0 (Windows NT 6.1) AppleWebKit/537.36 (KHTML, like Gecko) Chrome/27.0.1453.116 Safari/537.36"
46.107.197.17 - - [01/Jul/2013:18:59:58 +0200] "GET /proxy.pac HTTP/1.1" 404 282 "-" "Mozilla/5.0 (Windows NT 6.1) AppleWebKit/537.36 (KHTML, like Gecko) Chrome/27.0.1453.116 Safari/537.36"
46.107.197.17 - - [01/Jul/2013:18:59:58 +0200] "GET /proxy.pac HTTP/1.1" 404 282 "-" "Mozilla/5.0 (compatible; MSIE 9.0; Win32; Trident/5.0)"
46.107.197.17 - - [01/Jul/2013:18:59:58 +0200] "GET /proxy.pac HTTP/1.1" 404 282 "-" "-"
46.107.197.17 - - [01/Jul/2013:18:59:58 +0200] "GET /proxy.pac HTTP/1.1" 404 282 "-" "-"
46.107.197.17 - - [01/Jul/2013:18:59:59 +0200] "GET /proxy.pac HTTP/1.1" 404 282 "-" "-"
46.107.197.17 - - [01/Jul/2013:18:59:59 +0200] "GET /proxy.pac HTTP/1.1" 404 282 "-" "-"
46.107.197.17 - - [01/Jul/2013:18:59:59 +0200] "GET /proxy.pac HTTP/1.1" 404 282 "-" "System.Net.AutoWebProxyScriptEngine/2.0.50727.5420"
46.107.197.17 - - [01/Jul/2013:19:00:06 +0200] "GET /proxy.pac HTTP/1.1" 404 282 "-" "Mozilla/5.0 (Windows NT 6.1) AppleWebKit/537.36 (KHTML, like Gecko) Chrome/27.0.1453.116 Safari/537.36"
46.107.197.17 - - [01/Jul/2013:19:00:06 +0200] "GET /proxy.pac HTTP/1.1" 404 282 "-" "Mozilla/5.0 (Windows NT 6.1) AppleWebKit/537.36 (KHTML, like Gecko) Chrome/27.0.1453.116 Safari/537.36"
46.107.197.17 - - [01/Jul/2013:19:00:08 +0200] "GET /proxy.pac HTTP/1.1" 404 282 "-" "-"
46.107.197.17 - - [01/Jul/2013:19:00:10 +0200] "GET /proxy.pac HTTP/1.1" 404 282 "-" "Mozilla/5.0 (compatible; MSIE 9.0; Win32; Trident/5.0)"
46.107.197.17 - - [01/Jul/2013:19:00:35 +0200] "GET /proxy.pac HTTP/1.1" 404 282 "-" "-"
46.107.197.17 - - [01/Jul/2013:19:00:35 +0200] "GET /proxy.pac HTTP/1.1" 404 282 "-" "-"
46.107.197.17 - - [01/Jul/2013:19:00:35 +0200] "GET /proxy.pac HTTP/1.1" 404 282 "-" "-"
46.107.197.17 - - [01/Jul/2013:19:00:35 +0200] "GET /proxy.pac HTTP/1.1" 404 282 "-" "-"
46.107.197.17 - - [01/Jul/2013:19:00:35 +0200] "GET /proxy.pac HTTP/1.1" 404 282 "-" "-"
46.107.197.17 - - [01/Jul/2013:19:00:35 +0200] "GET /proxy.pac HTTP/1.1" 404 282 "-" "-"
46.107.197.17 - - [01/Jul/2013:19:00:35 +0200] "GET /proxy.pac HTTP/1.1" 404 282 "-" "-"
46.107.197.17 - - [01/Jul/2013:19:00:35 +0200] "GET /proxy.pac HTTP/1.1" 404 282 "-" "-"
46.107.197.17 - - [01/Jul/2013:19:00:35 +0200] "GET /proxy.pac HTTP/1.1" 404 282 "-" "-"
46.107.197.17 - - [01/Jul/2013:19:00:35 +0200] "GET /proxy.pac HTTP/1.1" 404 282 "-" "-"
46.107.197.17 - - [01/Jul/2013:19:00:35 +0200] "GET /proxy.pac HTTP/1.1" 404 282 "-" "-"
46.107.197.17 - - [01/Jul/2013:19:00:35 +0200] "GET /proxy.pac HTTP/1.1" 404 282 "-" "-"
46.107.197.17 - - [01/Jul/2013:19:00:38 +0200] "GET /proxy.pac HTTP/1.1" 404 282 "-" "Mozilla/5.0 (Windows NT 6.1) AppleWebKit/537.36 (KHTML, like Gecko) Chrome/27.0.1453.116 Safari/537.36"
46.107.197.17 - - [01/Jul/2013:19:00:47 +0200] "GET /proxy.pac HTTP/1.1" 404 282 "-" "Mozilla/5.0 (Windows NT 6.1) AppleWebKit/537.36 (KHTML, like Gecko) Chrome/27.0.1453.116 Safari/537.36"
46.107.197.17 - - [01/Jul/2013:19:01:01 +0200] "GET /proxy.pac HTTP/1.1" 404 282 "-" "Mozilla/5.0 (compatible; MSIE 9.0; Win32; Trident/5.0)"
195.56.55.225 - - [01/Jul/2013:19:01:34 +0200] "GET /test.html HTTP/1.1" 200 56 "-" "monit/4.6"
157.55.33.20 - - [01/Jul/2013:19:02:19 +0200] "GET /robots.txt HTTP/1.1" 404 290 "-" "Mozilla/5.0 (compatible; bingbot/2.0; +http://www.bing.com/bingbot.htm)"
81.171.97.51 - - [01/Jul/2013:19:02:43 +0200] "GET /people/arne-hintz HTTP/1.0" 404 283 "http://cmcs.zoldpok.hu/people/arne-hintz" "Mozilla/4.0 (compatible; MSIE 8.0; Windows NT 5.1; Trident/4.0; MRA 6.0 (build 5993); MRA 8.0 (build 5784); InfoPath.2)"
81.171.97.51 - - [01/Jul/2013:19:02:43 +0200] "GET / HTTP/1.0" 200 1155 "http://cmcs.zoldpok.hu/" "Mozilla/4.0 (compatible; MSIE 8.0; Windows NT 5.1; Trident/4.0; MRA 6.0 (build 5993); MRA 8.0 (build 5784); InfoPath.2)"
46.107.197.17 - - [01/Jul/2013:19:03:06 +0200] "GET /proxy.pac HTTP/1.1" 404 282 "-" "Mozilla/5.0 (Windows NT 6.1) AppleWebKit/537.36 (KHTML, like Gecko) Chrome/27.0.1453.116 Safari/537.36"
157.55.33.20 - - [01/Jul/2013:19:03:17 +0200] "GET /cikk.php3?id_article=490 HTTP/1.1" 404 289 "-" "Mozilla/5.0 (compatible; bingbot/2.0; +http://www.bing.com/bingbot.htm)"
195.56.55.225 - - [01/Jul/2013:19:03:36 +0200] "GET /test.html HTTP/1.1" 200 56 "-" "monit/4.6"
195.56.55.225 - - [01/Jul/2013:19:05:38 +0200] "GET /test.html HTTP/1.1" 200 56 "-" "monit/4.6"
46.107.197.17 - - [01/Jul/2013:19:05:57 +0200] "GET /proxy.pac HTTP/1.1" 404 282 "-" "Mozilla/5.0 (Windows NT 6.1) AppleWebKit/537.36 (KHTML, like Gecko) Chrome/27.0.1453.116 Safari/537.36"
195.56.55.225 - - [01/Jul/2013:19:07:40 +0200] "GET /test.html HTTP/1.1" 200 56 "-" "monit/4.6"
89.248.174.60 - - [01/Jul/2013:19:07:51 +0200] "GET /forum_attac.php3?id_article=983&retour=cikk.php3%3Fid_article%3D983 HTTP/1.1" 404 292 "-" "Mozilla/4.0 (compatible; MSIE 6.0; Windows NT 5.1; SV1)"
195.56.55.225 - - [01/Jul/2013:19:09:43 +0200] "GET /test.html HTTP/1.1" 200 56 "-" "monit/4.6"
195.56.55.225 - - [01/Jul/2013:19:11:45 +0200] "GET /test.html HTTP/1.1" 200 56 "-" "monit/4.6"
27.155.184.236 - - [01/Jul/2013:19:12:59 +0200] "GET /IMG/European_SW_Report_2010-eng.pdf HTTP/1.0" 404 299 "http://attac.zpok.hu/IMG/European_SW_Report_2010-eng.pdf" "Mozilla/5.0 (Windows NT 5.1; rv:15.0) Gecko/20100101 Firefox/15.0"
27.155.184.236 - - [01/Jul/2013:19:13:00 +0200] "GET / HTTP/1.0" 200 1155 "http://attac.zpok.hu/" "Mozilla/5.0 (Windows NT 5.1; rv:15.0) Gecko/20100101 Firefox/15.0"
195.56.55.225 - - [01/Jul/2013:19:13:47 +0200] "GET /test.html HTTP/1.1" 200 56 "-" "monit/4.6"
91.232.96.36 - - [01/Jul/2013:19:13:47 +0200] "GET /forum_attac.php3?id_article=983&retour=cikk.php3%3Fid_article%3D983 HTTP/1.1" 404 292 "-" "Mozilla/4.0 (compatible; MSIE 6.0; Windows NT 5.1; SV1)"
84.225.67.220 - - [01/Jul/2013:19:14:45 +0200] "-" 408 - "-" "-"
77.88.42.27 - - [01/Jul/2013:19:14:58 +0200] "GET /robots.txt HTTP/1.1" 404 288 "-" "Mozilla/5.0 (compatible; YandexBot/3.0; +http://yandex.com/bots)"
77.88.42.27 - - [01/Jul/2013:19:14:58 +0200] "GET /robots.txt HTTP/1.1" 404 296 "-" "Mozilla/5.0 (compatible; YandexBot/3.0; +http://yandex.com/bots)"
77.88.42.27 - - [01/Jul/2013:19:14:58 +0200] "GET /robots.txt HTTP/1.1" 404 285 "-" "Mozilla/5.0 (compatible; YandexBot/3.0; +http://yandex.com/bots)"
77.88.42.27 - - [01/Jul/2013:19:14:58 +0200] "GET /robots.txt HTTP/1.1" 404 286 "-" "Mozilla/5.0 (compatible; YandexBot/3.0; +http://yandex.com/bots)"
195.56.55.225 - - [01/Jul/2013:19:15:49 +0200] "GET /test.html HTTP/1.1" 200 56 "-" "monit/4.6"
46.107.197.17 - - [01/Jul/2013:19:15:58 +0200] "GET /proxy.pac HTTP/1.1" 404 282 "-" "Mozilla/5.0 (compatible; MSIE 9.0; Win32; Trident/5.0)"
80.99.177.180 - - [01/Jul/2013:19:16:00 +0200] "-" 408 - "-" "-"
77.88.42.27 - - [01/Jul/2013:19:16:05 +0200] "GET /robots.txt HTTP/1.1" 404 287 "-" "Mozilla/5.0 (compatible; YandexBot/3.0; +http://yandex.com/bots)"
77.88.42.27 - - [01/Jul/2013:19:17:08 +0200] "GET /robots.txt HTTP/1.1" 404 285 "-" "Mozilla/5.0 (compatible; YandexBot/3.0; +http://yandex.com/bots)"
195.56.55.225 - - [01/Jul/2013:19:17:51 +0200] "GET /test.html HTTP/1.1" 200 56 "-" "monit/4.6"
157.55.33.20 - - [01/Jul/2013:19:18:48 +0200] "GET /cikk.php3?id_article=490 HTTP/1.1" 404 289 "-" "Mozilla/5.0 (compatible; bingbot/2.0; +http://www.bing.com/bingbot.htm)"
195.56.55.225 - - [01/Jul/2013:19:20:05 +0200] "GET /test.html HTTP/1.1" 200 56 "-" "monit/4.6"
192.74.237.184 - - [01/Jul/2013:19:21:08 +0200] "GET /comment/reply/2619 [PLM=0][R] POST http://jogalkotas.zoldpok.hu/comment/reply/2619 [0,0,23544] -> [L] GET http://jogalkotas.zoldpok.hu/comment/reply/2619 [0,12610,22934] -> [L] POST http://jogalkotas.zoldpok.hu/comment/reply/2619?destination=comment%2Freply%2F2619 [0,0,23137] HTTP/1.0" 400 365 "-" "-"
192.74.237.184 - - [01/Jul/2013:19:21:10 +0200] "GET /comment/reply/2619 [PLM=0][R] POST http://www.jogalkotas.hu/comment/reply/2619 [0,0,23553] -> [L] GET http://www.jogalkotas.hu/comment/reply/2619 [0,12610,22934] -> [L] POST http://www.jogalkotas.hu/comment/reply/2619?destination=comment%2Freply%2F2619 [0,0,23135] HTTP/1.0" 400 365 "-" "-"
84.0.119.238 - - [01/Jul/2013:19:21:49 +0200] "-" 408 - "-" "-"
195.56.55.225 - - [01/Jul/2013:19:22:07 +0200] "GET /test.html HTTP/1.1" 200 56 "-" "monit/4.6"
78.0.101.49 - - [01/Jul/2013:19:23:42 +0200] "-" 408 - "-" "-"
195.56.55.225 - - [01/Jul/2013:19:24:09 +0200] "GET /test.html HTTP/1.1" 200 56 "-" "monit/4.6"
195.56.55.225 - - [01/Jul/2013:19:26:11 +0200] "GET /test.html HTTP/1.1" 200 56 "-" "monit/4.6"
192.74.237.184 - - [01/Jul/2013:19:27:16 +0200] "GET /user/register?destination=node%2F7858 [PLM=0][R] GET http://lmv.hu/index.php [0,0,67728] -> [R] GET http://lmv.hu/user/register?destination=node%2F7858 [0,9615,10951] -> [R] POST http://lmv.hu/user/register?destination=node%2F7858 [0,9601,11077] -> [R] POST http://lmv.hu/user/register?destination=node%2F7858 [0,0,11077] -> [L] GET http://lmv.hu/user/login [0,6994,8322] -> [L] POST http://lmv.hu/user/login [0,0,8601] -> HTTP/1.0" 400 365 "-" "-"
195.56.55.225 - - [01/Jul/2013:19:28:12 +0200] "GET /test.html HTTP/1.1" 200 56 "-" "monit/4.6"
157.55.32.89 - - [01/Jul/2013:19:28:40 +0200] "GET /robots.txt HTTP/1.1" 404 291 "-" "Mozilla/5.0 (compatible; bingbot/2.0; +http://www.bing.com/bingbot.htm)"
157.55.32.89 - - [01/Jul/2013:19:29:27 +0200] "GET / HTTP/1.1" 200 1155 "-" "Mozilla/5.0 (compatible; bingbot/2.0; +http://www.bing.com/bingbot.htm)"
86.180.204.79 - - [01/Jul/2013:19:30:12 +0200] "-" 408 - "-" "-"
195.56.55.225 - - [01/Jul/2013:19:30:16 +0200] "GET /test.html HTTP/1.1" 200 56 "-" "monit/4.6"
89.248.174.60 - - [01/Jul/2013:19:30:49 +0200] "GET /forum_attac.php3?id_article=983&retour=cikk.php3%3Fid_article%3D983 HTTP/1.1" 404 292 "-" "Mozilla/4.0 (compatible; MSIE 6.0; Windows NT 5.1; SV1)"
46.107.197.17 - - [01/Jul/2013:19:30:58 +0200] "GET /proxy.pac HTTP/1.1" 404 282 "-" "Mozilla/5.0 (compatible; MSIE 9.0; Win32; Trident/5.0)"
195.56.55.225 - - [01/Jul/2013:19:32:19 +0200] "GET /test.html HTTP/1.1" 200 56 "-" "monit/4.6"
77.88.42.27 - - [01/Jul/2013:19:33:47 +0200] "GET /robots.txt HTTP/1.1" 404 286 "-" "Mozilla/5.0 (compatible; YandexBot/3.0; +http://yandex.com/bots)"
195.56.55.225 - - [01/Jul/2013:19:34:21 +0200] "GET /test.html HTTP/1.1" 200 56 "-" "monit/4.6"
46.107.197.17 - - [01/Jul/2013:19:34:29 +0200] "GET /proxy.pac HTTP/1.1" 404 282 "-" "Mozilla/5.0 (compatible; MSIE 9.0; Win32; Trident/5.0)"
195.56.55.225 - - [01/Jul/2013:19:36:24 +0200] "GET /test.html HTTP/1.1" 200 56 "-" "monit/4.6"
91.232.96.36 - - [01/Jul/2013:19:36:49 +0200] "GET /forum_attac.php3?id_article=983&retour=cikk.php3%3Fid_article%3D983 HTTP/1.1" 404 292 "-" "Mozilla/4.0 (compatible; MSIE 6.0; Windows NT 5.1; SV1)"
195.56.55.225 - - [01/Jul/2013:19:38:26 +0200] "GET /test.html HTTP/1.1" 200 56 "-" "monit/4.6"
195.56.55.225 - - [01/Jul/2013:19:40:28 +0200] "GET /test.html HTTP/1.1" 200 56 "-" "monit/4.6"
157.55.34.35 - - [01/Jul/2013:19:41:07 +0200] "GET /robots.txt HTTP/1.1" 404 288 "-" "Mozilla/5.0 (compatible; bingbot/2.0; +http://www.bing.com/bingbot.htm)"
157.55.34.35 - - [01/Jul/2013:19:41:51 +0200] "GET / HTTP/1.1" 200 1155 "-" "Mozilla/5.0 (compatible; bingbot/2.0; +http://www.bing.com/bingbot.htm)"
195.56.55.225 - - [01/Jul/2013:19:42:30 +0200] "GET /test.html HTTP/1.1" 200 56 "-" "monit/4.6"
64.213.148.132 - - [01/Jul/2013:19:42:41 +0200] "POST /forum_attac.php3?id_article=710&retour=cikk HTTP/1.1" 404 292 "http://attac.zpok.hu/forum_attac.php3?id_article=710&retour=cikk" "Mozilla/4.0 (compatible; MSIE 6.0; Windows NT 5.1; SV1)"
195.56.55.225 - - [01/Jul/2013:19:44:32 +0200] "GET /test.html HTTP/1.1" 200 56 "-" "monit/4.6"
65.19.138.33 - - [01/Jul/2013:19:45:21 +0200] "GET /blog/2/feed HTTP/1.1" 404 290 "-" "Feedly/1.0 (+http://www.feedly.com/fetcher.html; like FeedFetcher-Google)"
46.107.197.17 - - [01/Jul/2013:19:45:58 +0200] "GET /proxy.pac HTTP/1.1" 404 282 "-" "Mozilla/5.0 (compatible; MSIE 9.0; Win32; Trident/5.0)"
195.56.55.225 - - [01/Jul/2013:19:46:34 +0200] "GET /test.html HTTP/1.1" 200 56 "-" "monit/4.6"
46.107.197.17 - - [01/Jul/2013:19:48:14 +0200] "GET /proxy.pac HTTP/1.1" 404 282 "-" "-"
46.107.197.17 - - [01/Jul/2013:19:48:17 +0200] "GET /proxy.pac HTTP/1.1" 404 282 "-" "-"
195.56.55.225 - - [01/Jul/2013:19:48:36 +0200] "GET /test.html HTTP/1.1" 200 56 "-" "monit/4.6"
84.0.27.131 - - [01/Jul/2013:19:49:28 +0200] "-" 408 - "-" "-"
195.56.55.225 - - [01/Jul/2013:19:50:38 +0200] "GET /test.html HTTP/1.1" 200 56 "-" "monit/4.6"
62.234.105.184 - - [01/Jul/2013:19:51:22 +0200] "-" 408 - "-" "-"
66.249.78.75 - - [01/Jul/2013:19:51:57 +0200] "GET /robots.txt HTTP/1.1" 404 284 "-" "Mozilla/5.0 (compatible; Googlebot/2.1; +http://www.google.com/bot.html)"
195.56.55.225 - - [01/Jul/2013:19:52:40 +0200] "GET /test.html HTTP/1.1" 200 56 "-" "monit/4.6"
89.248.174.60 - - [01/Jul/2013:19:53:46 +0200] "GET /forum_attac.php3?id_article=983&retour=cikk.php3%3Fid_article%3D983 HTTP/1.1" 404 292 "-" "Mozilla/4.0 (compatible; MSIE 6.0; Windows NT 5.1; SV1)"
195.56.55.225 - - [01/Jul/2013:19:54:42 +0200] "GET /test.html HTTP/1.1" 200 56 "-" "monit/4.6"
195.56.55.225 - - [01/Jul/2013:19:56:44 +0200] "GET /test.html HTTP/1.1" 200 56 "-" "monit/4.6"
195.56.55.225 - - [01/Jul/2013:19:58:46 +0200] "GET /test.html HTTP/1.1" 200 56 "-" "monit/4.6"
65.55.211.250 - - [01/Jul/2013:19:58:50 +0200] "-" 408 - "-" "-"
91.232.96.36 - - [01/Jul/2013:19:59:50 +0200] "GET /forum_attac.php3?id_article=983&retour=cikk.php3%3Fid_article%3D983 HTTP/1.1" 404 292 "-" "Mozilla/4.0 (compatible; MSIE 6.0; Windows NT 5.1; SV1)"
195.56.55.225 - - [01/Jul/2013:20:00:48 +0200] "GET /test.html HTTP/1.1" 200 56 "-" "monit/4.6"
46.107.197.17 - - [01/Jul/2013:20:00:58 +0200] "GET /proxy.pac HTTP/1.1" 404 282 "-" "Mozilla/5.0 (compatible; MSIE 9.0; Win32; Trident/5.0)"
72.14.199.132 - - [01/Jul/2013:20:01:07 +0200] "GET / HTTP/1.1" 200 1155 "-" "Feedfetcher-Google; (+http://www.google.com/feedfetcher.html; 1 subscribers; feed-id=849169264004692768)"
195.56.55.225 - - [01/Jul/2013:20:02:50 +0200] "GET /test.html HTTP/1.1" 200 56 "-" "monit/4.6"
173.192.29.210 - - [01/Jul/2013:20:04:01 +0200] "POST" 405 - "-" "-"
195.56.55.225 - - [01/Jul/2013:20:04:52 +0200] "GET /test.html HTTP/1.1" 200 56 "-" "monit/4.6"
195.56.55.225 - - [01/Jul/2013:20:06:54 +0200] "GET /test.html HTTP/1.1" 200 56 "-" "monit/4.6"
188.6.141.244 - - [01/Jul/2013:20:08:05 +0200] "GET /IMG/arton473.gif HTTP/1.1" 404 292 "http://piroska.blog.hu/2007/02/24/a_boldogsag_utja_a_ferfiuralom" "Mozilla/5.0 (Windows NT 5.1; rv:21.0) Gecko/20100101 Firefox/21.0"
188.6.141.244 - - [01/Jul/2013:20:08:06 +0200] "GET /IMG/arton473.gif HTTP/1.1" 404 292 "http://piroska.blog.hu/2007/02/24/a_boldogsag_utja_a_ferfiuralom" "Mozilla/5.0 (Windows NT 5.1; rv:21.0) Gecko/20100101 Firefox/21.0"
94.44.222.184 - - [01/Jul/2013:20:08:50 +0200] "-" 408 - "-" "-"
94.44.222.184 - - [01/Jul/2013:20:08:50 +0200] "-" 408 - "-" "-"
94.44.222.184 - - [01/Jul/2013:20:08:50 +0200] "-" 408 - "-" "-"
94.44.222.184 - - [01/Jul/2013:20:08:50 +0200] "-" 408 - "-" "-"
195.56.55.225 - - [01/Jul/2013:20:08:56 +0200] "GET /test.html HTTP/1.1" 200 56 "-" "monit/4.6"
78.46.198.72 - - [01/Jul/2013:20:08:57 +0200] "GET / HTTP/1.1" 200 1155 "-" "ExB Language Crawler 2.1.5 (+http://www.exb.de/crawler)"
94.44.222.184 - - [01/Jul/2013:20:09:20 +0200] "-" 408 - "-" "-"
94.44.222.184 - - [01/Jul/2013:20:09:20 +0200] "-" 408 - "-" "-"
94.44.222.184 - - [01/Jul/2013:20:10:40 +0200] "-" 408 - "-" "-"
94.44.222.184 - - [01/Jul/2013:20:10:40 +0200] "-" 408 - "-" "-"
94.44.222.184 - - [01/Jul/2013:20:10:43 +0200] "-" 408 - "-" "-"
195.56.55.225 - - [01/Jul/2013:20:10:58 +0200] "GET /test.html HTTP/1.1" 200 56 "-" "monit/4.6"
61.140.244.241 - - [01/Jul/2013:20:11:38 +0200] "GET /www.bicusa.org/lac/ppa_corredor1.htm HTTP/1.1" 404 314 "http://gdjunzhi.com" "Mozilla/4.0 (compatible; MSIE 5.5; Windows 98)"
61.140.244.241 - - [01/Jul/2013:20:11:41 +0200] "GET /www.bicusa.org/lac/ppa_corredor1.htm HTTP/1.1" 404 314 "http://www.gdjunzhi.com" "Mozilla/4.0 (compatible; MSIE 5.5; Windows 98)"
109.110.148.213 - - [01/Jul/2013:20:12:43 +0200] "-" 408 - "-" "-"
195.56.55.225 - - [01/Jul/2013:20:13:00 +0200] "GET /test.html HTTP/1.1" 200 56 "-" "monit/4.6"
212.7.196.79 - - [01/Jul/2013:20:13:56 +0200] "GET / HTTP/1.1" 200 1155 "-" "Mozilla/5.0 (Windows; U; Windows NT 6.1; WOW64; en-US; rv:2.0.4) Gecko/20120718 AskTbAVR-IDW/3.12.5.17700 Firefox/14.0.1"
195.56.55.225 - - [01/Jul/2013:20:15:03 +0200] "GET /test.html HTTP/1.1" 200 56 "-" "monit/4.6"
46.107.197.17 - - [01/Jul/2013:20:15:58 +0200] "GET /proxy.pac HTTP/1.1" 404 282 "-" "Mozilla/5.0 (compatible; MSIE 9.0; Win32; Trident/5.0)"
89.248.174.60 - - [01/Jul/2013:20:16:47 +0200] "GET /forum_attac.php3?id_article=983&retour=cikk.php3%3Fid_article%3D983 HTTP/1.1" 404 292 "-" "Mozilla/4.0 (compatible; MSIE 6.0; Windows NT 5.1; SV1)"
195.56.55.225 - - [01/Jul/2013:20:17:05 +0200] "GET /test.html HTTP/1.1" 200 56 "-" "monit/4.6"
94.21.188.193 - - [01/Jul/2013:20:17:43 +0200] "GET /tarskereses HTTP/1.1" 404 295 "-" "Mozilla/5.0 (Windows NT 6.1; WOW64; rv:21.0) Gecko/20100101 Firefox/21.0"
78.139.43.20 - - [01/Jul/2013:20:17:59 +0200] "-" 408 - "-" "-"
176.8.247.223 - - [01/Jul/2013:20:18:20 +0200] "GET /cikk.php3?id_article=680 HTTP/1.0" 404 273 "http://attac.zpok.hu/cikk.php3?id_article=680" "Mozilla/5.0 (Windows NT 6.0) AppleWebKit/537.11 (KHTML, like Gecko) Chrome/23.0.1271.64 Safari/537.11"
176.8.247.223 - - [01/Jul/2013:20:18:20 +0200] "GET / HTTP/1.0" 200 1155 "http://attac.zpok.hu/" "Mozilla/5.0 (Windows NT 6.0) AppleWebKit/537.11 (KHTML, like Gecko) Chrome/23.0.1271.64 Safari/537.11"
195.56.55.225 - - [01/Jul/2013:20:19:07 +0200] "GET /test.html HTTP/1.1" 200 56 "-" "monit/4.6"
195.56.55.225 - - [01/Jul/2013:20:21:09 +0200] "GET /test.html HTTP/1.1" 200 56 "-" "monit/4.6"
91.232.96.36 - - [01/Jul/2013:20:22:48 +0200] "GET /forum_attac.php3?id_article=983&retour=cikk.php3%3Fid_article%3D983 HTTP/1.1" 404 292 "-" "Mozilla/4.0 (compatible; MSIE 6.0; Windows NT 5.1; SV1)"
195.56.55.225 - - [01/Jul/2013:20:23:11 +0200] "GET /test.html HTTP/1.1" 200 56 "-" "monit/4.6"
78.139.43.20 - - [01/Jul/2013:20:24:17 +0200] "-" 408 - "-" "-"
195.56.55.225 - - [01/Jul/2013:20:25:13 +0200] "GET /test.html HTTP/1.1" 200 56 "-" "monit/4.6"
195.56.55.225 - - [01/Jul/2013:20:27:15 +0200] "GET /test.html HTTP/1.1" 200 56 "-" "monit/4.6"
195.56.55.225 - - [01/Jul/2013:20:29:17 +0200] "GET /test.html HTTP/1.1" 200 56 "-" "monit/4.6"
46.107.197.17 - - [01/Jul/2013:20:30:59 +0200] "GET /proxy.pac HTTP/1.1" 404 282 "-" "Mozilla/5.0 (compatible; MSIE 9.0; Win32; Trident/5.0)"
84.0.3.251 - - [01/Jul/2013:20:30:59 +0200] "-" 408 - "-" "-"
195.56.55.225 - - [01/Jul/2013:20:31:22 +0200] "GET /test.html HTTP/1.1" 200 56 "-" "monit/4.6"
188.6.60.140 - - [01/Jul/2013:20:32:25 +0200] "GET / HTTP/1.1" 200 1155 "-" "Mozilla/5.0 (Windows NT 6.1) AppleWebKit/537.36 (KHTML, like Gecko) Chrome/27.0.1453.116 Safari/537.36"
188.6.60.140 - - [01/Jul/2013:20:32:25 +0200] "GET /favicon.ico HTTP/1.1" 404 288 "-" "Mozilla/5.0 (Windows NT 6.1) AppleWebKit/537.36 (KHTML, like Gecko) Chrome/27.0.1453.116 Safari/537.36"
195.56.55.225 - - [01/Jul/2013:20:33:24 +0200] "GET /test.html HTTP/1.1" 200 56 "-" "monit/4.6"
77.88.42.27 - - [01/Jul/2013:20:34:31 +0200] "GET / HTTP/1.1" 200 1155 "-" "Mozilla/5.0 (compatible; YandexBot/3.0; +http://yandex.com/bots)"
195.56.55.225 - - [01/Jul/2013:20:35:26 +0200] "GET /test.html HTTP/1.1" 200 56 "-" "monit/4.6"
66.249.75.161 - - [01/Jul/2013:20:36:54 +0200] "GET / HTTP/1.1" 200 1155 "-" "DoCoMo/2.0 N905i(c100;TB;W24H16) (compatible; Googlebot-Mobile/2.1; +http://www.google.com/bot.html)"
195.56.55.225 - - [01/Jul/2013:20:37:28 +0200] "GET /test.html HTTP/1.1" 200 56 "-" "monit/4.6"
176.241.24.8 - - [01/Jul/2013:20:39:26 +0200] "-" 408 - "-" "-"
195.56.55.225 - - [01/Jul/2013:20:39:34 +0200] "GET /test.html HTTP/1.1" 200 56 "-" "monit/4.6"
89.248.174.60 - - [01/Jul/2013:20:39:51 +0200] "GET /forum_attac.php3?id_article=983&retour=cikk.php3%3Fid_article%3D983 HTTP/1.1" 404 292 "-" "Mozilla/4.0 (compatible; MSIE 6.0; Windows NT 5.1; SV1)"
46.107.197.17 - - [01/Jul/2013:20:41:01 +0200] "GET /proxy.pac HTTP/1.1" 404 282 "-" "-"
46.107.197.17 - - [01/Jul/2013:20:41:01 +0200] "GET /proxy.pac HTTP/1.1" 404 282 "-" "-"
46.107.197.17 - - [01/Jul/2013:20:41:31 +0200] "GET /proxy.pac HTTP/1.1" 404 282 "-" "-"
46.107.197.17 - - [01/Jul/2013:20:41:31 +0200] "GET /proxy.pac HTTP/1.1" 404 282 "-" "-"
46.107.197.17 - - [01/Jul/2013:20:41:31 +0200] "GET /proxy.pac HTTP/1.1" 404 282 "-" "-"
46.107.197.17 - - [01/Jul/2013:20:41:31 +0200] "GET /proxy.pac HTTP/1.1" 404 282 "-" "-"
46.107.197.17 - - [01/Jul/2013:20:41:31 +0200] "GET /proxy.pac HTTP/1.1" 404 282 "-" "-"
46.107.197.17 - - [01/Jul/2013:20:41:31 +0200] "GET /proxy.pac HTTP/1.1" 404 282 "-" "-"
46.107.197.17 - - [01/Jul/2013:20:41:31 +0200] "GET /proxy.pac HTTP/1.1" 404 282 "-" "-"
46.107.197.17 - - [01/Jul/2013:20:41:31 +0200] "GET /proxy.pac HTTP/1.1" 404 282 "-" "-"
46.107.197.17 - - [01/Jul/2013:20:41:31 +0200] "GET /proxy.pac HTTP/1.1" 404 282 "-" "-"
46.107.197.17 - - [01/Jul/2013:20:41:32 +0200] "GET /proxy.pac HTTP/1.1" 404 282 "-" "-"
195.56.55.225 - - [01/Jul/2013:20:41:36 +0200] "GET /test.html HTTP/1.1" 200 56 "-" "monit/4.6"
195.56.55.225 - - [01/Jul/2013:20:43:38 +0200] "GET /test.html HTTP/1.1" 200 56 "-" "monit/4.6"
110.74.198.165 - - [01/Jul/2013:20:45:01 +0200] "POST /forum_attac.php3?id_article=710&retour=cikk HTTP/1.1" 404 292 "http://attac.zpok.hu/forum_attac.php3?id_article=710&retour=cikk" "Mozilla/4.0 (compatible; MSIE 6.0; Windows NT 5.1; SV1)"
118.140.81.50 - - [01/Jul/2013:20:45:04 +0200] "POST /forum_attac.php3?id_article=710&retour=cikk HTTP/1.1" 404 292 "http://attac.zpok.hu/forum_attac.php3?id_article=710&retour=cikk" "Mozilla/4.0 (compatible; MSIE 6.0; Windows NT 5.1; SV1)"
195.56.55.225 - - [01/Jul/2013:20:45:40 +0200] "GET /test.html HTTP/1.1" 200 56 "-" "monit/4.6"
91.232.96.36 - - [01/Jul/2013:20:45:41 +0200] "GET /forum_attac.php3?id_article=983&retour=cikk.php3%3Fid_article%3D983 HTTP/1.1" 404 292 "-" "Mozilla/4.0 (compatible; MSIE 6.0; Windows NT 5.1; SV1)"
46.107.197.17 - - [01/Jul/2013:20:46:00 +0200] "GET /proxy.pac HTTP/1.1" 404 282 "-" "Mozilla/5.0 (compatible; MSIE 9.0; Win32; Trident/5.0)"
111.95.243.37 - - [01/Jul/2013:20:47:23 +0200] "POST /forum_attac.php3?id_article=710&retour=cikk HTTP/1.1" 404 292 "http://attac.zpok.hu/forum_attac.php3?id_article=710&retour=cikk" "Mozilla/4.0 (compatible; MSIE 6.0; Windows NT 5.1; SV1)"
213.145.46.215 - - [01/Jul/2013:20:47:35 +0200] "POST /forum_attac.php3?id_article=710&retour=cikk HTTP/1.1" 404 292 "http://attac.zpok.hu/forum_attac.php3?id_article=710&retour=cikk" "Mozilla/4.0 (compatible; MSIE 6.0; Windows NT 5.1; SV1)"
91.121.34.130 - - [01/Jul/2013:20:47:37 +0200] "POST /forum_attac.php3?id_article=710&retour=cikk HTTP/1.1" 404 292 "-" "-"
195.56.55.225 - - [01/Jul/2013:20:47:43 +0200] "GET /test.html HTTP/1.1" 200 56 "-" "monit/4.6"
176.9.83.228 - - [01/Jul/2013:20:49:21 +0200] "GET /counter/?pizolit HTTP/1.1" 404 283 "-" "ExB Language Crawler 2.1.5 (+http://www.exb.de/crawler)"
78.139.43.20 - - [01/Jul/2013:20:49:36 +0200] "-" 408 - "-" "-"
195.56.55.225 - - [01/Jul/2013:20:49:45 +0200] "GET /test.html HTTP/1.1" 200 56 "-" "monit/4.6"
62.201.87.17 - - [01/Jul/2013:20:51:00 +0200] "-" 408 - "-" "-"
195.56.55.225 - - [01/Jul/2013:20:51:47 +0200] "GET /test.html HTTP/1.1" 200 56 "-" "monit/4.6"
220.181.108.86 - - [01/Jul/2013:20:53:01 +0200] "GET / HTTP/1.1" 200 1155 "-" "Mozilla/5.0 (compatible; Baiduspider/2.0; +http://www.baidu.com/search/spider.html)"
195.56.55.225 - - [01/Jul/2013:20:53:49 +0200] "GET /test.html HTTP/1.1" 200 56 "-" "monit/4.6"
84.0.73.77 - - [01/Jul/2013:20:53:58 +0200] "-" 408 - "-" "-"
84.0.73.77 - - [01/Jul/2013:20:54:42 +0200] "-" 408 - "-" "-"
84.0.73.77 - - [01/Jul/2013:20:54:42 +0200] "-" 408 - "-" "-"
84.0.73.77 - - [01/Jul/2013:20:54:42 +0200] "-" 408 - "-" "-"
84.0.73.77 - - [01/Jul/2013:20:54:42 +0200] "-" 408 - "-" "-"
119.226.253.14 - - [01/Jul/2013:20:55:21 +0200] "POST /forum_attac.php3?id_article=710&retour=cikk HTTP/1.1" 404 292 "http://attac.zpok.hu/forum_attac.php3?id_article=710&retour=cikk" "Mozilla/4.0 (compatible; MSIE 6.0; Windows NT 5.1; SV1)"
195.56.55.225 - - [01/Jul/2013:20:55:52 +0200] "GET /test.html HTTP/1.1" 200 56 "-" "monit/4.6"
195.56.55.225 - - [01/Jul/2013:20:57:54 +0200] "GET /test.html HTTP/1.1" 200 56 "-" "monit/4.6"
91.120.104.253 - - [01/Jul/2013:20:59:46 +0200] "-" 408 - "-" "-"
195.56.55.225 - - [01/Jul/2013:20:59:56 +0200] "GET /test.html HTTP/1.1" 200 56 "-" "monit/4.6"
46.107.197.17 - - [01/Jul/2013:21:00:59 +0200] "GET /proxy.pac HTTP/1.1" 404 282 "-" "Mozilla/5.0 (compatible; MSIE 9.0; Win32; Trident/5.0)"
46.107.197.17 - - [01/Jul/2013:21:01:30 +0200] "GET /proxy.pac HTTP/1.1" 404 282 "-" "-"
46.107.197.17 - - [01/Jul/2013:21:01:30 +0200] "GET /proxy.pac HTTP/1.1" 404 282 "-" "-"
195.56.55.225 - - [01/Jul/2013:21:01:58 +0200] "GET /test.html HTTP/1.1" 200 56 "-" "monit/4.6"
89.248.174.60 - - [01/Jul/2013:21:02:45 +0200] "GET /forum_attac.php3?id_article=983&retour=cikk.php3%3Fid_article%3D983 HTTP/1.1" 404 292 "-" "Mozilla/4.0 (compatible; MSIE 6.0; Windows NT 5.1; SV1)"
