195.56.55.225 - - [03/Jul/2013:07:12:47 +0200] "GET /test.html HTTP/1.1" 200 56 "-" "monit/4.6"
208.167.230.35 - - [03/Jul/2013:07:14:05 +0200] "GET /photos/bucharest1.htm HTTP/1.1" 404 307 "-" "Mozilla/5.0 (compatible; AhrefsBot/4.0; +http://ahrefs.com/robot/)"
195.56.55.225 - - [03/Jul/2013:07:14:50 +0200] "GET /test.html HTTP/1.1" 200 56 "-" "monit/4.6"
202.125.84.2 - - [03/Jul/2013:07:16:14 +0200] "POST /forum_attac.php3?id_article=710&retour=cikk HTTP/1.1" 404 292 "http://attac.zpok.hu/forum_attac.php3?id_article=710&retour=cikk" "Mozilla/4.0 (compatible; MSIE 6.0; Windows NT 5.1; SV1)"
208.167.230.35 - - [03/Jul/2013:07:16:35 +0200] "-" 408 - "-" "-"
195.56.55.225 - - [03/Jul/2013:07:16:52 +0200] "GET /test.html HTTP/1.1" 200 56 "-" "monit/4.6"
195.56.55.225 - - [03/Jul/2013:07:18:54 +0200] "GET /test.html HTTP/1.1" 200 56 "-" "monit/4.6"
203.234.242.110 - - [03/Jul/2013:07:19:44 +0200] "POST /forum_attac.php3?id_article=710&retour=cikk HTTP/1.1" 404 292 "http://attac.zpok.hu/forum_attac.php3?id_article=710&retour=cikk" "Mozilla/4.0 (compatible; MSIE 6.0; Windows NT 5.1; SV1)"
195.56.55.225 - - [03/Jul/2013:07:20:56 +0200] "GET /test.html HTTP/1.1" 200 56 "-" "monit/4.6"
195.56.55.225 - - [03/Jul/2013:07:22:58 +0200] "GET /test.html HTTP/1.1" 200 56 "-" "monit/4.6"
195.56.55.225 - - [03/Jul/2013:07:25:01 +0200] "GET /test.html HTTP/1.1" 200 56 "-" "monit/4.6"
65.55.52.119 - - [03/Jul/2013:07:25:03 +0200] "GET /robots.txt HTTP/1.1" 404 293 "-" "Mozilla/5.0 (compatible; bingbot/2.0; +http://www.bing.com/bingbot.htm)"
195.56.55.225 - - [03/Jul/2013:07:27:04 +0200] "GET /test.html HTTP/1.1" 200 56 "-" "monit/4.6"
117.211.123.60 - - [03/Jul/2013:07:27:27 +0200] "POST /forum_attac.php3?id_article=710&retour=cikk HTTP/1.1" 404 292 "http://attac.zpok.hu/forum_attac.php3?id_article=710&retour=cikk" "Mozilla/4.0 (compatible; MSIE 6.0; Windows NT 5.1; SV1)"
117.211.123.60 - - [03/Jul/2013:07:27:27 +0200] "POST /forum_attac.php3?id_article=710&retour=cikk HTTP/1.1" 404 292 "http://attac.zpok.hu/forum_attac.php3?id_article=710&retour=cikk" "Mozilla/4.0 (compatible; MSIE 6.0; Windows NT 5.1; SV1)"
180.76.6.37 - - [03/Jul/2013:07:27:59 +0200] "GET / HTTP/1.1" 200 1155 "-" "Mozilla/5.0 (compatible; Baiduspider/2.0; +http://www.baidu.com/search/spider.html)"
195.56.55.225 - - [03/Jul/2013:07:29:25 +0200] "GET /test.html HTTP/1.1" 200 56 "-" "monit/4.6"
65.55.52.119 - - [03/Jul/2013:07:29:51 +0200] "GET / HTTP/1.1" 200 1155 "-" "Mozilla/5.0 (compatible; bingbot/2.0; +http://www.bing.com/bingbot.htm)"
195.56.55.225 - - [03/Jul/2013:07:31:27 +0200] "GET /test.html HTTP/1.1" 200 56 "-" "monit/4.6"
195.56.55.225 - - [03/Jul/2013:07:33:29 +0200] "GET /test.html HTTP/1.1" 200 56 "-" "monit/4.6"
195.56.55.225 - - [03/Jul/2013:07:35:31 +0200] "GET /test.html HTTP/1.1" 200 56 "-" "monit/4.6"
212.7.196.79 - - [03/Jul/2013:07:35:40 +0200] "GET / HTTP/1.1" 200 1155 "-" "Mozilla/5.0 (Windows; U; Windows NT 6.1; WOW64; en-US; rv:2.0.4) Gecko/20120718 AskTbAVR-IDW/3.12.5.17700 Firefox/14.0.1"
195.56.55.225 - - [03/Jul/2013:07:37:34 +0200] "GET /test.html HTTP/1.1" 200 56 "-" "monit/4.6"
195.56.55.225 - - [03/Jul/2013:07:39:36 +0200] "GET /test.html HTTP/1.1" 200 56 "-" "monit/4.6"
195.56.55.225 - - [03/Jul/2013:07:41:38 +0200] "GET /test.html HTTP/1.1" 200 56 "-" "monit/4.6"
85.233.90.6 - - [03/Jul/2013:07:43:31 +0200] "POST /forum_attac.php3?id_article=710&retour=cikk HTTP/1.1" 404 292 "http://attac.zpok.hu/forum_attac.php3?id_article=710&retour=cikk" "Mozilla/4.0 (compatible; MSIE 6.0; Windows NT 5.1; SV1)"
178.151.113.9 - - [03/Jul/2013:07:43:32 +0200] "POST /forum_attac.php3?id_article=710&retour=cikk HTTP/1.1" 404 292 "http://attac.zpok.hu/forum_attac.php3?id_article=710&retour=cikk" "Mozilla/4.0 (compatible; MSIE 6.0; Windows NT 5.1; SV1)"
64.235.152.13 - - [03/Jul/2013:07:43:33 +0200] "POST /forum_attac.php3?id_article=710&retour=cikk HTTP/1.1" 404 292 "http://attac.zpok.hu/forum_attac.php3?id_article=710&retour=cikk" "Mozilla/4.0 (compatible; MSIE 6.0; Windows NT 5.1; SV1)"
195.56.55.225 - - [03/Jul/2013:07:43:40 +0200] "GET /test.html HTTP/1.1" 200 56 "-" "monit/4.6"
195.56.55.225 - - [03/Jul/2013:07:45:42 +0200] "GET /test.html HTTP/1.1" 200 56 "-" "monit/4.6"
195.56.55.225 - - [03/Jul/2013:07:47:44 +0200] "GET /test.html HTTP/1.1" 200 56 "-" "monit/4.6"
195.56.55.225 - - [03/Jul/2013:07:49:46 +0200] "GET /test.html HTTP/1.1" 200 56 "-" "monit/4.6"
195.56.55.225 - - [03/Jul/2013:07:51:48 +0200] "GET /test.html HTTP/1.1" 200 56 "-" "monit/4.6"
217.69.133.69 - - [03/Jul/2013:07:53:25 +0200] "GET /robots.txt HTTP/1.0" 404 282 "-" "Mozilla/5.0 (compatible; Linux x86_64; Mail.RU_Bot/2.0; +http://go.mail.ru/help/robots)"
195.56.55.225 - - [03/Jul/2013:07:53:50 +0200] "GET /test.html HTTP/1.1" 200 56 "-" "monit/4.6"
76.73.3.18 - - [03/Jul/2013:07:55:10 +0200] "GET / HTTP/1.1" 200 1155 "-" "Mozilla/5.0 (compatible; CompSpyBot/1.0; +http://www.compspy.com/spider.html)"
76.73.3.18 - - [03/Jul/2013:07:55:17 +0200] "GET /tevekenysegunk/biojosagok/biotermelok HTTP/1.1" 404 317 "-" "Mozilla/5.0 (compatible; CompSpyBot/1.0; +http://www.compspy.com/spider.html)"
195.56.55.225 - - [03/Jul/2013:07:55:52 +0200] "GET /test.html HTTP/1.1" 200 56 "-" "monit/4.6"
76.73.3.18 - - [03/Jul/2013:07:56:38 +0200] "GET /home HTTP/1.1" 404 282 "-" "Mozilla/5.0 (compatible; CompSpyBot/1.0; +http://www.compspy.com/spider.html)"
72.29.68.51 - - [03/Jul/2013:07:57:40 +0200] "POST" 405 - "-" "-"
195.56.55.225 - - [03/Jul/2013:07:57:54 +0200] "GET /test.html HTTP/1.1" 200 56 "-" "monit/4.6"
91.232.96.36 - - [03/Jul/2013:07:58:02 +0200] "GET /forum_attac.php3?id_article=983&retour=cikk.php3%3Fid_article%3D983 HTTP/1.1" 404 292 "-" "Mozilla/4.0 (compatible; MSIE 6.0; Windows NT 5.1; SV1)"
178.167.45.96 - - [03/Jul/2013:07:58:30 +0200] "GET / HTTP/1.0" 200 1155 "http://forum.anthropolis.hu/" "Mozilla/4.0 (compatible; MSIE 6.0; Windows NT 5.0)"
178.167.45.96 - - [03/Jul/2013:07:58:30 +0200] "GET /forum/index.php HTTP/1.0" 404 286 "http://forum.anthropolis.hu/forum/index.php" "Mozilla/4.0 (compatible; MSIE 6.0; Windows NT 5.0)"
178.167.45.96 - - [03/Jul/2013:07:58:30 +0200] "GET /phpbb/index.php HTTP/1.0" 404 286 "http://forum.anthropolis.hu/phpbb/index.php" "Mozilla/4.0 (compatible; MSIE 6.0; Windows NT 5.0)"
178.167.45.96 - - [03/Jul/2013:07:58:30 +0200] "GET /phpbb2/index.php HTTP/1.0" 404 287 "http://forum.anthropolis.hu/phpbb2/index.php" "Mozilla/4.0 (compatible; MSIE 6.0; Windows NT 5.0)"
178.167.45.96 - - [03/Jul/2013:07:58:30 +0200] "GET /forums/index.php HTTP/1.0" 404 287 "http://forum.anthropolis.hu/forums/index.php" "Mozilla/4.0 (compatible; MSIE 6.0; Windows NT 5.0)"
178.167.45.96 - - [03/Jul/2013:07:58:30 +0200] "GET /board/index.php HTTP/1.0" 404 286 "http://forum.anthropolis.hu/board/index.php" "Mozilla/4.0 (compatible; MSIE 6.0; Windows NT 5.0)"
217.69.133.69 - - [03/Jul/2013:07:58:35 +0200] "GET /robots.txt HTTP/1.0" 404 280 "-" "Mozilla/5.0 (compatible; Linux x86_64; Mail.RU_Bot/2.0; +http://go.mail.ru/help/robots)"
89.248.174.60 - - [03/Jul/2013:07:59:06 +0200] "GET /forum_attac.php3?id_article=983&retour=cikk.php3%3Fid_article%3D983 HTTP/1.1" 404 292 "-" "Mozilla/4.0 (compatible; MSIE 6.0; Windows NT 5.1; SV1)"
65.55.52.115 - - [03/Jul/2013:07:59:08 +0200] "GET /robots.txt HTTP/1.1" 404 291 "-" "Mozilla/5.0 (compatible; bingbot/2.0; +http://www.bing.com/bingbot.htm)"
195.56.55.225 - - [03/Jul/2013:07:59:56 +0200] "GET /test.html HTTP/1.1" 200 56 "-" "monit/4.6"
195.56.55.225 - - [03/Jul/2013:08:01:58 +0200] "GET /test.html HTTP/1.1" 200 56 "-" "monit/4.6"
195.56.55.225 - - [03/Jul/2013:08:04:02 +0200] "GET /test.html HTTP/1.1" 200 56 "-" "monit/4.6"
157.56.93.39 - - [03/Jul/2013:08:05:51 +0200] "GET /robots.txt HTTP/1.1" 404 290 "-" "Mozilla/5.0 (compatible; bingbot/2.0; +http://www.bing.com/bingbot.htm)"
195.56.55.225 - - [03/Jul/2013:08:06:04 +0200] "GET /test.html HTTP/1.1" 200 56 "-" "monit/4.6"
58.68.227.76 - - [03/Jul/2013:08:06:10 +0200] "POST /forum_attac.php3?id_article=710&retour=cikk HTTP/1.1" 404 292 "http://attac.zpok.hu/forum_attac.php3?id_article=710&retour=cikk" "Mozilla/4.0 (compatible; MSIE 6.0; Windows NT 5.1; SV1)"
119.226.253.14 - - [03/Jul/2013:08:06:33 +0200] "POST /forum_attac.php3?id_article=710&retour=cikk HTTP/1.1" 404 292 "http://attac.zpok.hu/forum_attac.php3?id_article=710&retour=cikk" "Mozilla/4.0 (compatible; MSIE 6.0; Windows NT 5.1; SV1)"
195.56.55.225 - - [03/Jul/2013:08:08:06 +0200] "GET /test.html HTTP/1.1" 200 56 "-" "monit/4.6"
78.139.43.20 - - [03/Jul/2013:08:09:37 +0200] "-" 408 - "-" "-"
195.56.55.225 - - [03/Jul/2013:08:10:08 +0200] "GET /test.html HTTP/1.1" 200 56 "-" "monit/4.6"
78.139.43.20 - - [03/Jul/2013:08:11:22 +0200] "-" 408 - "-" "-"
195.56.55.225 - - [03/Jul/2013:08:12:11 +0200] "GET /test.html HTTP/1.1" 200 56 "-" "monit/4.6"
65.55.52.115 - - [03/Jul/2013:08:13:21 +0200] "GET / HTTP/1.1" 200 1155 "-" "Mozilla/5.0 (compatible; bingbot/2.0; +http://www.bing.com/bingbot.htm)"
195.56.55.225 - - [03/Jul/2013:08:14:13 +0200] "GET /test.html HTTP/1.1" 200 56 "-" "monit/4.6"
66.249.75.183 - - [03/Jul/2013:08:15:05 +0200] "GET / HTTP/1.1" 200 1155 "-" "Mozilla/5.0 (compatible; Googlebot/2.1; +http://www.google.com/bot.html)"
195.56.55.225 - - [03/Jul/2013:08:16:15 +0200] "GET /test.html HTTP/1.1" 200 56 "-" "monit/4.6"
78.139.43.20 - - [03/Jul/2013:08:18:07 +0200] "-" 408 - "-" "-"
195.56.55.225 - - [03/Jul/2013:08:18:17 +0200] "GET /test.html HTTP/1.1" 200 56 "-" "monit/4.6"
195.56.55.225 - - [03/Jul/2013:08:20:19 +0200] "GET /test.html HTTP/1.1" 200 56 "-" "monit/4.6"
173.199.120.171 - - [03/Jul/2013:08:20:32 +0200] "GET /cikk.php3?id_article=563 HTTP/1.1" 404 285 "-" "Mozilla/5.0 (compatible; AhrefsBot/4.0; +http://ahrefs.com/robot/)"
91.232.96.36 - - [03/Jul/2013:08:20:50 +0200] "GET /forum_attac.php3?id_article=983&retour=cikk.php3%3Fid_article%3D983 HTTP/1.1" 404 292 "-" "Mozilla/4.0 (compatible; MSIE 6.0; Windows NT 5.1; SV1)"
89.248.174.60 - - [03/Jul/2013:08:21:37 +0200] "GET /forum_attac.php3?id_article=983&retour=cikk.php3%3Fid_article%3D983 HTTP/1.1" 404 292 "-" "Mozilla/4.0 (compatible; MSIE 6.0; Windows NT 5.1; SV1)"
195.56.55.225 - - [03/Jul/2013:08:22:21 +0200] "GET /test.html HTTP/1.1" 200 56 "-" "monit/4.6"
195.56.55.225 - - [03/Jul/2013:08:24:23 +0200] "GET /test.html HTTP/1.1" 200 56 "-" "monit/4.6"
195.56.55.225 - - [03/Jul/2013:08:26:25 +0200] "GET /test.html HTTP/1.1" 200 56 "-" "monit/4.6"
195.56.55.225 - - [03/Jul/2013:08:28:40 +0200] "GET /test.html HTTP/1.1" 200 56 "-" "monit/4.6"
195.56.55.225 - - [03/Jul/2013:08:30:42 +0200] "GET /test.html HTTP/1.1" 200 56 "-" "monit/4.6"
195.56.55.225 - - [03/Jul/2013:08:32:44 +0200] "GET /test.html HTTP/1.1" 200 56 "-" "monit/4.6"
195.56.55.225 - - [03/Jul/2013:08:34:46 +0200] "GET /test.html HTTP/1.1" 200 56 "-" "monit/4.6"
195.56.55.225 - - [03/Jul/2013:08:36:48 +0200] "GET /test.html HTTP/1.1" 200 56 "-" "monit/4.6"
66.249.81.218 - - [03/Jul/2013:08:37:23 +0200] "GET /IMG/arton497.jpg HTTP/1.1" 404 292 "http://forum.apatnet.hu/viewtopic.php?p=7447&sid=51e19960bc4aeeb3fdeb930858af46f9" "Mozilla/5.0 (X11; Linux x86_64) AppleWebKit/537.4 (KHTML, like Gecko; Google Web Preview) Chrome/22.0.1229 Safari/537.4"
157.56.93.39 - - [03/Jul/2013:08:38:20 +0200] "GET /cikk.php3?id_article=576 HTTP/1.1" 404 289 "-" "Mozilla/5.0 (compatible; bingbot/2.0; +http://www.bing.com/bingbot.htm)"
195.56.55.225 - - [03/Jul/2013:08:38:50 +0200] "GET /test.html HTTP/1.1" 200 56 "-" "monit/4.6"
195.56.55.225 - - [03/Jul/2013:08:40:55 +0200] "GET /test.html HTTP/1.1" 200 56 "-" "monit/4.6"
195.56.55.225 - - [03/Jul/2013:08:42:57 +0200] "GET /test.html HTTP/1.1" 200 56 "-" "monit/4.6"
118.97.95.182 - - [03/Jul/2013:08:42:59 +0200] "POST /forum_attac.php3?id_article=710&retour=cikk HTTP/1.0" 404 280 "http://attac.zpok.hu/forum_attac.php3?id_article=710&retour=cikk" "Mozilla/4.0 (compatible; MSIE 6.0; Windows NT 5.1; SV1)"
64.213.148.131 - - [03/Jul/2013:08:43:01 +0200] "POST /forum_attac.php3?id_article=710&retour=cikk HTTP/1.1" 404 292 "http://attac.zpok.hu/forum_attac.php3?id_article=710&retour=cikk" "Mozilla/4.0 (compatible; MSIE 6.0; Windows NT 5.1; SV1)"
118.140.81.50 - - [03/Jul/2013:08:43:07 +0200] "POST /forum_attac.php3?id_article=710&retour=cikk HTTP/1.1" 404 292 "http://attac.zpok.hu/forum_attac.php3?id_article=710&retour=cikk" "Mozilla/4.0 (compatible; MSIE 6.0; Windows NT 5.1; SV1)"
66.249.78.207 - - [03/Jul/2013:08:43:11 +0200] "GET /sites/csalan.mindworks.hu/files/Kulcskerdes2006%2002-2.pdf HTTP/1.1" 404 336 "-" "Mozilla/5.0 (compatible; Googlebot/2.1; +http://www.google.com/bot.html)"
91.232.96.36 - - [03/Jul/2013:08:43:46 +0200] "GET /forum_attac.php3?id_article=983&retour=cikk.php3%3Fid_article%3D983 HTTP/1.1" 404 292 "-" "Mozilla/4.0 (compatible; MSIE 6.0; Windows NT 5.1; SV1)"
89.248.174.60 - - [03/Jul/2013:08:44:42 +0200] "GET /forum_attac.php3?id_article=983&retour=cikk.php3%3Fid_article%3D983 HTTP/1.1" 404 292 "-" "Mozilla/4.0 (compatible; MSIE 6.0; Windows NT 5.1; SV1)"
195.56.55.225 - - [03/Jul/2013:08:44:59 +0200] "GET /test.html HTTP/1.1" 200 56 "-" "monit/4.6"
65.55.24.245 - - [03/Jul/2013:08:45:19 +0200] "GET /robots.txt HTTP/1.1" 404 286 "-" "Mozilla/5.0 (compatible; bingbot/2.0; +http://www.bing.com/bingbot.htm)"
220.181.108.102 - - [03/Jul/2013:08:46:48 +0200] "GET / HTTP/1.1" 200 1155 "-" "Mozilla/5.0 (compatible; Baiduspider/2.0; +http://www.baidu.com/search/spider.html)"
195.56.55.225 - - [03/Jul/2013:08:47:01 +0200] "GET /test.html HTTP/1.1" 200 56 "-" "monit/4.6"
194.149.3.186 - - [03/Jul/2013:08:48:00 +0200] "-" 408 - "-" "-"
195.56.55.225 - - [03/Jul/2013:08:49:03 +0200] "GET /test.html HTTP/1.1" 200 56 "-" "monit/4.6"
195.56.55.225 - - [03/Jul/2013:08:51:05 +0200] "GET /test.html HTTP/1.1" 200 56 "-" "monit/4.6"
195.56.55.225 - - [03/Jul/2013:08:53:08 +0200] "GET /test.html HTTP/1.1" 200 56 "-" "monit/4.6"
195.56.55.225 - - [03/Jul/2013:08:55:10 +0200] "GET /test.html HTTP/1.1" 200 56 "-" "monit/4.6"
101.176.66.190 - - [03/Jul/2013:08:55:30 +0200] "-" 408 - "-" "-"
91.147.213.28 - - [03/Jul/2013:08:56:05 +0200] "-" 408 - "-" "-"
195.56.55.225 - - [03/Jul/2013:08:57:12 +0200] "GET /test.html HTTP/1.1" 200 56 "-" "monit/4.6"
195.56.55.225 - - [03/Jul/2013:08:59:14 +0200] "GET /test.html HTTP/1.1" 200 56 "-" "monit/4.6"
195.56.55.225 - - [03/Jul/2013:09:01:16 +0200] "GET /test.html HTTP/1.1" 200 56 "-" "monit/4.6"
78.108.29.125 - - [03/Jul/2013:09:02:06 +0200] "-" 408 - "-" "-"
195.56.55.225 - - [03/Jul/2013:09:03:20 +0200] "GET /test.html HTTP/1.1" 200 56 "-" "monit/4.6"
66.249.78.218 - - [03/Jul/2013:09:03:25 +0200] "GET /robots.txt HTTP/1.1" 404 286 "-" "Mozilla/5.0 (compatible; Googlebot/2.1; +http://www.google.com/bot.html)"
66.249.78.218 - - [03/Jul/2013:09:03:26 +0200] "GET /cikk.php3?id_article=633 HTTP/1.1" 404 285 "-" "Mozilla/5.0 (compatible; Googlebot/2.1; +http://www.google.com/bot.html)"
195.56.55.225 - - [03/Jul/2013:09:05:22 +0200] "GET /test.html HTTP/1.1" 200 56 "-" "monit/4.6"
65.55.24.245 - - [03/Jul/2013:09:05:50 +0200] "GET /cikk.php3?id_article=298 HTTP/1.1" 404 285 "-" "Mozilla/5.0 (compatible; bingbot/2.0; +http://www.bing.com/bingbot.htm)"
107.22.99.44 - - [03/Jul/2013:09:06:44 +0200] "POST /forum_attac.php3?id_article=710&retour=cikk HTTP/1.1" 404 292 "http://attac.zpok.hu/forum_attac.php3?id_article=710&retour=cikk" "Mozilla/4.0 (compatible; MSIE 6.0; Windows NT 5.1; SV1)"
178.151.113.9 - - [03/Jul/2013:09:06:44 +0200] "POST /forum_attac.php3?id_article=710&retour=cikk HTTP/1.1" 404 292 "http://attac.zpok.hu/forum_attac.php3?id_article=710&retour=cikk" "Mozilla/4.0 (compatible; MSIE 6.0; Windows NT 5.1; SV1)"
91.232.96.36 - - [03/Jul/2013:09:06:53 +0200] "GET /forum_attac.php3?id_article=983&retour=cikk.php3%3Fid_article%3D983 HTTP/1.1" 404 292 "-" "Mozilla/4.0 (compatible; MSIE 6.0; Windows NT 5.1; SV1)"
107.21.102.102 - - [03/Jul/2013:09:06:54 +0200] "POST /forum_attac.php3?id_article=710&retour=cikk HTTP/1.1" 404 292 "http://attac.zpok.hu/forum_attac.php3?id_article=710&retour=cikk" "Mozilla/4.0 (compatible; MSIE 6.0; Windows NT 5.1; SV1)"
195.56.55.225 - - [03/Jul/2013:09:07:24 +0200] "GET /test.html HTTP/1.1" 200 56 "-" "monit/4.6"
89.248.174.60 - - [03/Jul/2013:09:07:42 +0200] "GET /forum_attac.php3?id_article=983&retour=cikk.php3%3Fid_article%3D983 HTTP/1.1" 404 292 "-" "Mozilla/4.0 (compatible; MSIE 6.0; Windows NT 5.1; SV1)"
195.56.55.225 - - [03/Jul/2013:09:09:26 +0200] "GET /test.html HTTP/1.1" 200 56 "-" "monit/4.6"
195.56.55.225 - - [03/Jul/2013:09:11:28 +0200] "GET /test.html HTTP/1.1" 200 56 "-" "monit/4.6"
195.56.55.225 - - [03/Jul/2013:09:13:30 +0200] "GET /test.html HTTP/1.1" 200 56 "-" "monit/4.6"
195.56.55.225 - - [03/Jul/2013:09:15:32 +0200] "GET /test.html HTTP/1.1" 200 56 "-" "monit/4.6"
66.249.78.218 - - [03/Jul/2013:09:16:26 +0200] "GET /cikk.php3?id_article=889 HTTP/1.1" 404 285 "-" "Googlebot/2.1 (+http://www.google.com/bot.html)"
195.56.55.225 - - [03/Jul/2013:09:17:34 +0200] "GET /test.html HTTP/1.1" 200 56 "-" "monit/4.6"
195.56.55.225 - - [03/Jul/2013:09:19:36 +0200] "GET /test.html HTTP/1.1" 200 56 "-" "monit/4.6"
195.56.55.225 - - [03/Jul/2013:09:21:43 +0200] "GET /test.html HTTP/1.1" 200 56 "-" "monit/4.6"
173.199.120.171 - - [03/Jul/2013:09:21:46 +0200] "GET /cikk.php3?id_article=825 HTTP/1.1" 404 285 "-" "Mozilla/5.0 (compatible; AhrefsBot/4.0; +http://ahrefs.com/robot/)"
195.56.55.225 - - [03/Jul/2013:09:23:45 +0200] "GET /test.html HTTP/1.1" 200 56 "-" "monit/4.6"
195.56.55.225 - - [03/Jul/2013:09:25:47 +0200] "GET /test.html HTTP/1.1" 200 56 "-" "monit/4.6"
157.55.32.113 - - [03/Jul/2013:09:26:51 +0200] "GET /robots.txt HTTP/1.1" 404 299 "-" "Mozilla/5.0 (compatible; bingbot/2.0; +http://www.bing.com/bingbot.htm)"
180.96.64.181 - - [03/Jul/2013:09:26:53 +0200] "POST /forum_attac.php3?id_article=710&retour=cikk HTTP/1.0" 404 280 "http://attac.zpok.hu/forum_attac.php3?id_article=710&retour=cikk" "Mozilla/4.0 (compatible; MSIE 6.0; Windows NT 5.1; SV1)"
203.234.242.110 - - [03/Jul/2013:09:26:58 +0200] "POST /forum_attac.php3?id_article=710&retour=cikk HTTP/1.1" 404 292 "http://attac.zpok.hu/forum_attac.php3?id_article=710&retour=cikk" "Mozilla/4.0 (compatible; MSIE 6.0; Windows NT 5.1; SV1)"
195.56.55.225 - - [03/Jul/2013:09:27:50 +0200] "GET /test.html HTTP/1.1" 200 56 "-" "monit/4.6"
157.55.32.113 - - [03/Jul/2013:09:28:48 +0200] "GET /kompasz/egeszseg HTTP/1.1" 404 305 "-" "Mozilla/5.0 (compatible; bingbot/2.0; +http://www.bing.com/bingbot.htm)"
81.182.254.176 - - [03/Jul/2013:09:29:00 +0200] "-" 408 - "-" "-"
195.56.55.225 - - [03/Jul/2013:09:29:52 +0200] "GET /test.html HTTP/1.1" 200 56 "-" "monit/4.6"
91.232.96.36 - - [03/Jul/2013:09:30:06 +0200] "GET /forum_attac.php3?id_article=983&retour=cikk.php3%3Fid_article%3D983 HTTP/1.1" 404 292 "-" "Mozilla/4.0 (compatible; MSIE 6.0; Windows NT 5.1; SV1)"
89.248.174.60 - - [03/Jul/2013:09:30:49 +0200] "GET /forum_attac.php3?id_article=983&retour=cikk.php3%3Fid_article%3D983 HTTP/1.1" 404 292 "-" "Mozilla/4.0 (compatible; MSIE 6.0; Windows NT 5.1; SV1)"
72.14.199.132 - - [03/Jul/2013:09:31:50 +0200] "GET / HTTP/1.1" 200 1155 "-" "Feedfetcher-Google; (+http://www.google.com/feedfetcher.html; 1 subscribers; feed-id=849169264004692768)"
195.56.55.225 - - [03/Jul/2013:09:31:54 +0200] "GET /test.html HTTP/1.1" 200 56 "-" "monit/4.6"
88.100.61.91 - - [03/Jul/2013:09:33:30 +0200] "-" 408 - "-" "-"
37.191.9.111 - - [03/Jul/2013:09:33:43 +0200] "GET /proxy.pac HTTP/1.1" 404 286 "-" "-"
37.191.9.111 - - [03/Jul/2013:09:33:49 +0200] "GET /proxy.pac HTTP/1.1" 404 286 "-" "-"
37.191.9.111 - - [03/Jul/2013:09:33:49 +0200] "GET /proxy.pac HTTP/1.1" 404 286 "-" "-"
195.56.55.225 - - [03/Jul/2013:09:33:56 +0200] "GET /test.html HTTP/1.1" 200 56 "-" "monit/4.6"
37.191.9.111 - - [03/Jul/2013:09:33:57 +0200] "GET /proxy.pac HTTP/1.1" 404 286 "-" "-"
37.191.9.111 - - [03/Jul/2013:09:33:58 +0200] "GET /proxy.pac HTTP/1.1" 404 286 "-" "-"
37.191.9.111 - - [03/Jul/2013:09:33:59 +0200] "GET /proxy.pac HTTP/1.1" 404 286 "-" "-"
37.191.9.111 - - [03/Jul/2013:09:34:00 +0200] "GET /proxy.pac HTTP/1.1" 404 286 "-" "-"
37.191.9.111 - - [03/Jul/2013:09:34:01 +0200] "GET /proxy.pac HTTP/1.1" 404 286 "-" "Mozilla/5.0 (compatible; MSIE 10.0; Win32; Trident/6.0)"
37.191.9.111 - - [03/Jul/2013:09:34:24 +0200] "GET /proxy.pac HTTP/1.1" 404 286 "-" "-"
37.191.9.111 - - [03/Jul/2013:09:34:24 +0200] "GET /proxy.pac HTTP/1.1" 404 286 "-" "-"
37.191.9.111 - - [03/Jul/2013:09:34:24 +0200] "GET /proxy.pac HTTP/1.1" 404 286 "-" "-"
37.191.9.111 - - [03/Jul/2013:09:34:24 +0200] "GET /proxy.pac HTTP/1.1" 404 286 "-" "-"
37.191.9.111 - - [03/Jul/2013:09:34:24 +0200] "GET /proxy.pac HTTP/1.1" 404 286 "-" "-"
37.191.9.111 - - [03/Jul/2013:09:34:24 +0200] "GET /proxy.pac HTTP/1.1" 404 286 "-" "-"
37.191.9.111 - - [03/Jul/2013:09:34:25 +0200] "GET /proxy.pac HTTP/1.1" 404 286 "-" "-"
37.191.9.111 - - [03/Jul/2013:09:34:25 +0200] "GET /proxy.pac HTTP/1.1" 404 286 "-" "-"
37.191.9.111 - - [03/Jul/2013:09:34:25 +0200] "GET /proxy.pac HTTP/1.1" 404 286 "-" "-"
37.191.9.111 - - [03/Jul/2013:09:34:25 +0200] "GET /proxy.pac HTTP/1.1" 404 286 "-" "-"
37.191.9.111 - - [03/Jul/2013:09:34:25 +0200] "GET /proxy.pac HTTP/1.1" 404 286 "-" "-"
37.191.9.111 - - [03/Jul/2013:09:34:25 +0200] "GET /proxy.pac HTTP/1.1" 404 286 "-" "-"
37.191.9.111 - - [03/Jul/2013:09:34:25 +0200] "GET /proxy.pac HTTP/1.1" 404 286 "-" "-"
37.191.9.111 - - [03/Jul/2013:09:34:25 +0200] "GET /proxy.pac HTTP/1.1" 404 286 "-" "-"
37.191.9.111 - - [03/Jul/2013:09:34:25 +0200] "GET /proxy.pac HTTP/1.1" 404 286 "-" "-"
37.191.9.111 - - [03/Jul/2013:09:34:25 +0200] "GET /proxy.pac HTTP/1.1" 404 286 "-" "-"
37.191.9.111 - - [03/Jul/2013:09:34:45 +0200] "GET /proxy.pac HTTP/1.1" 404 286 "-" "-"
37.191.9.111 - - [03/Jul/2013:09:34:45 +0200] "GET /proxy.pac HTTP/1.1" 404 286 "-" "-"
195.56.55.225 - - [03/Jul/2013:09:35:58 +0200] "GET /test.html HTTP/1.1" 200 56 "-" "monit/4.6"
88.100.61.91 - - [03/Jul/2013:09:36:57 +0200] "-" 408 - "-" "-"
195.56.55.225 - - [03/Jul/2013:09:38:00 +0200] "GET /test.html HTTP/1.1" 200 56 "-" "monit/4.6"
195.56.55.225 - - [03/Jul/2013:09:40:02 +0200] "GET /test.html HTTP/1.1" 200 56 "-" "monit/4.6"
86.101.69.143 - - [03/Jul/2013:09:41:05 +0200] "-" 408 - "-" "-"
86.101.69.143 - - [03/Jul/2013:09:41:05 +0200] "-" 408 - "-" "-"
195.56.55.225 - - [03/Jul/2013:09:42:04 +0200] "GET /test.html HTTP/1.1" 200 56 "-" "monit/4.6"
37.191.9.111 - - [03/Jul/2013:09:43:52 +0200] "GET /proxy.pac HTTP/1.1" 404 286 "-" "Mozilla/5.0 (compatible; MSIE 10.0; Win32; Trident/6.0)"
195.56.55.225 - - [03/Jul/2013:09:44:07 +0200] "GET /test.html HTTP/1.1" 200 56 "-" "monit/4.6"
195.56.55.225 - - [03/Jul/2013:09:46:09 +0200] "GET /test.html HTTP/1.1" 200 56 "-" "monit/4.6"
37.191.9.111 - - [03/Jul/2013:09:46:42 +0200] "GET /proxy.pac HTTP/1.1" 404 286 "-" "-"
195.56.55.225 - - [03/Jul/2013:09:48:12 +0200] "GET /test.html HTTP/1.1" 200 56 "-" "monit/4.6"
208.167.230.35 - - [03/Jul/2013:09:49:47 +0200] "GET /documents/english/solidaritymessage.htm HTTP/1.1" 404 325 "-" "Mozilla/5.0 (compatible; AhrefsBot/4.0; +http://ahrefs.com/robot/)"
195.56.55.225 - - [03/Jul/2013:09:50:36 +0200] "GET /test.html HTTP/1.1" 200 56 "-" "monit/4.6"
195.56.55.225 - - [03/Jul/2013:09:52:38 +0200] "GET /test.html HTTP/1.1" 200 56 "-" "monit/4.6"
91.232.96.36 - - [03/Jul/2013:09:53:01 +0200] "GET /forum_attac.php3?id_article=983&retour=cikk.php3%3Fid_article%3D983 HTTP/1.1" 404 292 "-" "Mozilla/4.0 (compatible; MSIE 6.0; Windows NT 5.1; SV1)"
89.248.174.60 - - [03/Jul/2013:09:53:51 +0200] "GET /forum_attac.php3?id_article=983&retour=cikk.php3%3Fid_article%3D983 HTTP/1.1" 404 292 "-" "Mozilla/4.0 (compatible; MSIE 6.0; Windows NT 5.1; SV1)"
195.56.55.225 - - [03/Jul/2013:09:54:45 +0200] "GET /test.html HTTP/1.1" 200 56 "-" "monit/4.6"
89.44.200.154 - - [03/Jul/2013:09:55:33 +0200] "POST" 405 - "-" "-"
195.56.55.225 - - [03/Jul/2013:09:56:48 +0200] "GET /test.html HTTP/1.1" 200 56 "-" "monit/4.6"
195.56.55.225 - - [03/Jul/2013:09:58:50 +0200] "GET /test.html HTTP/1.1" 200 56 "-" "monit/4.6"
195.56.55.225 - - [03/Jul/2013:10:00:52 +0200] "GET /test.html HTTP/1.1" 200 56 "-" "monit/4.6"
195.56.55.225 - - [03/Jul/2013:10:02:54 +0200] "GET /test.html HTTP/1.1" 200 56 "-" "monit/4.6"
5.9.9.8 - - [03/Jul/2013:10:03:56 +0200] "GET /files/imagecache/node_teaser/biomassters front covermed.jpg HTTP/1.1" 400 365 "-" "-"
5.9.9.8 - - [03/Jul/2013:10:03:56 +0200] "GET /files/imagecache/node_teaser/biomassters front covermed.jpg HTTP/1.1" 400 365 "-" "-"
5.9.9.8 - - [03/Jul/2013:10:03:56 +0200] "GET /files/imagecache/node_teaser/transition change grafic copy.jpg HTTP/1.1" 400 365 "-" "-"
5.9.9.8 - - [03/Jul/2013:10:03:56 +0200] "GET /files/imagecache/node_teaser/transition change grafic copy.jpg HTTP/1.1" 400 365 "-" "-"
195.56.55.225 - - [03/Jul/2013:10:04:56 +0200] "GET /test.html HTTP/1.1" 200 56 "-" "monit/4.6"
212.7.196.79 - - [03/Jul/2013:10:06:09 +0200] "GET / HTTP/1.1" 200 1155 "-" "Mozilla/5.0 (Windows; U; Windows NT 6.1; WOW64; en-US; rv:2.0.4) Gecko/20120718 AskTbAVR-IDW/3.12.5.17700 Firefox/14.0.1"
195.56.55.225 - - [03/Jul/2013:10:06:58 +0200] "GET /test.html HTTP/1.1" 200 56 "-" "monit/4.6"
195.111.73.20 - - [03/Jul/2013:10:07:28 +0200] "GET / HTTP/1.1" 200 1155 "-" "Mozilla/5.0 (Windows; U; Windows NT 5.1; hu; rv:1.9.2.28) Gecko/20120306 Firefox/3.6.28"
195.111.73.20 - - [03/Jul/2013:10:07:28 +0200] "GET /favicon.ico HTTP/1.1" 404 283 "-" "Mozilla/5.0 (Windows; U; Windows NT 5.1; hu; rv:1.9.2.28) Gecko/20120306 Firefox/3.6.28"
195.111.73.20 - - [03/Jul/2013:10:07:31 +0200] "GET /favicon.ico HTTP/1.1" 404 283 "-" "Mozilla/5.0 (Windows; U; Windows NT 5.1; hu; rv:1.9.2.28) Gecko/20120306 Firefox/3.6.28"
195.56.55.225 - - [03/Jul/2013:10:09:00 +0200] "GET /test.html HTTP/1.1" 200 56 "-" "monit/4.6"
157.55.32.61 - - [03/Jul/2013:10:09:40 +0200] "GET /robots.txt HTTP/1.1" 404 288 "-" "Mozilla/5.0 (compatible; bingbot/2.0; +http://www.bing.com/bingbot.htm)"
112.213.97.69 - - [03/Jul/2013:10:09:49 +0200] "POST /forum_attac.php3?id_article=710&retour=cikk HTTP/1.0" 404 280 "http://attac.zpok.hu/forum_attac.php3?id_article=710&retour=cikk" "Mozilla/4.0 (compatible; MSIE 6.0; Windows NT 5.1; SV1)"
108.171.249.138 - - [03/Jul/2013:10:09:55 +0200] "POST /forum_attac.php3?id_article=710&retour=cikk HTTP/1.1" 404 292 "http://attac.zpok.hu/forum_attac.php3?id_article=710&retour=cikk" "Mozilla/4.0 (compatible; MSIE 6.0; Windows NT 5.1; SV1)"
118.97.95.182 - - [03/Jul/2013:10:09:56 +0200] "POST /forum_attac.php3?id_article=710&retour=cikk HTTP/1.0" 404 280 "http://attac.zpok.hu/forum_attac.php3?id_article=710&retour=cikk" "Mozilla/4.0 (compatible; MSIE 6.0; Windows NT 5.1; SV1)"
157.55.32.61 - - [03/Jul/2013:10:10:16 +0200] "GET / HTTP/1.1" 200 1155 "-" "Mozilla/5.0 (compatible; bingbot/2.0; +http://www.bing.com/bingbot.htm)"
195.56.55.225 - - [03/Jul/2013:10:11:03 +0200] "GET /test.html HTTP/1.1" 200 56 "-" "monit/4.6"
66.249.78.207 - - [03/Jul/2013:10:11:11 +0200] "GET /hasznos_tudnivalok HTTP/1.1" 404 298 "-" "Mozilla/5.0 (compatible; Googlebot/2.1; +http://www.google.com/bot.html)"
195.56.55.225 - - [03/Jul/2013:10:13:05 +0200] "GET /test.html HTTP/1.1" 200 56 "-" "monit/4.6"
195.56.55.225 - - [03/Jul/2013:10:15:07 +0200] "GET /test.html HTTP/1.1" 200 56 "-" "monit/4.6"
91.232.96.36 - - [03/Jul/2013:10:16:16 +0200] "GET /forum_attac.php3?id_article=983&retour=cikk.php3%3Fid_article%3D983 HTTP/1.1" 404 292 "-" "Mozilla/4.0 (compatible; MSIE 6.0; Windows NT 5.1; SV1)"
222.169.60.2 - - [03/Jul/2013:10:16:17 +0200] "POST /forum_attac.php3?id_article=710&retour=cikk HTTP/1.0" 404 280 "http://attac.zpok.hu/forum_attac.php3?id_article=710&retour=cikk" "Mozilla/4.0 (compatible; MSIE 6.0; Windows NT 5.1; SV1)"
89.248.174.60 - - [03/Jul/2013:10:16:51 +0200] "GET /forum_attac.php3?id_article=983&retour=cikk.php3%3Fid_article%3D983 HTTP/1.1" 404 292 "-" "Mozilla/4.0 (compatible; MSIE 6.0; Windows NT 5.1; SV1)"
195.56.55.225 - - [03/Jul/2013:10:17:09 +0200] "GET /test.html HTTP/1.1" 200 56 "-" "monit/4.6"
195.56.55.225 - - [03/Jul/2013:10:19:11 +0200] "GET /test.html HTTP/1.1" 200 56 "-" "monit/4.6"
195.56.55.225 - - [03/Jul/2013:10:21:14 +0200] "GET /test.html HTTP/1.1" 200 56 "-" "monit/4.6"
195.56.55.225 - - [03/Jul/2013:10:23:16 +0200] "GET /test.html HTTP/1.1" 200 56 "-" "monit/4.6"
87.250.37.50 - - [03/Jul/2013:10:24:00 +0200] "POST /forum_attac.php3?id_article=710&retour=cikk HTTP/1.1" 404 292 "http://attac.zpok.hu/forum_attac.php3?id_article=710&retour=cikk" "Mozilla/4.0 (compatible; MSIE 6.0; Windows NT 5.1; SV1)"
195.56.55.225 - - [03/Jul/2013:10:25:18 +0200] "GET /test.html HTTP/1.1" 200 56 "-" "monit/4.6"
195.56.55.225 - - [03/Jul/2013:10:27:20 +0200] "GET /test.html HTTP/1.1" 200 56 "-" "monit/4.6"
212.98.183.24 - - [03/Jul/2013:10:27:29 +0200] "POST /forum_attac.php3?id_article=710&retour=cikk HTTP/1.1" 404 292 "http://attac.zpok.hu/forum_attac.php3?id_article=710&retour=cikk" "Mozilla/4.0 (compatible; MSIE 6.0; Windows NT 5.1; SV1)"
195.56.55.225 - - [03/Jul/2013:10:29:22 +0200] "GET /test.html HTTP/1.1" 200 56 "-" "monit/4.6"
195.56.55.225 - - [03/Jul/2013:10:31:24 +0200] "GET /test.html HTTP/1.1" 200 56 "-" "monit/4.6"
195.56.55.225 - - [03/Jul/2013:10:33:26 +0200] "GET /test.html HTTP/1.1" 200 56 "-" "monit/4.6"
195.56.55.225 - - [03/Jul/2013:10:35:28 +0200] "GET /test.html HTTP/1.1" 200 56 "-" "monit/4.6"
195.56.55.225 - - [03/Jul/2013:10:37:31 +0200] "GET /test.html HTTP/1.1" 200 56 "-" "monit/4.6"
84.24.62.14 - - [03/Jul/2013:10:37:46 +0200] "-" 408 - "-" "-"
208.167.230.35 - - [03/Jul/2013:10:38:24 +0200] "GET / HTTP/1.1" 200 1155 "-" "Mozilla/5.0 (compatible; AhrefsBot/4.0; +http://ahrefs.com/robot/)"
91.232.96.36 - - [03/Jul/2013:10:39:11 +0200] "GET /forum_attac.php3?id_article=983&retour=cikk.php3%3Fid_article%3D983 HTTP/1.1" 404 292 "-" "Mozilla/4.0 (compatible; MSIE 6.0; Windows NT 5.1; SV1)"
195.56.55.225 - - [03/Jul/2013:10:39:34 +0200] "GET /test.html HTTP/1.1" 200 56 "-" "monit/4.6"
89.248.174.60 - - [03/Jul/2013:10:39:45 +0200] "GET /forum_attac.php3?id_article=983&retour=cikk.php3%3Fid_article%3D983 HTTP/1.1" 404 292 "-" "Mozilla/4.0 (compatible; MSIE 6.0; Windows NT 5.1; SV1)"
84.24.62.14 - - [03/Jul/2013:10:39:56 +0200] "-" 408 - "-" "-"
84.24.62.14 - - [03/Jul/2013:10:39:56 +0200] "-" 408 - "-" "-"
84.24.62.14 - - [03/Jul/2013:10:39:56 +0200] "-" 408 - "-" "-"
84.24.62.14 - - [03/Jul/2013:10:39:57 +0200] "-" 408 - "-" "-"
84.24.62.14 - - [03/Jul/2013:10:39:58 +0200] "-" 408 - "-" "-"
84.24.62.14 - - [03/Jul/2013:10:39:58 +0200] "-" 408 - "-" "-"
84.24.62.14 - - [03/Jul/2013:10:39:59 +0200] "-" 408 - "-" "-"
84.24.62.14 - - [03/Jul/2013:10:39:59 +0200] "-" 408 - "-" "-"
195.56.55.225 - - [03/Jul/2013:10:41:36 +0200] "GET /test.html HTTP/1.1" 200 56 "-" "monit/4.6"
195.56.55.225 - - [03/Jul/2013:10:43:38 +0200] "GET /test.html HTTP/1.1" 200 56 "-" "monit/4.6"
195.56.55.225 - - [03/Jul/2013:10:45:40 +0200] "GET /test.html HTTP/1.1" 200 56 "-" "monit/4.6"
180.49.95.70 - - [03/Jul/2013:10:47:06 +0200] "-" 408 - "-" "-"
195.56.55.225 - - [03/Jul/2013:10:47:42 +0200] "GET /test.html HTTP/1.1" 200 56 "-" "monit/4.6"
195.56.55.225 - - [03/Jul/2013:10:49:44 +0200] "GET /test.html HTTP/1.1" 200 56 "-" "monit/4.6"
195.56.55.225 - - [03/Jul/2013:10:51:46 +0200] "GET /test.html HTTP/1.1" 200 56 "-" "monit/4.6"
195.56.55.225 - - [03/Jul/2013:10:53:49 +0200] "GET /test.html HTTP/1.1" 200 56 "-" "monit/4.6"
195.56.55.225 - - [03/Jul/2013:10:55:51 +0200] "GET /test.html HTTP/1.1" 200 56 "-" "monit/4.6"
195.56.55.225 - - [03/Jul/2013:10:57:53 +0200] "GET /test.html HTTP/1.1" 200 56 "-" "monit/4.6"
203.186.109.21 - - [03/Jul/2013:10:59:24 +0200] "POST /forum_attac.php3?id_article=710&retour=cikk HTTP/1.1" 404 292 "http://attac.zpok.hu/forum_attac.php3?id_article=710&retour=cikk" "Mozilla/4.0 (compatible; MSIE 6.0; Windows NT 5.1; SV1)"
195.56.55.225 - - [03/Jul/2013:10:59:55 +0200] "GET /test.html HTTP/1.1" 200 56 "-" "monit/4.6"
198.2.208.201 - - [03/Jul/2013:11:01:02 +0200] "GET /brandnewsite/ HTTP/1.0" 404 277 "http://forum.emla.hu/" "Mozilla/5.0 (X11; Linux i686) AppleWebKit/537.11 (KHTML, like Gecko) Chrome/23.0.1271.64 Safari/537.11"
195.56.55.225 - - [03/Jul/2013:11:01:57 +0200] "GET /test.html HTTP/1.1" 200 56 "-" "monit/4.6"
91.232.96.36 - - [03/Jul/2013:11:02:23 +0200] "GET /forum_attac.php3?id_article=983&retour=cikk.php3%3Fid_article%3D983 HTTP/1.1" 404 292 "-" "Mozilla/4.0 (compatible; MSIE 6.0; Windows NT 5.1; SV1)"
89.248.174.60 - - [03/Jul/2013:11:03:03 +0200] "GET /forum_attac.php3?id_article=983&retour=cikk.php3%3Fid_article%3D983 HTTP/1.1" 404 292 "-" "Mozilla/4.0 (compatible; MSIE 6.0; Windows NT 5.1; SV1)"
195.56.55.225 - - [03/Jul/2013:11:03:59 +0200] "GET /test.html HTTP/1.1" 200 56 "-" "monit/4.6"
195.56.55.225 - - [03/Jul/2013:11:06:01 +0200] "GET /test.html HTTP/1.1" 200 56 "-" "monit/4.6"
195.56.55.225 - - [03/Jul/2013:11:08:03 +0200] "GET /test.html HTTP/1.1" 200 56 "-" "monit/4.6"
195.56.55.225 - - [03/Jul/2013:11:10:06 +0200] "GET /test.html HTTP/1.1" 200 56 "-" "monit/4.6"
202.46.59.75 - - [03/Jul/2013:11:11:36 +0200] "GET / HTTP/1.1" 200 1155 "-" "Mozilla/4.0 (compatible; MSIE 7.0; Windows NT 6.0)"
117.211.123.60 - - [03/Jul/2013:11:11:53 +0200] "POST /forum_attac.php3?id_article=710&retour=cikk HTTP/1.1" 404 292 "http://attac.zpok.hu/forum_attac.php3?id_article=710&retour=cikk" "Mozilla/4.0 (compatible; MSIE 6.0; Windows NT 5.1; SV1)"
195.56.55.225 - - [03/Jul/2013:11:12:08 +0200] "GET /test.html HTTP/1.1" 200 56 "-" "monit/4.6"
119.63.193.196 - - [03/Jul/2013:11:12:50 +0200] "GET / HTTP/1.1" 200 1155 "-" "Mozilla/4.0 (compatible; MSIE 7.0; Windows NT 6.0)"
195.56.55.225 - - [03/Jul/2013:11:14:10 +0200] "GET /test.html HTTP/1.1" 200 56 "-" "monit/4.6"
188.30.88.83 - - [03/Jul/2013:11:15:53 +0200] "GET /proxy.pac HTTP/1.1" 404 282 "-" "Mozilla/5.0 (Windows NT 6.1; rv:5.0) Gecko/20100101 Firefox/5.0"
188.30.88.83 - - [03/Jul/2013:11:16:06 +0200] "GET /proxy.pac HTTP/1.1" 404 282 "-" "Mozilla/5.0 (Windows NT 6.1; rv:5.0) Gecko/20100101 Firefox/5.0"
195.56.55.225 - - [03/Jul/2013:11:16:12 +0200] "GET /test.html HTTP/1.1" 200 56 "-" "monit/4.6"
188.30.88.83 - - [03/Jul/2013:11:16:18 +0200] "GET /proxy.pac HTTP/1.1" 404 282 "-" "Mozilla/5.0 (Windows NT 6.1; rv:5.0) Gecko/20100101 Firefox/5.0"
188.30.88.83 - - [03/Jul/2013:11:16:39 +0200] "GET /proxy.pac HTTP/1.1" 404 282 "-" "Mozilla/5.0 (Windows NT 6.1; rv:5.0) Gecko/20100101 Firefox/5.0"
188.30.88.83 - - [03/Jul/2013:11:17:21 +0200] "GET /proxy.pac HTTP/1.1" 404 282 "-" "Mozilla/5.0 (Windows NT 6.1; rv:5.0) Gecko/20100101 Firefox/5.0"
195.56.55.225 - - [03/Jul/2013:11:18:14 +0200] "GET /test.html HTTP/1.1" 200 56 "-" "monit/4.6"
188.30.88.83 - - [03/Jul/2013:11:18:42 +0200] "GET /proxy.pac HTTP/1.1" 404 282 "-" "Mozilla/5.0 (Windows NT 6.1; rv:5.0) Gecko/20100101 Firefox/5.0"
218.93.127.107 - - [03/Jul/2013:11:19:46 +0200] "GET /cikk.php3?id_article=55 HTTP/1.0" 404 273 "http://attac.zpok.hu/cikk.php3?id_article=55" "Mozilla/5.0 (Windows NT 6.1; WOW64) AppleWebKit/537.4 (KHTML, like Gecko) Chrome/22.0.1229.94 Safari/537.4"
218.93.127.107 - - [03/Jul/2013:11:19:46 +0200] "GET / HTTP/1.0" 200 1155 "http://attac.zpok.hu/" "Mozilla/5.0 (Windows NT 6.1; WOW64) AppleWebKit/537.4 (KHTML, like Gecko) Chrome/22.0.1229.94 Safari/537.4"
218.93.127.107 - - [03/Jul/2013:11:19:48 +0200] "GET /cikk.php3?id_article=55 HTTP/1.0" 404 273 "http://attac.zpok.hu/cikk.php3?id_article=55" "Mozilla/5.0 (Windows NT 5.1; rv:7.0) Gecko/20100101 Firefox/7.0"
218.93.127.107 - - [03/Jul/2013:11:19:49 +0200] "GET / HTTP/1.0" 200 1155 "http://attac.zpok.hu/" "Mozilla/5.0 (Windows NT 5.1; rv:7.0) Gecko/20100101 Firefox/7.0"
195.56.55.225 - - [03/Jul/2013:11:20:16 +0200] "GET /test.html HTTP/1.1" 200 56 "-" "monit/4.6"
188.30.88.83 - - [03/Jul/2013:11:21:32 +0200] "GET /proxy.pac HTTP/1.1" 404 282 "-" "Mozilla/5.0 (Windows NT 6.1; rv:5.0) Gecko/20100101 Firefox/5.0"
195.56.55.225 - - [03/Jul/2013:11:22:18 +0200] "GET /test.html HTTP/1.1" 200 56 "-" "monit/4.6"
195.56.55.225 - - [03/Jul/2013:11:24:20 +0200] "GET /test.html HTTP/1.1" 200 56 "-" "monit/4.6"
91.232.96.36 - - [03/Jul/2013:11:25:24 +0200] "GET /forum_attac.php3?id_article=983&retour=cikk.php3%3Fid_article%3D983 HTTP/1.1" 404 292 "-" "Mozilla/4.0 (compatible; MSIE 6.0; Windows NT 5.1; SV1)"
220.181.127.18 - - [03/Jul/2013:11:25:51 +0200] "GET /brandnewsite/index.shtml HTTP/1.1" 404 300 "http://www.emla.hu/" "Mozilla/4.0 (compatible; MSIE 8.0; Windows NT 6.1; Trident/4.0; SLCC2; .NET CLR 2.0.50727; .NET CLR 3.5.30729; .NET CLR 3.0.30729; Media Center PC 6.0; Tablet PC 2.0)"
89.248.174.60 - - [03/Jul/2013:11:25:55 +0200] "GET /forum_attac.php3?id_article=983&retour=cikk.php3%3Fid_article%3D983 HTTP/1.1" 404 292 "-" "Mozilla/4.0 (compatible; MSIE 6.0; Windows NT 5.1; SV1)"
195.56.55.225 - - [03/Jul/2013:11:26:22 +0200] "GET /test.html HTTP/1.1" 200 56 "-" "monit/4.6"
188.30.88.83 - - [03/Jul/2013:11:26:39 +0200] "GET /proxy.pac HTTP/1.1" 404 282 "-" "Mozilla/5.0 (Windows NT 6.1; rv:5.0) Gecko/20100101 Firefox/5.0"
178.48.253.36 - - [03/Jul/2013:11:27:06 +0200] "-" 408 - "-" "-"
78.92.143.130 - - [03/Jul/2013:11:27:31 +0200] "GET / HTTP/1.1" 200 1155 "-" "Mozilla/4.0 (compatible; MSIE 8.0; Windows NT 5.1; Trident/4.0; BTRS100021; InfoPath.2; .NET4.0C; .NET4.0E; .NET CLR 2.0.50727; .NET CLR 3.0.4506.2152)"
78.92.143.130 - - [03/Jul/2013:11:27:31 +0200] "GET /favicon.ico HTTP/1.1" 404 289 "-" "Mozilla/4.0 (compatible; MSIE 8.0; Windows NT 5.1; Trident/4.0; BTRS100021; InfoPath.2; .NET4.0C; .NET4.0E; .NET CLR 2.0.50727; .NET CLR 3.0.4506.2152)"
78.92.143.130 - - [03/Jul/2013:11:28:05 +0200] "GET / HTTP/1.1" 200 1155 "-" "Mozilla/4.0 (compatible; MSIE 8.0; Windows NT 5.1; Trident/4.0; BTRS100021; InfoPath.2; .NET4.0C; .NET4.0E; .NET CLR 2.0.50727; .NET CLR 3.0.4506.2152)"
78.92.143.130 - - [03/Jul/2013:11:28:05 +0200] "GET /favicon.ico HTTP/1.1" 404 287 "-" "Mozilla/4.0 (compatible; MSIE 8.0; Windows NT 5.1; Trident/4.0; BTRS100021; InfoPath.2; .NET4.0C; .NET4.0E; .NET CLR 2.0.50727; .NET CLR 3.0.4506.2152)"
195.56.55.225 - - [03/Jul/2013:11:28:26 +0200] "GET /test.html HTTP/1.1" 200 56 "-" "monit/4.6"
95.132.143.247 - - [03/Jul/2013:11:29:59 +0200] "GET /cikk.php3?id_article=94 HTTP/1.0" 404 273 "http://attac.zpok.hu/cikk.php3?id_article=94" "Mozilla/5.0 (Windows NT 5.1) AppleWebKit/537.4 (KHTML, like Gecko) Chrome/22.0.1229.79 Safari/537.4"
95.132.143.247 - - [03/Jul/2013:11:29:59 +0200] "GET / HTTP/1.0" 200 1155 "http://attac.zpok.hu/" "Mozilla/5.0 (Windows NT 5.1) AppleWebKit/537.4 (KHTML, like Gecko) Chrome/22.0.1229.79 Safari/537.4"
195.56.55.225 - - [03/Jul/2013:11:30:28 +0200] "GET /test.html HTTP/1.1" 200 56 "-" "monit/4.6"
173.199.120.171 - - [03/Jul/2013:11:30:53 +0200] "GET /cikk.php3?id_article=146 HTTP/1.1" 404 285 "-" "Mozilla/5.0 (compatible; AhrefsBot/4.0; +http://ahrefs.com/robot/)"
79.184.126.184 - - [03/Jul/2013:11:31:07 +0200] "-" 408 - "-" "-"
188.30.88.83 - - [03/Jul/2013:11:31:45 +0200] "GET /proxy.pac HTTP/1.1" 404 282 "-" "Mozilla/5.0 (Windows NT 6.1; rv:5.0) Gecko/20100101 Firefox/5.0"
195.56.55.225 - - [03/Jul/2013:11:32:30 +0200] "GET /test.html HTTP/1.1" 200 56 "-" "monit/4.6"
64.213.148.130 - - [03/Jul/2013:11:34:11 +0200] "POST /forum_attac.php3?id_article=710&retour=cikk HTTP/1.1" 404 292 "http://attac.zpok.hu/forum_attac.php3?id_article=710&retour=cikk" "Mozilla/4.0 (compatible; MSIE 6.0; Windows NT 5.1; SV1)"
187.160.247.92 - - [03/Jul/2013:11:34:18 +0200] "POST /forum_attac.php3?id_article=710&retour=cikk HTTP/1.1" 404 292 "http://attac.zpok.hu/forum_attac.php3?id_article=710&retour=cikk" "Mozilla/4.0 (compatible; MSIE 6.0; Windows NT 5.1; SV1)"
118.97.95.182 - - [03/Jul/2013:11:34:20 +0200] "POST /forum_attac.php3?id_article=710&retour=cikk HTTP/1.0" 404 280 "http://attac.zpok.hu/forum_attac.php3?id_article=710&retour=cikk" "Mozilla/4.0 (compatible; MSIE 6.0; Windows NT 5.1; SV1)"
195.56.55.225 - - [03/Jul/2013:11:34:32 +0200] "GET /test.html HTTP/1.1" 200 56 "-" "monit/4.6"
198.199.65.88 - - [03/Jul/2013:11:35:44 +0200] "POST /forum_attac.php3?id_article=710&retour=cikk HTTP/1.1" 404 292 "http://attac.zpok.hu/forum_attac.php3?id_article=710&retour=cikk" "Mozilla/4.0 (compatible; MSIE 6.0; Windows NT 5.1; SV1)"
198.1.99.26 - - [03/Jul/2013:11:35:48 +0200] "POST /forum_attac.php3?id_article=710&retour=cikk HTTP/1.1" 404 292 "-" "Mozilla/4.0 (compatible; MSIE 6.0; Windows NT 5.1; SV1)"
46.108.241.253 - - [03/Jul/2013:11:35:50 +0200] "POST /forum_attac.php3?id_article=710&retour=cikk HTTP/1.0" 404 280 "http://attac.zpok.hu/forum_attac.php3?id_article=710&retour=cikk" "Mozilla/4.0 (compatible; MSIE 6.0; Windows NT 5.1; SV1)"
195.56.55.225 - - [03/Jul/2013:11:36:34 +0200] "GET /test.html HTTP/1.1" 200 56 "-" "monit/4.6"
188.30.88.83 - - [03/Jul/2013:11:36:46 +0200] "GET /proxy.pac HTTP/1.1" 404 282 "-" "Mozilla/5.0 (Windows NT 6.1; rv:5.0) Gecko/20100101 Firefox/5.0"
195.56.55.225 - - [03/Jul/2013:11:38:36 +0200] "GET /test.html HTTP/1.1" 200 56 "-" "monit/4.6"
86.123.244.49 - - [03/Jul/2013:11:39:31 +0200] "GET /components/com_ponygallery/js/\" + imgsource + \" HTTP/1.1" 400 365 "-" "-"
176.241.3.65 - - [03/Jul/2013:11:39:42 +0200] "-" 408 - "-" "-"
62.178.254.147 - - [03/Jul/2013:11:39:50 +0200] "-" 408 - "-" "-"
117.211.123.60 - - [03/Jul/2013:11:40:29 +0200] "POST /forum_attac.php3?id_article=710&retour=cikk HTTP/1.1" 404 292 "http://attac.zpok.hu/forum_attac.php3?id_article=710&retour=cikk" "Mozilla/4.0 (compatible; MSIE 6.0; Windows NT 5.1; SV1)"
195.56.55.225 - - [03/Jul/2013:11:40:38 +0200] "GET /test.html HTTP/1.1" 200 56 "-" "monit/4.6"
188.30.88.83 - - [03/Jul/2013:11:41:48 +0200] "GET /proxy.pac HTTP/1.1" 404 282 "-" "Mozilla/5.0 (Windows NT 6.1; rv:5.0) Gecko/20100101 Firefox/5.0"
195.56.55.225 - - [03/Jul/2013:11:42:40 +0200] "GET /test.html HTTP/1.1" 200 56 "-" "monit/4.6"
195.56.55.225 - - [03/Jul/2013:11:44:48 +0200] "GET /test.html HTTP/1.1" 200 56 "-" "monit/4.6"
216.172.147.160 - - [03/Jul/2013:11:45:38 +0200] "GET /esemenynaptar_list.php?which=49 HTTP/1.1" 404 302 "http://www.mtvsz.zpok.hu/esemenynaptar_list.php?which=49" "Opera/9.80 (Windows NT 5.1; U; ru) Presto/2.10.289 Version/12.01"
216.172.147.160 - - [03/Jul/2013:11:45:38 +0200] "GET / HTTP/1.1" 200 1155 "http://www.mtvsz.zpok.hu/" "Opera/9.80 (Windows NT 5.1; U; ru) Presto/2.10.289 Version/12.01"
188.30.88.83 - - [03/Jul/2013:11:46:50 +0200] "GET /proxy.pac HTTP/1.1" 404 282 "-" "Mozilla/5.0 (Windows NT 6.1; rv:5.0) Gecko/20100101 Firefox/5.0"
195.56.55.225 - - [03/Jul/2013:11:46:55 +0200] "GET /test.html HTTP/1.1" 200 56 "-" "monit/4.6"
79.122.70.235 - - [03/Jul/2013:11:48:06 +0200] "-" 408 - "-" "-"
91.232.96.36 - - [03/Jul/2013:11:48:18 +0200] "GET /forum_attac.php3?id_article=983&retour=cikk.php3%3Fid_article%3D983 HTTP/1.1" 404 292 "-" "Mozilla/4.0 (compatible; MSIE 6.0; Windows NT 5.1; SV1)"
89.248.174.60 - - [03/Jul/2013:11:49:00 +0200] "GET /forum_attac.php3?id_article=983&retour=cikk.php3%3Fid_article%3D983 HTTP/1.1" 404 292 "-" "Mozilla/4.0 (compatible; MSIE 6.0; Windows NT 5.1; SV1)"
195.56.55.225 - - [03/Jul/2013:11:49:02 +0200] "GET /test.html HTTP/1.1" 200 56 "-" "monit/4.6"
217.64.99.66 - - [03/Jul/2013:11:50:05 +0200] "-" 408 - "-" "-"
195.56.55.225 - - [03/Jul/2013:11:51:04 +0200] "GET /test.html HTTP/1.1" 200 56 "-" "monit/4.6"
188.30.88.83 - - [03/Jul/2013:11:51:52 +0200] "GET /proxy.pac HTTP/1.1" 404 282 "-" "Mozilla/5.0 (Windows NT 6.1; rv:5.0) Gecko/20100101 Firefox/5.0"
195.56.55.225 - - [03/Jul/2013:11:53:06 +0200] "GET /test.html HTTP/1.1" 200 56 "-" "monit/4.6"
195.56.55.225 - - [03/Jul/2013:11:55:08 +0200] "GET /test.html HTTP/1.1" 200 56 "-" "monit/4.6"
188.30.88.83 - - [03/Jul/2013:11:57:03 +0200] "GET /proxy.pac HTTP/1.1" 404 282 "-" "Mozilla/5.0 (Windows NT 6.1; rv:5.0) Gecko/20100101 Firefox/5.0"
195.56.55.225 - - [03/Jul/2013:11:57:10 +0200] "GET /test.html HTTP/1.1" 200 56 "-" "monit/4.6"
195.56.55.225 - - [03/Jul/2013:11:59:12 +0200] "GET /test.html HTTP/1.1" 200 56 "-" "monit/4.6"
195.56.55.225 - - [03/Jul/2013:12:01:14 +0200] "GET /test.html HTTP/1.1" 200 56 "-" "monit/4.6"
89.134.126.41 - - [03/Jul/2013:12:01:20 +0200] "-" 408 - "-" "-"
65.55.52.119 - - [03/Jul/2013:12:02:08 +0200] "GET /robots.txt HTTP/1.1" 404 293 "-" "Mozilla/5.0 (compatible; bingbot/2.0; +http://www.bing.com/bingbot.htm)"
195.56.55.225 - - [03/Jul/2013:12:03:17 +0200] "GET /test.html HTTP/1.1" 200 56 "-" "monit/4.6"
208.167.230.35 - - [03/Jul/2013:12:04:16 +0200] "GET /documents/english/diary1.htm HTTP/1.1" 404 314 "-" "Mozilla/5.0 (compatible; AhrefsBot/4.0; +http://ahrefs.com/robot/)"
173.199.120.171 - - [03/Jul/2013:12:04:28 +0200] "GET /cikk.php3?id_article=693 HTTP/1.1" 404 285 "-" "Mozilla/5.0 (compatible; AhrefsBot/4.0; +http://ahrefs.com/robot/)"
195.56.55.225 - - [03/Jul/2013:12:05:19 +0200] "GET /test.html HTTP/1.1" 200 56 "-" "monit/4.6"
195.56.55.225 - - [03/Jul/2013:12:07:21 +0200] "GET /test.html HTTP/1.1" 200 56 "-" "monit/4.6"
110.89.12.231 - - [03/Jul/2013:12:08:14 +0200] "-" 408 - "-" "-"
195.56.55.225 - - [03/Jul/2013:12:09:23 +0200] "GET /test.html HTTP/1.1" 200 56 "-" "monit/4.6"
60.13.10.90 - - [03/Jul/2013:12:10:48 +0200] "-" 408 - "-" "-"
91.232.96.36 - - [03/Jul/2013:12:11:08 +0200] "GET /forum_attac.php3?id_article=983&retour=cikk.php3%3Fid_article%3D983 HTTP/1.1" 404 292 "-" "Mozilla/4.0 (compatible; MSIE 6.0; Windows NT 5.1; SV1)"
195.56.55.225 - - [03/Jul/2013:12:11:25 +0200] "GET /test.html HTTP/1.1" 200 56 "-" "monit/4.6"
89.248.174.60 - - [03/Jul/2013:12:11:44 +0200] "GET /forum_attac.php3?id_article=983&retour=cikk.php3%3Fid_article%3D983 HTTP/1.1" 404 292 "-" "Mozilla/4.0 (compatible; MSIE 6.0; Windows NT 5.1; SV1)"
109.74.55.200 - - [03/Jul/2013:12:11:47 +0200] "-" 408 - "-" "-"
173.199.120.171 - - [03/Jul/2013:12:12:58 +0200] "GET /cikk.php3?id_article=257 HTTP/1.1" 404 285 "-" "Mozilla/5.0 (compatible; AhrefsBot/4.0; +http://ahrefs.com/robot/)"
195.56.55.225 - - [03/Jul/2013:12:13:27 +0200] "GET /test.html HTTP/1.1" 200 56 "-" "monit/4.6"
195.56.55.225 - - [03/Jul/2013:12:15:30 +0200] "GET /test.html HTTP/1.1" 200 56 "-" "monit/4.6"
195.56.55.225 - - [03/Jul/2013:12:17:32 +0200] "GET /test.html HTTP/1.1" 200 56 "-" "monit/4.6"
211.139.96.35 - - [03/Jul/2013:12:17:35 +0200] "POST /forum_attac.php3?id_article=710&retour=cikk HTTP/1.0" 404 280 "http://attac.zpok.hu/forum_attac.php3?id_article=710&retour=cikk" "Mozilla/4.0 (compatible; MSIE 6.0; Windows NT 5.1; SV1)"
222.92.141.155 - - [03/Jul/2013:12:17:41 +0200] "POST /forum_attac.php3?id_article=710&retour=cikk HTTP/1.0" 404 280 "http://attac.zpok.hu/forum_attac.php3?id_article=710&retour=cikk" "Mozilla/4.0 (compatible; MSIE 6.0; Windows NT 5.1; SV1)"
65.55.52.115 - - [03/Jul/2013:12:19:03 +0200] "GET /robots.txt HTTP/1.1" 404 291 "-" "Mozilla/5.0 (compatible; bingbot/2.0; +http://www.bing.com/bingbot.htm)"
195.56.55.225 - - [03/Jul/2013:12:19:35 +0200] "GET /test.html HTTP/1.1" 200 56 "-" "monit/4.6"
109.74.55.200 - - [03/Jul/2013:12:21:22 +0200] "-" 408 - "-" "-"
109.74.55.200 - - [03/Jul/2013:12:21:24 +0200] "-" 408 - "-" "-"
195.56.55.225 - - [03/Jul/2013:12:21:37 +0200] "GET /test.html HTTP/1.1" 200 56 "-" "monit/4.6"
66.249.78.31 - - [03/Jul/2013:12:22:46 +0200] "GET /robots.txt HTTP/1.1" 404 285 "-" "Mozilla/5.0 (compatible; Googlebot/2.1; +http://www.google.com/bot.html)"
66.249.78.31 - - [03/Jul/2013:12:22:47 +0200] "GET /?q=letoltes HTTP/1.1" 200 1155 "-" "Mozilla/5.0 (compatible; Googlebot/2.1; +http://www.google.com/bot.html)"
217.69.133.69 - - [03/Jul/2013:12:23:21 +0200] "GET /robots.txt HTTP/1.0" 404 278 "-" "Mozilla/5.0 (compatible; Linux x86_64; Mail.RU_Bot/2.0; +http://go.mail.ru/help/robots)"
65.55.52.119 - - [03/Jul/2013:12:23:25 +0200] "GET / HTTP/1.1" 200 1155 "-" "Mozilla/5.0 (compatible; bingbot/2.0; +http://www.bing.com/bingbot.htm)"
195.56.55.225 - - [03/Jul/2013:12:23:39 +0200] "GET /test.html HTTP/1.1" 200 56 "-" "monit/4.6"
195.56.55.225 - - [03/Jul/2013:12:25:41 +0200] "GET /test.html HTTP/1.1" 200 56 "-" "monit/4.6"
212.92.6.249 - - [03/Jul/2013:12:26:00 +0200] "GET /favicon.ico HTTP/1.1" 404 287 "-" "Mozilla/5.0 (compatible; MSIE 10.0; Windows NT 6.1; Trident/6.0)"
65.55.52.115 - - [03/Jul/2013:12:26:26 +0200] "GET / HTTP/1.1" 200 1155 "-" "Mozilla/5.0 (compatible; bingbot/2.0; +http://www.bing.com/bingbot.htm)"
195.56.55.225 - - [03/Jul/2013:12:27:43 +0200] "GET /test.html HTTP/1.1" 200 56 "-" "monit/4.6"
195.56.55.225 - - [03/Jul/2013:12:29:45 +0200] "GET /test.html HTTP/1.1" 200 56 "-" "monit/4.6"
109.74.55.200 - - [03/Jul/2013:12:30:27 +0200] "-" 408 - "-" "-"
109.74.55.200 - - [03/Jul/2013:12:30:30 +0200] "-" 408 - "-" "-"
109.74.55.200 - - [03/Jul/2013:12:30:30 +0200] "-" 408 - "-" "-"
109.74.55.200 - - [03/Jul/2013:12:30:30 +0200] "-" 408 - "-" "-"
109.74.55.200 - - [03/Jul/2013:12:30:30 +0200] "-" 408 - "-" "-"
109.74.55.200 - - [03/Jul/2013:12:30:30 +0200] "-" 408 - "-" "-"
195.56.55.225 - - [03/Jul/2013:12:31:46 +0200] "GET /test.html HTTP/1.1" 200 56 "-" "monit/4.6"
72.14.199.132 - - [03/Jul/2013:12:31:53 +0200] "GET / HTTP/1.1" 200 1155 "-" "Feedfetcher-Google; (+http://www.google.com/feedfetcher.html; 1 subscribers; feed-id=849169264004692768)"
195.56.55.225 - - [03/Jul/2013:12:33:48 +0200] "GET /test.html HTTP/1.1" 200 56 "-" "monit/4.6"
91.232.96.36 - - [03/Jul/2013:12:34:16 +0200] "GET /forum_attac.php3?id_article=983&retour=cikk.php3%3Fid_article%3D983 HTTP/1.1" 404 292 "-" "Mozilla/4.0 (compatible; MSIE 6.0; Windows NT 5.1; SV1)"
89.248.174.60 - - [03/Jul/2013:12:34:51 +0200] "GET /forum_attac.php3?id_article=983&retour=cikk.php3%3Fid_article%3D983 HTTP/1.1" 404 292 "-" "Mozilla/4.0 (compatible; MSIE 6.0; Windows NT 5.1; SV1)"
195.56.55.225 - - [03/Jul/2013:12:35:50 +0200] "GET /test.html HTTP/1.1" 200 56 "-" "monit/4.6"
195.56.55.225 - - [03/Jul/2013:12:37:52 +0200] "GET /test.html HTTP/1.1" 200 56 "-" "monit/4.6"
212.7.196.79 - - [03/Jul/2013:12:38:53 +0200] "GET / HTTP/1.1" 200 1155 "-" "Mozilla/5.0 (Windows; U; Windows NT 6.1; WOW64; en-US; rv:2.0.4) Gecko/20120718 AskTbAVR-IDW/3.12.5.17700 Firefox/14.0.1"
