77.88.42.27 - - [08/Jul/2013:03:14:25 +0200] "GET / HTTP/1.1" 200 1155 "-" "Mozilla/5.0 (compatible; YandexBot/3.0; +http://yandex.com/bots)"
77.88.42.27 - - [08/Jul/2013:03:14:27 +0200] "GET / HTTP/1.1" 200 1155 "-" "Mozilla/5.0 (compatible; YandexBot/3.0; +http://yandex.com/bots)"
195.56.55.225 - - [08/Jul/2013:03:15:20 +0200] "GET /test.html HTTP/1.1" 200 56 "-" "monit/4.6"
195.56.55.225 - - [08/Jul/2013:03:17:23 +0200] "GET /test.html HTTP/1.1" 200 56 "-" "monit/4.6"
92.41.44.29 - - [08/Jul/2013:03:19:10 +0200] "GET /proxy.pac HTTP/1.1" 404 282 "-" "Mozilla/5.0 (Windows NT 6.1; rv:5.0) Gecko/20100101 Firefox/5.0"
92.41.44.29 - - [08/Jul/2013:03:19:10 +0200] "GET /proxy.pac HTTP/1.1" 404 282 "-" "Mozilla/5.0 (Windows NT 6.1; rv:5.0) Gecko/20100101 Firefox/5.0"
92.41.44.29 - - [08/Jul/2013:03:19:18 +0200] "GET /proxy.pac HTTP/1.1" 404 282 "-" "Mozilla/5.0 (Windows NT 6.1; rv:5.0) Gecko/20100101 Firefox/5.0"
195.56.55.225 - - [08/Jul/2013:03:19:25 +0200] "GET /test.html HTTP/1.1" 200 56 "-" "monit/4.6"
92.41.44.29 - - [08/Jul/2013:03:19:29 +0200] "GET /proxy.pac HTTP/1.1" 404 282 "-" "Mozilla/5.0 (Windows NT 6.1; rv:5.0) Gecko/20100101 Firefox/5.0"
92.41.44.29 - - [08/Jul/2013:03:19:50 +0200] "GET /proxy.pac HTTP/1.1" 404 282 "-" "Mozilla/5.0 (Windows NT 6.1; rv:5.0) Gecko/20100101 Firefox/5.0"
92.41.44.29 - - [08/Jul/2013:03:20:32 +0200] "GET /proxy.pac HTTP/1.1" 404 282 "-" "Mozilla/5.0 (Windows NT 6.1; rv:5.0) Gecko/20100101 Firefox/5.0"
195.56.55.225 - - [08/Jul/2013:03:21:27 +0200] "GET /test.html HTTP/1.1" 200 56 "-" "monit/4.6"
92.41.44.29 - - [08/Jul/2013:03:21:53 +0200] "GET /proxy.pac HTTP/1.1" 404 282 "-" "Mozilla/5.0 (Windows NT 6.1; rv:5.0) Gecko/20100101 Firefox/5.0"
195.56.55.225 - - [08/Jul/2013:03:23:29 +0200] "GET /test.html HTTP/1.1" 200 56 "-" "monit/4.6"
92.41.44.29 - - [08/Jul/2013:03:24:35 +0200] "GET /proxy.pac HTTP/1.1" 404 282 "-" "Mozilla/5.0 (Windows NT 6.1; rv:5.0) Gecko/20100101 Firefox/5.0"
195.56.55.225 - - [08/Jul/2013:03:25:31 +0200] "GET /test.html HTTP/1.1" 200 56 "-" "monit/4.6"
195.56.55.225 - - [08/Jul/2013:03:27:33 +0200] "GET /test.html HTTP/1.1" 200 56 "-" "monit/4.6"
200.35.151.24 - - [08/Jul/2013:03:29:18 +0200] "POST /forum_attac.php3?id_article=710&retour=cikk HTTP/1.1" 404 292 "http://attac.zpok.hu/forum_attac.php3?id_article=710&retour=cikk" "Mozilla/4.0 (compatible; MSIE 6.0; Windows NT 5.1; SV1)"
195.56.55.225 - - [08/Jul/2013:03:29:36 +0200] "GET /test.html HTTP/1.1" 200 56 "-" "monit/4.6"
92.41.44.29 - - [08/Jul/2013:03:29:38 +0200] "GET /proxy.pac HTTP/1.1" 404 282 "-" "Mozilla/5.0 (Windows NT 6.1; rv:5.0) Gecko/20100101 Firefox/5.0"
221.238.28.158 - - [08/Jul/2013:03:29:58 +0200] "POST /forum_attac.php3?id_article=710&retour=cikk HTTP/1.0" 404 280 "http://attac.zpok.hu/forum_attac.php3?id_article=710&retour=cikk" "Mozilla/4.0 (compatible; MSIE 6.0; Windows NT 5.1; SV1)"
195.56.55.225 - - [08/Jul/2013:03:31:39 +0200] "GET /test.html HTTP/1.1" 200 56 "-" "monit/4.6"
89.248.174.60 - - [08/Jul/2013:03:31:48 +0200] "GET /forum_attac.php3?id_article=983&retour=cikk.php3%3Fid_article%3D983 HTTP/1.1" 404 292 "-" "Mozilla/4.0 (compatible; MSIE 6.0; Windows NT 5.1; SV1)"
195.56.55.225 - - [08/Jul/2013:03:33:41 +0200] "GET /test.html HTTP/1.1" 200 56 "-" "monit/4.6"
92.41.44.29 - - [08/Jul/2013:03:34:41 +0200] "GET /proxy.pac HTTP/1.1" 404 282 "-" "Mozilla/5.0 (Windows NT 6.1; rv:5.0) Gecko/20100101 Firefox/5.0"
195.56.55.225 - - [08/Jul/2013:03:35:43 +0200] "GET /test.html HTTP/1.1" 200 56 "-" "monit/4.6"
195.56.55.225 - - [08/Jul/2013:03:37:45 +0200] "GET /test.html HTTP/1.1" 200 56 "-" "monit/4.6"
92.41.44.29 - - [08/Jul/2013:03:39:44 +0200] "GET /proxy.pac HTTP/1.1" 404 282 "-" "Mozilla/5.0 (Windows NT 6.1; rv:5.0) Gecko/20100101 Firefox/5.0"
195.56.55.225 - - [08/Jul/2013:03:39:49 +0200] "GET /test.html HTTP/1.1" 200 56 "-" "monit/4.6"
195.56.55.225 - - [08/Jul/2013:03:41:51 +0200] "GET /test.html HTTP/1.1" 200 56 "-" "monit/4.6"
157.56.229.211 - - [08/Jul/2013:03:42:11 +0200] "GET /robots.txt HTTP/1.1" 404 286 "-" "Mozilla/5.0 (compatible; bingbot/2.0; +http://www.bing.com/bingbot.htm)"
195.70.55.211 - - [08/Jul/2013:03:42:39 +0200] "HEAD / HTTP/1.1" 200 0 "-" "libwww-perl/5.834"
157.56.229.211 - - [08/Jul/2013:03:43:11 +0200] "GET / HTTP/1.1" 200 1155 "-" "Mozilla/5.0 (compatible; bingbot/2.0; +http://www.bing.com/bingbot.htm)"
195.56.55.225 - - [08/Jul/2013:03:43:54 +0200] "GET /test.html HTTP/1.1" 200 56 "-" "monit/4.6"
92.41.44.29 - - [08/Jul/2013:03:44:47 +0200] "GET /proxy.pac HTTP/1.1" 404 282 "-" "Mozilla/5.0 (Windows NT 6.1; rv:5.0) Gecko/20100101 Firefox/5.0"
195.56.55.225 - - [08/Jul/2013:03:45:56 +0200] "GET /test.html HTTP/1.1" 200 56 "-" "monit/4.6"
195.56.55.225 - - [08/Jul/2013:03:47:58 +0200] "GET /test.html HTTP/1.1" 200 56 "-" "monit/4.6"
92.41.44.29 - - [08/Jul/2013:03:49:49 +0200] "GET /proxy.pac HTTP/1.1" 404 282 "-" "Mozilla/5.0 (Windows NT 6.1; rv:5.0) Gecko/20100101 Firefox/5.0"
195.56.55.225 - - [08/Jul/2013:03:50:00 +0200] "GET /test.html HTTP/1.1" 200 56 "-" "monit/4.6"
195.56.55.225 - - [08/Jul/2013:03:52:02 +0200] "GET /test.html HTTP/1.1" 200 56 "-" "monit/4.6"
195.56.55.225 - - [08/Jul/2013:03:54:04 +0200] "GET /test.html HTTP/1.1" 200 56 "-" "monit/4.6"
94.231.163.147 - - [08/Jul/2013:03:54:32 +0200] "POST /forum_attac.php3?id_article=710&retour=cikk HTTP/1.1" 404 292 "http://attac.zpok.hu/forum_attac.php3?id_article=710&retour=cikk" "Mozilla/4.0 (compatible; MSIE 6.0; Windows NT 5.1; SV1)"
66.160.134.222 - - [08/Jul/2013:03:54:33 +0200] "POST /forum_attac.php3?id_article=710&retour=cikk HTTP/1.1" 404 292 "http://attac.zpok.hu/forum_attac.php3?id_article=710&retour=cikk" "Mozilla/4.0 (compatible; MSIE 6.0; Windows NT 5.1; SV1)"
92.41.44.29 - - [08/Jul/2013:03:54:52 +0200] "GET /proxy.pac HTTP/1.1" 404 282 "-" "Mozilla/5.0 (Windows NT 6.1; rv:5.0) Gecko/20100101 Firefox/5.0"
89.248.174.60 - - [08/Jul/2013:03:54:55 +0200] "GET /forum_attac.php3?id_article=983&retour=cikk.php3%3Fid_article%3D983 HTTP/1.1" 404 292 "-" "Mozilla/4.0 (compatible; MSIE 6.0; Windows NT 5.1; SV1)"
195.56.55.225 - - [08/Jul/2013:03:56:09 +0200] "GET /test.html HTTP/1.1" 200 56 "-" "monit/4.6"
202.46.61.37 - - [08/Jul/2013:03:57:18 +0200] "GET /forum_attac.php3?id_article=94&retour=cikk.php3?id_article%3D94 HTTP/1.1" 404 292 "-" "Mozilla/5.0 (compatible; Baiduspider/2.0; +http://www.baidu.com/search/spider.html)"
195.56.55.225 - - [08/Jul/2013:03:58:11 +0200] "GET /test.html HTTP/1.1" 200 56 "-" "monit/4.6"
92.41.44.29 - - [08/Jul/2013:03:59:56 +0200] "GET /proxy.pac HTTP/1.1" 404 282 "-" "Mozilla/5.0 (Windows NT 6.1; rv:5.0) Gecko/20100101 Firefox/5.0"
195.56.55.225 - - [08/Jul/2013:04:00:13 +0200] "GET /test.html HTTP/1.1" 200 56 "-" "monit/4.6"
195.56.55.225 - - [08/Jul/2013:04:02:16 +0200] "GET /test.html HTTP/1.1" 200 56 "-" "monit/4.6"
195.56.55.225 - - [08/Jul/2013:04:04:18 +0200] "GET /test.html HTTP/1.1" 200 56 "-" "monit/4.6"
92.41.44.29 - - [08/Jul/2013:04:04:59 +0200] "GET /proxy.pac HTTP/1.1" 404 282 "-" "Mozilla/5.0 (Windows NT 6.1; rv:5.0) Gecko/20100101 Firefox/5.0"
195.56.55.225 - - [08/Jul/2013:04:06:21 +0200] "GET /test.html HTTP/1.1" 200 56 "-" "monit/4.6"
195.56.55.225 - - [08/Jul/2013:04:08:23 +0200] "GET /test.html HTTP/1.1" 200 56 "-" "monit/4.6"
92.41.44.29 - - [08/Jul/2013:04:10:05 +0200] "GET /proxy.pac HTTP/1.1" 404 282 "-" "Mozilla/5.0 (Windows NT 6.1; rv:5.0) Gecko/20100101 Firefox/5.0"
195.56.55.225 - - [08/Jul/2013:04:10:25 +0200] "GET /test.html HTTP/1.1" 200 56 "-" "monit/4.6"
223.202.8.69 - - [08/Jul/2013:04:12:20 +0200] "POST /forum_attac.php3?id_article=710&retour=cikk HTTP/1.0" 404 280 "http://attac.zpok.hu/forum_attac.php3?id_article=710&retour=cikk" "Mozilla/4.0 (compatible; MSIE 6.0; Windows NT 5.1; SV1)"
195.56.55.225 - - [08/Jul/2013:04:12:27 +0200] "GET /test.html HTTP/1.1" 200 56 "-" "monit/4.6"
195.56.55.225 - - [08/Jul/2013:04:14:29 +0200] "GET /test.html HTTP/1.1" 200 56 "-" "monit/4.6"
92.41.44.29 - - [08/Jul/2013:04:15:08 +0200] "GET /proxy.pac HTTP/1.1" 404 282 "-" "Mozilla/5.0 (Windows NT 6.1; rv:5.0) Gecko/20100101 Firefox/5.0"
195.56.55.225 - - [08/Jul/2013:04:16:31 +0200] "GET /test.html HTTP/1.1" 200 56 "-" "monit/4.6"
89.248.174.60 - - [08/Jul/2013:04:17:44 +0200] "GET /forum_attac.php3?id_article=983&retour=cikk.php3%3Fid_article%3D983 HTTP/1.1" 404 292 "-" "Mozilla/4.0 (compatible; MSIE 6.0; Windows NT 5.1; SV1)"
195.56.55.225 - - [08/Jul/2013:04:18:33 +0200] "GET /test.html HTTP/1.1" 200 56 "-" "monit/4.6"
92.41.44.29 - - [08/Jul/2013:04:20:09 +0200] "GET /proxy.pac HTTP/1.1" 404 282 "-" "Mozilla/5.0 (Windows NT 6.1; rv:5.0) Gecko/20100101 Firefox/5.0"
195.56.55.225 - - [08/Jul/2013:04:20:35 +0200] "GET /test.html HTTP/1.1" 200 56 "-" "monit/4.6"
72.14.199.132 - - [08/Jul/2013:04:21:50 +0200] "GET / HTTP/1.1" 200 1155 "-" "Feedfetcher-Google; (+http://www.google.com/feedfetcher.html; 1 subscribers; feed-id=849169264004692768)"
195.56.55.225 - - [08/Jul/2013:04:22:37 +0200] "GET /test.html HTTP/1.1" 200 56 "-" "monit/4.6"
195.56.55.225 - - [08/Jul/2013:04:24:40 +0200] "GET /test.html HTTP/1.1" 200 56 "-" "monit/4.6"
92.41.44.29 - - [08/Jul/2013:04:25:08 +0200] "GET /proxy.pac HTTP/1.1" 404 282 "-" "Mozilla/5.0 (Windows NT 6.1; rv:5.0) Gecko/20100101 Firefox/5.0"
92.41.44.29 - - [08/Jul/2013:04:26:01 +0200] "GET /proxy.pac HTTP/1.1" 404 282 "-" "-"
92.41.44.29 - - [08/Jul/2013:04:26:06 +0200] "GET /proxy.pac HTTP/1.1" 404 282 "-" "-"
157.56.93.52 - - [08/Jul/2013:04:26:12 +0200] "GET /robots.txt HTTP/1.1" 404 288 "-" "Mozilla/5.0 (compatible; bingbot/2.0; +http://www.bing.com/bingbot.htm)"
195.56.55.225 - - [08/Jul/2013:04:26:41 +0200] "GET /test.html HTTP/1.1" 200 56 "-" "monit/4.6"
157.56.93.52 - - [08/Jul/2013:04:27:30 +0200] "GET / HTTP/1.1" 200 1155 "-" "Mozilla/5.0 (compatible; bingbot/2.0; +http://www.bing.com/bingbot.htm)"
195.56.55.225 - - [08/Jul/2013:04:28:45 +0200] "GET /test.html HTTP/1.1" 200 56 "-" "monit/4.6"
64.246.165.200 - - [08/Jul/2013:04:30:10 +0200] "GET / HTTP/1.1" 200 1155 "http://whois.domaintools.com/botanika.hu" "Mozilla/5.0 (Windows; U; Windows NT 5.1; en; rv:1.9.0.13) Gecko/2009073022 Firefox/3.5.2 (.NET CLR 3.5.30729) SurveyBot/2.3 (DomainTools)"
92.41.44.29 - - [08/Jul/2013:04:30:14 +0200] "GET /proxy.pac HTTP/1.1" 404 282 "-" "Mozilla/5.0 (Windows NT 6.1; rv:5.0) Gecko/20100101 Firefox/5.0"
157.56.93.39 - - [08/Jul/2013:04:30:23 +0200] "GET /robots.txt HTTP/1.1" 404 285 "-" "Mozilla/5.0 (compatible; bingbot/2.0; +http://www.bing.com/bingbot.htm)"
195.56.55.225 - - [08/Jul/2013:04:30:47 +0200] "GET /test.html HTTP/1.1" 200 56 "-" "monit/4.6"
195.56.55.225 - - [08/Jul/2013:04:32:49 +0200] "GET /test.html HTTP/1.1" 200 56 "-" "monit/4.6"
195.56.55.225 - - [08/Jul/2013:04:34:52 +0200] "GET /test.html HTTP/1.1" 200 56 "-" "monit/4.6"
92.41.44.29 - - [08/Jul/2013:04:35:19 +0200] "GET /proxy.pac HTTP/1.1" 404 282 "-" "Mozilla/5.0 (Windows NT 6.1; rv:5.0) Gecko/20100101 Firefox/5.0"
157.56.93.39 - - [08/Jul/2013:04:35:22 +0200] "GET / HTTP/1.1" 200 1155 "-" "Mozilla/5.0 (compatible; bingbot/2.0; +http://www.bing.com/bingbot.htm)"
195.56.55.225 - - [08/Jul/2013:04:36:56 +0200] "GET /test.html HTTP/1.1" 200 56 "-" "monit/4.6"
94.228.34.203 - - [08/Jul/2013:04:37:03 +0200] "GET /robots.txt HTTP/1.1" 404 286 "-" "magpie-crawler/1.1 (U; Linux amd64; en-GB; +http://www.brandwatch.net)"
94.228.34.203 - - [08/Jul/2013:04:37:04 +0200] "GET /?feed=atom HTTP/1.1" 304 - "-" "magpie-crawler/1.1 (U; Linux amd64; en-GB; +http://www.brandwatch.net)"
195.56.55.225 - - [08/Jul/2013:04:38:58 +0200] "GET /test.html HTTP/1.1" 200 56 "-" "monit/4.6"
188.92.75.82 - - [08/Jul/2013:04:39:58 +0200] "GET /forum_attac.php3?id_article=889&retour=cikk.php3%3Fid_article%3D889 HTTP/1.1" 404 292 "-" "Mozilla/4.0 (compatible; MSIE 6.0; Windows NT 5.1; SV1)"
204.11.49.138 - - [08/Jul/2013:04:40:04 +0200] "POST" 405 - "-" "-"
92.41.44.29 - - [08/Jul/2013:04:40:21 +0200] "GET /proxy.pac HTTP/1.1" 404 282 "-" "Mozilla/5.0 (Windows NT 6.1; rv:5.0) Gecko/20100101 Firefox/5.0"
89.248.174.60 - - [08/Jul/2013:04:40:46 +0200] "GET /forum_attac.php3?id_article=983&retour=cikk.php3%3Fid_article%3D983 HTTP/1.1" 404 292 "-" "Mozilla/4.0 (compatible; MSIE 6.0; Windows NT 5.1; SV1)"
195.56.55.225 - - [08/Jul/2013:04:41:00 +0200] "GET /test.html HTTP/1.1" 200 56 "-" "monit/4.6"
195.56.55.225 - - [08/Jul/2013:04:43:02 +0200] "GET /test.html HTTP/1.1" 200 56 "-" "monit/4.6"
195.56.55.225 - - [08/Jul/2013:04:45:04 +0200] "GET /test.html HTTP/1.1" 200 56 "-" "monit/4.6"
92.41.44.29 - - [08/Jul/2013:04:45:25 +0200] "GET /proxy.pac HTTP/1.1" 404 282 "-" "Mozilla/5.0 (Windows NT 6.1; rv:5.0) Gecko/20100101 Firefox/5.0"
195.56.55.225 - - [08/Jul/2013:04:47:06 +0200] "GET /test.html HTTP/1.1" 200 56 "-" "monit/4.6"
195.56.55.225 - - [08/Jul/2013:04:49:08 +0200] "GET /test.html HTTP/1.1" 200 56 "-" "monit/4.6"
92.41.44.29 - - [08/Jul/2013:04:50:33 +0200] "GET /proxy.pac HTTP/1.1" 404 282 "-" "Mozilla/5.0 (Windows NT 6.1; rv:5.0) Gecko/20100101 Firefox/5.0"
195.56.55.225 - - [08/Jul/2013:04:51:17 +0200] "GET /test.html HTTP/1.1" 200 56 "-" "monit/4.6"
195.56.55.225 - - [08/Jul/2013:04:53:20 +0200] "GET /test.html HTTP/1.1" 200 56 "-" "monit/4.6"
208.115.113.87 - - [08/Jul/2013:04:54:39 +0200] "GET /robots.txt HTTP/1.1" 404 292 "-" "Mozilla/5.0 (compatible; Ezooms/1.0; ezooms.bot@gmail.com)"
195.56.55.225 - - [08/Jul/2013:04:55:22 +0200] "GET /test.html HTTP/1.1" 200 56 "-" "monit/4.6"
92.41.44.29 - - [08/Jul/2013:04:55:34 +0200] "GET /proxy.pac HTTP/1.1" 404 282 "-" "Mozilla/5.0 (Windows NT 6.1; rv:5.0) Gecko/20100101 Firefox/5.0"
77.88.42.27 - - [08/Jul/2013:04:56:56 +0200] "GET / HTTP/1.1" 200 1155 "-" "Mozilla/5.0 (compatible; YandexBot/3.0; +http://yandex.com/bots)"
87.250.37.50 - - [08/Jul/2013:04:56:58 +0200] "POST /forum_attac.php3?id_article=710&retour=cikk HTTP/1.1" 404 292 "http://attac.zpok.hu/forum_attac.php3?id_article=710&retour=cikk" "Mozilla/4.0 (compatible; MSIE 6.0; Windows NT 5.1; SV1)"
54.226.218.69 - - [08/Jul/2013:04:57:00 +0200] "POST /forum_attac.php3?id_article=710&retour=cikk HTTP/1.1" 404 292 "http://attac.zpok.hu/forum_attac.php3?id_article=710&retour=cikk" "Mozilla/4.0 (compatible; MSIE 6.0; Windows NT 5.1; SV1)"
195.56.55.225 - - [08/Jul/2013:04:57:24 +0200] "GET /test.html HTTP/1.1" 200 56 "-" "monit/4.6"
195.56.55.225 - - [08/Jul/2013:04:59:26 +0200] "GET /test.html HTTP/1.1" 200 56 "-" "monit/4.6"
92.41.44.29 - - [08/Jul/2013:05:00:37 +0200] "GET /proxy.pac HTTP/1.1" 404 282 "-" "Mozilla/5.0 (Windows NT 6.1; rv:5.0) Gecko/20100101 Firefox/5.0"
195.56.55.225 - - [08/Jul/2013:05:01:29 +0200] "GET /test.html HTTP/1.1" 200 56 "-" "monit/4.6"
74.125.18.14 - - [08/Jul/2013:05:01:35 +0200] "GET /IMG/arton573.jpg HTTP/1.1" 404 292 "http://www.stormfront.org/forum/" "pagespeed"
178.48.48.63 - - [08/Jul/2013:05:01:36 +0200] "GET /IMG/arton573.jpg HTTP/1.1" 404 292 "http://www.stormfront.org/forum/t402378/" "Mozilla/5.0 (Windows NT 6.1) AppleWebKit/537.36 (KHTML, like Gecko) Chrome/27.0.1453.116 Safari/537.36"
195.56.55.225 - - [08/Jul/2013:05:03:31 +0200] "GET /test.html HTTP/1.1" 200 56 "-" "monit/4.6"
89.248.174.60 - - [08/Jul/2013:05:03:46 +0200] "GET /forum_attac.php3?id_article=983&retour=cikk.php3%3Fid_article%3D983 HTTP/1.1" 404 292 "-" "Mozilla/4.0 (compatible; MSIE 6.0; Windows NT 5.1; SV1)"
195.56.55.225 - - [08/Jul/2013:05:05:33 +0200] "GET /test.html HTTP/1.1" 200 56 "-" "monit/4.6"
188.28.185.121 - - [08/Jul/2013:05:05:42 +0200] "GET /proxy.pac HTTP/1.1" 404 282 "-" "Mozilla/5.0 (Windows NT 6.1; rv:5.0) Gecko/20100101 Firefox/5.0"
195.56.55.225 - - [08/Jul/2013:05:07:35 +0200] "GET /test.html HTTP/1.1" 200 56 "-" "monit/4.6"
157.56.92.173 - - [08/Jul/2013:05:07:59 +0200] "GET /robots.txt HTTP/1.1" 404 299 "-" "Mozilla/5.0 (compatible; bingbot/2.0; +http://www.bing.com/bingbot.htm)"
61.55.141.11 - - [08/Jul/2013:05:08:10 +0200] "POST /forum_attac.php3?id_article=710&retour=cikk HTTP/1.0" 404 280 "http://attac.zpok.hu/forum_attac.php3?id_article=710&retour=cikk" "Mozilla/4.0 (compatible; MSIE 6.0; Windows NT 5.1; SV1)"
190.107.81.65 - - [08/Jul/2013:05:08:11 +0200] "POST /forum_attac.php3?id_article=710&retour=cikk HTTP/1.0" 404 280 "http://attac.zpok.hu/forum_attac.php3?id_article=710&retour=cikk" "Mozilla/4.0 (compatible; MSIE 6.0; Windows NT 5.1; SV1)"
195.56.55.225 - - [08/Jul/2013:05:09:37 +0200] "GET /test.html HTTP/1.1" 200 56 "-" "monit/4.6"
157.56.92.173 - - [08/Jul/2013:05:09:55 +0200] "GET /book/export/html/173 HTTP/1.1" 404 309 "-" "Mozilla/5.0 (compatible; bingbot/2.0; +http://www.bing.com/bingbot.htm)"
188.28.185.121 - - [08/Jul/2013:05:10:47 +0200] "GET /proxy.pac HTTP/1.1" 404 282 "-" "Mozilla/5.0 (Windows NT 6.1; rv:5.0) Gecko/20100101 Firefox/5.0"
195.56.55.225 - - [08/Jul/2013:05:11:39 +0200] "GET /test.html HTTP/1.1" 200 56 "-" "monit/4.6"
195.56.55.225 - - [08/Jul/2013:05:13:43 +0200] "GET /test.html HTTP/1.1" 200 56 "-" "monit/4.6"
195.56.55.225 - - [08/Jul/2013:05:15:45 +0200] "GET /test.html HTTP/1.1" 200 56 "-" "monit/4.6"
188.28.185.121 - - [08/Jul/2013:05:15:49 +0200] "GET /proxy.pac HTTP/1.1" 404 282 "-" "Mozilla/5.0 (Windows NT 6.1; rv:5.0) Gecko/20100101 Firefox/5.0"
195.56.55.225 - - [08/Jul/2013:05:17:48 +0200] "GET /test.html HTTP/1.1" 200 56 "-" "monit/4.6"
212.7.196.79 - - [08/Jul/2013:05:19:37 +0200] "GET / HTTP/1.1" 200 1155 "-" "Mozilla/5.0 (Windows; U; Windows NT 6.1; WOW64; en-US; rv:2.0.4) Gecko/20120718 AskTbAVR-IDW/3.12.5.17700 Firefox/14.0.1"
195.56.55.225 - - [08/Jul/2013:05:20:15 +0200] "GET /test.html HTTP/1.1" 200 56 "-" "monit/4.6"
188.28.185.121 - - [08/Jul/2013:05:20:55 +0200] "GET /proxy.pac HTTP/1.1" 404 282 "-" "Mozilla/5.0 (Windows NT 6.1; rv:5.0) Gecko/20100101 Firefox/5.0"
188.28.185.121 - - [08/Jul/2013:05:20:56 +0200] "GET /proxy.pac HTTP/1.1" 404 282 "-" "Mozilla/5.0 (Windows NT 6.1; rv:5.0) Gecko/20100101 Firefox/5.0"
195.56.55.225 - - [08/Jul/2013:05:22:17 +0200] "GET /test.html HTTP/1.1" 200 56 "-" "monit/4.6"
195.56.55.225 - - [08/Jul/2013:05:24:19 +0200] "GET /test.html HTTP/1.1" 200 56 "-" "monit/4.6"
208.115.113.87 - - [08/Jul/2013:05:24:43 +0200] "GET / HTTP/1.1" 200 1155 "-" "Mozilla/5.0 (compatible; Ezooms/1.0; ezooms.bot@gmail.com)"
188.28.185.121 - - [08/Jul/2013:05:25:56 +0200] "GET /proxy.pac HTTP/1.1" 404 282 "-" "Mozilla/5.0 (Windows NT 6.1; rv:5.0) Gecko/20100101 Firefox/5.0"
188.28.185.121 - - [08/Jul/2013:05:25:57 +0200] "GET /proxy.pac HTTP/1.1" 404 282 "-" "Mozilla/5.0 (Windows NT 6.1; rv:5.0) Gecko/20100101 Firefox/5.0"
188.28.185.121 - - [08/Jul/2013:05:26:05 +0200] "GET /proxy.pac HTTP/1.1" 404 282 "-" "Mozilla/5.0 (Windows NT 6.1; rv:5.0) Gecko/20100101 Firefox/5.0"
188.28.185.121 - - [08/Jul/2013:05:26:20 +0200] "GET /proxy.pac HTTP/1.1" 404 282 "-" "Mozilla/5.0 (Windows NT 6.1; rv:5.0) Gecko/20100101 Firefox/5.0"
195.56.55.225 - - [08/Jul/2013:05:26:21 +0200] "GET /test.html HTTP/1.1" 200 56 "-" "monit/4.6"
89.248.174.60 - - [08/Jul/2013:05:26:43 +0200] "GET /forum_attac.php3?id_article=983&retour=cikk.php3%3Fid_article%3D983 HTTP/1.1" 404 292 "-" "Mozilla/4.0 (compatible; MSIE 6.0; Windows NT 5.1; SV1)"
188.28.185.121 - - [08/Jul/2013:05:26:43 +0200] "GET /proxy.pac HTTP/1.1" 404 282 "-" "Mozilla/5.0 (Windows NT 6.1; rv:5.0) Gecko/20100101 Firefox/5.0"
188.28.185.121 - - [08/Jul/2013:05:27:27 +0200] "GET /proxy.pac HTTP/1.1" 404 282 "-" "Mozilla/5.0 (Windows NT 6.1; rv:5.0) Gecko/20100101 Firefox/5.0"
195.56.55.225 - - [08/Jul/2013:05:28:23 +0200] "GET /test.html HTTP/1.1" 200 56 "-" "monit/4.6"
188.28.185.121 - - [08/Jul/2013:05:28:50 +0200] "GET /proxy.pac HTTP/1.1" 404 282 "-" "Mozilla/5.0 (Windows NT 6.1; rv:5.0) Gecko/20100101 Firefox/5.0"
195.56.55.225 - - [08/Jul/2013:05:30:29 +0200] "GET /test.html HTTP/1.1" 200 56 "-" "monit/4.6"
65.19.138.34 - - [08/Jul/2013:05:30:47 +0200] "GET /blog/2/feed HTTP/1.1" 404 290 "-" "Feedly/1.0 (+http://www.feedly.com/fetcher.html; like FeedFetcher-Google)"
188.28.185.121 - - [08/Jul/2013:05:31:31 +0200] "GET /proxy.pac HTTP/1.1" 404 282 "-" "Mozilla/5.0 (Windows NT 6.1; rv:5.0) Gecko/20100101 Firefox/5.0"
195.56.55.225 - - [08/Jul/2013:05:32:31 +0200] "GET /test.html HTTP/1.1" 200 56 "-" "monit/4.6"
195.56.55.225 - - [08/Jul/2013:05:34:33 +0200] "GET /test.html HTTP/1.1" 200 56 "-" "monit/4.6"
188.28.185.121 - - [08/Jul/2013:05:36:34 +0200] "GET /proxy.pac HTTP/1.1" 404 282 "-" "Mozilla/5.0 (Windows NT 6.1; rv:5.0) Gecko/20100101 Firefox/5.0"
195.56.55.225 - - [08/Jul/2013:05:36:35 +0200] "GET /test.html HTTP/1.1" 200 56 "-" "monit/4.6"
195.56.55.225 - - [08/Jul/2013:05:38:38 +0200] "GET /test.html HTTP/1.1" 200 56 "-" "monit/4.6"
195.56.55.225 - - [08/Jul/2013:05:40:40 +0200] "GET /test.html HTTP/1.1" 200 56 "-" "monit/4.6"
188.28.185.121 - - [08/Jul/2013:05:41:36 +0200] "GET /proxy.pac HTTP/1.1" 404 282 "-" "Mozilla/5.0 (Windows NT 6.1; rv:5.0) Gecko/20100101 Firefox/5.0"
117.211.123.60 - - [08/Jul/2013:05:42:16 +0200] "POST /forum_attac.php3?id_article=710&retour=cikk HTTP/1.1" 404 292 "http://attac.zpok.hu/forum_attac.php3?id_article=710&retour=cikk" "Mozilla/4.0 (compatible; MSIE 6.0; Windows NT 5.1; SV1)"
195.56.55.225 - - [08/Jul/2013:05:42:42 +0200] "GET /test.html HTTP/1.1" 200 56 "-" "monit/4.6"
195.56.55.225 - - [08/Jul/2013:05:44:44 +0200] "GET /test.html HTTP/1.1" 200 56 "-" "monit/4.6"
188.28.185.121 - - [08/Jul/2013:05:46:37 +0200] "GET /proxy.pac HTTP/1.1" 404 282 "-" "Mozilla/5.0 (Windows NT 6.1; rv:5.0) Gecko/20100101 Firefox/5.0"
195.56.55.225 - - [08/Jul/2013:05:46:46 +0200] "GET /test.html HTTP/1.1" 200 56 "-" "monit/4.6"
95.140.43.58 - - [08/Jul/2013:05:47:23 +0200] "GET /\" + gaJsHost + \"google-analytics.com/ga.js HTTP/1.1" 400 365 "-" "-"
95.140.43.58 - - [08/Jul/2013:05:47:46 +0200] "GET //\" + gaJsHost + \"google-analytics.com/ga.js HTTP/1.1" 400 365 "-" "-"
195.56.55.225 - - [08/Jul/2013:05:48:48 +0200] "GET /test.html HTTP/1.1" 200 56 "-" "monit/4.6"
114.95.160.195 - - [08/Jul/2013:05:49:40 +0200] "-" 408 - "-" "-"
89.248.174.60 - - [08/Jul/2013:05:49:44 +0200] "GET /forum_attac.php3?id_article=983&retour=cikk.php3%3Fid_article%3D983 HTTP/1.1" 404 292 "-" "Mozilla/4.0 (compatible; MSIE 6.0; Windows NT 5.1; SV1)"
195.56.55.225 - - [08/Jul/2013:05:50:50 +0200] "GET /test.html HTTP/1.1" 200 56 "-" "monit/4.6"
188.28.185.121 - - [08/Jul/2013:05:51:38 +0200] "GET /proxy.pac HTTP/1.1" 404 282 "-" "Mozilla/5.0 (Windows NT 6.1; rv:5.0) Gecko/20100101 Firefox/5.0"
195.56.55.225 - - [08/Jul/2013:05:52:52 +0200] "GET /test.html HTTP/1.1" 200 56 "-" "monit/4.6"
94.23.45.14 - - [08/Jul/2013:05:52:52 +0200] "HEAD / HTTP/1.0" 200 0 "-" "-"
157.56.93.52 - - [08/Jul/2013:05:53:34 +0200] "GET /robots.txt HTTP/1.1" 404 294 "-" "Mozilla/5.0 (compatible; bingbot/2.0; +http://www.bing.com/bingbot.htm)"
94.197.215.124 - - [08/Jul/2013:05:53:47 +0200] "GET /proxy.pac HTTP/1.1" 404 282 "-" "Mozilla/5.0 (Windows NT 6.1; rv:5.0) Gecko/20100101 Firefox/5.0"
94.197.215.124 - - [08/Jul/2013:05:53:52 +0200] "GET /proxy.pac HTTP/1.1" 404 282 "-" "Mozilla/5.0 (Windows NT 6.1; rv:5.0) Gecko/20100101 Firefox/5.0"
94.197.215.124 - - [08/Jul/2013:05:54:04 +0200] "GET /proxy.pac HTTP/1.1" 404 282 "-" "Mozilla/5.0 (Windows NT 6.1; rv:5.0) Gecko/20100101 Firefox/5.0"
66.249.75.213 - - [08/Jul/2013:05:54:12 +0200] "GET /robots.txt HTTP/1.1" 404 296 "-" "Mozilla/5.0 (compatible; Googlebot/2.1; +http://www.google.com/bot.html)"
66.249.78.21 - - [08/Jul/2013:05:54:13 +0200] "GET / HTTP/1.1" 200 1155 "-" "Mozilla/5.0 (iPhone; U; CPU iPhone OS 4_1 like Mac OS X; en-us) AppleWebKit/532.9 (KHTML, like Gecko) Version/4.0.5 Mobile/8B117 Safari/6531.22.7 (compatible; Googlebot-Mobile/2.1; +http://www.google.com/bot.html)"
94.197.215.124 - - [08/Jul/2013:05:54:30 +0200] "GET /proxy.pac HTTP/1.1" 404 282 "-" "Mozilla/5.0 (Windows NT 6.1; rv:5.0) Gecko/20100101 Firefox/5.0"
157.56.93.52 - - [08/Jul/2013:05:54:37 +0200] "GET /tevekenysegunk/biojosagok/biotermelok HTTP/1.1" 404 321 "-" "Mozilla/5.0 (compatible; bingbot/2.0; +http://www.bing.com/bingbot.htm)"
195.56.55.225 - - [08/Jul/2013:05:54:54 +0200] "GET /test.html HTTP/1.1" 200 56 "-" "monit/4.6"
94.197.215.124 - - [08/Jul/2013:05:55:12 +0200] "GET /proxy.pac HTTP/1.1" 404 282 "-" "Mozilla/5.0 (Windows NT 6.1; rv:5.0) Gecko/20100101 Firefox/5.0"
94.197.215.124 - - [08/Jul/2013:05:56:32 +0200] "GET /proxy.pac HTTP/1.1" 404 282 "-" "Mozilla/5.0 (Windows NT 6.1; rv:5.0) Gecko/20100101 Firefox/5.0"
195.56.55.225 - - [08/Jul/2013:05:56:56 +0200] "GET /test.html HTTP/1.1" 200 56 "-" "monit/4.6"
195.56.55.225 - - [08/Jul/2013:05:58:58 +0200] "GET /test.html HTTP/1.1" 200 56 "-" "monit/4.6"
94.197.215.124 - - [08/Jul/2013:05:59:22 +0200] "GET /proxy.pac HTTP/1.1" 404 282 "-" "Mozilla/5.0 (Windows NT 6.1; rv:5.0) Gecko/20100101 Firefox/5.0"
161.139.244.121 - - [08/Jul/2013:06:00:10 +0200] "POST /forum_attac.php3?id_article=710&retour=cikk HTTP/1.1" 404 292 "http://attac.zpok.hu/forum_attac.php3?id_article=710&retour=cikk" "Mozilla/4.0 (compatible; MSIE 6.0; Windows NT 5.1; SV1)"
177.70.8.162 - - [08/Jul/2013:06:00:18 +0200] "POST /forum_attac.php3?id_article=710&retour=cikk HTTP/1.1" 404 292 "http://attac.zpok.hu/forum_attac.php3?id_article=710&retour=cikk" "Mozilla/4.0 (compatible; MSIE 6.0; Windows NT 5.1; SV1)"
195.56.55.225 - - [08/Jul/2013:06:01:00 +0200] "GET /test.html HTTP/1.1" 200 56 "-" "monit/4.6"
91.228.178.138 - - [08/Jul/2013:06:02:50 +0200] "POST /forum_attac.php3?id_article=710&retour=cikk HTTP/1.0" 404 280 "http://attac.zpok.hu/forum_attac.php3?id_article=710&retour=cikk" "Mozilla/4.0 (compatible; MSIE 6.0; Windows NT 5.1; SV1)"
54.245.237.153 - - [08/Jul/2013:06:02:54 +0200] "POST /forum_attac.php3?id_article=710&retour=cikk HTTP/1.1" 404 292 "http://attac.zpok.hu/forum_attac.php3?id_article=710&retour=cikk" "Mozilla/4.0 (compatible; MSIE 6.0; Windows NT 5.1; SV1)"
195.56.55.225 - - [08/Jul/2013:06:03:02 +0200] "GET /test.html HTTP/1.1" 200 56 "-" "monit/4.6"
190.128.137.206 - - [08/Jul/2013:06:03:10 +0200] "POST /forum_attac.php3?id_article=710&retour=cikk HTTP/1.1" 404 292 "http://attac.zpok.hu/forum_attac.php3?id_article=710&retour=cikk" "Mozilla/4.0 (compatible; MSIE 6.0; Windows NT 5.1; SV1)"
94.197.215.124 - - [08/Jul/2013:06:04:27 +0200] "GET /proxy.pac HTTP/1.1" 404 282 "-" "Mozilla/5.0 (Windows NT 6.1; rv:5.0) Gecko/20100101 Firefox/5.0"
195.56.55.225 - - [08/Jul/2013:06:05:04 +0200] "GET /test.html HTTP/1.1" 200 56 "-" "monit/4.6"
195.56.55.225 - - [08/Jul/2013:06:07:06 +0200] "GET /test.html HTTP/1.1" 200 56 "-" "monit/4.6"
195.56.55.225 - - [08/Jul/2013:06:09:08 +0200] "GET /test.html HTTP/1.1" 200 56 "-" "monit/4.6"
94.197.215.124 - - [08/Jul/2013:06:09:33 +0200] "GET /proxy.pac HTTP/1.1" 404 282 "-" "Mozilla/5.0 (Windows NT 6.1; rv:5.0) Gecko/20100101 Firefox/5.0"
195.56.55.225 - - [08/Jul/2013:06:11:10 +0200] "GET /test.html HTTP/1.1" 200 56 "-" "monit/4.6"
89.248.174.60 - - [08/Jul/2013:06:12:48 +0200] "GET /forum_attac.php3?id_article=983&retour=cikk.php3%3Fid_article%3D983 HTTP/1.1" 404 292 "-" "Mozilla/4.0 (compatible; MSIE 6.0; Windows NT 5.1; SV1)"
195.56.55.225 - - [08/Jul/2013:06:13:13 +0200] "GET /test.html HTTP/1.1" 200 56 "-" "monit/4.6"
94.197.215.124 - - [08/Jul/2013:06:14:38 +0200] "GET /proxy.pac HTTP/1.1" 404 282 "-" "Mozilla/5.0 (Windows NT 6.1; rv:5.0) Gecko/20100101 Firefox/5.0"
195.56.55.225 - - [08/Jul/2013:06:15:15 +0200] "GET /test.html HTTP/1.1" 200 56 "-" "monit/4.6"
195.56.55.225 - - [08/Jul/2013:06:17:17 +0200] "GET /test.html HTTP/1.1" 200 56 "-" "monit/4.6"
94.197.215.124 - - [08/Jul/2013:06:19:41 +0200] "GET /proxy.pac HTTP/1.1" 404 282 "-" "Mozilla/5.0 (Windows NT 6.1; rv:5.0) Gecko/20100101 Firefox/5.0"
195.56.55.225 - - [08/Jul/2013:06:19:56 +0200] "GET /test.html HTTP/1.1" 200 56 "-" "monit/4.6"
157.56.229.211 - - [08/Jul/2013:06:20:53 +0200] "GET /robots.txt HTTP/1.1" 404 294 "-" "Mozilla/5.0 (compatible; bingbot/2.0; +http://www.bing.com/bingbot.htm)"
157.56.229.211 - - [08/Jul/2013:06:21:46 +0200] "GET / HTTP/1.1" 304 - "-" "Mozilla/5.0 (compatible; bingbot/2.0; +http://www.bing.com/bingbot.htm)"
195.56.55.225 - - [08/Jul/2013:06:22:12 +0200] "GET /test.html HTTP/1.1" 200 56 "-" "monit/4.6"
94.197.215.124 - - [08/Jul/2013:06:24:46 +0200] "GET /proxy.pac HTTP/1.1" 404 282 "-" "Mozilla/5.0 (Windows NT 6.1; rv:5.0) Gecko/20100101 Firefox/5.0"
195.56.55.225 - - [08/Jul/2013:06:24:57 +0200] "GET /test.html HTTP/1.1" 200 56 "-" "monit/4.6"
195.56.55.225 - - [08/Jul/2013:06:26:59 +0200] "GET /test.html HTTP/1.1" 200 56 "-" "monit/4.6"
195.56.55.225 - - [08/Jul/2013:06:29:02 +0200] "GET /test.html HTTP/1.1" 200 56 "-" "monit/4.6"
94.197.215.124 - - [08/Jul/2013:06:30:00 +0200] "GET /proxy.pac HTTP/1.1" 404 282 "-" "Mozilla/5.0 (Windows NT 6.1; rv:5.0) Gecko/20100101 Firefox/5.0"
195.56.55.225 - - [08/Jul/2013:06:31:04 +0200] "GET /test.html HTTP/1.1" 200 56 "-" "monit/4.6"
195.56.55.225 - - [08/Jul/2013:06:33:07 +0200] "GET /test.html HTTP/1.1" 200 56 "-" "monit/4.6"
173.236.21.106 - - [08/Jul/2013:06:34:02 +0200] "-" 408 - "-" "-"
94.197.215.124 - - [08/Jul/2013:06:35:05 +0200] "GET /proxy.pac HTTP/1.1" 404 282 "-" "Mozilla/5.0 (Windows NT 6.1; rv:5.0) Gecko/20100101 Firefox/5.0"
195.56.55.225 - - [08/Jul/2013:06:35:09 +0200] "GET /test.html HTTP/1.1" 200 56 "-" "monit/4.6"
89.248.174.60 - - [08/Jul/2013:06:35:51 +0200] "GET /forum_attac.php3?id_article=983&retour=cikk.php3%3Fid_article%3D983 HTTP/1.1" 404 292 "-" "Mozilla/4.0 (compatible; MSIE 6.0; Windows NT 5.1; SV1)"
195.56.55.225 - - [08/Jul/2013:06:37:11 +0200] "GET /test.html HTTP/1.1" 200 56 "-" "monit/4.6"
195.56.55.225 - - [08/Jul/2013:06:39:13 +0200] "GET /test.html HTTP/1.1" 200 56 "-" "monit/4.6"
94.197.215.124 - - [08/Jul/2013:06:40:07 +0200] "GET /proxy.pac HTTP/1.1" 404 282 "-" "Mozilla/5.0 (Windows NT 6.1; rv:5.0) Gecko/20100101 Firefox/5.0"
195.56.55.225 - - [08/Jul/2013:06:41:15 +0200] "GET /test.html HTTP/1.1" 200 56 "-" "monit/4.6"
195.56.55.225 - - [08/Jul/2013:06:43:17 +0200] "GET /test.html HTTP/1.1" 200 56 "-" "monit/4.6"
94.197.215.124 - - [08/Jul/2013:06:45:10 +0200] "GET /proxy.pac HTTP/1.1" 404 282 "-" "Mozilla/5.0 (Windows NT 6.1; rv:5.0) Gecko/20100101 Firefox/5.0"
195.56.55.225 - - [08/Jul/2013:06:45:19 +0200] "GET /test.html HTTP/1.1" 200 56 "-" "monit/4.6"
199.187.122.91 - - [08/Jul/2013:06:45:26 +0200] "GET /robots.txt HTTP/1.1" 404 288 "-" "Mozilla/4.0 (compatible; MSIE 6.0; Windows NT 5.1; SV1; .NET CLR 2.0.50727)"
178.255.215.76 - - [08/Jul/2013:06:45:57 +0200] "GET /robots.txt HTTP/1.1" 404 287 "-" "Mozilla/5.0 (compatible; Exabot/3.0; +http://www.exabot.com/go/robot)"
178.255.215.76 - - [08/Jul/2013:06:45:57 +0200] "GET / HTTP/1.1" 304 - "-" "Mozilla/5.0 (compatible; Exabot/3.0; +http://www.exabot.com/go/robot)"
195.56.55.225 - - [08/Jul/2013:06:47:22 +0200] "GET /test.html HTTP/1.1" 200 56 "-" "monit/4.6"
195.56.55.225 - - [08/Jul/2013:06:49:24 +0200] "GET /test.html HTTP/1.1" 200 56 "-" "monit/4.6"
199.187.122.91 - - [08/Jul/2013:06:49:43 +0200] "GET /people/kate-coyer HTTP/1.1" 404 295 "-" "Mozilla/4.0 (compatible; MSIE 6.0; Windows NT 5.1; SV1; .NET CLR 2.0.50727)"
199.187.122.91 - - [08/Jul/2013:06:49:45 +0200] "GET / HTTP/1.1" 200 1155 "-" "Mozilla/4.0 (compatible; MSIE 6.0; Windows NT 5.1; SV1; .NET CLR 2.0.50727)"
199.187.122.91 - - [08/Jul/2013:06:49:47 +0200] "GET /contact HTTP/1.1" 404 285 "-" "Mozilla/4.0 (compatible; MSIE 6.0; Windows NT 5.1; SV1; .NET CLR 2.0.50727)"
94.197.215.124 - - [08/Jul/2013:06:50:17 +0200] "GET /proxy.pac HTTP/1.1" 404 282 "-" "Mozilla/5.0 (Windows NT 6.1; rv:5.0) Gecko/20100101 Firefox/5.0"
195.56.55.225 - - [08/Jul/2013:06:51:26 +0200] "GET /test.html HTTP/1.1" 200 56 "-" "monit/4.6"
202.46.57.61 - - [08/Jul/2013:06:52:58 +0200] "GET / HTTP/1.1" 200 1155 "-" "Mozilla/4.0 (compatible; MSIE 7.0; Windows NT 6.0)"
195.56.55.225 - - [08/Jul/2013:06:53:28 +0200] "GET /test.html HTTP/1.1" 200 56 "-" "monit/4.6"
119.63.193.130 - - [08/Jul/2013:06:53:31 +0200] "GET / HTTP/1.1" 200 1155 "-" "Mozilla/4.0 (compatible; MSIE 7.0; Windows NT 6.0)"
94.197.215.124 - - [08/Jul/2013:06:55:18 +0200] "GET /proxy.pac HTTP/1.1" 404 282 "-" "Mozilla/5.0 (Windows NT 6.1; rv:5.0) Gecko/20100101 Firefox/5.0"
195.56.55.225 - - [08/Jul/2013:06:55:31 +0200] "GET /test.html HTTP/1.1" 200 56 "-" "monit/4.6"
195.56.55.225 - - [08/Jul/2013:06:57:33 +0200] "GET /test.html HTTP/1.1" 200 56 "-" "monit/4.6"
89.248.174.60 - - [08/Jul/2013:06:58:47 +0200] "GET /forum_attac.php3?id_article=983&retour=cikk.php3%3Fid_article%3D983 HTTP/1.1" 404 292 "-" "Mozilla/4.0 (compatible; MSIE 6.0; Windows NT 5.1; SV1)"
195.56.55.225 - - [08/Jul/2013:06:59:35 +0200] "GET /test.html HTTP/1.1" 200 56 "-" "monit/4.6"
94.197.215.124 - - [08/Jul/2013:07:00:19 +0200] "GET /proxy.pac HTTP/1.1" 404 282 "-" "Mozilla/5.0 (Windows NT 6.1; rv:5.0) Gecko/20100101 Firefox/5.0"
195.56.55.225 - - [08/Jul/2013:07:01:37 +0200] "GET /test.html HTTP/1.1" 200 56 "-" "monit/4.6"
176.9.62.242 - - [08/Jul/2013:07:02:31 +0200] "POST" 405 - "-" "-"
195.56.55.225 - - [08/Jul/2013:07:03:40 +0200] "GET /test.html HTTP/1.1" 200 56 "-" "monit/4.6"
69.197.128.114 - - [08/Jul/2013:07:04:12 +0200] "GET /robots.txt HTTP/1.0" 404 299 "-" "Mozilla/5.0 (compatible; MJ12bot/v1.4.3; http://www.majestic12.co.uk/bot.php?+)"
69.197.128.114 - - [08/Jul/2013:07:04:14 +0200] "GET /lakossagi/szigeteles-fillerekbol/C%C3%A9g%C3%BCnk HTTP/1.0" 404 330 "-" "Mozilla/5.0 (compatible; MJ12bot/v1.4.3; http://www.majestic12.co.uk/bot.php?+)"
69.197.128.114 - - [08/Jul/2013:07:04:18 +0200] "GET /lakossagi/szigeteles-fillerekbol/Elad%C3%B3 HTTP/1.0" 404 328 "-" "Mozilla/5.0 (compatible; MJ12bot/v1.4.3; http://www.majestic12.co.uk/bot.php?+)"
69.197.128.114 - - [08/Jul/2013:07:04:19 +0200] "GET /lakossagi/szigeteles-fillerekbol/F%C3%B5 HTTP/1.0" 404 325 "-" "Mozilla/5.0 (compatible; MJ12bot/v1.4.3; http://www.majestic12.co.uk/bot.php?+)"
69.197.128.114 - - [08/Jul/2013:07:04:21 +0200] "GET /lakossagi/szigeteles-fillerekbol/H%C3%B5 HTTP/1.0" 404 325 "-" "Mozilla/5.0 (compatible; MJ12bot/v1.4.3; http://www.majestic12.co.uk/bot.php?+)"
69.197.128.114 - - [08/Jul/2013:07:04:23 +0200] "GET /lakossagi/szigeteles-fillerekbol/H%C3%B5szigetel%C3%A9s HTTP/1.0" 404 336 "-" "Mozilla/5.0 (compatible; MJ12bot/v1.4.3; http://www.majestic12.co.uk/bot.php?+)"
69.197.128.114 - - [08/Jul/2013:07:04:25 +0200] "GET /lakossagi/szigeteles-fillerekbol/H%C5%91 HTTP/1.0" 404 325 "-" "Mozilla/5.0 (compatible; MJ12bot/v1.4.3; http://www.majestic12.co.uk/bot.php?+)"
69.197.128.114 - - [08/Jul/2013:07:04:27 +0200] "GET /lakossagi/szigeteles-fillerekbol/H%C5%91szigetel%C3%A9s HTTP/1.0" 404 336 "-" "Mozilla/5.0 (compatible; MJ12bot/v1.4.3; http://www.majestic12.co.uk/bot.php?+)"
69.197.128.114 - - [08/Jul/2013:07:04:30 +0200] "GET /lakossagi/szigeteles-fillerekbol/Lapostet%C3%B5 HTTP/1.0" 404 332 "-" "Mozilla/5.0 (compatible; MJ12bot/v1.4.3; http://www.majestic12.co.uk/bot.php?+)"
69.197.128.114 - - [08/Jul/2013:07:04:32 +0200] "GET /lakossagi/szigeteles-fillerekbol/Lapostet%C5%91 HTTP/1.0" 404 332 "-" "Mozilla/5.0 (compatible; MJ12bot/v1.4.3; http://www.majestic12.co.uk/bot.php?+)"
94.197.215.124 - - [08/Jul/2013:07:05:20 +0200] "GET /proxy.pac HTTP/1.1" 404 282 "-" "Mozilla/5.0 (Windows NT 6.1; rv:5.0) Gecko/20100101 Firefox/5.0"
195.56.55.225 - - [08/Jul/2013:07:05:42 +0200] "GET /test.html HTTP/1.1" 200 56 "-" "monit/4.6"
195.56.55.225 - - [08/Jul/2013:07:07:44 +0200] "GET /test.html HTTP/1.1" 200 56 "-" "monit/4.6"
64.235.152.13 - - [08/Jul/2013:07:09:14 +0200] "POST /forum_attac.php3?id_article=710&retour=cikk HTTP/1.1" 404 292 "http://attac.zpok.hu/forum_attac.php3?id_article=710&retour=cikk" "Mozilla/4.0 (compatible; MSIE 6.0; Windows NT 5.1; SV1)"
64.213.148.131 - - [08/Jul/2013:07:09:15 +0200] "POST /forum_attac.php3?id_article=710&retour=cikk HTTP/1.1" 404 292 "http://attac.zpok.hu/forum_attac.php3?id_article=710&retour=cikk" "Mozilla/4.0 (compatible; MSIE 6.0; Windows NT 5.1; SV1)"
91.121.34.130 - - [08/Jul/2013:07:09:17 +0200] "POST /forum_attac.php3?id_article=710&retour=cikk HTTP/1.1" 404 292 "-" "-"
195.56.55.225 - - [08/Jul/2013:07:09:46 +0200] "GET /test.html HTTP/1.1" 200 56 "-" "monit/4.6"
94.197.215.124 - - [08/Jul/2013:07:10:22 +0200] "GET /proxy.pac HTTP/1.1" 404 282 "-" "Mozilla/5.0 (Windows NT 6.1; rv:5.0) Gecko/20100101 Firefox/5.0"
157.56.93.52 - - [08/Jul/2013:07:10:23 +0200] "GET /robots.txt HTTP/1.1" 404 290 "-" "Mozilla/5.0 (compatible; bingbot/2.0; +http://www.bing.com/bingbot.htm)"
199.203.78.152 - - [08/Jul/2013:07:11:26 +0200] "GET /cikk.php3?id_article=662 HTTP/1.1" 404 285 "-" "Mozilla/5.0 (X11; U; Linux i686; de; rv:1.8) Gecko/20051128 SUSE/1.5-0.1 Firefox/1.5"
199.203.78.152 - - [08/Jul/2013:07:11:27 +0200] "GET /cikk.php3?id_article=662 HTTP/1.1" 404 285 "-" "Mozilla/5.0 (X11; U; Linux i686; de; rv:1.8) Gecko/20051128 SUSE/1.5-0.1 Firefox/1.5"
195.56.55.225 - - [08/Jul/2013:07:11:49 +0200] "GET /test.html HTTP/1.1" 200 56 "-" "monit/4.6"
157.56.93.52 - - [08/Jul/2013:07:12:19 +0200] "GET /sites/csalan.mindworks.hu/files/Kulcskerdes2006%2002-2.pdf HTTP/1.1" 404 336 "-" "Mozilla/5.0 (compatible; bingbot/2.0; +http://www.bing.com/bingbot.htm)"
157.56.92.173 - - [08/Jul/2013:07:12:25 +0200] "GET /robots.txt HTTP/1.1" 404 286 "-" "Mozilla/5.0 (compatible; bingbot/2.0; +http://www.bing.com/bingbot.htm)"
157.56.92.173 - - [08/Jul/2013:07:13:16 +0200] "GET / HTTP/1.1" 200 1155 "-" "Mozilla/5.0 (compatible; bingbot/2.0; +http://www.bing.com/bingbot.htm)"
195.56.55.225 - - [08/Jul/2013:07:13:51 +0200] "GET /test.html HTTP/1.1" 200 56 "-" "monit/4.6"
65.55.24.221 - - [08/Jul/2013:07:14:11 +0200] "GET /robots.txt HTTP/1.1" 404 288 "-" "Mozilla/5.0 (compatible; bingbot/2.0; +http://www.bing.com/bingbot.htm)"
69.162.95.250 - - [08/Jul/2013:07:14:52 +0200] "GET http://121.199.48.71/engine.php HTTP/1.0" 404 274 "http://121.199.48.71/engine.php" "Mozilla/4.0 (compatible; MSIE 6.0; Windows 98; Win 9x 4.90)"
94.197.215.124 - - [08/Jul/2013:07:15:25 +0200] "GET /proxy.pac HTTP/1.1" 404 282 "-" "Mozilla/5.0 (Windows NT 6.1; rv:5.0) Gecko/20100101 Firefox/5.0"
195.56.55.225 - - [08/Jul/2013:07:15:53 +0200] "GET /test.html HTTP/1.1" 200 56 "-" "monit/4.6"
195.56.55.225 - - [08/Jul/2013:07:17:55 +0200] "GET /test.html HTTP/1.1" 200 56 "-" "monit/4.6"
65.55.24.221 - - [08/Jul/2013:07:17:58 +0200] "GET / HTTP/1.1" 200 1155 "-" "Mozilla/5.0 (compatible; bingbot/2.0; +http://www.bing.com/bingbot.htm)"
195.56.55.225 - - [08/Jul/2013:07:19:57 +0200] "GET /test.html HTTP/1.1" 200 56 "-" "monit/4.6"
94.197.215.124 - - [08/Jul/2013:07:20:33 +0200] "GET /proxy.pac HTTP/1.1" 404 282 "-" "Mozilla/5.0 (Windows NT 6.1; rv:5.0) Gecko/20100101 Firefox/5.0"
89.248.174.60 - - [08/Jul/2013:07:21:48 +0200] "GET /forum_attac.php3?id_article=983&retour=cikk.php3%3Fid_article%3D983 HTTP/1.1" 404 292 "-" "Mozilla/4.0 (compatible; MSIE 6.0; Windows NT 5.1; SV1)"
195.56.55.225 - - [08/Jul/2013:07:21:59 +0200] "GET /test.html HTTP/1.1" 200 56 "-" "monit/4.6"
72.14.199.132 - - [08/Jul/2013:07:22:01 +0200] "GET / HTTP/1.1" 200 1155 "-" "Feedfetcher-Google; (+http://www.google.com/feedfetcher.html; 1 subscribers; feed-id=849169264004692768)"
195.56.55.225 - - [08/Jul/2013:07:24:02 +0200] "GET /test.html HTTP/1.1" 200 56 "-" "monit/4.6"
94.197.215.124 - - [08/Jul/2013:07:25:46 +0200] "GET /proxy.pac HTTP/1.1" 404 282 "-" "Mozilla/5.0 (Windows NT 6.1; rv:5.0) Gecko/20100101 Firefox/5.0"
94.197.215.124 - - [08/Jul/2013:07:26:02 +0200] "GET /proxy.pac HTTP/1.1" 404 282 "-" "-"
195.56.55.225 - - [08/Jul/2013:07:26:04 +0200] "GET /test.html HTTP/1.1" 200 56 "-" "monit/4.6"
94.197.215.124 - - [08/Jul/2013:07:26:07 +0200] "GET /proxy.pac HTTP/1.1" 404 282 "-" "-"
195.56.55.225 - - [08/Jul/2013:07:28:06 +0200] "GET /test.html HTTP/1.1" 200 56 "-" "monit/4.6"
195.56.55.225 - - [08/Jul/2013:07:30:08 +0200] "GET /test.html HTTP/1.1" 200 56 "-" "monit/4.6"
94.197.215.124 - - [08/Jul/2013:07:30:50 +0200] "GET /proxy.pac HTTP/1.1" 404 282 "-" "Mozilla/5.0 (Windows NT 6.1; rv:5.0) Gecko/20100101 Firefox/5.0"
195.56.55.225 - - [08/Jul/2013:07:32:10 +0200] "GET /test.html HTTP/1.1" 200 56 "-" "monit/4.6"
195.56.55.225 - - [08/Jul/2013:07:34:12 +0200] "GET /test.html HTTP/1.1" 200 56 "-" "monit/4.6"
94.197.215.124 - - [08/Jul/2013:07:35:53 +0200] "GET /proxy.pac HTTP/1.1" 404 282 "-" "Mozilla/5.0 (Windows NT 6.1; rv:5.0) Gecko/20100101 Firefox/5.0"
195.56.55.225 - - [08/Jul/2013:07:36:14 +0200] "GET /test.html HTTP/1.1" 200 56 "-" "monit/4.6"
195.56.55.225 - - [08/Jul/2013:07:38:50 +0200] "GET /test.html HTTP/1.1" 200 56 "-" "monit/4.6"
195.56.55.225 - - [08/Jul/2013:07:41:02 +0200] "GET /test.html HTTP/1.1" 200 56 "-" "monit/4.6"
195.56.55.225 - - [08/Jul/2013:07:43:07 +0200] "GET /test.html HTTP/1.1" 200 56 "-" "monit/4.6"
89.248.174.60 - - [08/Jul/2013:07:44:48 +0200] "GET /forum_attac.php3?id_article=983&retour=cikk.php3%3Fid_article%3D983 HTTP/1.1" 404 292 "-" "Mozilla/4.0 (compatible; MSIE 6.0; Windows NT 5.1; SV1)"
145.236.5.233 - - [08/Jul/2013:07:45:08 +0200] "-" 408 - "-" "-"
195.56.55.225 - - [08/Jul/2013:07:45:09 +0200] "GET /test.html HTTP/1.1" 200 56 "-" "monit/4.6"
65.55.52.108 - - [08/Jul/2013:07:46:24 +0200] "GET /robots.txt HTTP/1.1" 404 291 "-" "Mozilla/5.0 (compatible; bingbot/2.0; +http://www.bing.com/bingbot.htm)"
195.56.55.225 - - [08/Jul/2013:07:47:12 +0200] "GET /test.html HTTP/1.1" 200 56 "-" "monit/4.6"
195.56.55.225 - - [08/Jul/2013:07:49:15 +0200] "GET /test.html HTTP/1.1" 200 56 "-" "monit/4.6"
65.55.52.108 - - [08/Jul/2013:07:49:51 +0200] "GET / HTTP/1.1" 200 1155 "-" "Mozilla/5.0 (compatible; bingbot/2.0; +http://www.bing.com/bingbot.htm)"
195.56.55.225 - - [08/Jul/2013:07:51:18 +0200] "GET /test.html HTTP/1.1" 200 56 "-" "monit/4.6"
195.56.55.225 - - [08/Jul/2013:07:53:20 +0200] "GET /test.html HTTP/1.1" 200 56 "-" "monit/4.6"
195.56.55.225 - - [08/Jul/2013:07:55:57 +0200] "GET /test.html HTTP/1.1" 200 56 "-" "monit/4.6"
195.56.55.225 - - [08/Jul/2013:07:57:59 +0200] "GET /test.html HTTP/1.1" 200 56 "-" "monit/4.6"
65.55.52.114 - - [08/Jul/2013:07:59:17 +0200] "GET /tevekenysegunk/kothalo/gyik/veszelyes HTTP/1.1" 404 317 "-" "Mozilla/5.0 (compatible; bingbot/2.0; +http://www.bing.com/bingbot.htm)"
195.56.55.225 - - [08/Jul/2013:08:00:01 +0200] "GET /test.html HTTP/1.1" 200 56 "-" "monit/4.6"
46.229.164.97 - - [08/Jul/2013:08:00:36 +0200] "GET /robots.txt HTTP/1.1" 404 299 "-" "Mozilla/5.0 (compatible; SemrushBot/0.96.3; +http://www.semrush.com/bot.html)"
195.56.55.225 - - [08/Jul/2013:08:02:05 +0200] "GET /test.html HTTP/1.1" 200 56 "-" "monit/4.6"
212.7.196.79 - - [08/Jul/2013:08:03:13 +0200] "GET / HTTP/1.1" 200 1155 "-" "Mozilla/5.0 (Windows; U; Windows NT 6.1; WOW64; en-US; rv:2.0.4) Gecko/20120718 AskTbAVR-IDW/3.12.5.17700 Firefox/14.0.1"
123.156.212.61 - - [08/Jul/2013:08:03:26 +0200] "GET /brandnewsite/index.shtml?conds[0][category........]=Egyes?leti h?rek&iview=58&slice_id=777ad89538966d33b9d5fb7d0e49b91c&NmbFullBoxes=1 HTTP/1.1" 400 365 "-" "-"
142.4.112.231 - - [08/Jul/2013:08:03:35 +0200] "GET /cikk.php3?id_article=1031 HTTP/1.0" 404 273 "http://attac.zpok.hu/cikk.php3?id_article=1031" "Mozilla/4.0 (compatible; MSIE 8.0; Windows NT 5.1; Trident/4.0; .NET CLR 2.0.50727; .NET CLR 3.0.4506.2152; .NET CLR 3.5.30729)"
142.4.112.231 - - [08/Jul/2013:08:03:35 +0200] "GET / HTTP/1.0" 200 1155 "http://attac.zpok.hu/" "Mozilla/4.0 (compatible; MSIE 8.0; Windows NT 5.1; Trident/4.0; .NET CLR 2.0.50727; .NET CLR 3.0.4506.2152; .NET CLR 3.5.30729)"
123.156.212.61 - - [08/Jul/2013:08:03:51 +0200] "GET /brandnewsite/index.shtml?conds[0][category........]=(fb OR elnokseg OR te)&iview=50&slice_id=35d4beaf32a03c618d6739d2ab3739ee&NmbFullBoxes=1000&sort[0][integer.........]=a HTTP/1.1" 400 365 "-" "-"
195.56.55.225 - - [08/Jul/2013:08:04:07 +0200] "GET /test.html HTTP/1.1" 200 56 "-" "monit/4.6"
123.156.212.61 - - [08/Jul/2013:08:04:17 +0200] "GET /brandnewsite/index.shtml?conds[0][category........]=EMLA 15&iview=92&slice_id=777ad89538966d33b9d5fb7d0e49b91c&NmbFullBoxes=1 HTTP/1.1" 400 365 "-" "-"
195.56.55.225 - - [08/Jul/2013:08:06:09 +0200] "GET /test.html HTTP/1.1" 200 56 "-" "monit/4.6"
66.249.78.82 - - [08/Jul/2013:08:07:11 +0200] "GET /robots.txt HTTP/1.1" 404 294 "-" "Mozilla/5.0 (compatible; Googlebot/2.1; +http://www.google.com/bot.html)"
66.249.78.82 - - [08/Jul/2013:08:07:11 +0200] "GET / HTTP/1.1" 200 1155 "-" "Mozilla/5.0 (compatible; Googlebot/2.1; +http://www.google.com/bot.html)"
89.248.174.60 - - [08/Jul/2013:08:07:53 +0200] "GET /forum_attac.php3?id_article=983&retour=cikk.php3%3Fid_article%3D983 HTTP/1.1" 404 292 "-" "Mozilla/4.0 (compatible; MSIE 6.0; Windows NT 5.1; SV1)"
66.249.78.116 - - [08/Jul/2013:08:07:55 +0200] "GET /robots.txt HTTP/1.1" 404 293 "-" "Mozilla/5.0 (compatible; Googlebot/2.1; +http://www.google.com/bot.html)"
66.249.78.116 - - [08/Jul/2013:08:07:56 +0200] "GET / HTTP/1.1" 200 1155 "-" "Mozilla/5.0 (compatible; Googlebot/2.1; +http://www.google.com/bot.html)"
195.56.55.225 - - [08/Jul/2013:08:08:11 +0200] "GET /test.html HTTP/1.1" 200 56 "-" "monit/4.6"
157.55.32.113 - - [08/Jul/2013:08:08:35 +0200] "GET /robots.txt HTTP/1.1" 404 299 "-" "Mozilla/5.0 (compatible; bingbot/2.0; +http://www.bing.com/bingbot.htm)"
195.56.55.225 - - [08/Jul/2013:08:10:18 +0200] "GET /test.html HTTP/1.1" 200 56 "-" "monit/4.6"
195.56.55.225 - - [08/Jul/2013:08:12:24 +0200] "GET /test.html HTTP/1.1" 200 56 "-" "monit/4.6"
157.55.32.113 - - [08/Jul/2013:08:13:56 +0200] "GET /node/457 HTTP/1.1" 404 297 "-" "Mozilla/5.0 (compatible; bingbot/2.0; +http://www.bing.com/bingbot.htm)"
195.56.55.225 - - [08/Jul/2013:08:14:26 +0200] "GET /test.html HTTP/1.1" 200 56 "-" "monit/4.6"
184.72.167.165 - - [08/Jul/2013:08:14:50 +0200] "POST /forum_attac.php3?id_article=710&retour=cikk HTTP/1.1" 404 292 "http://attac.zpok.hu/forum_attac.php3?id_article=710&retour=cikk" "Mozilla/4.0 (compatible; MSIE 6.0; Windows NT 5.1; SV1)"
64.235.152.13 - - [08/Jul/2013:08:14:51 +0200] "POST /forum_attac.php3?id_article=710&retour=cikk HTTP/1.1" 404 292 "http://attac.zpok.hu/forum_attac.php3?id_article=710&retour=cikk" "Mozilla/4.0 (compatible; MSIE 6.0; Windows NT 5.1; SV1)"
195.56.55.225 - - [08/Jul/2013:08:16:28 +0200] "GET /test.html HTTP/1.1" 200 56 "-" "monit/4.6"
195.56.55.225 - - [08/Jul/2013:08:18:30 +0200] "GET /test.html HTTP/1.1" 200 56 "-" "monit/4.6"
157.56.229.211 - - [08/Jul/2013:08:19:46 +0200] "GET /taxonomy/term/97 HTTP/1.1" 404 305 "-" "Mozilla/5.0 (compatible; bingbot/2.0; +http://www.bing.com/bingbot.htm)"
91.232.96.36 - - [08/Jul/2013:08:19:56 +0200] "GET /forum_attac.php3?id_article=983&retour=cikk.php3%3Fid_article%3D983 HTTP/1.1" 404 292 "-" "Mozilla/4.0 (compatible; MSIE 6.0; Windows NT 5.1; SV1)"
195.56.55.225 - - [08/Jul/2013:08:20:32 +0200] "GET /test.html HTTP/1.1" 200 56 "-" "monit/4.6"
195.56.55.225 - - [08/Jul/2013:08:22:34 +0200] "GET /test.html HTTP/1.1" 200 56 "-" "monit/4.6"
113.119.133.190 - - [08/Jul/2013:08:24:23 +0200] "GET /brandnewsite/index.shtml?conds[0][category........]=Egyes?leti h?rek&iview=58&slice_id=777ad89538966d33b9d5fb7d0e49b91c&NmbFullBoxes=1 HTTP/1.1" 400 365 "-" "-"
195.56.55.225 - - [08/Jul/2013:08:24:36 +0200] "GET /test.html HTTP/1.1" 200 56 "-" "monit/4.6"
113.119.133.190 - - [08/Jul/2013:08:24:52 +0200] "GET /brandnewsite/index.shtml?conds[0][category........]=(fb OR elnokseg OR te)&iview=50&slice_id=35d4beaf32a03c618d6739d2ab3739ee&NmbFullBoxes=1000&sort[0][integer.........]=a HTTP/1.1" 400 365 "-" "-"
195.56.55.225 - - [08/Jul/2013:08:26:39 +0200] "GET /test.html HTTP/1.1" 200 56 "-" "monit/4.6"
195.56.55.225 - - [08/Jul/2013:08:28:42 +0200] "GET /test.html HTTP/1.1" 200 56 "-" "monit/4.6"
195.56.55.225 - - [08/Jul/2013:08:30:44 +0200] "GET /test.html HTTP/1.1" 200 56 "-" "monit/4.6"
89.248.174.60 - - [08/Jul/2013:08:30:44 +0200] "GET /forum_attac.php3?id_article=983&retour=cikk.php3%3Fid_article%3D983 HTTP/1.1" 404 292 "-" "Mozilla/4.0 (compatible; MSIE 6.0; Windows NT 5.1; SV1)"
195.56.55.225 - - [08/Jul/2013:08:32:46 +0200] "GET /test.html HTTP/1.1" 200 56 "-" "monit/4.6"
178.210.254.43 - - [08/Jul/2013:08:33:42 +0200] "-" 408 - "-" "-"
195.56.55.225 - - [08/Jul/2013:08:34:48 +0200] "GET /test.html HTTP/1.1" 200 56 "-" "monit/4.6"
66.87.117.181 - - [08/Jul/2013:08:34:58 +0200] "-" 408 - "-" "-"
195.56.55.225 - - [08/Jul/2013:08:36:50 +0200] "GET /test.html HTTP/1.1" 200 56 "-" "monit/4.6"
117.26.116.216 - - [08/Jul/2013:08:38:42 +0200] "GET /IMG/European_SW_Report_2010-eng.pdf HTTP/1.0" 404 299 "http://attac.zpok.hu/IMG/European_SW_Report_2010-eng.pdf" "Opera/9.80 (Windows NT 6.1; U; Edition Next; ru) Presto/2.11.310 Version/12.50"
117.26.116.216 - - [08/Jul/2013:08:38:50 +0200] "GET / HTTP/1.0" 200 1155 "http://attac.zpok.hu/" "Opera/9.80 (Windows NT 6.1; U; Edition Next; ru) Presto/2.11.310 Version/12.50"
195.56.55.225 - - [08/Jul/2013:08:38:52 +0200] "GET /test.html HTTP/1.1" 200 56 "-" "monit/4.6"
157.56.92.173 - - [08/Jul/2013:08:39:29 +0200] "GET /robots.txt HTTP/1.1" 404 285 "-" "Mozilla/5.0 (compatible; bingbot/2.0; +http://www.bing.com/bingbot.htm)"
157.56.92.173 - - [08/Jul/2013:08:40:14 +0200] "GET / HTTP/1.1" 200 1155 "-" "Mozilla/5.0 (compatible; bingbot/2.0; +http://www.bing.com/bingbot.htm)"
195.56.55.225 - - [08/Jul/2013:08:40:54 +0200] "GET /test.html HTTP/1.1" 200 56 "-" "monit/4.6"
66.249.78.83 - - [08/Jul/2013:08:41:43 +0200] "GET /robots.txt HTTP/1.1" 404 293 "-" "Mozilla/5.0 (compatible; Googlebot/2.1; +http://www.google.com/bot.html)"
66.249.78.83 - - [08/Jul/2013:08:41:43 +0200] "GET / HTTP/1.1" 200 1155 "-" "Mozilla/5.0 (compatible; Googlebot/2.1; +http://www.google.com/bot.html)"
86.101.150.123 - - [08/Jul/2013:08:41:46 +0200] "GET / HTTP/1.1" 200 1155 "-" "Mozilla/5.0 (Windows NT 6.1) AppleWebKit/537.36 (KHTML, like Gecko) Chrome/27.0.1453.116 Safari/537.36"
86.101.150.123 - - [08/Jul/2013:08:41:46 +0200] "GET /favicon.ico HTTP/1.1" 404 284 "-" "Mozilla/5.0 (Windows NT 6.1) AppleWebKit/537.36 (KHTML, like Gecko) Chrome/27.0.1453.116 Safari/537.36"
195.56.55.225 - - [08/Jul/2013:08:42:56 +0200] "GET /test.html HTTP/1.1" 200 56 "-" "monit/4.6"
