111.95.243.36 - - [04/Jul/2013:04:40:25 +0200] "POST /forum_attac.php3?id_article=710&retour=cikk HTTP/1.1" 404 292 "http://attac.zpok.hu/forum_attac.php3?id_article=710&retour=cikk" "Mozilla/4.0 (compatible; MSIE 6.0; Windows NT 5.1; SV1)"
91.232.96.36 - - [04/Jul/2013:04:41:10 +0200] "GET /forum_attac.php3?id_article=983&retour=cikk.php3%3Fid_article%3D983 HTTP/1.1" 404 292 "-" "Mozilla/4.0 (compatible; MSIE 6.0; Windows NT 5.1; SV1)"
46.229.164.101 - - [04/Jul/2013:04:41:27 +0200] "GET /blog/2009/lmp-klub-a-budapesti-trapezban/feed HTTP/1.1" 404 342 "-" "Mozilla/5.0 (compatible; SemrushBot/0.96.3; +http://www.semrush.com/bot.html), Mozilla/5.0 (compatible; SemrushBot/0.96.3; +http://www.semrush.com/bot.html)"
195.56.55.225 - - [04/Jul/2013:04:42:20 +0200] "GET /test.html HTTP/1.1" 200 56 "-" "monit/4.6"
195.56.55.225 - - [04/Jul/2013:04:44:22 +0200] "GET /test.html HTTP/1.1" 200 56 "-" "monit/4.6"
66.249.78.169 - - [04/Jul/2013:04:44:24 +0200] "GET /napocska.php HTTP/1.1" 404 295 "-" "Mozilla/5.0 (compatible; Googlebot/2.1; +http://www.google.com/bot.html)"
195.56.55.225 - - [04/Jul/2013:04:46:24 +0200] "GET /test.html HTTP/1.1" 200 56 "-" "monit/4.6"
195.56.55.225 - - [04/Jul/2013:04:48:27 +0200] "GET /test.html HTTP/1.1" 200 56 "-" "monit/4.6"
195.56.55.225 - - [04/Jul/2013:04:50:29 +0200] "GET /test.html HTTP/1.1" 200 56 "-" "monit/4.6"
195.56.55.225 - - [04/Jul/2013:04:52:31 +0200] "GET /test.html HTTP/1.1" 200 56 "-" "monit/4.6"
195.56.55.225 - - [04/Jul/2013:04:54:33 +0200] "GET /test.html HTTP/1.1" 200 56 "-" "monit/4.6"
66.249.78.93 - - [04/Jul/2013:04:55:42 +0200] "GET /robots.txt HTTP/1.1" 404 285 "-" "Mozilla/5.0 (compatible; Googlebot/2.1; +http://www.google.com/bot.html)"
37.59.225.234 - - [04/Jul/2013:04:55:55 +0200] "GET /cikk.php3?id_article=94 HTTP/1.0" 404 273 "http://attac.zpok.hu/cikk.php3?id_article=94" "Opera/9.80 (Windows NT 5.1; U; ru) Presto/2.9.168 Version/11.50"
37.59.225.234 - - [04/Jul/2013:04:55:55 +0200] "GET / HTTP/1.0" 200 1155 "http://attac.zpok.hu/" "Opera/9.80 (Windows NT 5.1; U; ru) Presto/2.9.168 Version/11.50"
122.3.152.24 - - [04/Jul/2013:04:56:14 +0200] "-" 408 - "-" "-"
195.56.55.225 - - [04/Jul/2013:04:56:35 +0200] "GET /test.html HTTP/1.1" 200 56 "-" "monit/4.6"
195.56.55.225 - - [04/Jul/2013:04:58:37 +0200] "GET /test.html HTTP/1.1" 200 56 "-" "monit/4.6"
65.55.24.245 - - [04/Jul/2013:05:00:11 +0200] "GET /robots.txt HTTP/1.1" 404 286 "-" "Mozilla/5.0 (compatible; bingbot/2.0; +http://www.bing.com/bingbot.htm)"
195.56.55.225 - - [04/Jul/2013:05:00:40 +0200] "GET /test.html HTTP/1.1" 200 56 "-" "monit/4.6"
65.55.24.245 - - [04/Jul/2013:05:01:02 +0200] "GET /cikk.php3?id_article=935 HTTP/1.1" 404 285 "-" "Mozilla/5.0 (compatible; bingbot/2.0; +http://www.bing.com/bingbot.htm)"
195.56.55.225 - - [04/Jul/2013:05:02:43 +0200] "GET /test.html HTTP/1.1" 200 56 "-" "monit/4.6"
91.232.96.36 - - [04/Jul/2013:05:04:12 +0200] "GET /forum_attac.php3?id_article=983&retour=cikk.php3%3Fid_article%3D983 HTTP/1.1" 404 292 "-" "Mozilla/4.0 (compatible; MSIE 6.0; Windows NT 5.1; SV1)"
184.73.102.60 - - [04/Jul/2013:05:04:40 +0200] "HEAD /www.bicusa.org/publications/yacyreta.htm HTTP/1.0" 404 0 "-" "-"
195.56.55.225 - - [04/Jul/2013:05:04:45 +0200] "GET /test.html HTTP/1.1" 200 56 "-" "monit/4.6"
157.55.32.113 - - [04/Jul/2013:05:06:11 +0200] "GET /robots.txt HTTP/1.1" 404 290 "-" "Mozilla/5.0 (compatible; bingbot/2.0; +http://www.bing.com/bingbot.htm)"
151.46.86.86 - - [04/Jul/2013:05:06:39 +0200] "-" 408 - "-" "-"
195.56.55.225 - - [04/Jul/2013:05:06:47 +0200] "GET /test.html HTTP/1.1" 200 56 "-" "monit/4.6"
157.55.32.113 - - [04/Jul/2013:05:06:49 +0200] "GET /cikk.php3?id_article=475 HTTP/1.1" 404 289 "-" "Mozilla/5.0 (compatible; bingbot/2.0; +http://www.bing.com/bingbot.htm)"
195.56.55.225 - - [04/Jul/2013:05:08:49 +0200] "GET /test.html HTTP/1.1" 200 56 "-" "monit/4.6"
65.55.52.114 - - [04/Jul/2013:05:09:04 +0200] "GET / HTTP/1.1" 200 1155 "-" "Mozilla/5.0 (compatible; bingbot/2.0; +http://www.bing.com/bingbot.htm)"
195.56.55.225 - - [04/Jul/2013:05:10:51 +0200] "GET /test.html HTTP/1.1" 200 56 "-" "monit/4.6"
195.56.55.225 - - [04/Jul/2013:05:12:53 +0200] "GET /test.html HTTP/1.1" 200 56 "-" "monit/4.6"
120.89.36.144 - - [04/Jul/2013:05:14:22 +0200] "POST /forum_attac.php3?id_article=710&retour=cikk HTTP/1.1" 404 292 "http://attac.zpok.hu/forum_attac.php3?id_article=710&retour=cikk" "Mozilla/4.0 (compatible; MSIE 6.0; Windows NT 5.1; SV1)"
195.56.55.225 - - [04/Jul/2013:05:14:55 +0200] "GET /test.html HTTP/1.1" 200 56 "-" "monit/4.6"
64.213.148.131 - - [04/Jul/2013:05:15:42 +0200] "POST /forum_attac.php3?id_article=710&retour=cikk HTTP/1.1" 404 292 "http://attac.zpok.hu/forum_attac.php3?id_article=710&retour=cikk" "Mozilla/4.0 (compatible; MSIE 6.0; Windows NT 5.1; SV1)"
115.124.65.74 - - [04/Jul/2013:05:15:50 +0200] "POST /forum_attac.php3?id_article=710&retour=cikk HTTP/1.1" 404 292 "http://attac.zpok.hu/forum_attac.php3?id_article=710&retour=cikk" "Mozilla/4.0 (compatible; MSIE 6.0; Windows NT 5.1; SV1)"
178.151.68.210 - - [04/Jul/2013:05:16:10 +0200] "POST /forum_attac.php3?id_article=710&retour=cikk HTTP/1.1" 404 292 "http://attac.zpok.hu/forum_attac.php3?id_article=710&retour=cikk" "Mozilla/4.0 (compatible; MSIE 6.0; Windows NT 5.1; SV1)"
91.121.34.130 - - [04/Jul/2013:05:16:12 +0200] "POST /forum_attac.php3?id_article=710&retour=cikk HTTP/1.1" 404 292 "-" "-"
157.56.93.39 - - [04/Jul/2013:05:16:47 +0200] "GET /robots.txt HTTP/1.1" 404 299 "-" "Mozilla/5.0 (compatible; bingbot/2.0; +http://www.bing.com/bingbot.htm)"
195.56.55.225 - - [04/Jul/2013:05:16:57 +0200] "GET /test.html HTTP/1.1" 200 56 "-" "monit/4.6"
217.69.133.69 - - [04/Jul/2013:05:17:25 +0200] "GET /robots.txt HTTP/1.0" 404 277 "-" "Mozilla/5.0 (compatible; Linux x86_64; Mail.RU_Bot/2.0; +http://go.mail.ru/help/robots)"
157.56.93.39 - - [04/Jul/2013:05:18:14 +0200] "GET /taxonomy/term/103 HTTP/1.1" 404 306 "-" "Mozilla/5.0 (compatible; bingbot/2.0; +http://www.bing.com/bingbot.htm)"
195.56.55.225 - - [04/Jul/2013:05:18:59 +0200] "GET /test.html HTTP/1.1" 200 56 "-" "monit/4.6"
195.56.55.225 - - [04/Jul/2013:05:21:02 +0200] "GET /test.html HTTP/1.1" 200 56 "-" "monit/4.6"
195.56.55.225 - - [04/Jul/2013:05:23:05 +0200] "GET /test.html HTTP/1.1" 200 56 "-" "monit/4.6"
180.76.5.52 - - [04/Jul/2013:05:23:26 +0200] "GET /robots.txt HTTP/1.1" 404 286 "-" "Mozilla/5.0 (Windows NT 5.1; rv:6.0.2) Gecko/20100101 Firefox/6.0.2"
195.56.55.225 - - [04/Jul/2013:05:25:09 +0200] "GET /test.html HTTP/1.1" 200 56 "-" "monit/4.6"
195.56.55.225 - - [04/Jul/2013:05:27:11 +0200] "GET /test.html HTTP/1.1" 200 56 "-" "monit/4.6"
91.232.96.36 - - [04/Jul/2013:05:27:21 +0200] "GET /forum_attac.php3?id_article=983&retour=cikk.php3%3Fid_article%3D983 HTTP/1.1" 404 292 "-" "Mozilla/4.0 (compatible; MSIE 6.0; Windows NT 5.1; SV1)"
195.56.55.225 - - [04/Jul/2013:05:29:13 +0200] "GET /test.html HTTP/1.1" 200 56 "-" "monit/4.6"
195.56.55.225 - - [04/Jul/2013:05:31:15 +0200] "GET /test.html HTTP/1.1" 200 56 "-" "monit/4.6"
195.56.55.225 - - [04/Jul/2013:05:33:17 +0200] "GET /test.html HTTP/1.1" 200 56 "-" "monit/4.6"
78.92.110.46 - - [04/Jul/2013:05:34:16 +0200] "-" 408 - "-" "-"
195.56.55.225 - - [04/Jul/2013:05:35:19 +0200] "GET /test.html HTTP/1.1" 200 56 "-" "monit/4.6"
202.125.84.2 - - [04/Jul/2013:05:36:50 +0200] "POST /forum_attac.php3?id_article=710&retour=cikk HTTP/1.1" 404 292 "http://attac.zpok.hu/forum_attac.php3?id_article=710&retour=cikk" "Mozilla/4.0 (compatible; MSIE 6.0; Windows NT 5.1; SV1)"
111.95.243.35 - - [04/Jul/2013:05:36:52 +0200] "POST /forum_attac.php3?id_article=710&retour=cikk HTTP/1.1" 404 292 "http://attac.zpok.hu/forum_attac.php3?id_article=710&retour=cikk" "Mozilla/4.0 (compatible; MSIE 6.0; Windows NT 5.1; SV1)"
195.56.55.225 - - [04/Jul/2013:05:37:21 +0200] "GET /test.html HTTP/1.1" 200 56 "-" "monit/4.6"
173.199.120.171 - - [04/Jul/2013:05:39:02 +0200] "GET /eghajlati_menekultek_051128 HTTP/1.1" 404 306 "-" "Mozilla/5.0 (compatible; AhrefsBot/4.0; +http://ahrefs.com/robot/)"
195.56.55.225 - - [04/Jul/2013:05:39:24 +0200] "GET /test.html HTTP/1.1" 200 56 "-" "monit/4.6"
195.56.55.225 - - [04/Jul/2013:05:41:26 +0200] "GET /test.html HTTP/1.1" 200 56 "-" "monit/4.6"
195.56.55.225 - - [04/Jul/2013:05:43:28 +0200] "GET /test.html HTTP/1.1" 200 56 "-" "monit/4.6"
195.56.55.225 - - [04/Jul/2013:05:45:30 +0200] "GET /test.html HTTP/1.1" 200 56 "-" "monit/4.6"
195.56.55.225 - - [04/Jul/2013:05:47:32 +0200] "GET /test.html HTTP/1.1" 200 56 "-" "monit/4.6"
195.56.55.225 - - [04/Jul/2013:05:49:34 +0200] "GET /test.html HTTP/1.1" 200 56 "-" "monit/4.6"
91.232.96.36 - - [04/Jul/2013:05:50:33 +0200] "GET /forum_attac.php3?id_article=983&retour=cikk.php3%3Fid_article%3D983 HTTP/1.1" 404 292 "-" "Mozilla/4.0 (compatible; MSIE 6.0; Windows NT 5.1; SV1)"
195.56.55.225 - - [04/Jul/2013:05:51:36 +0200] "GET /test.html HTTP/1.1" 200 56 "-" "monit/4.6"
195.56.55.225 - - [04/Jul/2013:05:53:38 +0200] "GET /test.html HTTP/1.1" 200 56 "-" "monit/4.6"
195.56.55.225 - - [04/Jul/2013:05:55:40 +0200] "GET /test.html HTTP/1.1" 200 56 "-" "monit/4.6"
195.56.55.225 - - [04/Jul/2013:05:57:42 +0200] "GET /test.html HTTP/1.1" 200 56 "-" "monit/4.6"
195.56.55.225 - - [04/Jul/2013:05:59:45 +0200] "GET /test.html HTTP/1.1" 200 56 "-" "monit/4.6"
195.56.55.225 - - [04/Jul/2013:06:01:47 +0200] "GET /test.html HTTP/1.1" 200 56 "-" "monit/4.6"
195.56.55.225 - - [04/Jul/2013:06:03:49 +0200] "GET /test.html HTTP/1.1" 200 56 "-" "monit/4.6"
195.56.55.225 - - [04/Jul/2013:06:05:51 +0200] "GET /test.html HTTP/1.1" 200 56 "-" "monit/4.6"
66.249.78.21 - - [04/Jul/2013:06:07:22 +0200] "GET / HTTP/1.1" 200 1155 "-" "Mozilla/5.0 (iPhone; U; CPU iPhone OS 4_1 like Mac OS X; en-us) AppleWebKit/532.9 (KHTML, like Gecko) Version/4.0.5 Mobile/8B117 Safari/6531.22.7 (compatible; Googlebot-Mobile/2.1; +http://www.google.com/bot.html)"
195.56.55.225 - - [04/Jul/2013:06:07:53 +0200] "GET /test.html HTTP/1.1" 200 56 "-" "monit/4.6"
195.56.55.225 - - [04/Jul/2013:06:09:55 +0200] "GET /test.html HTTP/1.1" 200 56 "-" "monit/4.6"
111.95.243.36 - - [04/Jul/2013:06:11:11 +0200] "POST /forum_attac.php3?id_article=710&retour=cikk HTTP/1.1" 404 292 "http://attac.zpok.hu/forum_attac.php3?id_article=710&retour=cikk" "Mozilla/4.0 (compatible; MSIE 6.0; Windows NT 5.1; SV1)"
195.56.55.225 - - [04/Jul/2013:06:12:06 +0200] "GET /test.html HTTP/1.1" 200 56 "-" "monit/4.6"
91.232.96.36 - - [04/Jul/2013:06:13:05 +0200] "GET /forum_attac.php3?id_article=983&retour=cikk.php3%3Fid_article%3D983 HTTP/1.1" 404 292 "-" "Mozilla/4.0 (compatible; MSIE 6.0; Windows NT 5.1; SV1)"
195.56.55.225 - - [04/Jul/2013:06:14:08 +0200] "GET /test.html HTTP/1.1" 200 56 "-" "monit/4.6"
195.56.55.225 - - [04/Jul/2013:06:16:12 +0200] "GET /test.html HTTP/1.1" 200 56 "-" "monit/4.6"
195.56.55.225 - - [04/Jul/2013:06:18:14 +0200] "GET /test.html HTTP/1.1" 200 56 "-" "monit/4.6"
195.56.55.225 - - [04/Jul/2013:06:20:17 +0200] "GET /test.html HTTP/1.1" 200 56 "-" "monit/4.6"
118.140.81.50 - - [04/Jul/2013:06:21:10 +0200] "POST /forum_attac.php3?id_article=710&retour=cikk HTTP/1.1" 404 292 "http://attac.zpok.hu/forum_attac.php3?id_article=710&retour=cikk" "Mozilla/4.0 (compatible; MSIE 6.0; Windows NT 5.1; SV1)"
23.88.2.85 - - [04/Jul/2013:06:21:11 +0200] "POST /forum_attac.php3?id_article=710&retour=cikk HTTP/1.0" 404 280 "http://attac.zpok.hu/forum_attac.php3?id_article=710&retour=cikk" "Mozilla/4.0 (compatible; MSIE 6.0; Windows NT 5.1; SV1)"
195.56.55.225 - - [04/Jul/2013:06:22:19 +0200] "GET /test.html HTTP/1.1" 200 56 "-" "monit/4.6"
66.249.78.207 - - [04/Jul/2013:06:23:49 +0200] "GET /node/212 HTTP/1.1" 404 288 "-" "Mozilla/5.0 (compatible; Googlebot/2.1; +http://www.google.com/bot.html)"
195.56.55.225 - - [04/Jul/2013:06:24:21 +0200] "GET /test.html HTTP/1.1" 200 56 "-" "monit/4.6"
222.77.194.92 - - [04/Jul/2013:06:24:28 +0200] "-" 408 - "-" "-"
195.56.55.225 - - [04/Jul/2013:06:26:23 +0200] "GET /test.html HTTP/1.1" 200 56 "-" "monit/4.6"
198.50.136.169 - - [04/Jul/2013:06:26:41 +0200] "HEAD /manager/html HTTP/1.0" 404 0 "-" "-"
198.50.136.169 - - [04/Jul/2013:06:26:40 +0200] "HEAD /manager/html HTTP/1.0" 404 0 "-" "-"
195.56.55.225 - - [04/Jul/2013:06:28:26 +0200] "GET /test.html HTTP/1.1" 200 56 "-" "monit/4.6"
212.7.196.79 - - [04/Jul/2013:06:29:07 +0200] "GET / HTTP/1.1" 200 1155 "-" "Mozilla/5.0 (Windows; U; Windows NT 6.1; WOW64; en-US; rv:2.0.4) Gecko/20120718 AskTbAVR-IDW/3.12.5.17700 Firefox/14.0.1"
195.56.55.225 - - [04/Jul/2013:06:30:28 +0200] "GET /test.html HTTP/1.1" 200 56 "-" "monit/4.6"
174.55.97.219 - - [04/Jul/2013:06:31:44 +0200] "POST /forum_attac.php3?id_article=710&retour=cikk HTTP/1.1" 404 292 "http://attac.zpok.hu/forum_attac.php3?id_article=710&retour=cikk" "Mozilla/4.0 (compatible; MSIE 6.0; Windows NT 5.1; SV1)"
178.151.113.9 - - [04/Jul/2013:06:31:45 +0200] "POST /forum_attac.php3?id_article=710&retour=cikk HTTP/1.1" 404 292 "http://attac.zpok.hu/forum_attac.php3?id_article=710&retour=cikk" "Mozilla/4.0 (compatible; MSIE 6.0; Windows NT 5.1; SV1)"
195.56.55.225 - - [04/Jul/2013:06:32:30 +0200] "GET /test.html HTTP/1.1" 200 56 "-" "monit/4.6"
72.14.199.132 - - [04/Jul/2013:06:32:38 +0200] "GET / HTTP/1.1" 200 1155 "-" "Feedfetcher-Google; (+http://www.google.com/feedfetcher.html; 1 subscribers; feed-id=849169264004692768)"
193.6.52.236 - - [04/Jul/2013:06:34:16 +0200] "GET / HTTP/1.0" 200 1155 "-" "Mozilla/5.0 (Windows NT 5.1; rv:22.0) Gecko/20100101 Firefox/22.0"
193.6.52.236 - - [04/Jul/2013:06:34:16 +0200] "GET /favicon.ico HTTP/1.0" 404 272 "-" "Mozilla/5.0 (Windows NT 5.1; rv:22.0) Gecko/20100101 Firefox/22.0"
195.56.55.225 - - [04/Jul/2013:06:34:32 +0200] "GET /test.html HTTP/1.1" 200 56 "-" "monit/4.6"
91.232.96.36 - - [04/Jul/2013:06:36:08 +0200] "GET /forum_attac.php3?id_article=983&retour=cikk.php3%3Fid_article%3D983 HTTP/1.1" 404 292 "-" "Mozilla/4.0 (compatible; MSIE 6.0; Windows NT 5.1; SV1)"
195.56.55.225 - - [04/Jul/2013:06:36:34 +0200] "GET /test.html HTTP/1.1" 200 56 "-" "monit/4.6"
124.126.126.7 - - [04/Jul/2013:06:36:41 +0200] "POST /forum_attac.php3?id_article=710&retour=cikk HTTP/1.1" 404 292 "http://attac.zpok.hu/forum_attac.php3?id_article=710&retour=cikk" "Mozilla/4.0 (compatible; MSIE 6.0; Windows NT 5.1; SV1)"
195.56.55.225 - - [04/Jul/2013:06:38:36 +0200] "GET /test.html HTTP/1.1" 200 56 "-" "monit/4.6"
195.56.55.225 - - [04/Jul/2013:06:40:38 +0200] "GET /test.html HTTP/1.1" 200 56 "-" "monit/4.6"
195.56.55.225 - - [04/Jul/2013:06:42:40 +0200] "GET /test.html HTTP/1.1" 200 56 "-" "monit/4.6"
195.56.55.225 - - [04/Jul/2013:06:44:43 +0200] "GET /test.html HTTP/1.1" 200 56 "-" "monit/4.6"
195.56.55.225 - - [04/Jul/2013:06:46:45 +0200] "GET /test.html HTTP/1.1" 200 56 "-" "monit/4.6"
195.56.55.225 - - [04/Jul/2013:06:48:56 +0200] "GET /test.html HTTP/1.1" 200 56 "-" "monit/4.6"
195.56.55.225 - - [04/Jul/2013:06:50:58 +0200] "GET /test.html HTTP/1.1" 200 56 "-" "monit/4.6"
195.56.55.225 - - [04/Jul/2013:06:53:00 +0200] "GET /test.html HTTP/1.1" 200 56 "-" "monit/4.6"
65.55.52.114 - - [04/Jul/2013:06:53:25 +0200] "GET /robots.txt HTTP/1.1" 404 290 "-" "Mozilla/5.0 (compatible; bingbot/2.0; +http://www.bing.com/bingbot.htm)"
77.88.42.27 - - [04/Jul/2013:06:53:50 +0200] "GET / HTTP/1.1" 200 1155 "-" "Mozilla/5.0 (compatible; YandexBot/3.0; +http://yandex.com/bots)"
195.56.55.225 - - [04/Jul/2013:06:55:02 +0200] "GET /test.html HTTP/1.1" 200 56 "-" "monit/4.6"
195.56.55.225 - - [04/Jul/2013:06:57:04 +0200] "GET /test.html HTTP/1.1" 200 56 "-" "monit/4.6"
91.232.96.36 - - [04/Jul/2013:06:58:56 +0200] "GET /forum_attac.php3?id_article=983&retour=cikk.php3%3Fid_article%3D983 HTTP/1.1" 404 292 "-" "Mozilla/4.0 (compatible; MSIE 6.0; Windows NT 5.1; SV1)"
195.56.55.225 - - [04/Jul/2013:06:59:06 +0200] "GET /test.html HTTP/1.1" 200 56 "-" "monit/4.6"
195.56.55.225 - - [04/Jul/2013:07:01:08 +0200] "GET /test.html HTTP/1.1" 200 56 "-" "monit/4.6"
173.242.125.196 - - [04/Jul/2013:07:02:01 +0200] "GET /robots.txt HTTP/1.0" 404 273 "-" "Mozilla/5.0 (compatible; MJ12bot/v1.4.3; http://www.majestic12.co.uk/bot.php?+)"
173.242.125.196 - - [04/Jul/2013:07:02:04 +0200] "GET / HTTP/1.0" 200 1155 "-" "Mozilla/5.0 (compatible; MJ12bot/v1.4.3; http://www.majestic12.co.uk/bot.php?+)"
180.188.194.54 - - [04/Jul/2013:07:02:06 +0200] "POST" 405 - "-" "-"
195.56.55.225 - - [04/Jul/2013:07:03:10 +0200] "GET /test.html HTTP/1.1" 200 56 "-" "monit/4.6"
195.56.55.225 - - [04/Jul/2013:07:05:13 +0200] "GET /test.html HTTP/1.1" 200 56 "-" "monit/4.6"
180.76.5.162 - - [04/Jul/2013:07:06:51 +0200] "GET /robots.txt HTTP/1.1" 404 285 "-" "Mozilla/5.0 (Windows NT 5.1; rv:6.0.2) Gecko/20100101 Firefox/6.0.2"
195.56.55.225 - - [04/Jul/2013:07:07:15 +0200] "GET /test.html HTTP/1.1" 200 56 "-" "monit/4.6"
180.250.169.14 - - [04/Jul/2013:07:08:15 +0200] "POST /forum_attac.php3?id_article=710&retour=cikk HTTP/1.1" 404 292 "http://attac.zpok.hu/forum_attac.php3?id_article=710&retour=cikk" "Mozilla/4.0 (compatible; MSIE 6.0; Windows NT 5.1; SV1)"
195.56.55.225 - - [04/Jul/2013:07:09:17 +0200] "GET /test.html HTTP/1.1" 200 56 "-" "monit/4.6"
195.56.55.225 - - [04/Jul/2013:07:11:19 +0200] "GET /test.html HTTP/1.1" 200 56 "-" "monit/4.6"
66.249.75.132 - - [04/Jul/2013:07:12:10 +0200] "GET /robots.txt HTTP/1.1" 404 286 "-" "Mozilla/5.0 (compatible; Googlebot/2.1; +http://www.google.com/bot.html)"
66.249.78.218 - - [04/Jul/2013:07:12:10 +0200] "GET /cikk.php3?id_article=755 HTTP/1.1" 404 285 "-" "Mozilla/5.0 (compatible; Googlebot/2.1; +http://www.google.com/bot.html)"
157.55.32.55 - - [04/Jul/2013:07:13:01 +0200] "GET /robots.txt HTTP/1.1" 404 282 "-" "Mozilla/5.0 (compatible; bingbot/2.0; +http://www.bing.com/bingbot.htm)"
195.56.55.225 - - [04/Jul/2013:07:13:21 +0200] "GET /test.html HTTP/1.1" 200 56 "-" "monit/4.6"
195.56.55.225 - - [04/Jul/2013:07:15:23 +0200] "GET /test.html HTTP/1.1" 200 56 "-" "monit/4.6"
195.56.55.225 - - [04/Jul/2013:07:17:25 +0200] "GET /test.html HTTP/1.1" 200 56 "-" "monit/4.6"
89.135.69.147 - - [04/Jul/2013:07:18:00 +0200] "-" 408 - "-" "-"
89.135.69.147 - - [04/Jul/2013:07:18:06 +0200] "-" 408 - "-" "-"
157.55.32.55 - - [04/Jul/2013:07:18:55 +0200] "GET / HTTP/1.1" 200 1155 "-" "Mozilla/5.0 (compatible; bingbot/2.0; +http://www.bing.com/bingbot.htm)"
195.56.55.225 - - [04/Jul/2013:07:19:27 +0200] "GET /test.html HTTP/1.1" 200 56 "-" "monit/4.6"
195.56.55.225 - - [04/Jul/2013:07:21:29 +0200] "GET /test.html HTTP/1.1" 200 56 "-" "monit/4.6"
91.232.96.36 - - [04/Jul/2013:07:22:02 +0200] "GET /forum_attac.php3?id_article=983&retour=cikk.php3%3Fid_article%3D983 HTTP/1.1" 404 292 "-" "Mozilla/4.0 (compatible; MSIE 6.0; Windows NT 5.1; SV1)"
208.115.111.74 - - [04/Jul/2013:07:23:28 +0200] "GET /robots.txt HTTP/1.1" 404 296 "-" "Mozilla/5.0 (compatible; Ezooms/1.0; ezooms.bot@gmail.com)"
195.56.55.225 - - [04/Jul/2013:07:23:31 +0200] "GET /test.html HTTP/1.1" 200 56 "-" "monit/4.6"
195.56.55.225 - - [04/Jul/2013:07:25:33 +0200] "GET /test.html HTTP/1.1" 200 56 "-" "monit/4.6"
195.56.55.225 - - [04/Jul/2013:07:27:35 +0200] "GET /test.html HTTP/1.1" 200 56 "-" "monit/4.6"
134.201.250.155 - - [04/Jul/2013:07:28:09 +0200] "POST /forum_attac.php3?id_article=710&retour=cikk HTTP/1.1" 404 292 "http://attac.zpok.hu/forum_attac.php3?id_article=710&retour=cikk" "Mozilla/4.0 (compatible; MSIE 6.0; Windows NT 5.1; SV1)"
118.140.81.50 - - [04/Jul/2013:07:28:12 +0200] "POST /forum_attac.php3?id_article=710&retour=cikk HTTP/1.1" 404 292 "http://attac.zpok.hu/forum_attac.php3?id_article=710&retour=cikk" "Mozilla/4.0 (compatible; MSIE 6.0; Windows NT 5.1; SV1)"
195.56.55.225 - - [04/Jul/2013:07:29:37 +0200] "GET /test.html HTTP/1.1" 200 56 "-" "monit/4.6"
195.56.55.225 - - [04/Jul/2013:07:31:39 +0200] "GET /test.html HTTP/1.1" 200 56 "-" "monit/4.6"
157.56.229.186 - - [04/Jul/2013:07:32:06 +0200] "GET /robots.txt HTTP/1.1" 404 286 "-" "Mozilla/5.0 (compatible; bingbot/2.0; +http://www.bing.com/bingbot.htm)"
195.56.55.225 - - [04/Jul/2013:07:33:42 +0200] "GET /test.html HTTP/1.1" 200 56 "-" "monit/4.6"
157.56.229.186 - - [04/Jul/2013:07:33:50 +0200] "GET / HTTP/1.1" 200 1155 "-" "Mozilla/5.0 (compatible; bingbot/2.0; +http://www.bing.com/bingbot.htm)"
180.250.169.14 - - [04/Jul/2013:07:34:39 +0200] "POST /forum_attac.php3?id_article=710&retour=cikk HTTP/1.1" 404 292 "http://attac.zpok.hu/forum_attac.php3?id_article=710&retour=cikk" "Mozilla/4.0 (compatible; MSIE 6.0; Windows NT 5.1; SV1)"
195.56.55.225 - - [04/Jul/2013:07:35:44 +0200] "GET /test.html HTTP/1.1" 200 56 "-" "monit/4.6"
173.199.120.171 - - [04/Jul/2013:07:36:27 +0200] "GET /cikk.php3?id_article=447 HTTP/1.1" 404 285 "-" "Mozilla/5.0 (compatible; AhrefsBot/4.0; +http://ahrefs.com/robot/)"
195.56.55.225 - - [04/Jul/2013:07:37:46 +0200] "GET /test.html HTTP/1.1" 200 56 "-" "monit/4.6"
195.56.55.225 - - [04/Jul/2013:07:39:48 +0200] "GET /test.html HTTP/1.1" 200 56 "-" "monit/4.6"
157.56.93.39 - - [04/Jul/2013:07:40:24 +0200] "GET /cikk.php3?id_article=693 HTTP/1.1" 404 285 "-" "Mozilla/5.0 (compatible; bingbot/2.0; +http://www.bing.com/bingbot.htm)"
195.56.55.225 - - [04/Jul/2013:07:41:50 +0200] "GET /test.html HTTP/1.1" 200 56 "-" "monit/4.6"
195.56.55.225 - - [04/Jul/2013:07:43:52 +0200] "GET /test.html HTTP/1.1" 200 56 "-" "monit/4.6"
91.232.96.36 - - [04/Jul/2013:07:44:52 +0200] "GET /forum_attac.php3?id_article=983&retour=cikk.php3%3Fid_article%3D983 HTTP/1.1" 404 292 "-" "Mozilla/4.0 (compatible; MSIE 6.0; Windows NT 5.1; SV1)"
37.57.183.13 - - [04/Jul/2013:07:44:52 +0200] "POST /forum_attac.php3?id_article=710&retour=cikk HTTP/1.1" 404 292 "http://attac.zpok.hu/forum_attac.php3?id_article=710&retour=cikk" "Mozilla/4.0 (compatible; MSIE 6.0; Windows NT 5.1; SV1)"
217.115.115.249 - - [04/Jul/2013:07:45:41 +0200] "POST /forum_attac.php3?id_article=710&retour=cikk HTTP/1.1" 404 292 "http://attac.zpok.hu/forum_attac.php3?id_article=710&retour=cikk" "Mozilla/4.0 (compatible; MSIE 6.0; Windows NT 5.1; SV1)"
194.44.213.246 - - [04/Jul/2013:07:45:44 +0200] "POST /forum_attac.php3?id_article=710&retour=cikk HTTP/1.1" 404 292 "http://attac.zpok.hu/forum_attac.php3?id_article=710&retour=cikk" "Mozilla/4.0 (compatible; MSIE 6.0; Windows NT 5.1; SV1)"
195.56.55.225 - - [04/Jul/2013:07:45:54 +0200] "GET /test.html HTTP/1.1" 200 56 "-" "monit/4.6"
180.76.5.62 - - [04/Jul/2013:07:46:06 +0200] "GET /robots.txt HTTP/1.1" 404 287 "-" "Mozilla/5.0 (Windows NT 5.1; rv:6.0.2) Gecko/20100101 Firefox/6.0.2"
195.56.55.225 - - [04/Jul/2013:07:47:56 +0200] "GET /test.html HTTP/1.1" 200 56 "-" "monit/4.6"
173.199.120.171 - - [04/Jul/2013:07:49:53 +0200] "GET /cikk.php3?id_article=171 HTTP/1.1" 404 285 "-" "Mozilla/5.0 (compatible; AhrefsBot/4.0; +http://ahrefs.com/robot/)"
195.56.55.225 - - [04/Jul/2013:07:49:58 +0200] "GET /test.html HTTP/1.1" 200 56 "-" "monit/4.6"
195.56.55.225 - - [04/Jul/2013:07:52:03 +0200] "GET /test.html HTTP/1.1" 200 56 "-" "monit/4.6"
123.125.71.29 - - [04/Jul/2013:07:53:35 +0200] "GET /robots.txt HTTP/1.1" 404 296 "-" "Mozilla/5.0 (compatible; Baiduspider/2.0; +http://www.baidu.com/search/spider.html)"
195.56.55.225 - - [04/Jul/2013:07:54:05 +0200] "GET /test.html HTTP/1.1" 200 56 "-" "monit/4.6"
195.56.55.225 - - [04/Jul/2013:07:56:08 +0200] "GET /test.html HTTP/1.1" 200 56 "-" "monit/4.6"
89.248.174.60 - - [04/Jul/2013:07:56:48 +0200] "GET /forum_attac.php3?id_article=983&retour=cikk.php3%3Fid_article%3D983 HTTP/1.1" 404 292 "-" "Mozilla/4.0 (compatible; MSIE 6.0; Windows NT 5.1; SV1)"
221.176.23.242 - - [04/Jul/2013:07:58:06 +0200] "POST /forum_attac.php3?id_article=710&retour=cikk HTTP/1.1" 404 292 "http://attac.zpok.hu/forum_attac.php3?id_article=710&retour=cikk" "Mozilla/4.0 (compatible; MSIE 6.0; Windows NT 5.1; SV1)"
203.234.242.110 - - [04/Jul/2013:07:58:09 +0200] "POST /forum_attac.php3?id_article=710&retour=cikk HTTP/1.1" 404 292 "http://attac.zpok.hu/forum_attac.php3?id_article=710&retour=cikk" "Mozilla/4.0 (compatible; MSIE 6.0; Windows NT 5.1; SV1)"
195.56.55.225 - - [04/Jul/2013:07:58:10 +0200] "GET /test.html HTTP/1.1" 200 56 "-" "monit/4.6"
79.122.76.84 - - [04/Jul/2013:07:59:23 +0200] "-" 408 - "-" "-"
79.122.76.84 - - [04/Jul/2013:07:59:53 +0200] "-" 408 - "-" "-"
195.56.55.225 - - [04/Jul/2013:08:00:12 +0200] "GET /test.html HTTP/1.1" 200 56 "-" "monit/4.6"
79.122.76.84 - - [04/Jul/2013:08:00:42 +0200] "-" 408 - "-" "-"
195.56.55.225 - - [04/Jul/2013:08:02:17 +0200] "GET /test.html HTTP/1.1" 200 56 "-" "monit/4.6"
195.56.55.225 - - [04/Jul/2013:08:04:19 +0200] "GET /test.html HTTP/1.1" 200 56 "-" "monit/4.6"
195.56.55.225 - - [04/Jul/2013:08:06:21 +0200] "GET /test.html HTTP/1.1" 200 56 "-" "monit/4.6"
91.232.96.36 - - [04/Jul/2013:08:07:51 +0200] "GET /forum_attac.php3?id_article=983&retour=cikk.php3%3Fid_article%3D983 HTTP/1.1" 404 292 "-" "Mozilla/4.0 (compatible; MSIE 6.0; Windows NT 5.1; SV1)"
195.56.55.225 - - [04/Jul/2013:08:08:27 +0200] "GET /test.html HTTP/1.1" 200 56 "-" "monit/4.6"
195.56.55.225 - - [04/Jul/2013:08:10:29 +0200] "GET /test.html HTTP/1.1" 200 56 "-" "monit/4.6"
195.56.55.225 - - [04/Jul/2013:08:12:31 +0200] "GET /test.html HTTP/1.1" 200 56 "-" "monit/4.6"
195.56.55.225 - - [04/Jul/2013:08:14:33 +0200] "GET /test.html HTTP/1.1" 200 56 "-" "monit/4.6"
195.56.55.225 - - [04/Jul/2013:08:16:36 +0200] "GET /test.html HTTP/1.1" 200 56 "-" "monit/4.6"
5.149.212.198 - - [04/Jul/2013:08:17:04 +0200] "GET /forum_attac.php3?id_article=94&retour=cikk.php3?id_article%3D94 HTTP/1.0" 404 280 "http://attac.zpok.hu/forum_attac.php3?id_article=94&retour=cikk.php3?id_article%3D94" "Mozilla/5.0 (Windows NT 6.1) AppleWebKit/534.57.2 (KHTML, like Gecko) Version/5.1.7 Safari/534.57.2"
5.149.212.198 - - [04/Jul/2013:08:17:04 +0200] "GET / HTTP/1.0" 200 1155 "http://attac.zpok.hu/" "Mozilla/5.0 (Windows NT 6.1) AppleWebKit/534.57.2 (KHTML, like Gecko) Version/5.1.7 Safari/534.57.2"
195.56.55.225 - - [04/Jul/2013:08:18:38 +0200] "GET /test.html HTTP/1.1" 200 56 "-" "monit/4.6"
89.248.174.60 - - [04/Jul/2013:08:19:44 +0200] "GET /forum_attac.php3?id_article=983&retour=cikk.php3%3Fid_article%3D983 HTTP/1.1" 404 292 "-" "Mozilla/4.0 (compatible; MSIE 6.0; Windows NT 5.1; SV1)"
195.56.55.225 - - [04/Jul/2013:08:20:40 +0200] "GET /test.html HTTP/1.1" 200 56 "-" "monit/4.6"
195.56.55.225 - - [04/Jul/2013:08:22:42 +0200] "GET /test.html HTTP/1.1" 200 56 "-" "monit/4.6"
65.55.52.108 - - [04/Jul/2013:08:23:35 +0200] "GET /robots.txt HTTP/1.1" 404 295 "-" "Mozilla/5.0 (compatible; bingbot/2.0; +http://www.bing.com/bingbot.htm)"
84.224.204.110 - - [04/Jul/2013:08:23:42 +0200] "-" 408 - "-" "-"
84.224.204.110 - - [04/Jul/2013:08:23:42 +0200] "-" 408 - "-" "-"
84.224.204.110 - - [04/Jul/2013:08:23:42 +0200] "-" 408 - "-" "-"
84.224.204.110 - - [04/Jul/2013:08:23:42 +0200] "-" 408 - "-" "-"
84.224.204.110 - - [04/Jul/2013:08:23:42 +0200] "-" 408 - "-" "-"
84.224.204.110 - - [04/Jul/2013:08:24:36 +0200] "-" 408 - "-" "-"
84.224.204.110 - - [04/Jul/2013:08:24:36 +0200] "-" 408 - "-" "-"
84.224.204.110 - - [04/Jul/2013:08:24:36 +0200] "-" 408 - "-" "-"
195.56.55.225 - - [04/Jul/2013:08:24:44 +0200] "GET /test.html HTTP/1.1" 200 56 "-" "monit/4.6"
77.243.223.32 - - [04/Jul/2013:08:26:33 +0200] "-" 408 - "-" "-"
84.224.204.110 - - [04/Jul/2013:08:26:35 +0200] "-" 408 - "-" "-"
84.224.204.110 - - [04/Jul/2013:08:26:36 +0200] "-" 408 - "-" "-"
84.224.204.110 - - [04/Jul/2013:08:26:36 +0200] "-" 408 - "-" "-"
195.56.55.225 - - [04/Jul/2013:08:26:46 +0200] "GET /test.html HTTP/1.1" 200 56 "-" "monit/4.6"
77.243.223.32 - - [04/Jul/2013:08:27:27 +0200] "-" 408 - "-" "-"
193.105.210.226 - - [04/Jul/2013:08:28:10 +0200] "-" 408 - "-" "-"
195.56.55.225 - - [04/Jul/2013:08:28:48 +0200] "GET /test.html HTTP/1.1" 200 56 "-" "monit/4.6"
195.56.55.225 - - [04/Jul/2013:08:30:50 +0200] "GET /test.html HTTP/1.1" 200 56 "-" "monit/4.6"
91.232.96.36 - - [04/Jul/2013:08:30:53 +0200] "GET /forum_attac.php3?id_article=983&retour=cikk.php3%3Fid_article%3D983 HTTP/1.1" 404 292 "-" "Mozilla/4.0 (compatible; MSIE 6.0; Windows NT 5.1; SV1)"
77.243.223.32 - - [04/Jul/2013:08:31:29 +0200] "-" 408 - "-" "-"
195.56.55.225 - - [04/Jul/2013:08:32:52 +0200] "GET /test.html HTTP/1.1" 200 56 "-" "monit/4.6"
65.55.52.114 - - [04/Jul/2013:08:34:11 +0200] "GET / HTTP/1.1" 304 - "-" "Mozilla/5.0 (compatible; bingbot/2.0; +http://www.bing.com/bingbot.htm)"
195.56.55.225 - - [04/Jul/2013:08:34:54 +0200] "GET /test.html HTTP/1.1" 200 56 "-" "monit/4.6"
113.254.88.44 - - [04/Jul/2013:08:35:25 +0200] "POST /forum_attac.php3?id_article=710&retour=cikk HTTP/1.1" 404 292 "http://attac.zpok.hu/forum_attac.php3?id_article=710&retour=cikk" "Mozilla/4.0 (compatible; MSIE 6.0; Windows NT 5.1; SV1)"
118.97.95.182 - - [04/Jul/2013:08:35:31 +0200] "POST /forum_attac.php3?id_article=710&retour=cikk HTTP/1.0" 404 280 "http://attac.zpok.hu/forum_attac.php3?id_article=710&retour=cikk" "Mozilla/4.0 (compatible; MSIE 6.0; Windows NT 5.1; SV1)"
195.56.55.225 - - [04/Jul/2013:08:36:56 +0200] "GET /test.html HTTP/1.1" 200 56 "-" "monit/4.6"
195.56.55.225 - - [04/Jul/2013:08:38:59 +0200] "GET /test.html HTTP/1.1" 200 56 "-" "monit/4.6"
65.55.52.108 - - [04/Jul/2013:08:39:58 +0200] "GET / HTTP/1.1" 200 1155 "-" "Mozilla/5.0 (compatible; bingbot/2.0; +http://www.bing.com/bingbot.htm)"
157.55.32.94 - - [04/Jul/2013:08:40:01 +0200] "GET /robots.txt HTTP/1.1" 404 288 "-" "Mozilla/5.0 (compatible; bingbot/2.0; +http://www.bing.com/bingbot.htm)"
216.176.184.106 - - [04/Jul/2013:08:40:18 +0200] "GET / HTTP/1.1" 200 1155 "-" "Mozilla/4.0 (compatible; MSIE 9.0; Trident 5.0; Windows NT 5.1;GB;GB)"
195.56.55.225 - - [04/Jul/2013:08:41:02 +0200] "GET /test.html HTTP/1.1" 200 56 "-" "monit/4.6"
157.56.229.186 - - [04/Jul/2013:08:42:47 +0200] "GET /robots.txt HTTP/1.1" 404 286 "-" "Mozilla/5.0 (compatible; bingbot/2.0; +http://www.bing.com/bingbot.htm)"
89.248.174.60 - - [04/Jul/2013:08:42:53 +0200] "GET /forum_attac.php3?id_article=983&retour=cikk.php3%3Fid_article%3D983 HTTP/1.1" 404 292 "-" "Mozilla/4.0 (compatible; MSIE 6.0; Windows NT 5.1; SV1)"
195.56.55.225 - - [04/Jul/2013:08:43:04 +0200] "GET /test.html HTTP/1.1" 200 56 "-" "monit/4.6"
157.56.229.186 - - [04/Jul/2013:08:43:46 +0200] "GET / HTTP/1.1" 200 1155 "-" "Mozilla/5.0 (compatible; bingbot/2.0; +http://www.bing.com/bingbot.htm)"
195.56.55.225 - - [04/Jul/2013:08:45:06 +0200] "GET /test.html HTTP/1.1" 200 56 "-" "monit/4.6"
195.56.55.225 - - [04/Jul/2013:08:47:08 +0200] "GET /test.html HTTP/1.1" 200 56 "-" "monit/4.6"
195.56.55.225 - - [04/Jul/2013:08:49:10 +0200] "GET /test.html HTTP/1.1" 200 56 "-" "monit/4.6"
195.56.55.225 - - [04/Jul/2013:08:51:12 +0200] "GET /test.html HTTP/1.1" 200 56 "-" "monit/4.6"
111.95.243.36 - - [04/Jul/2013:08:52:28 +0200] "POST /forum_attac.php3?id_article=710&retour=cikk HTTP/1.1" 404 292 "http://attac.zpok.hu/forum_attac.php3?id_article=710&retour=cikk" "Mozilla/4.0 (compatible; MSIE 6.0; Windows NT 5.1; SV1)"
195.56.55.225 - - [04/Jul/2013:08:53:14 +0200] "GET /test.html HTTP/1.1" 200 56 "-" "monit/4.6"
91.232.96.36 - - [04/Jul/2013:08:53:56 +0200] "GET /forum_attac.php3?id_article=983&retour=cikk.php3%3Fid_article%3D983 HTTP/1.1" 404 292 "-" "Mozilla/4.0 (compatible; MSIE 6.0; Windows NT 5.1; SV1)"
195.56.55.225 - - [04/Jul/2013:08:55:16 +0200] "GET /test.html HTTP/1.1" 200 56 "-" "monit/4.6"
208.115.113.87 - - [04/Jul/2013:08:56:25 +0200] "GET /robots.txt HTTP/1.1" 404 286 "-" "Mozilla/5.0 (compatible; Ezooms/1.0; ezooms.bot@gmail.com)"
195.56.55.225 - - [04/Jul/2013:08:57:18 +0200] "GET /test.html HTTP/1.1" 200 56 "-" "monit/4.6"
195.56.55.225 - - [04/Jul/2013:08:59:20 +0200] "GET /test.html HTTP/1.1" 200 56 "-" "monit/4.6"
194.176.228.162 - - [04/Jul/2013:09:00:48 +0200] "GET / HTTP/1.1" 200 1155 "-" "Mozilla/5.0 (Linux; U; Android 2.3.6; hu-hu; SAMSUNG GT-I9070/I9070XXLK2 Build/GINGERBREAD) AppleWebKit/533.1 (KHTML, like Gecko) Version/4.0 Mobile Safari/533.1"
194.176.228.162 - - [04/Jul/2013:09:00:48 +0200] "GET /favicon.ico HTTP/1.1" 404 291 "http://www.portal.etk.hu/" "Mozilla/5.0 (Linux; U; Android 2.3.6; hu-hu; SAMSUNG GT-I9070/I9070XXLK2 Build/GINGERBREAD) AppleWebKit/533.1 (KHTML, like Gecko) Version/4.0 Mobile Safari/533.1"
195.56.55.225 - - [04/Jul/2013:09:01:22 +0200] "GET /test.html HTTP/1.1" 200 56 "-" "monit/4.6"
212.7.196.79 - - [04/Jul/2013:09:01:47 +0200] "GET / HTTP/1.1" 200 1155 "-" "Mozilla/5.0 (Windows; U; Windows NT 6.1; WOW64; en-US; rv:2.0.4) Gecko/20120718 AskTbAVR-IDW/3.12.5.17700 Firefox/14.0.1"
188.143.31.242 - - [04/Jul/2013:09:02:39 +0200] "-" 408 - "-" "-"
195.56.55.225 - - [04/Jul/2013:09:03:24 +0200] "GET /test.html HTTP/1.1" 200 56 "-" "monit/4.6"
23.20.66.136 - - [04/Jul/2013:09:04:27 +0200] "POST /forum_attac.php3?id_article=710&retour=cikk HTTP/1.0" 404 280 "http://attac.zpok.hu/forum_attac.php3?id_article=710&retour=cikk" "Mozilla/4.0 (compatible; MSIE 6.0; Windows NT 5.1; SV1)"
107.23.180.148 - - [04/Jul/2013:09:04:38 +0200] "POST /forum_attac.php3?id_article=710&retour=cikk HTTP/1.1" 404 292 "http://attac.zpok.hu/forum_attac.php3?id_article=710&retour=cikk" "Mozilla/4.0 (compatible; MSIE 6.0; Windows NT 5.1; SV1)"
46.108.241.253 - - [04/Jul/2013:09:04:40 +0200] "POST /forum_attac.php3?id_article=710&retour=cikk HTTP/1.0" 404 280 "http://attac.zpok.hu/forum_attac.php3?id_article=710&retour=cikk" "Mozilla/4.0 (compatible; MSIE 6.0; Windows NT 5.1; SV1)"
195.56.55.225 - - [04/Jul/2013:09:05:26 +0200] "GET /test.html HTTP/1.1" 200 56 "-" "monit/4.6"
89.248.174.60 - - [04/Jul/2013:09:05:53 +0200] "GET /forum_attac.php3?id_article=983&retour=cikk.php3%3Fid_article%3D983 HTTP/1.1" 404 292 "-" "Mozilla/4.0 (compatible; MSIE 6.0; Windows NT 5.1; SV1)"
157.55.32.113 - - [04/Jul/2013:09:06:43 +0200] "GET /cikk.php3?id_article=1065 HTTP/1.1" 404 285 "-" "Mozilla/5.0 (compatible; bingbot/2.0; +http://www.bing.com/bingbot.htm)"
195.56.55.225 - - [04/Jul/2013:09:07:28 +0200] "GET /test.html HTTP/1.1" 200 56 "-" "monit/4.6"
195.56.55.225 - - [04/Jul/2013:09:09:31 +0200] "GET /test.html HTTP/1.1" 200 56 "-" "monit/4.6"
195.56.55.225 - - [04/Jul/2013:09:11:33 +0200] "GET /test.html HTTP/1.1" 200 56 "-" "monit/4.6"
195.56.55.225 - - [04/Jul/2013:09:13:36 +0200] "GET /test.html HTTP/1.1" 200 56 "-" "monit/4.6"
195.56.55.225 - - [04/Jul/2013:09:15:38 +0200] "GET /test.html HTTP/1.1" 200 56 "-" "monit/4.6"
91.232.96.36 - - [04/Jul/2013:09:16:53 +0200] "GET /forum_attac.php3?id_article=983&retour=cikk.php3%3Fid_article%3D983 HTTP/1.1" 404 292 "-" "Mozilla/4.0 (compatible; MSIE 6.0; Windows NT 5.1; SV1)"
195.56.55.225 - - [04/Jul/2013:09:17:40 +0200] "GET /test.html HTTP/1.1" 200 56 "-" "monit/4.6"
157.55.32.94 - - [04/Jul/2013:09:18:18 +0200] "GET / HTTP/1.1" 200 1155 "-" "Mozilla/5.0 (compatible; bingbot/2.0; +http://www.bing.com/bingbot.htm)"
111.95.243.35 - - [04/Jul/2013:09:18:30 +0200] "POST /forum_attac.php3?id_article=710&retour=cikk HTTP/1.1" 404 292 "http://attac.zpok.hu/forum_attac.php3?id_article=710&retour=cikk" "Mozilla/4.0 (compatible; MSIE 6.0; Windows NT 5.1; SV1)"
195.56.55.225 - - [04/Jul/2013:09:19:42 +0200] "GET /test.html HTTP/1.1" 200 56 "-" "monit/4.6"
208.115.111.74 - - [04/Jul/2013:09:21:23 +0200] "GET /documents/english/press/gprelease200309.htm HTTP/1.1" 404 329 "-" "Mozilla/5.0 (compatible; Ezooms/1.0; ezooms.bot@gmail.com)"
195.56.55.225 - - [04/Jul/2013:09:21:44 +0200] "GET /test.html HTTP/1.1" 200 56 "-" "monit/4.6"
208.115.113.87 - - [04/Jul/2013:09:21:56 +0200] "GET /cikk.php3?id_article=107 HTTP/1.1" 404 285 "-" "Mozilla/5.0 (compatible; Ezooms/1.0; ezooms.bot@gmail.com)"
180.76.5.192 - - [04/Jul/2013:09:23:33 +0200] "GET /robots.txt HTTP/1.1" 404 286 "-" "Mozilla/5.0 (Windows NT 5.1; rv:6.0.2) Gecko/20100101 Firefox/6.0.2"
195.56.55.225 - - [04/Jul/2013:09:23:49 +0200] "GET /test.html HTTP/1.1" 200 56 "-" "monit/4.6"
195.56.55.225 - - [04/Jul/2013:09:25:51 +0200] "GET /test.html HTTP/1.1" 200 56 "-" "monit/4.6"
195.111.73.20 - - [04/Jul/2013:09:25:53 +0200] "GET / HTTP/1.1" 200 1155 "-" "Mozilla/5.0 (Windows; U; Windows NT 5.1; hu; rv:1.9.2.28) Gecko/20120306 Firefox/3.6.28"
195.111.73.20 - - [04/Jul/2013:09:25:55 +0200] "GET /favicon.ico HTTP/1.1" 404 287 "-" "Mozilla/5.0 (Windows; U; Windows NT 5.1; hu; rv:1.9.2.28) Gecko/20120306 Firefox/3.6.28"
195.111.73.20 - - [04/Jul/2013:09:25:58 +0200] "GET /favicon.ico HTTP/1.1" 404 287 "-" "Mozilla/5.0 (Windows; U; Windows NT 5.1; hu; rv:1.9.2.28) Gecko/20120306 Firefox/3.6.28"
208.167.230.35 - - [04/Jul/2013:09:27:13 +0200] "GET /documents/english/diary3.htm HTTP/1.1" 404 314 "-" "Mozilla/5.0 (compatible; AhrefsBot/4.0; +http://ahrefs.com/robot/)"
195.56.55.225 - - [04/Jul/2013:09:27:54 +0200] "GET /test.html HTTP/1.1" 200 56 "-" "monit/4.6"
89.248.174.60 - - [04/Jul/2013:09:28:50 +0200] "GET /forum_attac.php3?id_article=983&retour=cikk.php3%3Fid_article%3D983 HTTP/1.1" 404 292 "-" "Mozilla/4.0 (compatible; MSIE 6.0; Windows NT 5.1; SV1)"
195.56.55.225 - - [04/Jul/2013:09:30:14 +0200] "GET /test.html HTTP/1.1" 200 56 "-" "monit/4.6"
195.56.55.225 - - [04/Jul/2013:09:32:17 +0200] "GET /test.html HTTP/1.1" 200 56 "-" "monit/4.6"
72.14.199.132 - - [04/Jul/2013:09:32:48 +0200] "GET / HTTP/1.1" 200 1155 "-" "Feedfetcher-Google; (+http://www.google.com/feedfetcher.html; 1 subscribers; feed-id=849169264004692768)"
195.56.55.225 - - [04/Jul/2013:09:34:19 +0200] "GET /test.html HTTP/1.1" 200 56 "-" "monit/4.6"
195.56.55.225 - - [04/Jul/2013:09:36:21 +0200] "GET /test.html HTTP/1.1" 200 56 "-" "monit/4.6"
195.56.55.225 - - [04/Jul/2013:09:38:25 +0200] "GET /test.html HTTP/1.1" 200 56 "-" "monit/4.6"
91.232.96.36 - - [04/Jul/2013:09:39:49 +0200] "GET /forum_attac.php3?id_article=983&retour=cikk.php3%3Fid_article%3D983 HTTP/1.1" 404 292 "-" "Mozilla/4.0 (compatible; MSIE 6.0; Windows NT 5.1; SV1)"
195.56.55.225 - - [04/Jul/2013:09:40:28 +0200] "GET /test.html HTTP/1.1" 200 56 "-" "monit/4.6"
195.56.55.225 - - [04/Jul/2013:09:42:30 +0200] "GET /test.html HTTP/1.1" 200 56 "-" "monit/4.6"
118.97.95.182 - - [04/Jul/2013:09:43:53 +0200] "POST /forum_attac.php3?id_article=710&retour=cikk HTTP/1.0" 404 280 "http://attac.zpok.hu/forum_attac.php3?id_article=710&retour=cikk" "Mozilla/4.0 (compatible; MSIE 6.0; Windows NT 5.1; SV1)"
195.56.55.225 - - [04/Jul/2013:09:44:33 +0200] "GET /test.html HTTP/1.1" 200 56 "-" "monit/4.6"
80.187.111.80 - - [04/Jul/2013:09:45:26 +0200] "-" 408 - "-" "-"
80.187.111.80 - - [04/Jul/2013:09:45:26 +0200] "-" 408 - "-" "-"
195.56.55.225 - - [04/Jul/2013:09:46:35 +0200] "GET /test.html HTTP/1.1" 200 56 "-" "monit/4.6"
66.249.78.218 - - [04/Jul/2013:09:47:13 +0200] "GET /cikk.php3?id_article=1254 HTTP/1.1" 404 285 "-" "Mozilla/5.0 (compatible; Googlebot/2.1; +http://www.google.com/bot.html)"
54.234.32.221 - - [04/Jul/2013:09:47:53 +0200] "GET /blog/2/feed HTTP/1.1" 404 290 "-" "Mozilla/5.0 (compatible; FlipboardRSS/1.1; +http://flipboard.com/browserproxy)"
195.56.55.225 - - [04/Jul/2013:09:48:37 +0200] "GET /test.html HTTP/1.1" 200 56 "-" "monit/4.6"
195.56.55.225 - - [04/Jul/2013:09:50:40 +0200] "GET /test.html HTTP/1.1" 200 56 "-" "monit/4.6"
89.248.174.60 - - [04/Jul/2013:09:51:43 +0200] "GET /forum_attac.php3?id_article=983&retour=cikk.php3%3Fid_article%3D983 HTTP/1.1" 404 292 "-" "Mozilla/4.0 (compatible; MSIE 6.0; Windows NT 5.1; SV1)"
195.56.55.225 - - [04/Jul/2013:09:52:43 +0200] "GET /test.html HTTP/1.1" 200 56 "-" "monit/4.6"
84.2.95.138 - - [04/Jul/2013:09:54:21 +0200] "-" 408 - "-" "-"
195.56.55.225 - - [04/Jul/2013:09:54:45 +0200] "GET /test.html HTTP/1.1" 200 56 "-" "monit/4.6"
195.56.55.225 - - [04/Jul/2013:09:56:48 +0200] "GET /test.html HTTP/1.1" 200 56 "-" "monit/4.6"
93.159.230.39 - - [04/Jul/2013:09:57:09 +0200] "-" 408 - "-" "-"
195.56.55.225 - - [04/Jul/2013:09:58:50 +0200] "GET /test.html HTTP/1.1" 200 56 "-" "monit/4.6"
195.56.55.225 - - [04/Jul/2013:10:00:52 +0200] "GET /test.html HTTP/1.1" 200 56 "-" "monit/4.6"
217.69.133.69 - - [04/Jul/2013:10:02:33 +0200] "GET /robots.txt HTTP/1.0" 404 282 "-" "Mozilla/5.0 (compatible; Linux x86_64; Mail.RU_Bot/2.0; +http://go.mail.ru/help/robots)"
195.56.55.225 - - [04/Jul/2013:10:02:54 +0200] "GET /test.html HTTP/1.1" 200 56 "-" "monit/4.6"
91.232.96.36 - - [04/Jul/2013:10:04:00 +0200] "GET /forum_attac.php3?id_article=983&retour=cikk.php3%3Fid_article%3D983 HTTP/1.1" 404 292 "-" "Mozilla/4.0 (compatible; MSIE 6.0; Windows NT 5.1; SV1)"
195.56.55.225 - - [04/Jul/2013:10:04:56 +0200] "GET /test.html HTTP/1.1" 200 56 "-" "monit/4.6"
195.56.55.225 - - [04/Jul/2013:10:06:58 +0200] "GET /test.html HTTP/1.1" 200 56 "-" "monit/4.6"
218.94.1.72 - - [04/Jul/2013:10:08:18 +0200] "POST /forum_attac.php3?id_article=710&retour=cikk HTTP/1.1" 404 292 "http://attac.zpok.hu/forum_attac.php3?id_article=710&retour=cikk" "Mozilla/4.0 (compatible; MSIE 6.0; Windows NT 5.1; SV1)"
195.56.55.225 - - [04/Jul/2013:10:09:00 +0200] "GET /test.html HTTP/1.1" 200 56 "-" "monit/4.6"
195.56.55.225 - - [04/Jul/2013:10:11:03 +0200] "GET /test.html HTTP/1.1" 200 56 "-" "monit/4.6"
195.56.55.225 - - [04/Jul/2013:10:13:05 +0200] "GET /test.html HTTP/1.1" 200 56 "-" "monit/4.6"
89.248.174.60 - - [04/Jul/2013:10:14:51 +0200] "GET /forum_attac.php3?id_article=983&retour=cikk.php3%3Fid_article%3D983 HTTP/1.1" 404 292 "-" "Mozilla/4.0 (compatible; MSIE 6.0; Windows NT 5.1; SV1)"
195.56.55.225 - - [04/Jul/2013:10:15:07 +0200] "GET /test.html HTTP/1.1" 200 56 "-" "monit/4.6"
205.209.150.27 - - [04/Jul/2013:10:16:42 +0200] "-" 408 - "-" "-"
205.209.150.27 - - [04/Jul/2013:10:16:42 +0200] "-" 408 - "-" "-"
205.209.150.27 - - [04/Jul/2013:10:16:42 +0200] "-" 408 - "-" "-"
205.209.150.27 - - [04/Jul/2013:10:16:42 +0200] "-" 408 - "-" "-"
195.56.55.225 - - [04/Jul/2013:10:17:09 +0200] "GET /test.html HTTP/1.1" 200 56 "-" "monit/4.6"
195.56.55.225 - - [04/Jul/2013:10:19:11 +0200] "GET /test.html HTTP/1.1" 200 56 "-" "monit/4.6"
195.56.55.225 - - [04/Jul/2013:10:21:13 +0200] "GET /test.html HTTP/1.1" 200 56 "-" "monit/4.6"
195.56.55.225 - - [04/Jul/2013:10:23:16 +0200] "GET /test.html HTTP/1.1" 200 56 "-" "monit/4.6"
195.56.55.225 - - [04/Jul/2013:10:25:18 +0200] "GET /test.html HTTP/1.1" 200 56 "-" "monit/4.6"
89.44.124.11 - - [04/Jul/2013:10:25:58 +0200] "POST /forum_attac.php3?id_article=710&retour=cikk HTTP/1.1" 404 292 "http://attac.zpok.hu/forum_attac.php3?id_article=710&retour=cikk" "Mozilla/4.0 (compatible; MSIE 6.0; Windows NT 5.1; SV1)"
64.235.152.13 - - [04/Jul/2013:10:26:00 +0200] "POST /forum_attac.php3?id_article=710&retour=cikk HTTP/1.1" 404 292 "http://attac.zpok.hu/forum_attac.php3?id_article=710&retour=cikk" "Mozilla/4.0 (compatible; MSIE 6.0; Windows NT 5.1; SV1)"
37.57.183.13 - - [04/Jul/2013:10:26:00 +0200] "POST /forum_attac.php3?id_article=710&retour=cikk HTTP/1.1" 404 292 "http://attac.zpok.hu/forum_attac.php3?id_article=710&retour=cikk" "Mozilla/4.0 (compatible; MSIE 6.0; Windows NT 5.1; SV1)"
91.232.96.36 - - [04/Jul/2013:10:27:02 +0200] "GET /forum_attac.php3?id_article=983&retour=cikk.php3%3Fid_article%3D983 HTTP/1.1" 404 292 "-" "Mozilla/4.0 (compatible; MSIE 6.0; Windows NT 5.1; SV1)"
195.56.55.225 - - [04/Jul/2013:10:27:23 +0200] "GET /test.html HTTP/1.1" 200 56 "-" "monit/4.6"
195.56.55.225 - - [04/Jul/2013:10:29:31 +0200] "GET /test.html HTTP/1.1" 200 56 "-" "monit/4.6"
195.56.55.225 - - [04/Jul/2013:10:31:34 +0200] "GET /test.html HTTP/1.1" 200 56 "-" "monit/4.6"
195.56.55.225 - - [04/Jul/2013:10:33:37 +0200] "GET /test.html HTTP/1.1" 200 56 "-" "monit/4.6"
203.234.242.110 - - [04/Jul/2013:10:34:21 +0200] "POST /forum_attac.php3?id_article=710&retour=cikk HTTP/1.1" 404 292 "http://attac.zpok.hu/forum_attac.php3?id_article=710&retour=cikk" "Mozilla/4.0 (compatible; MSIE 6.0; Windows NT 5.1; SV1)"
195.56.55.225 - - [04/Jul/2013:10:35:39 +0200] "GET /test.html HTTP/1.1" 200 56 "-" "monit/4.6"
89.248.174.60 - - [04/Jul/2013:10:37:40 +0200] "GET /forum_attac.php3?id_article=983&retour=cikk.php3%3Fid_article%3D983 HTTP/1.1" 404 292 "-" "Mozilla/4.0 (compatible; MSIE 6.0; Windows NT 5.1; SV1)"
195.56.55.225 - - [04/Jul/2013:10:37:41 +0200] "GET /test.html HTTP/1.1" 200 56 "-" "monit/4.6"
195.56.55.225 - - [04/Jul/2013:10:39:43 +0200] "GET /test.html HTTP/1.1" 200 56 "-" "monit/4.6"
195.56.55.225 - - [04/Jul/2013:10:41:45 +0200] "GET /test.html HTTP/1.1" 200 56 "-" "monit/4.6"
125.39.171.194 - - [04/Jul/2013:10:42:10 +0200] "GET /IMG/European_SW_Report_2010-eng.pdf HTTP/1.1" 404 311 "http://attac.zpok.hu/IMG/European_SW_Report_2010-eng.pdf" "Mozilla/5.0 (Windows NT 6.1; WOW64) AppleWebKit/537.11 (KHTML, like Gecko) Chrome/23.0.1271.64 Safari/537.11"
61.55.141.10 - - [04/Jul/2013:10:42:11 +0200] "GET /IMG/European_SW_Report_2010-eng.pdf HTTP/1.0" 404 299 "http://attac.zpok.hu/IMG/European_SW_Report_2010-eng.pdf" "Mozilla/5.0 (Windows NT 6.1; WOW64) AppleWebKit/537.11 (KHTML, like Gecko) Chrome/23.0.1271.64 Safari/537.11"
123.129.214.155 - - [04/Jul/2013:10:42:13 +0200] "GET /IMG/European_SW_Report_2010-eng.pdf HTTP/1.0" 404 299 "http://attac.zpok.hu/IMG/European_SW_Report_2010-eng.pdf" "Mozilla/5.0 (Windows NT 6.1; WOW64) AppleWebKit/537.11 (KHTML, like Gecko) Chrome/23.0.1271.64 Safari/537.11"
112.231.65.71 - - [04/Jul/2013:10:42:17 +0200] "GET /IMG/European_SW_Report_2010-eng.pdf HTTP/1.0" 404 299 "http://attac.zpok.hu/IMG/European_SW_Report_2010-eng.pdf" "Mozilla/5.0 (Windows NT 6.1; WOW64) AppleWebKit/537.11 (KHTML, like Gecko) Chrome/23.0.1271.64 Safari/537.11"
125.39.171.194 - - [04/Jul/2013:10:42:29 +0200] "GET /IMG/European_SW_Report_2010-eng.pdf HTTP/1.1" 404 311 "http://attac.zpok.hu/IMG/European_SW_Report_2010-eng.pdf" "Mozilla/5.0 (Windows NT 6.1; WOW64) AppleWebKit/537.11 (KHTML, like Gecko) Chrome/23.0.1271.64 Safari/537.11"
114.242.120.21 - - [04/Jul/2013:10:42:40 +0200] "GET /IMG/European_SW_Report_2010-eng.pdf HTTP/1.1" 404 311 "http://attac.zpok.hu/IMG/European_SW_Report_2010-eng.pdf" "Mozilla/5.0 (Windows NT 6.1; WOW64) AppleWebKit/537.11 (KHTML, like Gecko) Chrome/23.0.1271.64 Safari/537.11"
123.129.214.155 - - [04/Jul/2013:10:42:44 +0200] "GET /IMG/European_SW_Report_2010-eng.pdf HTTP/1.0" 404 299 "http://attac.zpok.hu/IMG/European_SW_Report_2010-eng.pdf" "Mozilla/5.0 (Windows NT 6.1; WOW64) AppleWebKit/537.11 (KHTML, like Gecko) Chrome/23.0.1271.64 Safari/537.11"
125.39.171.194 - - [04/Jul/2013:10:42:46 +0200] "GET /IMG/European_SW_Report_2010-eng.pdf HTTP/1.1" 404 311 "http://attac.zpok.hu/IMG/European_SW_Report_2010-eng.pdf" "Mozilla/5.0 (Windows NT 6.1; WOW64) AppleWebKit/537.11 (KHTML, like Gecko) Chrome/23.0.1271.64 Safari/537.11"
123.129.214.155 - - [04/Jul/2013:10:42:48 +0200] "GET /IMG/European_SW_Report_2010-eng.pdf HTTP/1.0" 404 299 "http://attac.zpok.hu/IMG/European_SW_Report_2010-eng.pdf" "Mozilla/5.0 (Windows NT 6.1; WOW64) AppleWebKit/537.11 (KHTML, like Gecko) Chrome/23.0.1271.64 Safari/537.11"
123.129.214.155 - - [04/Jul/2013:10:42:52 +0200] "GET /IMG/European_SW_Report_2010-eng.pdf HTTP/1.0" 404 299 "http://attac.zpok.hu/IMG/European_SW_Report_2010-eng.pdf" "Mozilla/5.0 (Windows NT 6.1; WOW64) AppleWebKit/537.11 (KHTML, like Gecko) Chrome/23.0.1271.64 Safari/537.11"
112.5.183.235 - - [04/Jul/2013:10:42:56 +0200] "GET http://attac.zpok.hu/IMG/European_SW_Report_2010-eng.pdf HTTP/1.0" 404 299 "http://attac.zpok.hu/IMG/European_SW_Report_2010-eng.pdf" "Mozilla/5.0 (Windows NT 6.1; WOW64) AppleWebKit/537.11 (KHTML, like Gecko) Chrome/23.0.1271.64 Safari/537.11"
123.129.214.155 - - [04/Jul/2013:10:42:57 +0200] "GET /IMG/European_SW_Report_2010-eng.pdf HTTP/1.0" 404 299 "http://attac.zpok.hu/IMG/European_SW_Report_2010-eng.pdf" "Mozilla/5.0 (Windows NT 6.1; WOW64) AppleWebKit/537.11 (KHTML, like Gecko) Chrome/23.0.1271.64 Safari/537.11"
202.121.96.34 - - [04/Jul/2013:10:42:59 +0200] "GET /IMG/European_SW_Report_2010-eng.pdf HTTP/1.0" 404 299 "http://attac.zpok.hu/IMG/European_SW_Report_2010-eng.pdf" "Mozilla/5.0 (Windows NT 6.1; WOW64) AppleWebKit/537.11 (KHTML, like Gecko) Chrome/23.0.1271.64 Safari/537.11"
202.121.96.34 - - [04/Jul/2013:10:43:00 +0200] "GET /IMG/European_SW_Report_2010-eng.pdf HTTP/1.0" 404 299 "http://attac.zpok.hu/IMG/European_SW_Report_2010-eng.pdf" "Mozilla/5.0 (Windows NT 6.1; WOW64) AppleWebKit/537.11 (KHTML, like Gecko) Chrome/23.0.1271.64 Safari/537.11"
202.121.96.34 - - [04/Jul/2013:10:43:01 +0200] "GET / HTTP/1.0" 200 1155 "http://attac.zpok.hu/" "Mozilla/5.0 (Windows NT 6.1; WOW64) AppleWebKit/537.11 (KHTML, like Gecko) Chrome/23.0.1271.64 Safari/537.11"
145.236.2.11 - - [04/Jul/2013:10:43:14 +0200] "-" 408 - "-" "-"
195.56.55.225 - - [04/Jul/2013:10:43:47 +0200] "GET /test.html HTTP/1.1" 200 56 "-" "monit/4.6"
195.56.55.225 - - [04/Jul/2013:10:45:50 +0200] "GET /test.html HTTP/1.1" 200 56 "-" "monit/4.6"
195.56.55.225 - - [04/Jul/2013:10:47:52 +0200] "GET /test.html HTTP/1.1" 200 56 "-" "monit/4.6"
195.56.55.225 - - [04/Jul/2013:10:49:54 +0200] "GET /test.html HTTP/1.1" 200 56 "-" "monit/4.6"
91.232.96.36 - - [04/Jul/2013:10:50:05 +0200] "GET /forum_attac.php3?id_article=983&retour=cikk.php3%3Fid_article%3D983 HTTP/1.1" 404 292 "-" "Mozilla/4.0 (compatible; MSIE 6.0; Windows NT 5.1; SV1)"
208.115.216.18 - - [04/Jul/2013:10:51:28 +0200] "GET http://121.199.48.71/engine.php HTTP/1.0" 404 274 "http://121.199.48.71/engine.php" "Mozilla/4.0 (compatible; MSIE 6.0; Windows 98; Win 9x 4.90)"
195.56.55.225 - - [04/Jul/2013:10:52:17 +0200] "GET /test.html HTTP/1.1" 200 56 "-" "monit/4.6"
69.162.95.250 - - [04/Jul/2013:10:52:37 +0200] "GET http://121.199.48.71/engine.php HTTP/1.0" 404 274 "http://121.199.48.71/engine.php" "Mozilla/4.0 (compatible; MSIE 6.0; Windows 98; Win 9x 4.90)"
46.107.197.17 - - [04/Jul/2013:10:53:53 +0200] "GET /proxy.pac HTTP/1.1" 404 282 "-" "Mozilla/5.0 (compatible; MSIE 10.0; Win32; Trident/6.0)"
46.107.197.17 - - [04/Jul/2013:10:54:12 +0200] "GET /proxy.pac HTTP/1.1" 404 282 "-" "Mozilla/5.0 (compatible; MSIE 10.0; Win32; Trident/6.0)"
46.107.197.17 - - [04/Jul/2013:10:54:13 +0200] "GET /proxy.pac HTTP/1.1" 404 282 "-" "-"
46.107.197.17 - - [04/Jul/2013:10:54:16 +0200] "GET /proxy.pac HTTP/1.1" 404 282 "-" "Mozilla/5.0 (compatible; MSIE 10.0; Win32; Trident/6.0)"
46.107.197.17 - - [04/Jul/2013:10:54:17 +0200] "GET /proxy.pac HTTP/1.1" 404 282 "-" "-"
