46.107.197.17 - - [03/Jul/2013:23:15:47 +0200] "GET /proxy.pac HTTP/1.1" 404 282 "-" "Mozilla/5.0 (compatible; MSIE 10.0; Win32; Trident/6.0)"
195.56.55.225 - - [03/Jul/2013:23:17:36 +0200] "GET /test.html HTTP/1.1" 200 56 "-" "monit/4.6"
91.232.96.36 - - [03/Jul/2013:23:18:57 +0200] "GET /forum_attac.php3?id_article=983&retour=cikk.php3%3Fid_article%3D983 HTTP/1.1" 404 292 "-" "Mozilla/4.0 (compatible; MSIE 6.0; Windows NT 5.1; SV1)"
89.248.174.60 - - [03/Jul/2013:23:19:38 +0200] "GET /forum_attac.php3?id_article=983&retour=cikk.php3%3Fid_article%3D983 HTTP/1.1" 404 292 "-" "Mozilla/4.0 (compatible; MSIE 6.0; Windows NT 5.1; SV1)"
195.56.55.225 - - [03/Jul/2013:23:19:38 +0200] "GET /test.html HTTP/1.1" 200 56 "-" "monit/4.6"
208.115.111.71 - - [03/Jul/2013:23:20:49 +0200] "GET /cikk.php3?id_article=486 HTTP/1.1" 404 285 "-" "Mozilla/5.0 (compatible; Ezooms/1.0; ezooms.bot@gmail.com)"
195.56.55.225 - - [03/Jul/2013:23:21:41 +0200] "GET /test.html HTTP/1.1" 200 56 "-" "monit/4.6"
195.56.55.225 - - [03/Jul/2013:23:23:53 +0200] "GET /test.html HTTP/1.1" 200 56 "-" "monit/4.6"
208.115.111.74 - - [03/Jul/2013:23:25:46 +0200] "GET /robots.txt HTTP/1.1" 404 296 "-" "Mozilla/5.0 (compatible; Ezooms/1.0; ezooms.bot@gmail.com)"
195.56.55.225 - - [03/Jul/2013:23:25:57 +0200] "GET /test.html HTTP/1.1" 200 56 "-" "monit/4.6"
37.58.52.15 - - [03/Jul/2013:23:26:31 +0200] "GET /robots.txt HTTP/1.0" 404 278 "-" "Mozilla/5.0 (compatible; AcoonBot/4.11.1; +http://www.acoon.de/robot.asp)"
37.58.52.15 - - [03/Jul/2013:23:26:31 +0200] "GET /tevekenysegunk/biojosagok/okovasar HTTP/1.0" 404 302 "-" "Mozilla/5.0 (compatible; AcoonBot/4.11.1; +http://www.acoon.de/robot.asp)"
157.56.93.39 - - [03/Jul/2013:23:26:48 +0200] "GET /robots.txt HTTP/1.1" 404 299 "-" "Mozilla/5.0 (compatible; bingbot/2.0; +http://www.bing.com/bingbot.htm)"
212.234.83.216 - - [03/Jul/2013:23:27:29 +0200] "GET / HTTP/1.1" 200 1155 "-" "Mozilla/4.0 (compatible; MSIE 5.5; Windows 98)"
157.56.93.39 - - [03/Jul/2013:23:27:46 +0200] "GET /kompasz/kert_egy_ejszaka_alatt HTTP/1.1" 404 319 "-" "Mozilla/5.0 (compatible; bingbot/2.0; +http://www.bing.com/bingbot.htm)"
195.56.55.225 - - [03/Jul/2013:23:28:01 +0200] "GET /test.html HTTP/1.1" 200 56 "-" "monit/4.6"
195.56.55.225 - - [03/Jul/2013:23:30:05 +0200] "GET /test.html HTTP/1.1" 200 56 "-" "monit/4.6"
46.107.197.17 - - [03/Jul/2013:23:30:46 +0200] "GET /proxy.pac HTTP/1.1" 404 282 "-" "Mozilla/5.0 (compatible; MSIE 10.0; Win32; Trident/6.0)"
195.56.55.225 - - [03/Jul/2013:23:32:08 +0200] "GET /test.html HTTP/1.1" 200 56 "-" "monit/4.6"
195.56.55.225 - - [03/Jul/2013:23:34:10 +0200] "GET /test.html HTTP/1.1" 200 56 "-" "monit/4.6"
157.55.33.29 - - [03/Jul/2013:23:35:15 +0200] "GET /robots.txt HTTP/1.1" 404 288 "-" "Mozilla/5.0 (compatible; bingbot/2.0; +http://www.bing.com/bingbot.htm)"
195.56.55.225 - - [03/Jul/2013:23:36:12 +0200] "GET /test.html HTTP/1.1" 200 56 "-" "monit/4.6"
195.56.55.225 - - [03/Jul/2013:23:38:14 +0200] "GET /test.html HTTP/1.1" 200 56 "-" "monit/4.6"
66.249.75.154 - - [03/Jul/2013:23:38:40 +0200] "GET / HTTP/1.1" 200 1155 "-" "DoCoMo/2.0 N905i(c100;TB;W24H16) (compatible; Googlebot-Mobile/2.1; +http://www.google.com/bot.html)"
195.56.55.225 - - [03/Jul/2013:23:40:16 +0200] "GET /test.html HTTP/1.1" 200 56 "-" "monit/4.6"
91.232.96.36 - - [03/Jul/2013:23:41:56 +0200] "GET /forum_attac.php3?id_article=983&retour=cikk.php3%3Fid_article%3D983 HTTP/1.1" 404 292 "-" "Mozilla/4.0 (compatible; MSIE 6.0; Windows NT 5.1; SV1)"
195.56.55.225 - - [03/Jul/2013:23:42:20 +0200] "GET /test.html HTTP/1.1" 200 56 "-" "monit/4.6"
65.55.213.245 - - [03/Jul/2013:23:42:30 +0200] "GET /trafficbasedsspsitemap.xml HTTP/1.1" 404 302 "-" "Mozilla/5.0 (compatible; bingbot/2.0; +http://www.bing.com/bingbot.htm) SitemapProbe"
89.248.174.60 - - [03/Jul/2013:23:42:47 +0200] "GET /forum_attac.php3?id_article=983&retour=cikk.php3%3Fid_article%3D983 HTTP/1.1" 404 292 "-" "Mozilla/4.0 (compatible; MSIE 6.0; Windows NT 5.1; SV1)"
195.56.55.225 - - [03/Jul/2013:23:44:22 +0200] "GET /test.html HTTP/1.1" 200 56 "-" "monit/4.6"
195.56.55.225 - - [03/Jul/2013:23:46:24 +0200] "GET /test.html HTTP/1.1" 200 56 "-" "monit/4.6"
195.56.55.225 - - [03/Jul/2013:23:48:26 +0200] "GET /test.html HTTP/1.1" 200 56 "-" "monit/4.6"
195.56.55.225 - - [03/Jul/2013:23:50:29 +0200] "GET /test.html HTTP/1.1" 200 56 "-" "monit/4.6"
95.130.11.122 - - [03/Jul/2013:23:50:56 +0200] "POST /forum_attac.php3?id_article=710&retour=cikk HTTP/1.1" 404 292 "http://attac.zpok.hu/forum_attac.php3?id_article=710&retour=cikk" "Mozilla/4.0 (compatible; MSIE 6.0; Windows NT 5.1; SV1)"
121.52.71.23 - - [03/Jul/2013:23:51:49 +0200] "POST /forum_attac.php3?id_article=710&retour=cikk HTTP/1.1" 404 292 "http://attac.zpok.hu/forum_attac.php3?id_article=710&retour=cikk" "Mozilla/4.0 (compatible; MSIE 6.0; Windows NT 5.1; SV1)"
134.201.250.155 - - [03/Jul/2013:23:51:49 +0200] "POST /forum_attac.php3?id_article=710&retour=cikk HTTP/1.1" 404 292 "http://attac.zpok.hu/forum_attac.php3?id_article=710&retour=cikk" "Mozilla/4.0 (compatible; MSIE 6.0; Windows NT 5.1; SV1)"
117.30.93.211 - - [03/Jul/2013:23:52:05 +0200] "-" 408 - "-" "-"
66.249.78.234 - - [03/Jul/2013:23:52:15 +0200] "GET /robots.txt HTTP/1.1" 404 291 "-" "Mozilla/5.0 (compatible; Googlebot/2.1; +http://www.google.com/bot.html)"
66.249.75.14 - - [03/Jul/2013:23:52:16 +0200] "GET / HTTP/1.1" 200 1155 "-" "DoCoMo/2.0 N905i(c100;TB;W24H16) (compatible; Googlebot-Mobile/2.1; +http://www.google.com/bot.html)"
195.56.55.225 - - [03/Jul/2013:23:52:31 +0200] "GET /test.html HTTP/1.1" 200 56 "-" "monit/4.6"
195.56.55.225 - - [03/Jul/2013:23:54:33 +0200] "GET /test.html HTTP/1.1" 200 56 "-" "monit/4.6"
195.56.55.225 - - [03/Jul/2013:23:56:36 +0200] "GET /test.html HTTP/1.1" 200 56 "-" "monit/4.6"
202.125.84.2 - - [03/Jul/2013:23:57:28 +0200] "POST /forum_attac.php3?id_article=710&retour=cikk HTTP/1.1" 404 292 "http://attac.zpok.hu/forum_attac.php3?id_article=710&retour=cikk" "Mozilla/4.0 (compatible; MSIE 6.0; Windows NT 5.1; SV1)"
180.250.169.14 - - [03/Jul/2013:23:57:31 +0200] "POST /forum_attac.php3?id_article=710&retour=cikk HTTP/1.1" 404 292 "http://attac.zpok.hu/forum_attac.php3?id_article=710&retour=cikk" "Mozilla/4.0 (compatible; MSIE 6.0; Windows NT 5.1; SV1)"
111.95.243.35 - - [03/Jul/2013:23:57:32 +0200] "POST /forum_attac.php3?id_article=710&retour=cikk HTTP/1.1" 404 292 "http://attac.zpok.hu/forum_attac.php3?id_article=710&retour=cikk" "Mozilla/4.0 (compatible; MSIE 6.0; Windows NT 5.1; SV1)"
195.56.55.225 - - [03/Jul/2013:23:58:38 +0200] "GET /test.html HTTP/1.1" 200 56 "-" "monit/4.6"
189.135.247.2 - - [03/Jul/2013:23:59:08 +0200] "-" 408 - "-" "-"
50.62.145.225 - - [04/Jul/2013:00:00:28 +0200] "POST" 405 - "-" "-"
195.56.55.225 - - [04/Jul/2013:00:00:45 +0200] "GET /test.html HTTP/1.1" 200 56 "-" "monit/4.6"
157.55.33.29 - - [04/Jul/2013:00:01:00 +0200] "GET / HTTP/1.1" 200 1155 "-" "Mozilla/5.0 (compatible; bingbot/2.0; +http://www.bing.com/bingbot.htm)"
195.56.55.225 - - [04/Jul/2013:00:02:48 +0200] "GET /test.html HTTP/1.1" 200 56 "-" "monit/4.6"
208.115.216.18 - - [04/Jul/2013:00:03:06 +0200] "GET http://121.199.48.71/engine.php HTTP/1.0" 404 274 "http://121.199.48.71/engine.php" "Mozilla/4.0 (compatible; MSIE 6.0; Windows 98; Win 9x 4.90)"
180.76.5.67 - - [04/Jul/2013:00:04:47 +0200] "GET /robots.txt HTTP/1.1" 404 285 "-" "Mozilla/5.0 (Windows NT 5.1; rv:6.0.2) Gecko/20100101 Firefox/6.0.2"
195.56.55.225 - - [04/Jul/2013:00:04:50 +0200] "GET /test.html HTTP/1.1" 200 56 "-" "monit/4.6"
91.232.96.36 - - [04/Jul/2013:00:04:53 +0200] "GET /forum_attac.php3?id_article=983&retour=cikk.php3%3Fid_article%3D983 HTTP/1.1" 404 292 "-" "Mozilla/4.0 (compatible; MSIE 6.0; Windows NT 5.1; SV1)"
66.249.78.92 - - [04/Jul/2013:00:05:50 +0200] "GET /robots.txt HTTP/1.1" 404 288 "-" "Mozilla/5.0 (compatible; Googlebot/2.1; +http://www.google.com/bot.html)"
66.249.75.22 - - [04/Jul/2013:00:05:51 +0200] "GET / HTTP/1.1" 200 1155 "-" "DoCoMo/2.0 N905i(c100;TB;W24H16) (compatible; Googlebot-Mobile/2.1; +http://www.google.com/bot.html)"
195.56.55.225 - - [04/Jul/2013:00:06:52 +0200] "GET /test.html HTTP/1.1" 200 56 "-" "monit/4.6"
69.162.95.250 - - [04/Jul/2013:00:06:55 +0200] "GET http://121.199.48.71/engine.php HTTP/1.0" 404 274 "http://121.199.48.71/engine.php" "Mozilla/4.0 (compatible; MSIE 6.0; Windows 98; Win 9x 4.90)"
186.47.54.109 - - [04/Jul/2013:00:07:33 +0200] "-" 408 - "-" "-"
195.56.55.225 - - [04/Jul/2013:00:08:54 +0200] "GET /test.html HTTP/1.1" 200 56 "-" "monit/4.6"
195.56.55.225 - - [04/Jul/2013:00:10:56 +0200] "GET /test.html HTTP/1.1" 200 56 "-" "monit/4.6"
195.56.55.225 - - [04/Jul/2013:00:13:00 +0200] "GET /test.html HTTP/1.1" 200 56 "-" "monit/4.6"
195.56.55.225 - - [04/Jul/2013:00:15:02 +0200] "GET /test.html HTTP/1.1" 200 56 "-" "monit/4.6"
195.56.55.225 - - [04/Jul/2013:00:17:05 +0200] "GET /test.html HTTP/1.1" 200 56 "-" "monit/4.6"
157.55.32.110 - - [04/Jul/2013:00:18:06 +0200] "GET /robots.txt HTTP/1.1" 404 286 "-" "Mozilla/5.0 (compatible; bingbot/2.0; +http://www.bing.com/bingbot.htm)"
195.56.55.225 - - [04/Jul/2013:00:19:07 +0200] "GET /test.html HTTP/1.1" 200 56 "-" "monit/4.6"
31.128.224.184 - - [04/Jul/2013:00:19:24 +0200] "GET / HTTP/1.0" 200 1155 "http://attac.zpok.hu/" "Opera/9.80 (Windows NT 6.1; Win64; x64; Edition Yx) Presto/2.12.388 Version/12.10"
195.56.55.225 - - [04/Jul/2013:00:21:09 +0200] "GET /test.html HTTP/1.1" 200 56 "-" "monit/4.6"
195.56.55.225 - - [04/Jul/2013:00:23:11 +0200] "GET /test.html HTTP/1.1" 200 56 "-" "monit/4.6"
208.167.230.35 - - [04/Jul/2013:00:24:48 +0200] "GET /tevekenysegunk/zolduljunk/okologiai_fogyasztovedelem HTTP/1.1" 404 332 "-" "Mozilla/5.0 (compatible; AhrefsBot/4.0; +http://ahrefs.com/robot/)"
195.56.55.225 - - [04/Jul/2013:00:25:14 +0200] "GET /test.html HTTP/1.1" 200 56 "-" "monit/4.6"
195.56.55.225 - - [04/Jul/2013:00:27:16 +0200] "GET /test.html HTTP/1.1" 200 56 "-" "monit/4.6"
91.232.96.36 - - [04/Jul/2013:00:27:48 +0200] "GET /forum_attac.php3?id_article=983&retour=cikk.php3%3Fid_article%3D983 HTTP/1.1" 404 292 "-" "Mozilla/4.0 (compatible; MSIE 6.0; Windows NT 5.1; SV1)"
64.235.152.13 - - [04/Jul/2013:00:28:17 +0200] "POST /forum_attac.php3?id_article=710&retour=cikk HTTP/1.1" 404 292 "http://attac.zpok.hu/forum_attac.php3?id_article=710&retour=cikk" "Mozilla/4.0 (compatible; MSIE 6.0; Windows NT 5.1; SV1)"
91.228.178.138 - - [04/Jul/2013:00:28:20 +0200] "POST /forum_attac.php3?id_article=710&retour=cikk HTTP/1.0" 404 280 "http://attac.zpok.hu/forum_attac.php3?id_article=710&retour=cikk" "Mozilla/4.0 (compatible; MSIE 6.0; Windows NT 5.1; SV1)"
186.47.54.109 - - [04/Jul/2013:00:28:52 +0200] "-" 408 - "-" "-"
195.56.55.225 - - [04/Jul/2013:00:29:18 +0200] "GET /test.html HTTP/1.1" 200 56 "-" "monit/4.6"
92.40.88.124 - - [04/Jul/2013:00:29:20 +0200] "GET /proxy.pac HTTP/1.1" 404 282 "-" "Mozilla/5.0 (Windows NT 6.1; rv:5.0) Gecko/20100101 Firefox/5.0"
195.56.55.225 - - [04/Jul/2013:00:31:20 +0200] "GET /test.html HTTP/1.1" 200 56 "-" "monit/4.6"
72.14.199.132 - - [04/Jul/2013:00:32:19 +0200] "GET / HTTP/1.1" 200 1155 "-" "Feedfetcher-Google; (+http://www.google.com/feedfetcher.html; 1 subscribers; feed-id=849169264004692768)"
157.55.32.110 - - [04/Jul/2013:00:32:24 +0200] "GET / HTTP/1.1" 200 1155 "-" "Mozilla/5.0 (compatible; bingbot/2.0; +http://www.bing.com/bingbot.htm)"
111.95.243.36 - - [04/Jul/2013:00:32:35 +0200] "POST /forum_attac.php3?id_article=710&retour=cikk HTTP/1.1" 404 292 "http://attac.zpok.hu/forum_attac.php3?id_article=710&retour=cikk" "Mozilla/4.0 (compatible; MSIE 6.0; Windows NT 5.1; SV1)"
195.56.55.225 - - [04/Jul/2013:00:33:24 +0200] "GET /test.html HTTP/1.1" 200 56 "-" "monit/4.6"
181.112.5.208 - - [04/Jul/2013:00:35:12 +0200] "POST /wp-login.php HTTP/1.0" 404 271 "http://kyuka.ch/wp-login.php" "Mozilla/5.0 (Windows NT 6.1; rv:19.0) Gecko/20100101 Firefox/19.0"
181.112.5.208 - - [04/Jul/2013:00:35:15 +0200] "POST /wp-login.php HTTP/1.0" 404 275 "http://inkstill.com/wp-login.php" "Mozilla/5.0 (Windows NT 6.1; rv:19.0) Gecko/20100101 Firefox/19.0"
195.56.55.225 - - [04/Jul/2013:00:35:26 +0200] "GET /test.html HTTP/1.1" 200 56 "-" "monit/4.6"
195.56.55.225 - - [04/Jul/2013:00:37:28 +0200] "GET /test.html HTTP/1.1" 200 56 "-" "monit/4.6"
195.56.55.225 - - [04/Jul/2013:00:39:30 +0200] "GET /test.html HTTP/1.1" 200 56 "-" "monit/4.6"
217.69.133.69 - - [04/Jul/2013:00:40:18 +0200] "GET /robots.txt HTTP/1.0" 404 277 "-" "Mozilla/5.0 (compatible; Linux x86_64; Mail.RU_Bot/2.0; +http://go.mail.ru/help/robots)"
207.189.121.41 - - [04/Jul/2013:00:40:32 +0200] "GET / HTTP/1.1" 200 1155 "-" "Mozilla/5.0 (Windows; U; Windows NT 5.1; en-US; rv:1.9.2.8) Gecko/20100721 Firefox/3.6.8"
195.56.55.225 - - [04/Jul/2013:00:41:32 +0200] "GET /test.html HTTP/1.1" 200 56 "-" "monit/4.6"
173.208.165.90 - - [04/Jul/2013:00:43:30 +0200] "GET /robots.txt HTTP/1.0" 404 285 "-" "Mozilla/5.0 (compatible; MJ12bot/v1.4.3; http://www.majestic12.co.uk/bot.php?+)"
173.208.165.90 - - [04/Jul/2013:00:43:31 +0200] "GET /day/33 HTTP/1.0" 404 281 "-" "Mozilla/5.0 (compatible; MJ12bot/v1.4.3; http://www.majestic12.co.uk/bot.php?+)"
195.56.55.225 - - [04/Jul/2013:00:43:36 +0200] "GET /test.html HTTP/1.1" 200 56 "-" "monit/4.6"
208.167.230.35 - - [04/Jul/2013:00:45:11 +0200] "GET /az_egyesulet/kiadvanyaink HTTP/1.1" 404 305 "-" "Mozilla/5.0 (compatible; AhrefsBot/4.0; +http://ahrefs.com/robot/)"
65.55.52.108 - - [04/Jul/2013:00:45:18 +0200] "GET /robots.txt HTTP/1.1" 404 291 "-" "Mozilla/5.0 (compatible; bingbot/2.0; +http://www.bing.com/bingbot.htm)"
195.56.55.225 - - [04/Jul/2013:00:45:38 +0200] "GET /test.html HTTP/1.1" 200 56 "-" "monit/4.6"
65.55.52.108 - - [04/Jul/2013:00:47:05 +0200] "GET / HTTP/1.1" 200 1155 "-" "Mozilla/5.0 (compatible; bingbot/2.0; +http://www.bing.com/bingbot.htm)"
66.249.75.180 - - [04/Jul/2013:00:47:09 +0200] "GET /robots.txt HTTP/1.1" 404 294 "-" "Mozilla/5.0 (compatible; Googlebot/2.1; +http://www.google.com/bot.html)"
66.249.78.240 - - [04/Jul/2013:00:47:09 +0200] "GET / HTTP/1.1" 200 1155 "-" "Mozilla/5.0 (compatible; Googlebot/2.1; +http://www.google.com/bot.html)"
195.56.55.225 - - [04/Jul/2013:00:47:40 +0200] "GET /test.html HTTP/1.1" 200 56 "-" "monit/4.6"
202.46.59.70 - - [04/Jul/2013:00:48:06 +0200] "GET / HTTP/1.1" 200 1155 "-" "Mozilla/4.0 (compatible; MSIE 7.0; Windows NT 6.0)"
119.63.193.130 - - [04/Jul/2013:00:48:30 +0200] "GET / HTTP/1.1" 200 1155 "-" "Mozilla/4.0 (compatible; MSIE 7.0; Windows NT 6.0)"
195.56.55.225 - - [04/Jul/2013:00:49:44 +0200] "GET /test.html HTTP/1.1" 200 56 "-" "monit/4.6"
91.232.96.36 - - [04/Jul/2013:00:50:51 +0200] "GET /forum_attac.php3?id_article=983&retour=cikk.php3%3Fid_article%3D983 HTTP/1.1" 404 292 "-" "Mozilla/4.0 (compatible; MSIE 6.0; Windows NT 5.1; SV1)"
195.56.55.225 - - [04/Jul/2013:00:51:46 +0200] "GET /test.html HTTP/1.1" 200 56 "-" "monit/4.6"
66.249.78.218 - - [04/Jul/2013:00:52:11 +0200] "GET /article.php3?id_article=214 HTTP/1.1" 404 288 "-" "Mozilla/5.0 (compatible; Googlebot/2.1; +http://www.google.com/bot.html)"
195.56.55.225 - - [04/Jul/2013:00:53:48 +0200] "GET /test.html HTTP/1.1" 200 56 "-" "monit/4.6"
78.46.198.75 - - [04/Jul/2013:00:54:28 +0200] "GET / HTTP/1.1" 200 1155 "-" "ExB Language Crawler 2.1.5 (+http://www.exb.de/crawler)"
195.56.55.225 - - [04/Jul/2013:00:55:50 +0200] "GET /test.html HTTP/1.1" 200 56 "-" "monit/4.6"
195.56.55.225 - - [04/Jul/2013:00:57:52 +0200] "GET /test.html HTTP/1.1" 200 56 "-" "monit/4.6"
66.249.75.213 - - [04/Jul/2013:00:59:24 +0200] "GET /robots.txt HTTP/1.1" 404 296 "-" "Mozilla/5.0 (compatible; Googlebot/2.1; +http://www.google.com/bot.html)"
66.249.78.21 - - [04/Jul/2013:00:59:24 +0200] "GET /photos/bucharest1.htm HTTP/1.1" 404 307 "-" "Mozilla/5.0 (compatible; Googlebot/2.1; +http://www.google.com/bot.html)"
134.201.250.155 - - [04/Jul/2013:00:59:37 +0200] "POST /forum_attac.php3?id_article=710&retour=cikk HTTP/1.1" 404 292 "http://attac.zpok.hu/forum_attac.php3?id_article=710&retour=cikk" "Mozilla/4.0 (compatible; MSIE 6.0; Windows NT 5.1; SV1)"
195.56.55.225 - - [04/Jul/2013:00:59:54 +0200] "GET /test.html HTTP/1.1" 200 56 "-" "monit/4.6"
120.89.36.144 - - [04/Jul/2013:01:00:04 +0200] "POST /forum_attac.php3?id_article=710&retour=cikk HTTP/1.1" 404 292 "http://attac.zpok.hu/forum_attac.php3?id_article=710&retour=cikk" "Mozilla/4.0 (compatible; MSIE 6.0; Windows NT 5.1; SV1)"
118.140.81.50 - - [04/Jul/2013:01:00:26 +0200] "POST /forum_attac.php3?id_article=710&retour=cikk HTTP/1.1" 404 292 "http://attac.zpok.hu/forum_attac.php3?id_article=710&retour=cikk" "Mozilla/4.0 (compatible; MSIE 6.0; Windows NT 5.1; SV1)"
195.56.55.225 - - [04/Jul/2013:01:01:56 +0200] "GET /test.html HTTP/1.1" 200 56 "-" "monit/4.6"
173.227.230.236 - - [04/Jul/2013:01:03:42 +0200] "GET / HTTP/1.1" 200 1155 "-" "Mozilla/5.0 (Windows; U; Windows NT 5.1; en-US; rv:1.9.2.8) Gecko/20100721 Firefox/3.6.8"
66.249.78.21 - - [04/Jul/2013:01:03:44 +0200] "GET /documents/english/vigil.htm HTTP/1.1" 404 313 "-" "Mozilla/5.0 (compatible; Googlebot/2.1; +http://www.google.com/bot.html)"
195.56.55.225 - - [04/Jul/2013:01:03:58 +0200] "GET /test.html HTTP/1.1" 200 56 "-" "monit/4.6"
195.56.55.225 - - [04/Jul/2013:01:06:00 +0200] "GET /test.html HTTP/1.1" 200 56 "-" "monit/4.6"
66.249.78.21 - - [04/Jul/2013:01:06:59 +0200] "GET /documents/english/diary3.htm HTTP/1.1" 404 314 "-" "Mozilla/5.0 (compatible; Googlebot/2.1; +http://www.google.com/bot.html)"
173.199.120.171 - - [04/Jul/2013:01:07:52 +0200] "GET /cikk.php3?id_article=104 HTTP/1.1" 404 285 "-" "Mozilla/5.0 (compatible; AhrefsBot/4.0; +http://ahrefs.com/robot/)"
195.56.55.225 - - [04/Jul/2013:01:08:02 +0200] "GET /test.html HTTP/1.1" 200 56 "-" "monit/4.6"
111.95.243.35 - - [04/Jul/2013:01:08:48 +0200] "POST /forum_attac.php3?id_article=710&retour=cikk HTTP/1.1" 404 292 "http://attac.zpok.hu/forum_attac.php3?id_article=710&retour=cikk" "Mozilla/4.0 (compatible; MSIE 6.0; Windows NT 5.1; SV1)"
195.56.55.225 - - [04/Jul/2013:01:10:04 +0200] "GET /test.html HTTP/1.1" 200 56 "-" "monit/4.6"
78.46.198.75 - - [04/Jul/2013:01:12:01 +0200] "GET /counter/?pizolit HTTP/1.1" 404 283 "-" "ExB Language Crawler 2.1.5 (+http://www.exb.de/crawler)"
195.56.55.225 - - [04/Jul/2013:01:12:06 +0200] "GET /test.html HTTP/1.1" 200 56 "-" "monit/4.6"
91.232.96.36 - - [04/Jul/2013:01:14:02 +0200] "GET /forum_attac.php3?id_article=983&retour=cikk.php3%3Fid_article%3D983 HTTP/1.1" 404 292 "-" "Mozilla/4.0 (compatible; MSIE 6.0; Windows NT 5.1; SV1)"
195.56.55.225 - - [04/Jul/2013:01:14:08 +0200] "GET /test.html HTTP/1.1" 200 56 "-" "monit/4.6"
123.125.71.88 - - [04/Jul/2013:01:15:18 +0200] "GET / HTTP/1.1" 200 1155 "-" "Mozilla/5.0 (compatible; Baiduspider/2.0; +http://www.baidu.com/search/spider.html)"
195.56.55.225 - - [04/Jul/2013:01:16:10 +0200] "GET /test.html HTTP/1.1" 200 56 "-" "monit/4.6"
195.56.55.225 - - [04/Jul/2013:01:18:13 +0200] "GET /test.html HTTP/1.1" 200 56 "-" "monit/4.6"
208.115.111.74 - - [04/Jul/2013:01:19:03 +0200] "GET /documents/english/diary3.htm HTTP/1.1" 404 314 "-" "Mozilla/5.0 (compatible; Ezooms/1.0; ezooms.bot@gmail.com)"
195.56.55.225 - - [04/Jul/2013:01:20:15 +0200] "GET /test.html HTTP/1.1" 200 56 "-" "monit/4.6"
173.199.120.171 - - [04/Jul/2013:01:22:05 +0200] "GET /cikk.php3?id_article=39 HTTP/1.1" 404 285 "-" "Mozilla/5.0 (compatible; AhrefsBot/4.0; +http://ahrefs.com/robot/)"
195.56.55.225 - - [04/Jul/2013:01:22:18 +0200] "GET /test.html HTTP/1.1" 200 56 "-" "monit/4.6"
195.56.55.225 - - [04/Jul/2013:01:24:20 +0200] "GET /test.html HTTP/1.1" 200 56 "-" "monit/4.6"
66.249.78.21 - - [04/Jul/2013:01:24:26 +0200] "GET /documents/english/diary1.htm HTTP/1.1" 404 314 "-" "Mozilla/5.0 (compatible; Googlebot/2.1; +http://www.google.com/bot.html)"
92.40.88.124 - - [04/Jul/2013:01:26:00 +0200] "GET /proxy.pac HTTP/1.1" 404 282 "-" "-"
92.40.88.124 - - [04/Jul/2013:01:26:05 +0200] "GET /proxy.pac HTTP/1.1" 404 282 "-" "-"
195.56.55.225 - - [04/Jul/2013:01:26:21 +0200] "GET /test.html HTTP/1.1" 200 56 "-" "monit/4.6"
212.7.196.79 - - [04/Jul/2013:01:26:34 +0200] "GET / HTTP/1.1" 200 1155 "-" "Mozilla/5.0 (Windows; U; Windows NT 6.1; WOW64; en-US; rv:2.0.4) Gecko/20120718 AskTbAVR-IDW/3.12.5.17700 Firefox/14.0.1"
66.249.78.21 - - [04/Jul/2013:01:26:57 +0200] "GET /documents/english/diary2.htm HTTP/1.1" 404 314 "-" "Mozilla/5.0 (compatible; Googlebot/2.1; +http://www.google.com/bot.html)"
207.189.121.41 - - [04/Jul/2013:01:27:44 +0200] "GET / HTTP/1.1" 200 1155 "-" "Mozilla/5.0 (Windows; U; Windows NT 5.1; en-US; rv:1.9.2.8) Gecko/20100721 Firefox/3.6.8"
195.56.55.225 - - [04/Jul/2013:01:28:23 +0200] "GET /test.html HTTP/1.1" 200 56 "-" "monit/4.6"
27.252.165.83 - - [04/Jul/2013:01:29:02 +0200] "-" 408 - "-" "-"
195.56.55.225 - - [04/Jul/2013:01:30:40 +0200] "GET /test.html HTTP/1.1" 200 56 "-" "monit/4.6"
173.227.230.236 - - [04/Jul/2013:01:31:34 +0200] "GET / HTTP/1.1" 200 1155 "-" "Mozilla/5.0 (Windows; U; Windows NT 5.1; en-US; rv:1.9.2.8) Gecko/20100721 Firefox/3.6.8"
66.249.78.240 - - [04/Jul/2013:01:31:58 +0200] "GET /robots.txt HTTP/1.1" 404 288 "-" "Mozilla/5.0 (compatible; Googlebot/2.1; +http://www.google.com/bot.html)"
66.249.78.240 - - [04/Jul/2013:01:31:58 +0200] "GET /www.bicusa.org/publications/yacyreta.htm HTTP/1.1" 404 318 "-" "Mozilla/5.0 (compatible; Googlebot/2.1; +http://www.google.com/bot.html)"
65.55.52.114 - - [04/Jul/2013:01:32:17 +0200] "GET /robots.txt HTTP/1.1" 404 296 "-" "Mozilla/5.0 (compatible; bingbot/2.0; +http://www.bing.com/bingbot.htm)"
195.56.55.225 - - [04/Jul/2013:01:32:42 +0200] "GET /test.html HTTP/1.1" 200 56 "-" "monit/4.6"
195.56.55.225 - - [04/Jul/2013:01:34:44 +0200] "GET /test.html HTTP/1.1" 200 56 "-" "monit/4.6"
195.56.55.225 - - [04/Jul/2013:01:36:46 +0200] "GET /test.html HTTP/1.1" 200 56 "-" "monit/4.6"
91.232.96.36 - - [04/Jul/2013:01:37:27 +0200] "GET /forum_attac.php3?id_article=983&retour=cikk.php3%3Fid_article%3D983 HTTP/1.1" 404 292 "-" "Mozilla/4.0 (compatible; MSIE 6.0; Windows NT 5.1; SV1)"
37.111.27.215 - - [04/Jul/2013:01:37:46 +0200] "-" 408 - "-" "-"
202.125.84.2 - - [04/Jul/2013:01:38:22 +0200] "POST /forum_attac.php3?id_article=710&retour=cikk HTTP/1.1" 404 292 "http://attac.zpok.hu/forum_attac.php3?id_article=710&retour=cikk" "Mozilla/4.0 (compatible; MSIE 6.0; Windows NT 5.1; SV1)"
195.56.55.225 - - [04/Jul/2013:01:38:48 +0200] "GET /test.html HTTP/1.1" 200 56 "-" "monit/4.6"
195.56.55.225 - - [04/Jul/2013:01:40:50 +0200] "GET /test.html HTTP/1.1" 200 56 "-" "monit/4.6"
46.229.136.224 - - [04/Jul/2013:01:41:32 +0200] "POST /forum_attac.php3?id_article=710&retour=cikk HTTP/1.1" 404 292 "http://attac.zpok.hu/forum_attac.php3?id_article=710&retour=cikk" "Mozilla/4.0 (compatible; MSIE 6.0; Windows NT 5.1; SV1)"
37.57.183.13 - - [04/Jul/2013:01:41:32 +0200] "POST /forum_attac.php3?id_article=710&retour=cikk HTTP/1.1" 404 292 "http://attac.zpok.hu/forum_attac.php3?id_article=710&retour=cikk" "Mozilla/4.0 (compatible; MSIE 6.0; Windows NT 5.1; SV1)"
62.122.101.26 - - [04/Jul/2013:01:41:59 +0200] "POST /forum_attac.php3?id_article=710&retour=cikk HTTP/1.1" 404 292 "http://attac.zpok.hu/forum_attac.php3?id_article=710&retour=cikk" "Mozilla/4.0 (compatible; MSIE 6.0; Windows NT 5.1; SV1)"
66.249.78.21 - - [04/Jul/2013:01:42:50 +0200] "GET /robots.txt HTTP/1.1" 404 296 "-" "Mozilla/5.0 (compatible; Googlebot/2.1; +http://www.google.com/bot.html)"
66.249.78.21 - - [04/Jul/2013:01:42:51 +0200] "GET /documents/english/solidaritymessage.htm HTTP/1.1" 404 325 "-" "Mozilla/5.0 (compatible; Googlebot/2.1; +http://www.google.com/bot.html)"
195.56.55.225 - - [04/Jul/2013:01:42:52 +0200] "GET /test.html HTTP/1.1" 200 56 "-" "monit/4.6"
195.56.55.225 - - [04/Jul/2013:01:44:54 +0200] "GET /test.html HTTP/1.1" 200 56 "-" "monit/4.6"
195.56.55.225 - - [04/Jul/2013:01:46:56 +0200] "GET /test.html HTTP/1.1" 200 56 "-" "monit/4.6"
195.56.55.225 - - [04/Jul/2013:01:48:58 +0200] "GET /test.html HTTP/1.1" 200 56 "-" "monit/4.6"
195.56.55.225 - - [04/Jul/2013:01:51:01 +0200] "GET /test.html HTTP/1.1" 200 56 "-" "monit/4.6"
66.249.78.21 - - [04/Jul/2013:01:52:08 +0200] "GET /documents/alburnusmaior/canembassypr.htm HTTP/1.1" 404 326 "-" "Mozilla/5.0 (compatible; Googlebot/2.1; +http://www.google.com/bot.html)"
195.56.55.225 - - [04/Jul/2013:01:53:03 +0200] "GET /test.html HTTP/1.1" 200 56 "-" "monit/4.6"
195.56.55.225 - - [04/Jul/2013:01:55:05 +0200] "GET /test.html HTTP/1.1" 200 56 "-" "monit/4.6"
37.58.52.15 - - [04/Jul/2013:01:56:18 +0200] "GET /robots.txt HTTP/1.0" 404 275 "-" "Mozilla/5.0 (compatible; AcoonBot/4.11.1; +http://www.acoon.de/robot.asp)"
37.58.52.15 - - [04/Jul/2013:01:56:18 +0200] "GET /ijs2007/ HTTP/1.0" 404 273 "-" "Mozilla/5.0 (compatible; AcoonBot/4.11.1; +http://www.acoon.de/robot.asp)"
195.56.55.225 - - [04/Jul/2013:01:57:08 +0200] "GET /test.html HTTP/1.1" 200 56 "-" "monit/4.6"
134.201.250.155 - - [04/Jul/2013:01:57:59 +0200] "POST /forum_attac.php3?id_article=710&retour=cikk HTTP/1.1" 404 292 "http://attac.zpok.hu/forum_attac.php3?id_article=710&retour=cikk" "Mozilla/4.0 (compatible; MSIE 6.0; Windows NT 5.1; SV1)"
180.96.64.181 - - [04/Jul/2013:01:58:00 +0200] "POST /forum_attac.php3?id_article=710&retour=cikk HTTP/1.0" 404 280 "http://attac.zpok.hu/forum_attac.php3?id_article=710&retour=cikk" "Mozilla/4.0 (compatible; MSIE 6.0; Windows NT 5.1; SV1)"
195.56.55.225 - - [04/Jul/2013:01:59:10 +0200] "GET /test.html HTTP/1.1" 200 56 "-" "monit/4.6"
91.232.96.36 - - [04/Jul/2013:02:00:17 +0200] "GET /forum_attac.php3?id_article=983&retour=cikk.php3%3Fid_article%3D983 HTTP/1.1" 404 292 "-" "Mozilla/4.0 (compatible; MSIE 6.0; Windows NT 5.1; SV1)"
195.56.55.225 - - [04/Jul/2013:02:01:12 +0200] "GET /test.html HTTP/1.1" 200 56 "-" "monit/4.6"
5.9.7.208 - - [04/Jul/2013:02:01:18 +0200] "GET /robots.txt HTTP/1.0" 404 274 "-" "Mozilla/5.0 (compatible; MJ12bot/v1.4.3; http://www.majestic12.co.uk/bot.php?+)"
5.9.7.208 - - [04/Jul/2013:02:01:27 +0200] "GET /cikk.php3?id_article=1155 HTTP/1.0" 404 273 "-" "Mozilla/5.0 (compatible; MJ12bot/v1.4.3; http://www.majestic12.co.uk/bot.php?+)"
195.56.55.225 - - [04/Jul/2013:02:03:14 +0200] "GET /test.html HTTP/1.1" 200 56 "-" "monit/4.6"
195.56.55.225 - - [04/Jul/2013:02:05:16 +0200] "GET /test.html HTTP/1.1" 200 56 "-" "monit/4.6"
195.56.55.225 - - [04/Jul/2013:02:07:18 +0200] "GET /test.html HTTP/1.1" 200 56 "-" "monit/4.6"
66.249.78.21 - - [04/Jul/2013:02:07:29 +0200] "GET /documents/english/press/gprelease200309.htm HTTP/1.1" 404 329 "-" "Mozilla/5.0 (compatible; Googlebot/2.1; +http://www.google.com/bot.html)"
195.56.55.225 - - [04/Jul/2013:02:09:20 +0200] "GET /test.html HTTP/1.1" 200 56 "-" "monit/4.6"
123.205.177.27 - - [04/Jul/2013:02:11:00 +0200] "-" 408 - "-" "-"
195.56.55.225 - - [04/Jul/2013:02:11:22 +0200] "GET /test.html HTTP/1.1" 200 56 "-" "monit/4.6"
180.76.5.63 - - [04/Jul/2013:02:12:45 +0200] "GET /robots.txt HTTP/1.1" 404 295 "-" "Mozilla/5.0 (Windows NT 5.1; rv:6.0.2) Gecko/20100101 Firefox/6.0.2"
195.56.55.225 - - [04/Jul/2013:02:13:24 +0200] "GET /test.html HTTP/1.1" 200 56 "-" "monit/4.6"
195.56.55.225 - - [04/Jul/2013:02:15:27 +0200] "GET /test.html HTTP/1.1" 200 56 "-" "monit/4.6"
195.56.55.225 - - [04/Jul/2013:02:17:29 +0200] "GET /test.html HTTP/1.1" 200 56 "-" "monit/4.6"
195.56.55.225 - - [04/Jul/2013:02:19:31 +0200] "GET /test.html HTTP/1.1" 200 56 "-" "monit/4.6"
195.56.55.225 - - [04/Jul/2013:02:21:33 +0200] "GET /test.html HTTP/1.1" 200 56 "-" "monit/4.6"
91.232.96.36 - - [04/Jul/2013:02:23:12 +0200] "GET /forum_attac.php3?id_article=983&retour=cikk.php3%3Fid_article%3D983 HTTP/1.1" 404 292 "-" "Mozilla/4.0 (compatible; MSIE 6.0; Windows NT 5.1; SV1)"
195.56.55.225 - - [04/Jul/2013:02:23:35 +0200] "GET /test.html HTTP/1.1" 200 56 "-" "monit/4.6"
89.243.123.194 - - [04/Jul/2013:02:23:53 +0200] "-" 408 - "-" "-"
195.56.55.225 - - [04/Jul/2013:02:25:38 +0200] "GET /test.html HTTP/1.1" 200 56 "-" "monit/4.6"
198.200.32.92 - - [04/Jul/2013:02:26:00 +0200] "GET / HTTP/1.0" 200 1155 "http://attac.zpok.hu/" "Opera/9.80 (Windows NT 5.1; U; MRA 6.0 (build 5970); ru) Presto/2.7.62 Version/11.00"
195.56.55.225 - - [04/Jul/2013:02:27:40 +0200] "GET /test.html HTTP/1.1" 200 56 "-" "monit/4.6"
195.56.55.225 - - [04/Jul/2013:02:29:42 +0200] "GET /test.html HTTP/1.1" 200 56 "-" "monit/4.6"
195.56.55.225 - - [04/Jul/2013:02:31:44 +0200] "GET /test.html HTTP/1.1" 200 56 "-" "monit/4.6"
195.56.55.225 - - [04/Jul/2013:02:33:46 +0200] "GET /test.html HTTP/1.1" 200 56 "-" "monit/4.6"
195.56.55.225 - - [04/Jul/2013:02:35:48 +0200] "GET /test.html HTTP/1.1" 200 56 "-" "monit/4.6"
195.56.55.225 - - [04/Jul/2013:02:37:50 +0200] "GET /test.html HTTP/1.1" 200 56 "-" "monit/4.6"
94.228.34.203 - - [04/Jul/2013:02:39:11 +0200] "GET /?feed=atom HTTP/1.1" 304 - "-" "magpie-crawler/1.1 (U; Linux amd64; en-GB; +http://www.brandwatch.net)"
195.56.55.225 - - [04/Jul/2013:02:39:52 +0200] "GET /test.html HTTP/1.1" 200 56 "-" "monit/4.6"
195.56.55.225 - - [04/Jul/2013:02:41:54 +0200] "GET /test.html HTTP/1.1" 200 56 "-" "monit/4.6"
188.29.3.96 - - [04/Jul/2013:02:43:16 +0200] "GET /proxy.pac HTTP/1.1" 404 282 "-" "Mozilla/5.0 (Windows NT 6.1; rv:5.0) Gecko/20100101 Firefox/5.0"
188.29.3.96 - - [04/Jul/2013:02:43:21 +0200] "GET /proxy.pac HTTP/1.1" 404 282 "-" "Mozilla/5.0 (Windows NT 6.1; rv:5.0) Gecko/20100101 Firefox/5.0"
188.29.3.96 - - [04/Jul/2013:02:43:32 +0200] "GET /proxy.pac HTTP/1.1" 404 282 "-" "Mozilla/5.0 (Windows NT 6.1; rv:5.0) Gecko/20100101 Firefox/5.0"
188.29.3.96 - - [04/Jul/2013:02:43:54 +0200] "GET /proxy.pac HTTP/1.1" 404 282 "-" "Mozilla/5.0 (Windows NT 6.1; rv:5.0) Gecko/20100101 Firefox/5.0"
195.56.55.225 - - [04/Jul/2013:02:43:56 +0200] "GET /test.html HTTP/1.1" 200 56 "-" "monit/4.6"
188.29.3.96 - - [04/Jul/2013:02:44:36 +0200] "GET /proxy.pac HTTP/1.1" 404 282 "-" "Mozilla/5.0 (Windows NT 6.1; rv:5.0) Gecko/20100101 Firefox/5.0"
195.56.55.225 - - [04/Jul/2013:02:45:58 +0200] "GET /test.html HTTP/1.1" 200 56 "-" "monit/4.6"
188.29.3.96 - - [04/Jul/2013:02:45:58 +0200] "GET /proxy.pac HTTP/1.1" 404 282 "-" "Mozilla/5.0 (Windows NT 6.1; rv:5.0) Gecko/20100101 Firefox/5.0"
91.232.96.36 - - [04/Jul/2013:02:46:21 +0200] "GET /forum_attac.php3?id_article=983&retour=cikk.php3%3Fid_article%3D983 HTTP/1.1" 404 292 "-" "Mozilla/4.0 (compatible; MSIE 6.0; Windows NT 5.1; SV1)"
195.56.55.225 - - [04/Jul/2013:02:48:01 +0200] "GET /test.html HTTP/1.1" 200 56 "-" "monit/4.6"
188.29.3.96 - - [04/Jul/2013:02:48:40 +0200] "GET /proxy.pac HTTP/1.1" 404 282 "-" "Mozilla/5.0 (Windows NT 6.1; rv:5.0) Gecko/20100101 Firefox/5.0"
195.56.55.225 - - [04/Jul/2013:02:50:14 +0200] "GET /test.html HTTP/1.1" 200 56 "-" "monit/4.6"
195.56.55.225 - - [04/Jul/2013:02:52:16 +0200] "GET /test.html HTTP/1.1" 200 56 "-" "monit/4.6"
46.108.241.253 - - [04/Jul/2013:02:52:54 +0200] "POST /forum_attac.php3?id_article=710&retour=cikk HTTP/1.0" 404 280 "http://attac.zpok.hu/forum_attac.php3?id_article=710&retour=cikk" "Mozilla/4.0 (compatible; MSIE 6.0; Windows NT 5.1; SV1)"
223.27.151.131 - - [04/Jul/2013:02:53:36 +0200] "POST /forum_attac.php3?id_article=710&retour=cikk HTTP/1.0" 404 280 "http://attac.zpok.hu/forum_attac.php3?id_article=710&retour=cikk" "Mozilla/4.0 (compatible; MSIE 6.0; Windows NT 5.1; SV1)"
211.139.96.34 - - [04/Jul/2013:02:53:38 +0200] "POST /forum_attac.php3?id_article=710&retour=cikk HTTP/1.0" 404 280 "http://attac.zpok.hu/forum_attac.php3?id_article=710&retour=cikk" "Mozilla/4.0 (compatible; MSIE 6.0; Windows NT 5.1; SV1)"
188.29.3.96 - - [04/Jul/2013:02:53:42 +0200] "GET /proxy.pac HTTP/1.1" 404 282 "-" "Mozilla/5.0 (Windows NT 6.1; rv:5.0) Gecko/20100101 Firefox/5.0"
202.125.84.2 - - [04/Jul/2013:02:53:54 +0200] "POST /forum_attac.php3?id_article=710&retour=cikk HTTP/1.1" 404 292 "http://attac.zpok.hu/forum_attac.php3?id_article=710&retour=cikk" "Mozilla/4.0 (compatible; MSIE 6.0; Windows NT 5.1; SV1)"
195.56.55.225 - - [04/Jul/2013:02:54:18 +0200] "GET /test.html HTTP/1.1" 200 56 "-" "monit/4.6"
65.19.138.33 - - [04/Jul/2013:02:55:37 +0200] "GET /blog/2/feed HTTP/1.1" 404 290 "-" "Feedly/1.0 (+http://www.feedly.com/fetcher.html; like FeedFetcher-Google)"
195.56.55.225 - - [04/Jul/2013:02:56:20 +0200] "GET /test.html HTTP/1.1" 200 56 "-" "monit/4.6"
195.56.55.225 - - [04/Jul/2013:02:58:22 +0200] "GET /test.html HTTP/1.1" 200 56 "-" "monit/4.6"
188.29.3.96 - - [04/Jul/2013:02:58:48 +0200] "GET /proxy.pac HTTP/1.1" 404 282 "-" "Mozilla/5.0 (Windows NT 6.1; rv:5.0) Gecko/20100101 Firefox/5.0"
195.56.55.225 - - [04/Jul/2013:03:00:24 +0200] "GET /test.html HTTP/1.1" 200 56 "-" "monit/4.6"
54.241.209.225 - - [04/Jul/2013:03:01:53 +0200] "POST /forum_attac.php3?id_article=710&retour=cikk HTTP/1.1" 404 292 "http://attac.zpok.hu/forum_attac.php3?id_article=710&retour=cikk" "Mozilla/4.0 (compatible; MSIE 6.0; Windows NT 5.1; SV1)"
118.97.95.182 - - [04/Jul/2013:03:01:55 +0200] "POST /forum_attac.php3?id_article=710&retour=cikk HTTP/1.0" 404 280 "http://attac.zpok.hu/forum_attac.php3?id_article=710&retour=cikk" "Mozilla/4.0 (compatible; MSIE 6.0; Windows NT 5.1; SV1)"
118.140.81.50 - - [04/Jul/2013:03:02:10 +0200] "POST /forum_attac.php3?id_article=710&retour=cikk HTTP/1.1" 404 292 "http://attac.zpok.hu/forum_attac.php3?id_article=710&retour=cikk" "Mozilla/4.0 (compatible; MSIE 6.0; Windows NT 5.1; SV1)"
195.56.55.225 - - [04/Jul/2013:03:02:27 +0200] "GET /test.html HTTP/1.1" 200 56 "-" "monit/4.6"
188.29.3.96 - - [04/Jul/2013:03:03:57 +0200] "GET /proxy.pac HTTP/1.1" 404 282 "-" "Mozilla/5.0 (Windows NT 6.1; rv:5.0) Gecko/20100101 Firefox/5.0"
195.56.55.225 - - [04/Jul/2013:03:04:29 +0200] "GET /test.html HTTP/1.1" 200 56 "-" "monit/4.6"
195.56.55.225 - - [04/Jul/2013:03:06:32 +0200] "GET /test.html HTTP/1.1" 200 56 "-" "monit/4.6"
195.56.55.225 - - [04/Jul/2013:03:08:34 +0200] "GET /test.html HTTP/1.1" 200 56 "-" "monit/4.6"
91.232.96.36 - - [04/Jul/2013:03:09:25 +0200] "GET /forum_attac.php3?id_article=983&retour=cikk.php3%3Fid_article%3D983 HTTP/1.1" 404 292 "-" "Mozilla/4.0 (compatible; MSIE 6.0; Windows NT 5.1; SV1)"
188.29.3.96 - - [04/Jul/2013:03:09:32 +0200] "GET /proxy.pac HTTP/1.1" 404 282 "-" "Mozilla/5.0 (Windows NT 6.1; rv:5.0) Gecko/20100101 Firefox/5.0"
202.46.51.124 - - [04/Jul/2013:03:10:18 +0200] "GET / HTTP/1.1" 200 1155 "-" "Mozilla/4.0 (compatible; MSIE 7.0; Windows NT 6.0)"
195.56.55.225 - - [04/Jul/2013:03:10:36 +0200] "GET /test.html HTTP/1.1" 200 56 "-" "monit/4.6"
119.63.193.131 - - [04/Jul/2013:03:11:30 +0200] "GET / HTTP/1.1" 200 1155 "-" "Mozilla/4.0 (compatible; MSIE 7.0; Windows NT 6.0)"
195.56.55.225 - - [04/Jul/2013:03:12:38 +0200] "GET /test.html HTTP/1.1" 200 56 "-" "monit/4.6"
188.29.3.96 - - [04/Jul/2013:03:14:35 +0200] "GET /proxy.pac HTTP/1.1" 404 282 "-" "Mozilla/5.0 (Windows NT 6.1; rv:5.0) Gecko/20100101 Firefox/5.0"
195.56.55.225 - - [04/Jul/2013:03:14:40 +0200] "GET /test.html HTTP/1.1" 200 56 "-" "monit/4.6"
195.56.55.225 - - [04/Jul/2013:03:16:42 +0200] "GET /test.html HTTP/1.1" 200 56 "-" "monit/4.6"
195.56.55.225 - - [04/Jul/2013:03:18:44 +0200] "GET /test.html HTTP/1.1" 200 56 "-" "monit/4.6"
78.188.176.72 - - [04/Jul/2013:03:18:52 +0200] "POST /wp-login.php HTTP/1.0" 404 282 "-" "Mozilla/3.0 (compatible; Indy Library)"
188.29.3.96 - - [04/Jul/2013:03:19:39 +0200] "GET /proxy.pac HTTP/1.1" 404 282 "-" "Mozilla/5.0 (Windows NT 6.1; rv:5.0) Gecko/20100101 Firefox/5.0"
175.44.9.208 - - [04/Jul/2013:03:19:47 +0200] "GET / HTTP/1.0" 200 1155 "http://forum.gyurufu.hu/" "Opera/9.80 (Windows NT 6.1; U; ru) Presto/2.10.289 Version/12.02"
66.249.75.204 - - [04/Jul/2013:03:20:12 +0200] "GET /robots.txt HTTP/1.1" 404 305 "-" "Mozilla/5.0 (compatible; Googlebot/2.1; +http://www.google.com/bot.html)"
66.249.75.204 - - [04/Jul/2013:03:20:12 +0200] "GET / HTTP/1.1" 200 1155 "-" "Mozilla/5.0 (compatible; Googlebot/2.1; +http://www.google.com/bot.html)"
66.249.78.157 - - [04/Jul/2013:03:20:29 +0200] "GET /robots.txt HTTP/1.1" 404 291 "-" "Mozilla/5.0 (compatible; Googlebot/2.1; +http://www.google.com/bot.html)"
66.249.78.157 - - [04/Jul/2013:03:20:29 +0200] "GET / HTTP/1.1" 200 1155 "-" "Mozilla/5.0 (compatible; Googlebot/2.1; +http://www.google.com/bot.html)"
195.56.55.225 - - [04/Jul/2013:03:20:45 +0200] "GET /test.html HTTP/1.1" 200 56 "-" "monit/4.6"
195.56.55.225 - - [04/Jul/2013:03:22:49 +0200] "GET /test.html HTTP/1.1" 200 56 "-" "monit/4.6"
66.249.75.20 - - [04/Jul/2013:03:22:54 +0200] "GET / HTTP/1.1" 200 1155 "-" "Mozilla/5.0 (compatible; Googlebot/2.1; +http://www.google.com/bot.html)"
66.249.78.17 - - [04/Jul/2013:03:23:28 +0200] "GET /robots.txt HTTP/1.1" 404 287 "-" "Mozilla/5.0 (compatible; Googlebot/2.1; +http://www.google.com/bot.html)"
66.249.78.17 - - [04/Jul/2013:03:23:28 +0200] "GET / HTTP/1.1" 200 1155 "-" "Mozilla/5.0 (compatible; Googlebot/2.1; +http://www.google.com/bot.html)"
200.35.151.24 - - [04/Jul/2013:03:24:01 +0200] "POST /forum_attac.php3?id_article=710&retour=cikk HTTP/1.1" 404 292 "http://attac.zpok.hu/forum_attac.php3?id_article=710&retour=cikk" "Mozilla/4.0 (compatible; MSIE 6.0; Windows NT 5.1; SV1)"
188.29.3.96 - - [04/Jul/2013:03:24:41 +0200] "GET /proxy.pac HTTP/1.1" 404 282 "-" "Mozilla/5.0 (Windows NT 6.1; rv:5.0) Gecko/20100101 Firefox/5.0"
195.56.55.225 - - [04/Jul/2013:03:24:51 +0200] "GET /test.html HTTP/1.1" 200 56 "-" "monit/4.6"
195.56.55.225 - - [04/Jul/2013:03:26:53 +0200] "GET /test.html HTTP/1.1" 200 56 "-" "monit/4.6"
188.29.3.96 - - [04/Jul/2013:03:28:47 +0200] "GET /proxy.pac HTTP/1.1" 404 282 "-" "Mozilla/5.0 (Windows NT 6.1; rv:5.0) Gecko/20100101 Firefox/5.0"
188.29.3.96 - - [04/Jul/2013:03:28:53 +0200] "GET /proxy.pac HTTP/1.1" 404 282 "-" "Mozilla/5.0 (Windows NT 6.1; rv:5.0) Gecko/20100101 Firefox/5.0"
195.56.55.225 - - [04/Jul/2013:03:28:56 +0200] "GET /test.html HTTP/1.1" 200 56 "-" "monit/4.6"
188.29.3.96 - - [04/Jul/2013:03:29:04 +0200] "GET /proxy.pac HTTP/1.1" 404 282 "-" "Mozilla/5.0 (Windows NT 6.1; rv:5.0) Gecko/20100101 Firefox/5.0"
188.29.3.96 - - [04/Jul/2013:03:29:25 +0200] "GET /proxy.pac HTTP/1.1" 404 282 "-" "Mozilla/5.0 (Windows NT 6.1; rv:5.0) Gecko/20100101 Firefox/5.0"
188.29.3.96 - - [04/Jul/2013:03:30:06 +0200] "GET /proxy.pac HTTP/1.1" 404 282 "-" "Mozilla/5.0 (Windows NT 6.1; rv:5.0) Gecko/20100101 Firefox/5.0"
172.245.212.116 - - [04/Jul/2013:03:30:09 +0200] "GET /www.bicusa.org/lac/ppa_corredor1.htm HTTP/1.1" 404 314 "http://www.ksl.cc" "Mozilla/4.0 (compatible; MSIE 5.5; Windows 98)"
172.245.212.116 - - [04/Jul/2013:03:30:09 +0200] "GET /www.bicusa.org/lac/ppa_corredor1.htm HTTP/1.1" 404 314 "http://www.dig.pw" "Mozilla/4.0 (compatible; MSIE 5.5; Windows 98)"
199.119.204.38 - - [04/Jul/2013:03:30:13 +0200] "POST" 405 - "-" "-"
195.56.55.225 - - [04/Jul/2013:03:30:59 +0200] "GET /test.html HTTP/1.1" 200 56 "-" "monit/4.6"
188.29.3.96 - - [04/Jul/2013:03:31:34 +0200] "GET /proxy.pac HTTP/1.1" 404 282 "-" "Mozilla/5.0 (Windows NT 6.1; rv:5.0) Gecko/20100101 Firefox/5.0"
91.232.96.36 - - [04/Jul/2013:03:32:09 +0200] "GET /forum_attac.php3?id_article=983&retour=cikk.php3%3Fid_article%3D983 HTTP/1.1" 404 292 "-" "Mozilla/4.0 (compatible; MSIE 6.0; Windows NT 5.1; SV1)"
72.14.199.132 - - [04/Jul/2013:03:32:29 +0200] "GET / HTTP/1.1" 200 1155 "-" "Feedfetcher-Google; (+http://www.google.com/feedfetcher.html; 1 subscribers; feed-id=849169264004692768)"
195.56.55.225 - - [04/Jul/2013:03:33:01 +0200] "GET /test.html HTTP/1.1" 200 56 "-" "monit/4.6"
66.249.78.218 - - [04/Jul/2013:03:33:56 +0200] "GET /cikk.php3?id_article=889 HTTP/1.1" 404 285 "-" "Googlebot/2.1 (+http://www.google.com/bot.html)"
188.29.3.96 - - [04/Jul/2013:03:34:16 +0200] "GET /proxy.pac HTTP/1.1" 404 282 "-" "Mozilla/5.0 (Windows NT 6.1; rv:5.0) Gecko/20100101 Firefox/5.0"
195.56.55.225 - - [04/Jul/2013:03:35:03 +0200] "GET /test.html HTTP/1.1" 200 56 "-" "monit/4.6"
77.88.42.27 - - [04/Jul/2013:03:35:20 +0200] "GET / HTTP/1.1" 200 1155 "-" "Mozilla/5.0 (compatible; YandexBot/3.0; +http://yandex.com/bots)"
195.56.55.225 - - [04/Jul/2013:03:37:05 +0200] "GET /test.html HTTP/1.1" 200 56 "-" "monit/4.6"
195.56.55.225 - - [04/Jul/2013:03:39:07 +0200] "GET /test.html HTTP/1.1" 200 56 "-" "monit/4.6"
188.29.3.96 - - [04/Jul/2013:03:39:37 +0200] "GET /proxy.pac HTTP/1.1" 404 282 "-" "Mozilla/5.0 (Windows NT 6.1; rv:5.0) Gecko/20100101 Firefox/5.0"
81.52.143.15 - - [04/Jul/2013:03:39:58 +0200] "GET / HTTP/1.1" 200 1155 "-" "Mozilla/5.0 (Windows; U; Windows NT 5.1; fr; rv:1.8.1) VoilaBot BETA 1.2 (support.voilabot@orange-ftgroup.com)"
195.56.55.225 - - [04/Jul/2013:03:41:12 +0200] "GET /test.html HTTP/1.1" 200 56 "-" "monit/4.6"
195.56.55.225 - - [04/Jul/2013:03:41:58 +0200] "GET /rovat/vallalati HTTP/1.0" 404 295 "-" "-"
195.56.55.225 - - [04/Jul/2013:03:43:15 +0200] "GET /test.html HTTP/1.1" 200 56 "-" "monit/4.6"
188.29.3.96 - - [04/Jul/2013:03:44:39 +0200] "GET /proxy.pac HTTP/1.1" 404 282 "-" "Mozilla/5.0 (Windows NT 6.1; rv:5.0) Gecko/20100101 Firefox/5.0"
195.56.55.225 - - [04/Jul/2013:03:45:17 +0200] "GET /test.html HTTP/1.1" 200 56 "-" "monit/4.6"
66.249.78.207 - - [04/Jul/2013:03:45:51 +0200] "GET /robots.txt HTTP/1.1" 404 290 "-" "Mozilla/5.0 (compatible; Googlebot/2.1; +http://www.google.com/bot.html)"
195.56.55.225 - - [04/Jul/2013:03:47:19 +0200] "GET /test.html HTTP/1.1" 200 56 "-" "monit/4.6"
81.144.138.34 - - [04/Jul/2013:03:47:49 +0200] "GET /robots.txt HTTP/1.1" 404 287 "-" "Wotbox/2.01 (+http://www.wotbox.com/bot/)"
81.144.138.34 - - [04/Jul/2013:03:47:59 +0200] "GET / HTTP/1.1" 200 1155 "-" "Wotbox/2.01 (+http://www.wotbox.com/bot/)"
195.56.55.225 - - [04/Jul/2013:03:49:21 +0200] "GET /test.html HTTP/1.1" 200 56 "-" "monit/4.6"
200.35.151.24 - - [04/Jul/2013:03:49:25 +0200] "POST /forum_attac.php3?id_article=710&retour=cikk HTTP/1.1" 404 292 "http://attac.zpok.hu/forum_attac.php3?id_article=710&retour=cikk" "Mozilla/4.0 (compatible; MSIE 6.0; Windows NT 5.1; SV1)"
180.250.169.14 - - [04/Jul/2013:03:49:27 +0200] "POST /forum_attac.php3?id_article=710&retour=cikk HTTP/1.1" 404 292 "http://attac.zpok.hu/forum_attac.php3?id_article=710&retour=cikk" "Mozilla/4.0 (compatible; MSIE 6.0; Windows NT 5.1; SV1)"
188.29.3.96 - - [04/Jul/2013:03:49:44 +0200] "GET /proxy.pac HTTP/1.1" 404 282 "-" "Mozilla/5.0 (Windows NT 6.1; rv:5.0) Gecko/20100101 Firefox/5.0"
195.56.55.225 - - [04/Jul/2013:03:51:23 +0200] "GET /test.html HTTP/1.1" 200 56 "-" "monit/4.6"
195.56.55.225 - - [04/Jul/2013:03:53:25 +0200] "GET /test.html HTTP/1.1" 200 56 "-" "monit/4.6"
188.29.3.96 - - [04/Jul/2013:03:54:46 +0200] "GET /proxy.pac HTTP/1.1" 404 282 "-" "Mozilla/5.0 (Windows NT 6.1; rv:5.0) Gecko/20100101 Firefox/5.0"
91.232.96.36 - - [04/Jul/2013:03:55:14 +0200] "GET /forum_attac.php3?id_article=983&retour=cikk.php3%3Fid_article%3D983 HTTP/1.1" 404 292 "-" "Mozilla/4.0 (compatible; MSIE 6.0; Windows NT 5.1; SV1)"
195.56.55.225 - - [04/Jul/2013:03:55:27 +0200] "GET /test.html HTTP/1.1" 200 56 "-" "monit/4.6"
195.56.55.225 - - [04/Jul/2013:03:57:29 +0200] "GET /test.html HTTP/1.1" 200 56 "-" "monit/4.6"
217.69.133.69 - - [04/Jul/2013:03:58:21 +0200] "GET /robots.txt HTTP/1.0" 404 275 "-" "Mozilla/5.0 (compatible; Linux x86_64; Mail.RU_Bot/2.0; +http://go.mail.ru/help/robots)"
212.7.196.79 - - [04/Jul/2013:03:58:28 +0200] "GET / HTTP/1.1" 200 1155 "-" "Mozilla/5.0 (Windows; U; Windows NT 6.1; WOW64; en-US; rv:2.0.4) Gecko/20120718 AskTbAVR-IDW/3.12.5.17700 Firefox/14.0.1"
195.56.55.225 - - [04/Jul/2013:03:59:31 +0200] "GET /test.html HTTP/1.1" 200 56 "-" "monit/4.6"
46.229.164.101 - - [04/Jul/2013:03:59:43 +0200] "GET / HTTP/1.1" 200 1155 "-" "Mozilla/5.0 (compatible; SemrushBot/0.96.3; +http://www.semrush.com/bot.html)"
188.29.3.96 - - [04/Jul/2013:03:59:50 +0200] "GET /proxy.pac HTTP/1.1" 404 282 "-" "Mozilla/5.0 (Windows NT 6.1; rv:5.0) Gecko/20100101 Firefox/5.0"
195.56.55.225 - - [04/Jul/2013:04:01:33 +0200] "GET /test.html HTTP/1.1" 200 56 "-" "monit/4.6"
65.55.211.244 - - [04/Jul/2013:04:02:30 +0200] "-" 408 - "-" "-"
65.55.52.114 - - [04/Jul/2013:04:02:34 +0200] "GET /robots.txt HTTP/1.1" 404 290 "-" "Mozilla/5.0 (compatible; bingbot/2.0; +http://www.bing.com/bingbot.htm)"
195.56.55.225 - - [04/Jul/2013:04:03:36 +0200] "GET /test.html HTTP/1.1" 200 56 "-" "monit/4.6"
188.29.3.96 - - [04/Jul/2013:04:04:54 +0200] "GET /proxy.pac HTTP/1.1" 404 282 "-" "Mozilla/5.0 (Windows NT 6.1; rv:5.0) Gecko/20100101 Firefox/5.0"
195.56.55.225 - - [04/Jul/2013:04:05:38 +0200] "GET /test.html HTTP/1.1" 200 56 "-" "monit/4.6"
46.229.164.101 - - [04/Jul/2013:04:05:39 +0200] "GET /cikk.php3?id_article=892 HTTP/1.1" 404 285 "-" "Mozilla/5.0 (compatible; SemrushBot/0.96.3; +http://www.semrush.com/bot.html)"
195.56.55.225 - - [04/Jul/2013:04:07:40 +0200] "GET /test.html HTTP/1.1" 200 56 "-" "monit/4.6"
217.115.115.249 - - [04/Jul/2013:04:08:17 +0200] "POST /forum_attac.php3?id_article=710&retour=cikk HTTP/1.1" 404 292 "http://attac.zpok.hu/forum_attac.php3?id_article=710&retour=cikk" "Mozilla/4.0 (compatible; MSIE 6.0; Windows NT 5.1; SV1)"
64.235.152.13 - - [04/Jul/2013:04:08:18 +0200] "POST /forum_attac.php3?id_article=710&retour=cikk HTTP/1.1" 404 292 "http://attac.zpok.hu/forum_attac.php3?id_article=710&retour=cikk" "Mozilla/4.0 (compatible; MSIE 6.0; Windows NT 5.1; SV1)"
178.151.113.9 - - [04/Jul/2013:04:08:18 +0200] "POST /forum_attac.php3?id_article=710&retour=cikk HTTP/1.1" 404 292 "http://attac.zpok.hu/forum_attac.php3?id_article=710&retour=cikk" "Mozilla/4.0 (compatible; MSIE 6.0; Windows NT 5.1; SV1)"
64.213.148.131 - - [04/Jul/2013:04:09:26 +0200] "POST /forum_attac.php3?id_article=710&retour=cikk HTTP/1.1" 404 292 "http://attac.zpok.hu/forum_attac.php3?id_article=710&retour=cikk" "Mozilla/4.0 (compatible; MSIE 6.0; Windows NT 5.1; SV1)"
203.217.188.60 - - [04/Jul/2013:04:09:28 +0200] "POST /forum_attac.php3?id_article=710&retour=cikk HTTP/1.1" 404 292 "http://attac.zpok.hu/forum_attac.php3?id_article=710&retour=cikk" "Mozilla/4.0 (compatible; MSIE 6.0; Windows NT 5.1; SV1)"
134.201.250.155 - - [04/Jul/2013:04:09:28 +0200] "POST /forum_attac.php3?id_article=710&retour=cikk HTTP/1.1" 404 292 "http://attac.zpok.hu/forum_attac.php3?id_article=710&retour=cikk" "Mozilla/4.0 (compatible; MSIE 6.0; Windows NT 5.1; SV1)"
195.56.55.225 - - [04/Jul/2013:04:09:42 +0200] "GET /test.html HTTP/1.1" 200 56 "-" "monit/4.6"
188.29.3.96 - - [04/Jul/2013:04:09:57 +0200] "GET /proxy.pac HTTP/1.1" 404 282 "-" "Mozilla/5.0 (Windows NT 6.1; rv:5.0) Gecko/20100101 Firefox/5.0"
66.249.75.57 - - [04/Jul/2013:04:10:31 +0200] "GET /robots.txt HTTP/1.1" 404 293 "-" "Mozilla/5.0 (compatible; Googlebot/2.1; +http://www.google.com/bot.html)"
195.56.55.225 - - [04/Jul/2013:04:11:44 +0200] "GET /test.html HTTP/1.1" 200 56 "-" "monit/4.6"
202.125.84.2 - - [04/Jul/2013:04:12:38 +0200] "POST /forum_attac.php3?id_article=710&retour=cikk HTTP/1.1" 404 292 "http://attac.zpok.hu/forum_attac.php3?id_article=710&retour=cikk" "Mozilla/4.0 (compatible; MSIE 6.0; Windows NT 5.1; SV1)"
180.250.169.14 - - [04/Jul/2013:04:12:39 +0200] "POST /forum_attac.php3?id_article=710&retour=cikk HTTP/1.1" 404 292 "http://attac.zpok.hu/forum_attac.php3?id_article=710&retour=cikk" "Mozilla/4.0 (compatible; MSIE 6.0; Windows NT 5.1; SV1)"
200.35.151.24 - - [04/Jul/2013:04:12:41 +0200] "POST /forum_attac.php3?id_article=710&retour=cikk HTTP/1.1" 404 292 "http://attac.zpok.hu/forum_attac.php3?id_article=710&retour=cikk" "Mozilla/4.0 (compatible; MSIE 6.0; Windows NT 5.1; SV1)"
195.56.55.225 - - [04/Jul/2013:04:13:47 +0200] "GET /test.html HTTP/1.1" 200 56 "-" "monit/4.6"
188.29.3.96 - - [04/Jul/2013:04:15:00 +0200] "GET /proxy.pac HTTP/1.1" 404 282 "-" "Mozilla/5.0 (Windows NT 6.1; rv:5.0) Gecko/20100101 Firefox/5.0"
195.56.55.225 - - [04/Jul/2013:04:15:49 +0200] "GET /test.html HTTP/1.1" 200 56 "-" "monit/4.6"
195.56.55.225 - - [04/Jul/2013:04:17:51 +0200] "GET /test.html HTTP/1.1" 200 56 "-" "monit/4.6"
91.232.96.36 - - [04/Jul/2013:04:18:20 +0200] "GET /forum_attac.php3?id_article=983&retour=cikk.php3%3Fid_article%3D983 HTTP/1.1" 404 292 "-" "Mozilla/4.0 (compatible; MSIE 6.0; Windows NT 5.1; SV1)"
195.56.55.225 - - [04/Jul/2013:04:19:54 +0200] "GET /test.html HTTP/1.1" 200 56 "-" "monit/4.6"
188.29.3.96 - - [04/Jul/2013:04:20:06 +0200] "GET /proxy.pac HTTP/1.1" 404 282 "-" "Mozilla/5.0 (Windows NT 6.1; rv:5.0) Gecko/20100101 Firefox/5.0"
65.55.52.92 - - [04/Jul/2013:04:21:30 +0200] "GET /robots.txt HTTP/1.1" 404 288 "-" "Mozilla/5.0 (compatible; bingbot/2.0; +http://www.bing.com/bingbot.htm)"
195.56.55.225 - - [04/Jul/2013:04:21:57 +0200] "GET /test.html HTTP/1.1" 200 56 "-" "monit/4.6"
195.56.55.225 - - [04/Jul/2013:04:24:00 +0200] "GET /test.html HTTP/1.1" 200 56 "-" "monit/4.6"
188.29.3.96 - - [04/Jul/2013:04:25:58 +0200] "GET /proxy.pac HTTP/1.1" 404 282 "-" "-"
188.29.3.96 - - [04/Jul/2013:04:26:03 +0200] "GET /proxy.pac HTTP/1.1" 404 282 "-" "-"
195.56.55.225 - - [04/Jul/2013:04:26:03 +0200] "GET /test.html HTTP/1.1" 200 56 "-" "monit/4.6"
195.56.55.225 - - [04/Jul/2013:04:28:06 +0200] "GET /test.html HTTP/1.1" 200 56 "-" "monit/4.6"
195.70.55.211 - - [04/Jul/2013:04:28:41 +0200] "HEAD / HTTP/1.1" 200 0 "-" "libwww-perl/5.834"
195.56.55.225 - - [04/Jul/2013:04:30:08 +0200] "GET /test.html HTTP/1.1" 200 56 "-" "monit/4.6"
195.56.55.225 - - [04/Jul/2013:04:32:10 +0200] "GET /test.html HTTP/1.1" 200 56 "-" "monit/4.6"
65.55.52.92 - - [04/Jul/2013:04:32:36 +0200] "GET /img_upload/cb39111eba7a31c9c0e48686fa8e3c87/2011_Moln%C3%83%C2%A1r_Bir%C3%83%C2%B3_Rakonczai.pdf HTTP/1.1" 404 358 "-" "Mozilla/5.0 (compatible; bingbot/2.0; +http://www.bing.com/bingbot.htm)"
195.56.55.225 - - [04/Jul/2013:04:34:12 +0200] "GET /test.html HTTP/1.1" 200 56 "-" "monit/4.6"
195.56.55.225 - - [04/Jul/2013:04:36:14 +0200] "GET /test.html HTTP/1.1" 200 56 "-" "monit/4.6"
195.56.55.225 - - [04/Jul/2013:04:38:16 +0200] "GET /test.html HTTP/1.1" 200 56 "-" "monit/4.6"
122.3.152.24 - - [04/Jul/2013:04:39:54 +0200] "-" 408 - "-" "-"
195.56.55.225 - - [04/Jul/2013:04:40:18 +0200] "GET /test.html HTTP/1.1" 200 56 "-" "monit/4.6"
