66.249.75.132 - - [08/Jul/2013:08:43:01 +0200] "GET /robots.txt HTTP/1.1" 404 286 "-" "Mozilla/5.0 (compatible; Googlebot/2.1; +http://www.google.com/bot.html)"
66.249.78.218 - - [08/Jul/2013:08:43:01 +0200] "GET /kulcsszavak.php3 HTTP/1.1" 404 292 "-" "Mozilla/5.0 (compatible; Googlebot/2.1; +http://www.google.com/bot.html)"
77.88.42.27 - - [08/Jul/2013:08:43:05 +0200] "GET /robots.txt HTTP/1.1" 404 310 "-" "Mozilla/5.0 (compatible; YandexBot/3.0; +http://yandex.com/bots)"
91.232.96.36 - - [08/Jul/2013:08:43:36 +0200] "GET /forum_attac.php3?id_article=983&retour=cikk.php3%3Fid_article%3D983 HTTP/1.1" 404 292 "-" "Mozilla/4.0 (compatible; MSIE 6.0; Windows NT 5.1; SV1)"
59.42.62.190 - - [08/Jul/2013:08:44:21 +0200] "GET /IMG/European_SW_Report_2010-eng.pdf HTTP/1.0" 404 299 "http://attac.zpok.hu/IMG/European_SW_Report_2010-eng.pdf" "Mozilla/5.0 (Windows NT 6.1) AppleWebKit/535.11 (KHTML, like Gecko) Chrome/17.0.963.12 Safari/535.11"
59.42.62.190 - - [08/Jul/2013:08:44:28 +0200] "GET / HTTP/1.0" 200 1155 "http://attac.zpok.hu/" "Mozilla/5.0 (Windows NT 6.1) AppleWebKit/535.11 (KHTML, like Gecko) Chrome/17.0.963.12 Safari/535.11"
195.56.55.225 - - [08/Jul/2013:08:44:58 +0200] "GET /test.html HTTP/1.1" 200 56 "-" "monit/4.6"
80.99.37.62 - - [08/Jul/2013:08:45:50 +0200] "-" 408 - "-" "-"
195.56.55.225 - - [08/Jul/2013:08:47:00 +0200] "GET /test.html HTTP/1.1" 200 56 "-" "monit/4.6"
195.56.55.225 - - [08/Jul/2013:08:49:02 +0200] "GET /test.html HTTP/1.1" 200 56 "-" "monit/4.6"
66.249.78.90 - - [08/Jul/2013:08:49:46 +0200] "GET /robots.txt HTTP/1.1" 404 289 "-" "Mozilla/5.0 (compatible; Googlebot/2.1; +http://www.google.com/bot.html)"
66.249.78.90 - - [08/Jul/2013:08:49:46 +0200] "GET / HTTP/1.1" 200 1155 "-" "Mozilla/5.0 (compatible; Googlebot/2.1; +http://www.google.com/bot.html)"
195.56.55.225 - - [08/Jul/2013:08:51:04 +0200] "GET /test.html HTTP/1.1" 200 56 "-" "monit/4.6"
195.56.55.225 - - [08/Jul/2013:08:53:06 +0200] "GET /test.html HTTP/1.1" 200 56 "-" "monit/4.6"
89.248.174.60 - - [08/Jul/2013:08:53:40 +0200] "GET /forum_attac.php3?id_article=983&retour=cikk.php3%3Fid_article%3D983 HTTP/1.1" 404 292 "-" "Mozilla/4.0 (compatible; MSIE 6.0; Windows NT 5.1; SV1)"
195.56.55.225 - - [08/Jul/2013:08:55:09 +0200] "GET /test.html HTTP/1.1" 200 56 "-" "monit/4.6"
66.249.78.196 - - [08/Jul/2013:08:55:56 +0200] "GET /robots.txt HTTP/1.1" 404 294 "-" "Mozilla/5.0 (compatible; Googlebot/2.1; +http://www.google.com/bot.html)"
66.249.78.196 - - [08/Jul/2013:08:55:56 +0200] "GET / HTTP/1.1" 200 1155 "-" "Mozilla/5.0 (compatible; Googlebot/2.1; +http://www.google.com/bot.html)"
66.249.78.86 - - [08/Jul/2013:08:56:16 +0200] "GET /robots.txt HTTP/1.1" 404 291 "-" "Mozilla/5.0 (compatible; Googlebot/2.1; +http://www.google.com/bot.html)"
66.249.78.86 - - [08/Jul/2013:08:56:16 +0200] "GET / HTTP/1.1" 200 1155 "-" "Mozilla/5.0 (compatible; Googlebot/2.1; +http://www.google.com/bot.html)"
145.236.34.156 - - [08/Jul/2013:08:57:12 +0200] "-" 408 - "-" "-"
145.236.34.156 - - [08/Jul/2013:08:57:12 +0200] "-" 408 - "-" "-"
145.236.34.156 - - [08/Jul/2013:08:57:12 +0200] "-" 408 - "-" "-"
145.236.34.156 - - [08/Jul/2013:08:57:12 +0200] "-" 408 - "-" "-"
195.56.55.225 - - [08/Jul/2013:08:57:18 +0200] "GET /test.html HTTP/1.1" 200 56 "-" "monit/4.6"
145.236.34.156 - - [08/Jul/2013:08:58:33 +0200] "-" 408 - "-" "-"
195.56.55.225 - - [08/Jul/2013:09:01:30 +0200] "GET /test.html HTTP/1.1" 200 56 "-" "monit/4.6"
195.56.55.225 - - [08/Jul/2013:09:03:32 +0200] "GET /test.html HTTP/1.1" 200 56 "-" "monit/4.6"
66.249.78.39 - - [08/Jul/2013:09:04:32 +0200] "GET /robots.txt HTTP/1.1" 404 289 "-" "Mozilla/5.0 (compatible; Googlebot/2.1; +http://www.google.com/bot.html)"
66.249.78.39 - - [08/Jul/2013:09:04:32 +0200] "GET / HTTP/1.1" 200 1155 "-" "Mozilla/5.0 (compatible; Googlebot/2.1; +http://www.google.com/bot.html)"
195.56.55.225 - - [08/Jul/2013:09:05:34 +0200] "GET /test.html HTTP/1.1" 200 56 "-" "monit/4.6"
78.92.226.201 - - [08/Jul/2013:09:05:51 +0200] "-" 408 - "-" "-"
91.232.96.36 - - [08/Jul/2013:09:06:38 +0200] "GET /forum_attac.php3?id_article=983&retour=cikk.php3%3Fid_article%3D983 HTTP/1.1" 404 292 "-" "Mozilla/4.0 (compatible; MSIE 6.0; Windows NT 5.1; SV1)"
66.249.78.35 - - [08/Jul/2013:09:07:04 +0200] "GET /robots.txt HTTP/1.1" 404 282 "-" "Mozilla/5.0 (compatible; Googlebot/2.1; +http://www.google.com/bot.html)"
66.249.78.35 - - [08/Jul/2013:09:07:04 +0200] "GET / HTTP/1.1" 200 1155 "-" "Mozilla/5.0 (compatible; Googlebot/2.1; +http://www.google.com/bot.html)"
195.56.55.225 - - [08/Jul/2013:09:07:36 +0200] "GET /test.html HTTP/1.1" 200 56 "-" "monit/4.6"
195.56.55.225 - - [08/Jul/2013:09:09:38 +0200] "GET /test.html HTTP/1.1" 200 56 "-" "monit/4.6"
195.56.55.225 - - [08/Jul/2013:09:11:40 +0200] "GET /test.html HTTP/1.1" 200 56 "-" "monit/4.6"
195.56.55.225 - - [08/Jul/2013:09:13:42 +0200] "GET /test.html HTTP/1.1" 200 56 "-" "monit/4.6"
157.56.93.39 - - [08/Jul/2013:09:13:58 +0200] "GET /robots.txt HTTP/1.1" 404 288 "-" "Mozilla/5.0 (compatible; bingbot/2.0; +http://www.bing.com/bingbot.htm)"
195.56.55.225 - - [08/Jul/2013:09:15:44 +0200] "GET /test.html HTTP/1.1" 200 56 "-" "monit/4.6"
89.248.174.60 - - [08/Jul/2013:09:16:39 +0200] "GET /forum_attac.php3?id_article=983&retour=cikk.php3%3Fid_article%3D983 HTTP/1.1" 404 292 "-" "Mozilla/4.0 (compatible; MSIE 6.0; Windows NT 5.1; SV1)"
200.35.151.24 - - [08/Jul/2013:09:17:33 +0200] "POST /forum_attac.php3?id_article=710&retour=cikk HTTP/1.1" 404 292 "http://attac.zpok.hu/forum_attac.php3?id_article=710&retour=cikk" "Mozilla/4.0 (compatible; MSIE 6.0; Windows NT 5.1; SV1)"
198.1.99.26 - - [08/Jul/2013:09:17:34 +0200] "POST /forum_attac.php3?id_article=710&retour=cikk HTTP/1.1" 404 292 "-" "Mozilla/4.0 (compatible; MSIE 6.0; Windows NT 5.1; SV1)"
64.213.148.131 - - [08/Jul/2013:09:17:35 +0200] "POST /forum_attac.php3?id_article=710&retour=cikk HTTP/1.1" 404 292 "http://attac.zpok.hu/forum_attac.php3?id_article=710&retour=cikk" "Mozilla/4.0 (compatible; MSIE 6.0; Windows NT 5.1; SV1)"
195.56.55.225 - - [08/Jul/2013:09:17:52 +0200] "GET /test.html HTTP/1.1" 200 56 "-" "monit/4.6"
195.56.55.225 - - [08/Jul/2013:09:19:54 +0200] "GET /test.html HTTP/1.1" 200 56 "-" "monit/4.6"
195.56.55.225 - - [08/Jul/2013:09:21:56 +0200] "GET /test.html HTTP/1.1" 200 56 "-" "monit/4.6"
157.56.93.39 - - [08/Jul/2013:09:22:51 +0200] "GET / HTTP/1.1" 200 1155 "-" "Mozilla/5.0 (compatible; bingbot/2.0; +http://www.bing.com/bingbot.htm)"
66.249.78.69 - - [08/Jul/2013:09:23:48 +0200] "GET /robots.txt HTTP/1.1" 404 293 "-" "Mozilla/5.0 (compatible; Googlebot/2.1; +http://www.google.com/bot.html)"
66.249.78.69 - - [08/Jul/2013:09:23:48 +0200] "GET / HTTP/1.1" 200 1155 "-" "Mozilla/5.0 (compatible; Googlebot/2.1; +http://www.google.com/bot.html)"
195.56.55.225 - - [08/Jul/2013:09:24:04 +0200] "GET /test.html HTTP/1.1" 200 56 "-" "monit/4.6"
195.56.55.225 - - [08/Jul/2013:09:26:06 +0200] "GET /test.html HTTP/1.1" 200 56 "-" "monit/4.6"
66.249.75.120 - - [08/Jul/2013:09:26:28 +0200] "GET /robots.txt HTTP/1.1" 404 294 "-" "Mozilla/5.0 (compatible; Googlebot/2.1; +http://www.google.com/bot.html)"
66.249.78.235 - - [08/Jul/2013:09:26:28 +0200] "GET / HTTP/1.1" 200 1155 "-" "Mozilla/5.0 (compatible; Googlebot/2.1; +http://www.google.com/bot.html)"
195.56.55.225 - - [08/Jul/2013:09:28:08 +0200] "GET /test.html HTTP/1.1" 200 56 "-" "monit/4.6"
91.232.96.36 - - [08/Jul/2013:09:29:42 +0200] "GET /forum_attac.php3?id_article=983&retour=cikk.php3%3Fid_article%3D983 HTTP/1.1" 404 292 "-" "Mozilla/4.0 (compatible; MSIE 6.0; Windows NT 5.1; SV1)"
195.56.55.225 - - [08/Jul/2013:09:30:11 +0200] "GET /test.html HTTP/1.1" 200 56 "-" "monit/4.6"
195.56.55.225 - - [08/Jul/2013:09:32:13 +0200] "GET /test.html HTTP/1.1" 200 56 "-" "monit/4.6"
66.249.78.208 - - [08/Jul/2013:09:33:20 +0200] "GET /robots.txt HTTP/1.1" 404 289 "-" "Mozilla/5.0 (compatible; Googlebot/2.1; +http://www.google.com/bot.html)"
66.249.78.208 - - [08/Jul/2013:09:33:20 +0200] "GET / HTTP/1.1" 200 1155 "-" "Mozilla/5.0 (compatible; Googlebot/2.1; +http://www.google.com/bot.html)"
195.56.55.225 - - [08/Jul/2013:09:34:15 +0200] "GET /test.html HTTP/1.1" 200 56 "-" "monit/4.6"
66.249.78.208 - - [08/Jul/2013:09:34:26 +0200] "GET /robots.txt HTTP/1.1" 404 290 "-" "Mozilla/5.0 (compatible; Googlebot/2.1; +http://www.google.com/bot.html)"
66.249.78.208 - - [08/Jul/2013:09:34:26 +0200] "GET / HTTP/1.1" 200 1155 "-" "Mozilla/5.0 (compatible; Googlebot/2.1; +http://www.google.com/bot.html)"
157.56.92.173 - - [08/Jul/2013:09:35:32 +0200] "GET /robots.txt HTTP/1.1" 404 286 "-" "Mozilla/5.0 (compatible; bingbot/2.0; +http://www.bing.com/bingbot.htm)"
195.56.55.225 - - [08/Jul/2013:09:36:17 +0200] "GET /test.html HTTP/1.1" 200 56 "-" "monit/4.6"
195.56.55.225 - - [08/Jul/2013:09:38:19 +0200] "GET /test.html HTTP/1.1" 200 56 "-" "monit/4.6"
89.248.174.60 - - [08/Jul/2013:09:39:59 +0200] "GET /forum_attac.php3?id_article=983&retour=cikk.php3%3Fid_article%3D983 HTTP/1.1" 404 292 "-" "Mozilla/4.0 (compatible; MSIE 6.0; Windows NT 5.1; SV1)"
195.56.55.225 - - [08/Jul/2013:09:40:21 +0200] "GET /test.html HTTP/1.1" 200 56 "-" "monit/4.6"
157.56.92.173 - - [08/Jul/2013:09:41:56 +0200] "GET /cikk.php3?id_article=881 HTTP/1.1" 404 285 "-" "Mozilla/5.0 (compatible; bingbot/2.0; +http://www.bing.com/bingbot.htm)"
195.56.55.225 - - [08/Jul/2013:09:42:28 +0200] "GET /test.html HTTP/1.1" 200 56 "-" "monit/4.6"
66.249.78.40 - - [08/Jul/2013:09:43:33 +0200] "GET /robots.txt HTTP/1.1" 404 285 "-" "Mozilla/5.0 (compatible; Googlebot/2.1; +http://www.google.com/bot.html)"
66.249.75.154 - - [08/Jul/2013:09:43:33 +0200] "GET / HTTP/1.1" 200 1155 "-" "Mozilla/5.0 (compatible; Googlebot/2.1; +http://www.google.com/bot.html)"
195.56.55.225 - - [08/Jul/2013:09:44:30 +0200] "GET /test.html HTTP/1.1" 200 56 "-" "monit/4.6"
195.56.55.225 - - [08/Jul/2013:09:46:32 +0200] "GET /test.html HTTP/1.1" 200 56 "-" "monit/4.6"
195.56.55.225 - - [08/Jul/2013:09:48:34 +0200] "GET /test.html HTTP/1.1" 200 56 "-" "monit/4.6"
195.56.55.225 - - [08/Jul/2013:09:50:36 +0200] "GET /test.html HTTP/1.1" 200 56 "-" "monit/4.6"
66.249.78.190 - - [08/Jul/2013:09:51:33 +0200] "GET /robots.txt HTTP/1.1" 404 288 "-" "Mozilla/5.0 (compatible; Googlebot/2.1; +http://www.google.com/bot.html)"
66.249.78.190 - - [08/Jul/2013:09:51:34 +0200] "GET / HTTP/1.1" 200 1155 "-" "Mozilla/5.0 (compatible; Googlebot/2.1; +http://www.google.com/bot.html)"
91.232.96.36 - - [08/Jul/2013:09:52:32 +0200] "GET /forum_attac.php3?id_article=983&retour=cikk.php3%3Fid_article%3D983 HTTP/1.1" 404 292 "-" "Mozilla/4.0 (compatible; MSIE 6.0; Windows NT 5.1; SV1)"
195.56.55.225 - - [08/Jul/2013:09:52:38 +0200] "GET /test.html HTTP/1.1" 200 56 "-" "monit/4.6"
65.55.24.221 - - [08/Jul/2013:09:53:17 +0200] "GET /robots.txt HTTP/1.1" 404 285 "-" "Mozilla/5.0 (compatible; bingbot/2.0; +http://www.bing.com/bingbot.htm)"
195.56.55.225 - - [08/Jul/2013:09:54:40 +0200] "GET /test.html HTTP/1.1" 200 56 "-" "monit/4.6"
65.55.24.221 - - [08/Jul/2013:09:55:19 +0200] "GET /nosza/anyag/ch04s02.html HTTP/1.1" 404 299 "-" "Mozilla/5.0 (compatible; bingbot/2.0; +http://www.bing.com/bingbot.htm)"
195.56.55.225 - - [08/Jul/2013:09:56:43 +0200] "GET /test.html HTTP/1.1" 200 56 "-" "monit/4.6"
218.6.9.36 - - [08/Jul/2013:09:57:05 +0200] "GET /user/login?destination=node%2F6536\"> L\xa8\xa6pj be, ha ide posztot akarsz feltenni. Ha m\xa8\xa6g nem regisztr\xa8\xa2lt\xa8\xa2l, akkor L\xa8\xa6pj be, ha ide posztot akarsz feltenni. Ha m\xa8\xa6g nem regisztr\xa8\xa2lt\xa8\xa2l, akkor [N] POST http://ceed.zoldpok.hu/node/189/edit/ [R=302][0,0,535] HTTP/1.0" 400 365 "-" "-"
54.226.41.12 - - [08/Jul/2013:22:28:50 +0200] "POST /forum_attac.php3?id_article=710&retour=cikk HTTP/1.1" 404 292 "http://attac.zpok.hu/forum_attac.php3?id_article=710&retour=cikk" "Mozilla/4.0 (compatible; MSIE 6.0; Windows NT 5.1; SV1)"
54.224.82.100 - - [08/Jul/2013:22:28:52 +0200] "POST /forum_attac.php3?id_article=710&retour=cikk HTTP/1.1" 404 292 "http://attac.zpok.hu/forum_attac.php3?id_article=710&retour=cikk" "Mozilla/4.0 (compatible; MSIE 6.0; Windows NT 5.1; SV1)"
195.56.55.225 - - [08/Jul/2013:22:29:08 +0200] "GET /test.html HTTP/1.1" 200 56 "-" "monit/4.6"
195.56.55.225 - - [08/Jul/2013:22:31:11 +0200] "GET /test.html HTTP/1.1" 200 56 "-" "monit/4.6"
65.55.52.114 - - [08/Jul/2013:22:32:43 +0200] "GET / HTTP/1.1" 200 1155 "-" "Mozilla/5.0 (compatible; bingbot/2.0; +http://www.bing.com/bingbot.htm)"
195.56.55.225 - - [08/Jul/2013:22:33:12 +0200] "GET /test.html HTTP/1.1" 200 56 "-" "monit/4.6"
91.232.96.36 - - [08/Jul/2013:22:33:47 +0200] "GET /forum_attac.php3?id_article=983&retour=cikk.php3%3Fid_article%3D983 HTTP/1.1" 404 292 "-" "Mozilla/4.0 (compatible; MSIE 6.0; Windows NT 5.1; SV1)"
46.107.197.17 - - [08/Jul/2013:22:34:06 +0200] "GET /proxy.pac HTTP/1.1" 404 282 "-" "Mozilla/5.0 (compatible; MSIE 10.0; Win32; Trident/6.0)"
195.56.55.225 - - [08/Jul/2013:22:35:15 +0200] "GET /test.html HTTP/1.1" 200 56 "-" "monit/4.6"
94.21.17.1 - - [08/Jul/2013:22:36:13 +0200] "-" 408 - "-" "-"
46.107.197.17 - - [08/Jul/2013:22:36:29 +0200] "GET /proxy.pac HTTP/1.1" 404 282 "-" "-"
46.107.197.17 - - [08/Jul/2013:22:36:29 +0200] "GET /proxy.pac HTTP/1.1" 404 282 "-" "-"
46.107.197.17 - - [08/Jul/2013:22:36:29 +0200] "GET /proxy.pac HTTP/1.1" 404 282 "-" "-"
46.107.197.17 - - [08/Jul/2013:22:36:29 +0200] "GET /proxy.pac HTTP/1.1" 404 282 "-" "-"
46.107.197.17 - - [08/Jul/2013:22:36:30 +0200] "GET /proxy.pac HTTP/1.1" 404 282 "-" "-"
46.107.197.17 - - [08/Jul/2013:22:36:30 +0200] "GET /proxy.pac HTTP/1.1" 404 282 "-" "-"
46.107.197.17 - - [08/Jul/2013:22:36:30 +0200] "GET /proxy.pac HTTP/1.1" 404 282 "-" "-"
46.107.197.17 - - [08/Jul/2013:22:36:30 +0200] "GET /proxy.pac HTTP/1.1" 404 282 "-" "-"
46.107.197.17 - - [08/Jul/2013:22:36:30 +0200] "GET /proxy.pac HTTP/1.1" 404 282 "-" "-"
46.107.197.17 - - [08/Jul/2013:22:36:30 +0200] "GET /proxy.pac HTTP/1.1" 404 282 "-" "-"
94.21.17.1 - - [08/Jul/2013:22:36:53 +0200] "-" 408 - "-" "-"
195.56.55.225 - - [08/Jul/2013:22:37:18 +0200] "GET /test.html HTTP/1.1" 200 56 "-" "monit/4.6"
195.56.55.225 - - [08/Jul/2013:22:39:20 +0200] "GET /test.html HTTP/1.1" 200 56 "-" "monit/4.6"
195.56.55.225 - - [08/Jul/2013:22:41:22 +0200] "GET /test.html HTTP/1.1" 200 56 "-" "monit/4.6"
89.248.174.60 - - [08/Jul/2013:22:43:00 +0200] "GET /forum_attac.php3?id_article=983&retour=cikk.php3%3Fid_article%3D983 HTTP/1.1" 404 292 "-" "Mozilla/4.0 (compatible; MSIE 6.0; Windows NT 5.1; SV1)"
195.56.55.225 - - [08/Jul/2013:22:43:24 +0200] "GET /test.html HTTP/1.1" 200 56 "-" "monit/4.6"
195.56.55.225 - - [08/Jul/2013:22:45:26 +0200] "GET /test.html HTTP/1.1" 200 56 "-" "monit/4.6"
202.46.51.45 - - [08/Jul/2013:22:46:19 +0200] "GET / HTTP/1.1" 200 1155 "-" "Mozilla/4.0 (compatible; MSIE 7.0; Windows NT 6.0)"
119.63.193.196 - - [08/Jul/2013:22:46:38 +0200] "GET / HTTP/1.1" 200 1155 "-" "Mozilla/4.0 (compatible; MSIE 7.0; Windows NT 6.0)"
62.75.181.210 - - [08/Jul/2013:22:47:13 +0200] "GET /aa2.10.0/img_upload/f1b7fd0e4cde967799ab3c249bb8f4f4/ HTTP/1.0" 404 317 "http://forum.emla.hu/" "Mozilla/5.0 (Windows NT 5.2; WOW64; rv:16.0) Gecko/20100101 Firefox/16.0"
195.56.55.225 - - [08/Jul/2013:22:47:28 +0200] "GET /test.html HTTP/1.1" 200 56 "-" "monit/4.6"
46.107.197.17 - - [08/Jul/2013:22:48:14 +0200] "GET /proxy.pac HTTP/1.1" 404 282 "-" "-"
46.107.197.17 - - [08/Jul/2013:22:48:17 +0200] "GET /proxy.pac HTTP/1.1" 404 282 "-" "-"
46.107.197.17 - - [08/Jul/2013:22:49:06 +0200] "GET /proxy.pac HTTP/1.1" 404 282 "-" "Mozilla/5.0 (compatible; MSIE 10.0; Win32; Trident/6.0)"
106.3.208.86 - - [08/Jul/2013:22:49:14 +0200] "POST /forum_attac.php3?id_article=710&retour=cikk HTTP/1.0" 404 280 "http://attac.zpok.hu/forum_attac.php3?id_article=710&retour=cikk" "Mozilla/4.0 (compatible; MSIE 6.0; Windows NT 5.1; SV1)"
221.194.111.226 - - [08/Jul/2013:22:49:15 +0200] "POST /forum_attac.php3?id_article=710&retour=cikk HTTP/1.0" 404 280 "http://attac.zpok.hu/forum_attac.php3?id_article=710&retour=cikk" "Mozilla/4.0 (compatible; MSIE 6.0; Windows NT 5.1; SV1)"
118.97.95.182 - - [08/Jul/2013:22:49:17 +0200] "POST /forum_attac.php3?id_article=710&retour=cikk HTTP/1.0" 404 280 "http://attac.zpok.hu/forum_attac.php3?id_article=710&retour=cikk" "Mozilla/4.0 (compatible; MSIE 6.0; Windows NT 5.1; SV1)"
195.56.55.225 - - [08/Jul/2013:22:49:30 +0200] "GET /test.html HTTP/1.1" 200 56 "-" "monit/4.6"
195.56.55.225 - - [08/Jul/2013:22:51:33 +0200] "GET /test.html HTTP/1.1" 200 56 "-" "monit/4.6"
88.198.40.163 - - [08/Jul/2013:22:52:27 +0200] "GET /robots.txt HTTP/1.1" 404 296 "-" "Mozilla/5.0 (compatible; SISTRIX Crawler; http://crawler.sistrix.net/)"
88.198.40.163 - - [08/Jul/2013:22:52:28 +0200] "GET / HTTP/1.1" 206 1155 "-" "Mozilla/5.0 (compatible; SISTRIX Crawler; http://crawler.sistrix.net/)"
195.56.55.225 - - [08/Jul/2013:22:53:35 +0200] "GET /test.html HTTP/1.1" 200 56 "-" "monit/4.6"
195.56.55.225 - - [08/Jul/2013:22:55:37 +0200] "GET /test.html HTTP/1.1" 200 56 "-" "monit/4.6"
91.232.96.36 - - [08/Jul/2013:22:56:31 +0200] "GET /forum_attac.php3?id_article=983&retour=cikk.php3%3Fid_article%3D983 HTTP/1.1" 404 292 "-" "Mozilla/4.0 (compatible; MSIE 6.0; Windows NT 5.1; SV1)"
195.56.55.225 - - [08/Jul/2013:22:57:39 +0200] "GET /test.html HTTP/1.1" 200 56 "-" "monit/4.6"
195.56.55.225 - - [08/Jul/2013:22:59:41 +0200] "GET /test.html HTTP/1.1" 200 56 "-" "monit/4.6"
146.52.224.16 - - [08/Jul/2013:23:01:24 +0200] "-" 408 - "-" "-"
195.56.55.225 - - [08/Jul/2013:23:01:43 +0200] "GET /test.html HTTP/1.1" 200 56 "-" "monit/4.6"
198.2.210.3 - - [08/Jul/2013:23:02:55 +0200] "GET /node/5241/ [PLM=0] GET http://lmv.hu/node/5241/ [0,23436,24781] -> [N] POST http://lmv.hu/comment/reply/5241 [0,0,22056] HTTP/1.0" 400 365 "-" "-"
195.56.55.225 - - [08/Jul/2013:23:03:45 +0200] "GET /test.html HTTP/1.1" 200 56 "-" "monit/4.6"
46.107.197.17 - - [08/Jul/2013:23:04:06 +0200] "GET /proxy.pac HTTP/1.1" 404 282 "-" "Mozilla/5.0 (compatible; MSIE 10.0; Win32; Trident/6.0)"
46.35.191.29 - - [08/Jul/2013:23:04:42 +0200] "-" 408 - "-" "-"
195.56.55.225 - - [08/Jul/2013:23:05:47 +0200] "GET /test.html HTTP/1.1" 200 56 "-" "monit/4.6"
89.248.174.60 - - [08/Jul/2013:23:06:00 +0200] "GET /forum_attac.php3?id_article=983&retour=cikk.php3%3Fid_article%3D983 HTTP/1.1" 404 292 "-" "Mozilla/4.0 (compatible; MSIE 6.0; Windows NT 5.1; SV1)"
157.56.93.39 - - [08/Jul/2013:23:06:32 +0200] "GET /robots.txt HTTP/1.1" 404 288 "-" "Mozilla/5.0 (compatible; bingbot/2.0; +http://www.bing.com/bingbot.htm)"
66.249.78.240 - - [08/Jul/2013:23:06:50 +0200] "GET /robots.txt HTTP/1.1" 404 294 "-" "Mozilla/5.0 (compatible; Googlebot/2.1; +http://www.google.com/bot.html)"
66.249.78.240 - - [08/Jul/2013:23:06:50 +0200] "GET / HTTP/1.1" 200 1155 "-" "Mozilla/5.0 (compatible; Googlebot/2.1; +http://www.google.com/bot.html)"
195.56.55.225 - - [08/Jul/2013:23:07:50 +0200] "GET /test.html HTTP/1.1" 200 56 "-" "monit/4.6"
195.56.55.225 - - [08/Jul/2013:23:09:52 +0200] "GET /test.html HTTP/1.1" 200 56 "-" "monit/4.6"
157.56.93.39 - - [08/Jul/2013:23:10:02 +0200] "GET / HTTP/1.1" 200 1155 "-" "Mozilla/5.0 (compatible; bingbot/2.0; +http://www.bing.com/bingbot.htm)"
195.56.55.225 - - [08/Jul/2013:23:11:54 +0200] "GET /test.html HTTP/1.1" 200 56 "-" "monit/4.6"
195.56.55.225 - - [08/Jul/2013:23:13:56 +0200] "GET /test.html HTTP/1.1" 200 56 "-" "monit/4.6"
111.95.243.37 - - [08/Jul/2013:23:15:47 +0200] "POST /forum_attac.php3?id_article=710&retour=cikk HTTP/1.1" 404 292 "http://attac.zpok.hu/forum_attac.php3?id_article=710&retour=cikk" "Mozilla/4.0 (compatible; MSIE 6.0; Windows NT 5.1; SV1)"
218.85.135.29 - - [08/Jul/2013:23:15:49 +0200] "POST /forum_attac.php3?id_article=710&retour=cikk HTTP/1.0" 404 280 "http://attac.zpok.hu/forum_attac.php3?id_article=710&retour=cikk" "Mozilla/4.0 (compatible; MSIE 6.0; Windows NT 5.1; SV1)"
195.56.55.225 - - [08/Jul/2013:23:15:58 +0200] "GET /test.html HTTP/1.1" 200 56 "-" "monit/4.6"
195.56.55.225 - - [08/Jul/2013:23:18:00 +0200] "GET /test.html HTTP/1.1" 200 56 "-" "monit/4.6"
91.232.96.36 - - [08/Jul/2013:23:19:45 +0200] "GET /forum_attac.php3?id_article=983&retour=cikk.php3%3Fid_article%3D983 HTTP/1.1" 404 292 "-" "Mozilla/4.0 (compatible; MSIE 6.0; Windows NT 5.1; SV1)"
195.56.55.225 - - [08/Jul/2013:23:20:02 +0200] "GET /test.html HTTP/1.1" 200 56 "-" "monit/4.6"
195.56.55.225 - - [08/Jul/2013:23:22:05 +0200] "GET /test.html HTTP/1.1" 200 56 "-" "monit/4.6"
195.56.55.225 - - [08/Jul/2013:23:24:07 +0200] "GET /test.html HTTP/1.1" 200 56 "-" "monit/4.6"
195.56.55.225 - - [08/Jul/2013:23:26:09 +0200] "GET /test.html HTTP/1.1" 200 56 "-" "monit/4.6"
195.56.55.225 - - [08/Jul/2013:23:28:12 +0200] "GET /test.html HTTP/1.1" 200 56 "-" "monit/4.6"
176.9.62.242 - - [08/Jul/2013:23:28:21 +0200] "POST" 405 - "-" "-"
89.248.174.60 - - [08/Jul/2013:23:28:57 +0200] "GET /forum_attac.php3?id_article=983&retour=cikk.php3%3Fid_article%3D983 HTTP/1.1" 404 292 "-" "Mozilla/4.0 (compatible; MSIE 6.0; Windows NT 5.1; SV1)"
195.56.55.225 - - [08/Jul/2013:23:30:14 +0200] "GET /test.html HTTP/1.1" 200 56 "-" "monit/4.6"
195.56.55.225 - - [08/Jul/2013:23:32:16 +0200] "GET /test.html HTTP/1.1" 200 56 "-" "monit/4.6"
195.56.55.225 - - [08/Jul/2013:23:34:22 +0200] "GET /test.html HTTP/1.1" 200 56 "-" "monit/4.6"
180.76.5.165 - - [08/Jul/2013:23:35:09 +0200] "GET / HTTP/1.1" 200 1155 "-" "Mozilla/5.0 (compatible; Baiduspider/2.0; +http://www.baidu.com/search/spider.html)"
195.56.55.225 - - [08/Jul/2013:23:36:24 +0200] "GET /test.html HTTP/1.1" 200 56 "-" "monit/4.6"
37.220.246.108 - - [08/Jul/2013:23:36:29 +0200] "-" 408 - "-" "-"
65.55.52.108 - - [08/Jul/2013:23:37:30 +0200] "GET /robots.txt HTTP/1.1" 404 291 "-" "Mozilla/5.0 (compatible; bingbot/2.0; +http://www.bing.com/bingbot.htm)"
195.56.55.225 - - [08/Jul/2013:23:38:26 +0200] "GET /test.html HTTP/1.1" 200 56 "-" "monit/4.6"
212.7.196.79 - - [08/Jul/2013:23:38:33 +0200] "GET / HTTP/1.1" 200 1155 "-" "Mozilla/5.0 (Windows; U; Windows NT 6.1; WOW64; en-US; rv:2.0.4) Gecko/20120718 AskTbAVR-IDW/3.12.5.17700 Firefox/14.0.1"
111.95.243.35 - - [08/Jul/2013:23:39:49 +0200] "POST /forum_attac.php3?id_article=710&retour=cikk HTTP/1.1" 404 292 "http://attac.zpok.hu/forum_attac.php3?id_article=710&retour=cikk" "Mozilla/4.0 (compatible; MSIE 6.0; Windows NT 5.1; SV1)"
202.125.84.2 - - [08/Jul/2013:23:39:54 +0200] "POST /forum_attac.php3?id_article=710&retour=cikk HTTP/1.1" 404 292 "http://attac.zpok.hu/forum_attac.php3?id_article=710&retour=cikk" "Mozilla/4.0 (compatible; MSIE 6.0; Windows NT 5.1; SV1)"
195.56.55.225 - - [08/Jul/2013:23:40:28 +0200] "GET /test.html HTTP/1.1" 200 56 "-" "monit/4.6"
195.56.55.225 - - [08/Jul/2013:23:42:30 +0200] "GET /test.html HTTP/1.1" 200 56 "-" "monit/4.6"
91.232.96.36 - - [08/Jul/2013:23:42:32 +0200] "GET /forum_attac.php3?id_article=983&retour=cikk.php3%3Fid_article%3D983 HTTP/1.1" 404 292 "-" "Mozilla/4.0 (compatible; MSIE 6.0; Windows NT 5.1; SV1)"
195.56.55.225 - - [08/Jul/2013:23:44:32 +0200] "GET /test.html HTTP/1.1" 200 56 "-" "monit/4.6"
107.22.72.86 - - [08/Jul/2013:23:46:31 +0200] "POST /forum_attac.php3?id_article=710&retour=cikk HTTP/1.1" 404 292 "http://attac.zpok.hu/forum_attac.php3?id_article=710&retour=cikk" "Mozilla/4.0 (compatible; MSIE 6.0; Windows NT 5.1; SV1)"
54.226.35.100 - - [08/Jul/2013:23:46:32 +0200] "POST /forum_attac.php3?id_article=710&retour=cikk HTTP/1.1" 404 292 "http://attac.zpok.hu/forum_attac.php3?id_article=710&retour=cikk" "Mozilla/4.0 (compatible; MSIE 6.0; Windows NT 5.1; SV1)"
195.56.55.225 - - [08/Jul/2013:23:46:35 +0200] "GET /test.html HTTP/1.1" 200 56 "-" "monit/4.6"
195.56.55.225 - - [08/Jul/2013:23:48:37 +0200] "GET /test.html HTTP/1.1" 200 56 "-" "monit/4.6"
84.167.185.167 - - [08/Jul/2013:23:49:54 +0200] "-" 408 - "-" "-"
195.56.55.225 - - [08/Jul/2013:23:50:39 +0200] "GET /test.html HTTP/1.1" 200 56 "-" "monit/4.6"
65.55.52.108 - - [08/Jul/2013:23:50:52 +0200] "GET / HTTP/1.1" 200 1155 "-" "Mozilla/5.0 (compatible; bingbot/2.0; +http://www.bing.com/bingbot.htm)"
65.55.52.108 - - [08/Jul/2013:23:51:06 +0200] "GET / HTTP/1.1" 200 1155 "-" "Mozilla/5.0 (compatible; bingbot/2.0; +http://www.bing.com/bingbot.htm)"
89.248.174.60 - - [08/Jul/2013:23:52:09 +0200] "GET /forum_attac.php3?id_article=983&retour=cikk.php3%3Fid_article%3D983 HTTP/1.1" 404 292 "-" "Mozilla/4.0 (compatible; MSIE 6.0; Windows NT 5.1; SV1)"
195.56.55.225 - - [08/Jul/2013:23:52:41 +0200] "GET /test.html HTTP/1.1" 200 56 "-" "monit/4.6"
195.56.55.225 - - [08/Jul/2013:23:54:43 +0200] "GET /test.html HTTP/1.1" 200 56 "-" "monit/4.6"
195.56.55.225 - - [08/Jul/2013:23:56:45 +0200] "GET /test.html HTTP/1.1" 200 56 "-" "monit/4.6"
209.21.92.129 - - [08/Jul/2013:23:58:22 +0200] "GET /people/arne-hintz HTTP/1.0" 404 283 "[url=http://www.trrescue.com]wholesale snapback hats[/url]" "Mozilla/5.0 (Windows NT 5.1; rv:17.0) Gecko/20100101 Firefox/17.0"
209.21.92.129 - - [08/Jul/2013:23:58:25 +0200] "GET / HTTP/1.0" 200 1155 "http://cmcs.zoldpok.hu/" "Mozilla/5.0 (Windows NT 5.1; rv:17.0) Gecko/20100101 Firefox/17.0"
195.56.55.225 - - [08/Jul/2013:23:58:48 +0200] "GET /test.html HTTP/1.1" 200 56 "-" "monit/4.6"
195.56.55.225 - - [09/Jul/2013:00:00:50 +0200] "GET /test.html HTTP/1.1" 200 56 "-" "monit/4.6"
195.56.55.225 - - [09/Jul/2013:00:02:52 +0200] "GET /test.html HTTP/1.1" 200 56 "-" "monit/4.6"
195.56.55.225 - - [09/Jul/2013:00:04:54 +0200] "GET /test.html HTTP/1.1" 200 56 "-" "monit/4.6"
178.151.68.210 - - [09/Jul/2013:00:05:08 +0200] "POST /forum_attac.php3?id_article=710&retour=cikk HTTP/1.1" 404 292 "http://attac.zpok.hu/forum_attac.php3?id_article=710&retour=cikk" "Mozilla/4.0 (compatible; MSIE 6.0; Windows NT 5.1; SV1)"
91.232.96.36 - - [09/Jul/2013:00:05:19 +0200] "GET /forum_attac.php3?id_article=983&retour=cikk.php3%3Fid_article%3D983 HTTP/1.1" 404 292 "-" "Mozilla/4.0 (compatible; MSIE 6.0; Windows NT 5.1; SV1)"
195.56.55.225 - - [09/Jul/2013:00:06:56 +0200] "GET /test.html HTTP/1.1" 200 56 "-" "monit/4.6"
188.29.213.156 - - [09/Jul/2013:00:07:20 +0200] "GET /proxy.pac HTTP/1.1" 404 282 "-" "Mozilla/5.0 (Windows NT 6.1; rv:5.0) Gecko/20100101 Firefox/5.0"
188.29.213.156 - - [09/Jul/2013:00:07:26 +0200] "GET /proxy.pac HTTP/1.1" 404 282 "-" "Mozilla/5.0 (Windows NT 6.1; rv:5.0) Gecko/20100101 Firefox/5.0"
157.56.92.173 - - [09/Jul/2013:00:08:09 +0200] "GET /robots.txt HTTP/1.1" 404 286 "-" "Mozilla/5.0 (compatible; bingbot/2.0; +http://www.bing.com/bingbot.htm)"
195.56.55.225 - - [09/Jul/2013:00:09:00 +0200] "GET /test.html HTTP/1.1" 200 56 "-" "monit/4.6"
195.56.55.225 - - [09/Jul/2013:00:11:02 +0200] "GET /test.html HTTP/1.1" 200 56 "-" "monit/4.6"
178.255.215.85 - - [09/Jul/2013:00:12:37 +0200] "GET /robots.txt HTTP/1.1" 404 290 "-" "Mozilla/5.0 (compatible; Exabot/3.0 (BiggerBetter); +http://www.exabot.com/go/robot)"
178.255.215.85 - - [09/Jul/2013:00:12:38 +0200] "GET /az_egyesulet/konyvtar HTTP/1.1" 404 301 "-" "Mozilla/5.0 (compatible; Exabot/3.0 (BiggerBetter); +http://www.exabot.com/go/robot)"
195.56.55.225 - - [09/Jul/2013:00:13:04 +0200] "GET /test.html HTTP/1.1" 200 56 "-" "monit/4.6"
89.248.174.60 - - [09/Jul/2013:00:15:05 +0200] "GET /forum_attac.php3?id_article=983&retour=cikk.php3%3Fid_article%3D983 HTTP/1.1" 404 292 "-" "Mozilla/4.0 (compatible; MSIE 6.0; Windows NT 5.1; SV1)"
195.56.55.225 - - [09/Jul/2013:00:15:06 +0200] "GET /test.html HTTP/1.1" 200 56 "-" "monit/4.6"
195.56.55.225 - - [09/Jul/2013:00:17:08 +0200] "GET /test.html HTTP/1.1" 200 56 "-" "monit/4.6"
195.56.55.225 - - [09/Jul/2013:00:19:10 +0200] "GET /test.html HTTP/1.1" 200 56 "-" "monit/4.6"
78.46.198.71 - - [09/Jul/2013:00:20:16 +0200] "GET /robots.txt HTTP/1.1" 404 294 "-" "ExB Language Crawler 2.1.5 (+http://www.exb.de/crawler)"
195.56.55.225 - - [09/Jul/2013:00:21:13 +0200] "GET /test.html HTTP/1.1" 200 56 "-" "monit/4.6"
157.56.92.173 - - [09/Jul/2013:00:22:52 +0200] "GET /cikk.php3?id_article=497 HTTP/1.1" 404 285 "-" "Mozilla/5.0 (compatible; bingbot/2.0; +http://www.bing.com/bingbot.htm)"
195.56.55.225 - - [09/Jul/2013:00:23:15 +0200] "GET /test.html HTTP/1.1" 200 56 "-" "monit/4.6"
195.56.55.225 - - [09/Jul/2013:00:25:17 +0200] "GET /test.html HTTP/1.1" 200 56 "-" "monit/4.6"
178.137.92.247 - - [09/Jul/2013:00:25:51 +0200] "GET /gallery/council_8_61_90/ghana_2006_march/03_buduburam_humanist_forum/index.html HTTP/1.0" 404 351 "http://humanizmus.zoldpok.hu/gallery/council_8_61_90/ghana_2006_march/03_buduburam_humanist_forum/index.html" "Opera/9.80 (Windows NT 6.2; WOW64; MRA 8.0 (build 5784)) Presto/2.12.388 Version/12.10"
178.137.92.247 - - [09/Jul/2013:00:25:51 +0200] "GET / HTTP/1.0" 200 1155 "http://humanizmus.zoldpok.hu/" "Opera/9.80 (Windows NT 6.2; WOW64; MRA 8.0 (build 5784)) Presto/2.12.388 Version/12.10"
119.167.231.73 - - [09/Jul/2013:00:27:09 +0200] "POST /forum_attac.php3?id_article=710&retour=cikk HTTP/1.0" 404 280 "http://attac.zpok.hu/forum_attac.php3?id_article=710&retour=cikk" "Mozilla/4.0 (compatible; MSIE 6.0; Windows NT 5.1; SV1)"
195.56.55.225 - - [09/Jul/2013:00:27:19 +0200] "GET /test.html HTTP/1.1" 200 56 "-" "monit/4.6"
91.232.96.36 - - [09/Jul/2013:00:28:31 +0200] "GET /forum_attac.php3?id_article=983&retour=cikk.php3%3Fid_article%3D983 HTTP/1.1" 404 292 "-" "Mozilla/4.0 (compatible; MSIE 6.0; Windows NT 5.1; SV1)"
195.56.55.225 - - [09/Jul/2013:00:29:21 +0200] "GET /test.html HTTP/1.1" 200 56 "-" "monit/4.6"
77.111.90.197 - - [09/Jul/2013:00:30:44 +0200] "GET / HTTP/1.1" 200 1155 "-" "Mozilla/5.0 (X11; U; Linux i686; en-US; rv:1.9.0.4) Gecko/2008111318 Ubuntu/8.10 (intrepid) Firefox/3.0.4"
195.56.55.225 - - [09/Jul/2013:00:31:23 +0200] "GET /test.html HTTP/1.1" 200 56 "-" "monit/4.6"
195.56.55.225 - - [09/Jul/2013:00:33:25 +0200] "GET /test.html HTTP/1.1" 200 56 "-" "monit/4.6"
195.56.55.225 - - [09/Jul/2013:00:35:28 +0200] "GET /test.html HTTP/1.1" 200 56 "-" "monit/4.6"
195.56.55.225 - - [09/Jul/2013:00:37:30 +0200] "GET /test.html HTTP/1.1" 200 56 "-" "monit/4.6"
89.248.174.60 - - [09/Jul/2013:00:38:02 +0200] "GET /forum_attac.php3?id_article=983&retour=cikk.php3%3Fid_article%3D983 HTTP/1.1" 404 292 "-" "Mozilla/4.0 (compatible; MSIE 6.0; Windows NT 5.1; SV1)"
195.56.55.225 - - [09/Jul/2013:00:39:32 +0200] "GET /test.html HTTP/1.1" 200 56 "-" "monit/4.6"
193.105.210.226 - - [09/Jul/2013:00:41:03 +0200] "-" 408 - "-" "-"
195.56.55.225 - - [09/Jul/2013:00:41:34 +0200] "GET /test.html HTTP/1.1" 200 56 "-" "monit/4.6"
195.56.55.225 - - [09/Jul/2013:00:43:36 +0200] "GET /test.html HTTP/1.1" 200 56 "-" "monit/4.6"
195.56.55.225 - - [09/Jul/2013:00:45:38 +0200] "GET /test.html HTTP/1.1" 200 56 "-" "monit/4.6"
81.184.208.141 - - [09/Jul/2013:00:47:14 +0200] "GET / HTTP/1.1" 200 1155 "http://attacperu.blogia.com/" "-"
195.56.55.225 - - [09/Jul/2013:00:48:00 +0200] "GET /test.html HTTP/1.1" 200 56 "-" "monit/4.6"
72.14.199.132 - - [09/Jul/2013:00:48:22 +0200] "GET / HTTP/1.1" 200 1155 "-" "Feedfetcher-Google; (+http://www.google.com/feedfetcher.html; 1 subscribers; feed-id=849169264004692768)"
195.56.55.225 - - [09/Jul/2013:00:50:02 +0200] "GET /test.html HTTP/1.1" 200 56 "-" "monit/4.6"
91.232.96.36 - - [09/Jul/2013:00:51:22 +0200] "GET /forum_attac.php3?id_article=983&retour=cikk.php3%3Fid_article%3D983 HTTP/1.1" 404 292 "-" "Mozilla/4.0 (compatible; MSIE 6.0; Windows NT 5.1; SV1)"
208.115.111.71 - - [09/Jul/2013:00:51:59 +0200] "GET /article.php3?id_article=462 HTTP/1.1" 404 288 "-" "Mozilla/5.0 (compatible; Ezooms/1.0; ezooms.bot@gmail.com)"
195.56.55.225 - - [09/Jul/2013:00:52:04 +0200] "GET /test.html HTTP/1.1" 200 56 "-" "monit/4.6"
195.56.55.225 - - [09/Jul/2013:00:54:06 +0200] "GET /test.html HTTP/1.1" 200 56 "-" "monit/4.6"
123.30.75.245 - - [09/Jul/2013:00:55:41 +0200] "POST /forum_attac.php3?id_article=710&retour=cikk HTTP/1.1" 404 292 "http://attac.zpok.hu/forum_attac.php3?id_article=710&retour=cikk" "Mozilla/4.0 (compatible; MSIE 6.0; Windows NT 5.1; SV1)"
58.20.223.230 - - [09/Jul/2013:00:55:43 +0200] "POST /forum_attac.php3?id_article=710&retour=cikk HTTP/1.0" 404 280 "http://attac.zpok.hu/forum_attac.php3?id_article=710&retour=cikk" "Mozilla/4.0 (compatible; MSIE 6.0; Windows NT 5.1; SV1)"
195.56.55.225 - - [09/Jul/2013:00:56:08 +0200] "GET /test.html HTTP/1.1" 200 56 "-" "monit/4.6"
195.56.55.225 - - [09/Jul/2013:00:58:10 +0200] "GET /test.html HTTP/1.1" 200 56 "-" "monit/4.6"
195.56.55.225 - - [09/Jul/2013:01:00:13 +0200] "GET /test.html HTTP/1.1" 200 56 "-" "monit/4.6"
89.248.174.60 - - [09/Jul/2013:01:01:00 +0200] "GET /forum_attac.php3?id_article=983&retour=cikk.php3%3Fid_article%3D983 HTTP/1.1" 404 292 "-" "Mozilla/4.0 (compatible; MSIE 6.0; Windows NT 5.1; SV1)"
195.56.55.225 - - [09/Jul/2013:01:02:15 +0200] "GET /test.html HTTP/1.1" 200 56 "-" "monit/4.6"
195.56.55.225 - - [09/Jul/2013:01:04:17 +0200] "GET /test.html HTTP/1.1" 200 56 "-" "monit/4.6"
195.56.55.225 - - [09/Jul/2013:01:06:19 +0200] "GET /test.html HTTP/1.1" 200 56 "-" "monit/4.6"
195.228.147.196 - - [09/Jul/2013:01:07:27 +0200] "POST /forum_attac.php3?id_article=710&retour=cikk HTTP/1.1" 404 292 "http://attac.zpok.hu/forum_attac.php3?id_article=710&retour=cikk" "Mozilla/4.0 (compatible; MSIE 6.0; Windows NT 5.1; SV1)"
89.218.94.166 - - [09/Jul/2013:01:07:28 +0200] "POST /forum_attac.php3?id_article=710&retour=cikk HTTP/1.1" 404 292 "http://attac.zpok.hu/forum_attac.php3?id_article=710&retour=cikk" "Mozilla/4.0 (compatible; MSIE 6.0; Windows NT 5.1; SV1)"
180.76.5.139 - - [09/Jul/2013:01:07:59 +0200] "GET / HTTP/1.1" 200 1155 "-" "Mozilla/5.0 (compatible; Baiduspider/2.0; +http://www.baidu.com/search/spider.html)"
195.56.55.225 - - [09/Jul/2013:01:08:21 +0200] "GET /test.html HTTP/1.1" 200 56 "-" "monit/4.6"
195.56.55.225 - - [09/Jul/2013:01:10:23 +0200] "GET /test.html HTTP/1.1" 200 56 "-" "monit/4.6"
195.56.55.225 - - [09/Jul/2013:01:12:25 +0200] "GET /test.html HTTP/1.1" 200 56 "-" "monit/4.6"
91.232.96.36 - - [09/Jul/2013:01:14:23 +0200] "GET /forum_attac.php3?id_article=983&retour=cikk.php3%3Fid_article%3D983 HTTP/1.1" 404 292 "-" "Mozilla/4.0 (compatible; MSIE 6.0; Windows NT 5.1; SV1)"
195.56.55.225 - - [09/Jul/2013:01:14:27 +0200] "GET /test.html HTTP/1.1" 200 56 "-" "monit/4.6"
188.29.213.156 - - [09/Jul/2013:01:14:42 +0200] "GET /proxy.pac HTTP/1.1" 404 282 "-" "Mozilla/5.0 (Windows NT 6.1; rv:5.0) Gecko/20100101 Firefox/5.0"
188.29.213.156 - - [09/Jul/2013:01:14:49 +0200] "GET /proxy.pac HTTP/1.1" 404 282 "-" "Mozilla/5.0 (Windows NT 6.1; rv:5.0) Gecko/20100101 Firefox/5.0"
188.29.213.156 - - [09/Jul/2013:01:14:59 +0200] "GET /proxy.pac HTTP/1.1" 404 282 "-" "Mozilla/5.0 (Windows NT 6.1; rv:5.0) Gecko/20100101 Firefox/5.0"
188.29.213.156 - - [09/Jul/2013:01:15:49 +0200] "GET /proxy.pac HTTP/1.1" 404 282 "-" "Mozilla/5.0 (Windows NT 6.1; rv:5.0) Gecko/20100101 Firefox/5.0"
195.56.55.225 - - [09/Jul/2013:01:16:29 +0200] "GET /test.html HTTP/1.1" 200 56 "-" "monit/4.6"
195.56.55.225 - - [09/Jul/2013:01:18:31 +0200] "GET /test.html HTTP/1.1" 200 56 "-" "monit/4.6"
188.29.213.156 - - [09/Jul/2013:01:19:08 +0200] "GET /proxy.pac HTTP/1.1" 404 282 "-" "Mozilla/5.0 (Windows NT 6.1; rv:5.0) Gecko/20100101 Firefox/5.0"
195.56.55.225 - - [09/Jul/2013:01:20:35 +0200] "GET /test.html HTTP/1.1" 200 56 "-" "monit/4.6"
118.97.95.182 - - [09/Jul/2013:01:21:45 +0200] "POST /forum_attac.php3?id_article=710&retour=cikk HTTP/1.0" 404 280 "http://attac.zpok.hu/forum_attac.php3?id_article=710&retour=cikk" "Mozilla/4.0 (compatible; MSIE 6.0; Windows NT 5.1; SV1)"
195.56.55.225 - - [09/Jul/2013:01:22:42 +0200] "GET /test.html HTTP/1.1" 200 56 "-" "monit/4.6"
74.86.75.214 - - [09/Jul/2013:01:23:15 +0200] "GET /favicon.ico HTTP/1.1" 404 287 "-" "Mozilla/5.0+(compatible;+PiplBot;++http://www.pipl.com/bot/)"
89.248.174.60 - - [09/Jul/2013:01:24:01 +0200] "GET /forum_attac.php3?id_article=983&retour=cikk.php3%3Fid_article%3D983 HTTP/1.1" 404 292 "-" "Mozilla/4.0 (compatible; MSIE 6.0; Windows NT 5.1; SV1)"
195.56.55.225 - - [09/Jul/2013:01:24:44 +0200] "GET /test.html HTTP/1.1" 200 56 "-" "monit/4.6"
188.29.213.156 - - [09/Jul/2013:01:26:00 +0200] "GET /proxy.pac HTTP/1.1" 404 282 "-" "-"
188.29.213.156 - - [09/Jul/2013:01:26:04 +0200] "GET /proxy.pac HTTP/1.1" 404 282 "-" "-"
195.56.55.225 - - [09/Jul/2013:01:26:46 +0200] "GET /test.html HTTP/1.1" 200 56 "-" "monit/4.6"
188.29.213.156 - - [09/Jul/2013:01:27:00 +0200] "GET /proxy.pac HTTP/1.1" 404 282 "-" "Mozilla/5.0 (Windows NT 6.1; rv:5.0) Gecko/20100101 Firefox/5.0"
195.56.55.225 - - [09/Jul/2013:01:28:49 +0200] "GET /test.html HTTP/1.1" 200 56 "-" "monit/4.6"
195.56.55.225 - - [09/Jul/2013:01:30:51 +0200] "GET /test.html HTTP/1.1" 200 56 "-" "monit/4.6"
195.56.55.225 - - [09/Jul/2013:01:32:54 +0200] "GET /test.html HTTP/1.1" 200 56 "-" "monit/4.6"
157.56.93.39 - - [09/Jul/2013:01:34:18 +0200] "GET /robots.txt HTTP/1.1" 404 285 "-" "Mozilla/5.0 (compatible; bingbot/2.0; +http://www.bing.com/bingbot.htm)"
195.56.55.225 - - [09/Jul/2013:01:34:56 +0200] "GET /test.html HTTP/1.1" 200 56 "-" "monit/4.6"
157.56.93.39 - - [09/Jul/2013:01:35:18 +0200] "GET / HTTP/1.1" 200 1155 "-" "Mozilla/5.0 (compatible; bingbot/2.0; +http://www.bing.com/bingbot.htm)"
77.111.90.197 - - [09/Jul/2013:01:35:59 +0200] "GET /cikk.php3?id_article=495 HTTP/1.1" 404 285 "-" "Mozilla/5.0 (X11; U; Linux i686; en-US; rv:1.9.0.4) Gecko/2008111318 Ubuntu/8.10 (intrepid) Firefox/3.0.4"
92.82.229.181 - - [09/Jul/2013:01:36:30 +0200] "GET /\" + gaJsHost + \"google-analytics.com/ga.js HTTP/1.1" 400 365 "-" "-"
195.56.55.225 - - [09/Jul/2013:01:36:59 +0200] "GET /test.html HTTP/1.1" 200 56 "-" "monit/4.6"
91.232.96.36 - - [09/Jul/2013:01:37:22 +0200] "GET /forum_attac.php3?id_article=983&retour=cikk.php3%3Fid_article%3D983 HTTP/1.1" 404 292 "-" "Mozilla/4.0 (compatible; MSIE 6.0; Windows NT 5.1; SV1)"
92.82.229.181 - - [09/Jul/2013:01:37:29 +0200] "GET /cikkek/\" + gaJsHost + \"google-analytics.com/ga.js HTTP/1.1" 400 365 "-" "-"
92.82.229.181 - - [09/Jul/2013:01:37:34 +0200] "GET /english/\" + gaJsHost + \"google-analytics.com/ga.js HTTP/1.1" 400 365 "-" "-"
92.82.229.181 - - [09/Jul/2013:01:37:46 +0200] "GET /galeriak/\" + gaJsHost + \"google-analytics.com/ga.js HTTP/1.1" 400 365 "-" "-"
92.82.229.181 - - [09/Jul/2013:01:37:56 +0200] "GET /glossary/\" + gaJsHost + \"google-analytics.com/ga.js HTTP/1.1" 400 365 "-" "-"
92.82.229.181 - - [09/Jul/2013:01:37:58 +0200] "GET /linkek/\" + gaJsHost + \"google-analytics.com/ga.js HTTP/1.1" 400 365 "-" "-"
65.55.52.108 - - [09/Jul/2013:01:38:07 +0200] "GET /robots.txt HTTP/1.1" 404 295 "-" "Mozilla/5.0 (compatible; bingbot/2.0; +http://www.bing.com/bingbot.htm)"
92.82.229.181 - - [09/Jul/2013:01:38:15 +0200] "GET /problematerkep/\" + gaJsHost + \"google-analytics.com/ga.js HTTP/1.1" 400 365 "-" "-"
65.55.52.108 - - [09/Jul/2013:01:38:47 +0200] "GET / HTTP/1.1" 200 1155 "-" "Mozilla/5.0 (compatible; bingbot/2.0; +http://www.bing.com/bingbot.htm)"
195.56.55.225 - - [09/Jul/2013:01:39:01 +0200] "GET /test.html HTTP/1.1" 200 56 "-" "monit/4.6"
195.56.55.225 - - [09/Jul/2013:01:41:03 +0200] "GET /test.html HTTP/1.1" 200 56 "-" "monit/4.6"
195.56.55.225 - - [09/Jul/2013:01:43:05 +0200] "GET /test.html HTTP/1.1" 200 56 "-" "monit/4.6"
195.56.55.225 - - [09/Jul/2013:01:45:07 +0200] "GET /test.html HTTP/1.1" 200 56 "-" "monit/4.6"
89.248.174.60 - - [09/Jul/2013:01:47:02 +0200] "GET /forum_attac.php3?id_article=983&retour=cikk.php3%3Fid_article%3D983 HTTP/1.1" 404 292 "-" "Mozilla/4.0 (compatible; MSIE 6.0; Windows NT 5.1; SV1)"
195.56.55.225 - - [09/Jul/2013:01:47:09 +0200] "GET /test.html HTTP/1.1" 200 56 "-" "monit/4.6"
195.56.55.225 - - [09/Jul/2013:01:49:11 +0200] "GET /test.html HTTP/1.1" 200 56 "-" "monit/4.6"
195.56.55.225 - - [09/Jul/2013:01:51:13 +0200] "GET /test.html HTTP/1.1" 200 56 "-" "monit/4.6"
195.56.55.225 - - [09/Jul/2013:01:53:16 +0200] "GET /test.html HTTP/1.1" 200 56 "-" "monit/4.6"
195.56.55.225 - - [09/Jul/2013:01:55:19 +0200] "GET /test.html HTTP/1.1" 200 56 "-" "monit/4.6"
195.56.55.225 - - [09/Jul/2013:01:57:22 +0200] "GET /test.html HTTP/1.1" 200 56 "-" "monit/4.6"
65.55.24.214 - - [09/Jul/2013:01:57:30 +0200] "GET /robots.txt HTTP/1.1" 404 290 "-" "Mozilla/5.0 (compatible; bingbot/2.0; +http://www.bing.com/bingbot.htm)"
65.55.24.214 - - [09/Jul/2013:01:58:14 +0200] "GET /tevekenysegunk/biojosagok/okovasar HTTP/1.1" 404 314 "-" "Mozilla/5.0 (compatible; bingbot/2.0; +http://www.bing.com/bingbot.htm)"
198.100.145.148 - - [09/Jul/2013:01:58:40 +0200] "GET /brandnewsite/ HTTP/1.0" 404 277 "http://forum.emla.hu/" "Mozilla/5.0 (Windows NT 5.1; rv:17.0) Gecko/17.0 Firefox/17.0"
198.100.145.148 - - [09/Jul/2013:01:58:48 +0200] "GET /brandnewsite/ HTTP/1.0" 404 277 "http://forum.emla.hu/" "Mozilla/4.0 (compatible; MSIE 6.0; Windows NT 5.1; SV1)"
195.56.55.225 - - [09/Jul/2013:01:59:24 +0200] "GET /test.html HTTP/1.1" 200 56 "-" "monit/4.6"
195.56.55.225 - - [09/Jul/2013:02:03:34 +0200] "GET /test.html HTTP/1.1" 200 56 "-" "monit/4.6"
195.56.55.225 - - [09/Jul/2013:02:05:36 +0200] "GET /test.html HTTP/1.1" 200 56 "-" "monit/4.6"
24.230.50.166 - - [09/Jul/2013:02:07:14 +0200] "GET /robots.txt HTTP/1.0" 404 274 "-" "Mozilla/5.0 (compatible; MJ12bot/v1.4.3; http://www.majestic12.co.uk/bot.php?+)"
24.230.50.166 - - [09/Jul/2013:02:07:18 +0200] "GET / HTTP/1.1" 200 1155 "-" "Mozilla/5.0 (compatible; MJ12bot/v1.4.3; http://www.majestic12.co.uk/bot.php?+)"
24.230.50.166 - - [09/Jul/2013:02:07:22 +0200] "GET /robots.txt HTTP/1.0" 404 276 "-" "Mozilla/5.0 (compatible; MJ12bot/v1.4.3; http://www.majestic12.co.uk/bot.php?+)"
24.230.50.166 - - [09/Jul/2013:02:07:24 +0200] "GET / HTTP/1.1" 200 1155 "-" "Mozilla/5.0 (compatible; MJ12bot/v1.4.3; http://www.majestic12.co.uk/bot.php?+)"
24.230.50.166 - - [09/Jul/2013:02:07:28 +0200] "GET /robots.txt HTTP/1.0" 404 280 "-" "Mozilla/5.0 (compatible; MJ12bot/v1.4.3; http://www.majestic12.co.uk/bot.php?+)"
24.230.50.166 - - [09/Jul/2013:02:07:33 +0200] "GET / HTTP/1.1" 200 1155 "-" "Mozilla/5.0 (compatible; MJ12bot/v1.4.3; http://www.majestic12.co.uk/bot.php?+)"
24.230.50.166 - - [09/Jul/2013:02:07:34 +0200] "GET /robots.txt HTTP/1.0" 404 273 "-" "Mozilla/5.0 (compatible; MJ12bot/v1.4.3; http://www.majestic12.co.uk/bot.php?+)"
24.230.50.166 - - [09/Jul/2013:02:07:36 +0200] "GET / HTTP/1.1" 200 1155 "-" "Mozilla/5.0 (compatible; MJ12bot/v1.4.3; http://www.majestic12.co.uk/bot.php?+)"
24.230.50.166 - - [09/Jul/2013:02:07:38 +0200] "GET /robots.txt HTTP/1.0" 404 273 "-" "Mozilla/5.0 (compatible; MJ12bot/v1.4.3; http://www.majestic12.co.uk/bot.php?+)"
195.56.55.225 - - [09/Jul/2013:02:07:38 +0200] "GET /test.html HTTP/1.1" 200 56 "-" "monit/4.6"
24.230.50.166 - - [09/Jul/2013:02:07:43 +0200] "GET / HTTP/1.1" 200 1155 "-" "Mozilla/5.0 (compatible; MJ12bot/v1.4.3; http://www.majestic12.co.uk/bot.php?+)"
24.230.50.166 - - [09/Jul/2013:02:07:44 +0200] "GET /robots.txt HTTP/1.0" 404 278 "-" "Mozilla/5.0 (compatible; MJ12bot/v1.4.3; http://www.majestic12.co.uk/bot.php?+)"
24.230.50.166 - - [09/Jul/2013:02:07:46 +0200] "GET / HTTP/1.1" 200 1155 "-" "Mozilla/5.0 (compatible; MJ12bot/v1.4.3; http://www.majestic12.co.uk/bot.php?+)"
24.230.50.166 - - [09/Jul/2013:02:07:50 +0200] "GET /robots.txt HTTP/1.0" 404 274 "-" "Mozilla/5.0 (compatible; MJ12bot/v1.4.3; http://www.majestic12.co.uk/bot.php?+)"
24.230.50.166 - - [09/Jul/2013:02:07:58 +0200] "GET / HTTP/1.1" 200 1155 "-" "Mozilla/5.0 (compatible; MJ12bot/v1.4.3; http://www.majestic12.co.uk/bot.php?+)"
24.230.50.166 - - [09/Jul/2013:02:08:00 +0200] "GET /robots.txt HTTP/1.0" 404 287 "-" "Mozilla/5.0 (compatible; MJ12bot/v1.4.3; http://www.majestic12.co.uk/bot.php?+)"
24.230.50.166 - - [09/Jul/2013:02:08:13 +0200] "GET / HTTP/1.1" 200 1155 "-" "Mozilla/5.0 (compatible; MJ12bot/v1.4.3; http://www.majestic12.co.uk/bot.php?+)"
195.56.55.225 - - [09/Jul/2013:02:09:40 +0200] "GET /test.html HTTP/1.1" 200 56 "-" "monit/4.6"
220.181.127.18 - - [09/Jul/2013:02:10:00 +0200] "GET /brandnewsite/index.shtml HTTP/1.1" 404 300 "http://www.emla.hu/" "Mozilla/4.0 (compatible; MSIE 8.0; Windows NT 6.1; Trident/4.0; SLCC2; .NET CLR 2.0.50727; .NET CLR 3.5.30729; .NET CLR 3.0.30729; Media Center PC 6.0; Tablet PC 2.0)"
89.248.174.60 - - [09/Jul/2013:02:10:27 +0200] "GET /forum_attac.php3?id_article=983&retour=cikk.php3%3Fid_article%3D983 HTTP/1.1" 404 292 "-" "Mozilla/4.0 (compatible; MSIE 6.0; Windows NT 5.1; SV1)"
195.56.55.225 - - [09/Jul/2013:02:11:42 +0200] "GET /test.html HTTP/1.1" 200 56 "-" "monit/4.6"
212.7.196.79 - - [09/Jul/2013:02:12:33 +0200] "GET / HTTP/1.1" 200 1155 "-" "Mozilla/5.0 (Windows; U; Windows NT 6.1; WOW64; en-US; rv:2.0.4) Gecko/20120718 AskTbAVR-IDW/3.12.5.17700 Firefox/14.0.1"
195.56.55.225 - - [09/Jul/2013:02:13:44 +0200] "GET /test.html HTTP/1.1" 200 56 "-" "monit/4.6"
65.55.218.169 - - [09/Jul/2013:02:13:55 +0200] "-" 408 - "-" "-"
77.111.90.197 - - [09/Jul/2013:02:14:23 +0200] "GET /cikk.php3?id_article=527 HTTP/1.1" 404 285 "-" "Mozilla/5.0 (X11; U; Linux i686; en-US; rv:1.9.0.4) Gecko/2008111318 Ubuntu/8.10 (intrepid) Firefox/3.0.4"
195.56.55.225 - - [09/Jul/2013:02:15:47 +0200] "GET /test.html HTTP/1.1" 200 56 "-" "monit/4.6"
195.56.55.225 - - [09/Jul/2013:02:17:50 +0200] "GET /test.html HTTP/1.1" 200 56 "-" "monit/4.6"
195.56.55.225 - - [09/Jul/2013:02:19:53 +0200] "GET /test.html HTTP/1.1" 200 56 "-" "monit/4.6"
195.56.55.225 - - [09/Jul/2013:02:21:55 +0200] "GET /test.html HTTP/1.1" 200 56 "-" "monit/4.6"
69.120.147.235 - - [09/Jul/2013:02:22:43 +0200] "-" 408 - "-" "-"
91.232.96.36 - - [09/Jul/2013:02:23:39 +0200] "GET /forum_attac.php3?id_article=983&retour=cikk.php3%3Fid_article%3D983 HTTP/1.1" 404 292 "-" "Mozilla/4.0 (compatible; MSIE 6.0; Windows NT 5.1; SV1)"
195.56.55.225 - - [09/Jul/2013:02:23:58 +0200] "GET /test.html HTTP/1.1" 200 56 "-" "monit/4.6"
77.111.90.197 - - [09/Jul/2013:02:24:37 +0200] "GET /cikk.php3?id_article=223 HTTP/1.1" 404 285 "-" "Mozilla/5.0 (X11; U; Linux i686; en-US; rv:1.9.0.4) Gecko/2008111318 Ubuntu/8.10 (intrepid) Firefox/3.0.4"
77.111.90.197 - - [09/Jul/2013:02:25:17 +0200] "GET /cikk.php3?id_article=174 HTTP/1.1" 404 285 "-" "Mozilla/5.0 (X11; U; Linux i686; en-US; rv:1.9.0.4) Gecko/2008111318 Ubuntu/8.10 (intrepid) Firefox/3.0.4"
77.111.90.197 - - [09/Jul/2013:02:25:19 +0200] "GET /cikk.php3?id_article=636 HTTP/1.1" 404 285 "-" "Mozilla/5.0 (X11; U; Linux i686; en-US; rv:1.9.0.4) Gecko/2008111318 Ubuntu/8.10 (intrepid) Firefox/3.0.4"
77.111.90.197 - - [09/Jul/2013:02:25:55 +0200] "GET /cikk.php3?id_article=707 HTTP/1.1" 404 285 "-" "Mozilla/5.0 (X11; U; Linux i686; en-US; rv:1.9.0.4) Gecko/2008111318 Ubuntu/8.10 (intrepid) Firefox/3.0.4"
77.111.90.197 - - [09/Jul/2013:02:25:57 +0200] "GET /hir.php3?id_breve=93 HTTP/1.1" 404 284 "-" "Mozilla/5.0 (X11; U; Linux i686; en-US; rv:1.9.0.4) Gecko/2008111318 Ubuntu/8.10 (intrepid) Firefox/3.0.4"
195.56.55.225 - - [09/Jul/2013:02:26:00 +0200] "GET /test.html HTTP/1.1" 200 56 "-" "monit/4.6"
77.111.90.197 - - [09/Jul/2013:02:27:22 +0200] "GET /cikk.php3?id_article=466 HTTP/1.1" 404 285 "-" "Mozilla/5.0 (X11; U; Linux i686; en-US; rv:1.9.0.4) Gecko/2008111318 Ubuntu/8.10 (intrepid) Firefox/3.0.4"
77.111.90.197 - - [09/Jul/2013:02:27:23 +0200] "GET /cikk.php3?id_article=107 HTTP/1.1" 404 285 "-" "Mozilla/5.0 (X11; U; Linux i686; en-US; rv:1.9.0.4) Gecko/2008111318 Ubuntu/8.10 (intrepid) Firefox/3.0.4"
107.22.9.199 - - [09/Jul/2013:02:27:33 +0200] "POST /forum_attac.php3?id_article=710&retour=cikk HTTP/1.1" 404 292 "http://attac.zpok.hu/forum_attac.php3?id_article=710&retour=cikk" "Mozilla/4.0 (compatible; MSIE 6.0; Windows NT 5.1; SV1)"
124.124.221.18 - - [09/Jul/2013:02:27:38 +0200] "POST /forum_attac.php3?id_article=710&retour=cikk HTTP/1.1" 404 292 "http://attac.zpok.hu/forum_attac.php3?id_article=710&retour=cikk" "Mozilla/4.0 (compatible; MSIE 6.0; Windows NT 5.1; SV1)"
195.56.55.225 - - [09/Jul/2013:02:28:02 +0200] "GET /test.html HTTP/1.1" 200 56 "-" "monit/4.6"
77.111.90.197 - - [09/Jul/2013:02:29:12 +0200] "GET /hir.php3?id_breve=107 HTTP/1.1" 404 284 "-" "Mozilla/5.0 (X11; U; Linux i686; en-US; rv:1.9.0.4) Gecko/2008111318 Ubuntu/8.10 (intrepid) Firefox/3.0.4"
77.111.90.197 - - [09/Jul/2013:02:29:29 +0200] "GET /cikk.php3?id_article=437 HTTP/1.1" 404 285 "-" "Mozilla/5.0 (X11; U; Linux i686; en-US; rv:1.9.0.4) Gecko/2008111318 Ubuntu/8.10 (intrepid) Firefox/3.0.4"
195.56.55.225 - - [09/Jul/2013:02:30:04 +0200] "GET /test.html HTTP/1.1" 200 56 "-" "monit/4.6"
119.63.196.122 - - [09/Jul/2013:02:30:21 +0200] "GET / HTTP/1.1" 200 1155 "-" "Mozilla/5.0 (compatible; Baiduspider/2.0; +http://www.baidu.com/search/spider.html)"
195.56.55.225 - - [09/Jul/2013:02:32:07 +0200] "GET /test.html HTTP/1.1" 200 56 "-" "monit/4.6"
89.248.174.60 - - [09/Jul/2013:02:33:08 +0200] "GET /forum_attac.php3?id_article=983&retour=cikk.php3%3Fid_article%3D983 HTTP/1.1" 404 292 "-" "Mozilla/4.0 (compatible; MSIE 6.0; Windows NT 5.1; SV1)"
195.56.55.225 - - [09/Jul/2013:02:34:11 +0200] "GET /test.html HTTP/1.1" 200 56 "-" "monit/4.6"
195.56.55.225 - - [09/Jul/2013:02:36:13 +0200] "GET /test.html HTTP/1.1" 200 56 "-" "monit/4.6"
157.56.229.189 - - [09/Jul/2013:02:37:33 +0200] "GET /robots.txt HTTP/1.1" 404 294 "-" "Mozilla/5.0 (compatible; bingbot/2.0; +http://www.bing.com/bingbot.htm)"
157.56.229.189 - - [09/Jul/2013:02:38:13 +0200] "GET /sites/csalan.mindworks.hu/files/kozhaszn2006_0.doc HTTP/1.1" 404 334 "-" "Mozilla/5.0 (compatible; bingbot/2.0; +http://www.bing.com/bingbot.htm)"
66.249.78.169 - - [09/Jul/2013:02:38:14 +0200] "GET /robots.txt HTTP/1.1" 404 293 "-" "Mozilla/5.0 (compatible; Googlebot/2.1; +http://www.google.com/bot.html)"
195.56.55.225 - - [09/Jul/2013:02:38:15 +0200] "GET /test.html HTTP/1.1" 200 56 "-" "monit/4.6"
195.56.55.225 - - [09/Jul/2013:02:40:17 +0200] "GET /test.html HTTP/1.1" 200 56 "-" "monit/4.6"
66.249.78.234 - - [09/Jul/2013:02:41:55 +0200] "GET /robots.txt HTTP/1.1" 404 291 "-" "Mozilla/5.0 (compatible; Googlebot/2.1; +http://www.google.com/bot.html)"
195.56.55.225 - - [09/Jul/2013:02:42:19 +0200] "GET /test.html HTTP/1.1" 200 56 "-" "monit/4.6"
74.125.183.193 - - [09/Jul/2013:02:43:11 +0200] "GET /IMG/arton573.jpg HTTP/1.1" 404 292 "http://www.stormfront.org/forum/" "pagespeed"
