65.55.52.108 - - [05/Jul/2013:23:17:48 +0200] "GET / HTTP/1.1" 200 1155 "-" "Mozilla/5.0 (compatible; bingbot/2.0; +http://www.bing.com/bingbot.htm)"
80.162.33.50 - - [05/Jul/2013:23:17:53 +0200] "-" 408 - "-" "-"
212.7.196.79 - - [05/Jul/2013:23:19:24 +0200] "GET / HTTP/1.1" 200 1155 "-" "Mozilla/5.0 (Windows; U; Windows NT 6.1; WOW64; en-US; rv:2.0.4) Gecko/20120718 AskTbAVR-IDW/3.12.5.17700 Firefox/14.0.1"
195.56.55.225 - - [05/Jul/2013:23:19:32 +0200] "GET /test.html HTTP/1.1" 200 56 "-" "monit/4.6"
195.56.55.225 - - [05/Jul/2013:23:21:33 +0200] "GET /test.html HTTP/1.1" 200 56 "-" "monit/4.6"
91.82.56.8 - - [05/Jul/2013:23:21:43 +0200] "-" 408 - "-" "-"
91.82.56.8 - - [05/Jul/2013:23:21:47 +0200] "-" 408 - "-" "-"
195.56.55.225 - - [05/Jul/2013:23:23:36 +0200] "GET /test.html HTTP/1.1" 200 56 "-" "monit/4.6"
178.150.156.219 - - [05/Jul/2013:23:23:56 +0200] "GET /cikk.php3?id_article=94 HTTP/1.0" 404 273 "http://attac.zpok.hu/cikk.php3?id_article=94" "Mozilla/5.0 (Windows NT 6.2; WOW64) AppleWebKit/537.11 (KHTML, like Gecko) Chrome/23.0.1271.91 Safari/537.11"
157.56.93.39 - - [05/Jul/2013:23:24:54 +0200] "GET /robots.txt HTTP/1.1" 404 299 "-" "Mozilla/5.0 (compatible; bingbot/2.0; +http://www.bing.com/bingbot.htm)"
180.211.179.30 - - [05/Jul/2013:23:25:04 +0200] "GET /cikk.php3?id_article=94 HTTP/1.0" 404 273 "http://attac.zpok.hu/cikk.php3?id_article=94" "Mozilla/5.0 (Windows NT 6.2; WOW64) AppleWebKit/537.11 (KHTML, like Gecko) Chrome/23.0.1271.91 Safari/537.11"
62.84.24.139 - - [05/Jul/2013:23:25:05 +0200] "GET /cikk.php3?id_article=94 HTTP/1.0" 404 273 "http://attac.zpok.hu/cikk.php3?id_article=94" "Mozilla/5.0 (Windows NT 6.2; WOW64) AppleWebKit/537.11 (KHTML, like Gecko) Chrome/23.0.1271.91 Safari/537.11"
180.211.179.30 - - [05/Jul/2013:23:25:09 +0200] "GET /cikk.php3?id_article=94 HTTP/1.0" 404 273 "http://attac.zpok.hu/cikk.php3?id_article=94" "Mozilla/5.0 (Windows NT 6.2; WOW64) AppleWebKit/537.11 (KHTML, like Gecko) Chrome/23.0.1271.91 Safari/537.11"
180.211.179.30 - - [05/Jul/2013:23:25:11 +0200] "GET /cikk.php3?id_article=94 HTTP/1.0" 404 273 "http://attac.zpok.hu/cikk.php3?id_article=94" "Mozilla/5.0 (Windows NT 6.2; WOW64) AppleWebKit/537.11 (KHTML, like Gecko) Chrome/23.0.1271.91 Safari/537.11"
178.150.156.219 - - [05/Jul/2013:23:25:12 +0200] "GET /cikk.php3?id_article=94 HTTP/1.0" 404 273 "http://attac.zpok.hu/cikk.php3?id_article=94" "Mozilla/5.0 (Windows NT 6.2; WOW64) AppleWebKit/537.11 (KHTML, like Gecko) Chrome/23.0.1271.91 Safari/537.11"
62.84.24.139 - - [05/Jul/2013:23:25:12 +0200] "GET /cikk.php3?id_article=94 HTTP/1.0" 404 273 "http://attac.zpok.hu/cikk.php3?id_article=94" "Mozilla/5.0 (Windows NT 6.2; WOW64) AppleWebKit/537.11 (KHTML, like Gecko) Chrome/23.0.1271.91 Safari/537.11"
62.84.24.139 - - [05/Jul/2013:23:25:15 +0200] "GET /cikk.php3?id_article=94 HTTP/1.0" 404 273 "http://attac.zpok.hu/cikk.php3?id_article=94" "Mozilla/5.0 (Windows NT 6.2; WOW64) AppleWebKit/537.11 (KHTML, like Gecko) Chrome/23.0.1271.91 Safari/537.11"
123.30.129.168 - - [05/Jul/2013:23:25:24 +0200] "GET /cikk.php3?id_article=94 HTTP/1.0" 404 273 "http://attac.zpok.hu/cikk.php3?id_article=94" "Mozilla/5.0 (Windows NT 6.2; WOW64) AppleWebKit/537.11 (KHTML, like Gecko) Chrome/23.0.1271.91 Safari/537.11"
176.9.62.242 - - [05/Jul/2013:23:25:25 +0200] "POST" 405 - "-" "-"
178.150.156.219 - - [05/Jul/2013:23:25:25 +0200] "GET /cikk.php3?id_article=94 HTTP/1.0" 404 273 "http://attac.zpok.hu/cikk.php3?id_article=94" "Mozilla/5.0 (Windows NT 6.2; WOW64) AppleWebKit/537.11 (KHTML, like Gecko) Chrome/23.0.1271.91 Safari/537.11"
195.56.55.225 - - [05/Jul/2013:23:25:38 +0200] "GET /test.html HTTP/1.1" 200 56 "-" "monit/4.6"
77.231.60.192 - - [05/Jul/2013:23:25:42 +0200] "GET /cikk.php3?id_article=94 HTTP/1.0" 404 273 "http://attac.zpok.hu/cikk.php3?id_article=94" "Mozilla/5.0 (Windows NT 6.2; WOW64) AppleWebKit/537.11 (KHTML, like Gecko) Chrome/23.0.1271.91 Safari/537.11"
61.163.37.76 - - [05/Jul/2013:23:25:48 +0200] "GET /cikk.php3?id_article=94 HTTP/1.0" 404 273 "http://attac.zpok.hu/cikk.php3?id_article=94" "Mozilla/5.0 (Windows NT 6.2; WOW64) AppleWebKit/537.11 (KHTML, like Gecko) Chrome/23.0.1271.91 Safari/537.11"
157.56.93.39 - - [05/Jul/2013:23:25:50 +0200] "GET /kompasz/ashique_tortenete HTTP/1.1" 404 314 "-" "Mozilla/5.0 (compatible; bingbot/2.0; +http://www.bing.com/bingbot.htm)"
210.51.44.199 - - [05/Jul/2013:23:25:52 +0200] "GET /cikk.php3?id_article=94 HTTP/1.0" 404 273 "http://attac.zpok.hu/cikk.php3?id_article=94" "Mozilla/5.0 (Windows NT 6.2; WOW64) AppleWebKit/537.11 (KHTML, like Gecko) Chrome/23.0.1271.91 Safari/537.11"
62.84.24.139 - - [05/Jul/2013:23:25:53 +0200] "GET /cikk.php3?id_article=94 HTTP/1.0" 404 273 "http://attac.zpok.hu/cikk.php3?id_article=94" "Mozilla/5.0 (Windows NT 6.2; WOW64) AppleWebKit/537.11 (KHTML, like Gecko) Chrome/23.0.1271.91 Safari/537.11"
188.128.99.94 - - [05/Jul/2013:23:25:59 +0200] "GET /cikk.php3?id_article=94 HTTP/1.0" 404 273 "http://attac.zpok.hu/cikk.php3?id_article=94" "Mozilla/5.0 (Windows NT 6.2; WOW64) AppleWebKit/537.11 (KHTML, like Gecko) Chrome/23.0.1271.91 Safari/537.11"
62.84.24.139 - - [05/Jul/2013:23:25:59 +0200] "GET /cikk.php3?id_article=94 HTTP/1.0" 404 273 "http://attac.zpok.hu/cikk.php3?id_article=94" "Mozilla/5.0 (Windows NT 6.2; WOW64) AppleWebKit/537.11 (KHTML, like Gecko) Chrome/23.0.1271.91 Safari/537.11"
24.151.203.229 - - [05/Jul/2013:23:26:03 +0200] "GET /cikk.php3?id_article=94 HTTP/1.0" 404 273 "http://attac.zpok.hu/cikk.php3?id_article=94" "Mozilla/5.0 (Windows NT 6.2; WOW64) AppleWebKit/537.11 (KHTML, like Gecko) Chrome/23.0.1271.91 Safari/537.11"
188.128.99.94 - - [05/Jul/2013:23:26:26 +0200] "GET /cikk.php3?id_article=94 HTTP/1.0" 404 273 "http://attac.zpok.hu/cikk.php3?id_article=94" "Mozilla/5.0 (Windows NT 6.2; WOW64) AppleWebKit/537.11 (KHTML, like Gecko) Chrome/23.0.1271.91 Safari/537.11"
24.151.203.229 - - [05/Jul/2013:23:26:27 +0200] "GET /cikk.php3?id_article=94 HTTP/1.0" 404 273 "http://attac.zpok.hu/cikk.php3?id_article=94" "Mozilla/5.0 (Windows NT 6.2; WOW64) AppleWebKit/537.11 (KHTML, like Gecko) Chrome/23.0.1271.91 Safari/537.11"
77.231.60.192 - - [05/Jul/2013:23:26:30 +0200] "GET /cikk.php3?id_article=94 HTTP/1.0" 404 273 "http://attac.zpok.hu/cikk.php3?id_article=94" "Mozilla/5.0 (Windows NT 6.2; WOW64) AppleWebKit/537.11 (KHTML, like Gecko) Chrome/23.0.1271.91 Safari/537.11"
62.84.24.139 - - [05/Jul/2013:23:26:31 +0200] "GET /cikk.php3?id_article=94 HTTP/1.0" 404 273 "http://attac.zpok.hu/cikk.php3?id_article=94" "Mozilla/5.0 (Windows NT 6.2; WOW64) AppleWebKit/537.11 (KHTML, like Gecko) Chrome/23.0.1271.91 Safari/537.11"
62.84.24.139 - - [05/Jul/2013:23:26:32 +0200] "GET / HTTP/1.0" 200 1155 "http://attac.zpok.hu/" "Mozilla/5.0 (Windows NT 6.2; WOW64) AppleWebKit/537.11 (KHTML, like Gecko) Chrome/23.0.1271.91 Safari/537.11"
195.56.55.225 - - [05/Jul/2013:23:27:40 +0200] "GET /test.html HTTP/1.1" 200 56 "-" "monit/4.6"
46.107.197.17 - - [05/Jul/2013:23:28:33 +0200] "GET /proxy.pac HTTP/1.1" 404 282 "-" "-"
46.107.197.17 - - [05/Jul/2013:23:28:33 +0200] "GET /proxy.pac HTTP/1.1" 404 282 "-" "-"
46.107.197.17 - - [05/Jul/2013:23:28:34 +0200] "GET /proxy.pac HTTP/1.1" 404 282 "-" "-"
89.248.174.60 - - [05/Jul/2013:23:28:35 +0200] "GET /forum_attac.php3?id_article=983&retour=cikk.php3%3Fid_article%3D983 HTTP/1.1" 404 292 "-" "Mozilla/4.0 (compatible; MSIE 6.0; Windows NT 5.1; SV1)"
46.107.197.17 - - [05/Jul/2013:23:28:55 +0200] "GET /proxy.pac HTTP/1.1" 404 282 "-" "Mozilla/5.0 (compatible; MSIE 10.0; Win32; Trident/6.0)"
92.40.33.93 - - [05/Jul/2013:23:29:06 +0200] "GET /proxy.pac HTTP/1.1" 404 282 "-" "Mozilla/5.0 (Windows NT 6.1; rv:5.0) Gecko/20100101 Firefox/5.0"
92.40.33.93 - - [05/Jul/2013:23:29:23 +0200] "GET /proxy.pac HTTP/1.1" 404 282 "-" "Mozilla/5.0 (Windows NT 6.1; rv:5.0) Gecko/20100101 Firefox/5.0"
195.56.55.225 - - [05/Jul/2013:23:29:42 +0200] "GET /test.html HTTP/1.1" 200 56 "-" "monit/4.6"
92.40.33.93 - - [05/Jul/2013:23:29:47 +0200] "GET /proxy.pac HTTP/1.1" 404 282 "-" "Mozilla/5.0 (Windows NT 6.1; rv:5.0) Gecko/20100101 Firefox/5.0"
91.232.96.36 - - [05/Jul/2013:23:30:45 +0200] "GET /forum_attac.php3?id_article=983&retour=cikk.php3%3Fid_article%3D983 HTTP/1.1" 404 292 "-" "Mozilla/4.0 (compatible; MSIE 6.0; Windows NT 5.1; SV1)"
91.82.56.8 - - [05/Jul/2013:23:31:02 +0200] "-" 408 - "-" "-"
195.56.55.225 - - [05/Jul/2013:23:31:44 +0200] "GET /test.html HTTP/1.1" 200 56 "-" "monit/4.6"
130.43.235.26 - - [05/Jul/2013:23:31:59 +0200] "-" 408 - "-" "-"
130.43.235.26 - - [05/Jul/2013:23:31:59 +0200] "-" 408 - "-" "-"
130.43.235.26 - - [05/Jul/2013:23:31:59 +0200] "-" 408 - "-" "-"
195.56.55.225 - - [05/Jul/2013:23:33:46 +0200] "GET /test.html HTTP/1.1" 200 56 "-" "monit/4.6"
180.76.5.50 - - [05/Jul/2013:23:35:18 +0200] "GET /robots.txt HTTP/1.1" 404 305 "-" "Mozilla/5.0 (Windows NT 5.1; rv:6.0.2) Gecko/20100101 Firefox/6.0.2"
195.56.55.225 - - [05/Jul/2013:23:35:48 +0200] "GET /test.html HTTP/1.1" 200 56 "-" "monit/4.6"
180.76.5.56 - - [05/Jul/2013:23:37:00 +0200] "GET / HTTP/1.1" 200 1155 "-" "Mozilla/5.0 (compatible; Baiduspider/2.0; +http://www.baidu.com/search/spider.html)"
65.55.213.58 - - [05/Jul/2013:23:37:35 +0200] "GET / HTTP/1.1" 200 1155 "-" "Mozilla/4.0 (compatible; MSIE 7.0; Windows NT 5.1; SLCC1; .NET CLR 1.1.4322; .NET CLR 2.0.40607; .NET CLR 3.0.04506.648)"
195.56.55.225 - - [05/Jul/2013:23:37:50 +0200] "GET /test.html HTTP/1.1" 200 56 "-" "monit/4.6"
195.56.55.225 - - [05/Jul/2013:23:39:52 +0200] "GET /test.html HTTP/1.1" 200 56 "-" "monit/4.6"
202.125.84.2 - - [05/Jul/2013:23:40:28 +0200] "POST /forum_attac.php3?id_article=710&retour=cikk HTTP/1.1" 404 292 "http://attac.zpok.hu/forum_attac.php3?id_article=710&retour=cikk" "Mozilla/4.0 (compatible; MSIE 6.0; Windows NT 5.1; SV1)"
123.30.75.245 - - [05/Jul/2013:23:40:34 +0200] "POST /forum_attac.php3?id_article=710&retour=cikk HTTP/1.1" 404 292 "http://attac.zpok.hu/forum_attac.php3?id_article=710&retour=cikk" "Mozilla/4.0 (compatible; MSIE 6.0; Windows NT 5.1; SV1)"
195.56.55.225 - - [05/Jul/2013:23:41:54 +0200] "GET /test.html HTTP/1.1" 200 56 "-" "monit/4.6"
46.107.197.17 - - [05/Jul/2013:23:43:56 +0200] "GET /proxy.pac HTTP/1.1" 404 282 "-" "Mozilla/5.0 (compatible; MSIE 10.0; Win32; Trident/6.0)"
195.56.55.225 - - [05/Jul/2013:23:43:56 +0200] "GET /test.html HTTP/1.1" 200 56 "-" "monit/4.6"
195.56.55.225 - - [05/Jul/2013:23:45:58 +0200] "GET /test.html HTTP/1.1" 200 56 "-" "monit/4.6"
195.56.55.225 - - [05/Jul/2013:23:48:00 +0200] "GET /test.html HTTP/1.1" 200 56 "-" "monit/4.6"
195.56.55.225 - - [05/Jul/2013:23:50:03 +0200] "GET /test.html HTTP/1.1" 200 56 "-" "monit/4.6"
86.91.145.253 - - [05/Jul/2013:23:51:06 +0200] "-" 408 - "-" "-"
157.55.33.111 - - [05/Jul/2013:23:51:18 +0200] "GET /kompasz/ismeretek_kepessegek_keszsegek_attitudok HTTP/1.1" 404 337 "-" "Mozilla/5.0 (compatible; bingbot/2.0; +http://www.bing.com/bingbot.htm)"
89.248.174.60 - - [05/Jul/2013:23:51:38 +0200] "GET /forum_attac.php3?id_article=983&retour=cikk.php3%3Fid_article%3D983 HTTP/1.1" 404 292 "-" "Mozilla/4.0 (compatible; MSIE 6.0; Windows NT 5.1; SV1)"
195.56.55.225 - - [05/Jul/2013:23:52:05 +0200] "GET /test.html HTTP/1.1" 200 56 "-" "monit/4.6"
91.232.96.36 - - [05/Jul/2013:23:53:45 +0200] "GET /forum_attac.php3?id_article=983&retour=cikk.php3%3Fid_article%3D983 HTTP/1.1" 404 292 "-" "Mozilla/4.0 (compatible; MSIE 6.0; Windows NT 5.1; SV1)"
195.56.55.225 - - [05/Jul/2013:23:54:07 +0200] "GET /test.html HTTP/1.1" 200 56 "-" "monit/4.6"
195.56.55.225 - - [05/Jul/2013:23:56:09 +0200] "GET /test.html HTTP/1.1" 200 56 "-" "monit/4.6"
195.56.55.225 - - [05/Jul/2013:23:58:11 +0200] "GET /test.html HTTP/1.1" 200 56 "-" "monit/4.6"
46.107.197.17 - - [05/Jul/2013:23:58:56 +0200] "GET /proxy.pac HTTP/1.1" 404 282 "-" "Mozilla/5.0 (compatible; MSIE 10.0; Win32; Trident/6.0)"
195.56.55.225 - - [06/Jul/2013:00:00:13 +0200] "GET /test.html HTTP/1.1" 200 56 "-" "monit/4.6"
195.56.55.225 - - [06/Jul/2013:00:02:16 +0200] "GET /test.html HTTP/1.1" 200 56 "-" "monit/4.6"
195.56.55.225 - - [06/Jul/2013:00:04:18 +0200] "GET /test.html HTTP/1.1" 200 56 "-" "monit/4.6"
195.56.55.225 - - [06/Jul/2013:00:06:20 +0200] "GET /test.html HTTP/1.1" 200 56 "-" "monit/4.6"
46.229.164.97 - - [06/Jul/2013:00:07:46 +0200] "GET /robots.txt HTTP/1.1" 404 285 "-" "Mozilla/5.0 (compatible; SemrushBot/0.96.3; +http://www.semrush.com/bot.html)"
195.56.55.225 - - [06/Jul/2013:00:08:22 +0200] "GET /test.html HTTP/1.1" 200 56 "-" "monit/4.6"
195.56.55.225 - - [06/Jul/2013:00:10:24 +0200] "GET /test.html HTTP/1.1" 200 56 "-" "monit/4.6"
195.56.55.225 - - [06/Jul/2013:00:12:27 +0200] "GET /test.html HTTP/1.1" 200 56 "-" "monit/4.6"
186.5.2.234 - - [06/Jul/2013:00:13:15 +0200] "-" 408 - "-" "-"
46.107.197.17 - - [06/Jul/2013:00:13:55 +0200] "GET /proxy.pac HTTP/1.1" 404 282 "-" "Mozilla/5.0 (compatible; MSIE 10.0; Win32; Trident/6.0)"
195.56.55.225 - - [06/Jul/2013:00:14:29 +0200] "GET /test.html HTTP/1.1" 200 56 "-" "monit/4.6"
89.248.174.60 - - [06/Jul/2013:00:14:35 +0200] "GET /forum_attac.php3?id_article=983&retour=cikk.php3%3Fid_article%3D983 HTTP/1.1" 404 292 "-" "Mozilla/4.0 (compatible; MSIE 6.0; Windows NT 5.1; SV1)"
195.56.55.225 - - [06/Jul/2013:00:16:31 +0200] "GET /test.html HTTP/1.1" 200 56 "-" "monit/4.6"
91.232.96.36 - - [06/Jul/2013:00:16:44 +0200] "GET /forum_attac.php3?id_article=983&retour=cikk.php3%3Fid_article%3D983 HTTP/1.1" 404 292 "-" "Mozilla/4.0 (compatible; MSIE 6.0; Windows NT 5.1; SV1)"
195.56.55.225 - - [06/Jul/2013:00:18:33 +0200] "GET /test.html HTTP/1.1" 200 56 "-" "monit/4.6"
195.56.55.225 - - [06/Jul/2013:00:20:35 +0200] "GET /test.html HTTP/1.1" 200 56 "-" "monit/4.6"
157.55.33.111 - - [06/Jul/2013:00:22:16 +0200] "GET /robots.txt HTTP/1.1" 404 285 "-" "Mozilla/5.0 (compatible; bingbot/2.0; +http://www.bing.com/bingbot.htm)"
195.56.55.225 - - [06/Jul/2013:00:22:37 +0200] "GET /test.html HTTP/1.1" 200 56 "-" "monit/4.6"
157.55.33.111 - - [06/Jul/2013:00:23:23 +0200] "GET / HTTP/1.1" 200 1155 "-" "Mozilla/5.0 (compatible; bingbot/2.0; +http://www.bing.com/bingbot.htm)"
195.56.55.225 - - [06/Jul/2013:00:24:39 +0200] "GET /test.html HTTP/1.1" 200 56 "-" "monit/4.6"
195.56.55.225 - - [06/Jul/2013:00:26:41 +0200] "GET /test.html HTTP/1.1" 200 56 "-" "monit/4.6"
195.56.55.225 - - [06/Jul/2013:00:28:43 +0200] "GET /test.html HTTP/1.1" 200 56 "-" "monit/4.6"
46.107.197.17 - - [06/Jul/2013:00:28:56 +0200] "GET /proxy.pac HTTP/1.1" 404 282 "-" "Mozilla/5.0 (compatible; MSIE 10.0; Win32; Trident/6.0)"
195.56.55.225 - - [06/Jul/2013:00:30:45 +0200] "GET /test.html HTTP/1.1" 200 56 "-" "monit/4.6"
221.176.23.242 - - [06/Jul/2013:00:32:42 +0200] "POST /forum_attac.php3?id_article=710&retour=cikk HTTP/1.1" 404 292 "http://attac.zpok.hu/forum_attac.php3?id_article=710&retour=cikk" "Mozilla/4.0 (compatible; MSIE 6.0; Windows NT 5.1; SV1)"
116.50.153.66 - - [06/Jul/2013:00:32:42 +0200] "POST /forum_attac.php3?id_article=710&retour=cikk HTTP/1.1" 404 292 "http://attac.zpok.hu/forum_attac.php3?id_article=710&retour=cikk" "Mozilla/4.0 (compatible; MSIE 6.0; Windows NT 5.1; SV1)"
195.56.55.225 - - [06/Jul/2013:00:32:47 +0200] "GET /test.html HTTP/1.1" 200 56 "-" "monit/4.6"
72.14.199.132 - - [06/Jul/2013:00:34:23 +0200] "GET / HTTP/1.1" 200 1155 "-" "Feedfetcher-Google; (+http://www.google.com/feedfetcher.html; 1 subscribers; feed-id=849169264004692768)"
195.56.55.225 - - [06/Jul/2013:00:34:49 +0200] "GET /test.html HTTP/1.1" 200 56 "-" "monit/4.6"
5.135.158.104 - - [06/Jul/2013:00:35:15 +0200] "POST" 405 - "-" "-"
195.56.55.225 - - [06/Jul/2013:00:36:51 +0200] "GET /test.html HTTP/1.1" 200 56 "-" "monit/4.6"
89.248.174.60 - - [06/Jul/2013:00:37:38 +0200] "GET /forum_attac.php3?id_article=983&retour=cikk.php3%3Fid_article%3D983 HTTP/1.1" 404 292 "-" "Mozilla/4.0 (compatible; MSIE 6.0; Windows NT 5.1; SV1)"
195.56.55.225 - - [06/Jul/2013:00:38:53 +0200] "GET /test.html HTTP/1.1" 200 56 "-" "monit/4.6"
91.232.96.36 - - [06/Jul/2013:00:39:54 +0200] "GET /forum_attac.php3?id_article=983&retour=cikk.php3%3Fid_article%3D983 HTTP/1.1" 404 292 "-" "Mozilla/4.0 (compatible; MSIE 6.0; Windows NT 5.1; SV1)"
195.56.55.225 - - [06/Jul/2013:00:40:56 +0200] "GET /test.html HTTP/1.1" 200 56 "-" "monit/4.6"
195.56.55.225 - - [06/Jul/2013:00:42:59 +0200] "GET /test.html HTTP/1.1" 200 56 "-" "monit/4.6"
195.56.55.225 - - [06/Jul/2013:00:45:01 +0200] "GET /test.html HTTP/1.1" 200 56 "-" "monit/4.6"
157.55.33.146 - - [06/Jul/2013:00:46:58 +0200] "GET /robots.txt HTTP/1.1" 404 285 "-" "Mozilla/5.0 (compatible; bingbot/2.0; +http://www.bing.com/bingbot.htm)"
195.56.55.225 - - [06/Jul/2013:00:47:03 +0200] "GET /test.html HTTP/1.1" 200 56 "-" "monit/4.6"
95.168.61.46 - - [06/Jul/2013:00:47:18 +0200] "-" 408 - "-" "-"
195.56.55.225 - - [06/Jul/2013:00:49:05 +0200] "GET /test.html HTTP/1.1" 200 56 "-" "monit/4.6"
195.56.55.225 - - [06/Jul/2013:00:51:07 +0200] "GET /test.html HTTP/1.1" 200 56 "-" "monit/4.6"
195.56.55.225 - - [06/Jul/2013:00:53:09 +0200] "GET /test.html HTTP/1.1" 200 56 "-" "monit/4.6"
195.3.146.94 - - [06/Jul/2013:00:54:52 +0200] "HEAD /?q=admin&destination=admin HTTP/1.0" 400 0 "-" "-"
157.55.33.146 - - [06/Jul/2013:00:55:02 +0200] "GET / HTTP/1.1" 200 1155 "-" "Mozilla/5.0 (compatible; bingbot/2.0; +http://www.bing.com/bingbot.htm)"
195.56.55.225 - - [06/Jul/2013:00:55:11 +0200] "GET /test.html HTTP/1.1" 200 56 "-" "monit/4.6"
195.56.55.225 - - [06/Jul/2013:00:57:13 +0200] "GET /test.html HTTP/1.1" 200 56 "-" "monit/4.6"
157.55.32.113 - - [06/Jul/2013:00:59:11 +0200] "GET /robots.txt HTTP/1.1" 404 290 "-" "Mozilla/5.0 (compatible; bingbot/2.0; +http://www.bing.com/bingbot.htm)"
195.56.55.225 - - [06/Jul/2013:00:59:15 +0200] "GET /test.html HTTP/1.1" 200 56 "-" "monit/4.6"
157.55.32.113 - - [06/Jul/2013:00:59:39 +0200] "GET /cikk.php3?id_article=1175 HTTP/1.1" 404 289 "-" "Mozilla/5.0 (compatible; bingbot/2.0; +http://www.bing.com/bingbot.htm)"
89.248.174.60 - - [06/Jul/2013:01:00:51 +0200] "GET /forum_attac.php3?id_article=983&retour=cikk.php3%3Fid_article%3D983 HTTP/1.1" 404 292 "-" "Mozilla/4.0 (compatible; MSIE 6.0; Windows NT 5.1; SV1)"
195.56.55.225 - - [06/Jul/2013:01:01:17 +0200] "GET /test.html HTTP/1.1" 200 56 "-" "monit/4.6"
91.232.96.36 - - [06/Jul/2013:01:02:45 +0200] "GET /forum_attac.php3?id_article=983&retour=cikk.php3%3Fid_article%3D983 HTTP/1.1" 404 292 "-" "Mozilla/4.0 (compatible; MSIE 6.0; Windows NT 5.1; SV1)"
195.56.55.225 - - [06/Jul/2013:01:03:19 +0200] "GET /test.html HTTP/1.1" 200 56 "-" "monit/4.6"
180.76.5.101 - - [06/Jul/2013:01:03:44 +0200] "GET /robots.txt HTTP/1.1" 404 290 "-" "Mozilla/5.0 (Windows NT 5.1; rv:6.0.2) Gecko/20100101 Firefox/6.0.2"
195.56.55.225 - - [06/Jul/2013:01:05:21 +0200] "GET /test.html HTTP/1.1" 200 56 "-" "monit/4.6"
195.56.55.225 - - [06/Jul/2013:01:07:23 +0200] "GET /test.html HTTP/1.1" 200 56 "-" "monit/4.6"
195.56.55.225 - - [06/Jul/2013:01:09:25 +0200] "GET /test.html HTTP/1.1" 200 56 "-" "monit/4.6"
195.56.55.225 - - [06/Jul/2013:01:11:27 +0200] "GET /test.html HTTP/1.1" 200 56 "-" "monit/4.6"
76.69.238.50 - - [06/Jul/2013:01:12:51 +0200] "-" 408 - "-" "-"
77.111.91.44 - - [06/Jul/2013:01:13:25 +0200] "HEAD /cikk.php3?id_article=495 HTTP/1.1" 404 0 "-" "Mozilla/5.0 (Windows NT 6.1; WOW64) AppleWebKit/537.17 (KHTML, like Gecko) Chrome/24.0.1312.56 Safari/537.17"
77.111.91.44 - - [06/Jul/2013:01:13:27 +0200] "HEAD /cikk.php3?id_article=437 HTTP/1.1" 404 0 "-" "Mozilla/5.0 (Windows NT 6.1; WOW64) AppleWebKit/537.17 (KHTML, like Gecko) Chrome/24.0.1312.56 Safari/537.17"
195.56.55.225 - - [06/Jul/2013:01:13:30 +0200] "GET /test.html HTTP/1.1" 200 56 "-" "monit/4.6"
77.111.91.44 - - [06/Jul/2013:01:14:03 +0200] "HEAD /cikk.php3?id_article=107 HTTP/1.1" 404 0 "-" "Mozilla/5.0 (Windows NT 6.1; WOW64) AppleWebKit/537.17 (KHTML, like Gecko) Chrome/24.0.1312.56 Safari/537.17"
77.111.91.44 - - [06/Jul/2013:01:14:03 +0200] "HEAD /hir.php3?id_breve=107 HTTP/1.1" 404 0 "-" "Mozilla/5.0 (Windows NT 6.1; WOW64) AppleWebKit/537.17 (KHTML, like Gecko) Chrome/24.0.1312.56 Safari/537.17"
77.111.91.44 - - [06/Jul/2013:01:14:03 +0200] "HEAD /cikk.php3?id_article=174 HTTP/1.1" 404 0 "-" "Mozilla/5.0 (Windows NT 6.1; WOW64) AppleWebKit/537.17 (KHTML, like Gecko) Chrome/24.0.1312.56 Safari/537.17"
77.111.91.44 - - [06/Jul/2013:01:14:03 +0200] "HEAD /cikk.php3?id_article=223 HTTP/1.1" 404 0 "-" "Mozilla/5.0 (Windows NT 6.1; WOW64) AppleWebKit/537.17 (KHTML, like Gecko) Chrome/24.0.1312.56 Safari/537.17"
77.111.91.44 - - [06/Jul/2013:01:14:03 +0200] "HEAD /cikk.php3?id_article=466 HTTP/1.1" 404 0 "-" "Mozilla/5.0 (Windows NT 6.1; WOW64) AppleWebKit/537.17 (KHTML, like Gecko) Chrome/24.0.1312.56 Safari/537.17"
195.56.55.225 - - [06/Jul/2013:01:15:32 +0200] "GET /test.html HTTP/1.1" 200 56 "-" "monit/4.6"
195.56.55.225 - - [06/Jul/2013:01:17:34 +0200] "GET /test.html HTTP/1.1" 200 56 "-" "monit/4.6"
195.56.55.225 - - [06/Jul/2013:01:19:36 +0200] "GET /test.html HTTP/1.1" 200 56 "-" "monit/4.6"
65.55.217.53 - - [06/Jul/2013:01:21:01 +0200] "-" 408 - "-" "-"
195.56.55.225 - - [06/Jul/2013:01:21:39 +0200] "GET /test.html HTTP/1.1" 200 56 "-" "monit/4.6"
195.56.55.225 - - [06/Jul/2013:01:23:42 +0200] "GET /test.html HTTP/1.1" 200 56 "-" "monit/4.6"
89.248.174.60 - - [06/Jul/2013:01:23:42 +0200] "GET /forum_attac.php3?id_article=983&retour=cikk.php3%3Fid_article%3D983 HTTP/1.1" 404 292 "-" "Mozilla/4.0 (compatible; MSIE 6.0; Windows NT 5.1; SV1)"
116.228.55.217 - - [06/Jul/2013:01:24:13 +0200] "POST /forum_attac.php3?id_article=710&retour=cikk HTTP/1.1" 404 292 "http://attac.zpok.hu/forum_attac.php3?id_article=710&retour=cikk" "Mozilla/4.0 (compatible; MSIE 6.0; Windows NT 5.1; SV1)"
116.50.153.66 - - [06/Jul/2013:01:24:26 +0200] "POST /forum_attac.php3?id_article=710&retour=cikk HTTP/1.1" 404 292 "http://attac.zpok.hu/forum_attac.php3?id_article=710&retour=cikk" "Mozilla/4.0 (compatible; MSIE 6.0; Windows NT 5.1; SV1)"
116.228.55.184 - - [06/Jul/2013:01:24:29 +0200] "POST /forum_attac.php3?id_article=710&retour=cikk HTTP/1.0" 404 280 "http://attac.zpok.hu/forum_attac.php3?id_article=710&retour=cikk" "Mozilla/4.0 (compatible; MSIE 6.0; Windows NT 5.1; SV1)"
91.232.96.36 - - [06/Jul/2013:01:25:42 +0200] "GET /forum_attac.php3?id_article=983&retour=cikk.php3%3Fid_article%3D983 HTTP/1.1" 404 292 "-" "Mozilla/4.0 (compatible; MSIE 6.0; Windows NT 5.1; SV1)"
195.56.55.225 - - [06/Jul/2013:01:25:43 +0200] "GET /test.html HTTP/1.1" 200 56 "-" "monit/4.6"
92.40.33.93 - - [06/Jul/2013:01:25:56 +0200] "GET /proxy.pac HTTP/1.1" 404 282 "-" "-"
92.40.33.93 - - [06/Jul/2013:01:26:01 +0200] "GET /proxy.pac HTTP/1.1" 404 282 "-" "-"
195.56.55.225 - - [06/Jul/2013:01:27:45 +0200] "GET /test.html HTTP/1.1" 200 56 "-" "monit/4.6"
208.115.113.90 - - [06/Jul/2013:01:28:31 +0200] "GET /robots.txt HTTP/1.1" 404 296 "-" "Mozilla/5.0 (compatible; Ezooms/1.0; ezooms.bot@gmail.com)"
195.56.55.225 - - [06/Jul/2013:01:29:47 +0200] "GET /test.html HTTP/1.1" 200 56 "-" "monit/4.6"
195.56.55.225 - - [06/Jul/2013:01:31:49 +0200] "GET /test.html HTTP/1.1" 200 56 "-" "monit/4.6"
195.56.55.225 - - [06/Jul/2013:01:33:51 +0200] "GET /test.html HTTP/1.1" 200 56 "-" "monit/4.6"
188.29.15.96 - - [06/Jul/2013:01:34:40 +0200] "GET /proxy.pac HTTP/1.1" 404 282 "-" "Mozilla/5.0 (Windows NT 6.1; rv:5.0) Gecko/20100101 Firefox/5.0"
188.29.15.96 - - [06/Jul/2013:01:34:46 +0200] "GET /proxy.pac HTTP/1.1" 404 282 "-" "Mozilla/5.0 (Windows NT 6.1; rv:5.0) Gecko/20100101 Firefox/5.0"
195.56.55.225 - - [06/Jul/2013:01:35:53 +0200] "GET /test.html HTTP/1.1" 200 56 "-" "monit/4.6"
157.55.33.111 - - [06/Jul/2013:01:36:03 +0200] "GET /robots.txt HTTP/1.1" 404 299 "-" "Mozilla/5.0 (compatible; bingbot/2.0; +http://www.bing.com/bingbot.htm)"
157.55.33.111 - - [06/Jul/2013:01:37:46 +0200] "GET /kompasz/milyen_jogaink_vannak HTTP/1.1" 404 318 "-" "Mozilla/5.0 (compatible; bingbot/2.0; +http://www.bing.com/bingbot.htm)"
195.56.55.225 - - [06/Jul/2013:01:37:55 +0200] "GET /test.html HTTP/1.1" 200 56 "-" "monit/4.6"
66.249.78.218 - - [06/Jul/2013:01:39:29 +0200] "GET /cikk.php3?id_article=171 HTTP/1.1" 404 285 "-" "Mozilla/5.0 (compatible; Googlebot/2.1; +http://www.google.com/bot.html)"
195.56.55.225 - - [06/Jul/2013:01:39:57 +0200] "GET /test.html HTTP/1.1" 200 56 "-" "monit/4.6"
195.56.55.225 - - [06/Jul/2013:01:42:00 +0200] "GET /test.html HTTP/1.1" 200 56 "-" "monit/4.6"
98.69.236.193 - - [06/Jul/2013:01:43:17 +0200] "-" 408 - "-" "-"
195.56.55.225 - - [06/Jul/2013:01:44:02 +0200] "GET /test.html HTTP/1.1" 200 56 "-" "monit/4.6"
192.74.244.100 - - [06/Jul/2013:01:44:34 +0200] "GET /IMG/European_SW_Report_2010-eng.pdf HTTP/1.0" 404 299 "http://attac.zpok.hu/IMG/European_SW_Report_2010-eng.pdf" "Opera/9.80 (Windows NT 6.1; U; ru) Presto/2.7.39 Version/11.00"
192.74.244.100 - - [06/Jul/2013:01:44:35 +0200] "GET / HTTP/1.0" 200 1155 "http://attac.zpok.hu/" "Opera/9.80 (Windows NT 6.1; U; ru) Presto/2.7.39 Version/11.00"
195.56.55.225 - - [06/Jul/2013:01:46:04 +0200] "GET /test.html HTTP/1.1" 200 56 "-" "monit/4.6"
89.248.174.60 - - [06/Jul/2013:01:46:31 +0200] "GET /forum_attac.php3?id_article=983&retour=cikk.php3%3Fid_article%3D983 HTTP/1.1" 404 292 "-" "Mozilla/4.0 (compatible; MSIE 6.0; Windows NT 5.1; SV1)"
195.56.55.225 - - [06/Jul/2013:01:48:06 +0200] "GET /test.html HTTP/1.1" 200 56 "-" "monit/4.6"
199.187.122.91 - - [06/Jul/2013:01:48:10 +0200] "GET /robots.txt HTTP/1.1" 404 296 "-" "Mozilla/4.0 (compatible; MSIE 6.0; Windows NT 5.1; SV1; .NET CLR 2.0.50727)"
91.232.96.36 - - [06/Jul/2013:01:48:42 +0200] "GET /forum_attac.php3?id_article=983&retour=cikk.php3%3Fid_article%3D983 HTTP/1.1" 404 292 "-" "Mozilla/4.0 (compatible; MSIE 6.0; Windows NT 5.1; SV1)"
195.56.55.225 - - [06/Jul/2013:01:50:08 +0200] "GET /test.html HTTP/1.1" 200 56 "-" "monit/4.6"
195.56.55.225 - - [06/Jul/2013:01:52:10 +0200] "GET /test.html HTTP/1.1" 200 56 "-" "monit/4.6"
199.187.122.91 - - [06/Jul/2013:01:52:45 +0200] "GET /documents/english/diary2.htm HTTP/1.1" 404 314 "-" "Mozilla/4.0 (compatible; MSIE 6.0; Windows NT 5.1; SV1; .NET CLR 2.0.50727)"
199.187.122.91 - - [06/Jul/2013:01:52:46 +0200] "GET /documents/english/diary1.htm HTTP/1.1" 404 314 "-" "Mozilla/4.0 (compatible; MSIE 6.0; Windows NT 5.1; SV1; .NET CLR 2.0.50727)"
199.187.122.91 - - [06/Jul/2013:01:52:46 +0200] "GET /documents/english/diary3.htm HTTP/1.1" 404 314 "-" "Mozilla/4.0 (compatible; MSIE 6.0; Windows NT 5.1; SV1; .NET CLR 2.0.50727)"
199.187.122.91 - - [06/Jul/2013:01:52:47 +0200] "GET /documents/english/press/gprelease200309.htm HTTP/1.1" 404 329 "-" "Mozilla/4.0 (compatible; MSIE 6.0; Windows NT 5.1; SV1; .NET CLR 2.0.50727)"
199.187.122.91 - - [06/Jul/2013:01:52:52 +0200] "GET /documents/alburnusmaior/canembassypr.htm HTTP/1.1" 404 326 "-" "Mozilla/4.0 (compatible; MSIE 6.0; Windows NT 5.1; SV1; .NET CLR 2.0.50727)"
199.187.122.91 - - [06/Jul/2013:01:52:52 +0200] "GET /documents/english/vigil.htm HTTP/1.1" 404 313 "-" "Mozilla/4.0 (compatible; MSIE 6.0; Windows NT 5.1; SV1; .NET CLR 2.0.50727)"
199.187.122.91 - - [06/Jul/2013:01:52:53 +0200] "GET / HTTP/1.1" 200 1155 "-" "Mozilla/4.0 (compatible; MSIE 6.0; Windows NT 5.1; SV1; .NET CLR 2.0.50727)"
199.187.122.91 - - [06/Jul/2013:01:52:53 +0200] "GET /documents/english/solidaritymessage.htm HTTP/1.1" 404 325 "-" "Mozilla/4.0 (compatible; MSIE 6.0; Windows NT 5.1; SV1; .NET CLR 2.0.50727)"
195.56.55.225 - - [06/Jul/2013:01:54:12 +0200] "GET /test.html HTTP/1.1" 200 56 "-" "monit/4.6"
212.7.196.79 - - [06/Jul/2013:01:54:44 +0200] "GET / HTTP/1.1" 200 1155 "-" "Mozilla/5.0 (Windows; U; Windows NT 6.1; WOW64; en-US; rv:2.0.4) Gecko/20120718 AskTbAVR-IDW/3.12.5.17700 Firefox/14.0.1"
195.56.55.225 - - [06/Jul/2013:01:56:14 +0200] "GET /test.html HTTP/1.1" 200 56 "-" "monit/4.6"
195.56.55.225 - - [06/Jul/2013:01:58:16 +0200] "GET /test.html HTTP/1.1" 200 56 "-" "monit/4.6"
195.56.55.225 - - [06/Jul/2013:02:00:18 +0200] "GET /test.html HTTP/1.1" 200 56 "-" "monit/4.6"
195.56.55.225 - - [06/Jul/2013:02:02:20 +0200] "GET /test.html HTTP/1.1" 200 56 "-" "monit/4.6"
195.56.55.225 - - [06/Jul/2013:02:04:22 +0200] "GET /test.html HTTP/1.1" 200 56 "-" "monit/4.6"
195.56.55.225 - - [06/Jul/2013:02:06:25 +0200] "GET /test.html HTTP/1.1" 200 56 "-" "monit/4.6"
195.56.55.225 - - [06/Jul/2013:02:08:28 +0200] "GET /test.html HTTP/1.1" 200 56 "-" "monit/4.6"
89.248.174.60 - - [06/Jul/2013:02:09:34 +0200] "GET /forum_attac.php3?id_article=983&retour=cikk.php3%3Fid_article%3D983 HTTP/1.1" 404 292 "-" "Mozilla/4.0 (compatible; MSIE 6.0; Windows NT 5.1; SV1)"
195.56.55.225 - - [06/Jul/2013:02:10:30 +0200] "GET /test.html HTTP/1.1" 200 56 "-" "monit/4.6"
46.229.164.97 - - [06/Jul/2013:02:10:40 +0200] "GET /robots.txt HTTP/1.1" 404 288 "-" "Mozilla/5.0 (compatible; SemrushBot/0.96.3; +http://www.semrush.com/bot.html)"
91.232.96.36 - - [06/Jul/2013:02:11:45 +0200] "GET /forum_attac.php3?id_article=983&retour=cikk.php3%3Fid_article%3D983 HTTP/1.1" 404 292 "-" "Mozilla/4.0 (compatible; MSIE 6.0; Windows NT 5.1; SV1)"
195.56.55.225 - - [06/Jul/2013:02:12:33 +0200] "GET /test.html HTTP/1.1" 200 56 "-" "monit/4.6"
195.56.55.225 - - [06/Jul/2013:02:14:35 +0200] "GET /test.html HTTP/1.1" 200 56 "-" "monit/4.6"
195.56.55.225 - - [06/Jul/2013:02:16:37 +0200] "GET /test.html HTTP/1.1" 200 56 "-" "monit/4.6"
195.56.55.225 - - [06/Jul/2013:02:18:39 +0200] "GET /test.html HTTP/1.1" 200 56 "-" "monit/4.6"
195.56.55.225 - - [06/Jul/2013:02:20:41 +0200] "GET /test.html HTTP/1.1" 200 56 "-" "monit/4.6"
193.105.210.226 - - [06/Jul/2013:02:22:30 +0200] "-" 408 - "-" "-"
195.56.55.225 - - [06/Jul/2013:02:22:43 +0200] "GET /test.html HTTP/1.1" 200 56 "-" "monit/4.6"
195.56.55.225 - - [06/Jul/2013:02:24:46 +0200] "GET /test.html HTTP/1.1" 200 56 "-" "monit/4.6"
195.56.55.225 - - [06/Jul/2013:02:26:48 +0200] "GET /test.html HTTP/1.1" 200 56 "-" "monit/4.6"
195.56.55.225 - - [06/Jul/2013:02:28:51 +0200] "GET /test.html HTTP/1.1" 200 56 "-" "monit/4.6"
157.56.93.39 - - [06/Jul/2013:02:30:19 +0200] "GET /robots.txt HTTP/1.1" 404 299 "-" "Mozilla/5.0 (compatible; bingbot/2.0; +http://www.bing.com/bingbot.htm)"
195.56.55.225 - - [06/Jul/2013:02:30:53 +0200] "GET /test.html HTTP/1.1" 200 56 "-" "monit/4.6"
157.56.93.39 - - [06/Jul/2013:02:31:17 +0200] "GET /kompasz/hosok_es_hosnok HTTP/1.1" 404 312 "-" "Mozilla/5.0 (compatible; bingbot/2.0; +http://www.bing.com/bingbot.htm)"
89.248.174.60 - - [06/Jul/2013:02:32:39 +0200] "GET /forum_attac.php3?id_article=983&retour=cikk.php3%3Fid_article%3D983 HTTP/1.1" 404 292 "-" "Mozilla/4.0 (compatible; MSIE 6.0; Windows NT 5.1; SV1)"
195.56.55.225 - - [06/Jul/2013:02:32:55 +0200] "GET /test.html HTTP/1.1" 200 56 "-" "monit/4.6"
37.59.225.234 - - [06/Jul/2013:02:33:01 +0200] "GET /comment/reply/7924 Result: chosen nickname \"coksLoussyLes\"; logged in; success; message must go through moderation; HTTP/1.0" 400 365 "-" "-"
91.232.96.36 - - [06/Jul/2013:02:34:37 +0200] "GET /forum_attac.php3?id_article=983&retour=cikk.php3%3Fid_article%3D983 HTTP/1.1" 404 292 "-" "Mozilla/4.0 (compatible; MSIE 6.0; Windows NT 5.1; SV1)"
195.56.55.225 - - [06/Jul/2013:02:34:57 +0200] "GET /test.html HTTP/1.1" 200 56 "-" "monit/4.6"
195.56.55.225 - - [06/Jul/2013:02:36:59 +0200] "GET /test.html HTTP/1.1" 200 56 "-" "monit/4.6"
195.56.55.225 - - [06/Jul/2013:02:39:01 +0200] "GET /test.html HTTP/1.1" 200 56 "-" "monit/4.6"
195.56.55.225 - - [06/Jul/2013:02:41:03 +0200] "GET /test.html HTTP/1.1" 200 56 "-" "monit/4.6"
65.55.52.114 - - [06/Jul/2013:02:41:58 +0200] "GET /robots.txt HTTP/1.1" 404 290 "-" "Mozilla/5.0 (compatible; bingbot/2.0; +http://www.bing.com/bingbot.htm)"
195.56.55.225 - - [06/Jul/2013:02:43:05 +0200] "GET /test.html HTTP/1.1" 200 56 "-" "monit/4.6"
195.56.55.225 - - [06/Jul/2013:02:45:07 +0200] "GET /test.html HTTP/1.1" 200 56 "-" "monit/4.6"
58.248.89.26 - - [06/Jul/2013:02:45:53 +0200] "GET /cikk.php3?id_article=376 HTTP/1.0" 404 273 "http://attac.zpok.hu/cikk.php3?id_article=376" "Mozilla/5.0 (Windows NT 6.1; WOW64) AppleWebKit/537.11 (KHTML, like Gecko) Chrome/23.0.1271.91 Safari/537.11"
58.248.89.26 - - [06/Jul/2013:02:45:55 +0200] "GET / HTTP/1.0" 200 1155 "http://attac.zpok.hu/" "Mozilla/5.0 (Windows NT 6.1; WOW64) AppleWebKit/537.11 (KHTML, like Gecko) Chrome/23.0.1271.91 Safari/537.11"
66.249.78.207 - - [06/Jul/2013:02:46:10 +0200] "GET /robots.txt HTTP/1.1" 404 290 "-" "Mozilla/5.0 (compatible; Googlebot/2.1; +http://www.google.com/bot.html)"
66.249.78.207 - - [06/Jul/2013:02:46:10 +0200] "GET / HTTP/1.1" 200 1155 "-" "Mozilla/5.0 (iPhone; U; CPU iPhone OS 4_1 like Mac OS X; en-us) AppleWebKit/532.9 (KHTML, like Gecko) Version/4.0.5 Mobile/8B117 Safari/6531.22.7 (compatible; Googlebot-Mobile/2.1; +http://www.google.com/bot.html)"
195.56.55.225 - - [06/Jul/2013:02:47:09 +0200] "GET /test.html HTTP/1.1" 200 56 "-" "monit/4.6"
195.56.55.225 - - [06/Jul/2013:02:49:11 +0200] "GET /test.html HTTP/1.1" 200 56 "-" "monit/4.6"
195.56.55.225 - - [06/Jul/2013:02:51:14 +0200] "GET /test.html HTTP/1.1" 200 56 "-" "monit/4.6"
66.249.78.234 - - [06/Jul/2013:02:52:27 +0200] "GET /robots.txt HTTP/1.1" 404 291 "-" "Mozilla/5.0 (compatible; Googlebot/2.1; +http://www.google.com/bot.html)"
195.56.55.225 - - [06/Jul/2013:02:53:16 +0200] "GET /test.html HTTP/1.1" 200 56 "-" "monit/4.6"
195.56.55.225 - - [06/Jul/2013:02:55:18 +0200] "GET /test.html HTTP/1.1" 200 56 "-" "monit/4.6"
89.248.174.60 - - [06/Jul/2013:02:55:41 +0200] "GET /forum_attac.php3?id_article=983&retour=cikk.php3%3Fid_article%3D983 HTTP/1.1" 404 292 "-" "Mozilla/4.0 (compatible; MSIE 6.0; Windows NT 5.1; SV1)"
195.56.55.225 - - [06/Jul/2013:02:57:20 +0200] "GET /test.html HTTP/1.1" 200 56 "-" "monit/4.6"
91.232.96.36 - - [06/Jul/2013:02:57:36 +0200] "GET /forum_attac.php3?id_article=983&retour=cikk.php3%3Fid_article%3D983 HTTP/1.1" 404 292 "-" "Mozilla/4.0 (compatible; MSIE 6.0; Windows NT 5.1; SV1)"
65.55.52.114 - - [06/Jul/2013:02:58:59 +0200] "GET / HTTP/1.1" 200 1155 "-" "Mozilla/5.0 (compatible; bingbot/2.0; +http://www.bing.com/bingbot.htm)"
195.56.55.225 - - [06/Jul/2013:02:59:22 +0200] "GET /test.html HTTP/1.1" 200 56 "-" "monit/4.6"
195.56.55.225 - - [06/Jul/2013:03:01:24 +0200] "GET /test.html HTTP/1.1" 200 56 "-" "monit/4.6"
195.56.55.225 - - [06/Jul/2013:03:03:26 +0200] "GET /test.html HTTP/1.1" 200 56 "-" "monit/4.6"
111.95.243.36 - - [06/Jul/2013:03:04:20 +0200] "POST /forum_attac.php3?id_article=710&retour=cikk HTTP/1.1" 404 292 "http://attac.zpok.hu/forum_attac.php3?id_article=710&retour=cikk" "Mozilla/4.0 (compatible; MSIE 6.0; Windows NT 5.1; SV1)"
201.85.50.148 - - [06/Jul/2013:03:04:37 +0200] "POST /forum_attac.php3?id_article=710&retour=cikk HTTP/1.1" 404 292 "http://attac.zpok.hu/forum_attac.php3?id_article=710&retour=cikk" "Mozilla/4.0 (compatible; MSIE 6.0; Windows NT 5.1; SV1)"
210.14.133.202 - - [06/Jul/2013:03:04:50 +0200] "POST /forum_attac.php3?id_article=710&retour=cikk HTTP/1.1" 404 292 "http://attac.zpok.hu/forum_attac.php3?id_article=710&retour=cikk" "Mozilla/4.0 (compatible; MSIE 6.0; Windows NT 5.1; SV1)"
195.56.55.225 - - [06/Jul/2013:03:05:28 +0200] "GET /test.html HTTP/1.1" 200 56 "-" "monit/4.6"
180.76.5.164 - - [06/Jul/2013:03:06:00 +0200] "GET /robots.txt HTTP/1.1" 404 291 "-" "Mozilla/5.0 (Windows NT 5.1; rv:6.0.2) Gecko/20100101 Firefox/6.0.2"
195.56.55.225 - - [06/Jul/2013:03:07:33 +0200] "GET /test.html HTTP/1.1" 200 56 "-" "monit/4.6"
195.56.55.225 - - [06/Jul/2013:03:09:35 +0200] "GET /test.html HTTP/1.1" 200 56 "-" "monit/4.6"
173.201.196.1 - - [06/Jul/2013:03:09:45 +0200] "GET /sites/default/files/John Lithgow Photo by Johan Persson.jpg HTTP/1.1" 400 365 "-" "-"
195.56.55.225 - - [06/Jul/2013:03:11:37 +0200] "GET /test.html HTTP/1.1" 200 56 "-" "monit/4.6"
195.56.55.225 - - [06/Jul/2013:03:13:39 +0200] "GET /test.html HTTP/1.1" 200 56 "-" "monit/4.6"
66.249.78.169 - - [06/Jul/2013:03:14:49 +0200] "GET /robots.txt HTTP/1.1" 404 293 "-" "Mozilla/5.0 (compatible; Googlebot/2.1; +http://www.google.com/bot.html)"
66.249.78.169 - - [06/Jul/2013:03:14:49 +0200] "GET / HTTP/1.1" 200 1155 "-" "Mozilla/5.0 (iPhone; U; CPU iPhone OS 4_1 like Mac OS X; en-us) AppleWebKit/532.9 (KHTML, like Gecko) Version/4.0.5 Mobile/8B117 Safari/6531.22.7 (compatible; Googlebot-Mobile/2.1; +http://www.google.com/bot.html)"
195.56.55.225 - - [06/Jul/2013:03:15:41 +0200] "GET /test.html HTTP/1.1" 200 56 "-" "monit/4.6"
195.56.55.225 - - [06/Jul/2013:03:17:43 +0200] "GET /test.html HTTP/1.1" 200 56 "-" "monit/4.6"
65.19.138.33 - - [06/Jul/2013:03:18:01 +0200] "GET /blog/2/feed HTTP/1.1" 404 290 "-" "Feedly/1.0 (+http://www.feedly.com/fetcher.html; like FeedFetcher-Google)"
157.56.93.148 - - [06/Jul/2013:03:18:10 +0200] "GET /robots.txt HTTP/1.1" 404 290 "-" "Mozilla/5.0 (compatible; bingbot/2.0; +http://www.bing.com/bingbot.htm)"
89.248.174.60 - - [06/Jul/2013:03:18:41 +0200] "GET /forum_attac.php3?id_article=983&retour=cikk.php3%3Fid_article%3D983 HTTP/1.1" 404 292 "-" "Mozilla/4.0 (compatible; MSIE 6.0; Windows NT 5.1; SV1)"
195.70.55.211 - - [06/Jul/2013:03:19:12 +0200] "HEAD / HTTP/1.1" 200 0 "-" "libwww-perl/5.834"
195.56.55.225 - - [06/Jul/2013:03:19:46 +0200] "GET /test.html HTTP/1.1" 200 56 "-" "monit/4.6"
91.232.96.36 - - [06/Jul/2013:03:20:43 +0200] "GET /forum_attac.php3?id_article=983&retour=cikk.php3%3Fid_article%3D983 HTTP/1.1" 404 292 "-" "Mozilla/4.0 (compatible; MSIE 6.0; Windows NT 5.1; SV1)"
195.56.55.225 - - [06/Jul/2013:03:21:47 +0200] "GET /test.html HTTP/1.1" 200 56 "-" "monit/4.6"
195.56.55.225 - - [06/Jul/2013:03:23:49 +0200] "GET /test.html HTTP/1.1" 200 56 "-" "monit/4.6"
66.249.78.134 - - [06/Jul/2013:03:24:25 +0200] "GET /robots.txt HTTP/1.1" 404 309 "-" "Mozilla/5.0 (compatible; Googlebot/2.1; +http://www.google.com/bot.html)"
195.56.55.225 - - [06/Jul/2013:03:25:51 +0200] "GET /test.html HTTP/1.1" 200 56 "-" "monit/4.6"
195.56.55.225 - - [06/Jul/2013:03:27:53 +0200] "GET /test.html HTTP/1.1" 200 56 "-" "monit/4.6"
121.205.248.164 - - [06/Jul/2013:03:29:03 +0200] "GET /IMG/European_SW_Report_2010-eng.pdf HTTP/1.0" 404 299 "http://attac.zpok.hu/IMG/European_SW_Report_2010-eng.pdf" "Mozilla/4.0 (compatible; MSIE 6.0; Windows NT 5.1; SV1)"
121.205.248.164 - - [06/Jul/2013:03:29:08 +0200] "GET / HTTP/1.0" 200 1155 "http://attac.zpok.hu/" "Mozilla/4.0 (compatible; MSIE 6.0; Windows NT 5.1; SV1)"
195.56.55.225 - - [06/Jul/2013:03:29:55 +0200] "GET /test.html HTTP/1.1" 200 56 "-" "monit/4.6"
195.56.55.225 - - [06/Jul/2013:03:31:57 +0200] "GET /test.html HTTP/1.1" 200 56 "-" "monit/4.6"
195.56.55.225 - - [06/Jul/2013:03:33:59 +0200] "GET /test.html HTTP/1.1" 200 56 "-" "monit/4.6"
72.14.199.132 - - [06/Jul/2013:03:34:32 +0200] "GET / HTTP/1.1" 200 1155 "-" "Feedfetcher-Google; (+http://www.google.com/feedfetcher.html; 1 subscribers; feed-id=849169264004692768)"
195.56.55.225 - - [06/Jul/2013:03:36:01 +0200] "GET /test.html HTTP/1.1" 200 56 "-" "monit/4.6"
195.56.55.225 - - [06/Jul/2013:03:38:03 +0200] "GET /test.html HTTP/1.1" 200 56 "-" "monit/4.6"
195.56.55.225 - - [06/Jul/2013:03:40:05 +0200] "GET /test.html HTTP/1.1" 200 56 "-" "monit/4.6"
89.248.174.60 - - [06/Jul/2013:03:41:39 +0200] "GET /forum_attac.php3?id_article=983&retour=cikk.php3%3Fid_article%3D983 HTTP/1.1" 404 292 "-" "Mozilla/4.0 (compatible; MSIE 6.0; Windows NT 5.1; SV1)"
195.56.55.225 - - [06/Jul/2013:03:42:07 +0200] "GET /test.html HTTP/1.1" 200 56 "-" "monit/4.6"
208.115.113.90 - - [06/Jul/2013:03:43:10 +0200] "GET /documents/alburnusmaior/canembassypr.htm HTTP/1.1" 404 326 "-" "Mozilla/5.0 (compatible; Ezooms/1.0; ezooms.bot@gmail.com)"
91.232.96.36 - - [06/Jul/2013:03:43:55 +0200] "GET /forum_attac.php3?id_article=983&retour=cikk.php3%3Fid_article%3D983 HTTP/1.1" 404 292 "-" "Mozilla/4.0 (compatible; MSIE 6.0; Windows NT 5.1; SV1)"
195.56.55.225 - - [06/Jul/2013:03:44:09 +0200] "GET /test.html HTTP/1.1" 200 56 "-" "monit/4.6"
195.56.55.225 - - [06/Jul/2013:03:46:11 +0200] "GET /test.html HTTP/1.1" 200 56 "-" "monit/4.6"
195.56.55.225 - - [06/Jul/2013:03:48:14 +0200] "GET /test.html HTTP/1.1" 200 56 "-" "monit/4.6"
157.56.93.148 - - [06/Jul/2013:03:49:28 +0200] "GET /sites/csalan.mindworks.hu/files/XVI.OT2hirlevelODT.odt HTTP/1.1" 404 334 "-" "Mozilla/5.0 (compatible; bingbot/2.0; +http://www.bing.com/bingbot.htm)"
195.56.55.225 - - [06/Jul/2013:03:50:16 +0200] "GET /test.html HTTP/1.1" 200 56 "-" "monit/4.6"
195.56.55.225 - - [06/Jul/2013:03:52:18 +0200] "GET /test.html HTTP/1.1" 200 56 "-" "monit/4.6"
178.255.215.85 - - [06/Jul/2013:03:52:42 +0200] "GET /robots.txt HTTP/1.1" 404 290 "-" "Mozilla/5.0 (compatible; Exabot/3.0 (BiggerBetter); +http://www.exabot.com/go/robot)"
178.255.215.85 - - [06/Jul/2013:03:52:42 +0200] "GET /kapcsolat/forum HTTP/1.1" 404 295 "-" "Mozilla/5.0 (compatible; Exabot/3.0 (BiggerBetter); +http://www.exabot.com/go/robot)"
195.56.55.225 - - [06/Jul/2013:03:54:20 +0200] "GET /test.html HTTP/1.1" 200 56 "-" "monit/4.6"
157.56.93.39 - - [06/Jul/2013:03:54:22 +0200] "GET /robots.txt HTTP/1.1" 404 288 "-" "Mozilla/5.0 (compatible; bingbot/2.0; +http://www.bing.com/bingbot.htm)"
208.115.113.82 - - [06/Jul/2013:03:55:16 +0200] "GET /robots.txt HTTP/1.1" 404 288 "-" "Mozilla/5.0 (compatible; Ezooms/1.0; ezooms.bot@gmail.com)"
157.56.93.39 - - [06/Jul/2013:03:55:49 +0200] "GET / HTTP/1.1" 200 1155 "-" "Mozilla/5.0 (compatible; bingbot/2.0; +http://www.bing.com/bingbot.htm)"
195.56.55.225 - - [06/Jul/2013:03:56:22 +0200] "GET /test.html HTTP/1.1" 200 56 "-" "monit/4.6"
221.176.23.242 - - [06/Jul/2013:03:57:20 +0200] "POST /forum_attac.php3?id_article=710&retour=cikk HTTP/1.1" 404 292 "http://attac.zpok.hu/forum_attac.php3?id_article=710&retour=cikk" "Mozilla/4.0 (compatible; MSIE 6.0; Windows NT 5.1; SV1)"
203.252.199.3 - - [06/Jul/2013:03:57:21 +0200] "POST /forum_attac.php3?id_article=710&retour=cikk HTTP/1.0" 404 280 "http://attac.zpok.hu/forum_attac.php3?id_article=710&retour=cikk" "Mozilla/4.0 (compatible; MSIE 6.0; Windows NT 5.1; SV1)"
195.56.55.225 - - [06/Jul/2013:03:58:24 +0200] "GET /test.html HTTP/1.1" 200 56 "-" "monit/4.6"
195.56.55.225 - - [06/Jul/2013:04:00:26 +0200] "GET /test.html HTTP/1.1" 200 56 "-" "monit/4.6"
195.56.55.225 - - [06/Jul/2013:04:02:28 +0200] "GET /test.html HTTP/1.1" 200 56 "-" "monit/4.6"
46.229.164.97 - - [06/Jul/2013:04:03:33 +0200] "GET /robots.txt HTTP/1.1" 404 285 "-" "Mozilla/5.0 (compatible; SemrushBot/0.96.3; +http://www.semrush.com/bot.html)"
195.56.55.225 - - [06/Jul/2013:04:04:30 +0200] "GET /test.html HTTP/1.1" 200 56 "-" "monit/4.6"
89.248.174.60 - - [06/Jul/2013:04:04:41 +0200] "GET /forum_attac.php3?id_article=983&retour=cikk.php3%3Fid_article%3D983 HTTP/1.1" 404 292 "-" "Mozilla/4.0 (compatible; MSIE 6.0; Windows NT 5.1; SV1)"
195.56.55.225 - - [06/Jul/2013:04:06:32 +0200] "GET /test.html HTTP/1.1" 200 56 "-" "monit/4.6"
91.232.96.36 - - [06/Jul/2013:04:06:56 +0200] "GET /forum_attac.php3?id_article=983&retour=cikk.php3%3Fid_article%3D983 HTTP/1.1" 404 292 "-" "Mozilla/4.0 (compatible; MSIE 6.0; Windows NT 5.1; SV1)"
195.56.55.225 - - [06/Jul/2013:04:08:34 +0200] "GET /test.html HTTP/1.1" 200 56 "-" "monit/4.6"
195.56.55.225 - - [06/Jul/2013:04:10:36 +0200] "GET /test.html HTTP/1.1" 200 56 "-" "monit/4.6"
195.56.55.225 - - [06/Jul/2013:04:12:38 +0200] "GET /test.html HTTP/1.1" 200 56 "-" "monit/4.6"
195.56.55.225 - - [06/Jul/2013:04:14:40 +0200] "GET /test.html HTTP/1.1" 200 56 "-" "monit/4.6"
157.55.32.113 - - [06/Jul/2013:04:15:34 +0200] "GET /robots.txt HTTP/1.1" 404 299 "-" "Mozilla/5.0 (compatible; bingbot/2.0; +http://www.bing.com/bingbot.htm)"
37.59.225.234 - - [06/Jul/2013:04:15:46 +0200] "GET /golf_a_halal_sportja/ Result: chosen nickname \"coksLoussyLes\"; logged in; success; message must go through moderation; HTTP/1.0" 400 365 "-" "-"
195.56.55.225 - - [06/Jul/2013:04:16:43 +0200] "GET /test.html HTTP/1.1" 200 56 "-" "monit/4.6"
66.249.78.21 - - [06/Jul/2013:04:17:20 +0200] "GET /robots.txt HTTP/1.1" 404 296 "-" "Mozilla/5.0 (compatible; Googlebot/2.1; +http://www.google.com/bot.html)"
66.249.75.213 - - [06/Jul/2013:04:17:20 +0200] "GET / HTTP/1.1" 200 1155 "-" "DoCoMo/2.0 N905i(c100;TB;W24H16) (compatible; Googlebot-Mobile/2.1; +http://www.google.com/bot.html)"
195.56.55.225 - - [06/Jul/2013:04:18:45 +0200] "GET /test.html HTTP/1.1" 200 56 "-" "monit/4.6"
157.55.32.113 - - [06/Jul/2013:04:20:28 +0200] "GET /taxonomy/term/293 HTTP/1.1" 404 306 "-" "Mozilla/5.0 (compatible; bingbot/2.0; +http://www.bing.com/bingbot.htm)"
195.56.55.225 - - [06/Jul/2013:04:20:47 +0200] "GET /test.html HTTP/1.1" 200 56 "-" "monit/4.6"
195.56.55.225 - - [06/Jul/2013:04:22:49 +0200] "GET /test.html HTTP/1.1" 200 56 "-" "monit/4.6"
157.56.93.62 - - [06/Jul/2013:04:23:20 +0200] "GET /robots.txt HTTP/1.1" 404 287 "-" "Mozilla/5.0 (compatible; bingbot/2.0; +http://www.bing.com/bingbot.htm)"
180.76.5.11 - - [06/Jul/2013:04:23:40 +0200] "GET /robots.txt HTTP/1.1" 404 290 "-" "Mozilla/5.0 (Windows NT 5.1; rv:6.0.2) Gecko/20100101 Firefox/6.0.2"
180.76.5.188 - - [06/Jul/2013:04:24:11 +0200] "GET /robots.txt HTTP/1.1" 404 287 "-" "Mozilla/5.0 (Windows NT 5.1; rv:6.0.2) Gecko/20100101 Firefox/6.0.2"
195.56.55.225 - - [06/Jul/2013:04:24:51 +0200] "GET /test.html HTTP/1.1" 200 56 "-" "monit/4.6"
195.56.55.225 - - [06/Jul/2013:04:26:53 +0200] "GET /test.html HTTP/1.1" 200 56 "-" "monit/4.6"
89.248.174.60 - - [06/Jul/2013:04:27:38 +0200] "GET /forum_attac.php3?id_article=983&retour=cikk.php3%3Fid_article%3D983 HTTP/1.1" 404 292 "-" "Mozilla/4.0 (compatible; MSIE 6.0; Windows NT 5.1; SV1)"
66.249.78.218 - - [06/Jul/2013:04:28:28 +0200] "GET /breve.php3?id_breve=172 HTTP/1.1" 404 286 "-" "Mozilla/5.0 (compatible; Googlebot/2.1; +http://www.google.com/bot.html)"
195.56.55.225 - - [06/Jul/2013:04:28:55 +0200] "GET /test.html HTTP/1.1" 200 56 "-" "monit/4.6"
91.232.96.36 - - [06/Jul/2013:04:29:49 +0200] "GET /forum_attac.php3?id_article=983&retour=cikk.php3%3Fid_article%3D983 HTTP/1.1" 404 292 "-" "Mozilla/4.0 (compatible; MSIE 6.0; Windows NT 5.1; SV1)"
212.7.196.79 - - [06/Jul/2013:04:29:54 +0200] "GET / HTTP/1.1" 200 1155 "-" "Mozilla/5.0 (Windows; U; Windows NT 6.1; WOW64; en-US; rv:2.0.4) Gecko/20120718 AskTbAVR-IDW/3.12.5.17700 Firefox/14.0.1"
195.56.55.225 - - [06/Jul/2013:04:30:57 +0200] "GET /test.html HTTP/1.1" 200 56 "-" "monit/4.6"
195.56.55.225 - - [06/Jul/2013:04:32:59 +0200] "GET /test.html HTTP/1.1" 200 56 "-" "monit/4.6"
157.56.93.62 - - [06/Jul/2013:04:33:57 +0200] "GET / HTTP/1.1" 200 1155 "-" "Mozilla/5.0 (compatible; bingbot/2.0; +http://www.bing.com/bingbot.htm)"
195.56.55.225 - - [06/Jul/2013:04:35:01 +0200] "GET /test.html HTTP/1.1" 200 56 "-" "monit/4.6"
195.56.55.225 - - [06/Jul/2013:04:37:03 +0200] "GET /test.html HTTP/1.1" 200 56 "-" "monit/4.6"
195.56.55.225 - - [06/Jul/2013:04:39:05 +0200] "GET /test.html HTTP/1.1" 200 56 "-" "monit/4.6"
37.59.225.234 - - [06/Jul/2013:04:39:09 +0200] "GET /node/587/edit/ Result: text captcha decoded; chosen nickname \"GagirraRy\"; logged in; success; HTTP/1.0" 400 365 "-" "-"
195.3.146.94 - - [06/Jul/2013:04:41:01 +0200] "HEAD /?q=admin&destination=admin HTTP/1.0" 400 0 "-" "-"
195.56.55.225 - - [06/Jul/2013:04:41:08 +0200] "GET /test.html HTTP/1.1" 200 56 "-" "monit/4.6"
195.56.55.225 - - [06/Jul/2013:04:43:10 +0200] "GET /test.html HTTP/1.1" 200 56 "-" "monit/4.6"
203.252.199.3 - - [06/Jul/2013:04:44:31 +0200] "POST /forum_attac.php3?id_article=710&retour=cikk HTTP/1.0" 404 280 "http://attac.zpok.hu/forum_attac.php3?id_article=710&retour=cikk" "Mozilla/4.0 (compatible; MSIE 6.0; Windows NT 5.1; SV1)"
123.30.75.245 - - [06/Jul/2013:04:44:42 +0200] "POST /forum_attac.php3?id_article=710&retour=cikk HTTP/1.1" 404 292 "http://attac.zpok.hu/forum_attac.php3?id_article=710&retour=cikk" "Mozilla/4.0 (compatible; MSIE 6.0; Windows NT 5.1; SV1)"
195.56.55.225 - - [06/Jul/2013:04:45:12 +0200] "GET /test.html HTTP/1.1" 200 56 "-" "monit/4.6"
195.56.55.225 - - [06/Jul/2013:04:47:16 +0200] "GET /test.html HTTP/1.1" 200 56 "-" "monit/4.6"
195.56.55.225 - - [06/Jul/2013:04:49:18 +0200] "GET /test.html HTTP/1.1" 200 56 "-" "monit/4.6"
202.46.58.29 - - [06/Jul/2013:04:49:43 +0200] "GET / HTTP/1.1" 200 1155 "-" "Mozilla/4.0 (compatible; MSIE 7.0; Windows NT 6.0)"
195.3.146.94 - - [06/Jul/2013:04:50:05 +0200] "HEAD /?q=admin&destination=admin HTTP/1.0" 400 0 "-" "-"
119.63.193.195 - - [06/Jul/2013:04:50:09 +0200] "GET / HTTP/1.1" 200 1155 "-" "Mozilla/4.0 (compatible; MSIE 7.0; Windows NT 6.0)"
89.248.174.60 - - [06/Jul/2013:04:50:50 +0200] "GET /forum_attac.php3?id_article=983&retour=cikk.php3%3Fid_article%3D983 HTTP/1.1" 404 292 "-" "Mozilla/4.0 (compatible; MSIE 6.0; Windows NT 5.1; SV1)"
195.56.55.225 - - [06/Jul/2013:04:51:20 +0200] "GET /test.html HTTP/1.1" 200 56 "-" "monit/4.6"
91.232.96.36 - - [06/Jul/2013:04:52:53 +0200] "GET /forum_attac.php3?id_article=983&retour=cikk.php3%3Fid_article%3D983 HTTP/1.1" 404 292 "-" "Mozilla/4.0 (compatible; MSIE 6.0; Windows NT 5.1; SV1)"
195.56.55.225 - - [06/Jul/2013:04:53:22 +0200] "GET /test.html HTTP/1.1" 200 56 "-" "monit/4.6"
198.2.203.18 - - [06/Jul/2013:04:55:02 +0200] "GET / HTTP/1.0" 200 1155 "http://forum.lmv.hu/" "Mozilla/5.0 (Windows NT 6.1; WOW64) AppleWebKit/535.19 (KHTML, like Gecko) Chrome/18.0.1025.152 Safari/535.19 CoolNovo/2.0.3.55"
195.56.55.225 - - [06/Jul/2013:04:55:24 +0200] "GET /test.html HTTP/1.1" 200 56 "-" "monit/4.6"
195.56.55.225 - - [06/Jul/2013:04:57:26 +0200] "GET /test.html HTTP/1.1" 200 56 "-" "monit/4.6"
180.76.5.157 - - [06/Jul/2013:04:58:55 +0200] "GET /robots.txt HTTP/1.1" 404 288 "-" "Mozilla/5.0 (Windows NT 5.1; rv:6.0.2) Gecko/20100101 Firefox/6.0.2"
195.56.55.225 - - [06/Jul/2013:04:59:28 +0200] "GET /test.html HTTP/1.1" 200 56 "-" "monit/4.6"
195.56.55.225 - - [06/Jul/2013:05:01:30 +0200] "GET /test.html HTTP/1.1" 200 56 "-" "monit/4.6"
195.56.55.225 - - [06/Jul/2013:05:03:32 +0200] "GET /test.html HTTP/1.1" 200 56 "-" "monit/4.6"
195.56.55.225 - - [06/Jul/2013:05:05:34 +0200] "GET /test.html HTTP/1.1" 200 56 "-" "monit/4.6"
195.56.55.225 - - [06/Jul/2013:05:07:36 +0200] "GET /test.html HTTP/1.1" 200 56 "-" "monit/4.6"
195.56.55.225 - - [06/Jul/2013:05:09:38 +0200] "GET /test.html HTTP/1.1" 200 56 "-" "monit/4.6"
