195.56.55.225 - - [06/Jul/2013:05:11:40 +0200] "GET /test.html HTTP/1.1" 200 56 "-" "monit/4.6"
157.56.92.177 - - [06/Jul/2013:05:12:44 +0200] "GET /robots.txt HTTP/1.1" 404 305 "-" "Mozilla/5.0 (compatible; bingbot/2.0; +http://www.bing.com/bingbot.htm)"
89.248.174.60 - - [06/Jul/2013:05:13:35 +0200] "GET /forum_attac.php3?id_article=983&retour=cikk.php3%3Fid_article%3D983 HTTP/1.1" 404 292 "-" "Mozilla/4.0 (compatible; MSIE 6.0; Windows NT 5.1; SV1)"
195.56.55.225 - - [06/Jul/2013:05:13:42 +0200] "GET /test.html HTTP/1.1" 200 56 "-" "monit/4.6"
157.56.92.177 - - [06/Jul/2013:05:13:55 +0200] "GET /bemutatkozas HTTP/1.1" 404 307 "-" "Mozilla/5.0 (compatible; bingbot/2.0; +http://www.bing.com/bingbot.htm)"
180.76.6.16 - - [06/Jul/2013:05:14:23 +0200] "GET / HTTP/1.1" 200 1155 "-" "Mozilla/5.0 (compatible; Baiduspider/2.0; +http://www.baidu.com/search/spider.html)"
195.56.55.225 - - [06/Jul/2013:05:15:44 +0200] "GET /test.html HTTP/1.1" 200 56 "-" "monit/4.6"
91.232.96.36 - - [06/Jul/2013:05:15:45 +0200] "GET /forum_attac.php3?id_article=983&retour=cikk.php3%3Fid_article%3D983 HTTP/1.1" 404 292 "-" "Mozilla/4.0 (compatible; MSIE 6.0; Windows NT 5.1; SV1)"
157.56.92.177 - - [06/Jul/2013:05:16:38 +0200] "GET /robots.txt HTTP/1.1" 404 290 "-" "Mozilla/5.0 (compatible; bingbot/2.0; +http://www.bing.com/bingbot.htm)"
195.56.55.225 - - [06/Jul/2013:05:17:46 +0200] "GET /test.html HTTP/1.1" 200 56 "-" "monit/4.6"
195.56.55.225 - - [06/Jul/2013:05:19:48 +0200] "GET /test.html HTTP/1.1" 200 56 "-" "monit/4.6"
195.56.55.225 - - [06/Jul/2013:05:21:50 +0200] "GET /test.html HTTP/1.1" 200 56 "-" "monit/4.6"
65.55.52.108 - - [06/Jul/2013:05:23:15 +0200] "GET /robots.txt HTTP/1.1" 404 295 "-" "Mozilla/5.0 (compatible; bingbot/2.0; +http://www.bing.com/bingbot.htm)"
195.56.55.225 - - [06/Jul/2013:05:23:52 +0200] "GET /test.html HTTP/1.1" 200 56 "-" "monit/4.6"
195.56.55.225 - - [06/Jul/2013:05:25:55 +0200] "GET /test.html HTTP/1.1" 200 56 "-" "monit/4.6"
193.105.210.226 - - [06/Jul/2013:05:25:55 +0200] "-" 408 - "-" "-"
195.56.55.225 - - [06/Jul/2013:05:27:58 +0200] "GET /test.html HTTP/1.1" 200 56 "-" "monit/4.6"
65.55.52.108 - - [06/Jul/2013:05:28:57 +0200] "GET / HTTP/1.1" 200 1155 "-" "Mozilla/5.0 (compatible; bingbot/2.0; +http://www.bing.com/bingbot.htm)"
195.56.55.225 - - [06/Jul/2013:05:29:59 +0200] "GET /test.html HTTP/1.1" 200 56 "-" "monit/4.6"
195.56.55.225 - - [06/Jul/2013:05:32:01 +0200] "GET /test.html HTTP/1.1" 200 56 "-" "monit/4.6"
111.95.243.36 - - [06/Jul/2013:05:32:36 +0200] "POST /forum_attac.php3?id_article=710&retour=cikk HTTP/1.1" 404 292 "http://attac.zpok.hu/forum_attac.php3?id_article=710&retour=cikk" "Mozilla/4.0 (compatible; MSIE 6.0; Windows NT 5.1; SV1)"
222.92.141.155 - - [06/Jul/2013:05:32:39 +0200] "POST /forum_attac.php3?id_article=710&retour=cikk HTTP/1.0" 404 280 "http://attac.zpok.hu/forum_attac.php3?id_article=710&retour=cikk" "Mozilla/4.0 (compatible; MSIE 6.0; Windows NT 5.1; SV1)"
66.249.78.21 - - [06/Jul/2013:05:33:57 +0200] "GET / HTTP/1.1" 200 1155 "-" "Mozilla/5.0 (iPhone; U; CPU iPhone OS 4_1 like Mac OS X; en-us) AppleWebKit/532.9 (KHTML, like Gecko) Version/4.0.5 Mobile/8B117 Safari/6531.22.7 (compatible; Googlebot-Mobile/2.1; +http://www.google.com/bot.html)"
195.56.55.225 - - [06/Jul/2013:05:34:03 +0200] "GET /test.html HTTP/1.1" 200 56 "-" "monit/4.6"
195.56.55.225 - - [06/Jul/2013:05:36:05 +0200] "GET /test.html HTTP/1.1" 200 56 "-" "monit/4.6"
89.248.174.60 - - [06/Jul/2013:05:36:37 +0200] "GET /forum_attac.php3?id_article=983&retour=cikk.php3%3Fid_article%3D983 HTTP/1.1" 404 292 "-" "Mozilla/4.0 (compatible; MSIE 6.0; Windows NT 5.1; SV1)"
195.56.55.225 - - [06/Jul/2013:05:38:07 +0200] "GET /test.html HTTP/1.1" 200 56 "-" "monit/4.6"
91.232.96.36 - - [06/Jul/2013:05:38:50 +0200] "GET /forum_attac.php3?id_article=983&retour=cikk.php3%3Fid_article%3D983 HTTP/1.1" 404 292 "-" "Mozilla/4.0 (compatible; MSIE 6.0; Windows NT 5.1; SV1)"
195.56.55.225 - - [06/Jul/2013:05:40:10 +0200] "GET /test.html HTTP/1.1" 200 56 "-" "monit/4.6"
195.56.55.225 - - [06/Jul/2013:05:42:12 +0200] "GET /test.html HTTP/1.1" 200 56 "-" "monit/4.6"
195.56.55.225 - - [06/Jul/2013:05:44:15 +0200] "GET /test.html HTTP/1.1" 200 56 "-" "monit/4.6"
195.56.55.225 - - [06/Jul/2013:05:46:17 +0200] "GET /test.html HTTP/1.1" 200 56 "-" "monit/4.6"
195.56.55.225 - - [06/Jul/2013:05:48:19 +0200] "GET /test.html HTTP/1.1" 200 56 "-" "monit/4.6"
195.56.55.225 - - [06/Jul/2013:05:50:21 +0200] "GET /test.html HTTP/1.1" 200 56 "-" "monit/4.6"
195.56.55.225 - - [06/Jul/2013:05:52:23 +0200] "GET /test.html HTTP/1.1" 200 56 "-" "monit/4.6"
195.56.55.225 - - [06/Jul/2013:05:54:25 +0200] "GET /test.html HTTP/1.1" 200 56 "-" "monit/4.6"
195.56.55.225 - - [06/Jul/2013:05:56:27 +0200] "GET /test.html HTTP/1.1" 200 56 "-" "monit/4.6"
195.56.55.225 - - [06/Jul/2013:05:58:29 +0200] "GET /test.html HTTP/1.1" 200 56 "-" "monit/4.6"
89.248.174.60 - - [06/Jul/2013:05:59:50 +0200] "GET /forum_attac.php3?id_article=983&retour=cikk.php3%3Fid_article%3D983 HTTP/1.1" 404 292 "-" "Mozilla/4.0 (compatible; MSIE 6.0; Windows NT 5.1; SV1)"
195.56.55.225 - - [06/Jul/2013:06:00:31 +0200] "GET /test.html HTTP/1.1" 200 56 "-" "monit/4.6"
66.249.78.218 - - [06/Jul/2013:06:00:46 +0200] "GET /cikk.php3?id_article=608 HTTP/1.1" 404 285 "-" "Mozilla/5.0 (compatible; Googlebot/2.1; +http://www.google.com/bot.html)"
91.232.96.36 - - [06/Jul/2013:06:02:01 +0200] "GET /forum_attac.php3?id_article=983&retour=cikk.php3%3Fid_article%3D983 HTTP/1.1" 404 292 "-" "Mozilla/4.0 (compatible; MSIE 6.0; Windows NT 5.1; SV1)"
195.56.55.225 - - [06/Jul/2013:06:02:33 +0200] "GET /test.html HTTP/1.1" 200 56 "-" "monit/4.6"
180.76.5.111 - - [06/Jul/2013:06:03:57 +0200] "GET / HTTP/1.1" 200 1155 "-" "Mozilla/5.0 (compatible; Baiduspider/2.0; +http://www.baidu.com/search/spider.html)"
195.56.55.225 - - [06/Jul/2013:06:04:35 +0200] "GET /test.html HTTP/1.1" 200 56 "-" "monit/4.6"
195.56.55.225 - - [06/Jul/2013:06:06:38 +0200] "GET /test.html HTTP/1.1" 200 56 "-" "monit/4.6"
208.115.113.82 - - [06/Jul/2013:06:06:46 +0200] "GET / HTTP/1.1" 200 1155 "-" "Mozilla/5.0 (compatible; Ezooms/1.0; ezooms.bot@gmail.com)"
195.56.55.225 - - [06/Jul/2013:06:08:40 +0200] "GET /test.html HTTP/1.1" 200 56 "-" "monit/4.6"
195.56.55.225 - - [06/Jul/2013:06:10:42 +0200] "GET /test.html HTTP/1.1" 200 56 "-" "monit/4.6"
66.249.78.21 - - [06/Jul/2013:06:12:36 +0200] "GET / HTTP/1.1" 200 1155 "-" "SAMSUNG-SGH-E250/1.0 Profile/MIDP-2.0 Configuration/CLDC-1.1 UP.Browser/6.2.3.3.c.1.101 (GUI) MMP/2.0 (compatible; Googlebot-Mobile/2.1; +http://www.google.com/bot.html)"
195.56.55.225 - - [06/Jul/2013:06:12:44 +0200] "GET /test.html HTTP/1.1" 200 56 "-" "monit/4.6"
176.9.83.228 - - [06/Jul/2013:06:12:48 +0200] "GET / HTTP/1.1" 200 1155 "-" "ExB Language Crawler 2.1.5 (+http://www.exb.de/crawler)"
87.97.85.76 - - [06/Jul/2013:06:13:01 +0200] "-" 408 - "-" "-"
61.247.204.39 - - [06/Jul/2013:06:13:22 +0200] "GET /robots.txt HTTP/1.1" 404 286 "-" "Yeti/1.0 (NHN Corp.; http://help.naver.com/robots/)"
61.247.204.39 - - [06/Jul/2013:06:13:23 +0200] "GET / HTTP/1.1" 200 1155 "-" "Yeti/1.0 (NHN Corp.; http://help.naver.com/robots/)"
195.56.55.225 - - [06/Jul/2013:06:14:46 +0200] "GET /test.html HTTP/1.1" 200 56 "-" "monit/4.6"
195.56.55.225 - - [06/Jul/2013:06:16:48 +0200] "GET /test.html HTTP/1.1" 200 56 "-" "monit/4.6"
195.56.55.225 - - [06/Jul/2013:06:18:50 +0200] "GET /test.html HTTP/1.1" 200 56 "-" "monit/4.6"
195.56.55.225 - - [06/Jul/2013:06:20:52 +0200] "GET /test.html HTTP/1.1" 200 56 "-" "monit/4.6"
180.96.64.181 - - [06/Jul/2013:06:22:39 +0200] "POST /forum_attac.php3?id_article=710&retour=cikk HTTP/1.0" 404 280 "http://attac.zpok.hu/forum_attac.php3?id_article=710&retour=cikk" "Mozilla/4.0 (compatible; MSIE 6.0; Windows NT 5.1; SV1)"
119.226.253.14 - - [06/Jul/2013:06:22:41 +0200] "POST /forum_attac.php3?id_article=710&retour=cikk HTTP/1.1" 404 292 "http://attac.zpok.hu/forum_attac.php3?id_article=710&retour=cikk" "Mozilla/4.0 (compatible; MSIE 6.0; Windows NT 5.1; SV1)"
111.95.243.36 - - [06/Jul/2013:06:22:45 +0200] "POST /forum_attac.php3?id_article=710&retour=cikk HTTP/1.1" 404 292 "http://attac.zpok.hu/forum_attac.php3?id_article=710&retour=cikk" "Mozilla/4.0 (compatible; MSIE 6.0; Windows NT 5.1; SV1)"
89.248.174.60 - - [06/Jul/2013:06:22:46 +0200] "GET /forum_attac.php3?id_article=983&retour=cikk.php3%3Fid_article%3D983 HTTP/1.1" 404 292 "-" "Mozilla/4.0 (compatible; MSIE 6.0; Windows NT 5.1; SV1)"
195.56.55.225 - - [06/Jul/2013:06:22:55 +0200] "GET /test.html HTTP/1.1" 200 56 "-" "monit/4.6"
195.56.55.225 - - [06/Jul/2013:06:24:56 +0200] "GET /test.html HTTP/1.1" 200 56 "-" "monit/4.6"
91.232.96.36 - - [06/Jul/2013:06:25:07 +0200] "GET /forum_attac.php3?id_article=983&retour=cikk.php3%3Fid_article%3D983 HTTP/1.1" 404 292 "-" "Mozilla/4.0 (compatible; MSIE 6.0; Windows NT 5.1; SV1)"
195.56.55.225 - - [06/Jul/2013:06:26:58 +0200] "GET /test.html HTTP/1.1" 200 56 "-" "monit/4.6"
195.56.55.225 - - [06/Jul/2013:06:29:00 +0200] "GET /test.html HTTP/1.1" 200 56 "-" "monit/4.6"
195.56.55.225 - - [06/Jul/2013:06:31:02 +0200] "GET /test.html HTTP/1.1" 200 56 "-" "monit/4.6"
157.56.229.186 - - [06/Jul/2013:06:32:58 +0200] "GET /robots.txt HTTP/1.1" 404 299 "-" "Mozilla/5.0 (compatible; bingbot/2.0; +http://www.bing.com/bingbot.htm)"
195.56.55.225 - - [06/Jul/2013:06:33:04 +0200] "GET /test.html HTTP/1.1" 200 56 "-" "monit/4.6"
195.56.55.225 - - [06/Jul/2013:06:35:12 +0200] "GET /test.html HTTP/1.1" 200 56 "-" "monit/4.6"
157.56.229.186 - - [06/Jul/2013:06:35:24 +0200] "GET /node/484 HTTP/1.1" 404 297 "-" "Mozilla/5.0 (compatible; bingbot/2.0; +http://www.bing.com/bingbot.htm)"
198.2.218.26 - - [06/Jul/2013:06:36:03 +0200] "GET /forum_attac.php3?id_article=94&retour=cikk.php3%3Fid_article%3D94 HTTP/1.0" 404 280 "http://attac.zpok.hu/forum_attac.php3?id_article=94&retour=cikk.php3%3Fid_article%3D94" "Opera/9.80 (Windows NT 5.1; U; Edition Yx; ru) Presto/2.10.289 Version/12.02"
198.2.218.26 - - [06/Jul/2013:06:36:07 +0200] "GET / HTTP/1.0" 200 1155 "http://attac.zpok.hu/" "Opera/9.80 (Windows NT 5.1; U; Edition Yx; ru) Presto/2.10.289 Version/12.02"
195.56.55.225 - - [06/Jul/2013:06:37:14 +0200] "GET /test.html HTTP/1.1" 200 56 "-" "monit/4.6"
66.249.78.218 - - [06/Jul/2013:06:37:27 +0200] "GET /cikk.php3?id_article=625 HTTP/1.1" 404 285 "-" "Mozilla/5.0 (compatible; Googlebot/2.1; +http://www.google.com/bot.html)"
195.56.55.225 - - [06/Jul/2013:06:39:16 +0200] "GET /test.html HTTP/1.1" 200 56 "-" "monit/4.6"
195.56.55.225 - - [06/Jul/2013:06:41:18 +0200] "GET /test.html HTTP/1.1" 200 56 "-" "monit/4.6"
94.228.34.203 - - [06/Jul/2013:06:43:15 +0200] "GET /robots.txt HTTP/1.1" 404 286 "-" "magpie-crawler/1.1 (U; Linux amd64; en-GB; +http://www.brandwatch.net)"
94.228.34.203 - - [06/Jul/2013:06:43:15 +0200] "GET /?feed=atom HTTP/1.1" 304 - "-" "magpie-crawler/1.1 (U; Linux amd64; en-GB; +http://www.brandwatch.net)"
195.56.55.225 - - [06/Jul/2013:06:43:20 +0200] "GET /test.html HTTP/1.1" 200 56 "-" "monit/4.6"
195.56.55.225 - - [06/Jul/2013:06:45:22 +0200] "GET /test.html HTTP/1.1" 200 56 "-" "monit/4.6"
89.248.174.60 - - [06/Jul/2013:06:45:45 +0200] "GET /forum_attac.php3?id_article=983&retour=cikk.php3%3Fid_article%3D983 HTTP/1.1" 404 292 "-" "Mozilla/4.0 (compatible; MSIE 6.0; Windows NT 5.1; SV1)"
91.144.66.48 - - [06/Jul/2013:06:45:52 +0200] "-" 408 - "-" "-"
195.56.55.225 - - [06/Jul/2013:06:47:24 +0200] "GET /test.html HTTP/1.1" 200 56 "-" "monit/4.6"
91.232.96.36 - - [06/Jul/2013:06:48:10 +0200] "GET /forum_attac.php3?id_article=983&retour=cikk.php3%3Fid_article%3D983 HTTP/1.1" 404 292 "-" "Mozilla/4.0 (compatible; MSIE 6.0; Windows NT 5.1; SV1)"
195.56.55.225 - - [06/Jul/2013:06:49:26 +0200] "GET /test.html HTTP/1.1" 200 56 "-" "monit/4.6"
195.56.55.225 - - [06/Jul/2013:06:51:28 +0200] "GET /test.html HTTP/1.1" 200 56 "-" "monit/4.6"
65.55.213.37 - - [06/Jul/2013:06:51:51 +0200] "-" 408 - "-" "-"
195.56.55.225 - - [06/Jul/2013:06:53:30 +0200] "GET /test.html HTTP/1.1" 200 56 "-" "monit/4.6"
195.56.55.225 - - [06/Jul/2013:06:55:33 +0200] "GET /test.html HTTP/1.1" 200 56 "-" "monit/4.6"
195.56.55.225 - - [06/Jul/2013:06:57:35 +0200] "GET /test.html HTTP/1.1" 200 56 "-" "monit/4.6"
195.56.55.225 - - [06/Jul/2013:06:59:37 +0200] "GET /test.html HTTP/1.1" 200 56 "-" "monit/4.6"
195.56.55.225 - - [06/Jul/2013:07:01:39 +0200] "GET /test.html HTTP/1.1" 200 56 "-" "monit/4.6"
195.56.55.225 - - [06/Jul/2013:07:03:41 +0200] "GET /test.html HTTP/1.1" 200 56 "-" "monit/4.6"
195.56.55.225 - - [06/Jul/2013:07:05:43 +0200] "GET /test.html HTTP/1.1" 200 56 "-" "monit/4.6"
212.7.196.79 - - [06/Jul/2013:07:07:27 +0200] "GET / HTTP/1.1" 200 1155 "-" "Mozilla/5.0 (Windows; U; Windows NT 6.1; WOW64; en-US; rv:2.0.4) Gecko/20120718 AskTbAVR-IDW/3.12.5.17700 Firefox/14.0.1"
195.56.55.225 - - [06/Jul/2013:07:07:45 +0200] "GET /test.html HTTP/1.1" 200 56 "-" "monit/4.6"
89.248.174.60 - - [06/Jul/2013:07:08:55 +0200] "GET /forum_attac.php3?id_article=983&retour=cikk.php3%3Fid_article%3D983 HTTP/1.1" 404 292 "-" "Mozilla/4.0 (compatible; MSIE 6.0; Windows NT 5.1; SV1)"
195.56.55.225 - - [06/Jul/2013:07:09:47 +0200] "GET /test.html HTTP/1.1" 200 56 "-" "monit/4.6"
208.115.111.71 - - [06/Jul/2013:07:10:34 +0200] "GET /robots.txt HTTP/1.1" 404 297 "-" "Mozilla/5.0 (compatible; Ezooms/1.0; ezooms.bot@gmail.com)"
157.56.229.186 - - [06/Jul/2013:07:10:47 +0200] "GET /robots.txt HTTP/1.1" 404 286 "-" "Mozilla/5.0 (compatible; bingbot/2.0; +http://www.bing.com/bingbot.htm)"
195.56.55.225 - - [06/Jul/2013:07:11:49 +0200] "GET /test.html HTTP/1.1" 200 56 "-" "monit/4.6"
66.249.78.218 - - [06/Jul/2013:07:12:02 +0200] "GET /cikk.php3?id_article=445 HTTP/1.1" 404 285 "-" "SAMSUNG-SGH-E250/1.0 Profile/MIDP-2.0 Configuration/CLDC-1.1 UP.Browser/6.2.3.3.c.1.101 (GUI) MMP/2.0 (compatible; Googlebot-Mobile/2.1; +http://www.google.com/bot.html)"
157.56.229.186 - - [06/Jul/2013:07:12:55 +0200] "GET / HTTP/1.1" 200 1155 "-" "Mozilla/5.0 (compatible; bingbot/2.0; +http://www.bing.com/bingbot.htm)"
202.46.52.34 - - [06/Jul/2013:07:13:19 +0200] "GET / HTTP/1.1" 200 1155 "-" "Mozilla/4.0 (compatible; MSIE 7.0; Windows NT 6.0)"
195.56.55.225 - - [06/Jul/2013:07:13:51 +0200] "GET /test.html HTTP/1.1" 200 56 "-" "monit/4.6"
119.63.193.131 - - [06/Jul/2013:07:14:35 +0200] "GET / HTTP/1.1" 200 1155 "-" "Mozilla/4.0 (compatible; MSIE 7.0; Windows NT 6.0)"
195.56.55.225 - - [06/Jul/2013:07:15:54 +0200] "GET /test.html HTTP/1.1" 200 56 "-" "monit/4.6"
195.56.55.225 - - [06/Jul/2013:07:17:56 +0200] "GET /test.html HTTP/1.1" 200 56 "-" "monit/4.6"
203.252.199.3 - - [06/Jul/2013:07:18:26 +0200] "POST /forum_attac.php3?id_article=710&retour=cikk HTTP/1.0" 404 280 "http://attac.zpok.hu/forum_attac.php3?id_article=710&retour=cikk" "Mozilla/4.0 (compatible; MSIE 6.0; Windows NT 5.1; SV1)"
46.51.252.64 - - [06/Jul/2013:07:18:43 +0200] "POST /forum_attac.php3?id_article=710&retour=cikk HTTP/1.1" 404 292 "-" "-"
72.14.199.132 - - [06/Jul/2013:07:19:35 +0200] "GET / HTTP/1.1" 200 1155 "-" "Feedfetcher-Google; (+http://www.google.com/feedfetcher.html; 1 subscribers; feed-id=849169264004692768)"
195.56.55.225 - - [06/Jul/2013:07:19:59 +0200] "GET /test.html HTTP/1.1" 200 56 "-" "monit/4.6"
195.56.55.225 - - [06/Jul/2013:07:22:01 +0200] "GET /test.html HTTP/1.1" 200 56 "-" "monit/4.6"
195.3.146.94 - - [06/Jul/2013:07:23:19 +0200] "HEAD /?q=admin&destination=admin HTTP/1.0" 400 0 "-" "-"
195.56.55.225 - - [06/Jul/2013:07:24:03 +0200] "GET /test.html HTTP/1.1" 200 56 "-" "monit/4.6"
195.56.55.225 - - [06/Jul/2013:07:26:04 +0200] "GET /test.html HTTP/1.1" 200 56 "-" "monit/4.6"
195.56.55.225 - - [06/Jul/2013:07:28:07 +0200] "GET /test.html HTTP/1.1" 200 56 "-" "monit/4.6"
208.115.111.71 - - [06/Jul/2013:07:29:29 +0200] "GET /dan/33 HTTP/1.1" 404 293 "-" "Mozilla/5.0 (compatible; Ezooms/1.0; ezooms.bot@gmail.com)"
157.55.32.55 - - [06/Jul/2013:07:30:01 +0200] "GET /robots.txt HTTP/1.1" 404 282 "-" "Mozilla/5.0 (compatible; bingbot/2.0; +http://www.bing.com/bingbot.htm)"
195.56.55.225 - - [06/Jul/2013:07:30:10 +0200] "GET /test.html HTTP/1.1" 200 56 "-" "monit/4.6"
157.55.32.55 - - [06/Jul/2013:07:31:29 +0200] "GET / HTTP/1.1" 200 1155 "-" "Mozilla/5.0 (compatible; bingbot/2.0; +http://www.bing.com/bingbot.htm)"
173.201.196.26 - - [06/Jul/2013:07:31:43 +0200] "GET /sites/default/files/mikve 1.jpg HTTP/1.1" 400 365 "-" "-"
89.248.174.60 - - [06/Jul/2013:07:31:46 +0200] "GET /forum_attac.php3?id_article=983&retour=cikk.php3%3Fid_article%3D983 HTTP/1.1" 404 292 "-" "Mozilla/4.0 (compatible; MSIE 6.0; Windows NT 5.1; SV1)"
86.59.245.217 - - [06/Jul/2013:07:31:48 +0200] "-" 408 - "-" "-"
195.56.55.225 - - [06/Jul/2013:07:32:12 +0200] "GET /test.html HTTP/1.1" 200 56 "-" "monit/4.6"
195.3.146.94 - - [06/Jul/2013:07:32:35 +0200] "HEAD /?q=admin&destination=admin HTTP/1.0" 400 0 "-" "-"
195.56.55.225 - - [06/Jul/2013:07:34:14 +0200] "GET /test.html HTTP/1.1" 200 56 "-" "monit/4.6"
195.56.55.225 - - [06/Jul/2013:07:36:16 +0200] "GET /test.html HTTP/1.1" 200 56 "-" "monit/4.6"
157.56.92.177 - - [06/Jul/2013:07:38:13 +0200] "GET /tevekenysegunk/jeles_napok/automentes_nap HTTP/1.1" 404 321 "-" "Mozilla/5.0 (compatible; bingbot/2.0; +http://www.bing.com/bingbot.htm)"
195.56.55.225 - - [06/Jul/2013:07:38:18 +0200] "GET /test.html HTTP/1.1" 200 56 "-" "monit/4.6"
195.56.55.225 - - [06/Jul/2013:07:40:20 +0200] "GET /test.html HTTP/1.1" 200 56 "-" "monit/4.6"
180.76.5.144 - - [06/Jul/2013:07:41:27 +0200] "GET / HTTP/1.1" 200 1155 "-" "Mozilla/5.0 (compatible; Baiduspider/2.0; +http://www.baidu.com/search/spider.html)"
123.125.71.75 - - [06/Jul/2013:07:42:03 +0200] "GET /gen_mta_level HTTP/1.1" 404 299 "-" "Mozilla/5.0 (compatible; Baiduspider/2.0; +http://www.baidu.com/search/spider.html)"
195.56.55.225 - - [06/Jul/2013:07:42:22 +0200] "GET /test.html HTTP/1.1" 200 56 "-" "monit/4.6"
66.249.78.77 - - [06/Jul/2013:07:42:36 +0200] "GET /robots.txt HTTP/1.1" 404 292 "-" "Mozilla/5.0 (compatible; Googlebot/2.1; +http://www.google.com/bot.html)"
66.249.78.77 - - [06/Jul/2013:07:42:36 +0200] "GET / HTTP/1.1" 200 1155 "-" "Mozilla/5.0 (compatible; Googlebot/2.1; +http://www.google.com/bot.html)"
195.56.55.225 - - [06/Jul/2013:07:44:24 +0200] "GET /test.html HTTP/1.1" 200 56 "-" "monit/4.6"
195.56.55.225 - - [06/Jul/2013:07:46:26 +0200] "GET /test.html HTTP/1.1" 200 56 "-" "monit/4.6"
89.132.119.191 - - [06/Jul/2013:07:47:21 +0200] "-" 408 - "-" "-"
195.56.55.225 - - [06/Jul/2013:07:48:29 +0200] "GET /test.html HTTP/1.1" 200 56 "-" "monit/4.6"
195.56.55.225 - - [06/Jul/2013:07:50:31 +0200] "GET /test.html HTTP/1.1" 200 56 "-" "monit/4.6"
66.249.78.238 - - [06/Jul/2013:07:51:29 +0200] "GET /robots.txt HTTP/1.1" 404 299 "-" "Mozilla/5.0 (compatible; Googlebot/2.1; +http://www.google.com/bot.html)"
66.249.78.238 - - [06/Jul/2013:07:51:29 +0200] "GET / HTTP/1.1" 200 1155 "-" "Mozilla/5.0 (compatible; Googlebot/2.1; +http://www.google.com/bot.html)"
195.56.55.225 - - [06/Jul/2013:07:52:33 +0200] "GET /test.html HTTP/1.1" 200 56 "-" "monit/4.6"
195.56.55.225 - - [06/Jul/2013:07:54:35 +0200] "GET /test.html HTTP/1.1" 200 56 "-" "monit/4.6"
195.56.55.225 - - [06/Jul/2013:07:56:39 +0200] "GET /test.html HTTP/1.1" 200 56 "-" "monit/4.6"
195.56.55.225 - - [06/Jul/2013:07:58:41 +0200] "GET /test.html HTTP/1.1" 200 56 "-" "monit/4.6"
157.55.32.113 - - [06/Jul/2013:07:59:06 +0200] "GET /robots.txt HTTP/1.1" 404 299 "-" "Mozilla/5.0 (compatible; bingbot/2.0; +http://www.bing.com/bingbot.htm)"
195.56.55.225 - - [06/Jul/2013:08:00:43 +0200] "GET /test.html HTTP/1.1" 200 56 "-" "monit/4.6"
157.55.32.113 - - [06/Jul/2013:08:01:05 +0200] "GET /node/396 HTTP/1.1" 404 297 "-" "Mozilla/5.0 (compatible; bingbot/2.0; +http://www.bing.com/bingbot.htm)"
195.56.55.225 - - [06/Jul/2013:08:02:45 +0200] "GET /test.html HTTP/1.1" 200 56 "-" "monit/4.6"
66.249.78.150 - - [06/Jul/2013:08:03:41 +0200] "GET /robots.txt HTTP/1.1" 404 283 "-" "Mozilla/5.0 (compatible; Googlebot/2.1; +http://www.google.com/bot.html)"
66.249.78.150 - - [06/Jul/2013:08:03:41 +0200] "GET / HTTP/1.1" 200 1155 "-" "Mozilla/5.0 (compatible; Googlebot/2.1; +http://www.google.com/bot.html)"
195.56.55.225 - - [06/Jul/2013:08:04:47 +0200] "GET /test.html HTTP/1.1" 200 56 "-" "monit/4.6"
195.56.55.225 - - [06/Jul/2013:08:06:49 +0200] "GET /test.html HTTP/1.1" 200 56 "-" "monit/4.6"
195.56.55.225 - - [06/Jul/2013:08:08:51 +0200] "GET /test.html HTTP/1.1" 200 56 "-" "monit/4.6"
116.228.55.217 - - [06/Jul/2013:08:10:34 +0200] "POST /forum_attac.php3?id_article=710&retour=cikk HTTP/1.1" 404 292 "http://attac.zpok.hu/forum_attac.php3?id_article=710&retour=cikk" "Mozilla/4.0 (compatible; MSIE 6.0; Windows NT 5.1; SV1)"
116.226.47.78 - - [06/Jul/2013:08:10:35 +0200] "POST /forum_attac.php3?id_article=710&retour=cikk HTTP/1.1" 404 292 "http://attac.zpok.hu/forum_attac.php3?id_article=710&retour=cikk" "Mozilla/4.0 (compatible; MSIE 6.0; Windows NT 5.1; SV1)"
195.56.55.225 - - [06/Jul/2013:08:10:53 +0200] "GET /test.html HTTP/1.1" 200 56 "-" "monit/4.6"
157.55.32.97 - - [06/Jul/2013:08:11:46 +0200] "GET /robots.txt HTTP/1.1" 404 288 "-" "Mozilla/5.0 (compatible; bingbot/2.0; +http://www.bing.com/bingbot.htm)"
195.56.55.225 - - [06/Jul/2013:08:12:55 +0200] "GET /test.html HTTP/1.1" 200 56 "-" "monit/4.6"
195.56.55.225 - - [06/Jul/2013:08:14:57 +0200] "GET /test.html HTTP/1.1" 200 56 "-" "monit/4.6"
180.76.5.27 - - [06/Jul/2013:08:15:41 +0200] "GET / HTTP/1.1" 200 1155 "-" "Mozilla/5.0 (compatible; Baiduspider/2.0; +http://www.baidu.com/search/spider.html)"
157.56.93.39 - - [06/Jul/2013:08:16:46 +0200] "GET /robots.txt HTTP/1.1" 404 285 "-" "Mozilla/5.0 (compatible; bingbot/2.0; +http://www.bing.com/bingbot.htm)"
195.56.55.225 - - [06/Jul/2013:08:17:00 +0200] "GET /test.html HTTP/1.1" 200 56 "-" "monit/4.6"
157.55.32.97 - - [06/Jul/2013:08:18:05 +0200] "GET / HTTP/1.1" 200 1155 "-" "Mozilla/5.0 (compatible; bingbot/2.0; +http://www.bing.com/bingbot.htm)"
195.56.55.225 - - [06/Jul/2013:08:19:02 +0200] "GET /test.html HTTP/1.1" 200 56 "-" "monit/4.6"
157.56.93.39 - - [06/Jul/2013:08:19:47 +0200] "GET / HTTP/1.1" 200 1155 "-" "Mozilla/5.0 (compatible; bingbot/2.0; +http://www.bing.com/bingbot.htm)"
195.56.55.225 - - [06/Jul/2013:08:21:04 +0200] "GET /test.html HTTP/1.1" 200 56 "-" "monit/4.6"
195.56.55.225 - - [06/Jul/2013:08:23:06 +0200] "GET /test.html HTTP/1.1" 200 56 "-" "monit/4.6"
195.56.55.225 - - [06/Jul/2013:08:25:09 +0200] "GET /test.html HTTP/1.1" 200 56 "-" "monit/4.6"
195.56.55.225 - - [06/Jul/2013:08:27:10 +0200] "GET /test.html HTTP/1.1" 200 56 "-" "monit/4.6"
157.56.93.148 - - [06/Jul/2013:08:28:58 +0200] "GET /robots.txt HTTP/1.1" 404 290 "-" "Mozilla/5.0 (compatible; bingbot/2.0; +http://www.bing.com/bingbot.htm)"
195.56.55.225 - - [06/Jul/2013:08:29:12 +0200] "GET /test.html HTTP/1.1" 200 56 "-" "monit/4.6"
195.56.55.225 - - [06/Jul/2013:08:31:14 +0200] "GET /test.html HTTP/1.1" 200 56 "-" "monit/4.6"
195.56.55.225 - - [06/Jul/2013:08:33:16 +0200] "GET /test.html HTTP/1.1" 200 56 "-" "monit/4.6"
195.56.55.225 - - [06/Jul/2013:08:35:18 +0200] "GET /test.html HTTP/1.1" 200 56 "-" "monit/4.6"
195.56.55.225 - - [06/Jul/2013:08:37:20 +0200] "GET /test.html HTTP/1.1" 200 56 "-" "monit/4.6"
195.56.55.225 - - [06/Jul/2013:08:39:22 +0200] "GET /test.html HTTP/1.1" 200 56 "-" "monit/4.6"
157.56.93.39 - - [06/Jul/2013:08:41:10 +0200] "GET /node/453 HTTP/1.1" 404 297 "-" "Mozilla/5.0 (compatible; bingbot/2.0; +http://www.bing.com/bingbot.htm)"
195.56.55.225 - - [06/Jul/2013:08:41:24 +0200] "GET /test.html HTTP/1.1" 200 56 "-" "monit/4.6"
66.249.75.132 - - [06/Jul/2013:08:42:38 +0200] "GET /cikk.php3?id_article=889 HTTP/1.1" 404 285 "-" "Googlebot/2.1 (+http://www.google.com/bot.html)"
195.56.55.225 - - [06/Jul/2013:08:43:26 +0200] "GET /test.html HTTP/1.1" 200 56 "-" "monit/4.6"
66.249.78.218 - - [06/Jul/2013:08:44:38 +0200] "GET /cikk.php3?id_article=801 HTTP/1.1" 404 285 "-" "Mozilla/5.0 (compatible; Googlebot/2.1; +http://www.google.com/bot.html)"
195.56.55.225 - - [06/Jul/2013:08:45:28 +0200] "GET /test.html HTTP/1.1" 200 56 "-" "monit/4.6"
195.56.55.225 - - [06/Jul/2013:08:47:30 +0200] "GET /test.html HTTP/1.1" 200 56 "-" "monit/4.6"
91.232.96.36 - - [06/Jul/2013:08:49:19 +0200] "GET /forum_attac.php3?id_article=983&retour=cikk.php3%3Fid_article%3D983 HTTP/1.1" 404 292 "-" "Mozilla/4.0 (compatible; MSIE 6.0; Windows NT 5.1; SV1)"
195.56.55.225 - - [06/Jul/2013:08:49:33 +0200] "GET /test.html HTTP/1.1" 200 56 "-" "monit/4.6"
195.56.55.225 - - [06/Jul/2013:08:51:35 +0200] "GET /test.html HTTP/1.1" 200 56 "-" "monit/4.6"
89.248.174.60 - - [06/Jul/2013:08:52:13 +0200] "GET /forum_attac.php3?id_article=983&retour=cikk.php3%3Fid_article%3D983 HTTP/1.1" 404 292 "-" "Mozilla/4.0 (compatible; MSIE 6.0; Windows NT 5.1; SV1)"
59.42.62.190 - - [06/Jul/2013:08:53:21 +0200] "-" 408 - "-" "-"
195.56.55.225 - - [06/Jul/2013:08:53:37 +0200] "GET /test.html HTTP/1.1" 200 56 "-" "monit/4.6"
195.56.55.225 - - [06/Jul/2013:08:55:39 +0200] "GET /test.html HTTP/1.1" 200 56 "-" "monit/4.6"
195.56.55.225 - - [06/Jul/2013:08:57:41 +0200] "GET /test.html HTTP/1.1" 200 56 "-" "monit/4.6"
195.56.55.225 - - [06/Jul/2013:08:59:43 +0200] "GET /test.html HTTP/1.1" 200 56 "-" "monit/4.6"
195.56.55.225 - - [06/Jul/2013:09:01:45 +0200] "GET /test.html HTTP/1.1" 200 56 "-" "monit/4.6"
89.135.202.10 - - [06/Jul/2013:09:02:07 +0200] "-" 408 - "-" "-"
66.249.78.218 - - [06/Jul/2013:09:03:01 +0200] "GET /article.php3?id_article=914 HTTP/1.1" 404 288 "-" "Mozilla/5.0 (compatible; Googlebot/2.1; +http://www.google.com/bot.html)"
195.56.55.225 - - [06/Jul/2013:09:03:47 +0200] "GET /test.html HTTP/1.1" 200 56 "-" "monit/4.6"
95.5.95.253 - - [06/Jul/2013:09:04:37 +0200] "-" 408 - "-" "-"
203.252.199.3 - - [06/Jul/2013:09:05:06 +0200] "POST /forum_attac.php3?id_article=710&retour=cikk HTTP/1.0" 404 280 "http://attac.zpok.hu/forum_attac.php3?id_article=710&retour=cikk" "Mozilla/4.0 (compatible; MSIE 6.0; Windows NT 5.1; SV1)"
211.139.96.36 - - [06/Jul/2013:09:05:08 +0200] "POST /forum_attac.php3?id_article=710&retour=cikk HTTP/1.0" 404 280 "http://attac.zpok.hu/forum_attac.php3?id_article=710&retour=cikk" "Mozilla/4.0 (compatible; MSIE 6.0; Windows NT 5.1; SV1)"
195.56.55.225 - - [06/Jul/2013:09:05:49 +0200] "GET /test.html HTTP/1.1" 200 56 "-" "monit/4.6"
195.56.55.225 - - [06/Jul/2013:09:07:51 +0200] "GET /test.html HTTP/1.1" 200 56 "-" "monit/4.6"
131.253.24.66 - - [06/Jul/2013:09:08:39 +0200] "-" 408 - "-" "-"
195.3.146.94 - - [06/Jul/2013:09:09:45 +0200] "HEAD /?q=admin&destination=admin HTTP/1.0" 400 0 "-" "-"
195.56.55.225 - - [06/Jul/2013:09:09:53 +0200] "GET /test.html HTTP/1.1" 200 56 "-" "monit/4.6"
195.56.55.225 - - [06/Jul/2013:09:11:55 +0200] "GET /test.html HTTP/1.1" 200 56 "-" "monit/4.6"
91.232.96.36 - - [06/Jul/2013:09:12:15 +0200] "GET /forum_attac.php3?id_article=983&retour=cikk.php3%3Fid_article%3D983 HTTP/1.1" 404 292 "-" "Mozilla/4.0 (compatible; MSIE 6.0; Windows NT 5.1; SV1)"
195.56.55.225 - - [06/Jul/2013:09:13:57 +0200] "GET /test.html HTTP/1.1" 200 56 "-" "monit/4.6"
89.248.174.60 - - [06/Jul/2013:09:14:51 +0200] "GET /forum_attac.php3?id_article=983&retour=cikk.php3%3Fid_article%3D983 HTTP/1.1" 404 292 "-" "Mozilla/4.0 (compatible; MSIE 6.0; Windows NT 5.1; SV1)"
195.56.55.225 - - [06/Jul/2013:09:15:59 +0200] "GET /test.html HTTP/1.1" 200 56 "-" "monit/4.6"
195.56.55.225 - - [06/Jul/2013:09:18:01 +0200] "GET /test.html HTTP/1.1" 200 56 "-" "monit/4.6"
84.0.107.13 - - [06/Jul/2013:09:18:29 +0200] "-" 408 - "-" "-"
84.0.107.13 - - [06/Jul/2013:09:19:40 +0200] "-" 408 - "-" "-"
84.0.107.13 - - [06/Jul/2013:09:19:40 +0200] "-" 408 - "-" "-"
84.0.107.13 - - [06/Jul/2013:09:19:40 +0200] "-" 408 - "-" "-"
84.0.107.13 - - [06/Jul/2013:09:19:40 +0200] "-" 408 - "-" "-"
84.0.107.13 - - [06/Jul/2013:09:19:40 +0200] "-" 408 - "-" "-"
84.0.107.13 - - [06/Jul/2013:09:19:41 +0200] "-" 408 - "-" "-"
84.0.107.13 - - [06/Jul/2013:09:19:50 +0200] "-" 408 - "-" "-"
195.56.55.225 - - [06/Jul/2013:09:20:03 +0200] "GET /test.html HTTP/1.1" 200 56 "-" "monit/4.6"
195.56.55.225 - - [06/Jul/2013:09:22:05 +0200] "GET /test.html HTTP/1.1" 200 56 "-" "monit/4.6"
195.56.55.225 - - [06/Jul/2013:09:24:07 +0200] "GET /test.html HTTP/1.1" 200 56 "-" "monit/4.6"
195.56.55.225 - - [06/Jul/2013:09:26:10 +0200] "GET /test.html HTTP/1.1" 200 56 "-" "monit/4.6"
195.56.55.225 - - [06/Jul/2013:09:28:13 +0200] "GET /test.html HTTP/1.1" 200 56 "-" "monit/4.6"
195.56.55.225 - - [06/Jul/2013:09:30:14 +0200] "GET /test.html HTTP/1.1" 200 56 "-" "monit/4.6"
37.191.9.111 - - [06/Jul/2013:09:31:31 +0200] "GET /proxy.pac HTTP/1.1" 404 286 "-" "-"
37.191.9.111 - - [06/Jul/2013:09:31:32 +0200] "GET /proxy.pac HTTP/1.1" 404 286 "-" "Mozilla/5.0 (compatible; MSIE 10.0; Win32; Trident/6.0)"
37.191.9.111 - - [06/Jul/2013:09:31:32 +0200] "GET /proxy.pac HTTP/1.1" 404 286 "-" "Mozilla/5.0 (compatible; MSIE 10.0; Win32; Trident/6.0)"
37.191.9.111 - - [06/Jul/2013:09:31:33 +0200] "GET /proxy.pac HTTP/1.1" 404 286 "-" "-"
37.191.9.111 - - [06/Jul/2013:09:31:33 +0200] "GET /proxy.pac HTTP/1.1" 404 286 "-" "-"
37.191.9.111 - - [06/Jul/2013:09:31:37 +0200] "GET /proxy.pac HTTP/1.1" 404 286 "-" "Mozilla/5.0 (compatible; MSIE 10.0; Win32; Trident/6.0)"
37.191.9.111 - - [06/Jul/2013:09:31:40 +0200] "GET /proxy.pac HTTP/1.1" 404 286 "-" "Mozilla/5.0 (compatible; MSIE 10.0; Win32; Trident/6.0)"
37.191.9.111 - - [06/Jul/2013:09:31:45 +0200] "GET /proxy.pac HTTP/1.1" 404 286 "-" "-"
37.191.9.111 - - [06/Jul/2013:09:31:46 +0200] "GET /proxy.pac HTTP/1.1" 404 286 "-" "-"
37.191.9.111 - - [06/Jul/2013:09:31:46 +0200] "GET /proxy.pac HTTP/1.1" 404 286 "-" "-"
37.191.9.111 - - [06/Jul/2013:09:31:46 +0200] "GET /proxy.pac HTTP/1.1" 404 286 "-" "-"
37.191.9.111 - - [06/Jul/2013:09:31:49 +0200] "GET /proxy.pac HTTP/1.1" 404 286 "-" "Mozilla/5.0 (compatible; MSIE 10.0; Win32; Trident/6.0)"
37.191.9.111 - - [06/Jul/2013:09:31:52 +0200] "GET /proxy.pac HTTP/1.1" 404 286 "-" "-"
37.191.9.111 - - [06/Jul/2013:09:31:52 +0200] "GET /proxy.pac HTTP/1.1" 404 286 "-" "-"
37.191.9.111 - - [06/Jul/2013:09:31:53 +0200] "GET /proxy.pac HTTP/1.1" 404 286 "-" "-"
37.191.9.111 - - [06/Jul/2013:09:31:53 +0200] "GET /proxy.pac HTTP/1.1" 404 286 "-" "-"
37.191.9.111 - - [06/Jul/2013:09:32:02 +0200] "GET /proxy.pac HTTP/1.1" 404 286 "-" "-"
37.191.9.111 - - [06/Jul/2013:09:32:05 +0200] "GET /proxy.pac HTTP/1.1" 404 286 "-" "-"
37.191.9.111 - - [06/Jul/2013:09:32:05 +0200] "GET /proxy.pac HTTP/1.1" 404 286 "-" "-"
37.191.9.111 - - [06/Jul/2013:09:32:05 +0200] "GET /proxy.pac HTTP/1.1" 404 286 "-" "-"
37.191.9.111 - - [06/Jul/2013:09:32:05 +0200] "GET /proxy.pac HTTP/1.1" 404 286 "-" "-"
37.191.9.111 - - [06/Jul/2013:09:32:06 +0200] "GET /proxy.pac HTTP/1.1" 404 286 "-" "-"
37.191.9.111 - - [06/Jul/2013:09:32:06 +0200] "GET /proxy.pac HTTP/1.1" 404 286 "-" "-"
37.191.9.111 - - [06/Jul/2013:09:32:06 +0200] "GET /proxy.pac HTTP/1.1" 404 286 "-" "-"
37.191.9.111 - - [06/Jul/2013:09:32:06 +0200] "GET /proxy.pac HTTP/1.1" 404 286 "-" "-"
37.191.9.111 - - [06/Jul/2013:09:32:06 +0200] "GET /proxy.pac HTTP/1.1" 404 286 "-" "-"
37.191.9.111 - - [06/Jul/2013:09:32:06 +0200] "GET /proxy.pac HTTP/1.1" 404 286 "-" "-"
37.191.9.111 - - [06/Jul/2013:09:32:06 +0200] "GET /proxy.pac HTTP/1.1" 404 286 "-" "-"
37.191.9.111 - - [06/Jul/2013:09:32:06 +0200] "GET /proxy.pac HTTP/1.1" 404 286 "-" "-"
37.191.9.111 - - [06/Jul/2013:09:32:06 +0200] "GET /proxy.pac HTTP/1.1" 404 286 "-" "-"
37.191.9.111 - - [06/Jul/2013:09:32:06 +0200] "GET /proxy.pac HTTP/1.1" 404 286 "-" "-"
37.191.9.111 - - [06/Jul/2013:09:32:07 +0200] "GET /proxy.pac HTTP/1.1" 404 286 "-" "-"
37.191.9.111 - - [06/Jul/2013:09:32:07 +0200] "GET /proxy.pac HTTP/1.1" 404 286 "-" "-"
37.191.9.111 - - [06/Jul/2013:09:32:10 +0200] "GET /proxy.pac HTTP/1.1" 404 286 "-" "-"
37.191.9.111 - - [06/Jul/2013:09:32:13 +0200] "GET /proxy.pac HTTP/1.1" 404 286 "-" "-"
195.56.55.225 - - [06/Jul/2013:09:32:16 +0200] "GET /test.html HTTP/1.1" 200 56 "-" "monit/4.6"
37.191.9.111 - - [06/Jul/2013:09:32:21 +0200] "GET /proxy.pac HTTP/1.1" 404 286 "-" "-"
37.191.9.111 - - [06/Jul/2013:09:33:04 +0200] "GET /proxy.pac HTTP/1.1" 404 286 "-" "-"
37.191.9.111 - - [06/Jul/2013:09:33:04 +0200] "GET /proxy.pac HTTP/1.1" 404 286 "-" "-"
188.6.101.221 - - [06/Jul/2013:09:34:00 +0200] "-" 408 - "-" "-"
195.56.55.225 - - [06/Jul/2013:09:34:18 +0200] "GET /test.html HTTP/1.1" 200 56 "-" "monit/4.6"
91.232.96.36 - - [06/Jul/2013:09:35:03 +0200] "GET /forum_attac.php3?id_article=983&retour=cikk.php3%3Fid_article%3D983 HTTP/1.1" 404 292 "-" "Mozilla/4.0 (compatible; MSIE 6.0; Windows NT 5.1; SV1)"
195.3.146.94 - - [06/Jul/2013:09:35:57 +0200] "HEAD /?q=admin&destination=admin HTTP/1.0" 400 0 "-" "-"
195.56.55.225 - - [06/Jul/2013:09:36:20 +0200] "GET /test.html HTTP/1.1" 200 56 "-" "monit/4.6"
37.191.9.111 - - [06/Jul/2013:09:36:31 +0200] "GET /proxy.pac HTTP/1.1" 404 286 "-" "Mozilla/5.0 (compatible; MSIE 10.0; Win32; Trident/6.0)"
37.191.9.111 - - [06/Jul/2013:09:36:31 +0200] "GET /proxy.pac HTTP/1.1" 404 286 "-" "Mozilla/5.0 (compatible; MSIE 10.0; Win32; Trident/6.0)"
89.248.174.60 - - [06/Jul/2013:09:37:44 +0200] "GET /forum_attac.php3?id_article=983&retour=cikk.php3%3Fid_article%3D983 HTTP/1.1" 404 292 "-" "Mozilla/4.0 (compatible; MSIE 6.0; Windows NT 5.1; SV1)"
195.56.55.225 - - [06/Jul/2013:09:38:22 +0200] "GET /test.html HTTP/1.1" 200 56 "-" "monit/4.6"
195.56.55.225 - - [06/Jul/2013:09:40:24 +0200] "GET /test.html HTTP/1.1" 200 56 "-" "monit/4.6"
212.7.196.79 - - [06/Jul/2013:09:41:38 +0200] "GET / HTTP/1.1" 200 1155 "-" "Mozilla/5.0 (Windows; U; Windows NT 6.1; WOW64; en-US; rv:2.0.4) Gecko/20120718 AskTbAVR-IDW/3.12.5.17700 Firefox/14.0.1"
195.56.55.225 - - [06/Jul/2013:09:42:26 +0200] "GET /test.html HTTP/1.1" 200 56 "-" "monit/4.6"
37.191.9.111 - - [06/Jul/2013:09:42:33 +0200] "GET /proxy.pac HTTP/1.1" 404 286 "-" "Mozilla/5.0 (compatible; MSIE 10.0; Win32; Trident/6.0)"
37.191.9.111 - - [06/Jul/2013:09:44:24 +0200] "GET /proxy.pac HTTP/1.1" 404 286 "-" "-"
195.56.55.225 - - [06/Jul/2013:09:44:28 +0200] "GET /test.html HTTP/1.1" 200 56 "-" "monit/4.6"
27.159.201.197 - - [06/Jul/2013:09:46:15 +0200] "GET /http://lmv.hu// HTTP/1.0" 404 278 "http://forum.lmv.hu/" "Opera/9.80 (Windows NT 6.1; Win64; x64; Edition Yx) Presto/2.12.388 Version/12.10"
195.56.55.225 - - [06/Jul/2013:09:46:30 +0200] "GET /test.html HTTP/1.1" 200 56 "-" "monit/4.6"
195.56.55.225 - - [06/Jul/2013:09:48:32 +0200] "GET /test.html HTTP/1.1" 200 56 "-" "monit/4.6"
221.194.156.235 - - [06/Jul/2013:09:48:42 +0200] "GET /robots.txt HTTP/1.0" 404 278 "http://csalan.zoldpok.hu/robots.txt" "Mozilla/4.0 (compatible; MSIE 8.0; Windows NT 5.1; Trident/4.0; .NET CLR 2.0.50727; .NET CLR 3.0.4506.2152; .NET CLR 3.5.30729)"
195.56.55.225 - - [06/Jul/2013:09:50:34 +0200] "GET /test.html HTTP/1.1" 200 56 "-" "monit/4.6"
8.35.201.102 - - [06/Jul/2013:09:51:18 +0200] "GET / HTTP/1.1" 200 1155 "-" "AppEngine-Google; (+http://code.google.com/appengine; appid: website20vn)"
195.56.55.225 - - [06/Jul/2013:09:52:37 +0200] "GET /test.html HTTP/1.1" 200 56 "-" "monit/4.6"
37.191.9.111 - - [06/Jul/2013:09:53:33 +0200] "GET /proxy.pac HTTP/1.1" 404 286 "-" "-"
37.191.9.111 - - [06/Jul/2013:09:53:33 +0200] "GET /proxy.pac HTTP/1.1" 404 286 "-" "-"
188.36.15.32 - - [06/Jul/2013:09:53:36 +0200] "-" 408 - "-" "-"
195.56.55.225 - - [06/Jul/2013:09:54:40 +0200] "GET /test.html HTTP/1.1" 200 56 "-" "monit/4.6"
94.21.145.48 - - [06/Jul/2013:09:55:03 +0200] "-" 408 - "-" "-"
94.21.145.48 - - [06/Jul/2013:09:55:29 +0200] "-" 408 - "-" "-"
94.21.145.48 - - [06/Jul/2013:09:55:29 +0200] "-" 408 - "-" "-"
94.21.145.48 - - [06/Jul/2013:09:55:29 +0200] "-" 408 - "-" "-"
94.21.145.48 - - [06/Jul/2013:09:55:29 +0200] "-" 408 - "-" "-"
157.56.92.150 - - [06/Jul/2013:09:56:03 +0200] "GET /robots.txt HTTP/1.1" 404 288 "-" "Mozilla/5.0 (compatible; bingbot/2.0; +http://www.bing.com/bingbot.htm)"
195.56.55.225 - - [06/Jul/2013:09:56:43 +0200] "GET /test.html HTTP/1.1" 200 56 "-" "monit/4.6"
157.56.92.150 - - [06/Jul/2013:09:56:44 +0200] "GET / HTTP/1.1" 200 1155 "-" "Mozilla/5.0 (compatible; bingbot/2.0; +http://www.bing.com/bingbot.htm)"
91.232.96.36 - - [06/Jul/2013:09:58:00 +0200] "GET /forum_attac.php3?id_article=983&retour=cikk.php3%3Fid_article%3D983 HTTP/1.1" 404 292 "-" "Mozilla/4.0 (compatible; MSIE 6.0; Windows NT 5.1; SV1)"
195.56.55.225 - - [06/Jul/2013:09:58:45 +0200] "GET /test.html HTTP/1.1" 200 56 "-" "monit/4.6"
195.56.55.225 - - [06/Jul/2013:10:00:47 +0200] "GET /test.html HTTP/1.1" 200 56 "-" "monit/4.6"
89.248.174.60 - - [06/Jul/2013:10:00:50 +0200] "GET /forum_attac.php3?id_article=983&retour=cikk.php3%3Fid_article%3D983 HTTP/1.1" 404 292 "-" "Mozilla/4.0 (compatible; MSIE 6.0; Windows NT 5.1; SV1)"
202.125.84.2 - - [06/Jul/2013:10:01:28 +0200] "POST /forum_attac.php3?id_article=710&retour=cikk HTTP/1.1" 404 292 "http://attac.zpok.hu/forum_attac.php3?id_article=710&retour=cikk" "Mozilla/4.0 (compatible; MSIE 6.0; Windows NT 5.1; SV1)"
195.56.55.225 - - [06/Jul/2013:10:02:49 +0200] "GET /test.html HTTP/1.1" 200 56 "-" "monit/4.6"
195.56.55.225 - - [06/Jul/2013:10:04:51 +0200] "GET /test.html HTTP/1.1" 200 56 "-" "monit/4.6"
195.56.55.225 - - [06/Jul/2013:10:06:54 +0200] "GET /test.html HTTP/1.1" 200 56 "-" "monit/4.6"
195.56.55.225 - - [06/Jul/2013:10:08:56 +0200] "GET /test.html HTTP/1.1" 200 56 "-" "monit/4.6"
195.56.55.225 - - [06/Jul/2013:10:10:58 +0200] "GET /test.html HTTP/1.1" 200 56 "-" "monit/4.6"
195.56.55.225 - - [06/Jul/2013:10:13:00 +0200] "GET /test.html HTTP/1.1" 200 56 "-" "monit/4.6"
195.56.55.225 - - [06/Jul/2013:10:15:02 +0200] "GET /test.html HTTP/1.1" 200 56 "-" "monit/4.6"
195.56.55.225 - - [06/Jul/2013:10:17:04 +0200] "GET /test.html HTTP/1.1" 200 56 "-" "monit/4.6"
180.76.5.190 - - [06/Jul/2013:10:17:06 +0200] "GET / HTTP/1.1" 200 1155 "-" "Mozilla/5.0 (compatible; Baiduspider/2.0; +http://www.baidu.com/search/spider.html)"
195.56.55.225 - - [06/Jul/2013:10:19:06 +0200] "GET /test.html HTTP/1.1" 200 56 "-" "monit/4.6"
72.14.199.132 - - [06/Jul/2013:10:19:41 +0200] "GET / HTTP/1.1" 200 1155 "-" "Feedfetcher-Google; (+http://www.google.com/feedfetcher.html; 1 subscribers; feed-id=849169264004692768)"
157.56.93.52 - - [06/Jul/2013:10:20:11 +0200] "GET /robots.txt HTTP/1.1" 404 286 "-" "Mozilla/5.0 (compatible; bingbot/2.0; +http://www.bing.com/bingbot.htm)"
195.56.55.225 - - [06/Jul/2013:10:21:08 +0200] "GET /test.html HTTP/1.1" 200 56 "-" "monit/4.6"
91.232.96.36 - - [06/Jul/2013:10:21:09 +0200] "GET /forum_attac.php3?id_article=983&retour=cikk.php3%3Fid_article%3D983 HTTP/1.1" 404 292 "-" "Mozilla/4.0 (compatible; MSIE 6.0; Windows NT 5.1; SV1)"
195.56.55.225 - - [06/Jul/2013:10:23:10 +0200] "GET /test.html HTTP/1.1" 200 56 "-" "monit/4.6"
89.248.174.60 - - [06/Jul/2013:10:23:51 +0200] "GET /forum_attac.php3?id_article=983&retour=cikk.php3%3Fid_article%3D983 HTTP/1.1" 404 292 "-" "Mozilla/4.0 (compatible; MSIE 6.0; Windows NT 5.1; SV1)"
37.191.9.111 - - [06/Jul/2013:10:23:58 +0200] "GET /proxy.pac HTTP/1.1" 404 286 "-" "Mozilla/5.0 (compatible; MSIE 10.0; Win32; Trident/6.0)"
195.56.55.225 - - [06/Jul/2013:10:25:12 +0200] "GET /test.html HTTP/1.1" 200 56 "-" "monit/4.6"
195.56.55.225 - - [06/Jul/2013:10:27:15 +0200] "GET /test.html HTTP/1.1" 200 56 "-" "monit/4.6"
195.56.55.225 - - [06/Jul/2013:10:29:17 +0200] "GET /test.html HTTP/1.1" 200 56 "-" "monit/4.6"
195.56.55.225 - - [06/Jul/2013:10:31:19 +0200] "GET /test.html HTTP/1.1" 200 56 "-" "monit/4.6"
195.56.55.225 - - [06/Jul/2013:10:33:21 +0200] "GET /test.html HTTP/1.1" 200 56 "-" "monit/4.6"
37.191.9.111 - - [06/Jul/2013:10:33:33 +0200] "GET /proxy.pac HTTP/1.1" 404 286 "-" "-"
37.191.9.111 - - [06/Jul/2013:10:33:33 +0200] "GET /proxy.pac HTTP/1.1" 404 286 "-" "-"
37.191.9.111 - - [06/Jul/2013:10:33:34 +0200] "GET /proxy.pac HTTP/1.1" 404 286 "-" "-"
37.191.9.111 - - [06/Jul/2013:10:33:34 +0200] "GET /proxy.pac HTTP/1.1" 404 286 "-" "-"
37.191.9.111 - - [06/Jul/2013:10:33:34 +0200] "GET /proxy.pac HTTP/1.1" 404 286 "-" "-"
37.191.9.111 - - [06/Jul/2013:10:33:34 +0200] "GET /proxy.pac HTTP/1.1" 404 286 "-" "-"
37.191.9.111 - - [06/Jul/2013:10:33:34 +0200] "GET /proxy.pac HTTP/1.1" 404 286 "-" "-"
37.191.9.111 - - [06/Jul/2013:10:33:34 +0200] "GET /proxy.pac HTTP/1.1" 404 286 "-" "-"
37.191.9.111 - - [06/Jul/2013:10:34:59 +0200] "GET /proxy.pac HTTP/1.1" 404 286 "-" "Mozilla/5.0 (compatible; MSIE 10.0; Win32; Trident/6.0)"
220.181.108.110 - - [06/Jul/2013:10:35:37 +0200] "GET / HTTP/1.1" 200 1155 "-" "Mozilla/5.0 (compatible; Baiduspider/2.0; +http://www.baidu.com/search/spider.html)"
195.56.55.225 - - [06/Jul/2013:10:37:31 +0200] "GET /test.html HTTP/1.1" 200 56 "-" "monit/4.6"
37.191.9.111 - - [06/Jul/2013:10:38:27 +0200] "GET /proxy.pac HTTP/1.1" 404 286 "-" "Mozilla/5.0 (compatible; MSIE 10.0; Win32; Trident/6.0)"
37.191.9.111 - - [06/Jul/2013:10:38:29 +0200] "GET /proxy.pac HTTP/1.1" 404 286 "-" "Mozilla/5.0 (compatible; MSIE 10.0; Win32; Trident/6.0)"
37.191.9.111 - - [06/Jul/2013:10:38:30 +0200] "GET /proxy.pac HTTP/1.1" 404 286 "-" "Mozilla/5.0 (compatible; MSIE 10.0; Win32; Trident/6.0)"
37.191.9.111 - - [06/Jul/2013:10:38:31 +0200] "GET /proxy.pac HTTP/1.1" 404 286 "-" "Mozilla/5.0 (compatible; MSIE 10.0; Win32; Trident/6.0)"
37.191.9.111 - - [06/Jul/2013:10:38:31 +0200] "GET /proxy.pac HTTP/1.1" 404 286 "-" "Mozilla/5.0 (compatible; MSIE 10.0; Win32; Trident/6.0)"
37.191.9.111 - - [06/Jul/2013:10:38:31 +0200] "GET /proxy.pac HTTP/1.1" 404 286 "-" "Mozilla/5.0 (compatible; MSIE 10.0; Win32; Trident/6.0)"
37.191.9.111 - - [06/Jul/2013:10:38:32 +0200] "GET /proxy.pac HTTP/1.1" 404 286 "-" "Mozilla/5.0 (compatible; MSIE 10.0; Win32; Trident/6.0)"
37.191.9.111 - - [06/Jul/2013:10:38:36 +0200] "GET /proxy.pac HTTP/1.1" 404 286 "-" "Mozilla/5.0 (compatible; MSIE 10.0; Win32; Trident/6.0)"
178.63.98.150 - - [06/Jul/2013:10:39:10 +0200] "GET / HTTP/1.1" 200 1155 "-" "Zend_Http_Client"
178.63.98.150 - - [06/Jul/2013:10:39:10 +0200] "GET / HTTP/1.1" 200 1155 "-" "Mozilla/5.0 (X11; U; Linux i686; C) AppleWebKit/533.3 (KHTML, like Gecko) Qt/4.7.2 Safari/533.3"
195.56.55.225 - - [06/Jul/2013:10:39:33 +0200] "GET /test.html HTTP/1.1" 200 56 "-" "monit/4.6"
195.56.55.225 - - [06/Jul/2013:10:41:35 +0200] "GET /test.html HTTP/1.1" 200 56 "-" "monit/4.6"
157.55.33.182 - - [06/Jul/2013:10:41:36 +0200] "GET /robots.txt HTTP/1.1" 404 287 "-" "Mozilla/5.0 (compatible; bingbot/2.0; +http://www.bing.com/bingbot.htm)"
157.55.33.182 - - [06/Jul/2013:10:42:17 +0200] "GET / HTTP/1.1" 200 1155 "-" "Mozilla/5.0 (compatible; bingbot/2.0; +http://www.bing.com/bingbot.htm)"
195.56.55.225 - - [06/Jul/2013:10:43:37 +0200] "GET /test.html HTTP/1.1" 200 56 "-" "monit/4.6"
91.232.96.36 - - [06/Jul/2013:10:44:08 +0200] "GET /forum_attac.php3?id_article=983&retour=cikk.php3%3Fid_article%3D983 HTTP/1.1" 404 292 "-" "Mozilla/4.0 (compatible; MSIE 6.0; Windows NT 5.1; SV1)"
157.56.93.39 - - [06/Jul/2013:10:45:32 +0200] "GET /robots.txt HTTP/1.1" 404 290 "-" "Mozilla/5.0 (compatible; bingbot/2.0; +http://www.bing.com/bingbot.htm)"
195.56.55.225 - - [06/Jul/2013:10:45:39 +0200] "GET /test.html HTTP/1.1" 200 56 "-" "monit/4.6"
157.56.93.39 - - [06/Jul/2013:10:46:23 +0200] "GET /cikk.php3?id_article=257 HTTP/1.1" 404 289 "-" "Mozilla/5.0 (compatible; bingbot/2.0; +http://www.bing.com/bingbot.htm)"
89.248.174.60 - - [06/Jul/2013:10:46:42 +0200] "GET /forum_attac.php3?id_article=983&retour=cikk.php3%3Fid_article%3D983 HTTP/1.1" 404 292 "-" "Mozilla/4.0 (compatible; MSIE 6.0; Windows NT 5.1; SV1)"
195.56.55.225 - - [06/Jul/2013:10:47:41 +0200] "GET /test.html HTTP/1.1" 200 56 "-" "monit/4.6"
195.56.55.225 - - [06/Jul/2013:10:49:44 +0200] "GET /test.html HTTP/1.1" 200 56 "-" "monit/4.6"
195.56.55.225 - - [06/Jul/2013:10:51:46 +0200] "GET /test.html HTTP/1.1" 200 56 "-" "monit/4.6"
157.55.32.153 - - [06/Jul/2013:10:53:46 +0200] "GET /robots.txt HTTP/1.1" 404 293 "-" "Mozilla/5.0 (compatible; bingbot/2.0; +http://www.bing.com/bingbot.htm)"
195.56.55.225 - - [06/Jul/2013:10:53:48 +0200] "GET /test.html HTTP/1.1" 200 56 "-" "monit/4.6"
84.224.220.234 - - [06/Jul/2013:10:54:40 +0200] "GET / HTTP/1.1" 200 1155 "-" "Mozilla/5.0 (Windows NT 6.1; WOW64) AppleWebKit/537.36 (KHTML, like Gecko) Chrome/27.0.1453.116 Safari/537.36"
84.224.220.234 - - [06/Jul/2013:10:54:41 +0200] "GET /favicon.ico HTTP/1.1" 404 288 "-" "Mozilla/5.0 (Windows NT 6.1; WOW64) AppleWebKit/537.36 (KHTML, like Gecko) Chrome/27.0.1453.116 Safari/537.36"
157.55.32.153 - - [06/Jul/2013:10:55:01 +0200] "GET / HTTP/1.1" 200 1155 "-" "Mozilla/5.0 (compatible; bingbot/2.0; +http://www.bing.com/bingbot.htm)"
195.56.55.225 - - [06/Jul/2013:10:55:50 +0200] "GET /test.html HTTP/1.1" 200 56 "-" "monit/4.6"
203.252.199.3 - - [06/Jul/2013:10:57:50 +0200] "POST /forum_attac.php3?id_article=710&retour=cikk HTTP/1.0" 404 280 "http://attac.zpok.hu/forum_attac.php3?id_article=710&retour=cikk" "Mozilla/4.0 (compatible; MSIE 6.0; Windows NT 5.1; SV1)"
195.56.55.225 - - [06/Jul/2013:10:57:52 +0200] "GET /test.html HTTP/1.1" 200 56 "-" "monit/4.6"
65.55.52.108 - - [06/Jul/2013:10:58:38 +0200] "GET /robots.txt HTTP/1.1" 404 291 "-" "Mozilla/5.0 (compatible; bingbot/2.0; +http://www.bing.com/bingbot.htm)"
195.56.55.225 - - [06/Jul/2013:10:59:54 +0200] "GET /test.html HTTP/1.1" 200 56 "-" "monit/4.6"
65.55.52.108 - - [06/Jul/2013:10:59:56 +0200] "GET / HTTP/1.1" 200 1155 "-" "Mozilla/5.0 (compatible; bingbot/2.0; +http://www.bing.com/bingbot.htm)"
195.56.55.225 - - [06/Jul/2013:11:01:56 +0200] "GET /test.html HTTP/1.1" 200 56 "-" "monit/4.6"
195.56.55.225 - - [06/Jul/2013:11:03:58 +0200] "GET /test.html HTTP/1.1" 200 56 "-" "monit/4.6"
195.56.55.225 - - [06/Jul/2013:11:06:00 +0200] "GET /test.html HTTP/1.1" 200 56 "-" "monit/4.6"
91.232.96.36 - - [06/Jul/2013:11:07:08 +0200] "GET /forum_attac.php3?id_article=983&retour=cikk.php3%3Fid_article%3D983 HTTP/1.1" 404 292 "-" "Mozilla/4.0 (compatible; MSIE 6.0; Windows NT 5.1; SV1)"
195.56.55.225 - - [06/Jul/2013:11:08:02 +0200] "GET /test.html HTTP/1.1" 200 56 "-" "monit/4.6"
89.248.174.60 - - [06/Jul/2013:11:09:55 +0200] "GET /forum_attac.php3?id_article=983&retour=cikk.php3%3Fid_article%3D983 HTTP/1.1" 404 292 "-" "Mozilla/4.0 (compatible; MSIE 6.0; Windows NT 5.1; SV1)"
195.56.55.225 - - [06/Jul/2013:11:10:10 +0200] "GET /test.html HTTP/1.1" 200 56 "-" "monit/4.6"
188.29.4.244 - - [06/Jul/2013:11:12:40 +0200] "GET /proxy.pac HTTP/1.1" 404 282 "-" "Mozilla/5.0 (Windows NT 6.1; rv:5.0) Gecko/20100101 Firefox/5.0"
195.56.55.225 - - [06/Jul/2013:11:12:42 +0200] "GET /test.html HTTP/1.1" 200 56 "-" "monit/4.6"
188.29.4.244 - - [06/Jul/2013:11:12:46 +0200] "GET /proxy.pac HTTP/1.1" 404 282 "-" "Mozilla/5.0 (Windows NT 6.1; rv:5.0) Gecko/20100101 Firefox/5.0"
188.29.4.244 - - [06/Jul/2013:11:12:56 +0200] "GET /proxy.pac HTTP/1.1" 404 282 "-" "Mozilla/5.0 (Windows NT 6.1; rv:5.0) Gecko/20100101 Firefox/5.0"
188.29.4.244 - - [06/Jul/2013:11:13:22 +0200] "GET /proxy.pac HTTP/1.1" 404 282 "-" "Mozilla/5.0 (Windows NT 6.1; rv:5.0) Gecko/20100101 Firefox/5.0"
188.29.4.244 - - [06/Jul/2013:11:14:11 +0200] "GET /proxy.pac HTTP/1.1" 404 282 "-" "Mozilla/5.0 (Windows NT 6.1; rv:5.0) Gecko/20100101 Firefox/5.0"
195.56.55.225 - - [06/Jul/2013:11:14:44 +0200] "GET /test.html HTTP/1.1" 200 56 "-" "monit/4.6"
195.56.55.225 - - [06/Jul/2013:11:16:46 +0200] "GET /test.html HTTP/1.1" 200 56 "-" "monit/4.6"
66.249.78.240 - - [06/Jul/2013:11:17:32 +0200] "GET /robots.txt HTTP/1.1" 404 294 "-" "Mozilla/5.0 (compatible; Googlebot/2.1; +http://www.google.com/bot.html)"
66.249.78.240 - - [06/Jul/2013:11:17:33 +0200] "GET / HTTP/1.1" 200 1155 "-" "Mozilla/5.0 (compatible; Googlebot/2.1; +http://www.google.com/bot.html)"
37.191.9.111 - - [06/Jul/2013:11:18:34 +0200] "GET /proxy.pac HTTP/1.1" 404 286 "-" "-"
37.191.9.111 - - [06/Jul/2013:11:18:34 +0200] "GET /proxy.pac HTTP/1.1" 404 286 "-" "-"
195.56.55.225 - - [06/Jul/2013:11:18:51 +0200] "GET /test.html HTTP/1.1" 200 56 "-" "monit/4.6"
180.76.6.211 - - [06/Jul/2013:11:22:01 +0200] "GET /forum_attac.php3?id_article=94&retour=cikk.php3?id_article%3D94 HTTP/1.1" 404 292 "-" "Mozilla/5.0 (compatible; Baiduspider/2.0; +http://www.baidu.com/search/spider.html)"
195.56.55.225 - - [06/Jul/2013:11:22:04 +0200] "GET /test.html HTTP/1.1" 200 56 "-" "monit/4.6"
37.191.9.111 - - [06/Jul/2013:11:23:33 +0200] "GET /proxy.pac HTTP/1.1" 404 286 "-" "-"
37.191.9.111 - - [06/Jul/2013:11:23:33 +0200] "GET /proxy.pac HTTP/1.1" 404 286 "-" "-"
195.56.55.225 - - [06/Jul/2013:11:24:06 +0200] "GET /test.html HTTP/1.1" 200 56 "-" "monit/4.6"
195.56.55.225 - - [06/Jul/2013:11:26:08 +0200] "GET /test.html HTTP/1.1" 200 56 "-" "monit/4.6"
131.253.24.51 - - [06/Jul/2013:11:26:10 +0200] "GET / HTTP/1.1" 200 1155 "-" "Mozilla/4.0 (compatible; MSIE 7.0; Windows NT 5.1; SV1; .NET CLR 1.1.4325; .NET CLR 2.0.40607; .NET CLR 3.0.04506.648)"
37.191.9.111 - - [06/Jul/2013:11:26:40 +0200] "GET /proxy.pac HTTP/1.1" 404 286 "-" "Mozilla/5.0 (compatible; MSIE 10.0; Win32; Trident/6.0)"
195.56.55.225 - - [06/Jul/2013:11:28:10 +0200] "GET /test.html HTTP/1.1" 200 56 "-" "monit/4.6"
91.232.96.36 - - [06/Jul/2013:11:30:08 +0200] "GET /forum_attac.php3?id_article=983&retour=cikk.php3%3Fid_article%3D983 HTTP/1.1" 404 292 "-" "Mozilla/4.0 (compatible; MSIE 6.0; Windows NT 5.1; SV1)"
195.56.55.225 - - [06/Jul/2013:11:30:12 +0200] "GET /test.html HTTP/1.1" 200 56 "-" "monit/4.6"
195.56.55.225 - - [06/Jul/2013:11:32:14 +0200] "GET /test.html HTTP/1.1" 200 56 "-" "monit/4.6"
89.248.174.60 - - [06/Jul/2013:11:32:49 +0200] "GET /forum_attac.php3?id_article=983&retour=cikk.php3%3Fid_article%3D983 HTTP/1.1" 404 292 "-" "Mozilla/4.0 (compatible; MSIE 6.0; Windows NT 5.1; SV1)"
67.234.175.82 - - [06/Jul/2013:11:34:10 +0200] "-" 408 - "-" "-"
195.56.55.225 - - [06/Jul/2013:11:34:16 +0200] "GET /test.html HTTP/1.1" 200 56 "-" "monit/4.6"
195.56.55.225 - - [06/Jul/2013:11:36:18 +0200] "GET /test.html HTTP/1.1" 200 56 "-" "monit/4.6"
37.191.9.111 - - [06/Jul/2013:11:36:28 +0200] "GET /proxy.pac HTTP/1.1" 404 286 "-" "Mozilla/5.0 (compatible; MSIE 10.0; Win32; Trident/6.0)"
