94.27.223.8 - - [09/Jul/2013:09:38:31 +0200] "-" 408 - "-" "-"
94.27.223.8 - - [09/Jul/2013:09:38:31 +0200] "-" 408 - "-" "-"
94.27.223.8 - - [09/Jul/2013:09:38:31 +0200] "-" 408 - "-" "-"
195.56.55.225 - - [09/Jul/2013:09:39:31 +0200] "GET /test.html HTTP/1.1" 200 56 "-" "monit/4.6"
91.232.96.36 - - [09/Jul/2013:09:40:32 +0200] "GET /forum_attac.php3?id_article=983&retour=cikk.php3%3Fid_article%3D983 HTTP/1.1" 404 292 "-" "Mozilla/4.0 (compatible; MSIE 6.0; Windows NT 5.1; SV1)"
195.56.55.225 - - [09/Jul/2013:09:41:33 +0200] "GET /test.html HTTP/1.1" 200 56 "-" "monit/4.6"
81.183.24.148 - - [09/Jul/2013:09:43:32 +0200] "GET /puce.gif HTTP/1.1" 404 284 "http://jobbik.net/index.php?q=node/2839" "Mozilla/5.0 (Windows NT 5.1; rv:22.0) Gecko/20100101 Firefox/22.0"
81.183.24.148 - - [09/Jul/2013:09:43:33 +0200] "GET /puce.gif HTTP/1.1" 404 284 "http://jobbik.net/index.php?q=node/2839" "Mozilla/5.0 (Windows NT 5.1; rv:22.0) Gecko/20100101 Firefox/22.0"
195.56.55.225 - - [09/Jul/2013:09:43:35 +0200] "GET /test.html HTTP/1.1" 200 56 "-" "monit/4.6"
81.183.24.148 - - [09/Jul/2013:09:44:03 +0200] "-" 408 - "-" "-"
157.56.93.39 - - [09/Jul/2013:09:45:36 +0200] "GET /node/400 HTTP/1.1" 404 297 "-" "Mozilla/5.0 (compatible; bingbot/2.0; +http://www.bing.com/bingbot.htm)"
195.56.55.225 - - [09/Jul/2013:09:45:37 +0200] "GET /test.html HTTP/1.1" 200 56 "-" "monit/4.6"
180.76.5.142 - - [09/Jul/2013:09:47:35 +0200] "GET / HTTP/1.1" 200 1155 "-" "Mozilla/5.0 (compatible; Baiduspider/2.0; +http://www.baidu.com/search/spider.html)"
195.56.55.225 - - [09/Jul/2013:09:47:41 +0200] "GET /test.html HTTP/1.1" 200 56 "-" "monit/4.6"
72.14.199.132 - - [09/Jul/2013:09:49:17 +0200] "GET / HTTP/1.1" 200 1155 "-" "Feedfetcher-Google; (+http://www.google.com/feedfetcher.html; 1 subscribers; feed-id=849169264004692768)"
195.56.55.225 - - [09/Jul/2013:09:49:44 +0200] "GET /test.html HTTP/1.1" 200 56 "-" "monit/4.6"
89.248.174.60 - - [09/Jul/2013:09:51:19 +0200] "GET /forum_attac.php3?id_article=983&retour=cikk.php3%3Fid_article%3D983 HTTP/1.1" 404 292 "-" "Mozilla/4.0 (compatible; MSIE 6.0; Windows NT 5.1; SV1)"
157.56.93.39 - - [09/Jul/2013:09:51:46 +0200] "GET /robots.txt HTTP/1.1" 404 288 "-" "Mozilla/5.0 (compatible; bingbot/2.0; +http://www.bing.com/bingbot.htm)"
195.56.55.225 - - [09/Jul/2013:09:51:46 +0200] "GET /test.html HTTP/1.1" 200 56 "-" "monit/4.6"
23.20.115.183 - - [09/Jul/2013:09:52:09 +0200] "GET /robots.txt HTTP/1.0" 404 274 "-" "Nutch/Nutch-2.0 (Nutch Crawler)"
23.20.115.183 - - [09/Jul/2013:09:52:10 +0200] "GET / HTTP/1.0" 200 1155 "-" "Nutch/Nutch-2.0 (Nutch Crawler)"
195.56.55.225 - - [09/Jul/2013:09:53:48 +0200] "GET /test.html HTTP/1.1" 200 56 "-" "monit/4.6"
195.56.55.225 - - [09/Jul/2013:09:55:50 +0200] "GET /test.html HTTP/1.1" 200 56 "-" "monit/4.6"
84.2.243.52 - - [09/Jul/2013:09:57:09 +0200] "-" 408 - "-" "-"
65.55.24.214 - - [09/Jul/2013:09:57:49 +0200] "GET /robots.txt HTTP/1.1" 404 288 "-" "Mozilla/5.0 (compatible; bingbot/2.0; +http://www.bing.com/bingbot.htm)"
195.56.55.225 - - [09/Jul/2013:09:57:52 +0200] "GET /test.html HTTP/1.1" 200 56 "-" "monit/4.6"
195.56.55.225 - - [09/Jul/2013:09:59:54 +0200] "GET /test.html HTTP/1.1" 200 56 "-" "monit/4.6"
195.56.55.225 - - [09/Jul/2013:10:01:56 +0200] "GET /test.html HTTP/1.1" 200 56 "-" "monit/4.6"
91.232.96.36 - - [09/Jul/2013:10:03:30 +0200] "GET /forum_attac.php3?id_article=983&retour=cikk.php3%3Fid_article%3D983 HTTP/1.1" 404 292 "-" "Mozilla/4.0 (compatible; MSIE 6.0; Windows NT 5.1; SV1)"
195.56.55.225 - - [09/Jul/2013:10:03:58 +0200] "GET /test.html HTTP/1.1" 200 56 "-" "monit/4.6"
80.99.119.80 - - [09/Jul/2013:10:05:06 +0200] "-" 408 - "-" "-"
157.56.93.39 - - [09/Jul/2013:10:05:47 +0200] "GET / HTTP/1.1" 200 1155 "-" "Mozilla/5.0 (compatible; bingbot/2.0; +http://www.bing.com/bingbot.htm)"
195.56.55.225 - - [09/Jul/2013:10:06:00 +0200] "GET /test.html HTTP/1.1" 200 56 "-" "monit/4.6"
212.7.196.79 - - [09/Jul/2013:10:07:00 +0200] "GET / HTTP/1.1" 200 1155 "-" "Mozilla/5.0 (Windows; U; Windows NT 6.1; WOW64; en-US; rv:2.0.4) Gecko/20120718 AskTbAVR-IDW/3.12.5.17700 Firefox/14.0.1"
195.56.55.225 - - [09/Jul/2013:10:08:02 +0200] "GET /test.html HTTP/1.1" 200 56 "-" "monit/4.6"
80.99.119.80 - - [09/Jul/2013:10:08:06 +0200] "-" 408 - "-" "-"
80.99.119.80 - - [09/Jul/2013:10:08:06 +0200] "-" 408 - "-" "-"
80.99.119.80 - - [09/Jul/2013:10:08:06 +0200] "-" 408 - "-" "-"
80.99.119.80 - - [09/Jul/2013:10:09:58 +0200] "-" 408 - "-" "-"
80.99.119.80 - - [09/Jul/2013:10:09:58 +0200] "-" 408 - "-" "-"
80.99.119.80 - - [09/Jul/2013:10:09:59 +0200] "-" 408 - "-" "-"
80.99.119.80 - - [09/Jul/2013:10:09:59 +0200] "-" 408 - "-" "-"
195.56.55.225 - - [09/Jul/2013:10:10:04 +0200] "GET /test.html HTTP/1.1" 200 56 "-" "monit/4.6"
195.56.55.225 - - [09/Jul/2013:10:12:06 +0200] "GET /test.html HTTP/1.1" 200 56 "-" "monit/4.6"
195.56.55.225 - - [09/Jul/2013:10:14:09 +0200] "GET /test.html HTTP/1.1" 200 56 "-" "monit/4.6"
89.248.174.60 - - [09/Jul/2013:10:14:17 +0200] "GET /forum_attac.php3?id_article=983&retour=cikk.php3%3Fid_article%3D983 HTTP/1.1" 404 292 "-" "Mozilla/4.0 (compatible; MSIE 6.0; Windows NT 5.1; SV1)"
91.83.253.39 - - [09/Jul/2013:10:15:54 +0200] "-" 408 - "-" "-"
91.83.253.39 - - [09/Jul/2013:10:15:54 +0200] "-" 408 - "-" "-"
91.83.253.39 - - [09/Jul/2013:10:15:54 +0200] "-" 408 - "-" "-"
91.83.253.39 - - [09/Jul/2013:10:15:54 +0200] "-" 408 - "-" "-"
91.83.253.39 - - [09/Jul/2013:10:15:54 +0200] "-" 408 - "-" "-"
195.56.55.225 - - [09/Jul/2013:10:16:11 +0200] "GET /test.html HTTP/1.1" 200 56 "-" "monit/4.6"
75.126.209.163 - - [09/Jul/2013:10:16:19 +0200] "GET /favicon.ico HTTP/1.1" 404 287 "-" "Mozilla/5.0+(compatible;+PiplBot;++http://www.pipl.com/bot/)"
195.56.55.225 - - [09/Jul/2013:10:18:13 +0200] "GET /test.html HTTP/1.1" 200 56 "-" "monit/4.6"
195.56.55.225 - - [09/Jul/2013:10:20:20 +0200] "GET /test.html HTTP/1.1" 200 56 "-" "monit/4.6"
195.56.55.225 - - [09/Jul/2013:10:22:28 +0200] "GET /test.html HTTP/1.1" 200 56 "-" "monit/4.6"
195.56.55.225 - - [09/Jul/2013:10:24:31 +0200] "GET /test.html HTTP/1.1" 200 56 "-" "monit/4.6"
157.56.93.62 - - [09/Jul/2013:10:25:45 +0200] "GET /robots.txt HTTP/1.1" 404 287 "-" "Mozilla/5.0 (compatible; bingbot/2.0; +http://www.bing.com/bingbot.htm)"
195.56.55.225 - - [09/Jul/2013:10:26:33 +0200] "GET /test.html HTTP/1.1" 200 56 "-" "monit/4.6"
157.56.93.62 - - [09/Jul/2013:10:26:57 +0200] "GET / HTTP/1.1" 200 1155 "-" "Mozilla/5.0 (compatible; bingbot/2.0; +http://www.bing.com/bingbot.htm)"
91.232.96.36 - - [09/Jul/2013:10:27:38 +0200] "GET /forum_attac.php3?id_article=983&retour=cikk.php3%3Fid_article%3D983 HTTP/1.1" 404 292 "-" "Mozilla/4.0 (compatible; MSIE 6.0; Windows NT 5.1; SV1)"
188.36.160.77 - - [09/Jul/2013:10:28:07 +0200] "GET / HTTP/1.1" 200 1155 "-" "Mozilla/5.0 (Windows NT 5.1) AppleWebKit/537.36 (KHTML, like Gecko) Chrome/27.0.1453.116 Safari/537.36"
188.36.160.77 - - [09/Jul/2013:10:28:08 +0200] "GET /favicon.ico HTTP/1.1" 404 287 "-" "Mozilla/5.0 (Windows NT 5.1) AppleWebKit/537.36 (KHTML, like Gecko) Chrome/27.0.1453.116 Safari/537.36"
195.56.55.225 - - [09/Jul/2013:10:28:35 +0200] "GET /test.html HTTP/1.1" 200 56 "-" "monit/4.6"
195.56.55.225 - - [09/Jul/2013:10:30:42 +0200] "GET /test.html HTTP/1.1" 200 56 "-" "monit/4.6"
88.132.141.29 - - [09/Jul/2013:10:31:38 +0200] "-" 408 - "-" "-"
88.132.141.29 - - [09/Jul/2013:10:31:38 +0200] "-" 408 - "-" "-"
88.132.141.29 - - [09/Jul/2013:10:31:38 +0200] "-" 408 - "-" "-"
88.132.141.29 - - [09/Jul/2013:10:31:38 +0200] "-" 408 - "-" "-"
195.56.55.225 - - [09/Jul/2013:10:32:44 +0200] "GET /test.html HTTP/1.1" 200 56 "-" "monit/4.6"
88.132.141.29 - - [09/Jul/2013:10:32:51 +0200] "-" 408 - "-" "-"
157.56.93.96 - - [09/Jul/2013:10:33:39 +0200] "GET /robots.txt HTTP/1.1" 404 294 "-" "Mozilla/5.0 (compatible; bingbot/2.0; +http://www.bing.com/bingbot.htm)"
195.56.55.225 - - [09/Jul/2013:10:34:46 +0200] "GET /test.html HTTP/1.1" 200 56 "-" "monit/4.6"
157.56.93.96 - - [09/Jul/2013:10:34:48 +0200] "GET /robots.txt HTTP/1.1" 404 288 "-" "Mozilla/5.0 (compatible; bingbot/2.0; +http://www.bing.com/bingbot.htm)"
157.56.93.96 - - [09/Jul/2013:10:35:19 +0200] "GET /tevekenysegunk/jeles_napok HTTP/1.1" 404 310 "-" "Mozilla/5.0 (compatible; bingbot/2.0; +http://www.bing.com/bingbot.htm)"
173.199.115.75 - - [09/Jul/2013:10:35:19 +0200] "-" 408 - "-" "-"
157.56.93.96 - - [09/Jul/2013:10:35:46 +0200] "GET / HTTP/1.1" 200 1155 "-" "Mozilla/5.0 (compatible; bingbot/2.0; +http://www.bing.com/bingbot.htm)"
195.56.55.225 - - [09/Jul/2013:10:36:48 +0200] "GET /test.html HTTP/1.1" 200 56 "-" "monit/4.6"
85.34.92.113 - - [09/Jul/2013:10:37:22 +0200] "HEAD / HTTP/1.0" 200 0 "-" "-"
85.34.92.113 - - [09/Jul/2013:10:37:22 +0200] "HEAD / HTTP/1.0" 200 0 "-" "-"
89.248.174.60 - - [09/Jul/2013:10:37:23 +0200] "GET /forum_attac.php3?id_article=983&retour=cikk.php3%3Fid_article%3D983 HTTP/1.1" 404 292 "-" "Mozilla/4.0 (compatible; MSIE 6.0; Windows NT 5.1; SV1)"
54.234.231.16 - - [09/Jul/2013:10:37:59 +0200] "POST /forum_attac.php3?id_article=710&retour=cikk HTTP/1.1" 404 292 "http://attac.zpok.hu/forum_attac.php3?id_article=710&retour=cikk" "Mozilla/4.0 (compatible; MSIE 6.0; Windows NT 5.1; SV1)"
195.56.55.225 - - [09/Jul/2013:10:38:50 +0200] "GET /test.html HTTP/1.1" 200 56 "-" "monit/4.6"
212.64.48.193 - - [09/Jul/2013:10:39:18 +0200] "GET /conf/\" + ez_codePath + \"ezloader.js HTTP/1.1" 400 365 "-" "-"
78.161.139.242 - - [09/Jul/2013:10:39:38 +0200] "-" 408 - "-" "-"
78.161.139.242 - - [09/Jul/2013:10:39:48 +0200] "-" 408 - "-" "-"
195.56.55.225 - - [09/Jul/2013:10:40:52 +0200] "GET /test.html HTTP/1.1" 200 56 "-" "monit/4.6"
195.56.55.225 - - [09/Jul/2013:10:42:54 +0200] "GET /test.html HTTP/1.1" 200 56 "-" "monit/4.6"
195.56.55.225 - - [09/Jul/2013:10:44:56 +0200] "GET /test.html HTTP/1.1" 200 56 "-" "monit/4.6"
193.105.210.226 - - [09/Jul/2013:10:46:36 +0200] "-" 408 - "-" "-"
195.56.55.225 - - [09/Jul/2013:10:46:58 +0200] "GET /test.html HTTP/1.1" 200 56 "-" "monit/4.6"
195.56.55.225 - - [09/Jul/2013:10:49:00 +0200] "GET /test.html HTTP/1.1" 200 56 "-" "monit/4.6"
91.232.96.36 - - [09/Jul/2013:10:50:39 +0200] "GET /forum_attac.php3?id_article=983&retour=cikk.php3%3Fid_article%3D983 HTTP/1.1" 404 292 "-" "Mozilla/4.0 (compatible; MSIE 6.0; Windows NT 5.1; SV1)"
195.56.55.225 - - [09/Jul/2013:10:51:02 +0200] "GET /test.html HTTP/1.1" 200 56 "-" "monit/4.6"
46.229.164.98 - - [09/Jul/2013:10:51:55 +0200] "GET /cikk.php3?id_article=488 HTTP/1.1" 404 285 "-" "Mozilla/5.0 (compatible; SemrushBot/0.96.3; +http://www.semrush.com/bot.html)"
195.56.55.225 - - [09/Jul/2013:10:53:04 +0200] "GET /test.html HTTP/1.1" 200 56 "-" "monit/4.6"
195.56.55.225 - - [09/Jul/2013:10:55:06 +0200] "GET /test.html HTTP/1.1" 200 56 "-" "monit/4.6"
208.115.111.71 - - [09/Jul/2013:10:55:30 +0200] "GET /robots.txt HTTP/1.1" 404 286 "-" "Mozilla/5.0 (compatible; Ezooms/1.0; ezooms.bot@gmail.com)"
46.229.164.100 - - [09/Jul/2013:10:57:03 +0200] "GET / HTTP/1.1" 200 1155 "-" "Mozilla/5.0 (compatible; SemrushBot/0.96.3; +http://www.semrush.com/bot.html)"
195.56.55.225 - - [09/Jul/2013:10:57:09 +0200] "GET /test.html HTTP/1.1" 200 56 "-" "monit/4.6"
46.229.164.98 - - [09/Jul/2013:10:57:38 +0200] "GET /cikk.php3?id_article=146 HTTP/1.1" 404 285 "-" "Mozilla/5.0 (compatible; SemrushBot/0.96.3; +http://www.semrush.com/bot.html)"
157.56.92.173 - - [09/Jul/2013:10:57:42 +0200] "GET /robots.txt HTTP/1.1" 404 283 "-" "Mozilla/5.0 (compatible; bingbot/2.0; +http://www.bing.com/bingbot.htm)"
46.229.164.102 - - [09/Jul/2013:10:58:12 +0200] "GET /node/268 HTTP/1.1" 404 288 "-" "Mozilla/5.0 (compatible; SemrushBot/0.96.3; +http://www.semrush.com/bot.html)"
157.56.92.173 - - [09/Jul/2013:10:58:48 +0200] "GET /Turning_Green.pdf HTTP/1.1" 404 290 "-" "Mozilla/5.0 (compatible; bingbot/2.0; +http://www.bing.com/bingbot.htm)"
195.56.55.225 - - [09/Jul/2013:10:59:12 +0200] "GET /test.html HTTP/1.1" 200 56 "-" "monit/4.6"
89.248.174.60 - - [09/Jul/2013:11:00:15 +0200] "GET /forum_attac.php3?id_article=983&retour=cikk.php3%3Fid_article%3D983 HTTP/1.1" 404 292 "-" "Mozilla/4.0 (compatible; MSIE 6.0; Windows NT 5.1; SV1)"
46.229.164.102 - - [09/Jul/2013:11:00:44 +0200] "GET /sites/csalan.mindworks.hu/files/kulcs-kerdes.pdf HTTP/1.1" 404 328 "-" "Mozilla/5.0 (compatible; SemrushBot/0.96.3; +http://www.semrush.com/bot.html)"
195.56.55.225 - - [09/Jul/2013:11:01:15 +0200] "GET /test.html HTTP/1.1" 200 56 "-" "monit/4.6"
46.229.164.102 - - [09/Jul/2013:11:01:50 +0200] "GET /cikk.php3?id_article=503 HTTP/1.1" 404 285 "-" "Mozilla/5.0 (compatible; SemrushBot/0.96.3; +http://www.semrush.com/bot.html)"
195.56.55.225 - - [09/Jul/2013:11:03:17 +0200] "GET /test.html HTTP/1.1" 200 56 "-" "monit/4.6"
72.29.68.51 - - [09/Jul/2013:11:04:11 +0200] "POST" 405 - "-" "-"
195.56.55.225 - - [09/Jul/2013:11:05:20 +0200] "GET /test.html HTTP/1.1" 200 56 "-" "monit/4.6"
195.56.55.225 - - [09/Jul/2013:11:07:22 +0200] "GET /test.html HTTP/1.1" 200 56 "-" "monit/4.6"
46.229.164.99 - - [09/Jul/2013:11:08:47 +0200] "GET /cikk.php3?id_article=342 HTTP/1.1" 404 285 "-" "Mozilla/5.0 (compatible; SemrushBot/0.96.3; +http://www.semrush.com/bot.html)"
195.56.55.225 - - [09/Jul/2013:11:09:24 +0200] "GET /test.html HTTP/1.1" 200 56 "-" "monit/4.6"
46.229.164.101 - - [09/Jul/2013:11:09:36 +0200] "GET /tevekenysegunk/kothalo/gyik/veszelyes HTTP/1.1" 404 317 "-" "Mozilla/5.0 (compatible; SemrushBot/0.96.3; +http://www.semrush.com/bot.html)"
195.56.55.225 - - [09/Jul/2013:11:11:26 +0200] "GET /test.html HTTP/1.1" 200 56 "-" "monit/4.6"
157.55.32.113 - - [09/Jul/2013:11:11:34 +0200] "GET /robots.txt HTTP/1.1" 404 299 "-" "Mozilla/5.0 (compatible; bingbot/2.0; +http://www.bing.com/bingbot.htm)"
46.229.164.101 - - [09/Jul/2013:11:12:47 +0200] "GET /tevekenysegunk/zolduljunk/okologiai_fogyasztovedelem HTTP/1.1" 404 332 "-" "Mozilla/5.0 (compatible; SemrushBot/0.96.3; +http://www.semrush.com/bot.html)"
157.55.32.113 - - [09/Jul/2013:11:13:01 +0200] "GET /taxonomy/term/264 HTTP/1.1" 404 306 "-" "Mozilla/5.0 (compatible; bingbot/2.0; +http://www.bing.com/bingbot.htm)"
78.185.69.141 - - [09/Jul/2013:11:13:13 +0200] "-" 408 - "-" "-"
78.185.69.141 - - [09/Jul/2013:11:13:14 +0200] "-" 408 - "-" "-"
195.56.55.225 - - [09/Jul/2013:11:13:28 +0200] "GET /test.html HTTP/1.1" 200 56 "-" "monit/4.6"
94.197.74.42 - - [09/Jul/2013:11:13:35 +0200] "GET /proxy.pac HTTP/1.1" 404 282 "-" "Mozilla/5.0 (Windows NT 6.1; rv:5.0) Gecko/20100101 Firefox/5.0"
91.232.96.36 - - [09/Jul/2013:11:13:44 +0200] "GET /forum_attac.php3?id_article=983&retour=cikk.php3%3Fid_article%3D983 HTTP/1.1" 404 292 "-" "Mozilla/4.0 (compatible; MSIE 6.0; Windows NT 5.1; SV1)"
94.197.74.42 - - [09/Jul/2013:11:13:45 +0200] "GET /proxy.pac HTTP/1.1" 404 282 "-" "Mozilla/5.0 (Windows NT 6.1; rv:5.0) Gecko/20100101 Firefox/5.0"
94.197.74.42 - - [09/Jul/2013:11:13:56 +0200] "GET /proxy.pac HTTP/1.1" 404 282 "-" "Mozilla/5.0 (Windows NT 6.1; rv:5.0) Gecko/20100101 Firefox/5.0"
94.197.74.42 - - [09/Jul/2013:11:14:20 +0200] "GET /proxy.pac HTTP/1.1" 404 282 "-" "Mozilla/5.0 (Windows NT 6.1; rv:5.0) Gecko/20100101 Firefox/5.0"
195.56.55.225 - - [09/Jul/2013:11:15:30 +0200] "GET /test.html HTTP/1.1" 200 56 "-" "monit/4.6"
65.55.24.214 - - [09/Jul/2013:11:15:54 +0200] "GET /img_upload/cb39111eba7a31c9c0e48686fa8e3c87/1999_Osi_%C3%83%C2%A9s_masodl_szikes_pusztak.pdf HTTP/1.1" 404 362 "-" "Mozilla/5.0 (compatible; bingbot/2.0; +http://www.bing.com/bingbot.htm)"
193.224.115.62 - - [09/Jul/2013:11:16:21 +0200] "-" 408 - "-" "-"
94.197.74.42 - - [09/Jul/2013:11:17:11 +0200] "GET /proxy.pac HTTP/1.1" 404 282 "-" "Mozilla/5.0 (Windows NT 6.1; rv:5.0) Gecko/20100101 Firefox/5.0"
195.56.55.225 - - [09/Jul/2013:11:17:32 +0200] "GET /test.html HTTP/1.1" 200 56 "-" "monit/4.6"
193.224.115.62 - - [09/Jul/2013:11:17:44 +0200] "-" 408 - "-" "-"
193.224.115.62 - - [09/Jul/2013:11:17:44 +0200] "-" 408 - "-" "-"
193.224.115.62 - - [09/Jul/2013:11:17:44 +0200] "-" 408 - "-" "-"
193.224.115.62 - - [09/Jul/2013:11:17:44 +0200] "-" 408 - "-" "-"
193.224.115.62 - - [09/Jul/2013:11:17:44 +0200] "-" 408 - "-" "-"
193.224.115.62 - - [09/Jul/2013:11:17:44 +0200] "-" 408 - "-" "-"
94.197.74.42 - - [09/Jul/2013:11:19:26 +0200] "GET /proxy.pac HTTP/1.1" 404 282 "-" "Mozilla/5.0 (Windows NT 6.1; rv:5.0) Gecko/20100101 Firefox/5.0"
195.56.55.225 - - [09/Jul/2013:11:19:34 +0200] "GET /test.html HTTP/1.1" 200 56 "-" "monit/4.6"
195.56.55.225 - - [09/Jul/2013:11:21:36 +0200] "GET /test.html HTTP/1.1" 200 56 "-" "monit/4.6"
94.197.74.42 - - [09/Jul/2013:11:22:08 +0200] "GET /proxy.pac HTTP/1.1" 404 282 "-" "Mozilla/5.0 (Windows NT 6.1; rv:5.0) Gecko/20100101 Firefox/5.0"
89.248.174.60 - - [09/Jul/2013:11:23:23 +0200] "GET /forum_attac.php3?id_article=983&retour=cikk.php3%3Fid_article%3D983 HTTP/1.1" 404 292 "-" "Mozilla/4.0 (compatible; MSIE 6.0; Windows NT 5.1; SV1)"
195.56.55.225 - - [09/Jul/2013:11:23:38 +0200] "GET /test.html HTTP/1.1" 200 56 "-" "monit/4.6"
195.56.55.225 - - [09/Jul/2013:11:25:41 +0200] "GET /test.html HTTP/1.1" 200 56 "-" "monit/4.6"
180.76.5.16 - - [09/Jul/2013:11:26:25 +0200] "GET /robots.txt HTTP/1.1" 404 285 "-" "Mozilla/5.0 (Windows NT 5.1; rv:6.0.2) Gecko/20100101 Firefox/6.0.2"
94.197.74.42 - - [09/Jul/2013:11:27:16 +0200] "GET /proxy.pac HTTP/1.1" 404 282 "-" "Mozilla/5.0 (Windows NT 6.1; rv:5.0) Gecko/20100101 Firefox/5.0"
195.56.55.225 - - [09/Jul/2013:11:27:43 +0200] "GET /test.html HTTP/1.1" 200 56 "-" "monit/4.6"
66.249.78.218 - - [09/Jul/2013:11:27:51 +0200] "GET /robots.txt HTTP/1.1" 404 286 "-" "Mozilla/5.0 (compatible; Googlebot/2.1; +http://www.google.com/bot.html)"
66.249.78.218 - - [09/Jul/2013:11:27:52 +0200] "GET /cikk.php3?id_article=889 HTTP/1.1" 404 285 "-" "Googlebot/2.1 (+http://www.google.com/bot.html)"
195.56.55.225 - - [09/Jul/2013:11:29:45 +0200] "GET /test.html HTTP/1.1" 200 56 "-" "monit/4.6"
195.56.55.225 - - [09/Jul/2013:11:31:47 +0200] "GET /test.html HTTP/1.1" 200 56 "-" "monit/4.6"
94.197.74.42 - - [09/Jul/2013:11:32:21 +0200] "GET /proxy.pac HTTP/1.1" 404 282 "-" "Mozilla/5.0 (Windows NT 6.1; rv:5.0) Gecko/20100101 Firefox/5.0"
46.229.164.98 - - [09/Jul/2013:11:32:32 +0200] "GET / HTTP/1.1" 200 1155 "-" "Mozilla/5.0 (compatible; SemrushBot/0.96.3; +http://www.semrush.com/bot.html)"
195.56.55.225 - - [09/Jul/2013:11:33:50 +0200] "GET /test.html HTTP/1.1" 200 56 "-" "monit/4.6"
64.62.247.244 - - [09/Jul/2013:11:34:11 +0200] "POST /forum_attac.php3?id_article=710&retour=cikk HTTP/1.1" 404 292 "http://attac.zpok.hu/forum_attac.php3?id_article=710&retour=cikk" "Mozilla/4.0 (compatible; MSIE 6.0; Windows NT 5.1; SV1)"
62.231.72.158 - - [09/Jul/2013:11:34:52 +0200] "-" 408 - "-" "-"
195.56.55.225 - - [09/Jul/2013:11:35:52 +0200] "GET /test.html HTTP/1.1" 200 56 "-" "monit/4.6"
91.232.96.36 - - [09/Jul/2013:11:36:43 +0200] "GET /forum_attac.php3?id_article=983&retour=cikk.php3%3Fid_article%3D983 HTTP/1.1" 404 292 "-" "Mozilla/4.0 (compatible; MSIE 6.0; Windows NT 5.1; SV1)"
194.149.3.186 - - [09/Jul/2013:11:37:03 +0200] "-" 408 - "-" "-"
94.197.74.42 - - [09/Jul/2013:11:37:25 +0200] "GET /proxy.pac HTTP/1.1" 404 282 "-" "Mozilla/5.0 (Windows NT 6.1; rv:5.0) Gecko/20100101 Firefox/5.0"
195.56.55.225 - - [09/Jul/2013:11:37:55 +0200] "GET /test.html HTTP/1.1" 200 56 "-" "monit/4.6"
195.56.55.225 - - [09/Jul/2013:11:39:57 +0200] "GET /test.html HTTP/1.1" 200 56 "-" "monit/4.6"
46.229.164.100 - - [09/Jul/2013:11:40:12 +0200] "GET /IMG/arton482.jpg HTTP/1.1" 404 292 "-" "Mozilla/5.0 (compatible; SemrushBot/0.96.3; +http://www.semrush.com/bot.html)"
46.229.164.100 - - [09/Jul/2013:11:41:24 +0200] "GET / HTTP/1.1" 200 1155 "-" "Mozilla/5.0 (compatible; SemrushBot/0.96.3; +http://www.semrush.com/bot.html)"
195.56.55.225 - - [09/Jul/2013:11:41:59 +0200] "GET /test.html HTTP/1.1" 200 56 "-" "monit/4.6"
46.229.164.98 - - [09/Jul/2013:11:42:25 +0200] "GET /www.bankwatch.org HTTP/1.1" 404 295 "-" "Mozilla/5.0 (compatible; SemrushBot/0.96.3; +http://www.semrush.com/bot.html)"
94.197.74.42 - - [09/Jul/2013:11:42:28 +0200] "GET /proxy.pac HTTP/1.1" 404 282 "-" "Mozilla/5.0 (Windows NT 6.1; rv:5.0) Gecko/20100101 Firefox/5.0"
195.56.55.225 - - [09/Jul/2013:11:44:01 +0200] "GET /test.html HTTP/1.1" 200 56 "-" "monit/4.6"
195.56.55.225 - - [09/Jul/2013:11:46:03 +0200] "GET /test.html HTTP/1.1" 200 56 "-" "monit/4.6"
80.98.210.12 - - [09/Jul/2013:11:46:04 +0200] "-" 408 - "-" "-"
89.248.174.60 - - [09/Jul/2013:11:46:20 +0200] "GET /forum_attac.php3?id_article=983&retour=cikk.php3%3Fid_article%3D983 HTTP/1.1" 404 292 "-" "Mozilla/4.0 (compatible; MSIE 6.0; Windows NT 5.1; SV1)"
80.98.210.12 - - [09/Jul/2013:11:46:26 +0200] "-" 408 - "-" "-"
80.98.210.12 - - [09/Jul/2013:11:46:59 +0200] "-" 408 - "-" "-"
46.229.164.98 - - [09/Jul/2013:11:47:34 +0200] "GET /cikk.php3?id_article=693 HTTP/1.1" 404 285 "-" "Mozilla/5.0 (compatible; SemrushBot/0.96.3; +http://www.semrush.com/bot.html)"
94.197.74.42 - - [09/Jul/2013:11:47:34 +0200] "GET /proxy.pac HTTP/1.1" 404 282 "-" "Mozilla/5.0 (Windows NT 6.1; rv:5.0) Gecko/20100101 Firefox/5.0"
195.56.55.225 - - [09/Jul/2013:11:48:05 +0200] "GET /test.html HTTP/1.1" 200 56 "-" "monit/4.6"
180.76.5.172 - - [09/Jul/2013:11:48:07 +0200] "GET /robots.txt HTTP/1.1" 404 292 "-" "Mozilla/5.0 (Windows NT 5.1; rv:6.0.2) Gecko/20100101 Firefox/6.0.2"
157.56.93.39 - - [09/Jul/2013:11:48:24 +0200] "GET /kompasz/polgari_es_politikai_jogok_nemzetkozi_egysegokmanya HTTP/1.1" 404 348 "-" "Mozilla/5.0 (compatible; bingbot/2.0; +http://www.bing.com/bingbot.htm)"
80.98.64.153 - - [09/Jul/2013:11:49:03 +0200] "-" 408 - "-" "-"
46.229.164.102 - - [09/Jul/2013:11:49:14 +0200] "GET / HTTP/1.1" 200 1155 "-" "Mozilla/5.0 (compatible; SemrushBot/0.96.3; +http://www.semrush.com/bot.html)"
195.56.55.225 - - [09/Jul/2013:11:50:07 +0200] "GET /test.html HTTP/1.1" 200 56 "-" "monit/4.6"
46.229.164.98 - - [09/Jul/2013:11:51:32 +0200] "GET /cikk.php3?id_article=892 HTTP/1.1" 404 285 "-" "Mozilla/5.0 (compatible; SemrushBot/0.96.3; +http://www.semrush.com/bot.html)"
195.56.55.225 - - [09/Jul/2013:11:52:09 +0200] "GET /test.html HTTP/1.1" 200 56 "-" "monit/4.6"
94.197.74.42 - - [09/Jul/2013:11:52:40 +0200] "GET /proxy.pac HTTP/1.1" 404 282 "-" "Mozilla/5.0 (Windows NT 6.1; rv:5.0) Gecko/20100101 Firefox/5.0"
46.229.164.99 - - [09/Jul/2013:11:53:59 +0200] "GET /cikk.php3?id_article=704 HTTP/1.1" 404 285 "-" "Mozilla/5.0 (compatible; SemrushBot/0.96.3; +http://www.semrush.com/bot.html)"
195.56.55.225 - - [09/Jul/2013:11:54:14 +0200] "GET /test.html HTTP/1.1" 200 56 "-" "monit/4.6"
111.95.243.37 - - [09/Jul/2013:11:55:42 +0200] "POST /forum_attac.php3?id_article=710&retour=cikk HTTP/1.1" 404 292 "http://attac.zpok.hu/forum_attac.php3?id_article=710&retour=cikk" "Mozilla/4.0 (compatible; MSIE 6.0; Windows NT 5.1; SV1)"
101.99.3.164 - - [09/Jul/2013:11:55:45 +0200] "POST /forum_attac.php3?id_article=710&retour=cikk HTTP/1.1" 404 292 "http://attac.zpok.hu/forum_attac.php3?id_article=710&retour=cikk" "Mozilla/4.0 (compatible; MSIE 6.0; Windows NT 5.1; SV1)"
38.111.147.84 - - [09/Jul/2013:11:55:50 +0200] "GET /robots.txt HTTP/1.0" 404 272 "-" "TurnitinBot/2.1 (http://www.turnitin.com/robot/crawlerinfo.html)"
195.56.55.225 - - [09/Jul/2013:11:56:16 +0200] "GET /test.html HTTP/1.1" 200 56 "-" "monit/4.6"
195.56.55.225 - - [09/Jul/2013:11:58:18 +0200] "GET /test.html HTTP/1.1" 200 56 "-" "monit/4.6"
38.111.147.84 - - [09/Jul/2013:11:58:24 +0200] "GET / HTTP/1.0" 304 - "-" "TurnitinBot/2.1 (http://www.turnitin.com/robot/crawlerinfo.html)"
195.78.109.95 - - [09/Jul/2013:11:58:40 +0200] "GET /cikk.php3?id_article=1031 HTTP/1.0" 404 273 "http://attac.zpok.hu/cikk.php3?id_article=1031" "Mozilla/5.0 (Windows; U; Windows NT 5.1; en-US; rv:1.9.0.14) Gecko/2009082707 Firefox/3.0.14 (.NET CLR 3.5.30729)"
91.232.96.36 - - [09/Jul/2013:11:59:37 +0200] "GET /forum_attac.php3?id_article=983&retour=cikk.php3%3Fid_article%3D983 HTTP/1.1" 404 292 "-" "Mozilla/4.0 (compatible; MSIE 6.0; Windows NT 5.1; SV1)"
195.56.55.225 - - [09/Jul/2013:12:00:20 +0200] "GET /test.html HTTP/1.1" 200 56 "-" "monit/4.6"
74.125.17.209 - - [09/Jul/2013:12:01:21 +0200] "GET /IMG/arton573.jpg HTTP/1.1" 404 292 "http://www.stormfront.org/forum/" "-"
157.56.93.186 - - [09/Jul/2013:12:01:52 +0200] "GET /robots.txt HTTP/1.1" 404 293 "-" "Mozilla/5.0 (compatible; bingbot/2.0; +http://www.bing.com/bingbot.htm)"
46.229.164.101 - - [09/Jul/2013:12:01:57 +0200] "GET / HTTP/1.1" 200 1155 "-" "Mozilla/5.0 (compatible; SemrushBot/0.96.3; +http://www.semrush.com/bot.html)"
195.56.55.225 - - [09/Jul/2013:12:02:24 +0200] "GET /test.html HTTP/1.1" 200 56 "-" "monit/4.6"
46.229.164.102 - - [09/Jul/2013:12:02:30 +0200] "GET /cikk.php3?id_article=21 HTTP/1.1" 404 285 "-" "Mozilla/5.0 (compatible; SemrushBot/0.96.3; +http://www.semrush.com/bot.html)"
46.229.164.99 - - [09/Jul/2013:12:02:53 +0200] "GET /cikk.php3?id_article=257 HTTP/1.1" 404 285 "-" "Mozilla/5.0 (compatible; SemrushBot/0.96.3; +http://www.semrush.com/bot.html)"
157.56.93.186 - - [09/Jul/2013:12:03:24 +0200] "GET / HTTP/1.1" 304 - "-" "Mozilla/5.0 (compatible; bingbot/2.0; +http://www.bing.com/bingbot.htm)"
195.56.55.225 - - [09/Jul/2013:12:04:26 +0200] "GET /test.html HTTP/1.1" 200 56 "-" "monit/4.6"
79.122.32.99 - - [09/Jul/2013:12:04:44 +0200] "-" 408 - "-" "-"
195.56.55.225 - - [09/Jul/2013:12:06:28 +0200] "GET /test.html HTTP/1.1" 200 56 "-" "monit/4.6"
195.56.55.225 - - [09/Jul/2013:12:08:30 +0200] "GET /test.html HTTP/1.1" 200 56 "-" "monit/4.6"
89.248.174.60 - - [09/Jul/2013:12:09:37 +0200] "GET /forum_attac.php3?id_article=983&retour=cikk.php3%3Fid_article%3D983 HTTP/1.1" 404 292 "-" "Mozilla/4.0 (compatible; MSIE 6.0; Windows NT 5.1; SV1)"
195.56.55.225 - - [09/Jul/2013:12:10:32 +0200] "GET /test.html HTTP/1.1" 200 56 "-" "monit/4.6"
84.0.217.75 - - [09/Jul/2013:12:11:27 +0200] "-" 408 - "-" "-"
195.56.55.225 - - [09/Jul/2013:12:12:34 +0200] "GET /test.html HTTP/1.1" 200 56 "-" "monit/4.6"
195.56.55.225 - - [09/Jul/2013:12:14:36 +0200] "GET /test.html HTTP/1.1" 200 56 "-" "monit/4.6"
94.21.15.33 - - [09/Jul/2013:12:15:50 +0200] "-" 408 - "-" "-"
195.56.55.225 - - [09/Jul/2013:12:16:38 +0200] "GET /test.html HTTP/1.1" 200 56 "-" "monit/4.6"
195.56.55.225 - - [09/Jul/2013:12:18:40 +0200] "GET /test.html HTTP/1.1" 200 56 "-" "monit/4.6"
195.56.55.225 - - [09/Jul/2013:12:20:43 +0200] "GET /test.html HTTP/1.1" 200 56 "-" "monit/4.6"
91.232.96.36 - - [09/Jul/2013:12:22:44 +0200] "GET /forum_attac.php3?id_article=983&retour=cikk.php3%3Fid_article%3D983 HTTP/1.1" 404 292 "-" "Mozilla/4.0 (compatible; MSIE 6.0; Windows NT 5.1; SV1)"
195.56.55.225 - - [09/Jul/2013:12:22:45 +0200] "GET /test.html HTTP/1.1" 200 56 "-" "monit/4.6"
157.56.92.173 - - [09/Jul/2013:12:22:52 +0200] "GET /node/319 HTTP/1.1" 404 297 "-" "Mozilla/5.0 (compatible; bingbot/2.0; +http://www.bing.com/bingbot.htm)"
157.56.92.173 - - [09/Jul/2013:12:23:00 +0200] "GET /kompasz/oktatas_kepzes_fejlodes HTTP/1.1" 404 320 "-" "Mozilla/5.0 (compatible; bingbot/2.0; +http://www.bing.com/bingbot.htm)"
195.56.55.225 - - [09/Jul/2013:12:24:47 +0200] "GET /test.html HTTP/1.1" 200 56 "-" "monit/4.6"
91.82.188.116 - - [09/Jul/2013:12:26:48 +0200] "-" 408 - "-" "-"
91.82.188.116 - - [09/Jul/2013:12:26:48 +0200] "-" 408 - "-" "-"
91.82.188.116 - - [09/Jul/2013:12:26:48 +0200] "-" 408 - "-" "-"
91.82.188.116 - - [09/Jul/2013:12:26:48 +0200] "-" 408 - "-" "-"
91.82.188.116 - - [09/Jul/2013:12:26:48 +0200] "-" 408 - "-" "-"
91.82.188.116 - - [09/Jul/2013:12:26:48 +0200] "-" 408 - "-" "-"
195.56.55.225 - - [09/Jul/2013:12:26:49 +0200] "GET /test.html HTTP/1.1" 200 56 "-" "monit/4.6"
174.129.191.92 - - [09/Jul/2013:12:28:08 +0200] "POST /forum_attac.php3?id_article=710&retour=cikk HTTP/1.1" 404 292 "http://attac.zpok.hu/forum_attac.php3?id_article=710&retour=cikk" "Mozilla/4.0 (compatible; MSIE 6.0; Windows NT 5.1; SV1)"
178.151.68.210 - - [09/Jul/2013:12:28:09 +0200] "POST /forum_attac.php3?id_article=710&retour=cikk HTTP/1.1" 404 292 "http://attac.zpok.hu/forum_attac.php3?id_article=710&retour=cikk" "Mozilla/4.0 (compatible; MSIE 6.0; Windows NT 5.1; SV1)"
109.162.98.6 - - [09/Jul/2013:12:28:09 +0200] "POST /forum_attac.php3?id_article=710&retour=cikk HTTP/1.0" 404 280 "http://attac.zpok.hu/forum_attac.php3?id_article=710&retour=cikk" "Mozilla/4.0 (compatible; MSIE 6.0; Windows NT 5.1; SV1)"
195.56.55.225 - - [09/Jul/2013:12:28:51 +0200] "GET /test.html HTTP/1.1" 200 56 "-" "monit/4.6"
195.56.55.225 - - [09/Jul/2013:12:30:53 +0200] "GET /test.html HTTP/1.1" 200 56 "-" "monit/4.6"
65.55.24.221 - - [09/Jul/2013:12:30:58 +0200] "GET /robots.txt HTTP/1.1" 404 288 "-" "Mozilla/5.0 (compatible; bingbot/2.0; +http://www.bing.com/bingbot.htm)"
80.99.211.53 - - [09/Jul/2013:12:31:55 +0200] "-" 408 - "-" "-"
65.55.24.221 - - [09/Jul/2013:12:31:55 +0200] "GET / HTTP/1.1" 200 1155 "-" "Mozilla/5.0 (compatible; bingbot/2.0; +http://www.bing.com/bingbot.htm)"
89.248.174.60 - - [09/Jul/2013:12:32:10 +0200] "GET /forum_attac.php3?id_article=983&retour=cikk.php3%3Fid_article%3D983 HTTP/1.1" 404 292 "-" "Mozilla/4.0 (compatible; MSIE 6.0; Windows NT 5.1; SV1)"
195.56.55.225 - - [09/Jul/2013:12:32:55 +0200] "GET /test.html HTTP/1.1" 200 56 "-" "monit/4.6"
195.56.55.225 - - [09/Jul/2013:12:34:57 +0200] "GET /test.html HTTP/1.1" 200 56 "-" "monit/4.6"
195.56.55.225 - - [09/Jul/2013:12:36:59 +0200] "GET /test.html HTTP/1.1" 200 56 "-" "monit/4.6"
195.56.55.225 - - [09/Jul/2013:12:39:01 +0200] "GET /test.html HTTP/1.1" 200 56 "-" "monit/4.6"
212.7.196.79 - - [09/Jul/2013:12:40:12 +0200] "GET / HTTP/1.1" 200 1155 "-" "Mozilla/5.0 (Windows; U; Windows NT 6.1; WOW64; en-US; rv:2.0.4) Gecko/20120718 AskTbAVR-IDW/3.12.5.17700 Firefox/14.0.1"
195.56.55.225 - - [09/Jul/2013:12:41:03 +0200] "GET /test.html HTTP/1.1" 200 56 "-" "monit/4.6"
223.202.8.69 - - [09/Jul/2013:12:41:27 +0200] "POST /forum_attac.php3?id_article=710&retour=cikk HTTP/1.0" 404 280 "http://attac.zpok.hu/forum_attac.php3?id_article=710&retour=cikk" "Mozilla/4.0 (compatible; MSIE 6.0; Windows NT 5.1; SV1)"
124.133.254.34 - - [09/Jul/2013:12:41:30 +0200] "POST /forum_attac.php3?id_article=710&retour=cikk HTTP/1.0" 404 280 "http://attac.zpok.hu/forum_attac.php3?id_article=710&retour=cikk" "Mozilla/4.0 (compatible; MSIE 6.0; Windows NT 5.1; SV1)"
107.23.180.148 - - [09/Jul/2013:12:41:30 +0200] "POST /forum_attac.php3?id_article=710&retour=cikk HTTP/1.1" 404 292 "http://attac.zpok.hu/forum_attac.php3?id_article=710&retour=cikk" "Mozilla/4.0 (compatible; MSIE 6.0; Windows NT 5.1; SV1)"
195.56.55.225 - - [09/Jul/2013:12:43:06 +0200] "GET /test.html HTTP/1.1" 200 56 "-" "monit/4.6"
110.84.211.153 - - [09/Jul/2013:12:43:24 +0200] "GET / HTTP/1.0" 200 1155 "http://forum.globalance.hu/" "Mozilla/5.0 (Windows NT 6.1; WOW64) AppleWebKit/537.4 (KHTML, like Gecko) Chrome/22.0.1229.92 Safari/537.4"
110.84.211.153 - - [09/Jul/2013:12:43:25 +0200] "GET /node/487 HTTP/1.0" 404 278 "http://forum.globalance.hu/node/487" "Mozilla/5.0 (Windows NT 6.1; WOW64) AppleWebKit/537.4 (KHTML, like Gecko) Chrome/22.0.1229.92 Safari/537.4"
110.84.211.153 - - [09/Jul/2013:12:43:26 +0200] "GET /487 HTTP/1.0" 404 273 "http://forum.globalance.hu/487" "Mozilla/5.0 (Windows NT 6.1; WOW64) AppleWebKit/537.4 (KHTML, like Gecko) Chrome/22.0.1229.92 Safari/537.4"
110.84.211.153 - - [09/Jul/2013:12:43:26 +0200] "GET /node/480 HTTP/1.0" 404 278 "http://forum.globalance.hu/node/480" "Mozilla/5.0 (Windows NT 6.1; WOW64) AppleWebKit/537.4 (KHTML, like Gecko) Chrome/22.0.1229.92 Safari/537.4"
110.84.211.153 - - [09/Jul/2013:12:43:27 +0200] "GET /480 HTTP/1.0" 404 273 "http://forum.globalance.hu/480" "Mozilla/5.0 (Windows NT 6.1; WOW64) AppleWebKit/537.4 (KHTML, like Gecko) Chrome/22.0.1229.92 Safari/537.4"
110.84.211.153 - - [09/Jul/2013:12:43:28 +0200] "GET /node/455 HTTP/1.0" 404 278 "http://forum.globalance.hu/node/455" "Mozilla/5.0 (Windows NT 6.1; WOW64) AppleWebKit/537.4 (KHTML, like Gecko) Chrome/22.0.1229.92 Safari/537.4"
110.84.211.153 - - [09/Jul/2013:12:43:28 +0200] "GET /455 HTTP/1.0" 404 273 "http://forum.globalance.hu/455" "Mozilla/5.0 (Windows NT 6.1; WOW64) AppleWebKit/537.4 (KHTML, like Gecko) Chrome/22.0.1229.92 Safari/537.4"
195.56.55.225 - - [09/Jul/2013:12:45:08 +0200] "GET /test.html HTTP/1.1" 200 56 "-" "monit/4.6"
87.229.43.234 - - [09/Jul/2013:12:45:25 +0200] "GET / HTTP/1.1" 200 1155 "-" "Mozilla/5.0 (Windows NT 5.1; rv:22.0) Gecko/20100101 Firefox/22.0"
87.229.43.234 - - [09/Jul/2013:12:45:26 +0200] "GET /favicon.ico HTTP/1.1" 404 284 "-" "Mozilla/5.0 (Windows NT 5.1; rv:22.0) Gecko/20100101 Firefox/22.0"
87.229.43.234 - - [09/Jul/2013:12:45:26 +0200] "GET /favicon.ico HTTP/1.1" 404 284 "-" "Mozilla/5.0 (Windows NT 5.1; rv:22.0) Gecko/20100101 Firefox/22.0"
91.232.96.36 - - [09/Jul/2013:12:45:37 +0200] "GET /forum_attac.php3?id_article=983&retour=cikk.php3%3Fid_article%3D983 HTTP/1.1" 404 292 "-" "Mozilla/4.0 (compatible; MSIE 6.0; Windows NT 5.1; SV1)"
195.56.55.225 - - [09/Jul/2013:12:47:10 +0200] "GET /test.html HTTP/1.1" 200 56 "-" "monit/4.6"
213.149.218.162 - - [09/Jul/2013:12:48:24 +0200] "-" 408 - "-" "-"
195.56.55.225 - - [09/Jul/2013:12:49:12 +0200] "GET /test.html HTTP/1.1" 200 56 "-" "monit/4.6"
209.85.238.214 - - [09/Jul/2013:12:49:20 +0200] "GET / HTTP/1.1" 200 1155 "-" "Feedfetcher-Google; (+http://www.google.com/feedfetcher.html; 1 subscribers; feed-id=849169264004692768)"
195.56.55.225 - - [09/Jul/2013:12:51:14 +0200] "GET /test.html HTTP/1.1" 200 56 "-" "monit/4.6"
157.55.35.105 - - [09/Jul/2013:12:52:15 +0200] "GET /robots.txt HTTP/1.1" 404 293 "-" "Mozilla/5.0 (compatible; bingbot/2.0; +http://www.bing.com/bingbot.htm)"
157.55.35.105 - - [09/Jul/2013:12:53:12 +0200] "GET / HTTP/1.1" 200 1155 "-" "Mozilla/5.0 (compatible; bingbot/2.0; +http://www.bing.com/bingbot.htm)"
208.115.113.87 - - [09/Jul/2013:12:53:12 +0200] "GET /robots.txt HTTP/1.1" 404 286 "-" "Mozilla/5.0 (compatible; Ezooms/1.0; ezooms.bot@gmail.com)"
195.56.55.225 - - [09/Jul/2013:12:53:16 +0200] "GET /test.html HTTP/1.1" 200 56 "-" "monit/4.6"
89.248.174.60 - - [09/Jul/2013:12:55:11 +0200] "GET /forum_attac.php3?id_article=983&retour=cikk.php3%3Fid_article%3D983 HTTP/1.1" 404 292 "-" "Mozilla/4.0 (compatible; MSIE 6.0; Windows NT 5.1; SV1)"
195.56.55.225 - - [09/Jul/2013:12:55:18 +0200] "GET /test.html HTTP/1.1" 200 56 "-" "monit/4.6"
195.56.55.225 - - [09/Jul/2013:12:57:21 +0200] "GET /test.html HTTP/1.1" 200 56 "-" "monit/4.6"
178.255.215.65 - - [09/Jul/2013:12:59:11 +0200] "GET /robots.txt HTTP/1.1" 404 290 "-" "Mozilla/5.0 (compatible; Exabot/3.0; +http://www.exabot.com/go/robot)"
178.255.215.65 - - [09/Jul/2013:12:59:11 +0200] "GET / HTTP/1.1" 304 - "-" "Mozilla/5.0 (compatible; Exabot/3.0; +http://www.exabot.com/go/robot)"
195.56.55.225 - - [09/Jul/2013:12:59:23 +0200] "GET /test.html HTTP/1.1" 200 56 "-" "monit/4.6"
174.129.127.228 - - [09/Jul/2013:13:01:10 +0200] "POST /forum_attac.php3?id_article=710&retour=cikk HTTP/1.1" 404 292 "http://attac.zpok.hu/forum_attac.php3?id_article=710&retour=cikk" "Mozilla/4.0 (compatible; MSIE 6.0; Windows NT 5.1; SV1)"
195.56.55.225 - - [09/Jul/2013:13:01:26 +0200] "GET /test.html HTTP/1.1" 200 56 "-" "monit/4.6"
208.115.111.71 - - [09/Jul/2013:13:02:18 +0200] "GET /cikk.php3?id_article=77 HTTP/1.1" 404 285 "-" "Mozilla/5.0 (compatible; Ezooms/1.0; ezooms.bot@gmail.com)"
212.227.53.20 - - [09/Jul/2013:13:02:45 +0200] "POST /forum_attac.php3?id_article=710&retour=cikk HTTP/1.0" 404 280 "http://attac.zpok.hu/forum_attac.php3?id_article=710&retour=cikk" "Mozilla/4.0 (compatible; MSIE 6.0; Windows NT 5.1; SV1)"
195.56.55.225 - - [09/Jul/2013:13:03:28 +0200] "GET /test.html HTTP/1.1" 200 56 "-" "monit/4.6"
195.56.55.225 - - [09/Jul/2013:13:05:30 +0200] "GET /test.html HTTP/1.1" 200 56 "-" "monit/4.6"
199.15.234.44 - - [09/Jul/2013:13:07:30 +0200] "GET /cikk.php3?id_article=1031 HTTP/1.0" 404 273 "http://attac.zpok.hu/cikk.php3?id_article=1031" "Mozilla/5.0 (Windows NT 6.1; WOW64) AppleWebKit/537.4 (KHTML, like Gecko) Chrome/22.0.1229.94 Safari/537.4"
199.15.234.44 - - [09/Jul/2013:13:07:31 +0200] "GET / HTTP/1.0" 200 1155 "http://attac.zpok.hu/" "Mozilla/5.0 (Windows NT 6.1; WOW64) AppleWebKit/537.4 (KHTML, like Gecko) Chrome/22.0.1229.94 Safari/537.4"
195.56.55.225 - - [09/Jul/2013:13:07:33 +0200] "GET /test.html HTTP/1.1" 200 56 "-" "monit/4.6"
91.232.96.36 - - [09/Jul/2013:13:08:42 +0200] "GET /forum_attac.php3?id_article=983&retour=cikk.php3%3Fid_article%3D983 HTTP/1.1" 404 292 "-" "Mozilla/4.0 (compatible; MSIE 6.0; Windows NT 5.1; SV1)"
66.249.73.106 - - [09/Jul/2013:13:09:20 +0200] "GET /robots.txt HTTP/1.1" 404 286 "-" "Mozilla/5.0 (compatible; Googlebot/2.1; +http://www.google.com/bot.html)"
66.249.73.106 - - [09/Jul/2013:13:09:21 +0200] "GET /cikk.php3?id_article=58 HTTP/1.1" 404 285 "-" "Mozilla/5.0 (compatible; Googlebot/2.1; +http://www.google.com/bot.html)"
195.56.55.225 - - [09/Jul/2013:13:09:35 +0200] "GET /test.html HTTP/1.1" 200 56 "-" "monit/4.6"
94.228.34.203 - - [09/Jul/2013:13:11:23 +0200] "GET /robots.txt HTTP/1.1" 404 286 "-" "magpie-crawler/1.1 (U; Linux amd64; en-GB; +http://www.brandwatch.net)"
94.228.34.203 - - [09/Jul/2013:13:11:25 +0200] "GET /?feed=atom HTTP/1.1" 304 - "-" "magpie-crawler/1.1 (U; Linux amd64; en-GB; +http://www.brandwatch.net)"
78.139.43.20 - - [09/Jul/2013:13:11:35 +0200] "-" 408 - "-" "-"
195.56.55.225 - - [09/Jul/2013:13:11:37 +0200] "GET /test.html HTTP/1.1" 200 56 "-" "monit/4.6"
195.56.55.225 - - [09/Jul/2013:13:13:39 +0200] "GET /test.html HTTP/1.1" 200 56 "-" "monit/4.6"
78.98.84.133 - - [09/Jul/2013:13:14:36 +0200] "-" 408 - "-" "-"
80.98.19.25 - - [09/Jul/2013:13:14:49 +0200] "-" 408 - "-" "-"
195.56.55.225 - - [09/Jul/2013:13:15:41 +0200] "GET /test.html HTTP/1.1" 200 56 "-" "monit/4.6"
131.253.24.141 - - [09/Jul/2013:13:16:13 +0200] "-" 408 - "-" "-"
195.56.55.225 - - [09/Jul/2013:13:17:43 +0200] "GET /test.html HTTP/1.1" 200 56 "-" "monit/4.6"
89.248.174.60 - - [09/Jul/2013:13:18:17 +0200] "GET /forum_attac.php3?id_article=983&retour=cikk.php3%3Fid_article%3D983 HTTP/1.1" 404 292 "-" "Mozilla/4.0 (compatible; MSIE 6.0; Windows NT 5.1; SV1)"
195.56.55.225 - - [09/Jul/2013:13:19:45 +0200] "GET /test.html HTTP/1.1" 200 56 "-" "monit/4.6"
195.56.55.225 - - [09/Jul/2013:13:21:47 +0200] "GET /test.html HTTP/1.1" 200 56 "-" "monit/4.6"
64.31.40.117 - - [09/Jul/2013:13:22:14 +0200] "GET http://121.199.48.71/engine.php HTTP/1.0" 404 274 "http://121.199.48.71/engine.php" "Mozilla/4.0 (compatible; MSIE 6.0; Windows 98; Win 9x 4.90)"
208.115.113.87 - - [09/Jul/2013:13:22:35 +0200] "GET /cikk.php3?id_article=1191 HTTP/1.1" 404 285 "-" "Mozilla/5.0 (compatible; Ezooms/1.0; ezooms.bot@gmail.com)"
65.55.52.108 - - [09/Jul/2013:13:23:48 +0200] "GET /robots.txt HTTP/1.1" 404 291 "-" "Mozilla/5.0 (compatible; bingbot/2.0; +http://www.bing.com/bingbot.htm)"
195.56.55.225 - - [09/Jul/2013:13:23:49 +0200] "GET /test.html HTTP/1.1" 200 56 "-" "monit/4.6"
157.56.92.173 - - [09/Jul/2013:13:25:16 +0200] "GET /robots.txt HTTP/1.1" 404 286 "-" "Mozilla/5.0 (compatible; bingbot/2.0; +http://www.bing.com/bingbot.htm)"
195.56.55.225 - - [09/Jul/2013:13:25:51 +0200] "GET /test.html HTTP/1.1" 200 56 "-" "monit/4.6"
157.56.92.173 - - [09/Jul/2013:13:26:15 +0200] "GET / HTTP/1.1" 200 1155 "-" "Mozilla/5.0 (compatible; bingbot/2.0; +http://www.bing.com/bingbot.htm)"
161.139.244.121 - - [09/Jul/2013:13:27:48 +0200] "POST /forum_attac.php3?id_article=710&retour=cikk HTTP/1.1" 404 292 "http://attac.zpok.hu/forum_attac.php3?id_article=710&retour=cikk" "Mozilla/4.0 (compatible; MSIE 6.0; Windows NT 5.1; SV1)"
118.97.95.182 - - [09/Jul/2013:13:27:49 +0200] "POST /forum_attac.php3?id_article=710&retour=cikk HTTP/1.0" 404 280 "http://attac.zpok.hu/forum_attac.php3?id_article=710&retour=cikk" "Mozilla/4.0 (compatible; MSIE 6.0; Windows NT 5.1; SV1)"
61.135.179.167 - - [09/Jul/2013:13:27:51 +0200] "POST /forum_attac.php3?id_article=710&retour=cikk HTTP/1.0" 404 280 "http://attac.zpok.hu/forum_attac.php3?id_article=710&retour=cikk" "Mozilla/4.0 (compatible; MSIE 6.0; Windows NT 5.1; SV1)"
195.56.55.225 - - [09/Jul/2013:13:27:53 +0200] "GET /test.html HTTP/1.1" 200 56 "-" "monit/4.6"
195.56.55.225 - - [09/Jul/2013:13:29:55 +0200] "GET /test.html HTTP/1.1" 200 56 "-" "monit/4.6"
66.249.73.106 - - [09/Jul/2013:13:30:49 +0200] "GET /cikk.php3?id_article=242 HTTP/1.1" 404 285 "-" "Mozilla/5.0 (compatible; Googlebot/2.1; +http://www.google.com/bot.html)"
79.112.48.243 - - [09/Jul/2013:13:31:04 +0200] "GET /contact HTTP/1.0" 404 273 "-" "Mozilla/5.0 (Windows; U; Windows NT 6.0; en-US; rv:1.9b5) Gecko/2008032620 Firefox/3.0b5"
91.232.96.36 - - [09/Jul/2013:13:31:45 +0200] "GET /forum_attac.php3?id_article=983&retour=cikk.php3%3Fid_article%3D983 HTTP/1.1" 404 292 "-" "Mozilla/4.0 (compatible; MSIE 6.0; Windows NT 5.1; SV1)"
195.56.55.225 - - [09/Jul/2013:13:31:58 +0200] "GET /test.html HTTP/1.1" 200 56 "-" "monit/4.6"
82.131.142.102 - - [09/Jul/2013:13:33:34 +0200] "-" 408 - "-" "-"
195.56.55.225 - - [09/Jul/2013:13:34:00 +0200] "GET /test.html HTTP/1.1" 200 56 "-" "monit/4.6"
185.4.65.110 - - [09/Jul/2013:13:35:33 +0200] "POST /forum_attac.php3?id_article=710&retour=cikk HTTP/1.1" 404 292 "http://attac.zpok.hu/forum_attac.php3?id_article=710&retour=cikk" "Mozilla/4.0 (compatible; MSIE 6.0; Windows NT 5.1; SV1)"
54.226.114.26 - - [09/Jul/2013:13:35:35 +0200] "POST /forum_attac.php3?id_article=710&retour=cikk HTTP/1.1" 404 292 "http://attac.zpok.hu/forum_attac.php3?id_article=710&retour=cikk" "Mozilla/4.0 (compatible; MSIE 6.0; Windows NT 5.1; SV1)"
58.20.223.230 - - [09/Jul/2013:13:35:36 +0200] "POST /forum_attac.php3?id_article=710&retour=cikk HTTP/1.0" 404 280 "http://attac.zpok.hu/forum_attac.php3?id_article=710&retour=cikk" "Mozilla/4.0 (compatible; MSIE 6.0; Windows NT 5.1; SV1)"
80.99.169.211 - - [09/Jul/2013:13:35:44 +0200] "-" 408 - "-" "-"
195.56.55.225 - - [09/Jul/2013:13:36:02 +0200] "GET /test.html HTTP/1.1" 200 56 "-" "monit/4.6"
65.55.52.108 - - [09/Jul/2013:13:36:54 +0200] "GET / HTTP/1.1" 200 1155 "-" "Mozilla/5.0 (compatible; bingbot/2.0; +http://www.bing.com/bingbot.htm)"
195.56.55.225 - - [09/Jul/2013:13:38:04 +0200] "GET /test.html HTTP/1.1" 200 56 "-" "monit/4.6"
5.254.129.75 - - [09/Jul/2013:13:39:34 +0200] "GET /cikk.php3?id_article=55 HTTP/1.0" 404 273 "http://attac.zpok.hu/cikk.php3?id_article=55" "Opera/9.80 (Windows NT 6.1; U; ru) Presto/2.10.289 Version/12.02"
5.254.129.75 - - [09/Jul/2013:13:39:34 +0200] "GET / HTTP/1.0" 200 1155 "http://attac.zpok.hu/" "Opera/9.80 (Windows NT 6.1; U; ru) Presto/2.10.289 Version/12.02"
208.115.216.19 - - [09/Jul/2013:13:39:56 +0200] "GET http://121.199.48.71/engine.php HTTP/1.0" 404 274 "http://121.199.48.71/engine.php" "Mozilla/4.0 (compatible; MSIE 6.0; Windows 98; Win 9x 4.90)"
195.56.55.225 - - [09/Jul/2013:13:40:06 +0200] "GET /test.html HTTP/1.1" 200 56 "-" "monit/4.6"
89.248.174.60 - - [09/Jul/2013:13:41:17 +0200] "GET /forum_attac.php3?id_article=983&retour=cikk.php3%3Fid_article%3D983 HTTP/1.1" 404 292 "-" "Mozilla/4.0 (compatible; MSIE 6.0; Windows NT 5.1; SV1)"
157.56.93.39 - - [09/Jul/2013:13:41:43 +0200] "GET /robots.txt HTTP/1.1" 404 299 "-" "Mozilla/5.0 (compatible; bingbot/2.0; +http://www.bing.com/bingbot.htm)"
195.56.55.225 - - [09/Jul/2013:13:42:10 +0200] "GET /test.html HTTP/1.1" 200 56 "-" "monit/4.6"
69.162.95.250 - - [09/Jul/2013:13:43:08 +0200] "GET http://121.199.48.71/engine.php HTTP/1.0" 404 274 "http://121.199.48.71/engine.php" "Mozilla/4.0 (compatible; MSIE 6.0; Windows 98; Win 9x 4.90)"
192.95.47.180 - - [09/Jul/2013:13:43:11 +0200] "GET / HTTP/1.1" 200 1155 "-" "Mozilla/4.0 (compatible; MSIE 6.0; Windows NT 5.1; SV1; Mozilla/4.0 (compatible; MSIE 6.0; Windows NT 5.1; SV1) ; .NET CLR 2.0.50727 ; .NET CLR 4.0.30319)"
157.56.93.39 - - [09/Jul/2013:13:44:02 +0200] "GET /kompasz/szemelyes_es_tarsadalmi_ertekek HTTP/1.1" 404 328 "-" "Mozilla/5.0 (compatible; bingbot/2.0; +http://www.bing.com/bingbot.htm)"
195.56.55.225 - - [09/Jul/2013:13:44:12 +0200] "GET /test.html HTTP/1.1" 200 56 "-" "monit/4.6"
66.249.73.98 - - [09/Jul/2013:13:45:34 +0200] "GET /robots.txt HTTP/1.1" 404 290 "-" "Mozilla/5.0 (compatible; Googlebot/2.1; +http://www.google.com/bot.html)"
66.249.73.98 - - [09/Jul/2013:13:45:34 +0200] "GET /firefox_guiness-rekord_bejelentes HTTP/1.1" 404 313 "-" "Mozilla/5.0 (compatible; Googlebot/2.1; +http://www.google.com/bot.html)"
195.56.55.225 - - [09/Jul/2013:13:46:14 +0200] "GET /test.html HTTP/1.1" 200 56 "-" "monit/4.6"
195.56.55.225 - - [09/Jul/2013:13:48:17 +0200] "GET /test.html HTTP/1.1" 200 56 "-" "monit/4.6"
195.56.55.225 - - [09/Jul/2013:13:50:19 +0200] "GET /test.html HTTP/1.1" 200 56 "-" "monit/4.6"
195.56.55.225 - - [09/Jul/2013:13:52:21 +0200] "GET /test.html HTTP/1.1" 200 56 "-" "monit/4.6"
195.56.55.225 - - [09/Jul/2013:13:54:23 +0200] "GET /test.html HTTP/1.1" 200 56 "-" "monit/4.6"
91.232.96.36 - - [09/Jul/2013:13:54:30 +0200] "GET /forum_attac.php3?id_article=983&retour=cikk.php3%3Fid_article%3D983 HTTP/1.1" 404 292 "-" "Mozilla/4.0 (compatible; MSIE 6.0; Windows NT 5.1; SV1)"
195.56.55.225 - - [09/Jul/2013:13:56:25 +0200] "GET /test.html HTTP/1.1" 200 56 "-" "monit/4.6"
195.56.55.225 - - [09/Jul/2013:13:58:27 +0200] "GET /test.html HTTP/1.1" 200 56 "-" "monit/4.6"
195.56.55.225 - - [09/Jul/2013:14:00:29 +0200] "GET /test.html HTTP/1.1" 200 56 "-" "monit/4.6"
195.56.55.225 - - [09/Jul/2013:14:02:31 +0200] "GET /test.html HTTP/1.1" 200 56 "-" "monit/4.6"
157.56.92.173 - - [09/Jul/2013:14:02:55 +0200] "GET /robots.txt HTTP/1.1" 404 285 "-" "Mozilla/5.0 (compatible; bingbot/2.0; +http://www.bing.com/bingbot.htm)"
157.56.92.173 - - [09/Jul/2013:14:03:46 +0200] "GET / HTTP/1.1" 200 1155 "-" "Mozilla/5.0 (compatible; bingbot/2.0; +http://www.bing.com/bingbot.htm)"
89.248.174.60 - - [09/Jul/2013:14:04:05 +0200] "GET /forum_attac.php3?id_article=983&retour=cikk.php3%3Fid_article%3D983 HTTP/1.1" 404 292 "-" "Mozilla/4.0 (compatible; MSIE 6.0; Windows NT 5.1; SV1)"
195.56.55.225 - - [09/Jul/2013:14:04:38 +0200] "GET /test.html HTTP/1.1" 200 56 "-" "monit/4.6"
195.56.55.225 - - [09/Jul/2013:14:06:40 +0200] "GET /test.html HTTP/1.1" 200 56 "-" "monit/4.6"
195.56.55.225 - - [09/Jul/2013:14:08:44 +0200] "GET /test.html HTTP/1.1" 200 56 "-" "monit/4.6"
195.56.55.225 - - [09/Jul/2013:14:10:46 +0200] "GET /test.html HTTP/1.1" 200 56 "-" "monit/4.6"
157.55.33.98 - - [09/Jul/2013:14:12:23 +0200] "GET /robots.txt HTTP/1.1" 404 285 "-" "Mozilla/5.0 (compatible; bingbot/2.0; +http://www.bing.com/bingbot.htm)"
195.56.55.225 - - [09/Jul/2013:14:12:49 +0200] "GET /test.html HTTP/1.1" 200 56 "-" "monit/4.6"
157.55.33.98 - - [09/Jul/2013:14:13:20 +0200] "GET / HTTP/1.1" 200 1155 "-" "Mozilla/5.0 (compatible; bingbot/2.0; +http://www.bing.com/bingbot.htm)"
125.78.151.205 - - [09/Jul/2013:14:14:34 +0200] "GET /www.bicusa.org/lac/ppa_corredor1.htm HTTP/1.1" 404 314 "http://www.lwhy.net" "Mozilla/4.0 (compatible; MSIE 5.5; Windows 98)"
86.101.1.51 - - [09/Jul/2013:14:14:39 +0200] "GET / HTTP/1.1" 200 1155 "-" "Mozilla/5.0 (Windows NT 6.1) AppleWebKit/537.36 (KHTML, like Gecko) Chrome/27.0.1453.116 Safari/537.36"
86.101.1.51 - - [09/Jul/2013:14:14:39 +0200] "GET /favicon.ico HTTP/1.1" 404 284 "-" "Mozilla/5.0 (Windows NT 6.1) AppleWebKit/537.36 (KHTML, like Gecko) Chrome/27.0.1453.116 Safari/537.36"
195.56.55.225 - - [09/Jul/2013:14:14:51 +0200] "GET /test.html HTTP/1.1" 200 56 "-" "monit/4.6"
195.56.55.225 - - [09/Jul/2013:14:16:53 +0200] "GET /test.html HTTP/1.1" 200 56 "-" "monit/4.6"
89.132.48.238 - - [09/Jul/2013:14:16:55 +0200] "-" 408 - "-" "-"
91.232.96.36 - - [09/Jul/2013:14:17:44 +0200] "GET /forum_attac.php3?id_article=983&retour=cikk.php3%3Fid_article%3D983 HTTP/1.1" 404 292 "-" "Mozilla/4.0 (compatible; MSIE 6.0; Windows NT 5.1; SV1)"
70.194.66.244 - - [09/Jul/2013:14:18:31 +0200] "-" 408 - "-" "-"
70.194.66.244 - - [09/Jul/2013:14:18:31 +0200] "-" 408 - "-" "-"
70.194.66.244 - - [09/Jul/2013:14:18:31 +0200] "-" 408 - "-" "-"
70.194.66.244 - - [09/Jul/2013:14:18:31 +0200] "-" 408 - "-" "-"
70.194.66.244 - - [09/Jul/2013:14:18:31 +0200] "-" 408 - "-" "-"
195.56.55.225 - - [09/Jul/2013:14:18:55 +0200] "GET /test.html HTTP/1.1" 200 56 "-" "monit/4.6"
195.56.55.225 - - [09/Jul/2013:14:20:57 +0200] "GET /test.html HTTP/1.1" 200 56 "-" "monit/4.6"
107.23.180.148 - - [09/Jul/2013:14:21:04 +0200] "POST /forum_attac.php3?id_article=710&retour=cikk HTTP/1.1" 404 292 "http://attac.zpok.hu/forum_attac.php3?id_article=710&retour=cikk" "Mozilla/4.0 (compatible; MSIE 6.0; Windows NT 5.1; SV1)"
124.133.254.34 - - [09/Jul/2013:14:21:06 +0200] "POST /forum_attac.php3?id_article=710&retour=cikk HTTP/1.0" 404 280 "http://attac.zpok.hu/forum_attac.php3?id_article=710&retour=cikk" "Mozilla/4.0 (compatible; MSIE 6.0; Windows NT 5.1; SV1)"
118.91.234.77 - - [09/Jul/2013:14:21:16 +0200] "POST /forum_attac.php3?id_article=710&retour=cikk HTTP/1.0" 404 280 "http://attac.zpok.hu/forum_attac.php3?id_article=710&retour=cikk" "Mozilla/4.0 (compatible; MSIE 6.0; Windows NT 5.1; SV1)"
195.56.55.225 - - [09/Jul/2013:14:22:59 +0200] "GET /test.html HTTP/1.1" 200 56 "-" "monit/4.6"
195.56.55.225 - - [09/Jul/2013:14:25:01 +0200] "GET /test.html HTTP/1.1" 200 56 "-" "monit/4.6"
62.201.106.33 - - [09/Jul/2013:14:25:05 +0200] "-" 408 - "-" "-"
66.249.81.218 - - [09/Jul/2013:14:25:19 +0200] "GET /IMG/arton497.jpg HTTP/1.1" 404 292 "http://forum.apatnet.hu/viewtopic.php?f=8&t=15&start=4200" "Mozilla/5.0 (X11; Linux x86_64) AppleWebKit/537.4 (KHTML, like Gecko; Google Web Preview) Chrome/22.0.1229 Safari/537.4"
195.56.55.225 - - [09/Jul/2013:14:27:03 +0200] "GET /test.html HTTP/1.1" 200 56 "-" "monit/4.6"
89.248.174.60 - - [09/Jul/2013:14:27:19 +0200] "GET /forum_attac.php3?id_article=983&retour=cikk.php3%3Fid_article%3D983 HTTP/1.1" 404 292 "-" "Mozilla/4.0 (compatible; MSIE 6.0; Windows NT 5.1; SV1)"
195.56.55.225 - - [09/Jul/2013:14:29:05 +0200] "GET /test.html HTTP/1.1" 200 56 "-" "monit/4.6"
195.56.55.225 - - [09/Jul/2013:14:31:07 +0200] "GET /test.html HTTP/1.1" 200 56 "-" "monit/4.6"
