157.56.93.39 - - [07/Jul/2013:13:55:03 +0200] "GET /taxonomy/term/92 HTTP/1.1" 404 305 "-" "Mozilla/5.0 (compatible; bingbot/2.0; +http://www.bing.com/bingbot.htm)"
46.107.197.17 - - [07/Jul/2013:13:55:24 +0200] "GET /proxy.pac HTTP/1.1" 404 282 "-" "Mozilla/5.0 (compatible; MSIE 10.0; Win32; Trident/6.0)"
195.56.55.225 - - [07/Jul/2013:13:56:23 +0200] "GET /test.html HTTP/1.1" 200 56 "-" "monit/4.6"
66.249.78.207 - - [07/Jul/2013:13:57:23 +0200] "GET /robots.txt HTTP/1.1" 404 290 "-" "Mozilla/5.0 (compatible; Googlebot/2.1; +http://www.google.com/bot.html)"
66.249.78.207 - - [07/Jul/2013:13:57:23 +0200] "GET /tevekenysegunk/biojosagok/mitol_bio_a_bio HTTP/1.1" 404 321 "-" "Mozilla/5.0 (compatible; Googlebot/2.1; +http://www.google.com/bot.html)"
37.191.9.111 - - [07/Jul/2013:13:57:26 +0200] "GET /proxy.pac HTTP/1.1" 404 286 "-" "-"
37.191.9.111 - - [07/Jul/2013:13:57:26 +0200] "GET /proxy.pac HTTP/1.1" 404 286 "-" "-"
37.191.9.111 - - [07/Jul/2013:13:57:27 +0200] "GET /proxy.pac HTTP/1.1" 404 286 "-" "-"
37.191.9.111 - - [07/Jul/2013:13:57:30 +0200] "GET /proxy.pac HTTP/1.1" 404 286 "-" "Mozilla/5.0 (compatible; MSIE 10.0; Win32; Trident/6.0)"
37.191.9.111 - - [07/Jul/2013:13:57:30 +0200] "GET /proxy.pac HTTP/1.1" 404 286 "-" "Mozilla/5.0 (compatible; MSIE 10.0; Win32; Trident/6.0)"
37.191.9.111 - - [07/Jul/2013:13:57:31 +0200] "GET /proxy.pac HTTP/1.1" 404 286 "-" "Mozilla/5.0 (compatible; MSIE 10.0; Win32; Trident/6.0)"
37.191.9.111 - - [07/Jul/2013:13:57:34 +0200] "GET /proxy.pac HTTP/1.1" 404 286 "-" "Mozilla/5.0 (compatible; MSIE 10.0; Win32; Trident/6.0)"
37.191.9.111 - - [07/Jul/2013:13:57:37 +0200] "GET /proxy.pac HTTP/1.1" 404 286 "-" "Mozilla/5.0 (compatible; MSIE 10.0; Win32; Trident/6.0)"
37.191.9.111 - - [07/Jul/2013:13:57:37 +0200] "GET /proxy.pac HTTP/1.1" 404 286 "-" "-"
37.191.9.111 - - [07/Jul/2013:13:57:37 +0200] "GET /proxy.pac HTTP/1.1" 404 286 "-" "-"
37.191.9.111 - - [07/Jul/2013:13:57:38 +0200] "GET /proxy.pac HTTP/1.1" 404 286 "-" "Mozilla/5.0 (compatible; MSIE 10.0; Win32; Trident/6.0)"
37.191.9.111 - - [07/Jul/2013:13:57:38 +0200] "GET /proxy.pac HTTP/1.1" 404 286 "-" "Mozilla/5.0 (compatible; MSIE 10.0; Win32; Trident/6.0)"
37.191.9.111 - - [07/Jul/2013:13:57:38 +0200] "GET /proxy.pac HTTP/1.1" 404 286 "-" "-"
37.191.9.111 - - [07/Jul/2013:13:57:38 +0200] "GET /proxy.pac HTTP/1.1" 404 286 "-" "-"
37.191.9.111 - - [07/Jul/2013:13:57:38 +0200] "GET /proxy.pac HTTP/1.1" 404 286 "-" "-"
37.191.9.111 - - [07/Jul/2013:13:57:38 +0200] "GET /proxy.pac HTTP/1.1" 404 286 "-" "-"
37.191.9.111 - - [07/Jul/2013:13:57:41 +0200] "GET /proxy.pac HTTP/1.1" 404 286 "-" "-"
37.191.9.111 - - [07/Jul/2013:13:57:45 +0200] "GET /proxy.pac HTTP/1.1" 404 286 "-" "-"
37.191.9.111 - - [07/Jul/2013:13:57:49 +0200] "GET /proxy.pac HTTP/1.1" 404 286 "-" "Mozilla/5.0 (compatible; MSIE 10.0; Win32; Trident/6.0)"
37.191.9.111 - - [07/Jul/2013:13:57:51 +0200] "GET /proxy.pac HTTP/1.1" 404 286 "-" "Mozilla/5.0 (compatible; MSIE 10.0; Win32; Trident/6.0)"
37.191.9.111 - - [07/Jul/2013:13:57:51 +0200] "GET /proxy.pac HTTP/1.1" 404 286 "-" "-"
37.191.9.111 - - [07/Jul/2013:13:58:00 +0200] "GET /proxy.pac HTTP/1.1" 404 286 "-" "-"
37.191.9.111 - - [07/Jul/2013:13:58:02 +0200] "GET /proxy.pac HTTP/1.1" 404 286 "-" "-"
37.191.9.111 - - [07/Jul/2013:13:58:02 +0200] "GET /proxy.pac HTTP/1.1" 404 286 "-" "-"
37.191.9.111 - - [07/Jul/2013:13:58:02 +0200] "GET /proxy.pac HTTP/1.1" 404 286 "-" "-"
37.191.9.111 - - [07/Jul/2013:13:58:02 +0200] "GET /proxy.pac HTTP/1.1" 404 286 "-" "-"
37.191.9.111 - - [07/Jul/2013:13:58:03 +0200] "GET /proxy.pac HTTP/1.1" 404 286 "-" "-"
37.191.9.111 - - [07/Jul/2013:13:58:03 +0200] "GET /proxy.pac HTTP/1.1" 404 286 "-" "-"
37.191.9.111 - - [07/Jul/2013:13:58:03 +0200] "GET /proxy.pac HTTP/1.1" 404 286 "-" "-"
37.191.9.111 - - [07/Jul/2013:13:58:03 +0200] "GET /proxy.pac HTTP/1.1" 404 286 "-" "-"
37.191.9.111 - - [07/Jul/2013:13:58:03 +0200] "GET /proxy.pac HTTP/1.1" 404 286 "-" "-"
37.191.9.111 - - [07/Jul/2013:13:58:03 +0200] "GET /proxy.pac HTTP/1.1" 404 286 "-" "-"
37.191.9.111 - - [07/Jul/2013:13:58:03 +0200] "GET /proxy.pac HTTP/1.1" 404 286 "-" "-"
37.191.9.111 - - [07/Jul/2013:13:58:03 +0200] "GET /proxy.pac HTTP/1.1" 404 286 "-" "-"
37.191.9.111 - - [07/Jul/2013:13:58:03 +0200] "GET /proxy.pac HTTP/1.1" 404 286 "-" "-"
37.191.9.111 - - [07/Jul/2013:13:58:03 +0200] "GET /proxy.pac HTTP/1.1" 404 286 "-" "-"
37.191.9.111 - - [07/Jul/2013:13:58:03 +0200] "GET /proxy.pac HTTP/1.1" 404 286 "-" "-"
37.191.9.111 - - [07/Jul/2013:13:58:14 +0200] "GET /proxy.pac HTTP/1.1" 404 286 "-" "-"
195.56.55.225 - - [07/Jul/2013:13:58:25 +0200] "GET /test.html HTTP/1.1" 200 56 "-" "monit/4.6"
91.232.96.36 - - [07/Jul/2013:13:59:51 +0200] "GET /forum_attac.php3?id_article=983&retour=cikk.php3%3Fid_article%3D983 HTTP/1.1" 404 292 "-" "Mozilla/4.0 (compatible; MSIE 6.0; Windows NT 5.1; SV1)"
195.56.55.225 - - [07/Jul/2013:14:00:27 +0200] "GET /test.html HTTP/1.1" 200 56 "-" "monit/4.6"
61.135.179.167 - - [07/Jul/2013:14:01:13 +0200] "POST /forum_attac.php3?id_article=710&retour=cikk HTTP/1.0" 404 280 "http://attac.zpok.hu/forum_attac.php3?id_article=710&retour=cikk" "Mozilla/4.0 (compatible; MSIE 6.0; Windows NT 5.1; SV1)"
89.248.174.60 - - [07/Jul/2013:14:02:00 +0200] "GET /forum_attac.php3?id_article=983&retour=cikk.php3%3Fid_article%3D983 HTTP/1.1" 404 292 "-" "Mozilla/4.0 (compatible; MSIE 6.0; Windows NT 5.1; SV1)"
195.56.55.225 - - [07/Jul/2013:14:02:29 +0200] "GET /test.html HTTP/1.1" 200 56 "-" "monit/4.6"
195.56.55.225 - - [07/Jul/2013:14:04:31 +0200] "GET /test.html HTTP/1.1" 200 56 "-" "monit/4.6"
195.56.55.225 - - [07/Jul/2013:14:06:36 +0200] "GET /test.html HTTP/1.1" 200 56 "-" "monit/4.6"
195.3.146.94 - - [07/Jul/2013:14:07:28 +0200] "HEAD /?q=admin&destination=admin HTTP/1.0" 400 0 "-" "-"
195.56.55.225 - - [07/Jul/2013:14:08:38 +0200] "GET /test.html HTTP/1.1" 200 56 "-" "monit/4.6"
46.107.197.17 - - [07/Jul/2013:14:10:24 +0200] "GET /proxy.pac HTTP/1.1" 404 282 "-" "Mozilla/5.0 (compatible; MSIE 10.0; Win32; Trident/6.0)"
37.191.9.111 - - [07/Jul/2013:14:10:24 +0200] "GET /proxy.pac HTTP/1.1" 404 286 "-" "-"
195.56.55.225 - - [07/Jul/2013:14:10:40 +0200] "GET /test.html HTTP/1.1" 200 56 "-" "monit/4.6"
195.56.55.225 - - [07/Jul/2013:14:12:42 +0200] "GET /test.html HTTP/1.1" 200 56 "-" "monit/4.6"
195.56.55.225 - - [07/Jul/2013:14:14:44 +0200] "GET /test.html HTTP/1.1" 200 56 "-" "monit/4.6"
195.56.55.225 - - [07/Jul/2013:14:16:46 +0200] "GET /test.html HTTP/1.1" 200 56 "-" "monit/4.6"
37.191.9.111 - - [07/Jul/2013:14:18:31 +0200] "GET /proxy.pac HTTP/1.1" 404 286 "-" "Mozilla/5.0 (compatible; MSIE 10.0; Win32; Trident/6.0)"
195.56.55.225 - - [07/Jul/2013:14:18:48 +0200] "GET /test.html HTTP/1.1" 200 56 "-" "monit/4.6"
195.56.55.225 - - [07/Jul/2013:14:20:50 +0200] "GET /test.html HTTP/1.1" 200 56 "-" "monit/4.6"
91.232.96.36 - - [07/Jul/2013:14:22:35 +0200] "GET /forum_attac.php3?id_article=983&retour=cikk.php3%3Fid_article%3D983 HTTP/1.1" 404 292 "-" "Mozilla/4.0 (compatible; MSIE 6.0; Windows NT 5.1; SV1)"
195.56.55.225 - - [07/Jul/2013:14:22:52 +0200] "GET /test.html HTTP/1.1" 200 56 "-" "monit/4.6"
180.188.194.54 - - [07/Jul/2013:14:24:22 +0200] "POST" 405 - "-" "-"
157.55.32.113 - - [07/Jul/2013:14:24:50 +0200] "GET /robots.txt HTTP/1.1" 404 290 "-" "Mozilla/5.0 (compatible; bingbot/2.0; +http://www.bing.com/bingbot.htm)"
195.56.55.225 - - [07/Jul/2013:14:24:54 +0200] "GET /test.html HTTP/1.1" 200 56 "-" "monit/4.6"
89.248.174.60 - - [07/Jul/2013:14:24:56 +0200] "GET /forum_attac.php3?id_article=983&retour=cikk.php3%3Fid_article%3D983 HTTP/1.1" 404 292 "-" "Mozilla/4.0 (compatible; MSIE 6.0; Windows NT 5.1; SV1)"
46.107.197.17 - - [07/Jul/2013:14:25:24 +0200] "GET /proxy.pac HTTP/1.1" 404 282 "-" "Mozilla/5.0 (compatible; MSIE 10.0; Win32; Trident/6.0)"
78.87.123.114 - - [07/Jul/2013:14:26:04 +0200] "GET /englishsite/index.shtml?conds[0][category........]=Egyes?leti h?rek&iview=58&slice_id=777ad89538966d33b9d5fb7d0e49b91c&NmbFullBoxes=1&mlx=EN-ONLY HTTP/1.1" 400 365 "-" "-"
78.87.123.114 - - [07/Jul/2013:14:26:08 +0200] "GET /brandnewsite/index.shtml?conds[0][category........]=(fb OR elnokseg OR te)&iview=50&slice_id=35d4beaf32a03c618d6739d2ab3739ee&NmbFullBoxes=1000&sort[0][integer.........]=a HTTP/1.1" 400 365 "-" "-"
78.87.123.114 - - [07/Jul/2013:14:26:08 +0200] "GET /index.shtml?conds[0][category........]=(fb OR elnokseg OR te)&iview=50&slice_id=35d4beaf32a03c618d6739d2ab3739ee&NmbFullBoxes=1000&sort[0][integer.........]=a HTTP/1.1" 400 365 "-" "-"
37.191.9.111 - - [07/Jul/2013:14:26:12 +0200] "GET /proxy.pac HTTP/1.1" 404 286 "-" "Mozilla/5.0 (compatible; MSIE 10.0; Win32; Trident/6.0)"
37.191.9.111 - - [07/Jul/2013:14:26:12 +0200] "GET /proxy.pac HTTP/1.1" 404 286 "-" "Mozilla/5.0 (compatible; MSIE 10.0; Win32; Trident/6.0)"
37.191.9.111 - - [07/Jul/2013:14:26:12 +0200] "GET /proxy.pac HTTP/1.1" 404 286 "-" "Mozilla/5.0 (compatible; MSIE 10.0; Win32; Trident/6.0)"
37.191.9.111 - - [07/Jul/2013:14:26:12 +0200] "GET /proxy.pac HTTP/1.1" 404 286 "-" "Mozilla/5.0 (compatible; MSIE 10.0; Win32; Trident/6.0)"
37.191.9.111 - - [07/Jul/2013:14:26:15 +0200] "GET /proxy.pac HTTP/1.1" 404 286 "-" "Mozilla/5.0 (compatible; MSIE 10.0; Win32; Trident/6.0)"
37.191.9.111 - - [07/Jul/2013:14:26:15 +0200] "GET /proxy.pac HTTP/1.1" 404 286 "-" "Mozilla/5.0 (compatible; MSIE 10.0; Win32; Trident/6.0)"
37.191.9.111 - - [07/Jul/2013:14:26:15 +0200] "GET /proxy.pac HTTP/1.1" 404 286 "-" "Mozilla/5.0 (compatible; MSIE 10.0; Win32; Trident/6.0)"
37.191.9.111 - - [07/Jul/2013:14:26:15 +0200] "GET /proxy.pac HTTP/1.1" 404 286 "-" "Mozilla/5.0 (compatible; MSIE 10.0; Win32; Trident/6.0)"
78.87.123.114 - - [07/Jul/2013:14:26:22 +0200] "GET /brandnewsite/index.shtml?conds[0][category........]=EMLA 15&iview=92&slice_id=777ad89538966d33b9d5fb7d0e49b91c&NmbFullBoxes=1 HTTP/1.1" 400 365 "-" "-"
78.87.123.114 - - [07/Jul/2013:14:26:25 +0200] "GET /englishsite/index.shtml?conds[0][category.......1]=(fb OR elnokseg OR te)&iview=79&slice_id=35d4beaf32a03c618d6739d2ab3739ee&NmbFullBoxes=1000&sort[0][integer.........]=a&mlx=EN-ONLY HTTP/1.1" 400 365 "-" "-"
78.87.123.114 - - [07/Jul/2013:14:26:25 +0200] "GET /brandnewsite/index.shtml?conds[0][category........]=Egyes?leti h?rek&iview=58&slice_id=777ad89538966d33b9d5fb7d0e49b91c&NmbFullBoxes=1 HTTP/1.1" 400 365 "-" "-"
78.87.123.114 - - [07/Jul/2013:14:26:28 +0200] "GET /index.shtml?conds[0][category........]=EMLA 15&iview=92&slice_id=777ad89538966d33b9d5fb7d0e49b91c&NmbFullBoxes=1 HTTP/1.1" 400 365 "-" "-"
157.55.32.113 - - [07/Jul/2013:14:26:32 +0200] "GET /cikk.php3?id_article=376 HTTP/1.1" 404 289 "-" "Mozilla/5.0 (compatible; bingbot/2.0; +http://www.bing.com/bingbot.htm)"
37.191.9.111 - - [07/Jul/2013:14:26:53 +0200] "GET /proxy.pac HTTP/1.1" 404 286 "-" "Mozilla/5.0 (compatible; MSIE 10.0; Win32; Trident/6.0)"
78.87.123.114 - - [07/Jul/2013:14:26:53 +0200] "GET /index.shtml?conds[0][category........]=Egyes?leti h?rek&iview=58&slice_id=777ad89538966d33b9d5fb7d0e49b91c&NmbFullBoxes=1 HTTP/1.1" 400 365 "-" "-"
195.56.55.225 - - [07/Jul/2013:14:26:56 +0200] "GET /test.html HTTP/1.1" 200 56 "-" "monit/4.6"
37.191.9.111 - - [07/Jul/2013:14:27:25 +0200] "GET /proxy.pac HTTP/1.1" 404 286 "-" "Mozilla/5.0 (compatible; MSIE 10.0; Win32; Trident/6.0)"
37.191.9.111 - - [07/Jul/2013:14:27:25 +0200] "GET /proxy.pac HTTP/1.1" 404 286 "-" "Mozilla/5.0 (compatible; MSIE 10.0; Win32; Trident/6.0)"
109.218.134.189 - - [07/Jul/2013:14:28:05 +0200] "-" 408 - "-" "-"
109.218.134.189 - - [07/Jul/2013:14:28:05 +0200] "-" 408 - "-" "-"
109.218.134.189 - - [07/Jul/2013:14:28:47 +0200] "-" 408 - "-" "-"
109.218.134.189 - - [07/Jul/2013:14:28:48 +0200] "-" 408 - "-" "-"
195.56.55.225 - - [07/Jul/2013:14:28:58 +0200] "GET /test.html HTTP/1.1" 200 56 "-" "monit/4.6"
94.27.140.1 - - [07/Jul/2013:14:30:27 +0200] "-" 408 - "-" "-"
195.56.55.225 - - [07/Jul/2013:14:31:00 +0200] "GET /test.html HTTP/1.1" 200 56 "-" "monit/4.6"
64.235.152.13 - - [07/Jul/2013:14:31:19 +0200] "POST /forum_attac.php3?id_article=710&retour=cikk HTTP/1.1" 404 292 "http://attac.zpok.hu/forum_attac.php3?id_article=710&retour=cikk" "Mozilla/4.0 (compatible; MSIE 6.0; Windows NT 5.1; SV1)"
54.242.132.168 - - [07/Jul/2013:14:31:20 +0200] "POST /forum_attac.php3?id_article=710&retour=cikk HTTP/1.1" 404 292 "http://attac.zpok.hu/forum_attac.php3?id_article=710&retour=cikk" "Mozilla/4.0 (compatible; MSIE 6.0; Windows NT 5.1; SV1)"
95.140.43.58 - - [07/Jul/2013:14:32:58 +0200] "GET /\" + gaJsHost + \"google-analytics.com/ga.js HTTP/1.1" 400 365 "-" "-"
195.56.55.225 - - [07/Jul/2013:14:33:02 +0200] "GET /test.html HTTP/1.1" 200 56 "-" "monit/4.6"
95.140.43.58 - - [07/Jul/2013:14:33:11 +0200] "GET /\" + gaJsHost + \"google-analytics.com/ga.js HTTP/1.1" 400 365 "-" "-"
95.140.43.58 - - [07/Jul/2013:14:33:55 +0200] "GET /cikkek/\" + gaJsHost + \"google-analytics.com/ga.js HTTP/1.1" 400 365 "-" "-"
95.140.43.58 - - [07/Jul/2013:14:34:02 +0200] "GET /english/\" + gaJsHost + \"google-analytics.com/ga.js HTTP/1.1" 400 365 "-" "-"
95.140.43.58 - - [07/Jul/2013:14:34:27 +0200] "GET /galeriak/\" + gaJsHost + \"google-analytics.com/ga.js HTTP/1.1" 400 365 "-" "-"
95.140.43.58 - - [07/Jul/2013:14:34:49 +0200] "GET /glossary/\" + gaJsHost + \"google-analytics.com/ga.js HTTP/1.1" 400 365 "-" "-"
95.140.43.58 - - [07/Jul/2013:14:34:55 +0200] "GET /linkek/\" + gaJsHost + \"google-analytics.com/ga.js HTTP/1.1" 400 365 "-" "-"
195.56.55.225 - - [07/Jul/2013:14:35:04 +0200] "GET /test.html HTTP/1.1" 200 56 "-" "monit/4.6"
95.140.43.58 - - [07/Jul/2013:14:35:32 +0200] "GET /problematerkep/\" + gaJsHost + \"google-analytics.com/ga.js HTTP/1.1" 400 365 "-" "-"
195.56.55.225 - - [07/Jul/2013:14:37:07 +0200] "GET /test.html HTTP/1.1" 200 56 "-" "monit/4.6"
118.97.95.182 - - [07/Jul/2013:14:37:53 +0200] "POST /forum_attac.php3?id_article=710&retour=cikk HTTP/1.0" 404 280 "http://attac.zpok.hu/forum_attac.php3?id_article=710&retour=cikk" "Mozilla/4.0 (compatible; MSIE 6.0; Windows NT 5.1; SV1)"
201.85.50.148 - - [07/Jul/2013:14:38:20 +0200] "POST /forum_attac.php3?id_article=710&retour=cikk HTTP/1.1" 404 292 "http://attac.zpok.hu/forum_attac.php3?id_article=710&retour=cikk" "Mozilla/4.0 (compatible; MSIE 6.0; Windows NT 5.1; SV1)"
195.56.55.225 - - [07/Jul/2013:14:39:14 +0200] "GET /test.html HTTP/1.1" 200 56 "-" "monit/4.6"
46.107.197.17 - - [07/Jul/2013:14:40:25 +0200] "GET /proxy.pac HTTP/1.1" 404 282 "-" "Mozilla/5.0 (compatible; MSIE 10.0; Win32; Trident/6.0)"
146.52.224.16 - - [07/Jul/2013:14:40:54 +0200] "-" 408 - "-" "-"
195.56.55.225 - - [07/Jul/2013:14:41:16 +0200] "GET /test.html HTTP/1.1" 200 56 "-" "monit/4.6"
195.56.55.225 - - [07/Jul/2013:14:43:59 +0200] "GET /test.html HTTP/1.1" 200 56 "-" "monit/4.6"
218.213.137.5 - - [07/Jul/2013:14:44:13 +0200] "GET /robots.txt HTTP/1.1" 404 299 "-" "DoCoMo/2.0 P900i(c100;TB;W24H11) (compatible; ichiro/mobile goo;+http://search.goo.ne.jp/option/use/sub4/sub4-1/)"
91.232.96.36 - - [07/Jul/2013:14:44:57 +0200] "GET /forum_attac.php3?id_article=983&retour=cikk.php3%3Fid_article%3D983 HTTP/1.1" 404 292 "-" "Mozilla/4.0 (compatible; MSIE 6.0; Windows NT 5.1; SV1)"
107.23.180.148 - - [07/Jul/2013:14:45:14 +0200] "POST /forum_attac.php3?id_article=710&retour=cikk HTTP/1.1" 404 292 "http://attac.zpok.hu/forum_attac.php3?id_article=710&retour=cikk" "Mozilla/4.0 (compatible; MSIE 6.0; Windows NT 5.1; SV1)"
178.151.113.9 - - [07/Jul/2013:14:45:14 +0200] "POST /forum_attac.php3?id_article=710&retour=cikk HTTP/1.1" 404 292 "http://attac.zpok.hu/forum_attac.php3?id_article=710&retour=cikk" "Mozilla/4.0 (compatible; MSIE 6.0; Windows NT 5.1; SV1)"
222.92.141.155 - - [07/Jul/2013:14:45:19 +0200] "POST /forum_attac.php3?id_article=710&retour=cikk HTTP/1.0" 404 280 "http://attac.zpok.hu/forum_attac.php3?id_article=710&retour=cikk" "Mozilla/4.0 (compatible; MSIE 6.0; Windows NT 5.1; SV1)"
195.56.55.225 - - [07/Jul/2013:14:46:01 +0200] "GET /test.html HTTP/1.1" 200 56 "-" "monit/4.6"
89.248.174.60 - - [07/Jul/2013:14:47:38 +0200] "GET /forum_attac.php3?id_article=983&retour=cikk.php3%3Fid_article%3D983 HTTP/1.1" 404 292 "-" "Mozilla/4.0 (compatible; MSIE 6.0; Windows NT 5.1; SV1)"
195.56.55.225 - - [07/Jul/2013:14:48:04 +0200] "GET /test.html HTTP/1.1" 200 56 "-" "monit/4.6"
195.56.55.225 - - [07/Jul/2013:14:50:07 +0200] "GET /test.html HTTP/1.1" 200 56 "-" "monit/4.6"
66.249.75.27 - - [07/Jul/2013:14:51:10 +0200] "GET /robots.txt HTTP/1.1" 404 282 "-" "Mozilla/5.0 (compatible; Googlebot/2.1; +http://www.google.com/bot.html)"
66.249.75.27 - - [07/Jul/2013:14:51:10 +0200] "GET / HTTP/1.1" 200 1155 "-" "Mozilla/5.0 (compatible; Googlebot/2.1; +http://www.google.com/bot.html)"
195.56.55.225 - - [07/Jul/2013:14:52:09 +0200] "GET /test.html HTTP/1.1" 200 56 "-" "monit/4.6"
195.3.146.94 - - [07/Jul/2013:14:53:29 +0200] "HEAD /?q=admin&destination=admin HTTP/1.0" 400 0 "-" "-"
113.71.110.254 - - [07/Jul/2013:14:54:07 +0200] "GET /www.bicusa.org/lac/ppa_corredor1.htm HTTP/1.1" 404 314 "http://www.173kq.com" "Mozilla/4.0 (compatible; MSIE 5.5; Windows 98)"
195.56.55.225 - - [07/Jul/2013:14:54:11 +0200] "GET /test.html HTTP/1.1" 200 56 "-" "monit/4.6"
37.191.9.111 - - [07/Jul/2013:14:54:55 +0200] "GET /proxy.pac HTTP/1.1" 404 286 "-" "Mozilla/5.0 (compatible; MSIE 10.0; Win32; Trident/6.0)"
85.13.148.22 - - [07/Jul/2013:14:55:22 +0200] "GET / HTTP/1.0" 400 364 "-" "-"
46.107.197.17 - - [07/Jul/2013:14:55:24 +0200] "GET /proxy.pac HTTP/1.1" 404 282 "-" "Mozilla/5.0 (compatible; MSIE 10.0; Win32; Trident/6.0)"
195.56.55.225 - - [07/Jul/2013:14:56:13 +0200] "GET /test.html HTTP/1.1" 200 56 "-" "monit/4.6"
146.52.224.16 - - [07/Jul/2013:14:57:24 +0200] "-" 408 - "-" "-"
195.56.55.225 - - [07/Jul/2013:14:58:16 +0200] "GET /test.html HTTP/1.1" 200 56 "-" "monit/4.6"
37.191.9.111 - - [07/Jul/2013:14:58:35 +0200] "GET /proxy.pac HTTP/1.1" 404 286 "-" "-"
37.191.9.111 - - [07/Jul/2013:14:58:38 +0200] "GET /proxy.pac HTTP/1.1" 404 286 "-" "-"
37.191.9.111 - - [07/Jul/2013:14:58:41 +0200] "GET /proxy.pac HTTP/1.1" 404 286 "-" "-"
37.191.9.111 - - [07/Jul/2013:14:58:44 +0200] "GET /proxy.pac HTTP/1.1" 404 286 "-" "-"
37.191.9.111 - - [07/Jul/2013:14:58:46 +0200] "GET /proxy.pac HTTP/1.1" 404 286 "-" "-"
37.191.9.111 - - [07/Jul/2013:14:58:48 +0200] "GET /proxy.pac HTTP/1.1" 404 286 "-" "-"
37.191.9.111 - - [07/Jul/2013:14:58:51 +0200] "GET /proxy.pac HTTP/1.1" 404 286 "-" "-"
37.191.9.111 - - [07/Jul/2013:14:58:52 +0200] "GET /proxy.pac HTTP/1.1" 404 286 "-" "-"
195.56.55.225 - - [07/Jul/2013:15:00:56 +0200] "GET /test.html HTTP/1.1" 200 56 "-" "monit/4.6"
195.56.55.225 - - [07/Jul/2013:15:02:59 +0200] "GET /test.html HTTP/1.1" 200 56 "-" "monit/4.6"
94.21.35.157 - - [07/Jul/2013:15:03:12 +0200] "-" 408 - "-" "-"
195.56.55.225 - - [07/Jul/2013:15:05:01 +0200] "GET /test.html HTTP/1.1" 200 56 "-" "monit/4.6"
195.56.55.225 - - [07/Jul/2013:15:07:03 +0200] "GET /test.html HTTP/1.1" 200 56 "-" "monit/4.6"
91.232.96.36 - - [07/Jul/2013:15:08:09 +0200] "GET /forum_attac.php3?id_article=983&retour=cikk.php3%3Fid_article%3D983 HTTP/1.1" 404 292 "-" "Mozilla/4.0 (compatible; MSIE 6.0; Windows NT 5.1; SV1)"
195.56.55.225 - - [07/Jul/2013:15:09:06 +0200] "GET /test.html HTTP/1.1" 200 56 "-" "monit/4.6"
50.116.30.27 - - [07/Jul/2013:15:09:06 +0200] "POST" 405 - "-" "-"
46.107.197.17 - - [07/Jul/2013:15:10:24 +0200] "GET /proxy.pac HTTP/1.1" 404 282 "-" "Mozilla/5.0 (compatible; MSIE 10.0; Win32; Trident/6.0)"
89.248.174.60 - - [07/Jul/2013:15:10:54 +0200] "GET /forum_attac.php3?id_article=983&retour=cikk.php3%3Fid_article%3D983 HTTP/1.1" 404 292 "-" "Mozilla/4.0 (compatible; MSIE 6.0; Windows NT 5.1; SV1)"
195.56.55.225 - - [07/Jul/2013:15:11:09 +0200] "GET /test.html HTTP/1.1" 200 56 "-" "monit/4.6"
195.56.55.225 - - [07/Jul/2013:15:13:11 +0200] "GET /test.html HTTP/1.1" 200 56 "-" "monit/4.6"
195.56.55.225 - - [07/Jul/2013:15:15:13 +0200] "GET /test.html HTTP/1.1" 200 56 "-" "monit/4.6"
221.238.28.158 - - [07/Jul/2013:15:15:32 +0200] "POST /forum_attac.php3?id_article=710&retour=cikk HTTP/1.0" 404 280 "http://attac.zpok.hu/forum_attac.php3?id_article=710&retour=cikk" "Mozilla/4.0 (compatible; MSIE 6.0; Windows NT 5.1; SV1)"
178.151.113.9 - - [07/Jul/2013:15:15:35 +0200] "POST /forum_attac.php3?id_article=710&retour=cikk HTTP/1.1" 404 292 "http://attac.zpok.hu/forum_attac.php3?id_article=710&retour=cikk" "Mozilla/4.0 (compatible; MSIE 6.0; Windows NT 5.1; SV1)"
85.67.172.142 - - [07/Jul/2013:15:16:13 +0200] "-" 408 - "-" "-"
65.55.52.108 - - [07/Jul/2013:15:16:29 +0200] "GET /robots.txt HTTP/1.1" 404 295 "-" "Mozilla/5.0 (compatible; bingbot/2.0; +http://www.bing.com/bingbot.htm)"
220.181.127.18 - - [07/Jul/2013:15:17:08 +0200] "GET /brandnewsite/index.shtml HTTP/1.1" 404 300 "http://www.emla.hu/" "Mozilla/4.0 (compatible; MSIE 8.0; Windows NT 6.1; Trident/4.0; SLCC2; .NET CLR 2.0.50727; .NET CLR 3.5.30729; .NET CLR 3.0.30729; Media Center PC 6.0; Tablet PC 2.0)"
195.56.55.225 - - [07/Jul/2013:15:17:15 +0200] "GET /test.html HTTP/1.1" 200 56 "-" "monit/4.6"
65.55.52.108 - - [07/Jul/2013:15:18:20 +0200] "GET / HTTP/1.1" 200 1155 "-" "Mozilla/5.0 (compatible; bingbot/2.0; +http://www.bing.com/bingbot.htm)"
65.55.52.108 - - [07/Jul/2013:15:18:30 +0200] "GET / HTTP/1.1" 200 1155 "-" "Mozilla/5.0 (compatible; bingbot/2.0; +http://www.bing.com/bingbot.htm)"
195.56.55.225 - - [07/Jul/2013:15:19:20 +0200] "GET /test.html HTTP/1.1" 200 56 "-" "monit/4.6"
195.56.55.225 - - [07/Jul/2013:15:21:22 +0200] "GET /test.html HTTP/1.1" 200 56 "-" "monit/4.6"
195.56.55.225 - - [07/Jul/2013:15:23:24 +0200] "GET /test.html HTTP/1.1" 200 56 "-" "monit/4.6"
94.228.34.203 - - [07/Jul/2013:15:23:25 +0200] "GET /robots.txt HTTP/1.1" 404 286 "-" "magpie-crawler/1.1 (U; Linux amd64; en-GB; +http://www.brandwatch.net)"
94.228.34.203 - - [07/Jul/2013:15:23:30 +0200] "GET /?feed=atom HTTP/1.1" 304 - "-" "magpie-crawler/1.1 (U; Linux amd64; en-GB; +http://www.brandwatch.net)"
46.107.197.17 - - [07/Jul/2013:15:25:25 +0200] "GET /proxy.pac HTTP/1.1" 404 282 "-" "Mozilla/5.0 (compatible; MSIE 10.0; Win32; Trident/6.0)"
195.56.55.225 - - [07/Jul/2013:15:25:31 +0200] "GET /test.html HTTP/1.1" 200 56 "-" "monit/4.6"
195.56.55.225 - - [07/Jul/2013:15:27:35 +0200] "GET /test.html HTTP/1.1" 200 56 "-" "monit/4.6"
195.56.55.225 - - [07/Jul/2013:15:29:37 +0200] "GET /test.html HTTP/1.1" 200 56 "-" "monit/4.6"
176.9.83.228 - - [07/Jul/2013:15:30:09 +0200] "GET / HTTP/1.1" 200 1155 "-" "ExB Language Crawler 2.1.5 (+http://www.exb.de/crawler)"
54.245.237.153 - - [07/Jul/2013:15:30:20 +0200] "POST /forum_attac.php3?id_article=710&retour=cikk HTTP/1.1" 404 292 "http://attac.zpok.hu/forum_attac.php3?id_article=710&retour=cikk" "Mozilla/4.0 (compatible; MSIE 6.0; Windows NT 5.1; SV1)"
111.95.243.36 - - [07/Jul/2013:15:30:22 +0200] "POST /forum_attac.php3?id_article=710&retour=cikk HTTP/1.1" 404 292 "http://attac.zpok.hu/forum_attac.php3?id_article=710&retour=cikk" "Mozilla/4.0 (compatible; MSIE 6.0; Windows NT 5.1; SV1)"
199.15.234.44 - - [07/Jul/2013:15:30:24 +0200] "GET /cikk.php3?id_article=1031 HTTP/1.0" 404 273 "http://attac.zpok.hu/cikk.php3?id_article=1031" "Mozilla/5.0 (Windows NT 5.1; rv:13.0) Gecko/20100101 Firefox/13.0.1"
199.15.234.44 - - [07/Jul/2013:15:30:24 +0200] "GET / HTTP/1.0" 200 1155 "http://attac.zpok.hu/" "Mozilla/5.0 (Windows NT 5.1; rv:13.0) Gecko/20100101 Firefox/13.0.1"
91.232.96.36 - - [07/Jul/2013:15:31:10 +0200] "GET /forum_attac.php3?id_article=983&retour=cikk.php3%3Fid_article%3D983 HTTP/1.1" 404 292 "-" "Mozilla/4.0 (compatible; MSIE 6.0; Windows NT 5.1; SV1)"
195.56.55.225 - - [07/Jul/2013:15:31:39 +0200] "GET /test.html HTTP/1.1" 200 56 "-" "monit/4.6"
221.190.228.155 - - [07/Jul/2013:15:31:49 +0200] "-" 408 - "-" "-"
37.191.9.111 - - [07/Jul/2013:15:33:00 +0200] "GET /proxy.pac HTTP/1.1" 404 286 "-" "-"
37.191.9.111 - - [07/Jul/2013:15:33:00 +0200] "GET /proxy.pac HTTP/1.1" 404 286 "-" "-"
195.56.55.225 - - [07/Jul/2013:15:33:41 +0200] "GET /test.html HTTP/1.1" 200 56 "-" "monit/4.6"
89.248.174.60 - - [07/Jul/2013:15:33:52 +0200] "GET /forum_attac.php3?id_article=983&retour=cikk.php3%3Fid_article%3D983 HTTP/1.1" 404 292 "-" "Mozilla/4.0 (compatible; MSIE 6.0; Windows NT 5.1; SV1)"
195.56.55.225 - - [07/Jul/2013:15:35:43 +0200] "GET /test.html HTTP/1.1" 200 56 "-" "monit/4.6"
195.56.55.225 - - [07/Jul/2013:15:37:45 +0200] "GET /test.html HTTP/1.1" 200 56 "-" "monit/4.6"
195.56.55.225 - - [07/Jul/2013:15:39:47 +0200] "GET /test.html HTTP/1.1" 200 56 "-" "monit/4.6"
46.107.197.17 - - [07/Jul/2013:15:40:25 +0200] "GET /proxy.pac HTTP/1.1" 404 282 "-" "Mozilla/5.0 (compatible; MSIE 10.0; Win32; Trident/6.0)"
195.56.55.225 - - [07/Jul/2013:15:41:49 +0200] "GET /test.html HTTP/1.1" 200 56 "-" "monit/4.6"
109.86.4.198 - - [07/Jul/2013:15:42:47 +0200] "GET /cikk.php3?id_article=1031 HTTP/1.0" 404 273 "http://attac.zpok.hu/cikk.php3?id_article=1031" "Mozilla/4.0 (compatible; MSIE 6.0; MSIE 5.5; Windows NT 4.0) Opera 7.0 [en]"
109.86.4.198 - - [07/Jul/2013:15:42:47 +0200] "GET / HTTP/1.0" 200 1155 "http://attac.zpok.hu/" "Mozilla/4.0 (compatible; MSIE 6.0; MSIE 5.5; Windows NT 4.0) Opera 7.0 [en]"
37.191.9.111 - - [07/Jul/2013:15:43:30 +0200] "GET /proxy.pac HTTP/1.1" 404 286 "-" "-"
37.191.9.111 - - [07/Jul/2013:15:43:30 +0200] "GET /proxy.pac HTTP/1.1" 404 286 "-" "-"
195.56.55.225 - - [07/Jul/2013:15:43:51 +0200] "GET /test.html HTTP/1.1" 200 56 "-" "monit/4.6"
208.115.216.19 - - [07/Jul/2013:15:45:36 +0200] "GET http://121.199.48.71/engine.php HTTP/1.0" 404 274 "http://121.199.48.71/engine.php" "Mozilla/4.0 (compatible; MSIE 6.0; Windows 98; Win 9x 4.90)"
195.56.55.225 - - [07/Jul/2013:15:45:54 +0200] "GET /test.html HTTP/1.1" 200 56 "-" "monit/4.6"
95.140.43.58 - - [07/Jul/2013:15:46:04 +0200] "GET /text.htm; charset=windows-1250 HTTP/1.1" 400 365 "-" "-"
95.140.43.58 - - [07/Jul/2013:15:46:09 +0200] "GET /text.htm; charset=iso-8859-1 HTTP/1.1" 400 365 "-" "-"
195.56.55.225 - - [07/Jul/2013:15:47:56 +0200] "GET /test.html HTTP/1.1" 200 56 "-" "monit/4.6"
195.56.55.225 - - [07/Jul/2013:15:49:58 +0200] "GET /test.html HTTP/1.1" 200 56 "-" "monit/4.6"
195.56.55.225 - - [07/Jul/2013:15:52:00 +0200] "GET /test.html HTTP/1.1" 200 56 "-" "monit/4.6"
86.59.182.131 - - [07/Jul/2013:15:52:36 +0200] "-" 408 - "-" "-"
37.191.9.111 - - [07/Jul/2013:15:53:30 +0200] "GET /proxy.pac HTTP/1.1" 404 286 "-" "-"
37.191.9.111 - - [07/Jul/2013:15:53:30 +0200] "GET /proxy.pac HTTP/1.1" 404 286 "-" "-"
46.107.197.17 - - [07/Jul/2013:15:53:31 +0200] "GET /proxy.pac HTTP/1.1" 404 282 "-" "-"
46.107.197.17 - - [07/Jul/2013:15:53:31 +0200] "GET /proxy.pac HTTP/1.1" 404 282 "-" "-"
46.107.197.17 - - [07/Jul/2013:15:53:31 +0200] "GET /proxy.pac HTTP/1.1" 404 282 "-" "-"
91.232.96.36 - - [07/Jul/2013:15:53:57 +0200] "GET /forum_attac.php3?id_article=983&retour=cikk.php3%3Fid_article%3D983 HTTP/1.1" 404 292 "-" "Mozilla/4.0 (compatible; MSIE 6.0; Windows NT 5.1; SV1)"
195.56.55.225 - - [07/Jul/2013:15:54:02 +0200] "GET /test.html HTTP/1.1" 200 56 "-" "monit/4.6"
212.7.196.79 - - [07/Jul/2013:15:54:34 +0200] "GET / HTTP/1.1" 200 1155 "-" "Mozilla/5.0 (Windows; U; Windows NT 6.1; WOW64; en-US; rv:2.0.4) Gecko/20120718 AskTbAVR-IDW/3.12.5.17700 Firefox/14.0.1"
46.107.197.17 - - [07/Jul/2013:15:55:25 +0200] "GET /proxy.pac HTTP/1.1" 404 282 "-" "Mozilla/5.0 (compatible; MSIE 10.0; Win32; Trident/6.0)"
195.56.55.225 - - [07/Jul/2013:15:56:04 +0200] "GET /test.html HTTP/1.1" 200 56 "-" "monit/4.6"
161.139.244.120 - - [07/Jul/2013:15:56:40 +0200] "POST /forum_attac.php3?id_article=710&retour=cikk HTTP/1.1" 404 292 "http://attac.zpok.hu/forum_attac.php3?id_article=710&retour=cikk" "Mozilla/4.0 (compatible; MSIE 6.0; Windows NT 5.1; SV1)"
118.97.95.182 - - [07/Jul/2013:15:56:41 +0200] "POST /forum_attac.php3?id_article=710&retour=cikk HTTP/1.0" 404 280 "http://attac.zpok.hu/forum_attac.php3?id_article=710&retour=cikk" "Mozilla/4.0 (compatible; MSIE 6.0; Windows NT 5.1; SV1)"
89.248.174.60 - - [07/Jul/2013:15:56:46 +0200] "GET /forum_attac.php3?id_article=983&retour=cikk.php3%3Fid_article%3D983 HTTP/1.1" 404 292 "-" "Mozilla/4.0 (compatible; MSIE 6.0; Windows NT 5.1; SV1)"
195.56.55.225 - - [07/Jul/2013:15:58:06 +0200] "GET /test.html HTTP/1.1" 200 56 "-" "monit/4.6"
85.233.90.6 - - [07/Jul/2013:15:58:46 +0200] "POST /forum_attac.php3?id_article=710&retour=cikk HTTP/1.1" 404 292 "http://attac.zpok.hu/forum_attac.php3?id_article=710&retour=cikk" "Mozilla/4.0 (compatible; MSIE 6.0; Windows NT 5.1; SV1)"
195.56.55.225 - - [07/Jul/2013:16:00:13 +0200] "GET /test.html HTTP/1.1" 200 56 "-" "monit/4.6"
69.162.95.250 - - [07/Jul/2013:16:00:20 +0200] "GET http://121.199.48.71/engine.php HTTP/1.0" 404 274 "http://121.199.48.71/engine.php" "Mozilla/4.0 (compatible; MSIE 6.0; Windows 98; Win 9x 4.90)"
195.56.55.225 - - [07/Jul/2013:16:02:51 +0200] "GET /test.html HTTP/1.1" 200 56 "-" "monit/4.6"
173.188.139.172 - - [07/Jul/2013:16:03:28 +0200] "-" 408 - "-" "-"
37.191.9.111 - - [07/Jul/2013:16:03:30 +0200] "GET /proxy.pac HTTP/1.1" 404 286 "-" "-"
37.191.9.111 - - [07/Jul/2013:16:03:30 +0200] "GET /proxy.pac HTTP/1.1" 404 286 "-" "-"
37.191.9.111 - - [07/Jul/2013:16:03:30 +0200] "GET /proxy.pac HTTP/1.1" 404 286 "-" "-"
37.191.9.111 - - [07/Jul/2013:16:03:31 +0200] "GET /proxy.pac HTTP/1.1" 404 286 "-" "-"
37.191.9.111 - - [07/Jul/2013:16:03:31 +0200] "GET /proxy.pac HTTP/1.1" 404 286 "-" "-"
37.191.9.111 - - [07/Jul/2013:16:03:31 +0200] "GET /proxy.pac HTTP/1.1" 404 286 "-" "-"
37.191.9.111 - - [07/Jul/2013:16:03:31 +0200] "GET /proxy.pac HTTP/1.1" 404 286 "-" "-"
37.191.9.111 - - [07/Jul/2013:16:03:31 +0200] "GET /proxy.pac HTTP/1.1" 404 286 "-" "-"
195.56.55.225 - - [07/Jul/2013:16:04:53 +0200] "GET /test.html HTTP/1.1" 200 56 "-" "monit/4.6"
195.56.55.225 - - [07/Jul/2013:16:07:42 +0200] "GET /test.html HTTP/1.1" 200 56 "-" "monit/4.6"
37.115.241.31 - - [07/Jul/2013:16:08:29 +0200] "GET /IMG/European_SW_Report_2010-eng.pdf HTTP/1.0" 404 299 "http://attac.zpok.hu/IMG/European_SW_Report_2010-eng.pdf" "Mozilla/4.0 (compatible; MSIE 6.0; Windows NT 5.1; MRA 4.3 (build 01218); .NET CLR 1.1.4322)"
37.115.241.31 - - [07/Jul/2013:16:08:29 +0200] "GET / HTTP/1.0" 200 1155 "http://attac.zpok.hu/" "Mozilla/4.0 (compatible; MSIE 6.0; Windows NT 5.1; MRA 4.3 (build 01218); .NET CLR 1.1.4322)"
195.56.55.225 - - [07/Jul/2013:16:09:44 +0200] "GET /test.html HTTP/1.1" 200 56 "-" "monit/4.6"
46.107.197.17 - - [07/Jul/2013:16:10:25 +0200] "GET /proxy.pac HTTP/1.1" 404 282 "-" "Mozilla/5.0 (compatible; MSIE 10.0; Win32; Trident/6.0)"
66.249.78.218 - - [07/Jul/2013:16:10:43 +0200] "GET /cikk.php3?id_article=1112 HTTP/1.1" 404 285 "-" "Mozilla/5.0 (compatible; Googlebot/2.1; +http://www.google.com/bot.html)"
54.227.29.38 - - [07/Jul/2013:16:10:43 +0200] "GET /robots.txt HTTP/1.1" 404 294 "-" "CCBot/1.0 (+http://www.commoncrawl.org/bot.html)"
195.56.55.225 - - [07/Jul/2013:16:11:46 +0200] "GET /test.html HTTP/1.1" 200 56 "-" "monit/4.6"
54.227.29.38 - - [07/Jul/2013:16:11:59 +0200] "GET / HTTP/1.1" 200 1155 "-" "CCBot/1.0 (+http://www.commoncrawl.org/bot.html)"
54.227.29.38 - - [07/Jul/2013:16:12:10 +0200] "GET /aggregator/sources/1 HTTP/1.1" 404 304 "-" "CCBot/1.0 (+http://www.commoncrawl.org/bot.html)"
54.227.29.38 - - [07/Jul/2013:16:12:24 +0200] "GET /aggregator/categories/1 HTTP/1.1" 404 307 "-" "CCBot/1.0 (+http://www.commoncrawl.org/bot.html)"
195.228.48.73 - - [07/Jul/2013:16:12:31 +0200] "-" 408 - "-" "-"
195.56.55.225 - - [07/Jul/2013:16:13:48 +0200] "GET /test.html HTTP/1.1" 200 56 "-" "monit/4.6"
37.191.9.111 - - [07/Jul/2013:16:14:16 +0200] "GET /proxy.pac HTTP/1.1" 404 286 "-" "Mozilla/5.0 (compatible; MSIE 10.0; Win32; Trident/6.0)"
195.56.55.225 - - [07/Jul/2013:16:15:51 +0200] "GET /test.html HTTP/1.1" 200 56 "-" "monit/4.6"
91.232.96.36 - - [07/Jul/2013:16:17:15 +0200] "GET /forum_attac.php3?id_article=983&retour=cikk.php3%3Fid_article%3D983 HTTP/1.1" 404 292 "-" "Mozilla/4.0 (compatible; MSIE 6.0; Windows NT 5.1; SV1)"
195.56.55.225 - - [07/Jul/2013:16:17:53 +0200] "GET /test.html HTTP/1.1" 200 56 "-" "monit/4.6"
89.248.174.60 - - [07/Jul/2013:16:19:53 +0200] "GET /forum_attac.php3?id_article=983&retour=cikk.php3%3Fid_article%3D983 HTTP/1.1" 404 292 "-" "Mozilla/4.0 (compatible; MSIE 6.0; Windows NT 5.1; SV1)"
195.56.55.225 - - [07/Jul/2013:16:19:55 +0200] "GET /test.html HTTP/1.1" 200 56 "-" "monit/4.6"
72.14.199.132 - - [07/Jul/2013:16:21:10 +0200] "GET / HTTP/1.1" 200 1155 "-" "Feedfetcher-Google; (+http://www.google.com/feedfetcher.html; 1 subscribers; feed-id=849169264004692768)"
195.56.55.225 - - [07/Jul/2013:16:21:57 +0200] "GET /test.html HTTP/1.1" 200 56 "-" "monit/4.6"
195.56.55.225 - - [07/Jul/2013:16:23:59 +0200] "GET /test.html HTTP/1.1" 200 56 "-" "monit/4.6"
37.191.9.111 - - [07/Jul/2013:16:24:12 +0200] "GET /proxy.pac HTTP/1.1" 404 286 "-" "Mozilla/5.0 (compatible; MSIE 10.0; Win32; Trident/6.0)"
195.56.55.225 - - [07/Jul/2013:16:26:01 +0200] "GET /test.html HTTP/1.1" 200 56 "-" "monit/4.6"
81.182.150.244 - - [07/Jul/2013:16:27:35 +0200] "-" 408 - "-" "-"
195.56.55.225 - - [07/Jul/2013:16:28:03 +0200] "GET /test.html HTTP/1.1" 200 56 "-" "monit/4.6"
195.56.55.225 - - [07/Jul/2013:16:30:05 +0200] "GET /test.html HTTP/1.1" 200 56 "-" "monit/4.6"
195.56.55.225 - - [07/Jul/2013:16:32:07 +0200] "GET /test.html HTTP/1.1" 200 56 "-" "monit/4.6"
195.56.55.225 - - [07/Jul/2013:16:34:09 +0200] "GET /test.html HTTP/1.1" 200 56 "-" "monit/4.6"
37.191.9.111 - - [07/Jul/2013:16:35:00 +0200] "GET /proxy.pac HTTP/1.1" 404 286 "-" "Mozilla/5.0 (compatible; MSIE 10.0; Win32; Trident/6.0)"
23.22.204.125 - - [07/Jul/2013:16:35:10 +0200] "POST /forum_attac.php3?id_article=710&retour=cikk HTTP/1.1" 404 292 "http://attac.zpok.hu/forum_attac.php3?id_article=710&retour=cikk" "Mozilla/4.0 (compatible; MSIE 6.0; Windows NT 5.1; SV1)"
91.228.178.138 - - [07/Jul/2013:16:35:11 +0200] "POST /forum_attac.php3?id_article=710&retour=cikk HTTP/1.0" 404 280 "http://attac.zpok.hu/forum_attac.php3?id_article=710&retour=cikk" "Mozilla/4.0 (compatible; MSIE 6.0; Windows NT 5.1; SV1)"
134.201.250.156 - - [07/Jul/2013:16:35:59 +0200] "POST /forum_attac.php3?id_article=710&retour=cikk HTTP/1.1" 404 292 "http://attac.zpok.hu/forum_attac.php3?id_article=710&retour=cikk" "Mozilla/4.0 (compatible; MSIE 6.0; Windows NT 5.1; SV1)"
190.107.81.65 - - [07/Jul/2013:16:36:01 +0200] "POST /forum_attac.php3?id_article=710&retour=cikk HTTP/1.0" 404 280 "http://attac.zpok.hu/forum_attac.php3?id_article=710&retour=cikk" "Mozilla/4.0 (compatible; MSIE 6.0; Windows NT 5.1; SV1)"
221.192.33.30 - - [07/Jul/2013:16:36:03 +0200] "POST /forum_attac.php3?id_article=710&retour=cikk HTTP/1.1" 404 292 "http://attac.zpok.hu/forum_attac.php3?id_article=710&retour=cikk" "Mozilla/4.0 (compatible; MSIE 6.0; Windows NT 5.1; SV1)"
195.56.55.225 - - [07/Jul/2013:16:36:11 +0200] "GET /test.html HTTP/1.1" 200 56 "-" "monit/4.6"
195.56.55.225 - - [07/Jul/2013:16:38:14 +0200] "GET /test.html HTTP/1.1" 200 56 "-" "monit/4.6"
188.29.213.170 - - [07/Jul/2013:16:38:37 +0200] "GET /proxy.pac HTTP/1.1" 404 282 "-" "Mozilla/5.0 (Windows NT 6.1; rv:5.0) Gecko/20100101 Firefox/5.0"
188.29.213.170 - - [07/Jul/2013:16:38:50 +0200] "GET /proxy.pac HTTP/1.1" 404 282 "-" "Mozilla/5.0 (Windows NT 6.1; rv:5.0) Gecko/20100101 Firefox/5.0"
188.29.213.170 - - [07/Jul/2013:16:39:08 +0200] "GET /proxy.pac HTTP/1.1" 404 282 "-" "Mozilla/5.0 (Windows NT 6.1; rv:5.0) Gecko/20100101 Firefox/5.0"
188.29.213.170 - - [07/Jul/2013:16:39:33 +0200] "GET /proxy.pac HTTP/1.1" 404 282 "-" "Mozilla/5.0 (Windows NT 6.1; rv:5.0) Gecko/20100101 Firefox/5.0"
91.232.96.36 - - [07/Jul/2013:16:40:05 +0200] "GET /forum_attac.php3?id_article=983&retour=cikk.php3%3Fid_article%3D983 HTTP/1.1" 404 292 "-" "Mozilla/4.0 (compatible; MSIE 6.0; Windows NT 5.1; SV1)"
195.56.55.225 - - [07/Jul/2013:16:40:16 +0200] "GET /test.html HTTP/1.1" 200 56 "-" "monit/4.6"
188.29.213.170 - - [07/Jul/2013:16:40:21 +0200] "GET /proxy.pac HTTP/1.1" 404 282 "-" "Mozilla/5.0 (Windows NT 6.1; rv:5.0) Gecko/20100101 Firefox/5.0"
79.122.89.213 - - [07/Jul/2013:16:40:50 +0200] "-" 408 - "-" "-"
188.29.213.170 - - [07/Jul/2013:16:41:48 +0200] "GET /proxy.pac HTTP/1.1" 404 282 "-" "Mozilla/5.0 (Windows NT 6.1; rv:5.0) Gecko/20100101 Firefox/5.0"
195.56.55.225 - - [07/Jul/2013:16:42:18 +0200] "GET /test.html HTTP/1.1" 200 56 "-" "monit/4.6"
89.248.174.60 - - [07/Jul/2013:16:42:59 +0200] "GET /forum_attac.php3?id_article=983&retour=cikk.php3%3Fid_article%3D983 HTTP/1.1" 404 292 "-" "Mozilla/4.0 (compatible; MSIE 6.0; Windows NT 5.1; SV1)"
37.191.9.111 - - [07/Jul/2013:16:44:05 +0200] "GET /proxy.pac HTTP/1.1" 404 286 "-" "Mozilla/5.0 (compatible; MSIE 10.0; Win32; Trident/6.0)"
195.56.55.225 - - [07/Jul/2013:16:44:20 +0200] "GET /test.html HTTP/1.1" 200 56 "-" "monit/4.6"
188.29.213.170 - - [07/Jul/2013:16:44:29 +0200] "GET /proxy.pac HTTP/1.1" 404 282 "-" "Mozilla/5.0 (Windows NT 6.1; rv:5.0) Gecko/20100101 Firefox/5.0"
195.56.55.225 - - [07/Jul/2013:16:46:22 +0200] "GET /test.html HTTP/1.1" 200 56 "-" "monit/4.6"
65.55.215.109 - - [07/Jul/2013:16:48:02 +0200] "GET /robots.txt HTTP/1.1" 404 286 "-" "msnbot-media/1.1 (+http://search.msn.com/msnbot.htm)"
65.55.215.109 - - [07/Jul/2013:16:48:02 +0200] "GET /puce.gif HTTP/1.1" 404 284 "-" "msnbot-media/1.1 (+http://search.msn.com/msnbot.htm)"
195.56.55.225 - - [07/Jul/2013:16:48:24 +0200] "GET /test.html HTTP/1.1" 200 56 "-" "monit/4.6"
188.6.54.100 - - [07/Jul/2013:16:48:49 +0200] "GET / HTTP/1.1" 200 1155 "-" "Mozilla/5.0 (Windows NT 6.1; rv:22.0) Gecko/20100101 Firefox/22.0"
188.6.54.100 - - [07/Jul/2013:16:48:49 +0200] "GET /favicon.ico HTTP/1.1" 404 300 "-" "Mozilla/5.0 (Windows NT 6.1; rv:22.0) Gecko/20100101 Firefox/22.0"
188.29.213.170 - - [07/Jul/2013:16:49:31 +0200] "GET /proxy.pac HTTP/1.1" 404 282 "-" "Mozilla/5.0 (Windows NT 6.1; rv:5.0) Gecko/20100101 Firefox/5.0"
195.56.55.225 - - [07/Jul/2013:16:50:26 +0200] "GET /test.html HTTP/1.1" 200 56 "-" "monit/4.6"
195.56.55.225 - - [07/Jul/2013:16:52:28 +0200] "GET /test.html HTTP/1.1" 200 56 "-" "monit/4.6"
195.56.55.225 - - [07/Jul/2013:16:54:30 +0200] "GET /test.html HTTP/1.1" 200 56 "-" "monit/4.6"
188.29.213.170 - - [07/Jul/2013:16:54:32 +0200] "GET /proxy.pac HTTP/1.1" 404 282 "-" "Mozilla/5.0 (Windows NT 6.1; rv:5.0) Gecko/20100101 Firefox/5.0"
157.56.92.151 - - [07/Jul/2013:16:54:47 +0200] "GET /robots.txt HTTP/1.1" 404 287 "-" "Mozilla/5.0 (compatible; bingbot/2.0; +http://www.bing.com/bingbot.htm)"
195.56.55.225 - - [07/Jul/2013:16:56:32 +0200] "GET /test.html HTTP/1.1" 200 56 "-" "monit/4.6"
157.56.92.151 - - [07/Jul/2013:16:57:59 +0200] "GET / HTTP/1.1" 200 1155 "-" "Mozilla/5.0 (compatible; bingbot/2.0; +http://www.bing.com/bingbot.htm)"
195.56.55.225 - - [07/Jul/2013:16:58:34 +0200] "GET /test.html HTTP/1.1" 200 56 "-" "monit/4.6"
195.56.55.225 - - [07/Jul/2013:17:00:36 +0200] "GET /test.html HTTP/1.1" 200 56 "-" "monit/4.6"
195.56.55.225 - - [07/Jul/2013:17:02:38 +0200] "GET /test.html HTTP/1.1" 200 56 "-" "monit/4.6"
37.191.9.111 - - [07/Jul/2013:17:02:42 +0200] "GET /proxy.pac HTTP/1.1" 404 286 "-" "Mozilla/5.0 (compatible; MSIE 10.0; Win32; Trident/6.0)"
91.232.96.36 - - [07/Jul/2013:17:03:20 +0200] "GET /forum_attac.php3?id_article=983&retour=cikk.php3%3Fid_article%3D983 HTTP/1.1" 404 292 "-" "Mozilla/4.0 (compatible; MSIE 6.0; Windows NT 5.1; SV1)"
195.56.55.225 - - [07/Jul/2013:17:04:40 +0200] "GET /test.html HTTP/1.1" 200 56 "-" "monit/4.6"
89.248.174.60 - - [07/Jul/2013:17:05:50 +0200] "GET /forum_attac.php3?id_article=983&retour=cikk.php3%3Fid_article%3D983 HTTP/1.1" 404 292 "-" "Mozilla/4.0 (compatible; MSIE 6.0; Windows NT 5.1; SV1)"
195.56.55.225 - - [07/Jul/2013:17:06:42 +0200] "GET /test.html HTTP/1.1" 200 56 "-" "monit/4.6"
37.191.9.111 - - [07/Jul/2013:17:08:30 +0200] "GET /proxy.pac HTTP/1.1" 404 286 "-" "-"
37.191.9.111 - - [07/Jul/2013:17:08:30 +0200] "GET /proxy.pac HTTP/1.1" 404 286 "-" "-"
37.191.9.111 - - [07/Jul/2013:17:08:30 +0200] "GET /proxy.pac HTTP/1.1" 404 286 "-" "-"
37.191.9.111 - - [07/Jul/2013:17:08:30 +0200] "GET /proxy.pac HTTP/1.1" 404 286 "-" "-"
37.191.9.111 - - [07/Jul/2013:17:08:30 +0200] "GET /proxy.pac HTTP/1.1" 404 286 "-" "-"
37.191.9.111 - - [07/Jul/2013:17:08:30 +0200] "GET /proxy.pac HTTP/1.1" 404 286 "-" "-"
37.191.9.111 - - [07/Jul/2013:17:08:30 +0200] "GET /proxy.pac HTTP/1.1" 404 286 "-" "-"
37.191.9.111 - - [07/Jul/2013:17:08:30 +0200] "GET /proxy.pac HTTP/1.1" 404 286 "-" "-"
195.56.55.225 - - [07/Jul/2013:17:08:45 +0200] "GET /test.html HTTP/1.1" 200 56 "-" "monit/4.6"
195.56.55.225 - - [07/Jul/2013:17:10:47 +0200] "GET /test.html HTTP/1.1" 200 56 "-" "monit/4.6"
93.78.47.20 - - [07/Jul/2013:17:11:49 +0200] "POST /forum_attac.php3?id_article=710&retour=cikk HTTP/1.1" 404 292 "http://attac.zpok.hu/forum_attac.php3?id_article=710&retour=cikk" "Mozilla/4.0 (compatible; MSIE 6.0; Windows NT 5.1; SV1)"
54.226.227.174 - - [07/Jul/2013:17:12:21 +0200] "POST /forum_attac.php3?id_article=710&retour=cikk HTTP/1.1" 404 292 "http://attac.zpok.hu/forum_attac.php3?id_article=710&retour=cikk" "Mozilla/4.0 (compatible; MSIE 6.0; Windows NT 5.1; SV1)"
91.121.34.130 - - [07/Jul/2013:17:12:27 +0200] "POST /forum_attac.php3?id_article=710&retour=cikk HTTP/1.1" 404 292 "-" "-"
195.56.55.225 - - [07/Jul/2013:17:12:49 +0200] "GET /test.html HTTP/1.1" 200 56 "-" "monit/4.6"
195.56.55.225 - - [07/Jul/2013:17:14:53 +0200] "GET /test.html HTTP/1.1" 200 56 "-" "monit/4.6"
195.56.55.225 - - [07/Jul/2013:17:16:55 +0200] "GET /test.html HTTP/1.1" 200 56 "-" "monit/4.6"
161.139.244.121 - - [07/Jul/2013:17:18:06 +0200] "POST /forum_attac.php3?id_article=710&retour=cikk HTTP/1.1" 404 292 "http://attac.zpok.hu/forum_attac.php3?id_article=710&retour=cikk" "Mozilla/4.0 (compatible; MSIE 6.0; Windows NT 5.1; SV1)"
64.213.148.130 - - [07/Jul/2013:17:18:07 +0200] "POST /forum_attac.php3?id_article=710&retour=cikk HTTP/1.1" 404 292 "http://attac.zpok.hu/forum_attac.php3?id_article=710&retour=cikk" "Mozilla/4.0 (compatible; MSIE 6.0; Windows NT 5.1; SV1)"
195.56.55.225 - - [07/Jul/2013:17:18:57 +0200] "GET /test.html HTTP/1.1" 200 56 "-" "monit/4.6"
195.56.55.225 - - [07/Jul/2013:17:21:00 +0200] "GET /test.html HTTP/1.1" 200 56 "-" "monit/4.6"
195.56.55.225 - - [07/Jul/2013:17:23:02 +0200] "GET /test.html HTTP/1.1" 200 56 "-" "monit/4.6"
195.56.55.225 - - [07/Jul/2013:17:25:04 +0200] "GET /test.html HTTP/1.1" 200 56 "-" "monit/4.6"
91.232.96.36 - - [07/Jul/2013:17:26:07 +0200] "GET /forum_attac.php3?id_article=983&retour=cikk.php3%3Fid_article%3D983 HTTP/1.1" 404 292 "-" "Mozilla/4.0 (compatible; MSIE 6.0; Windows NT 5.1; SV1)"
188.36.25.220 - - [07/Jul/2013:17:26:33 +0200] "-" 408 - "-" "-"
195.56.55.225 - - [07/Jul/2013:17:27:07 +0200] "GET /test.html HTTP/1.1" 200 56 "-" "monit/4.6"
86.123.244.251 - - [07/Jul/2013:17:27:35 +0200] "GET /englishsite/index.shtml?conds[0][category........]=Egyes\xfcleti h\xedrek&iview=58&slice_id=777ad89538966d33b9d5fb7d0e49b91c&NmbFullBoxes=1&mlx=EN-ONLY HTTP/1.1" 400 365 "-" "-"
86.123.244.251 - - [07/Jul/2013:17:27:39 +0200] "GET /brandnewsite/index.shtml?conds[0][category........]=(fb OR elnokseg OR te)&iview=50&slice_id=35d4beaf32a03c618d6739d2ab3739ee&NmbFullBoxes=1000&sort[0][integer.........]=a HTTP/1.1" 400 365 "-" "-"
86.123.244.251 - - [07/Jul/2013:17:27:39 +0200] "GET /index.shtml?conds[0][category........]=(fb OR elnokseg OR te)&iview=50&slice_id=35d4beaf32a03c618d6739d2ab3739ee&NmbFullBoxes=1000&sort[0][integer.........]=a HTTP/1.1" 400 365 "-" "-"
86.123.244.251 - - [07/Jul/2013:17:27:51 +0200] "GET /brandnewsite/index.shtml?conds[0][category........]=EMLA 15&iview=92&slice_id=777ad89538966d33b9d5fb7d0e49b91c&NmbFullBoxes=1 HTTP/1.1" 400 365 "-" "-"
157.56.93.52 - - [07/Jul/2013:17:28:26 +0200] "GET /robots.txt HTTP/1.1" 404 288 "-" "Mozilla/5.0 (compatible; bingbot/2.0; +http://www.bing.com/bingbot.htm)"
89.248.174.60 - - [07/Jul/2013:17:28:52 +0200] "GET /forum_attac.php3?id_article=983&retour=cikk.php3%3Fid_article%3D983 HTTP/1.1" 404 292 "-" "Mozilla/4.0 (compatible; MSIE 6.0; Windows NT 5.1; SV1)"
195.56.55.225 - - [07/Jul/2013:17:29:09 +0200] "GET /test.html HTTP/1.1" 200 56 "-" "monit/4.6"
157.56.93.52 - - [07/Jul/2013:17:29:49 +0200] "GET / HTTP/1.1" 200 1155 "-" "Mozilla/5.0 (compatible; bingbot/2.0; +http://www.bing.com/bingbot.htm)"
195.56.55.225 - - [07/Jul/2013:17:31:11 +0200] "GET /test.html HTTP/1.1" 200 56 "-" "monit/4.6"
208.115.113.90 - - [07/Jul/2013:17:32:07 +0200] "GET /robots.txt HTTP/1.1" 404 290 "-" "Mozilla/5.0 (compatible; Ezooms/1.0; ezooms.bot@gmail.com)"
195.56.55.225 - - [07/Jul/2013:17:33:13 +0200] "GET /test.html HTTP/1.1" 200 56 "-" "monit/4.6"
157.56.93.39 - - [07/Jul/2013:17:34:13 +0200] "GET /robots.txt HTTP/1.1" 404 286 "-" "Mozilla/5.0 (compatible; bingbot/2.0; +http://www.bing.com/bingbot.htm)"
64.213.148.131 - - [07/Jul/2013:17:35:04 +0200] "POST /forum_attac.php3?id_article=710&retour=cikk HTTP/1.1" 404 292 "http://attac.zpok.hu/forum_attac.php3?id_article=710&retour=cikk" "Mozilla/4.0 (compatible; MSIE 6.0; Windows NT 5.1; SV1)"
23.20.77.60 - - [07/Jul/2013:17:35:12 +0200] "POST /forum_attac.php3?id_article=710&retour=cikk HTTP/1.1" 404 292 "http://attac.zpok.hu/forum_attac.php3?id_article=710&retour=cikk" "Mozilla/4.0 (compatible; MSIE 6.0; Windows NT 5.1; SV1)"
195.56.55.225 - - [07/Jul/2013:17:35:16 +0200] "GET /test.html HTTP/1.1" 200 56 "-" "monit/4.6"
195.56.55.225 - - [07/Jul/2013:17:37:18 +0200] "GET /test.html HTTP/1.1" 200 56 "-" "monit/4.6"
80.95.87.48 - - [07/Jul/2013:17:37:46 +0200] "-" 408 - "-" "-"
80.95.87.48 - - [07/Jul/2013:17:38:46 +0200] "-" 408 - "-" "-"
208.115.113.87 - - [07/Jul/2013:17:39:07 +0200] "GET /robots.txt HTTP/1.1" 404 286 "-" "Mozilla/5.0 (compatible; Ezooms/1.0; ezooms.bot@gmail.com)"
195.56.55.225 - - [07/Jul/2013:17:39:20 +0200] "GET /test.html HTTP/1.1" 200 56 "-" "monit/4.6"
195.56.55.225 - - [07/Jul/2013:17:41:22 +0200] "GET /test.html HTTP/1.1" 200 56 "-" "monit/4.6"
80.95.87.48 - - [07/Jul/2013:17:41:53 +0200] "-" 408 - "-" "-"
80.95.87.48 - - [07/Jul/2013:17:41:53 +0200] "-" 408 - "-" "-"
80.95.87.48 - - [07/Jul/2013:17:41:53 +0200] "-" 408 - "-" "-"
80.95.87.48 - - [07/Jul/2013:17:41:53 +0200] "-" 408 - "-" "-"
80.95.87.48 - - [07/Jul/2013:17:41:53 +0200] "-" 408 - "-" "-"
80.95.87.48 - - [07/Jul/2013:17:41:53 +0200] "-" 408 - "-" "-"
195.56.55.225 - - [07/Jul/2013:17:43:24 +0200] "GET /test.html HTTP/1.1" 200 56 "-" "monit/4.6"
195.56.55.225 - - [07/Jul/2013:17:45:26 +0200] "GET /test.html HTTP/1.1" 200 56 "-" "monit/4.6"
195.56.55.225 - - [07/Jul/2013:17:47:28 +0200] "GET /test.html HTTP/1.1" 200 56 "-" "monit/4.6"
91.232.96.36 - - [07/Jul/2013:17:49:09 +0200] "GET /forum_attac.php3?id_article=983&retour=cikk.php3%3Fid_article%3D983 HTTP/1.1" 404 292 "-" "Mozilla/4.0 (compatible; MSIE 6.0; Windows NT 5.1; SV1)"
195.56.55.225 - - [07/Jul/2013:17:49:31 +0200] "GET /test.html HTTP/1.1" 200 56 "-" "monit/4.6"
195.56.55.225 - - [07/Jul/2013:17:51:33 +0200] "GET /test.html HTTP/1.1" 200 56 "-" "monit/4.6"
89.248.174.60 - - [07/Jul/2013:17:51:50 +0200] "GET /forum_attac.php3?id_article=983&retour=cikk.php3%3Fid_article%3D983 HTTP/1.1" 404 292 "-" "Mozilla/4.0 (compatible; MSIE 6.0; Windows NT 5.1; SV1)"
195.56.55.225 - - [07/Jul/2013:17:53:35 +0200] "GET /test.html HTTP/1.1" 200 56 "-" "monit/4.6"
77.88.42.27 - - [07/Jul/2013:17:53:41 +0200] "GET /robots.txt HTTP/1.1" 404 288 "-" "Mozilla/5.0 (compatible; YandexBot/3.0; +http://yandex.com/bots)"
195.56.55.225 - - [07/Jul/2013:17:55:37 +0200] "GET /test.html HTTP/1.1" 200 56 "-" "monit/4.6"
95.26.230.26 - - [07/Jul/2013:17:57:18 +0200] "GET /robots.txt HTTP/1.1" 404 286 "-" "Mozilla/5.0 (X11; Linux x86_64) AppleWebKit/537.17 (KHTML, like Gecko) Chrome/24.0.1312.70 Safari/537.17"
95.26.230.26 - - [07/Jul/2013:17:57:31 +0200] "GET / HTTP/1.1" 200 1155 "-" "Mozilla/5.0 (X11; Linux x86_64) AppleWebKit/537.17 (KHTML, like Gecko) Chrome/24.0.1312.70 Safari/537.17"
195.56.55.225 - - [07/Jul/2013:17:57:39 +0200] "GET /test.html HTTP/1.1" 200 56 "-" "monit/4.6"
206.253.226.18 - - [07/Jul/2013:17:58:10 +0200] "GET /robots.txt HTTP/1.1" 404 286 "-" "Mozilla/5.0 (compatible; oBot/2.3.1; +http://filterdb.iss.net/crawler/)"
206.253.226.18 - - [07/Jul/2013:17:58:11 +0200] "GET / HTTP/1.1" 200 1155 "-" "Mozilla/5.0 (compatible; oBot/2.3.1; +http://filterdb.iss.net/crawler/)"
206.253.226.18 - - [07/Jul/2013:17:58:11 +0200] "GET /OczHHyGY HTTP/1.1" 404 284 "-" "Mozilla/5.0 (compatible; oBot/2.3.1; +http://filterdb.iss.net/crawler/)"
206.253.226.18 - - [07/Jul/2013:17:58:11 +0200] "GET /cikk.php3 HTTP/1.1" 404 285 "-" "Mozilla/5.0 (compatible; oBot/2.3.1; +http://filterdb.iss.net/crawler/)"
206.253.226.18 - - [07/Jul/2013:17:58:11 +0200] "GET /spip_attac.css HTTP/1.1" 404 290 "-" "Mozilla/5.0 (compatible; oBot/2.3.1; +http://filterdb.iss.net/crawler/)"
206.253.226.18 - - [07/Jul/2013:17:58:11 +0200] "GET /haWSIQhHhzCpznx HTTP/1.1" 404 291 "-" "Mozilla/5.0 (compatible; oBot/2.3.1; +http://filterdb.iss.net/crawler/)"
206.253.226.18 - - [07/Jul/2013:17:58:11 +0200] "GET /terkep.php3 HTTP/1.1" 404 287 "-" "Mozilla/5.0 (compatible; oBot/2.3.1; +http://filterdb.iss.net/crawler/)"
206.253.226.18 - - [07/Jul/2013:17:58:11 +0200] "GET /sUOBLlTgMoYxmlDE HTTP/1.1" 404 292 "-" "Mozilla/5.0 (compatible; oBot/2.3.1; +http://filterdb.iss.net/crawler/)"
206.253.226.18 - - [07/Jul/2013:17:58:11 +0200] "GET /szerzok.php3 HTTP/1.1" 404 288 "-" "Mozilla/5.0 (compatible; oBot/2.3.1; +http://filterdb.iss.net/crawler/)"
206.253.226.18 - - [07/Jul/2013:17:58:11 +0200] "GET /link HTTP/1.1" 404 280 "-" "Mozilla/5.0 (compatible; oBot/2.3.1; +http://filterdb.iss.net/crawler/)"
206.253.226.18 - - [07/Jul/2013:17:58:11 +0200] "GET /cikk.php3?id%5Farticle=223 HTTP/1.1" 404 285 "-" "Mozilla/5.0 (compatible; oBot/2.3.1; +http://filterdb.iss.net/crawler/)"
195.56.55.225 - - [07/Jul/2013:17:59:41 +0200] "GET /test.html HTTP/1.1" 200 56 "-" "monit/4.6"
