66.249.78.218 - - [06/Oct/2013:23:01:22 +0200] "GET /cikk.php3?id_article=58 HTTP/1.1" 404 285 "-" "Mozilla/5.0 (compatible; Googlebot/2.1; +http://www.google.com/bot.html)"
195.56.55.225 - - [06/Oct/2013:23:03:18 +0200] "GET /test.html HTTP/1.1" 200 56 "-" "monit/4.6"
159.149.133.252 - - [06/Oct/2013:23:03:23 +0200] "GET /robots.txt HTTP/1.1" 404 293 "-" "BUbiNG (+http://law.di.unimi.it/BUbiNG.html)"
159.149.133.252 - - [06/Oct/2013:23:03:23 +0200] "GET /konyhaban.php HTTP/1.1" 404 296 "-" "BUbiNG (+http://law.di.unimi.it/BUbiNG.html)"
159.149.133.252 - - [06/Oct/2013:23:03:23 +0200] "GET / HTTP/1.1" 200 1155 "-" "BUbiNG (+http://law.di.unimi.it/BUbiNG.html)"
195.56.55.225 - - [06/Oct/2013:23:05:20 +0200] "GET /test.html HTTP/1.1" 200 56 "-" "monit/4.6"
96.246.249.9 - - [06/Oct/2013:23:05:45 +0200] "-" 408 - "-" "-"
46.229.164.98 - - [06/Oct/2013:23:06:01 +0200] "GET /cikk.php3?id_article=693 HTTP/1.1" 404 285 "-" "Mozilla/5.0 (compatible; SemrushBot/0.97; +http://www.semrush.com/bot.html)"
118.97.95.182 - - [06/Oct/2013:23:06:16 +0200] "POST /forum_attac.php3?id_article=710&retour=cikk HTTP/1.0" 404 280 "http://attac.zpok.hu/forum_attac.php3?id_article=710&retour=cikk" "Mozilla/4.0 (compatible; MSIE 6.0; Windows NT 5.1; SV1)"
176.194.139.12 - - [06/Oct/2013:23:06:17 +0200] "POST /forum_attac.php3?id_article=710&retour=cikk HTTP/1.1" 404 292 "http://attac.zpok.hu/forum_attac.php3?id_article=710&retour=cikk" "Mozilla/4.0 (compatible; MSIE 6.0; Windows NT 5.1; SV1)"
195.56.55.225 - - [06/Oct/2013:23:07:22 +0200] "GET /test.html HTTP/1.1" 200 56 "-" "monit/4.6"
195.56.55.225 - - [06/Oct/2013:23:09:24 +0200] "GET /test.html HTTP/1.1" 200 56 "-" "monit/4.6"
212.154.128.150 - - [06/Oct/2013:23:11:19 +0200] "POST /forum_attac.php3?id_article=710&retour=cikk HTTP/1.1" 404 292 "http://attac.zpok.hu/forum_attac.php3?id_article=710&retour=cikk" "Mozilla/4.0 (compatible; MSIE 6.0; Windows NT 5.1; SV1)"
183.219.240.180 - - [06/Oct/2013:23:11:20 +0200] "POST /forum_attac.php3?id_article=710&retour=cikk HTTP/1.1" 404 292 "http://attac.zpok.hu/forum_attac.php3?id_article=710&retour=cikk" "Mozilla/4.0 (compatible; MSIE 6.0; Windows NT 5.1; SV1)"
195.56.55.225 - - [06/Oct/2013:23:11:26 +0200] "GET /test.html HTTP/1.1" 200 56 "-" "monit/4.6"
46.229.164.100 - - [06/Oct/2013:23:11:36 +0200] "GET / HTTP/1.1" 200 1155 "-" "Mozilla/5.0 (compatible; SemrushBot/0.97; +http://www.semrush.com/bot.html)"
89.134.183.226 - - [06/Oct/2013:23:13:23 +0200] "-" 408 - "-" "-"
89.134.183.226 - - [06/Oct/2013:23:13:23 +0200] "-" 408 - "-" "-"
89.134.183.226 - - [06/Oct/2013:23:13:23 +0200] "-" 408 - "-" "-"
89.134.183.226 - - [06/Oct/2013:23:13:23 +0200] "-" 408 - "-" "-"
89.134.183.226 - - [06/Oct/2013:23:13:23 +0200] "-" 408 - "-" "-"
195.56.55.225 - - [06/Oct/2013:23:13:28 +0200] "GET /test.html HTTP/1.1" 200 56 "-" "monit/4.6"
195.56.55.225 - - [06/Oct/2013:23:15:30 +0200] "GET /test.html HTTP/1.1" 200 56 "-" "monit/4.6"
46.229.164.100 - - [06/Oct/2013:23:15:49 +0200] "GET /cikk.php3?id_article=21 HTTP/1.1" 404 285 "-" "Mozilla/5.0 (compatible; SemrushBot/0.97; +http://www.semrush.com/bot.html)"
195.56.55.225 - - [06/Oct/2013:23:17:32 +0200] "GET /test.html HTTP/1.1" 200 56 "-" "monit/4.6"
124.119.50.254 - - [06/Oct/2013:23:18:45 +0200] "POST /forum_attac.php3?id_article=710&retour=cikk HTTP/1.1" 404 292 "http://attac.zpok.hu/forum_attac.php3?id_article=710&retour=cikk" "Mozilla/4.0 (compatible; MSIE 6.0; Windows NT 5.1; SV1)"
110.173.0.18 - - [06/Oct/2013:23:18:53 +0200] "POST /forum_attac.php3?id_article=710&retour=cikk HTTP/1.1" 404 292 "http://attac.zpok.hu/forum_attac.php3?id_article=710&retour=cikk" "Mozilla/4.0 (compatible; MSIE 6.0; Windows NT 5.1; SV1)"
195.56.55.225 - - [06/Oct/2013:23:19:39 +0200] "GET /test.html HTTP/1.1" 200 56 "-" "monit/4.6"
195.56.55.225 - - [06/Oct/2013:23:21:41 +0200] "GET /test.html HTTP/1.1" 200 56 "-" "monit/4.6"
46.229.164.98 - - [06/Oct/2013:23:22:58 +0200] "GET /fooldal.php3 HTTP/1.1" 404 288 "-" "Mozilla/5.0 (compatible; SemrushBot/0.97; +http://www.semrush.com/bot.html)"
195.56.55.225 - - [06/Oct/2013:23:23:44 +0200] "GET /test.html HTTP/1.1" 200 56 "-" "monit/4.6"
46.229.164.100 - - [06/Oct/2013:23:24:54 +0200] "GET /cikk.php3?id_article=704 HTTP/1.1" 404 285 "-" "Mozilla/5.0 (compatible; SemrushBot/0.97; +http://www.semrush.com/bot.html)"
91.82.69.67 - - [06/Oct/2013:23:25:04 +0200] "-" 408 - "-" "-"
195.56.55.225 - - [06/Oct/2013:23:25:46 +0200] "GET /test.html HTTP/1.1" 200 56 "-" "monit/4.6"
91.82.69.67 - - [06/Oct/2013:23:26:20 +0200] "-" 408 - "-" "-"
195.56.55.225 - - [06/Oct/2013:23:27:48 +0200] "GET /test.html HTTP/1.1" 200 56 "-" "monit/4.6"
46.229.164.98 - - [06/Oct/2013:23:28:50 +0200] "GET /IMG/arton482.jpg HTTP/1.1" 404 292 "-" "Mozilla/5.0 (compatible; SemrushBot/0.97; +http://www.semrush.com/bot.html)"
91.82.69.67 - - [06/Oct/2013:23:29:03 +0200] "-" 408 - "-" "-"
91.82.69.67 - - [06/Oct/2013:23:29:03 +0200] "-" 408 - "-" "-"
5.10.83.48 - - [06/Oct/2013:23:29:09 +0200] "GET /cikkek.php3?id_rubrique=60 HTTP/1.1" 404 287 "-" "Mozilla/5.0 (compatible; AhrefsBot/5.0; +http://ahrefs.com/robot/)"
114.32.189.38 - - [06/Oct/2013:23:29:47 +0200] "POST /forum_attac.php3?id_article=710&retour=cikk HTTP/1.0" 404 280 "http://attac.zpok.hu/forum_attac.php3?id_article=710&retour=cikk" "Mozilla/4.0 (compatible; MSIE 6.0; Windows NT 5.1; SV1)"
221.238.28.158 - - [06/Oct/2013:23:29:48 +0200] "POST /forum_attac.php3?id_article=710&retour=cikk HTTP/1.0" 404 280 "http://attac.zpok.hu/forum_attac.php3?id_article=710&retour=cikk" "Mozilla/4.0 (compatible; MSIE 6.0; Windows NT 5.1; SV1)"
195.56.55.225 - - [06/Oct/2013:23:29:50 +0200] "GET /test.html HTTP/1.1" 200 56 "-" "monit/4.6"
81.152.173.99 - - [06/Oct/2013:23:29:54 +0200] "GET /www.bicusa.org/lac/ppa_corredor1.htm HTTP/1.1" 404 314 "http://muslimgirl.co.uk" "\xef\xbb\xbfMozilla/5.0 (Windows; U; Windows NT 5.1; en-GB; rv:1.8.1.6) Gecko/20070725"
195.56.55.225 - - [06/Oct/2013:23:31:53 +0200] "GET /test.html HTTP/1.1" 200 56 "-" "monit/4.6"
208.115.111.74 - - [06/Oct/2013:23:32:21 +0200] "GET /robots.txt HTTP/1.1" 404 287 "-" "Mozilla/5.0 (compatible; Ezooms/1.0; ezooms.bot@gmail.com)"
195.56.55.225 - - [06/Oct/2013:23:33:55 +0200] "GET /test.html HTTP/1.1" 200 56 "-" "monit/4.6"
84.1.22.5 - - [06/Oct/2013:23:34:31 +0200] "GET /proxy.pac HTTP/1.1" 404 282 "-" "-"
84.1.22.5 - - [06/Oct/2013:23:34:32 +0200] "GET /proxy.pac HTTP/1.1" 404 282 "-" "-"
84.1.22.5 - - [06/Oct/2013:23:34:32 +0200] "GET /proxy.pac HTTP/1.1" 404 282 "-" "-"
46.229.164.100 - - [06/Oct/2013:23:34:33 +0200] "GET /cikk.php3?id_article=257 HTTP/1.1" 404 285 "-" "Mozilla/5.0 (compatible; SemrushBot/0.97; +http://www.semrush.com/bot.html)"
91.82.69.67 - - [06/Oct/2013:23:35:04 +0200] "-" 408 - "-" "-"
91.82.69.67 - - [06/Oct/2013:23:35:04 +0200] "-" 408 - "-" "-"
91.82.69.67 - - [06/Oct/2013:23:35:04 +0200] "-" 408 - "-" "-"
91.82.69.67 - - [06/Oct/2013:23:35:04 +0200] "-" 408 - "-" "-"
5.9.112.66 - - [06/Oct/2013:23:35:31 +0200] "GET /robots.txt HTTP/1.1" 404 294 "-" "Mozilla/5.0 (compatible; SISTRIX Crawler; http://crawler.sistrix.net/)"
5.9.112.66 - - [06/Oct/2013:23:35:31 +0200] "GET / HTTP/1.1" 206 1155 "-" "Mozilla/5.0 (compatible; SISTRIX Crawler; http://crawler.sistrix.net/)"
157.55.35.88 - - [06/Oct/2013:23:35:40 +0200] "GET /robots.txt HTTP/1.1" 404 299 "-" "Mozilla/5.0 (compatible; bingbot/2.0; +http://www.bing.com/bingbot.htm)"
195.56.55.225 - - [06/Oct/2013:23:35:57 +0200] "GET /test.html HTTP/1.1" 200 56 "-" "monit/4.6"
157.55.35.88 - - [06/Oct/2013:23:36:32 +0200] "GET /taxonomy/term/180 HTTP/1.1" 404 306 "-" "Mozilla/5.0 (compatible; bingbot/2.0; +http://www.bing.com/bingbot.htm)"
159.149.133.253 - - [06/Oct/2013:23:37:53 +0200] "GET /robots.txt HTTP/1.1" 404 290 "-" "BUbiNG (+http://law.di.unimi.it/BUbiNG.html)"
159.149.133.253 - - [06/Oct/2013:23:37:53 +0200] "GET /tevekenysegunk/kothalo/gyik/veszelyes HTTP/1.1" 404 317 "-" "BUbiNG (+http://law.di.unimi.it/BUbiNG.html)"
195.56.55.225 - - [06/Oct/2013:23:37:59 +0200] "GET /test.html HTTP/1.1" 200 56 "-" "monit/4.6"
46.229.164.100 - - [06/Oct/2013:23:39:59 +0200] "GET /cikk.php3?id_article=892 HTTP/1.1" 404 285 "-" "Mozilla/5.0 (compatible; SemrushBot/0.97; +http://www.semrush.com/bot.html)"
195.56.55.225 - - [06/Oct/2013:23:40:01 +0200] "GET /test.html HTTP/1.1" 200 56 "-" "monit/4.6"
195.56.55.225 - - [06/Oct/2013:23:42:03 +0200] "GET /test.html HTTP/1.1" 200 56 "-" "monit/4.6"
195.56.55.225 - - [06/Oct/2013:23:44:05 +0200] "GET /test.html HTTP/1.1" 200 56 "-" "monit/4.6"
157.55.32.219 - - [06/Oct/2013:23:44:07 +0200] "GET /robots.txt HTTP/1.1" 404 286 "-" "Mozilla/5.0 (compatible; bingbot/2.0; +http://www.bing.com/bingbot.htm)"
157.55.32.117 - - [06/Oct/2013:23:46:06 +0200] "GET /robots.txt HTTP/1.1" 404 293 "-" "Mozilla/5.0 (compatible; bingbot/2.0; +http://www.bing.com/bingbot.htm)"
195.56.55.225 - - [06/Oct/2013:23:46:07 +0200] "GET /test.html HTTP/1.1" 200 56 "-" "monit/4.6"
212.154.128.150 - - [06/Oct/2013:23:46:26 +0200] "POST /forum_attac.php3?id_article=710&retour=cikk HTTP/1.1" 404 292 "http://attac.zpok.hu/forum_attac.php3?id_article=710&retour=cikk" "Mozilla/4.0 (compatible; MSIE 6.0; Windows NT 5.1; SV1)"
59.47.43.64 - - [06/Oct/2013:23:46:27 +0200] "POST /forum_attac.php3?id_article=710&retour=cikk HTTP/1.0" 404 280 "http://attac.zpok.hu/forum_attac.php3?id_article=710&retour=cikk" "Mozilla/4.0 (compatible; MSIE 6.0; Windows NT 5.1; SV1)"
157.55.32.117 - - [06/Oct/2013:23:46:53 +0200] "GET / HTTP/1.1" 200 1155 "-" "Mozilla/5.0 (compatible; bingbot/2.0; +http://www.bing.com/bingbot.htm)"
157.55.32.219 - - [06/Oct/2013:23:47:11 +0200] "GET / HTTP/1.1" 200 1155 "-" "Mozilla/5.0 (compatible; bingbot/2.0; +http://www.bing.com/bingbot.htm)"
70.46.144.110 - - [06/Oct/2013:23:47:56 +0200] "GET /englishsite/index.shtml?conds[0][category........]=Egyes\xfcleti h\xedrek&iview=58&slice_id=777ad89538966d33b9d5fb7d0e49b91c&NmbFullBoxes=1&mlx=EN-ONLY HTTP/1.1" 400 365 "-" "-"
70.46.144.110 - - [06/Oct/2013:23:48:02 +0200] "GET /brandnewsite/index.shtml?conds[0][category........]=(fb OR elnokseg OR te)&iview=50&slice_id=35d4beaf32a03c618d6739d2ab3739ee&NmbFullBoxes=1000&sort[0][integer.........]=a HTTP/1.1" 400 365 "-" "-"
70.46.144.110 - - [06/Oct/2013:23:48:03 +0200] "GET /index.shtml?conds[0][category........]=(fb OR elnokseg OR te)&iview=50&slice_id=35d4beaf32a03c618d6739d2ab3739ee&NmbFullBoxes=1000&sort[0][integer.........]=a HTTP/1.1" 400 365 "-" "-"
195.56.55.225 - - [06/Oct/2013:23:48:10 +0200] "GET /test.html HTTP/1.1" 200 56 "-" "monit/4.6"
70.46.144.110 - - [06/Oct/2013:23:48:23 +0200] "GET /brandnewsite/index.shtml?conds[0][category........]=EMLA 15&iview=92&slice_id=777ad89538966d33b9d5fb7d0e49b91c&NmbFullBoxes=1 HTTP/1.1" 400 365 "-" "-"
70.46.144.110 - - [06/Oct/2013:23:48:27 +0200] "GET /englishsite/index.shtml?conds[0][category.......1]=(fb OR elnokseg OR te)&iview=79&slice_id=35d4beaf32a03c618d6739d2ab3739ee&NmbFullBoxes=1000&sort[0][integer.........]=a&mlx=EN-ONLY HTTP/1.1" 400 365 "-" "-"
70.46.144.110 - - [06/Oct/2013:23:48:29 +0200] "GET /brandnewsite/index.shtml?conds[0][category........]=Egyes\xfcleti h\xedrek&iview=58&slice_id=777ad89538966d33b9d5fb7d0e49b91c&NmbFullBoxes=1 HTTP/1.1" 400 365 "-" "-"
70.46.144.110 - - [06/Oct/2013:23:48:35 +0200] "GET /index.shtml?conds[0][category........]=EMLA 15&iview=92&slice_id=777ad89538966d33b9d5fb7d0e49b91c&NmbFullBoxes=1 HTTP/1.1" 400 365 "-" "-"
193.105.210.226 - - [06/Oct/2013:23:49:08 +0200] "-" 408 - "-" "-"
70.46.144.110 - - [06/Oct/2013:23:49:26 +0200] "GET /index.shtml?conds[0][category........]=Egyes\xfcleti h\xedrek&iview=58&slice_id=777ad89538966d33b9d5fb7d0e49b91c&NmbFullBoxes=1 HTTP/1.1" 400 365 "-" "-"
195.56.55.225 - - [06/Oct/2013:23:50:12 +0200] "GET /test.html HTTP/1.1" 200 56 "-" "monit/4.6"
66.249.78.133 - - [06/Oct/2013:23:50:19 +0200] "GET /robots.txt HTTP/1.1" 404 305 "-" "Mozilla/5.0 (compatible; Googlebot/2.1; +http://www.google.com/bot.html)"
66.249.78.133 - - [06/Oct/2013:23:50:19 +0200] "GET / HTTP/1.1" 200 1155 "-" "Mozilla/5.0 (compatible; Googlebot/2.1; +http://www.google.com/bot.html)"
195.56.55.225 - - [06/Oct/2013:23:52:14 +0200] "GET /test.html HTTP/1.1" 200 56 "-" "monit/4.6"
195.56.55.225 - - [06/Oct/2013:23:54:18 +0200] "GET /test.html HTTP/1.1" 200 56 "-" "monit/4.6"
2.28.82.4 - - [06/Oct/2013:23:55:19 +0200] "-" 408 - "-" "-"
66.249.78.157 - - [06/Oct/2013:23:56:11 +0200] "GET /robots.txt HTTP/1.1" 404 291 "-" "Mozilla/5.0 (compatible; Googlebot/2.1; +http://www.google.com/bot.html)"
66.249.78.157 - - [06/Oct/2013:23:56:11 +0200] "GET / HTTP/1.1" 200 1155 "-" "Mozilla/5.0 (compatible; Googlebot/2.1; +http://www.google.com/bot.html)"
195.56.55.225 - - [06/Oct/2013:23:56:20 +0200] "GET /test.html HTTP/1.1" 200 56 "-" "monit/4.6"
5.10.83.48 - - [06/Oct/2013:23:56:39 +0200] "GET /cikk.php3?id_article=1112 HTTP/1.1" 404 285 "-" "Mozilla/5.0 (compatible; AhrefsBot/5.0; +http://ahrefs.com/robot/)"
66.249.78.17 - - [06/Oct/2013:23:58:08 +0200] "GET /robots.txt HTTP/1.1" 404 287 "-" "Mozilla/5.0 (compatible; Googlebot/2.1; +http://www.google.com/bot.html)"
66.249.78.17 - - [06/Oct/2013:23:58:09 +0200] "GET / HTTP/1.1" 200 1155 "-" "Mozilla/5.0 (compatible; Googlebot/2.1; +http://www.google.com/bot.html)"
195.56.55.225 - - [06/Oct/2013:23:58:22 +0200] "GET /test.html HTTP/1.1" 200 56 "-" "monit/4.6"
159.149.133.250 - - [06/Oct/2013:23:59:13 +0200] "GET /robots.txt HTTP/1.1" 404 286 "-" "BUbiNG (+http://law.di.unimi.it/BUbiNG.html)"
159.149.133.250 - - [06/Oct/2013:23:59:13 +0200] "GET /cikk.php3?id_article=680 HTTP/1.1" 404 285 "-" "BUbiNG (+http://law.di.unimi.it/BUbiNG.html)"
159.149.133.250 - - [06/Oct/2013:23:59:14 +0200] "GET /cikk.php3?id_article=558 HTTP/1.1" 404 285 "-" "BUbiNG (+http://law.di.unimi.it/BUbiNG.html)"
159.149.133.250 - - [06/Oct/2013:23:59:14 +0200] "GET /cikk.php3?id_article=623 HTTP/1.1" 404 285 "-" "BUbiNG (+http://law.di.unimi.it/BUbiNG.html)"
159.149.133.250 - - [06/Oct/2013:23:59:14 +0200] "GET /article.php3?id_article=628 HTTP/1.1" 404 288 "-" "BUbiNG (+http://law.di.unimi.it/BUbiNG.html)"
66.249.78.232 - - [07/Oct/2013:00:00:06 +0200] "GET /robots.txt HTTP/1.1" 404 293 "-" "Mozilla/5.0 (compatible; Googlebot/2.1; +http://www.google.com/bot.html)"
66.249.78.232 - - [07/Oct/2013:00:00:06 +0200] "GET / HTTP/1.1" 200 1155 "-" "Mozilla/5.0 (compatible; Googlebot/2.1; +http://www.google.com/bot.html)"
208.115.111.74 - - [07/Oct/2013:00:00:22 +0200] "GET / HTTP/1.1" 200 1155 "-" "Mozilla/5.0 (compatible; Ezooms/1.0; ezooms.bot@gmail.com)"
195.56.55.225 - - [07/Oct/2013:00:00:24 +0200] "GET /test.html HTTP/1.1" 200 56 "-" "monit/4.6"
195.56.55.225 - - [07/Oct/2013:00:02:27 +0200] "GET /test.html HTTP/1.1" 200 56 "-" "monit/4.6"
203.172.180.232 - - [07/Oct/2013:00:04:26 +0200] "-" 408 - "-" "-"
195.56.55.225 - - [07/Oct/2013:00:04:29 +0200] "GET /test.html HTTP/1.1" 200 56 "-" "monit/4.6"
195.226.209.132 - - [07/Oct/2013:00:06:23 +0200] "POST /forum_attac.php3?id_article=710&retour=cikk HTTP/1.1" 404 292 "http://attac.zpok.hu/forum_attac.php3?id_article=710&retour=cikk" "Mozilla/4.0 (compatible; MSIE 6.0; Windows NT 5.1; SV1)"
218.3.42.116 - - [07/Oct/2013:00:06:25 +0200] "POST /forum_attac.php3?id_article=710&retour=cikk HTTP/1.1" 404 292 "http://attac.zpok.hu/forum_attac.php3?id_article=710&retour=cikk" "Mozilla/4.0 (compatible; MSIE 6.0; Windows NT 5.1; SV1)"
118.85.208.222 - - [07/Oct/2013:00:06:26 +0200] "POST /forum_attac.php3?id_article=710&retour=cikk HTTP/1.1" 404 292 "http://attac.zpok.hu/forum_attac.php3?id_article=710&retour=cikk" "Mozilla/4.0 (compatible; MSIE 6.0; Windows NT 5.1; SV1)"
195.56.55.225 - - [07/Oct/2013:00:06:31 +0200] "GET /test.html HTTP/1.1" 200 56 "-" "monit/4.6"
157.55.32.80 - - [07/Oct/2013:00:08:08 +0200] "GET /robots.txt HTTP/1.1" 404 288 "-" "Mozilla/5.0 (compatible; bingbot/2.0; +http://www.bing.com/bingbot.htm)"
157.55.32.80 - - [07/Oct/2013:00:08:33 +0200] "GET / HTTP/1.1" 200 1155 "-" "Mozilla/5.0 (compatible; bingbot/2.0; +http://www.bing.com/bingbot.htm)"
195.56.55.225 - - [07/Oct/2013:00:08:35 +0200] "GET /test.html HTTP/1.1" 200 56 "-" "monit/4.6"
204.118.31.2 - - [07/Oct/2013:00:09:03 +0200] "GET / HTTP/1.1" 200 1155 "-" "Mozilla/4.0 (compatible; MSIE 8.0; Windows NT 6.1; Trident/4.0)"
195.56.55.225 - - [07/Oct/2013:00:10:47 +0200] "GET /test.html HTTP/1.1" 200 56 "-" "monit/4.6"
195.56.55.225 - - [07/Oct/2013:00:12:49 +0200] "GET /test.html HTTP/1.1" 200 56 "-" "monit/4.6"
202.117.120.24 - - [07/Oct/2013:00:12:53 +0200] "POST /forum_attac.php3?id_article=710&retour=cikk HTTP/1.1" 404 292 "http://attac.zpok.hu/forum_attac.php3?id_article=710&retour=cikk" "Mozilla/4.0 (compatible; MSIE 6.0; Windows NT 5.1; SV1)"
195.56.55.225 - - [07/Oct/2013:00:14:51 +0200] "GET /test.html HTTP/1.1" 200 56 "-" "monit/4.6"
5.254.143.85 - - [07/Oct/2013:00:16:15 +0200] "GET /IMG/ HTTP/1.0" 404 268 "http://attac.zpok.hu/IMG/" "Opera/9.80 (Windows NT 5.1; MRA 6.0 (build 5998)) Presto/2.12.388 Version/12.11"
5.254.143.85 - - [07/Oct/2013:00:16:16 +0200] "GET / HTTP/1.0" 200 1155 "http://attac.zpok.hu/" "Opera/9.80 (Windows NT 5.1; MRA 6.0 (build 5998)) Presto/2.12.388 Version/12.11"
195.56.55.225 - - [07/Oct/2013:00:16:53 +0200] "GET /test.html HTTP/1.1" 200 56 "-" "monit/4.6"
195.56.55.225 - - [07/Oct/2013:00:18:55 +0200] "GET /test.html HTTP/1.1" 200 56 "-" "monit/4.6"
176.249.143.177 - - [07/Oct/2013:00:19:18 +0200] "-" 408 - "-" "-"
195.56.55.225 - - [07/Oct/2013:00:20:57 +0200] "GET /test.html HTTP/1.1" 200 56 "-" "monit/4.6"
157.55.35.108 - - [07/Oct/2013:00:22:44 +0200] "GET /robots.txt HTTP/1.1" 404 294 "-" "Mozilla/5.0 (compatible; bingbot/2.0; +http://www.bing.com/bingbot.htm)"
195.56.55.225 - - [07/Oct/2013:00:23:00 +0200] "GET /test.html HTTP/1.1" 200 56 "-" "monit/4.6"
157.55.35.108 - - [07/Oct/2013:00:23:13 +0200] "GET /sites/csalan.mindworks.hu/files/zoldcivilek_kdregio.xls HTTP/1.1" 404 339 "-" "Mozilla/5.0 (compatible; bingbot/2.0; +http://www.bing.com/bingbot.htm)"
118.85.208.222 - - [07/Oct/2013:00:24:24 +0200] "POST /forum_attac.php3?id_article=710&retour=cikk HTTP/1.1" 404 292 "http://attac.zpok.hu/forum_attac.php3?id_article=710&retour=cikk" "Mozilla/4.0 (compatible; MSIE 6.0; Windows NT 5.1; SV1)"
65.49.14.133 - - [07/Oct/2013:00:24:25 +0200] "POST /forum_attac.php3?id_article=710&retour=cikk HTTP/1.1" 404 292 "http://attac.zpok.hu/forum_attac.php3?id_article=710&retour=cikk" "Mozilla/4.0 (compatible; MSIE 6.0; Windows NT 5.1; SV1)"
195.56.55.225 - - [07/Oct/2013:00:25:02 +0200] "GET /test.html HTTP/1.1" 200 56 "-" "monit/4.6"
195.56.55.225 - - [07/Oct/2013:00:27:04 +0200] "GET /test.html HTTP/1.1" 200 56 "-" "monit/4.6"
195.56.55.225 - - [07/Oct/2013:00:29:06 +0200] "GET /test.html HTTP/1.1" 200 56 "-" "monit/4.6"
195.56.55.225 - - [07/Oct/2013:00:31:08 +0200] "GET /test.html HTTP/1.1" 200 56 "-" "monit/4.6"
46.183.162.130 - - [07/Oct/2013:00:32:57 +0200] "GET /cikk.php3?id_article=210 HTTP/1.0" 404 273 "http://attac.zpok.hu/cikk.php3?id_article=210" "Opera/9.80 (Windows NT 5.1; Edition Ukraine Local) Presto/2.12.388 Version/12.10"
46.183.162.130 - - [07/Oct/2013:00:32:57 +0200] "GET / HTTP/1.0" 200 1155 "http://attac.zpok.hu/" "Opera/9.80 (Windows NT 5.1; Edition Ukraine Local) Presto/2.12.388 Version/12.10"
195.56.55.225 - - [07/Oct/2013:00:33:10 +0200] "GET /test.html HTTP/1.1" 200 56 "-" "monit/4.6"
107.206.34.103 - - [07/Oct/2013:00:34:22 +0200] "-" 408 - "-" "-"
195.56.55.225 - - [07/Oct/2013:00:35:12 +0200] "GET /test.html HTTP/1.1" 200 56 "-" "monit/4.6"
195.56.55.225 - - [07/Oct/2013:00:37:14 +0200] "GET /test.html HTTP/1.1" 200 56 "-" "monit/4.6"
195.56.55.225 - - [07/Oct/2013:00:39:16 +0200] "GET /test.html HTTP/1.1" 200 56 "-" "monit/4.6"
195.56.55.225 - - [07/Oct/2013:00:41:18 +0200] "GET /test.html HTTP/1.1" 200 56 "-" "monit/4.6"
180.76.5.25 - - [07/Oct/2013:00:42:08 +0200] "GET / HTTP/1.1" 200 1155 "-" "Mozilla/5.0 (compatible; Baiduspider/2.0; +http://www.baidu.com/search/spider.html)"
78.46.198.75 - - [07/Oct/2013:00:42:38 +0200] "GET /robots.txt HTTP/1.1" 404 286 "-" "ExB Language Crawler 2.1.5 (+http://www.exb.de/crawler)"
220.191.210.189 - - [07/Oct/2013:00:42:56 +0200] "POST /forum_attac.php3?id_article=710&retour=cikk HTTP/1.1" 404 292 "http://attac.zpok.hu/forum_attac.php3?id_article=710&retour=cikk" "Mozilla/4.0 (compatible; MSIE 6.0; Windows NT 5.1; SV1)"
65.49.14.133 - - [07/Oct/2013:00:42:56 +0200] "POST /forum_attac.php3?id_article=710&retour=cikk HTTP/1.1" 404 292 "http://attac.zpok.hu/forum_attac.php3?id_article=710&retour=cikk" "Mozilla/4.0 (compatible; MSIE 6.0; Windows NT 5.1; SV1)"
118.85.208.222 - - [07/Oct/2013:00:42:57 +0200] "POST /forum_attac.php3?id_article=710&retour=cikk HTTP/1.1" 404 292 "http://attac.zpok.hu/forum_attac.php3?id_article=710&retour=cikk" "Mozilla/4.0 (compatible; MSIE 6.0; Windows NT 5.1; SV1)"
195.56.55.225 - - [07/Oct/2013:00:43:20 +0200] "GET /test.html HTTP/1.1" 200 56 "-" "monit/4.6"
195.56.55.225 - - [07/Oct/2013:00:45:23 +0200] "GET /test.html HTTP/1.1" 200 56 "-" "monit/4.6"
195.56.55.225 - - [07/Oct/2013:00:47:48 +0200] "GET /test.html HTTP/1.1" 200 56 "-" "monit/4.6"
195.56.55.225 - - [07/Oct/2013:00:49:50 +0200] "GET /test.html HTTP/1.1" 200 56 "-" "monit/4.6"
159.149.133.250 - - [07/Oct/2013:00:50:08 +0200] "GET /cikk.php3?id_article=503 HTTP/1.1" 404 285 "-" "BUbiNG (+http://law.di.unimi.it/BUbiNG.html)"
195.56.55.225 - - [07/Oct/2013:00:51:52 +0200] "GET /test.html HTTP/1.1" 200 56 "-" "monit/4.6"
5.10.83.48 - - [07/Oct/2013:00:53:51 +0200] "GET /cikk.php3?id_article=473 HTTP/1.1" 404 285 "-" "Mozilla/5.0 (compatible; AhrefsBot/5.0; +http://ahrefs.com/robot/)"
195.56.55.225 - - [07/Oct/2013:00:53:54 +0200] "GET /test.html HTTP/1.1" 200 56 "-" "monit/4.6"
195.56.55.225 - - [07/Oct/2013:00:55:56 +0200] "GET /test.html HTTP/1.1" 200 56 "-" "monit/4.6"
195.56.55.225 - - [07/Oct/2013:00:57:58 +0200] "GET /test.html HTTP/1.1" 200 56 "-" "monit/4.6"
195.56.55.225 - - [07/Oct/2013:01:00:00 +0200] "GET /test.html HTTP/1.1" 200 56 "-" "monit/4.6"
195.56.55.225 - - [07/Oct/2013:01:02:02 +0200] "GET /test.html HTTP/1.1" 200 56 "-" "monit/4.6"
212.7.196.79 - - [07/Oct/2013:01:02:12 +0200] "GET / HTTP/1.1" 200 1155 "-" "Mozilla/5.0 (Windows; U; Windows NT 6.1; WOW64; en-US; rv:2.0.4) Gecko/20120718 AskTbAVR-IDW/3.12.5.17700 Firefox/14.0.1"
118.85.208.222 - - [07/Oct/2013:01:03:31 +0200] "POST /forum_attac.php3?id_article=710&retour=cikk HTTP/1.1" 404 292 "http://attac.zpok.hu/forum_attac.php3?id_article=710&retour=cikk" "Mozilla/4.0 (compatible; MSIE 6.0; Windows NT 5.1; SV1)"
195.56.55.225 - - [07/Oct/2013:01:04:05 +0200] "GET /test.html HTTP/1.1" 200 56 "-" "monit/4.6"
195.56.55.225 - - [07/Oct/2013:01:06:15 +0200] "GET /test.html HTTP/1.1" 200 56 "-" "monit/4.6"
157.55.32.162 - - [07/Oct/2013:01:07:50 +0200] "GET /robots.txt HTTP/1.1" 404 299 "-" "Mozilla/5.0 (compatible; bingbot/2.0; +http://www.bing.com/bingbot.htm)"
157.55.32.162 - - [07/Oct/2013:01:08:11 +0200] "GET /taxonomy/term/263 HTTP/1.1" 404 306 "-" "Mozilla/5.0 (compatible; bingbot/2.0; +http://www.bing.com/bingbot.htm)"
195.56.55.225 - - [07/Oct/2013:01:08:17 +0200] "GET /test.html HTTP/1.1" 200 56 "-" "monit/4.6"
195.56.55.225 - - [07/Oct/2013:01:10:20 +0200] "GET /test.html HTTP/1.1" 200 56 "-" "monit/4.6"
157.55.32.62 - - [07/Oct/2013:01:10:33 +0200] "GET /robots.txt HTTP/1.1" 404 285 "-" "Mozilla/5.0 (compatible; bingbot/2.0; +http://www.bing.com/bingbot.htm)"
157.55.32.62 - - [07/Oct/2013:01:12:01 +0200] "GET / HTTP/1.1" 200 1155 "-" "Mozilla/5.0 (compatible; bingbot/2.0; +http://www.bing.com/bingbot.htm)"
195.56.55.225 - - [07/Oct/2013:01:12:22 +0200] "GET /test.html HTTP/1.1" 200 56 "-" "monit/4.6"
195.56.55.225 - - [07/Oct/2013:01:14:24 +0200] "GET /test.html HTTP/1.1" 200 56 "-" "monit/4.6"
5.10.83.48 - - [07/Oct/2013:01:14:43 +0200] "GET /cikk.php3?id_article=146 HTTP/1.1" 404 285 "-" "Mozilla/5.0 (compatible; AhrefsBot/5.0; +http://ahrefs.com/robot/)"
195.56.55.225 - - [07/Oct/2013:01:16:27 +0200] "GET /test.html HTTP/1.1" 200 56 "-" "monit/4.6"
159.149.133.250 - - [07/Oct/2013:01:17:17 +0200] "GET /robots.txt HTTP/1.1" 404 286 "-" "BUbiNG (+http://law.di.unimi.it/BUbiNG.html)"
159.149.133.250 - - [07/Oct/2013:01:17:17 +0200] "GET /cikk.php3?id_article=342 HTTP/1.1" 404 285 "-" "BUbiNG (+http://law.di.unimi.it/BUbiNG.html)"
195.56.55.225 - - [07/Oct/2013:01:18:29 +0200] "GET /test.html HTTP/1.1" 200 56 "-" "monit/4.6"
195.56.55.225 - - [07/Oct/2013:01:20:31 +0200] "GET /test.html HTTP/1.1" 200 56 "-" "monit/4.6"
157.55.33.19 - - [07/Oct/2013:01:20:51 +0200] "GET /szockom HTTP/1.1" 404 296 "-" "Mozilla/5.0 (compatible; bingbot/2.0; +http://www.bing.com/bingbot.htm)"
195.56.55.225 - - [07/Oct/2013:01:22:33 +0200] "GET /test.html HTTP/1.1" 200 56 "-" "monit/4.6"
65.49.14.133 - - [07/Oct/2013:01:23:03 +0200] "POST /forum_attac.php3?id_article=710&retour=cikk HTTP/1.1" 404 292 "http://attac.zpok.hu/forum_attac.php3?id_article=710&retour=cikk" "Mozilla/4.0 (compatible; MSIE 6.0; Windows NT 5.1; SV1)"
183.219.240.180 - - [07/Oct/2013:01:23:06 +0200] "POST /forum_attac.php3?id_article=710&retour=cikk HTTP/1.1" 404 292 "http://attac.zpok.hu/forum_attac.php3?id_article=710&retour=cikk" "Mozilla/4.0 (compatible; MSIE 6.0; Windows NT 5.1; SV1)"
195.56.55.225 - - [07/Oct/2013:01:24:35 +0200] "GET /test.html HTTP/1.1" 200 56 "-" "monit/4.6"
195.56.55.225 - - [07/Oct/2013:01:26:37 +0200] "GET /test.html HTTP/1.1" 200 56 "-" "monit/4.6"
46.200.122.33 - - [07/Oct/2013:01:26:45 +0200] "GET /forum_attac.php3?id_article=81&retour=cikk.php3%25253Fid_article%25253D81 HTTP/1.0" 404 280 "-" "Mozilla/4.0 (compatible; MSIE 6.0; Windows NT 5.1)"
195.56.55.225 - - [07/Oct/2013:01:28:39 +0200] "GET /test.html HTTP/1.1" 200 56 "-" "monit/4.6"
195.56.55.225 - - [07/Oct/2013:01:30:41 +0200] "GET /test.html HTTP/1.1" 200 56 "-" "monit/4.6"
195.70.55.211 - - [07/Oct/2013:01:32:08 +0200] "HEAD / HTTP/1.1" 200 0 "-" "libwww-perl/5.834"
117.26.255.153 - - [07/Oct/2013:01:32:15 +0200] "-" 408 - "-" "-"
195.56.55.225 - - [07/Oct/2013:01:32:43 +0200] "GET /test.html HTTP/1.1" 200 56 "-" "monit/4.6"
195.56.55.225 - - [07/Oct/2013:01:34:45 +0200] "GET /test.html HTTP/1.1" 200 56 "-" "monit/4.6"
195.56.55.225 - - [07/Oct/2013:01:36:47 +0200] "GET /test.html HTTP/1.1" 200 56 "-" "monit/4.6"
65.55.52.88 - - [07/Oct/2013:01:36:57 +0200] "GET /robots.txt HTTP/1.1" 404 288 "-" "Mozilla/5.0 (compatible; bingbot/2.0; +http://www.bing.com/bingbot.htm)"
195.56.55.225 - - [07/Oct/2013:01:38:49 +0200] "GET /test.html HTTP/1.1" 200 56 "-" "monit/4.6"
65.55.52.88 - - [07/Oct/2013:01:39:58 +0200] "GET /img_upload/cb39111eba7a31c9c0e48686fa8e3c87/H%C3%83%C2%A1zi___al._2011_Management_of_Calamagrostis_epigejos.pdf HTTP/1.1" 404 381 "-" "Mozilla/5.0 (compatible; bingbot/2.0; +http://www.bing.com/bingbot.htm)"
195.56.55.225 - - [07/Oct/2013:01:40:51 +0200] "GET /test.html HTTP/1.1" 200 56 "-" "monit/4.6"
183.219.240.180 - - [07/Oct/2013:01:42:19 +0200] "POST /forum_attac.php3?id_article=710&retour=cikk HTTP/1.1" 404 292 "http://attac.zpok.hu/forum_attac.php3?id_article=710&retour=cikk" "Mozilla/4.0 (compatible; MSIE 6.0; Windows NT 5.1; SV1)"
200.28.4.131 - - [07/Oct/2013:01:42:21 +0200] "POST /forum_attac.php3?id_article=710&retour=cikk HTTP/1.1" 404 292 "http://attac.zpok.hu/forum_attac.php3?id_article=710&retour=cikk" "Mozilla/4.0 (compatible; MSIE 6.0; Windows NT 5.1; SV1)"
5.9.189.39 - - [07/Oct/2013:01:42:45 +0200] "GET / HTTP/1.1" 200 1155 "-" "Mozilla/5.0 (compatible; Googlebot/2.1; +http://www.google.com/bot.html)"
195.56.55.225 - - [07/Oct/2013:01:42:53 +0200] "GET /test.html HTTP/1.1" 200 56 "-" "monit/4.6"
66.249.78.207 - - [07/Oct/2013:01:43:18 +0200] "GET / HTTP/1.1" 200 1155 "-" "Mozilla/5.0 (iPhone; U; CPU iPhone OS 4_1 like Mac OS X; en-us) AppleWebKit/532.9 (KHTML, like Gecko) Version/4.0.5 Mobile/8B117 Safari/6531.22.7 (compatible; Googlebot-Mobile/2.1; +http://www.google.com/bot.html)"
157.55.36.50 - - [07/Oct/2013:01:43:43 +0200] "GET /robots.txt HTTP/1.1" 404 291 "-" "Mozilla/5.0 (compatible; bingbot/2.0; +http://www.bing.com/bingbot.htm)"
195.56.55.225 - - [07/Oct/2013:01:44:55 +0200] "GET /test.html HTTP/1.1" 200 56 "-" "monit/4.6"
195.56.55.225 - - [07/Oct/2013:01:46:57 +0200] "GET /test.html HTTP/1.1" 200 56 "-" "monit/4.6"
66.249.78.21 - - [07/Oct/2013:01:47:48 +0200] "GET / HTTP/1.1" 200 1155 "-" "Mozilla/5.0 (iPhone; U; CPU iPhone OS 4_1 like Mac OS X; en-us) AppleWebKit/532.9 (KHTML, like Gecko) Version/4.0.5 Mobile/8B117 Safari/6531.22.7 (compatible; Googlebot-Mobile/2.1; +http://www.google.com/bot.html)"
195.56.55.225 - - [07/Oct/2013:01:48:59 +0200] "GET /test.html HTTP/1.1" 200 56 "-" "monit/4.6"
157.55.36.50 - - [07/Oct/2013:01:50:16 +0200] "GET / HTTP/1.1" 200 1155 "-" "Mozilla/5.0 (compatible; bingbot/2.0; +http://www.bing.com/bingbot.htm)"
195.56.55.225 - - [07/Oct/2013:01:51:01 +0200] "GET /test.html HTTP/1.1" 200 56 "-" "monit/4.6"
195.56.55.225 - - [07/Oct/2013:01:53:03 +0200] "GET /test.html HTTP/1.1" 200 56 "-" "monit/4.6"
195.56.55.225 - - [07/Oct/2013:01:55:05 +0200] "GET /test.html HTTP/1.1" 200 56 "-" "monit/4.6"
72.14.199.132 - - [07/Oct/2013:01:56:19 +0200] "GET / HTTP/1.1" 200 1155 "-" "Feedfetcher-Google; (+http://www.google.com/feedfetcher.html; 1 subscribers; feed-id=849169264004692768)"
195.56.55.225 - - [07/Oct/2013:01:57:07 +0200] "GET /test.html HTTP/1.1" 200 56 "-" "monit/4.6"
195.56.55.225 - - [07/Oct/2013:01:59:10 +0200] "GET /test.html HTTP/1.1" 200 56 "-" "monit/4.6"
183.219.240.180 - - [07/Oct/2013:02:00:38 +0200] "POST /forum_attac.php3?id_article=710&retour=cikk HTTP/1.1" 404 292 "http://attac.zpok.hu/forum_attac.php3?id_article=710&retour=cikk" "Mozilla/4.0 (compatible; MSIE 6.0; Windows NT 5.1; SV1)"
195.56.55.225 - - [07/Oct/2013:02:01:13 +0200] "GET /test.html HTTP/1.1" 200 56 "-" "monit/4.6"
195.56.55.225 - - [07/Oct/2013:02:03:15 +0200] "GET /test.html HTTP/1.1" 200 56 "-" "monit/4.6"
195.56.55.225 - - [07/Oct/2013:02:05:17 +0200] "GET /test.html HTTP/1.1" 200 56 "-" "monit/4.6"
157.55.33.20 - - [07/Oct/2013:02:07:02 +0200] "GET /robots.txt HTTP/1.1" 404 288 "-" "Mozilla/5.0 (compatible; bingbot/2.0; +http://www.bing.com/bingbot.htm)"
195.56.55.225 - - [07/Oct/2013:02:07:19 +0200] "GET /test.html HTTP/1.1" 200 56 "-" "monit/4.6"
195.56.55.225 - - [07/Oct/2013:02:09:21 +0200] "GET /test.html HTTP/1.1" 200 56 "-" "monit/4.6"
5.10.83.27 - - [07/Oct/2013:02:09:50 +0200] "GET /node/268 HTTP/1.1" 404 288 "-" "Mozilla/5.0 (compatible; AhrefsBot/5.0; +http://ahrefs.com/robot/)"
195.56.55.225 - - [07/Oct/2013:02:11:23 +0200] "GET /test.html HTTP/1.1" 200 56 "-" "monit/4.6"
195.56.55.225 - - [07/Oct/2013:02:13:25 +0200] "GET /test.html HTTP/1.1" 200 56 "-" "monit/4.6"
195.56.55.225 - - [07/Oct/2013:02:15:27 +0200] "GET /test.html HTTP/1.1" 200 56 "-" "monit/4.6"
195.56.55.225 - - [07/Oct/2013:02:17:29 +0200] "GET /test.html HTTP/1.1" 200 56 "-" "monit/4.6"
195.56.55.225 - - [07/Oct/2013:02:19:31 +0200] "GET /test.html HTTP/1.1" 200 56 "-" "monit/4.6"
218.13.33.61 - - [07/Oct/2013:02:20:45 +0200] "POST /forum_attac.php3?id_article=710&retour=cikk HTTP/1.1" 404 292 "/forum_attac.php3?id_article=710&retour=cikk" "Mozilla/4.0 (compatible; MSIE 6.0; Windows NT 5.1; SV1)"
114.141.162.60 - - [07/Oct/2013:02:20:47 +0200] "POST /forum_attac.php3?id_article=710&retour=cikk HTTP/1.1" 404 292 "http://attac.zpok.hu/forum_attac.php3?id_article=710&retour=cikk" "Mozilla/4.0 (compatible; MSIE 6.0; Windows NT 5.1; SV1)"
157.56.92.159 - - [07/Oct/2013:02:20:55 +0200] "GET /robots.txt HTTP/1.1" 404 285 "-" "Mozilla/5.0 (compatible; bingbot/2.0; +http://www.bing.com/bingbot.htm)"
195.56.55.225 - - [07/Oct/2013:02:21:33 +0200] "GET /test.html HTTP/1.1" 200 56 "-" "monit/4.6"
195.56.55.225 - - [07/Oct/2013:02:23:35 +0200] "GET /test.html HTTP/1.1" 200 56 "-" "monit/4.6"
5.10.83.48 - - [07/Oct/2013:02:25:18 +0200] "GET /day/33 HTTP/1.1" 404 293 "-" "Mozilla/5.0 (compatible; AhrefsBot/5.0; +http://ahrefs.com/robot/)"
195.56.55.225 - - [07/Oct/2013:02:25:37 +0200] "GET /test.html HTTP/1.1" 200 56 "-" "monit/4.6"
157.56.92.159 - - [07/Oct/2013:02:26:05 +0200] "GET / HTTP/1.1" 200 1155 "-" "Mozilla/5.0 (compatible; bingbot/2.0; +http://www.bing.com/bingbot.htm)"
157.55.33.20 - - [07/Oct/2013:02:26:18 +0200] "GET / HTTP/1.1" 200 1155 "-" "Mozilla/5.0 (compatible; bingbot/2.0; +http://www.bing.com/bingbot.htm)"
195.56.55.225 - - [07/Oct/2013:02:27:42 +0200] "GET /test.html HTTP/1.1" 200 56 "-" "monit/4.6"
195.56.55.225 - - [07/Oct/2013:02:29:45 +0200] "GET /test.html HTTP/1.1" 200 56 "-" "monit/4.6"
195.56.55.225 - - [07/Oct/2013:02:31:47 +0200] "GET /test.html HTTP/1.1" 200 56 "-" "monit/4.6"
195.56.55.225 - - [07/Oct/2013:02:33:49 +0200] "GET /test.html HTTP/1.1" 200 56 "-" "monit/4.6"
195.56.55.225 - - [07/Oct/2013:02:35:51 +0200] "GET /test.html HTTP/1.1" 200 56 "-" "monit/4.6"
195.56.55.225 - - [07/Oct/2013:02:37:53 +0200] "GET /test.html HTTP/1.1" 200 56 "-" "monit/4.6"
195.56.55.225 - - [07/Oct/2013:02:39:55 +0200] "GET /test.html HTTP/1.1" 200 56 "-" "monit/4.6"
195.56.55.225 - - [07/Oct/2013:02:41:57 +0200] "GET /test.html HTTP/1.1" 200 56 "-" "monit/4.6"
195.56.55.225 - - [07/Oct/2013:02:43:59 +0200] "GET /test.html HTTP/1.1" 200 56 "-" "monit/4.6"
211.157.174.51 - - [07/Oct/2013:02:44:19 +0200] "POST /forum_attac.php3?id_article=710&retour=cikk HTTP/1.1" 404 292 "http://attac.zpok.hu/forum_attac.php3?id_article=710&retour=cikk" "Mozilla/4.0 (compatible; MSIE 6.0; Windows NT 5.1; SV1)"
195.56.55.225 - - [07/Oct/2013:02:46:01 +0200] "GET /test.html HTTP/1.1" 200 56 "-" "monit/4.6"
195.56.55.225 - - [07/Oct/2013:02:48:05 +0200] "GET /test.html HTTP/1.1" 200 56 "-" "monit/4.6"
195.56.55.225 - - [07/Oct/2013:02:50:07 +0200] "GET /test.html HTTP/1.1" 200 56 "-" "monit/4.6"
195.56.55.225 - - [07/Oct/2013:02:52:09 +0200] "GET /test.html HTTP/1.1" 200 56 "-" "monit/4.6"
195.56.55.225 - - [07/Oct/2013:02:54:11 +0200] "GET /test.html HTTP/1.1" 200 56 "-" "monit/4.6"
178.3.130.131 - - [07/Oct/2013:02:56:06 +0200] "GET /robots.txt HTTP/1.0" 404 299 "-" "Mozilla/5.0 (compatible; MJ12bot/v1.4.4; http://www.majestic12.co.uk/bot.php?+)"
178.3.130.131 - - [07/Oct/2013:02:56:07 +0200] "GET /lakossagi/szigeteles-fillerekbol/C%C3%A9g%C3%BCnk HTTP/1.1" 404 342 "-" "Mozilla/5.0 (compatible; MJ12bot/v1.4.4; http://www.majestic12.co.uk/bot.php?+)"
178.3.130.131 - - [07/Oct/2013:02:56:09 +0200] "GET /lakossagi/szigeteles-fillerekbol/Elad%C3%B3 HTTP/1.1" 404 340 "-" "Mozilla/5.0 (compatible; MJ12bot/v1.4.4; http://www.majestic12.co.uk/bot.php?+)"
178.3.130.131 - - [07/Oct/2013:02:56:11 +0200] "GET /lakossagi/szigeteles-fillerekbol/F%C3%B5 HTTP/1.1" 404 337 "-" "Mozilla/5.0 (compatible; MJ12bot/v1.4.4; http://www.majestic12.co.uk/bot.php?+)"
178.3.130.131 - - [07/Oct/2013:02:56:12 +0200] "GET /lakossagi/szigeteles-fillerekbol/F%C5%91 HTTP/1.1" 404 337 "-" "Mozilla/5.0 (compatible; MJ12bot/v1.4.4; http://www.majestic12.co.uk/bot.php?+)"
195.56.55.225 - - [07/Oct/2013:02:56:13 +0200] "GET /test.html HTTP/1.1" 200 56 "-" "monit/4.6"
178.3.130.131 - - [07/Oct/2013:02:56:14 +0200] "GET /lakossagi/szigeteles-fillerekbol/H%C3%B5 HTTP/1.1" 404 337 "-" "Mozilla/5.0 (compatible; MJ12bot/v1.4.4; http://www.majestic12.co.uk/bot.php?+)"
178.3.130.131 - - [07/Oct/2013:02:56:16 +0200] "GET /lakossagi/szigeteles-fillerekbol/H%C3%B5szigetel%C3%A9s HTTP/1.1" 404 348 "-" "Mozilla/5.0 (compatible; MJ12bot/v1.4.4; http://www.majestic12.co.uk/bot.php?+)"
178.3.130.131 - - [07/Oct/2013:02:56:17 +0200] "GET /lakossagi/szigeteles-fillerekbol/H%C5%91 HTTP/1.1" 404 337 "-" "Mozilla/5.0 (compatible; MJ12bot/v1.4.4; http://www.majestic12.co.uk/bot.php?+)"
178.3.130.131 - - [07/Oct/2013:02:56:19 +0200] "GET /lakossagi/szigeteles-fillerekbol/H%C5%91szigetel%C3%A9s HTTP/1.1" 404 348 "-" "Mozilla/5.0 (compatible; MJ12bot/v1.4.4; http://www.majestic12.co.uk/bot.php?+)"
178.3.130.131 - - [07/Oct/2013:02:56:20 +0200] "GET /lakossagi/szigeteles-fillerekbol/Lapostet%C3%B5 HTTP/1.1" 404 344 "-" "Mozilla/5.0 (compatible; MJ12bot/v1.4.4; http://www.majestic12.co.uk/bot.php?+)"
178.3.130.131 - - [07/Oct/2013:02:56:22 +0200] "GET /lakossagi/szigeteles-fillerekbol/Lapostet%C5%91 HTTP/1.1" 404 344 "-" "Mozilla/5.0 (compatible; MJ12bot/v1.4.4; http://www.majestic12.co.uk/bot.php?+)"
195.226.209.132 - - [07/Oct/2013:02:56:27 +0200] "POST /forum_attac.php3?id_article=710&retour=cikk HTTP/1.1" 404 292 "http://attac.zpok.hu/forum_attac.php3?id_article=710&retour=cikk" "Mozilla/4.0 (compatible; MSIE 6.0; Windows NT 5.1; SV1)"
65.55.218.61 - - [07/Oct/2013:02:57:27 +0200] "-" 408 - "-" "-"
193.105.210.226 - - [07/Oct/2013:02:57:49 +0200] "-" 408 - "-" "-"
193.105.210.226 - - [07/Oct/2013:02:57:49 +0200] "-" 408 - "-" "-"
193.105.210.226 - - [07/Oct/2013:02:57:49 +0200] "-" 408 - "-" "-"
193.105.210.226 - - [07/Oct/2013:02:57:49 +0200] "-" 408 - "-" "-"
195.56.55.225 - - [07/Oct/2013:02:58:15 +0200] "GET /test.html HTTP/1.1" 200 56 "-" "monit/4.6"
195.56.55.225 - - [07/Oct/2013:03:00:18 +0200] "GET /test.html HTTP/1.1" 200 56 "-" "monit/4.6"
195.56.55.225 - - [07/Oct/2013:03:02:20 +0200] "GET /test.html HTTP/1.1" 200 56 "-" "monit/4.6"
195.56.55.225 - - [07/Oct/2013:03:04:22 +0200] "GET /test.html HTTP/1.1" 200 56 "-" "monit/4.6"
195.56.55.225 - - [07/Oct/2013:03:06:24 +0200] "GET /test.html HTTP/1.1" 200 56 "-" "monit/4.6"
5.10.83.27 - - [07/Oct/2013:03:06:46 +0200] "GET /tevekenysegunk/zolduljunk/okologiai_fogyasztovedelem HTTP/1.1" 404 332 "-" "Mozilla/5.0 (compatible; AhrefsBot/5.0; +http://ahrefs.com/robot/)"
195.56.55.225 - - [07/Oct/2013:03:08:26 +0200] "GET /test.html HTTP/1.1" 200 56 "-" "monit/4.6"
195.56.55.225 - - [07/Oct/2013:03:10:28 +0200] "GET /test.html HTTP/1.1" 200 56 "-" "monit/4.6"
195.56.55.225 - - [07/Oct/2013:03:12:30 +0200] "GET /test.html HTTP/1.1" 200 56 "-" "monit/4.6"
112.124.38.227 - - [07/Oct/2013:03:14:05 +0200] "POST /forum_attac.php3?id_article=710&retour=cikk HTTP/1.0" 404 280 "http://attac.zpok.hu/forum_attac.php3?id_article=710&retour=cikk" "Mozilla/4.0 (compatible; MSIE 6.0; Windows NT 5.1; SV1)"
223.4.55.66 - - [07/Oct/2013:03:14:07 +0200] "POST /forum_attac.php3?id_article=710&retour=cikk HTTP/1.1" 404 292 "http://attac.zpok.hu/forum_attac.php3?id_article=710&retour=cikk" "Mozilla/4.0 (compatible; MSIE 6.0; Windows NT 5.1; SV1)"
124.172.245.206 - - [07/Oct/2013:03:14:09 +0200] "POST /forum_attac.php3?id_article=710&retour=cikk HTTP/1.0" 404 280 "http://attac.zpok.hu/forum_attac.php3?id_article=710&retour=cikk" "Mozilla/4.0 (compatible; MSIE 6.0; Windows NT 5.1; SV1)"
157.55.32.62 - - [07/Oct/2013:03:14:22 +0200] "GET /robots.txt HTTP/1.1" 404 285 "-" "Mozilla/5.0 (compatible; bingbot/2.0; +http://www.bing.com/bingbot.htm)"
195.56.55.225 - - [07/Oct/2013:03:14:34 +0200] "GET /test.html HTTP/1.1" 200 56 "-" "monit/4.6"
202.46.49.72 - - [07/Oct/2013:03:16:10 +0200] "GET / HTTP/1.1" 200 1155 "-" "Mozilla/4.0 (compatible; MSIE 7.0; Windows NT 6.0)"
195.56.55.225 - - [07/Oct/2013:03:16:50 +0200] "GET /test.html HTTP/1.1" 200 56 "-" "monit/4.6"
157.55.32.62 - - [07/Oct/2013:03:17:23 +0200] "GET / HTTP/1.1" 200 1155 "-" "Mozilla/5.0 (compatible; bingbot/2.0; +http://www.bing.com/bingbot.htm)"
119.63.193.130 - - [07/Oct/2013:03:17:28 +0200] "GET / HTTP/1.1" 200 1155 "-" "Mozilla/4.0 (compatible; MSIE 7.0; Windows NT 6.0)"
5.10.83.67 - - [07/Oct/2013:03:18:29 +0200] "-" 408 - "-" "-"
195.56.55.225 - - [07/Oct/2013:03:18:52 +0200] "GET /test.html HTTP/1.1" 200 56 "-" "monit/4.6"
190.202.87.132 - - [07/Oct/2013:03:20:01 +0200] "POST /forum_attac.php3?id_article=710&retour=cikk HTTP/1.0" 404 280 "http://attac.zpok.hu/forum_attac.php3?id_article=710&retour=cikk" "Mozilla/4.0 (compatible; MSIE 6.0; Windows NT 5.1; SV1)"
65.49.2.16 - - [07/Oct/2013:03:20:02 +0200] "POST /forum_attac.php3?id_article=710&retour=cikk HTTP/1.1" 404 292 "http://attac.zpok.hu/forum_attac.php3?id_article=710&retour=cikk" "Mozilla/4.0 (compatible; MSIE 6.0; Windows NT 5.1; SV1)"
195.56.55.225 - - [07/Oct/2013:03:20:54 +0200] "GET /test.html HTTP/1.1" 200 56 "-" "monit/4.6"
195.56.55.225 - - [07/Oct/2013:03:22:56 +0200] "GET /test.html HTTP/1.1" 200 56 "-" "monit/4.6"
195.56.55.225 - - [07/Oct/2013:03:24:59 +0200] "GET /test.html HTTP/1.1" 200 56 "-" "monit/4.6"
157.55.36.54 - - [07/Oct/2013:03:26:25 +0200] "GET /robots.txt HTTP/1.1" 404 290 "-" "Mozilla/5.0 (compatible; bingbot/2.0; +http://www.bing.com/bingbot.htm)"
195.56.55.225 - - [07/Oct/2013:03:27:01 +0200] "GET /test.html HTTP/1.1" 200 56 "-" "monit/4.6"
157.55.36.54 - - [07/Oct/2013:03:28:12 +0200] "GET / HTTP/1.1" 200 1155 "-" "Mozilla/5.0 (compatible; bingbot/2.0; +http://www.bing.com/bingbot.htm)"
157.55.36.54 - - [07/Oct/2013:03:28:15 +0200] "GET / HTTP/1.1" 200 1155 "-" "Mozilla/5.0 (compatible; bingbot/2.0; +http://www.bing.com/bingbot.htm)"
195.56.55.225 - - [07/Oct/2013:03:29:04 +0200] "GET /test.html HTTP/1.1" 200 56 "-" "monit/4.6"
157.55.32.62 - - [07/Oct/2013:03:30:17 +0200] "GET /robots.txt HTTP/1.1" 404 286 "-" "Mozilla/5.0 (compatible; bingbot/2.0; +http://www.bing.com/bingbot.htm)"
157.55.32.62 - - [07/Oct/2013:03:30:53 +0200] "GET /cikk.php3?id_article=672 HTTP/1.1" 404 285 "-" "Mozilla/5.0 (compatible; bingbot/2.0; +http://www.bing.com/bingbot.htm)"
195.56.55.225 - - [07/Oct/2013:03:31:06 +0200] "GET /test.html HTTP/1.1" 200 56 "-" "monit/4.6"
118.85.208.222 - - [07/Oct/2013:03:32:24 +0200] "POST /forum_attac.php3?id_article=710&retour=cikk HTTP/1.1" 404 292 "http://attac.zpok.hu/forum_attac.php3?id_article=710&retour=cikk" "Mozilla/4.0 (compatible; MSIE 6.0; Windows NT 5.1; SV1)"
195.56.55.225 - - [07/Oct/2013:03:33:08 +0200] "GET /test.html HTTP/1.1" 200 56 "-" "monit/4.6"
195.56.55.225 - - [07/Oct/2013:03:35:10 +0200] "GET /test.html HTTP/1.1" 200 56 "-" "monit/4.6"
5.10.83.48 - - [07/Oct/2013:03:36:27 +0200] "GET /node/230 HTTP/1.1" 404 292 "-" "Mozilla/5.0 (compatible; AhrefsBot/5.0; +http://ahrefs.com/robot/)"
195.56.55.225 - - [07/Oct/2013:03:37:12 +0200] "GET /test.html HTTP/1.1" 200 56 "-" "monit/4.6"
195.56.55.225 - - [07/Oct/2013:03:39:14 +0200] "GET /test.html HTTP/1.1" 200 56 "-" "monit/4.6"
195.56.55.225 - - [07/Oct/2013:03:41:16 +0200] "GET /test.html HTTP/1.1" 200 56 "-" "monit/4.6"
195.56.55.225 - - [07/Oct/2013:03:43:18 +0200] "GET /test.html HTTP/1.1" 200 56 "-" "monit/4.6"
195.56.55.225 - - [07/Oct/2013:03:45:20 +0200] "GET /test.html HTTP/1.1" 200 56 "-" "monit/4.6"
195.56.55.225 - - [07/Oct/2013:03:47:22 +0200] "GET /test.html HTTP/1.1" 200 56 "-" "monit/4.6"
212.7.196.79 - - [07/Oct/2013:03:49:17 +0200] "GET / HTTP/1.1" 200 1155 "-" "Mozilla/5.0 (Windows; U; Windows NT 6.1; WOW64; en-US; rv:2.0.4) Gecko/20120718 AskTbAVR-IDW/3.12.5.17700 Firefox/14.0.1"
195.56.55.225 - - [07/Oct/2013:03:49:24 +0200] "GET /test.html HTTP/1.1" 200 56 "-" "monit/4.6"
66.249.78.86 - - [07/Oct/2013:03:50:31 +0200] "GET /robots.txt HTTP/1.1" 404 291 "-" "Mozilla/5.0 (compatible; Googlebot/2.1; +http://www.google.com/bot.html)"
66.249.78.86 - - [07/Oct/2013:03:50:32 +0200] "GET / HTTP/1.1" 200 1155 "-" "Mozilla/5.0 (compatible; Googlebot/2.1; +http://www.google.com/bot.html)"
66.249.78.27 - - [07/Oct/2013:03:50:59 +0200] "GET /robots.txt HTTP/1.1" 404 285 "-" "Mozilla/5.0 (compatible; Googlebot/2.1; +http://www.google.com/bot.html)"
66.249.78.27 - - [07/Oct/2013:03:50:59 +0200] "GET / HTTP/1.1" 200 1155 "-" "Mozilla/5.0 (compatible; Googlebot/2.1; +http://www.google.com/bot.html)"
195.56.55.225 - - [07/Oct/2013:03:51:26 +0200] "GET /test.html HTTP/1.1" 200 56 "-" "monit/4.6"
183.219.240.180 - - [07/Oct/2013:03:52:20 +0200] "POST /forum_attac.php3?id_article=710&retour=cikk HTTP/1.1" 404 292 "http://attac.zpok.hu/forum_attac.php3?id_article=710&retour=cikk" "Mozilla/4.0 (compatible; MSIE 6.0; Windows NT 5.1; SV1)"
223.87.19.5 - - [07/Oct/2013:03:52:25 +0200] "POST /forum_attac.php3?id_article=710&retour=cikk HTTP/1.1" 404 292 "http://attac.zpok.hu/forum_attac.php3?id_article=710&retour=cikk" "Mozilla/4.0 (compatible; MSIE 6.0; Windows NT 5.1; SV1)"
195.56.55.225 - - [07/Oct/2013:03:53:28 +0200] "GET /test.html HTTP/1.1" 200 56 "-" "monit/4.6"
193.105.210.226 - - [07/Oct/2013:03:55:19 +0200] "-" 408 - "-" "-"
193.105.210.226 - - [07/Oct/2013:03:55:23 +0200] "-" 408 - "-" "-"
195.56.55.225 - - [07/Oct/2013:03:55:30 +0200] "GET /test.html HTTP/1.1" 200 56 "-" "monit/4.6"
37.140.141.5 - - [07/Oct/2013:03:56:16 +0200] "GET /robots.txt HTTP/1.1" 404 285 "-" "Mozilla/5.0 (compatible; YandexBot/3.0; +http://yandex.com/bots)"
37.140.141.5 - - [07/Oct/2013:03:56:16 +0200] "GET /robots.txt HTTP/1.1" 404 289 "-" "Mozilla/5.0 (compatible; YandexBot/3.0; +http://yandex.com/bots)"
37.140.141.5 - - [07/Oct/2013:03:56:18 +0200] "GET / HTTP/1.1" 200 1155 "-" "Mozilla/5.0 (compatible; YandexBot/3.0; +http://yandex.com/bots)"
37.140.141.5 - - [07/Oct/2013:03:56:19 +0200] "GET / HTTP/1.1" 200 1155 "-" "Mozilla/5.0 (compatible; YandexBot/3.0; +http://yandex.com/bots)"
37.140.141.5 - - [07/Oct/2013:03:56:26 +0200] "GET / HTTP/1.1" 200 1155 "-" "Mozilla/5.0 (compatible; YandexBot/3.0; +http://yandex.com/bots)"
37.140.141.5 - - [07/Oct/2013:03:56:26 +0200] "GET / HTTP/1.1" 200 1155 "-" "Mozilla/5.0 (compatible; YandexBot/3.0; +http://yandex.com/bots)"
195.56.55.225 - - [07/Oct/2013:03:57:33 +0200] "GET /test.html HTTP/1.1" 200 56 "-" "monit/4.6"
37.140.141.5 - - [07/Oct/2013:03:58:38 +0200] "GET /robots.txt HTTP/1.1" 404 286 "-" "Mozilla/5.0 (compatible; YandexBot/3.0; +http://yandex.com/bots)"
37.140.141.5 - - [07/Oct/2013:03:58:39 +0200] "GET /robots.txt HTTP/1.1" 404 290 "-" "Mozilla/5.0 (compatible; YandexBot/3.0; +http://yandex.com/bots)"
37.140.141.5 - - [07/Oct/2013:03:58:40 +0200] "GET / HTTP/1.1" 200 1155 "-" "Mozilla/5.0 (compatible; YandexBot/3.0; +http://yandex.com/bots)"
37.140.141.5 - - [07/Oct/2013:03:58:41 +0200] "GET / HTTP/1.1" 200 1155 "-" "Mozilla/5.0 (compatible; YandexBot/3.0; +http://yandex.com/bots)"
37.140.141.5 - - [07/Oct/2013:03:58:52 +0200] "GET / HTTP/1.1" 200 1155 "-" "Mozilla/5.0 (compatible; YandexBot/3.0; +http://yandex.com/bots)"
37.140.141.5 - - [07/Oct/2013:03:58:53 +0200] "GET / HTTP/1.1" 200 1155 "-" "Mozilla/5.0 (compatible; YandexBot/3.0; +http://yandex.com/bots)"
66.249.78.218 - - [07/Oct/2013:03:59:04 +0200] "GET /IMG/arton706.jpg HTTP/1.1" 404 292 "-" "Googlebot-Image/1.0"
195.56.55.225 - - [07/Oct/2013:03:59:35 +0200] "GET /test.html HTTP/1.1" 200 56 "-" "monit/4.6"
37.140.141.5 - - [07/Oct/2013:04:00:42 +0200] "GET /robots.txt HTTP/1.1" 404 299 "-" "Mozilla/5.0 (compatible; YandexBot/3.0; +http://yandex.com/bots)"
37.140.141.5 - - [07/Oct/2013:04:00:43 +0200] "GET /robots.txt HTTP/1.1" 404 295 "-" "Mozilla/5.0 (compatible; YandexBot/3.0; +http://yandex.com/bots)"
37.140.141.5 - - [07/Oct/2013:04:00:44 +0200] "GET / HTTP/1.1" 200 1155 "-" "Mozilla/5.0 (compatible; YandexBot/3.0; +http://yandex.com/bots)"
37.140.141.5 - - [07/Oct/2013:04:00:45 +0200] "GET / HTTP/1.1" 200 1155 "-" "Mozilla/5.0 (compatible; YandexBot/3.0; +http://yandex.com/bots)"
37.140.141.5 - - [07/Oct/2013:04:00:49 +0200] "GET / HTTP/1.1" 200 1155 "-" "Mozilla/5.0 (compatible; YandexBot/3.0; +http://yandex.com/bots)"
37.140.141.5 - - [07/Oct/2013:04:00:50 +0200] "GET / HTTP/1.1" 200 1155 "-" "Mozilla/5.0 (compatible; YandexBot/3.0; +http://yandex.com/bots)"
5.10.83.27 - - [07/Oct/2013:04:01:25 +0200] "GET /documents/alburnusmaior/canembassypr.htm HTTP/1.1" 404 326 "-" "Mozilla/5.0 (compatible; AhrefsBot/5.0; +http://ahrefs.com/robot/)"
195.56.55.225 - - [07/Oct/2013:04:01:38 +0200] "GET /test.html HTTP/1.1" 200 56 "-" "monit/4.6"
37.140.141.5 - - [07/Oct/2013:04:02:15 +0200] "GET /robots.txt HTTP/1.1" 404 290 "-" "Mozilla/5.0 (compatible; YandexBot/3.0; +http://yandex.com/bots)"
37.140.141.5 - - [07/Oct/2013:04:02:17 +0200] "GET / HTTP/1.1" 200 1155 "-" "Mozilla/5.0 (compatible; YandexBot/3.0; +http://yandex.com/bots)"
37.140.141.5 - - [07/Oct/2013:04:02:17 +0200] "GET / HTTP/1.1" 200 1155 "-" "Mozilla/5.0 (compatible; YandexBot/3.0; +http://yandex.com/bots)"
37.140.141.5 - - [07/Oct/2013:04:02:20 +0200] "GET / HTTP/1.1" 200 1155 "-" "Mozilla/5.0 (compatible; YandexBot/3.0; +http://yandex.com/bots)"
37.140.141.5 - - [07/Oct/2013:04:02:21 +0200] "GET / HTTP/1.1" 200 1155 "-" "Mozilla/5.0 (compatible; YandexBot/3.0; +http://yandex.com/bots)"
37.140.141.5 - - [07/Oct/2013:04:03:03 +0200] "GET /robots.txt HTTP/1.1" 404 295 "-" "Mozilla/5.0 (compatible; YandexBot/3.0; +http://yandex.com/bots)"
37.140.141.5 - - [07/Oct/2013:04:03:04 +0200] "GET /robots.txt HTTP/1.1" 404 291 "-" "Mozilla/5.0 (compatible; YandexBot/3.0; +http://yandex.com/bots)"
37.140.141.5 - - [07/Oct/2013:04:03:05 +0200] "GET / HTTP/1.1" 200 1155 "-" "Mozilla/5.0 (compatible; YandexBot/3.0; +http://yandex.com/bots)"
37.140.141.5 - - [07/Oct/2013:04:03:06 +0200] "GET / HTTP/1.1" 200 1155 "-" "Mozilla/5.0 (compatible; YandexBot/3.0; +http://yandex.com/bots)"
37.140.141.5 - - [07/Oct/2013:04:03:09 +0200] "GET / HTTP/1.1" 200 1155 "-" "Mozilla/5.0 (compatible; YandexBot/3.0; +http://yandex.com/bots)"
37.140.141.5 - - [07/Oct/2013:04:03:11 +0200] "GET / HTTP/1.1" 200 1155 "-" "Mozilla/5.0 (compatible; YandexBot/3.0; +http://yandex.com/bots)"
195.56.55.225 - - [07/Oct/2013:04:03:40 +0200] "GET /test.html HTTP/1.1" 200 56 "-" "monit/4.6"
65.55.215.238 - - [07/Oct/2013:04:05:20 +0200] "-" 408 - "-" "-"
37.140.141.5 - - [07/Oct/2013:04:05:33 +0200] "GET /robots.txt HTTP/1.1" 404 294 "-" "Mozilla/5.0 (compatible; YandexBot/3.0; +http://yandex.com/bots)"
37.140.141.5 - - [07/Oct/2013:04:05:34 +0200] "GET /robots.txt HTTP/1.1" 404 290 "-" "Mozilla/5.0 (compatible; YandexBot/3.0; +http://yandex.com/bots)"
37.140.141.5 - - [07/Oct/2013:04:05:35 +0200] "GET / HTTP/1.1" 200 1155 "-" "Mozilla/5.0 (compatible; YandexBot/3.0; +http://yandex.com/bots)"
37.140.141.5 - - [07/Oct/2013:04:05:36 +0200] "GET / HTTP/1.1" 200 1155 "-" "Mozilla/5.0 (compatible; YandexBot/3.0; +http://yandex.com/bots)"
37.140.141.5 - - [07/Oct/2013:04:05:39 +0200] "GET / HTTP/1.1" 200 1155 "-" "Mozilla/5.0 (compatible; YandexBot/3.0; +http://yandex.com/bots)"
