195.56.55.225 - - [09/Oct/2013:20:51:59 +0200] "GET /test.html HTTP/1.1" 200 56 "-" "monit/4.6"
195.56.55.225 - - [09/Oct/2013:20:54:02 +0200] "GET /test.html HTTP/1.1" 200 56 "-" "monit/4.6"
195.56.55.225 - - [09/Oct/2013:20:56:04 +0200] "GET /test.html HTTP/1.1" 200 56 "-" "monit/4.6"
193.105.221.1 - - [09/Oct/2013:20:57:54 +0200] "GET / HTTP/1.1" 200 1155 "-" "Mozilla/4.0 (compatible; MSIE 8.0; Windows NT 6.1; WOW64; Trident/4.0; SLCC2; .NET CLR 2.0.50727; .NET CLR 3.5.30729; .NET CLR 3.0.30729; .NET CLR 1.1.4322; .NET4.0C; .NET4.0E)"
193.105.221.1 - - [09/Oct/2013:20:57:54 +0200] "GET /favicon.ico HTTP/1.1" 404 288 "-" "Mozilla/4.0 (compatible; MSIE 8.0; Windows NT 6.1; WOW64; Trident/4.0; SLCC2; .NET CLR 2.0.50727; .NET CLR 3.5.30729; .NET CLR 3.0.30729; .NET CLR 1.1.4322; .NET4.0C; .NET4.0E)"
66.249.66.120 - - [09/Oct/2013:20:58:04 +0200] "GET /anyagok/silo_levelek_barataimnak.pdf HTTP/1.1" 404 320 "-" "Googlebot/2.1 (+http://www.google.com/bot.html)"
193.105.221.1 - - [09/Oct/2013:20:58:09 +0200] "GET / HTTP/1.1" 304 - "-" "Mozilla/4.0 (compatible; MSIE 8.0; Windows NT 6.1; WOW64; Trident/4.0; SLCC2; .NET CLR 2.0.50727; .NET CLR 3.5.30729; .NET CLR 3.0.30729; .NET CLR 1.1.4322; .NET4.0C; .NET4.0E)"
195.56.55.225 - - [09/Oct/2013:20:58:11 +0200] "GET /test.html HTTP/1.1" 200 56 "-" "monit/4.6"
5.10.83.24 - - [09/Oct/2013:20:58:33 +0200] "GET /breve.php3?id_breve=172 HTTP/1.1" 404 286 "-" "Mozilla/5.0 (compatible; AhrefsBot/5.0; +http://ahrefs.com/robot/)"
94.44.26.248 - - [09/Oct/2013:20:59:11 +0200] "-" 408 - "-" "-"
195.56.55.225 - - [09/Oct/2013:21:00:13 +0200] "GET /test.html HTTP/1.1" 200 56 "-" "monit/4.6"
193.226.233.132 - - [09/Oct/2013:21:01:39 +0200] "-" 408 - "-" "-"
188.93.206.72 - - [09/Oct/2013:21:02:03 +0200] "-" 408 - "-" "-"
188.93.206.72 - - [09/Oct/2013:21:02:03 +0200] "-" 408 - "-" "-"
195.56.55.225 - - [09/Oct/2013:21:02:15 +0200] "GET /test.html HTTP/1.1" 200 56 "-" "monit/4.6"
195.56.55.225 - - [09/Oct/2013:21:04:17 +0200] "GET /test.html HTTP/1.1" 200 56 "-" "monit/4.6"
208.115.111.71 - - [09/Oct/2013:21:05:46 +0200] "GET /wto.shtml?x=12018 HTTP/1.1" 404 298 "-" "Mozilla/5.0 (compatible; Ezooms/1.0; ezooms.bot@gmail.com)"
195.56.55.225 - - [09/Oct/2013:21:06:19 +0200] "GET /test.html HTTP/1.1" 200 56 "-" "monit/4.6"
212.7.196.79 - - [09/Oct/2013:21:06:23 +0200] "GET / HTTP/1.1" 200 1155 "-" "Mozilla/5.0 (Windows; U; Windows NT 6.1; WOW64; en-US; rv:2.0.4) Gecko/20120718 AskTbAVR-IDW/3.12.5.17700 Firefox/14.0.1"
84.0.214.5 - - [09/Oct/2013:21:07:05 +0200] "-" 408 - "-" "-"
91.232.96.36 - - [09/Oct/2013:21:07:09 +0200] "GET /forum_attac.php3?id_article=983&retour=cikk.php3%3Fid_article%3D983 HTTP/1.1" 404 292 "-" "Mozilla/4.0 (compatible; MSIE 6.0; Windows NT 5.1; SV1)"
195.56.55.225 - - [09/Oct/2013:21:08:24 +0200] "GET /test.html HTTP/1.1" 200 56 "-" "monit/4.6"
195.56.55.225 - - [09/Oct/2013:21:10:59 +0200] "GET /test.html HTTP/1.1" 200 56 "-" "monit/4.6"
37.191.9.111 - - [09/Oct/2013:21:11:39 +0200] "GET /proxy.pac HTTP/1.1" 404 286 "-" "Mozilla/5.0 (compatible; MSIE 10.0; Win32; Trident/6.0)"
195.56.55.225 - - [09/Oct/2013:21:13:01 +0200] "GET /test.html HTTP/1.1" 200 56 "-" "monit/4.6"
67.202.39.54 - - [09/Oct/2013:21:13:37 +0200] "GET /robots.txt HTTP/1.1" 404 292 "-" "ShopWiki/1.0 ( +http://www.shopwiki.com/wiki/Help:Bot)"
67.202.39.54 - - [09/Oct/2013:21:13:38 +0200] "GET / HTTP/1.1" 200 1155 "-" "ShopWiki/1.0 ( +http://www.shopwiki.com/wiki/Help:Bot)"
67.202.39.54 - - [09/Oct/2013:21:13:39 +0200] "GET / HTTP/1.1" 200 1155 "-" "ShopWiki/1.0 ( +http://www.shopwiki.com/wiki/Help:Bot)"
67.202.39.54 - - [09/Oct/2013:21:13:40 +0200] "GET / HTTP/1.1" 200 1155 "-" "ShopWiki/1.0 ( +http://www.shopwiki.com/wiki/Help:Bot)"
195.56.55.225 - - [09/Oct/2013:21:15:08 +0200] "GET /test.html HTTP/1.1" 200 56 "-" "monit/4.6"
195.56.55.225 - - [09/Oct/2013:21:17:16 +0200] "GET /test.html HTTP/1.1" 200 56 "-" "monit/4.6"
195.56.55.225 - - [09/Oct/2013:21:19:21 +0200] "GET /test.html HTTP/1.1" 200 56 "-" "monit/4.6"
159.226.169.103 - - [09/Oct/2013:21:20:34 +0200] "POST /forum_attac.php3?id_article=710&retour=cikk HTTP/1.1" 404 292 "http://attac.zpok.hu/forum_attac.php3?id_article=710&retour=cikk" "Mozilla/4.0 (compatible; MSIE 6.0; Windows NT 5.1; SV1)"
195.56.55.225 - - [09/Oct/2013:21:21:27 +0200] "GET /test.html HTTP/1.1" 200 56 "-" "monit/4.6"
84.3.253.93 - - [09/Oct/2013:21:22:22 +0200] "-" 408 - "-" "-"
195.56.55.225 - - [09/Oct/2013:21:23:36 +0200] "GET /test.html HTTP/1.1" 200 56 "-" "monit/4.6"
195.56.55.225 - - [09/Oct/2013:21:25:45 +0200] "GET /test.html HTTP/1.1" 200 56 "-" "monit/4.6"
195.56.55.225 - - [09/Oct/2013:21:27:47 +0200] "GET /test.html HTTP/1.1" 200 56 "-" "monit/4.6"
195.56.55.225 - - [09/Oct/2013:21:29:49 +0200] "GET /test.html HTTP/1.1" 200 56 "-" "monit/4.6"
91.232.96.36 - - [09/Oct/2013:21:30:06 +0200] "GET /forum_attac.php3?id_article=983&retour=cikk.php3%3Fid_article%3D983 HTTP/1.1" 404 292 "-" "Mozilla/4.0 (compatible; MSIE 6.0; Windows NT 5.1; SV1)"
195.56.55.225 - - [09/Oct/2013:21:31:53 +0200] "GET /test.html HTTP/1.1" 200 56 "-" "monit/4.6"
180.76.6.37 - - [09/Oct/2013:21:33:15 +0200] "GET / HTTP/1.1" 200 1155 "-" "Mozilla/5.0 (compatible; Baiduspider/2.0; +http://www.baidu.com/search/spider.html)"
195.56.55.225 - - [09/Oct/2013:21:34:01 +0200] "GET /test.html HTTP/1.1" 200 56 "-" "monit/4.6"
195.56.55.225 - - [09/Oct/2013:21:36:17 +0200] "GET /test.html HTTP/1.1" 200 56 "-" "monit/4.6"
199.15.233.138 - - [09/Oct/2013:21:37:54 +0200] "GET / HTTP/1.0" 200 1155 "http://forum.lmv.hu/" "Mozilla/5.0 (Windows NT 5.1; rv:15.0) Gecko/20100101 Firefox/15.0"
195.56.55.225 - - [09/Oct/2013:21:38:25 +0200] "GET /test.html HTTP/1.1" 200 56 "-" "monit/4.6"
66.249.66.120 - - [09/Oct/2013:21:39:31 +0200] "GET /anyagok/silo_mit_ertunk_ma_egyetemes_humanizmus_alatt.pdf HTTP/1.1" 404 341 "-" "Googlebot/2.1 (+http://www.google.com/bot.html)"
37.57.133.189 - - [09/Oct/2013:21:39:43 +0200] "GET /IMG/European_SW_Report_2010-eng.pdf+++++++++++++++++++++++++Result:+%ED%E5+%ED%E0%F8%EB%EE%F1%FC+%F4%EE%F0%EC%FB+%E4%EB%FF+%EE%F2%EF%F0%E0%E2%EA%E8; HTTP/1.0" 404 362 "http://attac.zpok.hu/IMG/European_SW_Report_2010-eng.pdf+++++++++++++++++++++++++Result:+%ED%E5+%ED%E0%F8%EB%EE%F1%FC+%F4%EE%F0%EC%FB+%E4%EB%FF+%EE%F2%EF%F0%E0%E2%EA%E8;" "Mozilla/4.0 (compatible; MSIE 8.0; Windows NT 5.1; Trident/4.0; .NET CLR 1.1.4322; .NET CLR 2.0.50727; .NET CLR 3.0.4506.2152; .NET CLR 3.5.30729)"
208.115.113.90 - - [09/Oct/2013:21:39:43 +0200] "GET /robots.txt HTTP/1.1" 404 305 "-" "Mozilla/5.0 (compatible; Ezooms/1.0; ezooms.bot@gmail.com)"
37.57.133.189 - - [09/Oct/2013:21:39:43 +0200] "GET / HTTP/1.0" 200 1155 "http://attac.zpok.hu/" "Mozilla/4.0 (compatible; MSIE 8.0; Windows NT 5.1; Trident/4.0; .NET CLR 1.1.4322; .NET CLR 2.0.50727; .NET CLR 3.0.4506.2152; .NET CLR 3.5.30729)"
195.56.55.225 - - [09/Oct/2013:21:40:33 +0200] "GET /test.html HTTP/1.1" 200 56 "-" "monit/4.6"
5.10.83.24 - - [09/Oct/2013:21:40:44 +0200] "GET /cikk.php3?id_article=171 HTTP/1.1" 404 285 "-" "Mozilla/5.0 (compatible; AhrefsBot/5.0; +http://ahrefs.com/robot/)"
195.56.55.225 - - [09/Oct/2013:21:42:41 +0200] "GET /test.html HTTP/1.1" 200 56 "-" "monit/4.6"
222.178.10.249 - - [09/Oct/2013:21:43:45 +0200] "POST /forum_attac.php3?id_article=710&retour=cikk HTTP/1.0" 404 280 "http://attac.zpok.hu/forum_attac.php3?id_article=710&retour=cikk" "Mozilla/4.0 (compatible; MSIE 6.0; Windows NT 5.1; SV1)"
195.56.55.225 - - [09/Oct/2013:21:44:44 +0200] "GET /test.html HTTP/1.1" 200 56 "-" "monit/4.6"
195.56.55.225 - - [09/Oct/2013:21:46:46 +0200] "GET /test.html HTTP/1.1" 200 56 "-" "monit/4.6"
195.56.55.225 - - [09/Oct/2013:21:48:48 +0200] "GET /test.html HTTP/1.1" 200 56 "-" "monit/4.6"
79.122.39.44 - - [09/Oct/2013:21:50:15 +0200] "-" 408 - "-" "-"
195.56.55.225 - - [09/Oct/2013:21:50:51 +0200] "GET /test.html HTTP/1.1" 200 56 "-" "monit/4.6"
79.122.39.44 - - [09/Oct/2013:21:52:11 +0200] "-" 408 - "-" "-"
79.122.39.44 - - [09/Oct/2013:21:52:36 +0200] "-" 408 - "-" "-"
195.56.55.225 - - [09/Oct/2013:21:52:53 +0200] "GET /test.html HTTP/1.1" 200 56 "-" "monit/4.6"
91.232.96.36 - - [09/Oct/2013:21:53:02 +0200] "GET /forum_attac.php3?id_article=983&retour=cikk.php3%3Fid_article%3D983 HTTP/1.1" 404 292 "-" "Mozilla/4.0 (compatible; MSIE 6.0; Windows NT 5.1; SV1)"
195.56.55.225 - - [09/Oct/2013:21:54:57 +0200] "GET /test.html HTTP/1.1" 200 56 "-" "monit/4.6"
84.3.131.143 - - [09/Oct/2013:21:56:34 +0200] "-" 408 - "-" "-"
84.3.131.143 - - [09/Oct/2013:21:56:34 +0200] "-" 408 - "-" "-"
195.56.55.225 - - [09/Oct/2013:21:57:12 +0200] "GET /test.html HTTP/1.1" 200 56 "-" "monit/4.6"
195.56.55.225 - - [09/Oct/2013:21:59:20 +0200] "GET /test.html HTTP/1.1" 200 56 "-" "monit/4.6"
195.56.55.225 - - [09/Oct/2013:22:01:26 +0200] "GET /test.html HTTP/1.1" 200 56 "-" "monit/4.6"
195.56.55.225 - - [09/Oct/2013:22:03:39 +0200] "GET /test.html HTTP/1.1" 200 56 "-" "monit/4.6"
195.56.55.225 - - [09/Oct/2013:22:05:43 +0200] "GET /test.html HTTP/1.1" 200 56 "-" "monit/4.6"
195.56.55.225 - - [09/Oct/2013:22:07:47 +0200] "GET /test.html HTTP/1.1" 200 56 "-" "monit/4.6"
195.56.55.225 - - [09/Oct/2013:22:09:52 +0200] "GET /test.html HTTP/1.1" 200 56 "-" "monit/4.6"
195.56.55.225 - - [09/Oct/2013:22:11:54 +0200] "GET /test.html HTTP/1.1" 200 56 "-" "monit/4.6"
195.56.55.225 - - [09/Oct/2013:22:14:00 +0200] "GET /test.html HTTP/1.1" 200 56 "-" "monit/4.6"
159.149.133.253 - - [09/Oct/2013:22:15:37 +0200] "GET /robots.txt HTTP/1.1" 404 285 "-" "BUbiNG (+http://law.di.unimi.it/BUbiNG.html)"
159.149.133.253 - - [09/Oct/2013:22:15:37 +0200] "GET /?q=letoltes HTTP/1.1" 200 1155 "-" "BUbiNG (+http://law.di.unimi.it/BUbiNG.html)"
195.56.55.225 - - [09/Oct/2013:22:16:02 +0200] "GET /test.html HTTP/1.1" 200 56 "-" "monit/4.6"
91.232.96.36 - - [09/Oct/2013:22:17:04 +0200] "GET /forum_attac.php3?id_article=983&retour=cikk.php3%3Fid_article%3D983 HTTP/1.1" 404 292 "-" "Mozilla/4.0 (compatible; MSIE 6.0; Windows NT 5.1; SV1)"
195.56.55.225 - - [09/Oct/2013:22:18:04 +0200] "GET /test.html HTTP/1.1" 200 56 "-" "monit/4.6"
195.56.55.225 - - [09/Oct/2013:22:20:06 +0200] "GET /test.html HTTP/1.1" 200 56 "-" "monit/4.6"
195.56.55.225 - - [09/Oct/2013:22:22:08 +0200] "GET /test.html HTTP/1.1" 200 56 "-" "monit/4.6"
195.56.55.225 - - [09/Oct/2013:22:24:16 +0200] "GET /test.html HTTP/1.1" 200 56 "-" "monit/4.6"
195.56.55.225 - - [09/Oct/2013:22:26:19 +0200] "GET /test.html HTTP/1.1" 200 56 "-" "monit/4.6"
195.56.55.225 - - [09/Oct/2013:22:28:23 +0200] "GET /test.html HTTP/1.1" 200 56 "-" "monit/4.6"
195.56.55.225 - - [09/Oct/2013:22:30:33 +0200] "GET /test.html HTTP/1.1" 200 56 "-" "monit/4.6"
195.56.55.225 - - [09/Oct/2013:22:32:39 +0200] "GET /test.html HTTP/1.1" 200 56 "-" "monit/4.6"
195.56.55.225 - - [09/Oct/2013:22:34:47 +0200] "GET /test.html HTTP/1.1" 200 56 "-" "monit/4.6"
195.56.55.225 - - [09/Oct/2013:22:36:51 +0200] "GET /test.html HTTP/1.1" 200 56 "-" "monit/4.6"
84.224.44.236 - - [09/Oct/2013:22:37:21 +0200] "-" 408 - "-" "-"
195.56.55.225 - - [09/Oct/2013:22:38:59 +0200] "GET /test.html HTTP/1.1" 200 56 "-" "monit/4.6"
91.232.96.36 - - [09/Oct/2013:22:40:03 +0200] "GET /forum_attac.php3?id_article=983&retour=cikk.php3%3Fid_article%3D983 HTTP/1.1" 404 292 "-" "Mozilla/4.0 (compatible; MSIE 6.0; Windows NT 5.1; SV1)"
195.56.55.225 - - [09/Oct/2013:22:41:07 +0200] "GET /test.html HTTP/1.1" 200 56 "-" "monit/4.6"
71.6.58.18 - - [09/Oct/2013:22:42:23 +0200] "-" 408 - "-" "-"
78.92.143.130 - - [09/Oct/2013:22:43:04 +0200] "GET / HTTP/1.1" 200 1155 "-" "Mozilla/5.0 (compatible; MSIE 9.0; Windows NT 6.0; Trident/5.0)"
78.92.143.130 - - [09/Oct/2013:22:43:04 +0200] "GET /favicon.ico HTTP/1.1" 404 287 "-" "Mozilla/5.0 (compatible; MSIE 9.0; Windows NT 6.0; Trident/5.0)"
195.56.55.225 - - [09/Oct/2013:22:43:15 +0200] "GET /test.html HTTP/1.1" 200 56 "-" "monit/4.6"
109.162.5.13 - - [09/Oct/2013:22:43:53 +0200] "-" 408 - "-" "-"
195.56.55.225 - - [09/Oct/2013:22:45:21 +0200] "GET /test.html HTTP/1.1" 200 56 "-" "monit/4.6"
91.207.7.253 - - [09/Oct/2013:22:46:03 +0200] "GET /IMG/European_SW_Report_2010-eng.pdf HTTP/1.0" 404 299 "http://attac.zpok.hu/IMG/European_SW_Report_2010-eng.pdf" "Opera/9.80 (Windows NT 6.1; WOW64) Presto/2.12.388 Version/12.11"
91.207.7.253 - - [09/Oct/2013:22:46:03 +0200] "GET / HTTP/1.0" 200 1155 "http://attac.zpok.hu/" "Opera/9.80 (Windows NT 6.1; WOW64) Presto/2.12.388 Version/12.11"
159.226.169.103 - - [09/Oct/2013:22:46:26 +0200] "POST /forum_attac.php3?id_article=710&retour=cikk HTTP/1.1" 404 292 "http://attac.zpok.hu/forum_attac.php3?id_article=710&retour=cikk" "Mozilla/4.0 (compatible; MSIE 6.0; Windows NT 5.1; SV1)"
195.56.55.225 - - [09/Oct/2013:22:47:29 +0200] "GET /test.html HTTP/1.1" 200 56 "-" "monit/4.6"
84.0.114.56 - - [09/Oct/2013:22:47:58 +0200] "-" 408 - "-" "-"
5.10.83.34 - - [09/Oct/2013:22:48:29 +0200] "-" 408 - "-" "-"
195.56.55.225 - - [09/Oct/2013:22:49:31 +0200] "GET /test.html HTTP/1.1" 200 56 "-" "monit/4.6"
195.56.55.225 - - [09/Oct/2013:22:51:34 +0200] "GET /test.html HTTP/1.1" 200 56 "-" "monit/4.6"
68.50.45.102 - - [09/Oct/2013:22:52:45 +0200] "-" 408 - "-" "-"
195.56.55.225 - - [09/Oct/2013:22:53:38 +0200] "GET /test.html HTTP/1.1" 200 56 "-" "monit/4.6"
85.142.225.178 - - [09/Oct/2013:22:53:59 +0200] "POST /forum_attac.php3?id_article=710&retour=cikk HTTP/1.1" 404 292 "http://attac.zpok.hu/forum_attac.php3?id_article=710&retour=cikk" "Mozilla/4.0 (compatible; MSIE 6.0; Windows NT 5.1; SV1)"
195.56.55.225 - - [09/Oct/2013:22:55:40 +0200] "GET /test.html HTTP/1.1" 200 56 "-" "monit/4.6"
31.46.172.169 - - [09/Oct/2013:22:57:33 +0200] "-" 408 - "-" "-"
195.56.55.225 - - [09/Oct/2013:22:57:42 +0200] "GET /test.html HTTP/1.1" 200 56 "-" "monit/4.6"
209.85.238.214 - - [09/Oct/2013:22:57:55 +0200] "GET / HTTP/1.1" 200 1155 "-" "Feedfetcher-Google; (+http://www.google.com/feedfetcher.html; 1 subscribers; feed-id=849169264004692768)"
31.46.172.169 - - [09/Oct/2013:22:59:37 +0200] "-" 408 - "-" "-"
195.56.55.225 - - [09/Oct/2013:22:59:49 +0200] "GET /test.html HTTP/1.1" 200 56 "-" "monit/4.6"
195.56.55.225 - - [09/Oct/2013:23:01:59 +0200] "GET /test.html HTTP/1.1" 200 56 "-" "monit/4.6"
91.232.96.36 - - [09/Oct/2013:23:03:06 +0200] "GET /forum_attac.php3?id_article=983&retour=cikk.php3%3Fid_article%3D983 HTTP/1.1" 404 292 "-" "Mozilla/4.0 (compatible; MSIE 6.0; Windows NT 5.1; SV1)"
195.56.55.225 - - [09/Oct/2013:23:04:07 +0200] "GET /test.html HTTP/1.1" 200 56 "-" "monit/4.6"
195.56.55.225 - - [09/Oct/2013:23:06:10 +0200] "GET /test.html HTTP/1.1" 200 56 "-" "monit/4.6"
195.56.55.225 - - [09/Oct/2013:23:08:16 +0200] "GET /test.html HTTP/1.1" 200 56 "-" "monit/4.6"
195.56.55.225 - - [09/Oct/2013:23:10:22 +0200] "GET /test.html HTTP/1.1" 200 56 "-" "monit/4.6"
5.10.83.34 - - [09/Oct/2013:23:11:39 +0200] "GET /tevekenysegunk/biojosagok/okovasar HTTP/1.1" 404 314 "-" "Mozilla/5.0 (compatible; AhrefsBot/5.0; +http://ahrefs.com/robot/)"
195.56.55.225 - - [09/Oct/2013:23:12:24 +0200] "GET /test.html HTTP/1.1" 200 56 "-" "monit/4.6"
195.56.55.225 - - [09/Oct/2013:23:14:26 +0200] "GET /test.html HTTP/1.1" 200 56 "-" "monit/4.6"
195.56.55.225 - - [09/Oct/2013:23:16:28 +0200] "GET /test.html HTTP/1.1" 200 56 "-" "monit/4.6"
195.56.55.225 - - [09/Oct/2013:23:18:34 +0200] "GET /test.html HTTP/1.1" 200 56 "-" "monit/4.6"
94.248.132.67 - - [09/Oct/2013:23:19:15 +0200] "-" 408 - "-" "-"
195.56.55.225 - - [09/Oct/2013:23:20:40 +0200] "GET /test.html HTTP/1.1" 200 56 "-" "monit/4.6"
182.50.64.67 - - [09/Oct/2013:23:21:08 +0200] "POST /forum_attac.php3?id_article=710&retour=cikk HTTP/1.0" 404 280 "http://attac.zpok.hu/forum_attac.php3?id_article=710&retour=cikk" "Mozilla/4.0 (compatible; MSIE 6.0; Windows NT 5.1; SV1)"
195.56.55.225 - - [09/Oct/2013:23:22:49 +0200] "GET /test.html HTTP/1.1" 200 56 "-" "monit/4.6"
66.249.66.183 - - [09/Oct/2013:23:23:27 +0200] "GET /robots.txt HTTP/1.1" 404 290 "-" "Mozilla/5.0 (compatible; Googlebot/2.1; +http://www.google.com/bot.html)"
66.249.66.183 - - [09/Oct/2013:23:23:27 +0200] "GET /sites/csalan.mindworks.hu/files/logo_humusz.png HTTP/1.1" 404 327 "-" "Googlebot-Image/1.0"
94.248.132.67 - - [09/Oct/2013:23:24:22 +0200] "-" 408 - "-" "-"
195.56.55.225 - - [09/Oct/2013:23:24:51 +0200] "GET /test.html HTTP/1.1" 200 56 "-" "monit/4.6"
213.219.155.67 - - [09/Oct/2013:23:25:22 +0200] "-" 408 - "-" "-"
91.232.96.36 - - [09/Oct/2013:23:25:59 +0200] "GET /forum_attac.php3?id_article=983&retour=cikk.php3%3Fid_article%3D983 HTTP/1.1" 404 292 "-" "Mozilla/4.0 (compatible; MSIE 6.0; Windows NT 5.1; SV1)"
195.56.55.225 - - [09/Oct/2013:23:26:53 +0200] "GET /test.html HTTP/1.1" 200 56 "-" "monit/4.6"
157.55.32.188 - - [09/Oct/2013:23:27:20 +0200] "GET /robots.txt HTTP/1.1" 404 290 "-" "Mozilla/5.0 (compatible; bingbot/2.0; +http://www.bing.com/bingbot.htm)"
157.55.32.188 - - [09/Oct/2013:23:28:25 +0200] "GET /komposzt HTTP/1.1" 404 288 "-" "Mozilla/5.0 (compatible; bingbot/2.0; +http://www.bing.com/bingbot.htm)"
195.56.55.225 - - [09/Oct/2013:23:28:55 +0200] "GET /test.html HTTP/1.1" 200 56 "-" "monit/4.6"
195.56.55.225 - - [09/Oct/2013:23:30:57 +0200] "GET /test.html HTTP/1.1" 200 56 "-" "monit/4.6"
89.123.10.245 - - [09/Oct/2013:23:31:30 +0200] "GET /\" + gaJsHost + \"google-analytics.com/ga.js HTTP/1.1" 400 365 "-" "-"
195.56.55.225 - - [09/Oct/2013:23:32:59 +0200] "GET /test.html HTTP/1.1" 200 56 "-" "monit/4.6"
94.248.132.67 - - [09/Oct/2013:23:33:36 +0200] "-" 408 - "-" "-"
195.56.55.225 - - [09/Oct/2013:23:35:01 +0200] "GET /test.html HTTP/1.1" 200 56 "-" "monit/4.6"
94.228.34.203 - - [09/Oct/2013:23:36:28 +0200] "GET /?feed=atom HTTP/1.1" 304 - "-" "magpie-crawler/1.1 (U; Linux amd64; en-GB; +http://www.brandwatch.net)"
195.56.55.225 - - [09/Oct/2013:23:37:03 +0200] "GET /test.html HTTP/1.1" 200 56 "-" "monit/4.6"
208.115.113.90 - - [09/Oct/2013:23:37:18 +0200] "GET / HTTP/1.1" 200 1155 "-" "Mozilla/5.0 (compatible; Ezooms/1.0; ezooms.bot@gmail.com)"
195.56.55.225 - - [09/Oct/2013:23:39:05 +0200] "GET /test.html HTTP/1.1" 200 56 "-" "monit/4.6"
78.46.198.74 - - [09/Oct/2013:23:40:43 +0200] "GET / HTTP/1.1" 200 1155 "-" "ExB Language Crawler 2.1.5 (+http://www.exb.de/crawler)"
195.56.55.225 - - [09/Oct/2013:23:41:07 +0200] "GET /test.html HTTP/1.1" 200 56 "-" "monit/4.6"
195.56.55.225 - - [09/Oct/2013:23:43:10 +0200] "GET /test.html HTTP/1.1" 200 56 "-" "monit/4.6"
211.142.255.166 - - [09/Oct/2013:23:45:58 +0200] "GET http://www.baidu.com/ HTTP/1.1" 200 1155 "http://www.baidu.com/" "Mozilla/4.0 (compatible; MSIE 7.0; Windows NT 6.1; WOW64; Trident/5.0; SLCC2; .NET CLR 2.0.50727; .NET CLR 3.5.30729; .NET CLR 3.0.30729; Media Center PC 6.0; .NET4.0C; .NET4.0E)"
211.142.255.166 - - [09/Oct/2013:23:45:58 +0200] "GET http://www.baidu.com/ HTTP/1.1" 200 1155 "http://www.baidu.com/" "Mozilla/4.0 (compatible; MSIE 7.0; Windows NT 6.1; WOW64; Trident/5.0; SLCC2; .NET CLR 2.0.50727; .NET CLR 3.5.30729; .NET CLR 3.0.30729; Media Center PC 6.0; .NET4.0C; .NET4.0E)"
195.56.55.225 - - [09/Oct/2013:23:47:30 +0200] "GET /test.html HTTP/1.1" 200 56 "-" "monit/4.6"
91.232.96.36 - - [09/Oct/2013:23:49:09 +0200] "GET /forum_attac.php3?id_article=983&retour=cikk.php3%3Fid_article%3D983 HTTP/1.1" 404 292 "-" "Mozilla/4.0 (compatible; MSIE 6.0; Windows NT 5.1; SV1)"
195.56.55.225 - - [09/Oct/2013:23:49:35 +0200] "GET /test.html HTTP/1.1" 200 56 "-" "monit/4.6"
195.56.55.225 - - [09/Oct/2013:23:51:40 +0200] "GET /test.html HTTP/1.1" 200 56 "-" "monit/4.6"
212.7.196.79 - - [09/Oct/2013:23:52:28 +0200] "GET / HTTP/1.1" 200 1155 "-" "Mozilla/5.0 (Windows; U; Windows NT 6.1; WOW64; en-US; rv:2.0.4) Gecko/20120718 AskTbAVR-IDW/3.12.5.17700 Firefox/14.0.1"
195.56.55.225 - - [09/Oct/2013:23:53:47 +0200] "GET /test.html HTTP/1.1" 200 56 "-" "monit/4.6"
5.234.63.1 - - [09/Oct/2013:23:55:25 +0200] "-" 408 - "-" "-"
195.56.55.225 - - [09/Oct/2013:23:55:55 +0200] "GET /test.html HTTP/1.1" 200 56 "-" "monit/4.6"
180.76.5.183 - - [09/Oct/2013:23:57:24 +0200] "GET / HTTP/1.1" 200 1155 "-" "Mozilla/5.0 (compatible; Baiduspider/2.0; +http://www.baidu.com/search/spider.html)"
195.56.55.225 - - [09/Oct/2013:23:58:03 +0200] "GET /test.html HTTP/1.1" 200 56 "-" "monit/4.6"
66.249.66.185 - - [09/Oct/2013:23:59:15 +0200] "GET /robots.txt HTTP/1.1" 404 305 "-" "Mozilla/5.0 (compatible; Googlebot/2.1; +http://www.google.com/bot.html)"
66.249.66.185 - - [09/Oct/2013:23:59:15 +0200] "GET /system/files/emlogo.png HTTP/1.1" 404 318 "-" "Googlebot-Image/1.0"
182.50.64.67 - - [09/Oct/2013:23:59:23 +0200] "POST /forum_attac.php3?id_article=710&retour=cikk HTTP/1.0" 404 280 "http://attac.zpok.hu/forum_attac.php3?id_article=710&retour=cikk" "Mozilla/4.0 (compatible; MSIE 6.0; Windows NT 5.1; SV1)"
195.56.55.225 - - [10/Oct/2013:00:00:05 +0200] "GET /test.html HTTP/1.1" 200 56 "-" "monit/4.6"
195.56.55.225 - - [10/Oct/2013:00:02:29 +0200] "GET /test.html HTTP/1.1" 200 56 "-" "monit/4.6"
182.50.64.67 - - [10/Oct/2013:00:04:48 +0200] "POST /forum_attac.php3?id_article=710&retour=cikk HTTP/1.0" 404 280 "http://attac.zpok.hu/forum_attac.php3?id_article=710&retour=cikk" "Mozilla/4.0 (compatible; MSIE 6.0; Windows NT 5.1; SV1)"
195.56.55.225 - - [10/Oct/2013:00:05:21 +0200] "GET /test.html HTTP/1.1" 200 56 "-" "monit/4.6"
195.56.55.225 - - [10/Oct/2013:00:07:23 +0200] "GET /test.html HTTP/1.1" 200 56 "-" "monit/4.6"
208.177.76.8 - - [10/Oct/2013:00:07:33 +0200] "GET / HTTP/1.0" 200 1155 "http://forum.lmv.hu/" "Mozilla/5.0 (Windows NT 6.0) AppleWebKit/537.11 (KHTML, like Gecko) Chrome/23.0.1271.91 Safari/537.11"
195.56.55.225 - - [10/Oct/2013:00:09:25 +0200] "GET /test.html HTTP/1.1" 200 56 "-" "monit/4.6"
195.56.55.225 - - [10/Oct/2013:00:11:30 +0200] "GET /test.html HTTP/1.1" 200 56 "-" "monit/4.6"
91.232.96.36 - - [10/Oct/2013:00:12:03 +0200] "GET /forum_attac.php3?id_article=983&retour=cikk.php3%3Fid_article%3D983 HTTP/1.1" 404 292 "-" "Mozilla/4.0 (compatible; MSIE 6.0; Windows NT 5.1; SV1)"
195.56.55.225 - - [10/Oct/2013:00:13:38 +0200] "GET /test.html HTTP/1.1" 200 56 "-" "monit/4.6"
195.56.55.225 - - [10/Oct/2013:00:15:47 +0200] "GET /test.html HTTP/1.1" 200 56 "-" "monit/4.6"
195.56.55.225 - - [10/Oct/2013:00:17:50 +0200] "GET /test.html HTTP/1.1" 200 56 "-" "monit/4.6"
195.56.55.225 - - [10/Oct/2013:00:19:52 +0200] "GET /test.html HTTP/1.1" 200 56 "-" "monit/4.6"
71.101.207.152 - - [10/Oct/2013:00:20:33 +0200] "-" 408 - "-" "-"
195.56.55.225 - - [10/Oct/2013:00:21:54 +0200] "GET /test.html HTTP/1.1" 200 56 "-" "monit/4.6"
157.55.32.104 - - [10/Oct/2013:00:24:19 +0200] "GET /robots.txt HTTP/1.1" 404 299 "-" "Mozilla/5.0 (compatible; bingbot/2.0; +http://www.bing.com/bingbot.htm)"
157.55.32.104 - - [10/Oct/2013:00:25:46 +0200] "GET /node?page=1 HTTP/1.1" 404 293 "-" "Mozilla/5.0 (compatible; bingbot/2.0; +http://www.bing.com/bingbot.htm)"
195.56.55.225 - - [10/Oct/2013:00:26:14 +0200] "GET /test.html HTTP/1.1" 200 56 "-" "monit/4.6"
195.56.55.225 - - [10/Oct/2013:00:28:16 +0200] "GET /test.html HTTP/1.1" 200 56 "-" "monit/4.6"
159.149.133.253 - - [10/Oct/2013:00:29:41 +0200] "GET /robots.txt HTTP/1.1" 404 285 "-" "BUbiNG (+http://law.di.unimi.it/BUbiNG.html)"
159.149.133.253 - - [10/Oct/2013:00:29:41 +0200] "GET /nosza/anyag/ch04s02.html HTTP/1.1" 404 299 "-" "BUbiNG (+http://law.di.unimi.it/BUbiNG.html)"
195.56.55.225 - - [10/Oct/2013:00:30:18 +0200] "GET /test.html HTTP/1.1" 200 56 "-" "monit/4.6"
195.56.55.225 - - [10/Oct/2013:00:32:20 +0200] "GET /test.html HTTP/1.1" 200 56 "-" "monit/4.6"
195.56.55.225 - - [10/Oct/2013:00:34:22 +0200] "GET /test.html HTTP/1.1" 200 56 "-" "monit/4.6"
91.232.96.36 - - [10/Oct/2013:00:35:22 +0200] "GET /forum_attac.php3?id_article=983&retour=cikk.php3%3Fid_article%3D983 HTTP/1.1" 404 292 "-" "Mozilla/4.0 (compatible; MSIE 6.0; Windows NT 5.1; SV1)"
66.249.66.27 - - [10/Oct/2013:00:35:32 +0200] "GET /robots.txt HTTP/1.1" 404 282 "-" "Mozilla/5.0 (compatible; Googlebot/2.1; +http://www.google.com/bot.html)"
66.249.66.27 - - [10/Oct/2013:00:35:33 +0200] "GET / HTTP/1.1" 200 1155 "-" "Mozilla/5.0 (compatible; Googlebot/2.1; +http://www.google.com/bot.html)"
195.56.55.225 - - [10/Oct/2013:00:36:24 +0200] "GET /test.html HTTP/1.1" 200 56 "-" "monit/4.6"
195.56.55.225 - - [10/Oct/2013:00:38:41 +0200] "GET /test.html HTTP/1.1" 200 56 "-" "monit/4.6"
195.56.55.225 - - [10/Oct/2013:00:40:49 +0200] "GET /test.html HTTP/1.1" 200 56 "-" "monit/4.6"
195.56.55.225 - - [10/Oct/2013:00:42:59 +0200] "GET /test.html HTTP/1.1" 200 56 "-" "monit/4.6"
195.56.55.225 - - [10/Oct/2013:00:45:07 +0200] "GET /test.html HTTP/1.1" 200 56 "-" "monit/4.6"
202.46.49.75 - - [10/Oct/2013:00:47:09 +0200] "GET / HTTP/1.1" 200 1155 "-" "Mozilla/4.0 (compatible; MSIE 7.0; Windows NT 6.0)"
195.56.55.225 - - [10/Oct/2013:00:47:14 +0200] "GET /test.html HTTP/1.1" 200 56 "-" "monit/4.6"
119.63.193.132 - - [10/Oct/2013:00:47:24 +0200] "GET / HTTP/1.1" 200 1155 "-" "Mozilla/4.0 (compatible; MSIE 7.0; Windows NT 6.0)"
195.56.55.225 - - [10/Oct/2013:00:49:17 +0200] "GET /test.html HTTP/1.1" 200 56 "-" "monit/4.6"
195.56.55.225 - - [10/Oct/2013:00:51:25 +0200] "GET /test.html HTTP/1.1" 200 56 "-" "monit/4.6"
178.255.215.88 - - [10/Oct/2013:00:52:31 +0200] "GET /robots.txt HTTP/1.1" 404 286 "-" "Mozilla/5.0 (compatible; Exabot/3.0 (BiggerBetter); +http://www.exabot.com/go/robot)"
178.255.215.88 - - [10/Oct/2013:00:52:31 +0200] "GET /rubrique.php3?id_rubrique=2 HTTP/1.1" 404 289 "-" "Mozilla/5.0 (compatible; Exabot/3.0 (BiggerBetter); +http://www.exabot.com/go/robot)"
195.56.55.225 - - [10/Oct/2013:00:53:27 +0200] "GET /test.html HTTP/1.1" 200 56 "-" "monit/4.6"
195.56.55.225 - - [10/Oct/2013:00:55:30 +0200] "GET /test.html HTTP/1.1" 200 56 "-" "monit/4.6"
195.56.55.225 - - [10/Oct/2013:00:57:32 +0200] "GET /test.html HTTP/1.1" 200 56 "-" "monit/4.6"
91.232.96.36 - - [10/Oct/2013:00:58:16 +0200] "GET /forum_attac.php3?id_article=983&retour=cikk.php3%3Fid_article%3D983 HTTP/1.1" 404 292 "-" "Mozilla/4.0 (compatible; MSIE 6.0; Windows NT 5.1; SV1)"
195.56.55.225 - - [10/Oct/2013:00:59:34 +0200] "GET /test.html HTTP/1.1" 200 56 "-" "monit/4.6"
187.45.216.38 - - [10/Oct/2013:01:00:33 +0200] "-" 408 - "-" "-"
187.45.216.38 - - [10/Oct/2013:01:00:33 +0200] "-" 408 - "-" "-"
187.45.216.38 - - [10/Oct/2013:01:00:36 +0200] "-" 408 - "-" "-"
195.56.55.225 - - [10/Oct/2013:01:01:36 +0200] "GET /test.html HTTP/1.1" 200 56 "-" "monit/4.6"
5.10.83.24 - - [10/Oct/2013:01:02:17 +0200] "GET /cikk.php3?id_article=706 HTTP/1.1" 404 285 "-" "Mozilla/5.0 (compatible; AhrefsBot/5.0; +http://ahrefs.com/robot/)"
195.70.55.211 - - [10/Oct/2013:01:03:09 +0200] "HEAD / HTTP/1.1" 200 0 "-" "libwww-perl/5.834"
195.56.55.225 - - [10/Oct/2013:01:03:38 +0200] "GET /test.html HTTP/1.1" 200 56 "-" "monit/4.6"
195.56.55.225 - - [10/Oct/2013:01:05:40 +0200] "GET /test.html HTTP/1.1" 200 56 "-" "monit/4.6"
195.56.55.225 - - [10/Oct/2013:01:07:43 +0200] "GET /test.html HTTP/1.1" 200 56 "-" "monit/4.6"
65.55.217.53 - - [10/Oct/2013:01:09:38 +0200] "-" 408 - "-" "-"
195.56.55.225 - - [10/Oct/2013:01:09:45 +0200] "GET /test.html HTTP/1.1" 200 56 "-" "monit/4.6"
195.56.55.225 - - [10/Oct/2013:01:11:47 +0200] "GET /test.html HTTP/1.1" 200 56 "-" "monit/4.6"
195.56.55.225 - - [10/Oct/2013:01:13:49 +0200] "GET /test.html HTTP/1.1" 200 56 "-" "monit/4.6"
195.56.55.225 - - [10/Oct/2013:01:15:51 +0200] "GET /test.html HTTP/1.1" 200 56 "-" "monit/4.6"
195.56.55.225 - - [10/Oct/2013:01:18:04 +0200] "GET /test.html HTTP/1.1" 200 56 "-" "monit/4.6"
195.56.55.225 - - [10/Oct/2013:01:20:08 +0200] "GET /test.html HTTP/1.1" 200 56 "-" "monit/4.6"
91.232.96.36 - - [10/Oct/2013:01:21:12 +0200] "GET /forum_attac.php3?id_article=983&retour=cikk.php3%3Fid_article%3D983 HTTP/1.1" 404 292 "-" "Mozilla/4.0 (compatible; MSIE 6.0; Windows NT 5.1; SV1)"
195.56.55.225 - - [10/Oct/2013:01:22:13 +0200] "GET /test.html HTTP/1.1" 200 56 "-" "monit/4.6"
59.47.43.92 - - [10/Oct/2013:01:23:22 +0200] "POST /forum_attac.php3?id_article=710&retour=cikk HTTP/1.0" 404 280 "http://attac.zpok.hu/forum_attac.php3?id_article=710&retour=cikk" "Mozilla/4.0 (compatible; MSIE 6.0; Windows NT 5.1; SV1)"
116.228.55.184 - - [10/Oct/2013:01:23:27 +0200] "POST /forum_attac.php3?id_article=710&retour=cikk HTTP/1.0" 404 280 "http://attac.zpok.hu/forum_attac.php3?id_article=710&retour=cikk" "Mozilla/4.0 (compatible; MSIE 6.0; Windows NT 5.1; SV1)"
116.228.55.217 - - [10/Oct/2013:01:23:29 +0200] "POST /forum_attac.php3?id_article=710&retour=cikk HTTP/1.1" 404 292 "http://attac.zpok.hu/forum_attac.php3?id_article=710&retour=cikk" "Mozilla/4.0 (compatible; MSIE 6.0; Windows NT 5.1; SV1)"
89.223.175.255 - - [10/Oct/2013:01:24:03 +0200] "-" 408 - "-" "-"
195.56.55.225 - - [10/Oct/2013:01:24:22 +0200] "GET /test.html HTTP/1.1" 200 56 "-" "monit/4.6"
174.77.57.135 - - [10/Oct/2013:01:24:37 +0200] "-" 408 - "-" "-"
157.55.32.227 - - [10/Oct/2013:01:26:25 +0200] "GET /gyakorlatok HTTP/1.1" 404 300 "-" "Mozilla/5.0 (compatible; bingbot/2.0; +http://www.bing.com/bingbot.htm)"
195.56.55.225 - - [10/Oct/2013:01:26:30 +0200] "GET /test.html HTTP/1.1" 200 56 "-" "monit/4.6"
195.56.55.225 - - [10/Oct/2013:01:28:38 +0200] "GET /test.html HTTP/1.1" 200 56 "-" "monit/4.6"
195.56.55.225 - - [10/Oct/2013:01:30:43 +0200] "GET /test.html HTTP/1.1" 200 56 "-" "monit/4.6"
119.130.107.32 - - [10/Oct/2013:01:31:38 +0200] "GET / HTTP/1.0" 200 1155 "http://forum.lmv.hu/" "Mozilla/5.0 (Windows NT 5.2; rv:16.0) Gecko/20100101 Firefox/16.0"
195.56.55.225 - - [10/Oct/2013:01:32:49 +0200] "GET /test.html HTTP/1.1" 200 56 "-" "monit/4.6"
123.151.148.158 - - [10/Oct/2013:01:33:45 +0200] "GET /robots.txt HTTP/1.1" 404 286 "http://attac.zpok.hu/" "Mozilla/5.0 (compatible; MSIE 8.0; Windows NT 6.1)"
123.151.148.158 - - [10/Oct/2013:01:33:55 +0200] "GET /robots.txt HTTP/1.1" 404 285 "http://mail.zpok.hu/" "Mozilla/5.0 (compatible; MSIE 8.0; Windows NT 6.1)"
195.56.55.225 - - [10/Oct/2013:01:34:51 +0200] "GET /test.html HTTP/1.1" 200 56 "-" "monit/4.6"
195.56.55.225 - - [10/Oct/2013:01:36:53 +0200] "GET /test.html HTTP/1.1" 200 56 "-" "monit/4.6"
195.56.55.225 - - [10/Oct/2013:01:38:55 +0200] "GET /test.html HTTP/1.1" 200 56 "-" "monit/4.6"
195.56.55.225 - - [10/Oct/2013:01:40:57 +0200] "GET /test.html HTTP/1.1" 200 56 "-" "monit/4.6"
195.56.55.225 - - [10/Oct/2013:01:42:59 +0200] "GET /test.html HTTP/1.1" 200 56 "-" "monit/4.6"
91.232.96.36 - - [10/Oct/2013:01:44:23 +0200] "GET /forum_attac.php3?id_article=983&retour=cikk.php3%3Fid_article%3D983 HTTP/1.1" 404 292 "-" "Mozilla/4.0 (compatible; MSIE 6.0; Windows NT 5.1; SV1)"
195.56.55.225 - - [10/Oct/2013:01:45:01 +0200] "GET /test.html HTTP/1.1" 200 56 "-" "monit/4.6"
195.56.55.225 - - [10/Oct/2013:01:47:03 +0200] "GET /test.html HTTP/1.1" 200 56 "-" "monit/4.6"
195.56.55.225 - - [10/Oct/2013:01:49:14 +0200] "GET /test.html HTTP/1.1" 200 56 "-" "monit/4.6"
182.50.66.67 - - [10/Oct/2013:01:49:40 +0200] "POST /forum_attac.php3?id_article=710&retour=cikk HTTP/1.0" 404 280 "http://attac.zpok.hu/forum_attac.php3?id_article=710&retour=cikk" "Mozilla/4.0 (compatible; MSIE 6.0; Windows NT 5.1; SV1)"
195.56.55.225 - - [10/Oct/2013:01:51:16 +0200] "GET /test.html HTTP/1.1" 200 56 "-" "monit/4.6"
195.56.55.225 - - [10/Oct/2013:01:53:18 +0200] "GET /test.html HTTP/1.1" 200 56 "-" "monit/4.6"
70.95.118.209 - - [10/Oct/2013:01:55:11 +0200] "-" 408 - "-" "-"
195.56.55.225 - - [10/Oct/2013:01:55:21 +0200] "GET /test.html HTTP/1.1" 200 56 "-" "monit/4.6"
195.56.55.225 - - [10/Oct/2013:01:57:27 +0200] "GET /test.html HTTP/1.1" 200 56 "-" "monit/4.6"
66.249.66.216 - - [10/Oct/2013:01:57:50 +0200] "GET /robots.txt HTTP/1.1" 404 287 "-" "Mozilla/5.0 (compatible; Googlebot/2.1; +http://www.google.com/bot.html)"
209.85.238.214 - - [10/Oct/2013:01:57:55 +0200] "GET / HTTP/1.1" 200 1155 "-" "Feedfetcher-Google; (+http://www.google.com/feedfetcher.html; 1 subscribers; feed-id=849169264004692768)"
195.56.55.225 - - [10/Oct/2013:01:59:36 +0200] "GET /test.html HTTP/1.1" 200 56 "-" "monit/4.6"
203.82.101.106 - - [10/Oct/2013:02:01:35 +0200] "-" 408 - "-" "-"
195.56.55.225 - - [10/Oct/2013:02:01:39 +0200] "GET /test.html HTTP/1.1" 200 56 "-" "monit/4.6"
159.226.169.103 - - [10/Oct/2013:02:02:25 +0200] "POST /forum_attac.php3?id_article=710&retour=cikk HTTP/1.1" 404 292 "http://attac.zpok.hu/forum_attac.php3?id_article=710&retour=cikk" "Mozilla/4.0 (compatible; MSIE 6.0; Windows NT 5.1; SV1)"
139.67.205.25 - - [10/Oct/2013:02:02:48 +0200] "GET /robots.txt HTTP/1.0" 404 274 "-" "Mozilla/5.0 (compatible; MJ12bot/v1.4.4; http://www.majestic12.co.uk/bot.php?+)"
139.67.205.25 - - [10/Oct/2013:02:02:51 +0200] "GET / HTTP/1.0" 200 1155 "-" "Mozilla/5.0 (compatible; MJ12bot/v1.4.4; http://www.majestic12.co.uk/bot.php?+)"
38.229.70.44 - - [10/Oct/2013:02:03:02 +0200] "GET / HTTP/1.0" 200 1155 "-" "Mozilla/5.0 (Windows NT 6.1; WOW64; rv:18.0) Gecko/20100101 Firefox/18.0"
195.56.55.225 - - [10/Oct/2013:02:03:41 +0200] "GET /test.html HTTP/1.1" 200 56 "-" "monit/4.6"
195.56.55.225 - - [10/Oct/2013:02:05:45 +0200] "GET /test.html HTTP/1.1" 200 56 "-" "monit/4.6"
91.232.96.36 - - [10/Oct/2013:02:07:10 +0200] "GET /forum_attac.php3?id_article=983&retour=cikk.php3%3Fid_article%3D983 HTTP/1.1" 404 292 "-" "Mozilla/4.0 (compatible; MSIE 6.0; Windows NT 5.1; SV1)"
195.56.55.225 - - [10/Oct/2013:02:07:47 +0200] "GET /test.html HTTP/1.1" 200 56 "-" "monit/4.6"
195.56.55.225 - - [10/Oct/2013:02:09:49 +0200] "GET /test.html HTTP/1.1" 200 56 "-" "monit/4.6"
195.56.55.225 - - [10/Oct/2013:02:11:55 +0200] "GET /test.html HTTP/1.1" 200 56 "-" "monit/4.6"
195.56.55.225 - - [10/Oct/2013:02:13:57 +0200] "GET /test.html HTTP/1.1" 200 56 "-" "monit/4.6"
195.56.55.225 - - [10/Oct/2013:02:15:59 +0200] "GET /test.html HTTP/1.1" 200 56 "-" "monit/4.6"
195.56.55.225 - - [10/Oct/2013:02:18:18 +0200] "GET /test.html HTTP/1.1" 200 56 "-" "monit/4.6"
85.67.6.198 - - [10/Oct/2013:02:19:04 +0200] "-" 408 - "-" "-"
85.67.6.198 - - [10/Oct/2013:02:19:04 +0200] "-" 408 - "-" "-"
85.67.6.198 - - [10/Oct/2013:02:19:04 +0200] "-" 408 - "-" "-"
85.67.6.198 - - [10/Oct/2013:02:19:04 +0200] "-" 408 - "-" "-"
85.67.6.198 - - [10/Oct/2013:02:19:04 +0200] "-" 408 - "-" "-"
195.56.55.225 - - [10/Oct/2013:02:20:20 +0200] "GET /test.html HTTP/1.1" 200 56 "-" "monit/4.6"
85.67.6.198 - - [10/Oct/2013:02:20:27 +0200] "-" 408 - "-" "-"
180.76.5.135 - - [10/Oct/2013:02:21:36 +0200] "GET / HTTP/1.1" 200 1155 "-" "Mozilla/5.0 (compatible; Baiduspider/2.0; +http://www.baidu.com/search/spider.html)"
212.7.196.79 - - [10/Oct/2013:02:22:13 +0200] "GET / HTTP/1.1" 200 1155 "-" "Mozilla/5.0 (Windows; U; Windows NT 6.1; WOW64; en-US; rv:2.0.4) Gecko/20120718 AskTbAVR-IDW/3.12.5.17700 Firefox/14.0.1"
195.56.55.225 - - [10/Oct/2013:02:22:22 +0200] "GET /test.html HTTP/1.1" 200 56 "-" "monit/4.6"
195.56.55.225 - - [10/Oct/2013:02:24:24 +0200] "GET /test.html HTTP/1.1" 200 56 "-" "monit/4.6"
188.6.1.56 - - [10/Oct/2013:02:24:58 +0200] "-" 408 - "-" "-"
70.10.180.249 - - [10/Oct/2013:02:25:25 +0200] "-" 408 - "-" "-"
195.56.55.225 - - [10/Oct/2013:02:26:26 +0200] "GET /test.html HTTP/1.1" 200 56 "-" "monit/4.6"
195.56.55.225 - - [10/Oct/2013:02:28:28 +0200] "GET /test.html HTTP/1.1" 200 56 "-" "monit/4.6"
91.232.96.36 - - [10/Oct/2013:02:30:19 +0200] "GET /forum_attac.php3?id_article=983&retour=cikk.php3%3Fid_article%3D983 HTTP/1.1" 404 292 "-" "Mozilla/4.0 (compatible; MSIE 6.0; Windows NT 5.1; SV1)"
195.56.55.225 - - [10/Oct/2013:02:30:30 +0200] "GET /test.html HTTP/1.1" 200 56 "-" "monit/4.6"
195.56.55.225 - - [10/Oct/2013:02:32:36 +0200] "GET /test.html HTTP/1.1" 200 56 "-" "monit/4.6"
195.56.55.225 - - [10/Oct/2013:02:34:38 +0200] "GET /test.html HTTP/1.1" 200 56 "-" "monit/4.6"
195.56.55.225 - - [10/Oct/2013:02:36:40 +0200] "GET /test.html HTTP/1.1" 200 56 "-" "monit/4.6"
5.10.83.24 - - [10/Oct/2013:02:37:03 +0200] "GET / HTTP/1.1" 200 1155 "-" "Mozilla/5.0 (compatible; AhrefsBot/5.0; +http://ahrefs.com/robot/)"
195.56.55.225 - - [10/Oct/2013:02:38:42 +0200] "GET /test.html HTTP/1.1" 200 56 "-" "monit/4.6"
195.56.55.225 - - [10/Oct/2013:02:40:44 +0200] "GET /test.html HTTP/1.1" 200 56 "-" "monit/4.6"
195.56.55.225 - - [10/Oct/2013:02:42:49 +0200] "GET /test.html HTTP/1.1" 200 56 "-" "monit/4.6"
195.56.55.225 - - [10/Oct/2013:02:44:57 +0200] "GET /test.html HTTP/1.1" 200 56 "-" "monit/4.6"
195.56.55.225 - - [10/Oct/2013:02:47:05 +0200] "GET /test.html HTTP/1.1" 200 56 "-" "monit/4.6"
5.10.83.17 - - [10/Oct/2013:02:48:29 +0200] "-" 408 - "-" "-"
195.56.55.225 - - [10/Oct/2013:02:49:13 +0200] "GET /test.html HTTP/1.1" 200 56 "-" "monit/4.6"
195.56.55.225 - - [10/Oct/2013:02:51:21 +0200] "GET /test.html HTTP/1.1" 200 56 "-" "monit/4.6"
91.232.96.36 - - [10/Oct/2013:02:53:20 +0200] "GET /forum_attac.php3?id_article=983&retour=cikk.php3%3Fid_article%3D983 HTTP/1.1" 404 292 "-" "Mozilla/4.0 (compatible; MSIE 6.0; Windows NT 5.1; SV1)"
195.56.55.225 - - [10/Oct/2013:02:53:30 +0200] "GET /test.html HTTP/1.1" 200 56 "-" "monit/4.6"
182.50.64.67 - - [10/Oct/2013:02:54:31 +0200] "POST /forum_attac.php3?id_article=710&retour=cikk HTTP/1.0" 404 280 "http://attac.zpok.hu/forum_attac.php3?id_article=710&retour=cikk" "Mozilla/4.0 (compatible; MSIE 6.0; Windows NT 5.1; SV1)"
195.56.55.225 - - [10/Oct/2013:02:55:35 +0200] "GET /test.html HTTP/1.1" 200 56 "-" "monit/4.6"
195.56.55.225 - - [10/Oct/2013:02:57:43 +0200] "GET /test.html HTTP/1.1" 200 56 "-" "monit/4.6"
125.209.208.2 - - [10/Oct/2013:02:58:49 +0200] "GET /robots.txt HTTP/1.1" 404 286 "-" "Yeti/1.0 (NHN Corp.; http://help.naver.com/robots/)"
125.209.208.10 - - [10/Oct/2013:02:58:50 +0200] "GET / HTTP/1.1" 200 1155 "-" "Yeti/1.0 (NHN Corp.; http://help.naver.com/robots/)"
195.56.55.225 - - [10/Oct/2013:02:59:45 +0200] "GET /test.html HTTP/1.1" 200 56 "-" "monit/4.6"
195.56.55.225 - - [10/Oct/2013:03:01:53 +0200] "GET /test.html HTTP/1.1" 200 56 "-" "monit/4.6"
180.76.5.95 - - [10/Oct/2013:03:03:25 +0200] "GET / HTTP/1.1" 200 1155 "-" "Mozilla/5.0 (compatible; Baiduspider/2.0; +http://www.baidu.com/search/spider.html)"
5.10.83.61 - - [10/Oct/2013:03:03:28 +0200] "-" 408 - "-" "-"
27.153.231.41 - - [10/Oct/2013:03:03:39 +0200] "-" 408 - "-" "-"
195.56.55.225 - - [10/Oct/2013:03:03:55 +0200] "GET /test.html HTTP/1.1" 200 56 "-" "monit/4.6"
195.56.55.225 - - [10/Oct/2013:03:05:57 +0200] "GET /test.html HTTP/1.1" 200 56 "-" "monit/4.6"
195.56.55.225 - - [10/Oct/2013:03:08:05 +0200] "GET /test.html HTTP/1.1" 200 56 "-" "monit/4.6"
195.56.55.225 - - [10/Oct/2013:03:10:13 +0200] "GET /test.html HTTP/1.1" 200 56 "-" "monit/4.6"
199.15.233.137 - - [10/Oct/2013:03:11:22 +0200] "GET /cikk.php3?id_article=1031 HTTP/1.0" 404 273 "http://attac.zpok.hu/cikk.php3?id_article=1031" "Opera/9.80 (Windows NT 6.1; WOW64; U; MRA 8.0 (build 5880); ru) Presto/2.10.289 Version/12.02"
199.15.233.137 - - [10/Oct/2013:03:11:22 +0200] "GET / HTTP/1.0" 200 1155 "http://attac.zpok.hu/" "Opera/9.80 (Windows NT 6.1; WOW64; U; MRA 8.0 (build 5880); ru) Presto/2.10.289 Version/12.02"
195.56.55.225 - - [10/Oct/2013:03:12:21 +0200] "GET /test.html HTTP/1.1" 200 56 "-" "monit/4.6"
195.56.55.225 - - [10/Oct/2013:03:14:29 +0200] "GET /test.html HTTP/1.1" 200 56 "-" "monit/4.6"
91.232.96.36 - - [10/Oct/2013:03:16:22 +0200] "GET /forum_attac.php3?id_article=983&retour=cikk.php3%3Fid_article%3D983 HTTP/1.1" 404 292 "-" "Mozilla/4.0 (compatible; MSIE 6.0; Windows NT 5.1; SV1)"
195.56.55.225 - - [10/Oct/2013:03:16:40 +0200] "GET /test.html HTTP/1.1" 200 56 "-" "monit/4.6"
46.229.170.197 - - [10/Oct/2013:03:18:21 +0200] "GET / HTTP/1.1" 200 1155 "-" "mozilla/3.0 (Windows NT 6.1; rv:2.0.1) Gecko/20100101 Firefox/5.0.1"
195.56.55.225 - - [10/Oct/2013:03:18:48 +0200] "GET /test.html HTTP/1.1" 200 56 "-" "monit/4.6"
157.56.93.49 - - [10/Oct/2013:03:19:20 +0200] "GET /robots.txt HTTP/1.1" 404 295 "-" "Mozilla/5.0 (compatible; bingbot/2.0; +http://www.bing.com/bingbot.htm)"
195.56.55.225 - - [10/Oct/2013:03:20:57 +0200] "GET /test.html HTTP/1.1" 200 56 "-" "monit/4.6"
195.56.55.225 - - [10/Oct/2013:03:22:59 +0200] "GET /test.html HTTP/1.1" 200 56 "-" "monit/4.6"
222.87.129.29 - - [10/Oct/2013:03:24:56 +0200] "POST /forum_attac.php3?id_article=710&retour=cikk HTTP/1.1" 404 292 "http://attac.zpok.hu/forum_attac.php3?id_article=710&retour=cikk" "Mozilla/4.0 (compatible; MSIE 6.0; Windows NT 5.1; SV1)"
195.56.55.225 - - [10/Oct/2013:03:25:01 +0200] "GET /test.html HTTP/1.1" 200 56 "-" "monit/4.6"
195.56.55.225 - - [10/Oct/2013:03:27:03 +0200] "GET /test.html HTTP/1.1" 200 56 "-" "monit/4.6"
195.56.55.225 - - [10/Oct/2013:03:29:05 +0200] "GET /test.html HTTP/1.1" 200 56 "-" "monit/4.6"
195.56.55.225 - - [10/Oct/2013:03:31:07 +0200] "GET /test.html HTTP/1.1" 200 56 "-" "monit/4.6"
208.115.111.74 - - [10/Oct/2013:03:32:25 +0200] "GET /robots.txt HTTP/1.1" 404 296 "-" "Mozilla/5.0 (compatible; Ezooms/1.0; ezooms.bot@gmail.com)"
195.56.55.225 - - [10/Oct/2013:03:33:09 +0200] "GET /test.html HTTP/1.1" 200 56 "-" "monit/4.6"
195.56.55.225 - - [10/Oct/2013:03:35:17 +0200] "GET /test.html HTTP/1.1" 200 56 "-" "monit/4.6"
195.56.55.225 - - [10/Oct/2013:03:37:26 +0200] "GET /test.html HTTP/1.1" 200 56 "-" "monit/4.6"
91.232.96.36 - - [10/Oct/2013:03:39:19 +0200] "GET /forum_attac.php3?id_article=983&retour=cikk.php3%3Fid_article%3D983 HTTP/1.1" 404 292 "-" "Mozilla/4.0 (compatible; MSIE 6.0; Windows NT 5.1; SV1)"
195.56.55.225 - - [10/Oct/2013:03:39:34 +0200] "GET /test.html HTTP/1.1" 200 56 "-" "monit/4.6"
195.56.55.225 - - [10/Oct/2013:03:41:39 +0200] "GET /test.html HTTP/1.1" 200 56 "-" "monit/4.6"
5.10.83.34 - - [10/Oct/2013:03:42:28 +0200] "GET /documents/english/vigil.htm HTTP/1.1" 404 313 "-" "Mozilla/5.0 (compatible; AhrefsBot/5.0; +http://ahrefs.com/robot/)"
195.56.55.225 - - [10/Oct/2013:03:43:47 +0200] "GET /test.html HTTP/1.1" 200 56 "-" "monit/4.6"
195.56.55.225 - - [10/Oct/2013:03:45:51 +0200] "GET /test.html HTTP/1.1" 200 56 "-" "monit/4.6"
157.55.32.227 - - [10/Oct/2013:03:47:33 +0200] "GET /robots.txt HTTP/1.1" 404 285 "-" "Mozilla/5.0 (compatible; bingbot/2.0; +http://www.bing.com/bingbot.htm)"
195.56.55.225 - - [10/Oct/2013:03:47:58 +0200] "GET /test.html HTTP/1.1" 200 56 "-" "monit/4.6"
81.52.143.15 - - [10/Oct/2013:03:48:02 +0200] "GET / HTTP/1.1" 200 1155 "-" "Mozilla/5.0 (Windows; U; Windows NT 5.1; fr; rv:1.8.1) VoilaBot BETA 1.2 (support.voilabot@orange-ftgroup.com)"
157.55.32.227 - - [10/Oct/2013:03:48:27 +0200] "GET / HTTP/1.1" 200 1155 "-" "Mozilla/5.0 (compatible; bingbot/2.0; +http://www.bing.com/bingbot.htm)"
195.56.55.225 - - [10/Oct/2013:03:50:07 +0200] "GET /test.html HTTP/1.1" 200 56 "-" "monit/4.6"
157.56.93.49 - - [10/Oct/2013:03:50:17 +0200] "GET / HTTP/1.1" 200 1155 "-" "Mozilla/5.0 (compatible; bingbot/2.0; +http://www.bing.com/bingbot.htm)"
180.76.5.12 - - [10/Oct/2013:03:50:42 +0200] "GET /robots.txt HTTP/1.1" 404 293 "-" "Mozilla/5.0 (Windows NT 5.1; rv:6.0.2) Gecko/20100101 Firefox/6.0.2"
195.56.55.225 - - [10/Oct/2013:03:52:13 +0200] "GET /test.html HTTP/1.1" 200 56 "-" "monit/4.6"
119.30.39.1 - - [10/Oct/2013:03:54:13 +0200] "POST /forum_attac.php3?id_article=710&retour=cikk HTTP/1.1" 404 292 "http://attac.zpok.hu/forum_attac.php3?id_article=710&retour=cikk" "Mozilla/4.0 (compatible; MSIE 6.0; Windows NT 5.1; SV1)"
195.56.55.225 - - [10/Oct/2013:03:54:15 +0200] "GET /test.html HTTP/1.1" 200 56 "-" "monit/4.6"
195.56.55.225 - - [10/Oct/2013:03:56:17 +0200] "GET /test.html HTTP/1.1" 200 56 "-" "monit/4.6"
195.56.55.225 - - [10/Oct/2013:03:58:19 +0200] "GET /test.html HTTP/1.1" 200 56 "-" "monit/4.6"
208.115.111.74 - - [10/Oct/2013:03:58:25 +0200] "GET / HTTP/1.1" 200 1155 "-" "Mozilla/5.0 (compatible; Ezooms/1.0; ezooms.bot@gmail.com)"
195.56.55.225 - - [10/Oct/2013:04:00:21 +0200] "GET /test.html HTTP/1.1" 200 56 "-" "monit/4.6"
157.55.33.27 - - [10/Oct/2013:04:00:24 +0200] "GET /robots.txt HTTP/1.1" 404 286 "-" "Mozilla/5.0 (compatible; bingbot/2.0; +http://www.bing.com/bingbot.htm)"
157.55.33.27 - - [10/Oct/2013:04:00:50 +0200] "GET /cikk.php3?id_article=490 HTTP/1.1" 404 285 "-" "Mozilla/5.0 (compatible; bingbot/2.0; +http://www.bing.com/bingbot.htm)"
77.122.90.139 - - [10/Oct/2013:04:01:32 +0200] "GET /cikk.php3?id_article=94 HTTP/1.0" 404 273 "-" "Mozilla/4.0 (compatible; MSIE 6.0; Windows NT 5.1)"
91.232.96.36 - - [10/Oct/2013:04:02:18 +0200] "GET /forum_attac.php3?id_article=983&retour=cikk.php3%3Fid_article%3D983 HTTP/1.1" 404 292 "-" "Mozilla/4.0 (compatible; MSIE 6.0; Windows NT 5.1; SV1)"
195.56.55.225 - - [10/Oct/2013:04:02:23 +0200] "GET /test.html HTTP/1.1" 200 56 "-" "monit/4.6"
190.44.120.123 - - [10/Oct/2013:04:03:28 +0200] "-" 408 - "-" "-"
195.56.55.225 - - [10/Oct/2013:04:04:27 +0200] "GET /test.html HTTP/1.1" 200 56 "-" "monit/4.6"
195.56.55.225 - - [10/Oct/2013:04:06:29 +0200] "GET /test.html HTTP/1.1" 200 56 "-" "monit/4.6"
61.174.9.96 - - [10/Oct/2013:04:07:58 +0200] "POST /forum_attac.php3?id_article=710&retour=cikk HTTP/1.0" 404 280 "http://attac.zpok.hu/forum_attac.php3?id_article=710&retour=cikk" "Mozilla/4.0 (compatible; MSIE 6.0; Windows NT 5.1; SV1)"
159.149.133.250 - - [10/Oct/2013:04:08:03 +0200] "GET /robots.txt HTTP/1.1" 404 286 "-" "BUbiNG (+http://law.di.unimi.it/BUbiNG.html)"
159.149.133.250 - - [10/Oct/2013:04:08:03 +0200] "GET /cikk.php3?id_article=871 HTTP/1.1" 404 285 "-" "BUbiNG (+http://law.di.unimi.it/BUbiNG.html)"
195.56.55.225 - - [10/Oct/2013:04:08:36 +0200] "GET /test.html HTTP/1.1" 200 56 "-" "monit/4.6"
195.56.55.225 - - [10/Oct/2013:04:10:44 +0200] "GET /test.html HTTP/1.1" 200 56 "-" "monit/4.6"
195.56.55.225 - - [10/Oct/2013:04:12:52 +0200] "GET /test.html HTTP/1.1" 200 56 "-" "monit/4.6"
195.56.55.225 - - [10/Oct/2013:04:15:00 +0200] "GET /test.html HTTP/1.1" 200 56 "-" "monit/4.6"
195.56.55.225 - - [10/Oct/2013:04:17:08 +0200] "GET /test.html HTTP/1.1" 200 56 "-" "monit/4.6"
195.56.55.225 - - [10/Oct/2013:04:19:20 +0200] "GET /test.html HTTP/1.1" 200 56 "-" "monit/4.6"
195.56.55.225 - - [10/Oct/2013:04:21:25 +0200] "GET /test.html HTTP/1.1" 200 56 "-" "monit/4.6"
196.217.203.53 - - [10/Oct/2013:04:22:01 +0200] "-" 408 - "-" "-"
195.56.55.225 - - [10/Oct/2013:04:23:29 +0200] "GET /test.html HTTP/1.1" 200 56 "-" "monit/4.6"
91.232.96.36 - - [10/Oct/2013:04:25:19 +0200] "GET /forum_attac.php3?id_article=983&retour=cikk.php3%3Fid_article%3D983 HTTP/1.1" 404 292 "-" "Mozilla/4.0 (compatible; MSIE 6.0; Windows NT 5.1; SV1)"
195.56.55.225 - - [10/Oct/2013:04:25:29 +0200] "GET /test.html HTTP/1.1" 200 56 "-" "monit/4.6"
195.56.55.225 - - [10/Oct/2013:04:27:33 +0200] "GET /test.html HTTP/1.1" 200 56 "-" "monit/4.6"
195.56.55.225 - - [10/Oct/2013:04:29:39 +0200] "GET /test.html HTTP/1.1" 200 56 "-" "monit/4.6"
195.56.55.225 - - [10/Oct/2013:04:31:51 +0200] "GET /test.html HTTP/1.1" 200 56 "-" "monit/4.6"
195.56.55.225 - - [10/Oct/2013:04:33:59 +0200] "GET /test.html HTTP/1.1" 200 56 "-" "monit/4.6"
195.56.55.225 - - [10/Oct/2013:04:36:11 +0200] "GET /test.html HTTP/1.1" 200 56 "-" "monit/4.6"
195.56.55.225 - - [10/Oct/2013:04:38:20 +0200] "GET /test.html HTTP/1.1" 200 56 "-" "monit/4.6"
195.56.55.225 - - [10/Oct/2013:04:40:28 +0200] "GET /test.html HTTP/1.1" 200 56 "-" "monit/4.6"
5.10.83.24 - - [10/Oct/2013:04:41:48 +0200] "GET /cikk.php3?id_article=104 HTTP/1.1" 404 285 "-" "Mozilla/5.0 (compatible; AhrefsBot/5.0; +http://ahrefs.com/robot/)"
195.56.55.225 - - [10/Oct/2013:04:42:37 +0200] "GET /test.html HTTP/1.1" 200 56 "-" "monit/4.6"
195.56.55.225 - - [10/Oct/2013:04:44:45 +0200] "GET /test.html HTTP/1.1" 200 56 "-" "monit/4.6"
180.76.6.17 - - [10/Oct/2013:04:46:32 +0200] "GET / HTTP/1.1" 200 1155 "-" "Mozilla/5.0 (compatible; Baiduspider/2.0; +http://www.baidu.com/search/spider.html)"
195.56.55.225 - - [10/Oct/2013:04:46:51 +0200] "GET /test.html HTTP/1.1" 200 56 "-" "monit/4.6"
91.232.96.36 - - [10/Oct/2013:04:48:08 +0200] "GET /forum_attac.php3?id_article=983&retour=cikk.php3%3Fid_article%3D983 HTTP/1.1" 404 292 "-" "Mozilla/4.0 (compatible; MSIE 6.0; Windows NT 5.1; SV1)"
5.10.83.61 - - [10/Oct/2013:04:48:28 +0200] "-" 408 - "-" "-"
183.219.240.182 - - [10/Oct/2013:04:48:43 +0200] "POST /forum_attac.php3?id_article=710&retour=cikk HTTP/1.1" 404 292 "http://attac.zpok.hu/forum_attac.php3?id_article=710&retour=cikk" "Mozilla/4.0 (compatible; MSIE 6.0; Windows NT 5.1; SV1)"
173.44.34.119 - - [10/Oct/2013:04:48:46 +0200] "POST /forum_attac.php3?id_article=710&retour=cikk HTTP/1.1" 404 292 "http://attac.zpok.hu/forum_attac.php3?id_article=710&retour=cikk" "Mozilla/4.0 (compatible; MSIE 6.0; Windows NT 5.1; SV1)"
195.56.55.225 - - [10/Oct/2013:04:48:55 +0200] "GET /test.html HTTP/1.1" 200 56 "-" "monit/4.6"
37.140.141.5 - - [10/Oct/2013:04:51:34 +0200] "GET / HTTP/1.1" 200 1155 "-" "Mozilla/5.0 (compatible; YandexBot/3.0; +http://yandex.com/bots)"
195.56.55.225 - - [10/Oct/2013:04:51:35 +0200] "GET /test.html HTTP/1.1" 200 56 "-" "monit/4.6"
182.50.64.67 - - [10/Oct/2013:04:52:17 +0200] "POST /forum_attac.php3?id_article=710&retour=cikk HTTP/1.0" 404 280 "http://attac.zpok.hu/forum_attac.php3?id_article=710&retour=cikk" "Mozilla/4.0 (compatible; MSIE 6.0; Windows NT 5.1; SV1)"
195.56.55.225 - - [10/Oct/2013:04:53:37 +0200] "GET /test.html HTTP/1.1" 200 56 "-" "monit/4.6"
80.99.100.75 - - [10/Oct/2013:04:53:58 +0200] "-" 408 - "-" "-"
195.56.55.225 - - [10/Oct/2013:04:55:46 +0200] "GET /test.html HTTP/1.1" 200 56 "-" "monit/4.6"
195.56.55.225 - - [10/Oct/2013:04:57:48 +0200] "GET /test.html HTTP/1.1" 200 56 "-" "monit/4.6"
209.85.238.214 - - [10/Oct/2013:04:57:55 +0200] "GET / HTTP/1.1" 200 1155 "-" "Feedfetcher-Google; (+http://www.google.com/feedfetcher.html; 1 subscribers; feed-id=849169264004692768)"
195.56.55.225 - - [10/Oct/2013:04:59:51 +0200] "GET /test.html HTTP/1.1" 200 56 "-" "monit/4.6"
195.56.55.225 - - [10/Oct/2013:05:01:56 +0200] "GET /test.html HTTP/1.1" 200 56 "-" "monit/4.6"
208.115.113.87 - - [10/Oct/2013:05:03:23 +0200] "GET /robots.txt HTTP/1.1" 404 286 "-" "Mozilla/5.0 (compatible; Ezooms/1.0; ezooms.bot@gmail.com)"
195.56.55.225 - - [10/Oct/2013:05:04:00 +0200] "GET /test.html HTTP/1.1" 200 56 "-" "monit/4.6"
157.55.32.104 - - [10/Oct/2013:05:05:46 +0200] "GET / HTTP/1.1" 200 1155 "-" "Mozilla/5.0 (compatible; bingbot/2.0; +http://www.bing.com/bingbot.htm)"
