84.95.88.100 - - [02/Oct/2013:02:48:47 +0200] "HEAD /izuminka.at.uawww.sbmobili.itspicer-bromley.co.ukwww.sluzebniczkinmp.plwww.crilj-loire.orgocrawardingbody.co.uk9xxkk.comzimmerbrunnen.co.atimages4.getdotted.comszerzodes.lap.hugeeking.co.ukstaramonarchia.wordpress.comimg2.mf.czdisi.co.ilcanyin88.comstayaway.co.ukomniscientether.tumblr.comguess365.comindeedhiring.comwww.uduuf.orgstripedpot.commistressofmyfate.tumblr.comadecoruna.orgoecumenisme.free.frprinterbuyer.co.ukhicklebees.booksense.comsimon.derr.free.frwww.tednolanfoundation.comwww.crimsoninvestments.co.ukwww.jordanfilmfestival.comkivancgulbas.comwww.webexpo.czwww.ballumbiecastleestate.comwww.math.pku.edu.cnp4-een52qkui3oqw-dwcz2amnjfqnfvll-107362-s1-v6exp3-v4.metric.gstatic.comwww.friendsofmadronamarsh.comwww.hram-st.ruwww.theeestory.comwww.adamgopnik.comwildon.gemeindeforum.atwww.architecttura-inc.comwww.elettronicazetabi.itwww.alafiaceremonies.netwww.reichenberger114.dewww.espn1400.comwww.pcsuitedownload.comwww.wrongful-death.itwww.neweraglobalsports.comstayconnected.co.uk11426.pornotribune.comadriaticclub.tripod.comwww.transcend.nlwww.saintecroixduverdon.comwww.peaceful-healing.comdowlatow.chkebelski.dewww.villasattangalooma.com.auwww.3dweddingphotos.co.ukwww.stgeorgechamber.com3gitv.co.ukmturner.co.ukwww.salutidaforino.it9997666.ruoptioncarriere.chcarnumber.co.uknationalcontrol.co.ukwww.matec.isu.rujerseybodyboarding.comwww.novgorod.web-plakat.runanasato-e.saitama-city.ed.jpwww.barbarasudano.netwww.copapostobon.com.cowww.artemovsky66.ruwww.cvmarket.nlvpj.co.ukwww.klo.lomza.infotuncher.combelnobility2007.narod.ruwww.samoshotels.decuatros.comhair-orange.orgpentonequipmentauctions.comaariadne.comox-d.gartner.comwww.victoria-stamps.comsimpsonsforever.co.ukfocusfunding.co.ukwww.brabus.rowww.larecueja.eswurzel.co.ukalmajuventusfano1906.comwww.alpinecountyca.govwww.ukiark.fiwww.johnmaddensales.comteruteru-jimusho.comwww.reconnections.netkineretyard.wordpress.comkartclubs.co.ukkuang5.comcotswoldwalks.co.ukwww.translec.co.ukwww.picad.com.uaus-flag.co.ukback-man.co.ukwww.marykayintouch.kzego-massage.comwww.oyun-forum.comwww.conty-ailly-immobilier.comwww.admadillo.itwww.schooneryacht.comwww.cheapmonclerjacketsale.comwww.complete-watch.comwww.surflocal.co.ukconsolerepair.co.ukskocz.plwww.zanida.nlj0hn.co.ukwww.mks.aedazan.co.ukwww.lyalya.com.uakncifm.radio.comwww.ndhfa.state.nd.usshutterfreak.netwww.unitythemovement.comfotocamers.narod.ruwww.movieonline.in.thwww.collingwoodac.org.ukwww.yermasoyia.orgpresidiacreative.comparkercomputers.co.ukwww.bcvc.comwww.pootangclan.comhomesforsail.co.ukwww.doerfer-architekten.dewww.ldbfc.sethethomashome.co.ukwww.cyclingbrosbelgium.netwww.helzberg.comchinachaps.co.ukprofessorselwynsuper.comwww.protomotors.comtermsonline.co.ukwww.cieffefilati.itmein-eigenheim.dewww.lextechaudits.comwww.vitajus.comwww.flexalumni.netwww.cooneyforcongress.comwww.condor-flug.compar6.co.uktccon-wiki.caltech.eduwww.douglasdunndance.comwww.suncoastequity.comtravelaxy.co.ukdampsurveys.co.ukwww.freedmaxick.comyotuel.ruwww.psicanaliselacaniana.comwww.reyhantala.blogfa.commotunge.comwww.ampa.asn.aurus77-79.livejournal.comwww.koreaemb.orgwww.wendovercorp.comandersonbroschrysler.com981freefm.cawww.kamalanehruhospital.orgwww.hubertus-schwartz-soest.dewww.tourisme-lesneven-cotedeslegendes.frimeidb.gsm.orgedu.ubuntu.hutrappedinjapan.comwww.admark.co.ukwww.fedoc.clp4-d3fns4zt5flr6-dfz5c2u6nqhcyleb-if-v6exp3-v4.metric.gstatic.comwww.mysubwaycard2.comwww.bajocilindraje.comorigin.landroverg4challenge.comopticalbargains.co.ukbarnet.moderngov.co.ukimage.baidajob.comwww.orkneypc.co.ukultramanclub.comwww.thecricketstore.co.ukbitchfight.co.ukdelta-tooling.co.ukrazormaids.comdarone-campungan.blogspot.comwww.realestate4newmexico.comtuautoescuela.netwww.ossigenoinformazione.itvisor.co.ukwww.bigxboobs.comwww.tnfa.orgwww.technicalassistancecollaborativebannerka.uawww.fantasy-workshop.defloorscape.co.ukqzxxw.netwww.wonderwheat.com.aubuzrewards.comcharliechalks.co.ukdissney.co.ukwww.milehighcinema.comlztranslation.comwww.it-servizi.itwww.mapfruit.comkuzminki-msk.runeon1.netitonatech.co.ukframedoccasions.co.ukjila01.colorado.edurodelu.tripod.comwww.schoonmaakwijzer.nlpazzescoweb.comspicyprepster.tumblr.comwww.lsweb.org.ukrealtrampolines.co.ukwww.ideafixa.comwww.studiofesti.comspam.mesothelioma-treat-cancer.blogspot.comblog.care-mirai.netwww.eb1-avelas-cima-n4-candieira-figueira.rcts.ptspeek.comwww.distraught-overlord.commtt.uscancer.orgwww.swedishpillows.comwww.sportracingteam.combarpictures.co.ukshaolin.twwww.office-seto.competerpurves.netwww.moreotlubov.comwww.teetimes.infowww.ofs.itwww.fiba2010.comclevelandtimber.co.ukwww.cockeringles.orgwww.intel.vnflamex.co.ukvip72.comwww.ahujafelts.comwww.buonaidea.itovidsp.tx.ovid.com.res.banq.qc.cawww.lakenormanchrysler.comwww.glenfieldrugby.co.nzwww.fondation-foch.orgwww.acpvolmoteur.comp4-avr7ql5w4zjwq-qeq2z44b6t5bgfv5-if-v6exp3-v4.metric.gstatic.compsychiatriapsychoterapia.plfiles.mom.mewww.anlagenkataster.dewww.rephomeinspection.commaidenlane.co.ukparcelline.co.ukwww.iphone-4hd.czwww.mp3gospel.orgstlc.iii.org.twwww.commonwealthmagazine.orgwww.seedlingnursery.comhekatron.dewww.shemaleescorts.co.ukdbassociates.co.ukwww.st-severin.qc.caecho-tech.co.ukglosboken.sesihogar.comwww.et.fh-muenster.dewww.marcaria.com.ptwww.saraghinafilms.comwww.footballodisha.orgweb-designerz.co.ukwww.sonomacountyhabitat.orgwww.socialenterprisemag.co.ukwww.valdes.titech.ac.jpwww.campingandcaravandirect.co.ukwww.td-translate.dkwww.fredpieperforcongress.netwww.jennyjsilver.comwww.gamlavattentornet.sewww.avantgardeninc.comrpzx.comperfectportals.co.ukbritishpubsigns.co.ukwww.wnylc.comgoose-eye-brewery.co.ukhotelbangkok.co.uklonesheep.caqualigo.dewww.cuihuashan.comwww.bathshopping.co.ukworldwidesunshine.comain-azeleampere.blogspot.frwww.ced.org.eswww.rjso.nlwww.enverhoxha.infohuntershoes.ruwww.ge-iic.orgwebshohor.combaylon.co.ukwww.taniawursig.comwww.walesatheart.comwww.louisvilleisforlovers.com4dogs.com.plwww.gtaviation.co.ukwww.ppdba.comspain.wywlinks.combupashop.co.ukwww.trinityjuneau.orgwww.huronpatienttransfer.comsouthactoneec.co.ukunitedbankservice.comwww.chinaidr.comwww.hansdekker.nldevenir-riche.wswww.nationaljazzawards.comwww.bassadventures.comwww.sexmoviesnetwork.combluetrackmedia.comiain.learmonth.me.ukchinaqypx.comwww.ourbaby.runasledie-m.narod.ruwww.letsware.comwww.rx7city.comwwwgmail.comwww.royalauto.com.auwww.narenrauch.comwww.globaliss.co.ilwww.tapissier-boulanger.comvolunteering.direct.gov.ukwww.medicalmassageplano.comwww.juwelen.beseedsoflife.cawww.pantysweetgirls.comwww.boeing-me.compsiquiatriapr.orgthequeenofswag.comhomesearch4u.co.uklottoblogs.co.ukwww.thefelixculpa.comnrg.tartu.eecreamonteens.comwww.cuentamontes.comwww.pleasantmounthistory.orgwww.dentistry.com.twplantboard.arkansas.govhaititempo.comals.netwww.sfdkrecords.comwww.vitoshaonline.comsbchemicals.co.ukbogate45.comusername.tkaude.ffnatation.frwww.icauseimpact.orgwww.avplus.co.ukwww.kocalikoyu.comrolldies.co.uka-z-finance.co.ukwww.back-pain-info.co.ukwww.solsysinfo.comshanxi2.ifund.jrj.com.cnwww.daddyos.comperakkume.blogspot.comwww.seesle.nllearnr.prop4-enskwn56w6gci-jak7lmbxpgf665js-824625-i1-v6exp3-v4.metric.gstatic.commeteoconsult.co.ukwww.fiat-uno-forever.dewww.uplift-project.combookmarkconnect.comarborvitaelodge.comkruti-verti.rugreenday-4ever.leonardo.itwww.bog.ubc.cawww.mazika.com08001111.co.ukwww.imme-gram.dkwww.cimaingenieria.com.arwww.masnsports.comwww.dodaj.plcomvurgent.co.ukdomon.co.ukbptm.bp.funpic.organalytics.nexon.comthursdayinternet.comwww.netindex.co.jpwww.trailforks.commodernus.dewww.ombudschaft-jugendhilfe.dewww.ayashii.comwww.xbshw.com.cnmtechs.chat.ruwww.oazahalemba.katowice.opoka.org.plcwdesigner.blogspot.comwww.artforall.co.ukwww.phoenixent.comwww.cssversicherung.comwww.rototurkiye.comdaiteiden-themovie.comwww.trikecenter-wiesensee.dekite-spots.netleiemarkedet.nobetter-regulation-council.ruwww.teespeicher.dewww.jlsina.comwww.indusind.comgellertkovacs.comwonder-years.co.ukah.people.com.cnwww.icronex.comwww.salpost.slwww.observatoire-medias.infowww.frankfurter-schwule.despiriteddrive.tumblr.comwww.cybersax.deask-ma.co.ukwww.bugey-cotiere.frwww.wakeinfright.comhobbyinsider.netblogthedog.co.ukraynesparkrfc.co.ukwww.olympiagloves.comw" 414 0 "-" "-"
195.56.55.225 - - [02/Oct/2013:02:50:24 +0200] "GET /test.html HTTP/1.1" 200 56 "-" "monit/4.6"
195.56.55.225 - - [02/Oct/2013:02:52:26 +0200] "GET /test.html HTTP/1.1" 200 56 "-" "monit/4.6"
195.56.55.225 - - [02/Oct/2013:02:54:29 +0200] "GET /test.html HTTP/1.1" 200 56 "-" "monit/4.6"
195.56.55.225 - - [02/Oct/2013:02:56:31 +0200] "GET /test.html HTTP/1.1" 200 56 "-" "monit/4.6"
195.56.55.225 - - [02/Oct/2013:02:58:33 +0200] "GET /test.html HTTP/1.1" 200 56 "-" "monit/4.6"
178.104.51.252 - - [02/Oct/2013:02:59:28 +0200] "-" 408 - "-" "-"
195.56.55.225 - - [02/Oct/2013:03:00:35 +0200] "GET /test.html HTTP/1.1" 200 56 "-" "monit/4.6"
92.249.243.3 - - [02/Oct/2013:03:01:14 +0200] "-" 408 - "-" "-"
195.56.55.225 - - [02/Oct/2013:03:02:37 +0200] "GET /test.html HTTP/1.1" 200 56 "-" "monit/4.6"
195.56.55.225 - - [02/Oct/2013:03:04:39 +0200] "GET /test.html HTTP/1.1" 200 56 "-" "monit/4.6"
193.105.210.226 - - [02/Oct/2013:03:05:32 +0200] "-" 408 - "-" "-"
195.56.55.225 - - [02/Oct/2013:03:06:44 +0200] "GET /test.html HTTP/1.1" 200 56 "-" "monit/4.6"
157.55.35.108 - - [02/Oct/2013:03:07:30 +0200] "GET /robots.txt HTTP/1.1" 404 285 "-" "Mozilla/5.0 (compatible; bingbot/2.0; +http://www.bing.com/bingbot.htm)"
157.55.35.108 - - [02/Oct/2013:03:08:32 +0200] "GET / HTTP/1.1" 200 1155 "-" "Mozilla/5.0 (compatible; bingbot/2.0; +http://www.bing.com/bingbot.htm)"
195.56.55.225 - - [02/Oct/2013:03:08:46 +0200] "GET /test.html HTTP/1.1" 200 56 "-" "monit/4.6"
91.232.96.36 - - [02/Oct/2013:03:10:09 +0200] "GET /forum_attac.php3?id_article=983&retour=cikk.php3%3Fid_article%3D983 HTTP/1.1" 404 292 "-" "Mozilla/4.0 (compatible; MSIE 6.0; Windows NT 5.1; SV1)"
202.46.54.45 - - [02/Oct/2013:03:10:36 +0200] "GET / HTTP/1.1" 200 1155 "-" "Mozilla/4.0 (compatible; MSIE 7.0; Windows NT 6.0)"
195.56.55.225 - - [02/Oct/2013:03:10:55 +0200] "GET /test.html HTTP/1.1" 200 56 "-" "monit/4.6"
119.63.193.194 - - [02/Oct/2013:03:11:45 +0200] "GET / HTTP/1.1" 200 1155 "-" "Mozilla/4.0 (compatible; MSIE 7.0; Windows NT 6.0)"
195.56.55.225 - - [02/Oct/2013:03:12:57 +0200] "GET /test.html HTTP/1.1" 200 56 "-" "monit/4.6"
195.56.55.225 - - [02/Oct/2013:03:14:59 +0200] "GET /test.html HTTP/1.1" 200 56 "-" "monit/4.6"
195.56.55.225 - - [02/Oct/2013:03:17:02 +0200] "GET /test.html HTTP/1.1" 200 56 "-" "monit/4.6"
195.56.55.225 - - [02/Oct/2013:03:19:04 +0200] "GET /test.html HTTP/1.1" 200 56 "-" "monit/4.6"
195.56.55.225 - - [02/Oct/2013:03:21:06 +0200] "GET /test.html HTTP/1.1" 200 56 "-" "monit/4.6"
195.56.55.225 - - [02/Oct/2013:03:23:08 +0200] "GET /test.html HTTP/1.1" 200 56 "-" "monit/4.6"
65.55.213.42 - - [02/Oct/2013:03:23:46 +0200] "GET / HTTP/1.1" 200 1155 "-" "Mozilla/4.0 (compatible; MSIE 7.0; Windows NT 5.2; SLCC1; .NET CLR 1.1.4325; .NET CLR 2.0.40607; .NET CLR 3.0.04506.648)"
66.249.75.213 - - [02/Oct/2013:03:24:00 +0200] "GET /robots.txt HTTP/1.1" 404 296 "-" "Mozilla/5.0 (compatible; Googlebot/2.1; +http://www.google.com/bot.html)"
66.249.75.213 - - [02/Oct/2013:03:24:00 +0200] "GET / HTTP/1.1" 200 1155 "-" "Mozilla/5.0 (iPhone; U; CPU iPhone OS 4_1 like Mac OS X; en-us) AppleWebKit/532.9 (KHTML, like Gecko) Version/4.0.5 Mobile/8B117 Safari/6531.22.7 (compatible; Googlebot-Mobile/2.1; +http://www.google.com/bot.html)"
91.207.7.98 - - [02/Oct/2013:03:24:53 +0200] "GET /forum_attac.php3?id_article=81&retour=cikk.php3%25253Fid_article%25253D81 HTTP/1.0" 404 280 "http://attac.zpok.hu/forum_attac.php3?id_article=81&retour=cikk.php3%25253Fid_article%25253D81" "Opera/9.80 (Windows NT 5.1; MRA 6.0 (build 5831)) Presto/2.12.388 Version/12.10"
91.207.7.98 - - [02/Oct/2013:03:24:53 +0200] "GET / HTTP/1.0" 200 1155 "http://attac.zpok.hu/" "Opera/9.80 (Windows NT 5.1; MRA 6.0 (build 5831)) Presto/2.12.388 Version/12.10"
195.56.55.225 - - [02/Oct/2013:03:25:10 +0200] "GET /test.html HTTP/1.1" 200 56 "-" "monit/4.6"
195.56.55.225 - - [02/Oct/2013:03:27:12 +0200] "GET /test.html HTTP/1.1" 200 56 "-" "monit/4.6"
195.56.55.225 - - [02/Oct/2013:03:29:16 +0200] "GET /test.html HTTP/1.1" 200 56 "-" "monit/4.6"
5.10.83.37 - - [02/Oct/2013:03:29:20 +0200] "GET /cikk.php3?id_article=1175 HTTP/1.1" 404 285 "-" "Mozilla/5.0 (compatible; AhrefsBot/5.0; +http://ahrefs.com/robot/)"
195.56.55.225 - - [02/Oct/2013:03:31:18 +0200] "GET /test.html HTTP/1.1" 200 56 "-" "monit/4.6"
91.232.96.36 - - [02/Oct/2013:03:33:06 +0200] "GET /forum_attac.php3?id_article=983&retour=cikk.php3%3Fid_article%3D983 HTTP/1.1" 404 292 "-" "Mozilla/4.0 (compatible; MSIE 6.0; Windows NT 5.1; SV1)"
195.56.55.225 - - [02/Oct/2013:03:33:20 +0200] "GET /test.html HTTP/1.1" 200 56 "-" "monit/4.6"
195.56.55.225 - - [02/Oct/2013:03:35:22 +0200] "GET /test.html HTTP/1.1" 200 56 "-" "monit/4.6"
93.80.127.63 - - [02/Oct/2013:03:36:07 +0200] "GET / HTTP/1.0" 200 1155 "http://attac.zpok.hu/" "Mozilla/5.0 (Windows NT 5.1; rv:15.0) Gecko/20100101 Firefox/15.0.1"
93.80.127.63 - - [02/Oct/2013:03:36:07 +0200] "GET /index.php HTTP/1.0" 404 273 "http://attac.zpok.hu/index.php" "Mozilla/5.0 (Windows; U; Windows NT 5.1; ru; rv:1.9.0.19) Gecko/2010031422 Firefox/3.0.19 YB/3.5.1 (.NET CLR 3.5.30729)"
195.56.55.225 - - [02/Oct/2013:03:37:25 +0200] "GET /test.html HTTP/1.1" 200 56 "-" "monit/4.6"
195.56.55.225 - - [02/Oct/2013:03:39:27 +0200] "GET /test.html HTTP/1.1" 200 56 "-" "monit/4.6"
195.56.55.225 - - [02/Oct/2013:03:41:29 +0200] "GET /test.html HTTP/1.1" 200 56 "-" "monit/4.6"
193.105.210.226 - - [02/Oct/2013:03:42:40 +0200] "-" 408 - "-" "-"
195.56.55.225 - - [02/Oct/2013:03:43:31 +0200] "GET /test.html HTTP/1.1" 200 56 "-" "monit/4.6"
208.115.111.75 - - [02/Oct/2013:03:44:46 +0200] "GET /robots.txt HTTP/1.1" 404 287 "-" "Mozilla/5.0 (compatible; Ezooms/1.0; ezooms.bot@gmail.com)"
195.56.55.225 - - [02/Oct/2013:03:45:33 +0200] "GET /test.html HTTP/1.1" 200 56 "-" "monit/4.6"
72.14.199.132 - - [02/Oct/2013:03:46:56 +0200] "GET / HTTP/1.1" 200 1155 "-" "Feedfetcher-Google; (+http://www.google.com/feedfetcher.html; 1 subscribers; feed-id=849169264004692768)"
180.76.5.53 - - [02/Oct/2013:03:47:03 +0200] "GET /robots.txt HTTP/1.1" 404 286 "-" "Mozilla/5.0 (Windows NT 5.1; rv:6.0.2) Gecko/20100101 Firefox/6.0.2"
195.56.55.225 - - [02/Oct/2013:03:47:35 +0200] "GET /test.html HTTP/1.1" 200 56 "-" "monit/4.6"
195.56.55.225 - - [02/Oct/2013:03:49:37 +0200] "GET /test.html HTTP/1.1" 200 56 "-" "monit/4.6"
65.55.24.237 - - [02/Oct/2013:03:49:44 +0200] "GET /robots.txt HTTP/1.1" 404 288 "-" "Mozilla/5.0 (compatible; bingbot/2.0; +http://www.bing.com/bingbot.htm)"
180.76.5.140 - - [02/Oct/2013:03:50:10 +0200] "GET /robots.txt HTTP/1.1" 404 285 "-" "Mozilla/5.0 (Windows NT 5.1; rv:6.0.2) Gecko/20100101 Firefox/6.0.2"
198.24.171.86 - - [02/Oct/2013:03:50:49 +0200] "GET / HTTP/1.1" 200 1155 "-" "Mozilla/3.0 (compatible; Indy Library)"
65.55.24.237 - - [02/Oct/2013:03:51:09 +0200] "GET / HTTP/1.1" 200 1155 "-" "Mozilla/5.0 (compatible; bingbot/2.0; +http://www.bing.com/bingbot.htm)"
195.56.55.225 - - [02/Oct/2013:03:51:39 +0200] "GET /test.html HTTP/1.1" 200 56 "-" "monit/4.6"
195.56.55.225 - - [02/Oct/2013:03:53:41 +0200] "GET /test.html HTTP/1.1" 200 56 "-" "monit/4.6"
195.56.55.225 - - [02/Oct/2013:03:55:43 +0200] "GET /test.html HTTP/1.1" 200 56 "-" "monit/4.6"
91.232.96.36 - - [02/Oct/2013:03:56:04 +0200] "GET /forum_attac.php3?id_article=983&retour=cikk.php3%3Fid_article%3D983 HTTP/1.1" 404 292 "-" "Mozilla/4.0 (compatible; MSIE 6.0; Windows NT 5.1; SV1)"
195.56.55.225 - - [02/Oct/2013:03:57:45 +0200] "GET /test.html HTTP/1.1" 200 56 "-" "monit/4.6"
195.56.55.225 - - [02/Oct/2013:03:59:47 +0200] "GET /test.html HTTP/1.1" 200 56 "-" "monit/4.6"
195.56.55.225 - - [02/Oct/2013:04:01:49 +0200] "GET /test.html HTTP/1.1" 200 56 "-" "monit/4.6"
195.56.55.225 - - [02/Oct/2013:04:03:51 +0200] "GET /test.html HTTP/1.1" 200 56 "-" "monit/4.6"
208.115.111.75 - - [02/Oct/2013:04:04:15 +0200] "GET / HTTP/1.1" 200 1155 "-" "Mozilla/5.0 (compatible; Ezooms/1.0; ezooms.bot@gmail.com)"
195.56.55.225 - - [02/Oct/2013:04:05:53 +0200] "GET /test.html HTTP/1.1" 200 56 "-" "monit/4.6"
195.56.55.225 - - [02/Oct/2013:04:07:55 +0200] "GET /test.html HTTP/1.1" 200 56 "-" "monit/4.6"
195.56.55.225 - - [02/Oct/2013:04:09:57 +0200] "GET /test.html HTTP/1.1" 200 56 "-" "monit/4.6"
212.7.196.79 - - [02/Oct/2013:04:10:46 +0200] "GET / HTTP/1.1" 200 1155 "-" "Mozilla/5.0 (Windows; U; Windows NT 6.1; WOW64; en-US; rv:2.0.4) Gecko/20120718 AskTbAVR-IDW/3.12.5.17700 Firefox/14.0.1"
195.56.55.225 - - [02/Oct/2013:04:11:59 +0200] "GET /test.html HTTP/1.1" 200 56 "-" "monit/4.6"
5.10.83.37 - - [02/Oct/2013:04:12:48 +0200] "GET /cikk.php3?id_article=521 HTTP/1.1" 404 285 "-" "Mozilla/5.0 (compatible; AhrefsBot/5.0; +http://ahrefs.com/robot/)"
93.80.127.63 - - [02/Oct/2013:04:13:04 +0200] "GET / HTTP/1.0" 200 1155 "http://mtvsz.zpok.hu/" "Mozilla/5.0 (X11; Ubuntu; Linux i686; rv:16.0) Gecko/20100101 Firefox/16.0"
93.80.127.63 - - [02/Oct/2013:04:13:05 +0200] "GET /index.php HTTP/1.0" 404 273 "http://mtvsz.zpok.hu/index.php" "Mozilla/5.0 (Windows NT 6.1) AppleWebKit/534.57.2 (KHTML, like Gecko) Version/5.1.7 Safari/534.57.2"
65.55.215.34 - - [02/Oct/2013:04:13:34 +0200] "GET /robots.txt HTTP/1.1" 404 286 "-" "msnbot-media/1.1 (+http://search.msn.com/msnbot.htm)"
65.55.215.34 - - [02/Oct/2013:04:13:34 +0200] "GET /IMG/arton982.jpg HTTP/1.1" 404 292 "-" "msnbot-media/1.1 (+http://search.msn.com/msnbot.htm)"
195.56.55.225 - - [02/Oct/2013:04:14:01 +0200] "GET /test.html HTTP/1.1" 200 56 "-" "monit/4.6"
195.56.55.225 - - [02/Oct/2013:04:16:03 +0200] "GET /test.html HTTP/1.1" 200 56 "-" "monit/4.6"
195.56.55.225 - - [02/Oct/2013:04:18:05 +0200] "GET /test.html HTTP/1.1" 200 56 "-" "monit/4.6"
91.232.96.36 - - [02/Oct/2013:04:19:02 +0200] "GET /forum_attac.php3?id_article=983&retour=cikk.php3%3Fid_article%3D983 HTTP/1.1" 404 292 "-" "Mozilla/4.0 (compatible; MSIE 6.0; Windows NT 5.1; SV1)"
195.56.55.225 - - [02/Oct/2013:04:20:07 +0200] "GET /test.html HTTP/1.1" 200 56 "-" "monit/4.6"
195.56.55.225 - - [02/Oct/2013:04:22:10 +0200] "GET /test.html HTTP/1.1" 200 56 "-" "monit/4.6"
195.56.55.225 - - [02/Oct/2013:04:24:15 +0200] "GET /test.html HTTP/1.1" 200 56 "-" "monit/4.6"
195.56.55.225 - - [02/Oct/2013:04:26:27 +0200] "GET /test.html HTTP/1.1" 200 56 "-" "monit/4.6"
5.10.83.37 - - [02/Oct/2013:04:28:20 +0200] "GET /wto.shtml?x=11752 HTTP/1.1" 404 298 "-" "Mozilla/5.0 (compatible; AhrefsBot/5.0; +http://ahrefs.com/robot/)"
195.56.55.225 - - [02/Oct/2013:04:28:30 +0200] "GET /test.html HTTP/1.1" 200 56 "-" "monit/4.6"
195.56.55.225 - - [02/Oct/2013:04:30:32 +0200] "GET /test.html HTTP/1.1" 200 56 "-" "monit/4.6"
195.56.55.225 - - [02/Oct/2013:04:32:34 +0200] "GET /test.html HTTP/1.1" 200 56 "-" "monit/4.6"
195.56.55.225 - - [02/Oct/2013:04:34:36 +0200] "GET /test.html HTTP/1.1" 200 56 "-" "monit/4.6"
195.56.55.225 - - [02/Oct/2013:04:36:38 +0200] "GET /test.html HTTP/1.1" 200 56 "-" "monit/4.6"
195.56.55.225 - - [02/Oct/2013:04:38:41 +0200] "GET /test.html HTTP/1.1" 200 56 "-" "monit/4.6"
195.56.55.225 - - [02/Oct/2013:04:40:43 +0200] "GET /test.html HTTP/1.1" 200 56 "-" "monit/4.6"
199.30.28.162 - - [02/Oct/2013:04:41:54 +0200] "GET /robots.txt HTTP/1.1" 404 286 "-" "msnbot-media/1.1 (+http://search.msn.com/msnbot.htm)"
199.30.28.162 - - [02/Oct/2013:04:41:54 +0200] "GET /IMG/arton1074.jpg HTTP/1.1" 404 293 "-" "msnbot-media/1.1 (+http://search.msn.com/msnbot.htm)"
91.232.96.36 - - [02/Oct/2013:04:42:07 +0200] "GET /forum_attac.php3?id_article=983&retour=cikk.php3%3Fid_article%3D983 HTTP/1.1" 404 292 "-" "Mozilla/4.0 (compatible; MSIE 6.0; Windows NT 5.1; SV1)"
195.56.55.225 - - [02/Oct/2013:04:42:45 +0200] "GET /test.html HTTP/1.1" 200 56 "-" "monit/4.6"
195.56.55.225 - - [02/Oct/2013:04:44:47 +0200] "GET /test.html HTTP/1.1" 200 56 "-" "monit/4.6"
77.251.104.35 - - [02/Oct/2013:04:45:15 +0200] "GET /\" + gaJsHost + \"google-analytics.com/ga.js HTTP/1.1" 400 365 "-" "-"
195.56.55.225 - - [02/Oct/2013:04:46:49 +0200] "GET /test.html HTTP/1.1" 200 56 "-" "monit/4.6"
180.76.5.158 - - [02/Oct/2013:04:48:06 +0200] "GET /robots.txt HTTP/1.1" 404 290 "-" "Mozilla/5.0 (Windows NT 5.1; rv:6.0.2) Gecko/20100101 Firefox/6.0.2"
195.56.55.225 - - [02/Oct/2013:04:48:51 +0200] "GET /test.html HTTP/1.1" 200 56 "-" "monit/4.6"
195.56.55.225 - - [02/Oct/2013:04:50:53 +0200] "GET /test.html HTTP/1.1" 200 56 "-" "monit/4.6"
157.56.92.163 - - [02/Oct/2013:04:52:29 +0200] "GET /robots.txt HTTP/1.1" 404 290 "-" "Mozilla/5.0 (compatible; bingbot/2.0; +http://www.bing.com/bingbot.htm)"
195.56.55.225 - - [02/Oct/2013:04:52:55 +0200] "GET /test.html HTTP/1.1" 200 56 "-" "monit/4.6"
81.52.143.15 - - [02/Oct/2013:04:53:45 +0200] "GET / HTTP/1.1" 200 1155 "-" "Mozilla/5.0 (Windows; U; Windows NT 5.1; fr; rv:1.8.1) VoilaBot BETA 1.2 (support.voilabot@orange-ftgroup.com)"
195.56.55.225 - - [02/Oct/2013:04:54:57 +0200] "GET /test.html HTTP/1.1" 200 56 "-" "monit/4.6"
195.56.55.225 - - [02/Oct/2013:04:56:59 +0200] "GET /test.html HTTP/1.1" 200 56 "-" "monit/4.6"
157.56.92.163 - - [02/Oct/2013:04:57:32 +0200] "GET / HTTP/1.1" 200 1155 "-" "Mozilla/5.0 (compatible; bingbot/2.0; +http://www.bing.com/bingbot.htm)"
180.76.5.85 - - [02/Oct/2013:04:57:36 +0200] "GET /robots.txt HTTP/1.1" 404 299 "-" "Mozilla/5.0 (Windows NT 5.1; rv:6.0.2) Gecko/20100101 Firefox/6.0.2"
193.105.210.226 - - [02/Oct/2013:04:58:05 +0200] "-" 408 - "-" "-"
195.56.55.225 - - [02/Oct/2013:04:59:01 +0200] "GET /test.html HTTP/1.1" 200 56 "-" "monit/4.6"
195.56.55.225 - - [02/Oct/2013:05:01:03 +0200] "GET /test.html HTTP/1.1" 200 56 "-" "monit/4.6"
195.56.55.225 - - [02/Oct/2013:05:03:05 +0200] "GET /test.html HTTP/1.1" 200 56 "-" "monit/4.6"
89.135.96.127 - - [02/Oct/2013:05:04:49 +0200] "GET /files/imagecache/node_teaser/Csontv\xc3\xa1ry Mag\xc3\xa1nyos c\xc3\xa9drus.jpg HTTP/1.1" 400 365 "-" "-"
89.135.96.127 - - [02/Oct/2013:05:04:49 +0200] "GET /files/Csontv\xc3\xa1ry Mag\xc3\xa1nyos c\xc3\xa9drus.jpg HTTP/1.1" 400 365 "-" "-"
91.232.96.36 - - [02/Oct/2013:05:05:07 +0200] "GET /forum_attac.php3?id_article=983&retour=cikk.php3%3Fid_article%3D983 HTTP/1.1" 404 292 "-" "Mozilla/4.0 (compatible; MSIE 6.0; Windows NT 5.1; SV1)"
195.56.55.225 - - [02/Oct/2013:05:05:07 +0200] "GET /test.html HTTP/1.1" 200 56 "-" "monit/4.6"
195.56.55.225 - - [02/Oct/2013:05:07:09 +0200] "GET /test.html HTTP/1.1" 200 56 "-" "monit/4.6"
195.56.55.225 - - [02/Oct/2013:05:09:11 +0200] "GET /test.html HTTP/1.1" 200 56 "-" "monit/4.6"
180.76.6.213 - - [02/Oct/2013:05:11:02 +0200] "GET / HTTP/1.1" 200 1155 "-" "Mozilla/5.0 (compatible; Baiduspider/2.0; +http://www.baidu.com/search/spider.html)"
195.56.55.225 - - [02/Oct/2013:05:11:13 +0200] "GET /test.html HTTP/1.1" 200 56 "-" "monit/4.6"
195.56.55.225 - - [02/Oct/2013:05:13:15 +0200] "GET /test.html HTTP/1.1" 200 56 "-" "monit/4.6"
195.56.55.225 - - [02/Oct/2013:05:15:18 +0200] "GET /test.html HTTP/1.1" 200 56 "-" "monit/4.6"
195.56.55.225 - - [02/Oct/2013:05:17:20 +0200] "GET /test.html HTTP/1.1" 200 56 "-" "monit/4.6"
195.56.55.225 - - [02/Oct/2013:05:19:22 +0200] "GET /test.html HTTP/1.1" 200 56 "-" "monit/4.6"
195.56.55.225 - - [02/Oct/2013:05:21:24 +0200] "GET /test.html HTTP/1.1" 200 56 "-" "monit/4.6"
195.56.55.225 - - [02/Oct/2013:05:23:27 +0200] "GET /test.html HTTP/1.1" 200 56 "-" "monit/4.6"
195.56.55.225 - - [02/Oct/2013:05:25:29 +0200] "GET /test.html HTTP/1.1" 200 56 "-" "monit/4.6"
195.56.55.225 - - [02/Oct/2013:05:27:31 +0200] "GET /test.html HTTP/1.1" 200 56 "-" "monit/4.6"
91.232.96.36 - - [02/Oct/2013:05:28:09 +0200] "GET /forum_attac.php3?id_article=983&retour=cikk.php3%3Fid_article%3D983 HTTP/1.1" 404 292 "-" "Mozilla/4.0 (compatible; MSIE 6.0; Windows NT 5.1; SV1)"
180.76.5.29 - - [02/Oct/2013:05:29:20 +0200] "GET /robots.txt HTTP/1.1" 404 288 "-" "Mozilla/5.0 (Windows NT 5.1; rv:6.0.2) Gecko/20100101 Firefox/6.0.2"
195.56.55.225 - - [02/Oct/2013:05:29:33 +0200] "GET /test.html HTTP/1.1" 200 56 "-" "monit/4.6"
5.9.65.140 - - [02/Oct/2013:05:30:02 +0200] "POST" 405 - "-" "-"
89.135.96.127 - - [02/Oct/2013:05:30:45 +0200] "GET /files/imagecache/node_teaser/Csontv\xc3\xa1ry Mag\xc3\xa1nyos c\xc3\xa9drus.jpg HTTP/1.1" 400 365 "-" "-"
89.135.96.127 - - [02/Oct/2013:05:30:45 +0200] "GET /files/Csontv\xc3\xa1ry Mag\xc3\xa1nyos c\xc3\xa9drus.jpg HTTP/1.1" 400 365 "-" "-"
180.76.5.164 - - [02/Oct/2013:05:30:55 +0200] "GET / HTTP/1.1" 200 1155 "-" "Mozilla/5.0 (compatible; Baiduspider/2.0; +http://www.baidu.com/search/spider.html)"
195.56.55.225 - - [02/Oct/2013:05:31:36 +0200] "GET /test.html HTTP/1.1" 200 56 "-" "monit/4.6"
195.56.55.225 - - [02/Oct/2013:05:33:39 +0200] "GET /test.html HTTP/1.1" 200 56 "-" "monit/4.6"
195.56.55.225 - - [02/Oct/2013:05:35:41 +0200] "GET /test.html HTTP/1.1" 200 56 "-" "monit/4.6"
195.56.55.225 - - [02/Oct/2013:05:37:59 +0200] "GET /test.html HTTP/1.1" 200 56 "-" "monit/4.6"
195.56.55.225 - - [02/Oct/2013:05:40:02 +0200] "GET /test.html HTTP/1.1" 200 56 "-" "monit/4.6"
195.56.55.225 - - [02/Oct/2013:05:42:04 +0200] "GET /test.html HTTP/1.1" 200 56 "-" "monit/4.6"
195.56.55.225 - - [02/Oct/2013:05:44:06 +0200] "GET /test.html HTTP/1.1" 200 56 "-" "monit/4.6"
195.56.55.225 - - [02/Oct/2013:05:46:08 +0200] "GET /test.html HTTP/1.1" 200 56 "-" "monit/4.6"
208.115.113.90 - - [02/Oct/2013:05:47:18 +0200] "GET /robots.txt HTTP/1.1" 404 290 "-" "Mozilla/5.0 (compatible; Ezooms/1.0; ezooms.bot@gmail.com)"
195.56.55.225 - - [02/Oct/2013:05:48:10 +0200] "GET /test.html HTTP/1.1" 200 56 "-" "monit/4.6"
162.224.185.218 - - [02/Oct/2013:05:49:54 +0200] "-" 408 - "-" "-"
195.56.55.225 - - [02/Oct/2013:05:50:12 +0200] "GET /test.html HTTP/1.1" 200 56 "-" "monit/4.6"
77.111.90.197 - - [02/Oct/2013:05:50:54 +0200] "GET /cikk.php3?id_article=495 HTTP/1.1" 404 285 "-" "Mozilla/5.0 (X11; U; Linux i686; en-US; rv:1.9.0.4) Gecko/2008111318 Ubuntu/8.10 (intrepid) Firefox/3.0.4"
91.232.96.36 - - [02/Oct/2013:05:51:02 +0200] "GET /forum_attac.php3?id_article=983&retour=cikk.php3%3Fid_article%3D983 HTTP/1.1" 404 292 "-" "Mozilla/4.0 (compatible; MSIE 6.0; Windows NT 5.1; SV1)"
195.56.55.225 - - [02/Oct/2013:05:52:14 +0200] "GET /test.html HTTP/1.1" 200 56 "-" "monit/4.6"
95.28.106.247 - - [02/Oct/2013:05:53:18 +0200] "GET / HTTP/1.1" 200 1155 "http://yandex.ru/yandsearch?text=access+to+the+web+site+which&lr=213" "Mozilla/4.0 (compatible; MSIE 8.0; Windows NT 6.1; Trident/4.0; SLCC2; .NET CLR 2.0.50727; .NET CLR 3.5.30729; .NET CLR 3.0.30729)"
195.56.55.225 - - [02/Oct/2013:05:54:16 +0200] "GET /test.html HTTP/1.1" 200 56 "-" "monit/4.6"
195.56.55.225 - - [02/Oct/2013:05:56:18 +0200] "GET /test.html HTTP/1.1" 200 56 "-" "monit/4.6"
5.10.83.37 - - [02/Oct/2013:05:57:48 +0200] "GET /gen_mta_level HTTP/1.1" 404 299 "-" "Mozilla/5.0 (compatible; AhrefsBot/5.0; +http://ahrefs.com/robot/)"
195.56.55.225 - - [02/Oct/2013:05:58:20 +0200] "GET /test.html HTTP/1.1" 200 56 "-" "monit/4.6"
195.56.55.225 - - [02/Oct/2013:06:00:22 +0200] "GET /test.html HTTP/1.1" 200 56 "-" "monit/4.6"
195.56.55.225 - - [02/Oct/2013:06:02:24 +0200] "GET /test.html HTTP/1.1" 200 56 "-" "monit/4.6"
169.232.65.150 - - [02/Oct/2013:06:03:27 +0200] "-" 408 - "-" "-"
5.10.83.37 - - [02/Oct/2013:06:04:09 +0200] "GET /cikk.php3?id_article=342 HTTP/1.1" 404 285 "-" "Mozilla/5.0 (compatible; AhrefsBot/5.0; +http://ahrefs.com/robot/)"
195.56.55.225 - - [02/Oct/2013:06:04:26 +0200] "GET /test.html HTTP/1.1" 200 56 "-" "monit/4.6"
195.56.55.225 - - [02/Oct/2013:06:06:28 +0200] "GET /test.html HTTP/1.1" 200 56 "-" "monit/4.6"
195.56.55.225 - - [02/Oct/2013:06:08:30 +0200] "GET /test.html HTTP/1.1" 200 56 "-" "monit/4.6"
195.56.55.225 - - [02/Oct/2013:06:10:32 +0200] "GET /test.html HTTP/1.1" 200 56 "-" "monit/4.6"
195.56.55.225 - - [02/Oct/2013:06:12:34 +0200] "GET /test.html HTTP/1.1" 200 56 "-" "monit/4.6"
91.232.96.36 - - [02/Oct/2013:06:14:02 +0200] "GET /forum_attac.php3?id_article=983&retour=cikk.php3%3Fid_article%3D983 HTTP/1.1" 404 292 "-" "Mozilla/4.0 (compatible; MSIE 6.0; Windows NT 5.1; SV1)"
195.56.55.225 - - [02/Oct/2013:06:14:36 +0200] "GET /test.html HTTP/1.1" 200 56 "-" "monit/4.6"
195.56.55.225 - - [02/Oct/2013:06:16:38 +0200] "GET /test.html HTTP/1.1" 200 56 "-" "monit/4.6"
65.55.24.237 - - [02/Oct/2013:06:17:19 +0200] "GET /robots.txt HTTP/1.1" 404 286 "-" "Mozilla/5.0 (compatible; bingbot/2.0; +http://www.bing.com/bingbot.htm)"
195.56.55.225 - - [02/Oct/2013:06:18:41 +0200] "GET /test.html HTTP/1.1" 200 56 "-" "monit/4.6"
195.56.55.225 - - [02/Oct/2013:06:20:51 +0200] "GET /test.html HTTP/1.1" 200 56 "-" "monit/4.6"
195.56.55.225 - - [02/Oct/2013:06:22:53 +0200] "GET /test.html HTTP/1.1" 200 56 "-" "monit/4.6"
65.55.24.237 - - [02/Oct/2013:06:24:20 +0200] "GET /cikkek.php3?id_rubrique=2 HTTP/1.1" 404 287 "-" "Mozilla/5.0 (compatible; bingbot/2.0; +http://www.bing.com/bingbot.htm)"
195.56.55.225 - - [02/Oct/2013:06:24:57 +0200] "GET /test.html HTTP/1.1" 200 56 "-" "monit/4.6"
195.56.55.225 - - [02/Oct/2013:06:26:59 +0200] "GET /test.html HTTP/1.1" 200 56 "-" "monit/4.6"
77.234.71.48 - - [02/Oct/2013:06:27:26 +0200] "-" 408 - "-" "-"
77.234.71.48 - - [02/Oct/2013:06:27:26 +0200] "-" 408 - "-" "-"
77.234.71.48 - - [02/Oct/2013:06:27:26 +0200] "-" 408 - "-" "-"
77.234.71.48 - - [02/Oct/2013:06:27:26 +0200] "-" 408 - "-" "-"
77.234.71.48 - - [02/Oct/2013:06:27:26 +0200] "-" 408 - "-" "-"
77.234.71.48 - - [02/Oct/2013:06:27:26 +0200] "-" 408 - "-" "-"
195.56.55.225 - - [02/Oct/2013:06:29:01 +0200] "GET /test.html HTTP/1.1" 200 56 "-" "monit/4.6"
180.76.5.110 - - [02/Oct/2013:06:30:21 +0200] "GET / HTTP/1.1" 200 1155 "-" "Mozilla/5.0 (compatible; Baiduspider/2.0; +http://www.baidu.com/search/spider.html)"
195.56.55.225 - - [02/Oct/2013:06:31:03 +0200] "GET /test.html HTTP/1.1" 200 56 "-" "monit/4.6"
195.56.55.225 - - [02/Oct/2013:06:33:05 +0200] "GET /test.html HTTP/1.1" 200 56 "-" "monit/4.6"
77.111.90.197 - - [02/Oct/2013:06:34:25 +0200] "GET /cikk.php3?id_article=527 HTTP/1.1" 404 285 "-" "Mozilla/5.0 (X11; U; Linux i686; en-US; rv:1.9.0.4) Gecko/2008111318 Ubuntu/8.10 (intrepid) Firefox/3.0.4"
195.56.55.225 - - [02/Oct/2013:06:35:08 +0200] "GET /test.html HTTP/1.1" 200 56 "-" "monit/4.6"
180.76.5.22 - - [02/Oct/2013:06:36:35 +0200] "GET /robots.txt HTTP/1.1" 404 305 "-" "Mozilla/5.0 (Windows NT 5.1; rv:6.0.2) Gecko/20100101 Firefox/6.0.2"
91.232.96.36 - - [02/Oct/2013:06:36:59 +0200] "GET /forum_attac.php3?id_article=983&retour=cikk.php3%3Fid_article%3D983 HTTP/1.1" 404 292 "-" "Mozilla/4.0 (compatible; MSIE 6.0; Windows NT 5.1; SV1)"
195.56.55.225 - - [02/Oct/2013:06:37:10 +0200] "GET /test.html HTTP/1.1" 200 56 "-" "monit/4.6"
212.7.196.79 - - [02/Oct/2013:06:38:35 +0200] "GET / HTTP/1.1" 200 1155 "-" "Mozilla/5.0 (Windows; U; Windows NT 6.1; WOW64; en-US; rv:2.0.4) Gecko/20120718 AskTbAVR-IDW/3.12.5.17700 Firefox/14.0.1"
195.56.55.225 - - [02/Oct/2013:06:39:12 +0200] "GET /test.html HTTP/1.1" 200 56 "-" "monit/4.6"
195.56.55.225 - - [02/Oct/2013:06:41:14 +0200] "GET /test.html HTTP/1.1" 200 56 "-" "monit/4.6"
195.56.55.225 - - [02/Oct/2013:06:43:16 +0200] "GET /test.html HTTP/1.1" 200 56 "-" "monit/4.6"
195.56.55.225 - - [02/Oct/2013:06:45:18 +0200] "GET /test.html HTTP/1.1" 200 56 "-" "monit/4.6"
72.14.199.132 - - [02/Oct/2013:06:46:56 +0200] "GET / HTTP/1.1" 200 1155 "-" "Feedfetcher-Google; (+http://www.google.com/feedfetcher.html; 1 subscribers; feed-id=849169264004692768)"
77.111.90.197 - - [02/Oct/2013:06:47:17 +0200] "GET /cikk.php3?id_article=223 HTTP/1.1" 404 285 "-" "Mozilla/5.0 (X11; U; Linux i686; en-US; rv:1.9.0.4) Gecko/2008111318 Ubuntu/8.10 (intrepid) Firefox/3.0.4"
195.56.55.225 - - [02/Oct/2013:06:47:20 +0200] "GET /test.html HTTP/1.1" 200 56 "-" "monit/4.6"
5.10.83.37 - - [02/Oct/2013:06:47:39 +0200] "GET /cikk.php3?id_article=257 HTTP/1.1" 404 285 "-" "Mozilla/5.0 (compatible; AhrefsBot/5.0; +http://ahrefs.com/robot/)"
77.111.90.197 - - [02/Oct/2013:06:47:54 +0200] "GET /cikk.php3?id_article=174 HTTP/1.1" 404 285 "-" "Mozilla/5.0 (X11; U; Linux i686; en-US; rv:1.9.0.4) Gecko/2008111318 Ubuntu/8.10 (intrepid) Firefox/3.0.4"
77.111.90.197 - - [02/Oct/2013:06:48:10 +0200] "GET /hir.php3?id_breve=93 HTTP/1.1" 404 284 "-" "Mozilla/5.0 (X11; U; Linux i686; en-US; rv:1.9.0.4) Gecko/2008111318 Ubuntu/8.10 (intrepid) Firefox/3.0.4"
77.111.90.197 - - [02/Oct/2013:06:48:31 +0200] "GET /cikk.php3?id_article=707 HTTP/1.1" 404 285 "-" "Mozilla/5.0 (X11; U; Linux i686; en-US; rv:1.9.0.4) Gecko/2008111318 Ubuntu/8.10 (intrepid) Firefox/3.0.4"
77.111.90.197 - - [02/Oct/2013:06:48:34 +0200] "GET /cikk.php3?id_article=466 HTTP/1.1" 404 285 "-" "Mozilla/5.0 (X11; U; Linux i686; en-US; rv:1.9.0.4) Gecko/2008111318 Ubuntu/8.10 (intrepid) Firefox/3.0.4"
195.56.55.225 - - [02/Oct/2013:06:49:22 +0200] "GET /test.html HTTP/1.1" 200 56 "-" "monit/4.6"
77.111.90.197 - - [02/Oct/2013:06:50:32 +0200] "GET /cikk.php3?id_article=107 HTTP/1.1" 404 285 "-" "Mozilla/5.0 (X11; U; Linux i686; en-US; rv:1.9.0.4) Gecko/2008111318 Ubuntu/8.10 (intrepid) Firefox/3.0.4"
65.55.52.95 - - [02/Oct/2013:06:50:42 +0200] "GET /robots.txt HTTP/1.1" 404 299 "-" "Mozilla/5.0 (compatible; bingbot/2.0; +http://www.bing.com/bingbot.htm)"
65.55.52.95 - - [02/Oct/2013:06:51:07 +0200] "GET / HTTP/1.1" 200 1155 "-" "Mozilla/5.0 (compatible; bingbot/2.0; +http://www.bing.com/bingbot.htm)"
77.111.90.197 - - [02/Oct/2013:06:51:13 +0200] "GET /cikk.php3?id_article=437 HTTP/1.1" 404 285 "-" "Mozilla/5.0 (X11; U; Linux i686; en-US; rv:1.9.0.4) Gecko/2008111318 Ubuntu/8.10 (intrepid) Firefox/3.0.4"
77.111.90.197 - - [02/Oct/2013:06:51:15 +0200] "GET /hir.php3?id_breve=107 HTTP/1.1" 404 284 "-" "Mozilla/5.0 (X11; U; Linux i686; en-US; rv:1.9.0.4) Gecko/2008111318 Ubuntu/8.10 (intrepid) Firefox/3.0.4"
180.76.5.196 - - [02/Oct/2013:06:51:18 +0200] "GET / HTTP/1.1" 200 1155 "-" "Mozilla/5.0 (compatible; Baiduspider/2.0; +http://www.baidu.com/search/spider.html)"
195.56.55.225 - - [02/Oct/2013:06:51:24 +0200] "GET /test.html HTTP/1.1" 200 56 "-" "monit/4.6"
193.105.210.226 - - [02/Oct/2013:06:52:30 +0200] "-" 408 - "-" "-"
193.105.210.226 - - [02/Oct/2013:06:52:30 +0200] "-" 408 - "-" "-"
193.105.210.226 - - [02/Oct/2013:06:52:35 +0200] "-" 408 - "-" "-"
193.105.210.226 - - [02/Oct/2013:06:52:36 +0200] "-" 408 - "-" "-"
195.56.55.225 - - [02/Oct/2013:06:53:31 +0200] "GET /test.html HTTP/1.1" 200 56 "-" "monit/4.6"
195.56.55.225 - - [02/Oct/2013:06:55:34 +0200] "GET /test.html HTTP/1.1" 200 56 "-" "monit/4.6"
195.56.55.225 - - [02/Oct/2013:06:57:36 +0200] "GET /test.html HTTP/1.1" 200 56 "-" "monit/4.6"
195.56.55.225 - - [02/Oct/2013:06:59:38 +0200] "GET /test.html HTTP/1.1" 200 56 "-" "monit/4.6"
91.232.96.36 - - [02/Oct/2013:07:01:00 +0200] "GET /forum_attac.php3?id_article=983&retour=cikk.php3%3Fid_article%3D983 HTTP/1.1" 404 292 "-" "Mozilla/4.0 (compatible; MSIE 6.0; Windows NT 5.1; SV1)"
195.56.55.225 - - [02/Oct/2013:07:01:40 +0200] "GET /test.html HTTP/1.1" 200 56 "-" "monit/4.6"
195.56.55.225 - - [02/Oct/2013:07:03:45 +0200] "GET /test.html HTTP/1.1" 200 56 "-" "monit/4.6"
195.56.55.225 - - [02/Oct/2013:07:05:47 +0200] "GET /test.html HTTP/1.1" 200 56 "-" "monit/4.6"
195.56.55.225 - - [02/Oct/2013:07:07:50 +0200] "GET /test.html HTTP/1.1" 200 56 "-" "monit/4.6"
195.56.55.225 - - [02/Oct/2013:07:09:52 +0200] "GET /test.html HTTP/1.1" 200 56 "-" "monit/4.6"
24.230.50.166 - - [02/Oct/2013:07:09:55 +0200] "GET /robots.txt HTTP/1.0" 404 275 "-" "Mozilla/5.0 (compatible; MJ12bot/v1.4.4; http://www.majestic12.co.uk/bot.php?+)"
24.230.50.166 - - [02/Oct/2013:07:09:57 +0200] "GET / HTTP/1.1" 200 1155 "-" "Mozilla/5.0 (compatible; MJ12bot/v1.4.4; http://www.majestic12.co.uk/bot.php?+)"
195.56.55.225 - - [02/Oct/2013:07:11:54 +0200] "GET /test.html HTTP/1.1" 200 56 "-" "monit/4.6"
195.56.55.225 - - [02/Oct/2013:07:13:56 +0200] "GET /test.html HTTP/1.1" 200 56 "-" "monit/4.6"
31.46.225.151 - - [02/Oct/2013:07:14:17 +0200] "-" 408 - "-" "-"
195.56.55.225 - - [02/Oct/2013:07:15:58 +0200] "GET /test.html HTTP/1.1" 200 56 "-" "monit/4.6"
31.46.225.151 - - [02/Oct/2013:07:16:32 +0200] "-" 408 - "-" "-"
31.46.225.151 - - [02/Oct/2013:07:16:32 +0200] "-" 408 - "-" "-"
195.56.55.225 - - [02/Oct/2013:07:18:01 +0200] "GET /test.html HTTP/1.1" 200 56 "-" "monit/4.6"
195.56.55.225 - - [02/Oct/2013:07:20:03 +0200] "GET /test.html HTTP/1.1" 200 56 "-" "monit/4.6"
195.56.55.225 - - [02/Oct/2013:07:22:13 +0200] "GET /test.html HTTP/1.1" 200 56 "-" "monit/4.6"
220.181.108.153 - - [02/Oct/2013:07:23:59 +0200] "GET /robots.txt HTTP/1.1" 404 293 "-" "Mozilla/5.0 (compatible; Baiduspider/2.0; +http://www.baidu.com/search/spider.html)"
91.232.96.36 - - [02/Oct/2013:07:23:59 +0200] "GET /forum_attac.php3?id_article=983&retour=cikk.php3%3Fid_article%3D983 HTTP/1.1" 404 292 "-" "Mozilla/4.0 (compatible; MSIE 6.0; Windows NT 5.1; SV1)"
195.56.55.225 - - [02/Oct/2013:07:24:19 +0200] "GET /test.html HTTP/1.1" 200 56 "-" "monit/4.6"
195.56.55.225 - - [02/Oct/2013:07:26:25 +0200] "GET /test.html HTTP/1.1" 200 56 "-" "monit/4.6"
195.56.55.225 - - [02/Oct/2013:07:28:27 +0200] "GET /test.html HTTP/1.1" 200 56 "-" "monit/4.6"
195.56.55.225 - - [02/Oct/2013:07:30:38 +0200] "GET /test.html HTTP/1.1" 200 56 "-" "monit/4.6"
195.56.55.225 - - [02/Oct/2013:07:32:40 +0200] "GET /test.html HTTP/1.1" 200 56 "-" "monit/4.6"
80.99.30.108 - - [02/Oct/2013:07:33:07 +0200] "-" 408 - "-" "-"
195.56.55.225 - - [02/Oct/2013:07:36:50 +0200] "GET /test.html HTTP/1.1" 200 56 "-" "monit/4.6"
195.56.55.225 - - [02/Oct/2013:07:38:52 +0200] "GET /test.html HTTP/1.1" 200 56 "-" "monit/4.6"
195.56.55.225 - - [02/Oct/2013:07:40:54 +0200] "GET /test.html HTTP/1.1" 200 56 "-" "monit/4.6"
180.76.6.225 - - [02/Oct/2013:07:42:27 +0200] "GET /robots.txt HTTP/1.1" 404 289 "-" "Mozilla/5.0 (Windows NT 5.1; rv:6.0.2) Gecko/20100101 Firefox/6.0.2"
195.56.55.225 - - [02/Oct/2013:07:42:56 +0200] "GET /test.html HTTP/1.1" 200 56 "-" "monit/4.6"
195.56.55.225 - - [02/Oct/2013:07:44:58 +0200] "GET /test.html HTTP/1.1" 200 56 "-" "monit/4.6"
188.94.139.233 - - [02/Oct/2013:07:45:39 +0200] "-" 408 - "-" "-"
91.232.96.36 - - [02/Oct/2013:07:46:58 +0200] "GET /forum_attac.php3?id_article=983&retour=cikk.php3%3Fid_article%3D983 HTTP/1.1" 404 292 "-" "Mozilla/4.0 (compatible; MSIE 6.0; Windows NT 5.1; SV1)"
195.56.55.225 - - [02/Oct/2013:07:47:00 +0200] "GET /test.html HTTP/1.1" 200 56 "-" "monit/4.6"
195.56.55.225 - - [02/Oct/2013:07:49:02 +0200] "GET /test.html HTTP/1.1" 200 56 "-" "monit/4.6"
195.56.55.225 - - [02/Oct/2013:07:51:04 +0200] "GET /test.html HTTP/1.1" 200 56 "-" "monit/4.6"
195.56.55.225 - - [02/Oct/2013:07:53:06 +0200] "GET /test.html HTTP/1.1" 200 56 "-" "monit/4.6"
195.56.55.225 - - [02/Oct/2013:07:55:08 +0200] "GET /test.html HTTP/1.1" 200 56 "-" "monit/4.6"
157.56.93.96 - - [02/Oct/2013:07:57:45 +0200] "GET /robots.txt HTTP/1.1" 404 295 "-" "Mozilla/5.0 (compatible; bingbot/2.0; +http://www.bing.com/bingbot.htm)"
208.115.113.90 - - [02/Oct/2013:07:59:51 +0200] "GET /tevekenysegunk/kothalo/gyik/veszelyes HTTP/1.1" 404 317 "-" "Mozilla/5.0 (compatible; Ezooms/1.0; ezooms.bot@gmail.com)"
195.56.55.225 - - [02/Oct/2013:08:00:00 +0200] "GET /test.html HTTP/1.1" 200 56 "-" "monit/4.6"
195.56.55.225 - - [02/Oct/2013:08:02:02 +0200] "GET /test.html HTTP/1.1" 200 56 "-" "monit/4.6"
157.55.33.78 - - [02/Oct/2013:08:03:13 +0200] "GET /robots.txt HTTP/1.1" 404 286 "-" "Mozilla/5.0 (compatible; bingbot/2.0; +http://www.bing.com/bingbot.htm)"
157.56.93.96 - - [02/Oct/2013:08:03:42 +0200] "GET /robots.txt HTTP/1.1" 404 295 "-" "Mozilla/5.0 (compatible; bingbot/2.0; +http://www.bing.com/bingbot.htm)"
195.56.55.225 - - [02/Oct/2013:08:04:06 +0200] "GET /test.html HTTP/1.1" 200 56 "-" "monit/4.6"
157.56.93.96 - - [02/Oct/2013:08:04:31 +0200] "GET / HTTP/1.1" 200 1155 "-" "Mozilla/5.0 (compatible; bingbot/2.0; +http://www.bing.com/bingbot.htm)"
157.55.33.78 - - [02/Oct/2013:08:04:50 +0200] "GET /article.php3?id_article=172 HTTP/1.1" 404 288 "-" "Mozilla/5.0 (compatible; bingbot/2.0; +http://www.bing.com/bingbot.htm)"
65.55.52.95 - - [02/Oct/2013:08:06:07 +0200] "GET /robots.txt HTTP/1.1" 404 285 "-" "Mozilla/5.0 (compatible; bingbot/2.0; +http://www.bing.com/bingbot.htm)"
195.56.55.225 - - [02/Oct/2013:08:06:12 +0200] "GET /test.html HTTP/1.1" 200 56 "-" "monit/4.6"
65.55.52.95 - - [02/Oct/2013:08:06:52 +0200] "GET / HTTP/1.1" 200 1155 "-" "Mozilla/5.0 (compatible; bingbot/2.0; +http://www.bing.com/bingbot.htm)"
195.56.55.225 - - [02/Oct/2013:08:08:17 +0200] "GET /test.html HTTP/1.1" 200 56 "-" "monit/4.6"
87.97.87.192 - - [02/Oct/2013:08:08:33 +0200] "-" 408 - "-" "-"
91.236.75.69 - - [02/Oct/2013:08:09:05 +0200] "GET /IMG/European_SW_Report_2010-eng.pdf HTTP/1.0" 404 299 "http://attac.zpok.hu/IMG/European_SW_Report_2010-eng.pdf" "Opera/9.80 (Windows NT 6.1; WOW64; MRA 8.0 (build 5784)) Presto/2.12.388 Version/12.10"
91.236.75.69 - - [02/Oct/2013:08:09:06 +0200] "GET / HTTP/1.0" 200 1155 "http://attac.zpok.hu/" "Opera/9.80 (Windows NT 6.1; WOW64; MRA 8.0 (build 5784)) Presto/2.12.388 Version/12.10"
91.232.96.36 - - [02/Oct/2013:08:09:58 +0200] "GET /forum_attac.php3?id_article=983&retour=cikk.php3%3Fid_article%3D983 HTTP/1.1" 404 292 "-" "Mozilla/4.0 (compatible; MSIE 6.0; Windows NT 5.1; SV1)"
195.56.55.225 - - [02/Oct/2013:08:10:25 +0200] "GET /test.html HTTP/1.1" 200 56 "-" "monit/4.6"
199.30.20.103 - - [02/Oct/2013:08:10:26 +0200] "GET /robots.txt HTTP/1.1" 404 290 "-" "msnbot-media/1.1 (+http://search.msn.com/msnbot.htm)"
199.30.20.103 - - [02/Oct/2013:08:10:27 +0200] "GET /sites/csalan.mindworks.hu/files/logo_dia.jpg HTTP/1.1" 404 324 "-" "msnbot-media/1.1 (+http://search.msn.com/msnbot.htm)"
195.56.55.225 - - [02/Oct/2013:08:12:40 +0200] "GET /test.html HTTP/1.1" 200 56 "-" "monit/4.6"
195.56.55.225 - - [02/Oct/2013:08:16:01 +0200] "GET /test.html HTTP/1.1" 200 56 "-" "monit/4.6"
195.56.55.225 - - [02/Oct/2013:08:18:03 +0200] "GET /test.html HTTP/1.1" 200 56 "-" "monit/4.6"
157.55.33.44 - - [02/Oct/2013:08:19:35 +0200] "GET /robots.txt HTTP/1.1" 404 290 "-" "Mozilla/5.0 (compatible; bingbot/2.0; +http://www.bing.com/bingbot.htm)"
195.56.55.225 - - [02/Oct/2013:08:20:05 +0200] "GET /test.html HTTP/1.1" 200 56 "-" "monit/4.6"
157.55.33.44 - - [02/Oct/2013:08:21:12 +0200] "GET /cikk.php3?id_article=1074 HTTP/1.1" 404 289 "-" "Mozilla/5.0 (compatible; bingbot/2.0; +http://www.bing.com/bingbot.htm)"
195.56.55.225 - - [02/Oct/2013:08:22:08 +0200] "GET /test.html HTTP/1.1" 200 56 "-" "monit/4.6"
195.56.55.225 - - [02/Oct/2013:08:24:10 +0200] "GET /test.html HTTP/1.1" 200 56 "-" "monit/4.6"
84.3.53.95 - - [02/Oct/2013:08:25:58 +0200] "-" 408 - "-" "-"
195.56.55.225 - - [02/Oct/2013:08:26:12 +0200] "GET /test.html HTTP/1.1" 200 56 "-" "monit/4.6"
195.56.55.225 - - [02/Oct/2013:08:28:14 +0200] "GET /test.html HTTP/1.1" 200 56 "-" "monit/4.6"
195.56.55.225 - - [02/Oct/2013:08:30:16 +0200] "GET /test.html HTTP/1.1" 200 56 "-" "monit/4.6"
77.251.104.35 - - [02/Oct/2013:08:30:17 +0200] "GET /englishsite/index.shtml?conds[0][category........]=Egyes\xfcleti h\xedrek&iview=58&slice_id=777ad89538966d33b9d5fb7d0e49b91c&NmbFullBoxes=1&mlx=EN-ONLY HTTP/1.1" 400 365 "-" "-"
77.251.104.35 - - [02/Oct/2013:08:30:23 +0200] "GET /brandnewsite/index.shtml?conds[0][category........]=(fb OR elnokseg OR te)&iview=50&slice_id=35d4beaf32a03c618d6739d2ab3739ee&NmbFullBoxes=1000&sort[0][integer.........]=a HTTP/1.1" 400 365 "-" "-"
77.251.104.35 - - [02/Oct/2013:08:30:23 +0200] "GET /index.shtml?conds[0][category........]=(fb OR elnokseg OR te)&iview=50&slice_id=35d4beaf32a03c618d6739d2ab3739ee&NmbFullBoxes=1000&sort[0][integer.........]=a HTTP/1.1" 400 365 "-" "-"
77.251.104.35 - - [02/Oct/2013:08:30:37 +0200] "GET /brandnewsite/index.shtml?conds[0][category........]=EMLA 15&iview=92&slice_id=777ad89538966d33b9d5fb7d0e49b91c&NmbFullBoxes=1 HTTP/1.1" 400 365 "-" "-"
77.251.104.35 - - [02/Oct/2013:08:30:39 +0200] "GET /englishsite/index.shtml?conds[0][category.......1]=(fb OR elnokseg OR te)&iview=79&slice_id=35d4beaf32a03c618d6739d2ab3739ee&NmbFullBoxes=1000&sort[0][integer.........]=a&mlx=EN-ONLY HTTP/1.1" 400 365 "-" "-"
77.251.104.35 - - [02/Oct/2013:08:30:39 +0200] "GET /brandnewsite/index.shtml?conds[0][category........]=Egyes\xfcleti h\xedrek&iview=58&slice_id=777ad89538966d33b9d5fb7d0e49b91c&NmbFullBoxes=1 HTTP/1.1" 400 365 "-" "-"
77.251.104.35 - - [02/Oct/2013:08:30:43 +0200] "GET /index.shtml?conds[0][category........]=EMLA 15&iview=92&slice_id=777ad89538966d33b9d5fb7d0e49b91c&NmbFullBoxes=1 HTTP/1.1" 400 365 "-" "-"
65.55.24.237 - - [02/Oct/2013:08:31:01 +0200] "GET /robots.txt HTTP/1.1" 404 299 "-" "Mozilla/5.0 (compatible; bingbot/2.0; +http://www.bing.com/bingbot.htm)"
84.3.53.95 - - [02/Oct/2013:08:31:02 +0200] "-" 408 - "-" "-"
84.3.53.95 - - [02/Oct/2013:08:31:02 +0200] "-" 408 - "-" "-"
84.3.53.95 - - [02/Oct/2013:08:31:02 +0200] "-" 408 - "-" "-"
84.3.53.95 - - [02/Oct/2013:08:31:02 +0200] "-" 408 - "-" "-"
84.3.53.95 - - [02/Oct/2013:08:31:02 +0200] "-" 408 - "-" "-"
77.251.104.35 - - [02/Oct/2013:08:31:07 +0200] "GET /index.shtml?conds[0][category........]=Egyes\xfcleti h\xedrek&iview=58&slice_id=777ad89538966d33b9d5fb7d0e49b91c&NmbFullBoxes=1 HTTP/1.1" 400 365 "-" "-"
109.69.118.206 - - [02/Oct/2013:08:31:11 +0200] "-" 408 - "-" "-"
195.56.55.225 - - [02/Oct/2013:08:32:21 +0200] "GET /test.html HTTP/1.1" 200 56 "-" "monit/4.6"
91.232.96.36 - - [02/Oct/2013:08:32:57 +0200] "GET /forum_attac.php3?id_article=983&retour=cikk.php3%3Fid_article%3D983 HTTP/1.1" 404 292 "-" "Mozilla/4.0 (compatible; MSIE 6.0; Windows NT 5.1; SV1)"
84.1.22.5 - - [02/Oct/2013:08:33:29 +0200] "GET /proxy.pac HTTP/1.1" 404 282 "-" "Mozilla/5.0 (compatible; MSIE 10.0; Win32; Trident/6.0)"
84.1.22.5 - - [02/Oct/2013:08:33:29 +0200] "GET /proxy.pac HTTP/1.1" 404 282 "-" "Mozilla/5.0 (compatible; MSIE 10.0; Win32; Trident/6.0)"
84.1.22.5 - - [02/Oct/2013:08:33:30 +0200] "GET /proxy.pac HTTP/1.1" 404 282 "-" "Mozilla/5.0 (compatible; MSIE 10.0; Win32; Trident/6.0)"
84.1.22.5 - - [02/Oct/2013:08:33:30 +0200] "GET /proxy.pac HTTP/1.1" 404 282 "-" "Mozilla/5.0 (compatible; MSIE 10.0; Win32; Trident/6.0)"
84.1.22.5 - - [02/Oct/2013:08:33:36 +0200] "GET /proxy.pac HTTP/1.1" 404 282 "-" "Mozilla/5.0 (compatible; MSIE 10.0; Win32; Trident/6.0)"
84.1.22.5 - - [02/Oct/2013:08:33:36 +0200] "GET /proxy.pac HTTP/1.1" 404 282 "-" "Mozilla/5.0 (compatible; MSIE 10.0; Win32; Trident/6.0)"
84.1.22.5 - - [02/Oct/2013:08:33:36 +0200] "GET /proxy.pac HTTP/1.1" 404 282 "-" "Mozilla/5.0 (compatible; MSIE 10.0; Win32; Trident/6.0)"
84.1.22.5 - - [02/Oct/2013:08:33:38 +0200] "GET /proxy.pac HTTP/1.1" 404 282 "-" "Mozilla/5.0 (compatible; MSIE 10.0; Win32; Trident/6.0)"
84.1.22.5 - - [02/Oct/2013:08:33:38 +0200] "GET /proxy.pac HTTP/1.1" 404 282 "-" "Mozilla/5.0 (compatible; MSIE 10.0; Win32; Trident/6.0)"
84.1.22.5 - - [02/Oct/2013:08:33:39 +0200] "GET /proxy.pac HTTP/1.1" 404 282 "-" "Mozilla/5.0 (compatible; MSIE 10.0; Win32; Trident/6.0)"
84.1.22.5 - - [02/Oct/2013:08:33:39 +0200] "GET /proxy.pac HTTP/1.1" 404 282 "-" "Mozilla/5.0 (compatible; MSIE 10.0; Win32; Trident/6.0)"
84.1.22.5 - - [02/Oct/2013:08:33:39 +0200] "GET /proxy.pac HTTP/1.1" 404 282 "-" "Mozilla/5.0 (compatible; MSIE 10.0; Win32; Trident/6.0)"
84.1.22.5 - - [02/Oct/2013:08:33:40 +0200] "GET /proxy.pac HTTP/1.1" 404 282 "-" "-"
84.1.22.5 - - [02/Oct/2013:08:33:40 +0200] "GET /proxy.pac HTTP/1.1" 404 282 "-" "-"
84.1.22.5 - - [02/Oct/2013:08:33:46 +0200] "GET /proxy.pac HTTP/1.1" 404 282 "-" "Mozilla/5.0 (compatible; MSIE 10.0; Win32; Trident/6.0)"
84.1.22.5 - - [02/Oct/2013:08:33:55 +0200] "GET /proxy.pac HTTP/1.1" 404 282 "-" "Mozilla/5.0 (compatible; MSIE 10.0; Win32; Trident/6.0)"
84.1.22.5 - - [02/Oct/2013:08:33:55 +0200] "GET /proxy.pac HTTP/1.1" 404 282 "-" "-"
84.1.22.5 - - [02/Oct/2013:08:33:55 +0200] "GET /proxy.pac HTTP/1.1" 404 282 "-" "Mozilla/5.0 (compatible; MSIE 10.0; Win32; Trident/6.0)"
84.1.22.5 - - [02/Oct/2013:08:34:11 +0200] "GET /proxy.pac HTTP/1.1" 404 282 "-" "Mozilla/5.0 (compatible; MSIE 10.0; Win32; Trident/6.0)"
84.1.22.5 - - [02/Oct/2013:08:34:11 +0200] "GET /proxy.pac HTTP/1.1" 404 282 "-" "Mozilla/5.0 (compatible; MSIE 10.0; Win32; Trident/6.0)"
84.1.22.5 - - [02/Oct/2013:08:34:11 +0200] "GET /proxy.pac HTTP/1.1" 404 282 "-" "Mozilla/5.0 (compatible; MSIE 10.0; Win32; Trident/6.0)"
84.1.22.5 - - [02/Oct/2013:08:34:12 +0200] "GET /proxy.pac HTTP/1.1" 404 282 "-" "Mozilla/5.0 (compatible; MSIE 10.0; Win32; Trident/6.0)"
84.1.22.5 - - [02/Oct/2013:08:34:18 +0200] "GET /proxy.pac HTTP/1.1" 404 282 "-" "Mozilla/5.0 (compatible; MSIE 10.0; Win32; Trident/6.0)"
84.1.22.5 - - [02/Oct/2013:08:34:18 +0200] "GET /proxy.pac HTTP/1.1" 404 282 "-" "Mozilla/5.0 (compatible; MSIE 10.0; Win32; Trident/6.0)"
84.1.22.5 - - [02/Oct/2013:08:34:18 +0200] "GET /proxy.pac HTTP/1.1" 404 282 "-" "Mozilla/5.0 (compatible; MSIE 10.0; Win32; Trident/6.0)"
84.1.22.5 - - [02/Oct/2013:08:34:18 +0200] "GET /proxy.pac HTTP/1.1" 404 282 "-" "Mozilla/5.0 (compatible; MSIE 10.0; Win32; Trident/6.0)"
195.56.55.225 - - [02/Oct/2013:08:34:23 +0200] "GET /test.html HTTP/1.1" 200 56 "-" "monit/4.6"
84.1.22.5 - - [02/Oct/2013:08:34:28 +0200] "GET /proxy.pac HTTP/1.1" 404 282 "-" "Mozilla/5.0 (compatible; MSIE 10.0; Win32; Trident/6.0)"
84.1.22.5 - - [02/Oct/2013:08:34:28 +0200] "GET /proxy.pac HTTP/1.1" 404 282 "-" "Mozilla/5.0 (compatible; MSIE 10.0; Win32; Trident/6.0)"
5.10.83.37 - - [02/Oct/2013:08:34:33 +0200] "GET /cikk.php3?id_article=107 HTTP/1.1" 404 285 "-" "Mozilla/5.0 (compatible; AhrefsBot/5.0; +http://ahrefs.com/robot/)"
65.55.24.237 - - [02/Oct/2013:08:35:33 +0200] "GET /kompasz/az_emberi_jogok_europai_egyezmenye HTTP/1.1" 404 331 "-" "Mozilla/5.0 (compatible; bingbot/2.0; +http://www.bing.com/bingbot.htm)"
195.56.55.225 - - [02/Oct/2013:08:36:25 +0200] "GET /test.html HTTP/1.1" 200 56 "-" "monit/4.6"
