195.56.55.225 - - [02/Oct/2013:23:49:21 +0200] "GET /test.html HTTP/1.1" 200 56 "-" "monit/4.6"
192.241.211.14 - - [02/Oct/2013:23:49:32 +0200] "-" 408 - "-" "-"
157.55.32.98 - - [02/Oct/2013:23:50:07 +0200] "GET / HTTP/1.1" 200 1155 "-" "Mozilla/5.0 (compatible; bingbot/2.0; +http://www.bing.com/bingbot.htm)"
195.56.55.225 - - [02/Oct/2013:23:51:23 +0200] "GET /test.html HTTP/1.1" 200 56 "-" "monit/4.6"
157.56.93.42 - - [02/Oct/2013:23:52:42 +0200] "GET /robots.txt HTTP/1.1" 404 294 "-" "Mozilla/5.0 (compatible; bingbot/2.0; +http://www.bing.com/bingbot.htm)"
37.140.141.5 - - [02/Oct/2013:23:53:20 +0200] "GET /robots.txt HTTP/1.1" 404 299 "-" "Mozilla/5.0 (compatible; YandexBot/3.0; +http://yandex.com/bots)"
37.140.141.5 - - [02/Oct/2013:23:53:23 +0200] "GET / HTTP/1.1" 200 1155 "-" "Mozilla/5.0 (compatible; YandexBot/3.0; +http://yandex.com/bots)"
37.140.141.5 - - [02/Oct/2013:23:53:23 +0200] "GET /robots.txt HTTP/1.1" 404 295 "-" "Mozilla/5.0 (compatible; YandexBot/3.0; +http://yandex.com/bots)"
195.56.55.225 - - [02/Oct/2013:23:53:25 +0200] "GET /test.html HTTP/1.1" 200 56 "-" "monit/4.6"
37.140.141.5 - - [02/Oct/2013:23:53:25 +0200] "GET / HTTP/1.1" 200 1155 "-" "Mozilla/5.0 (compatible; YandexBot/3.0; +http://yandex.com/bots)"
37.140.141.5 - - [02/Oct/2013:23:53:47 +0200] "GET / HTTP/1.1" 200 1155 "-" "Mozilla/5.0 (compatible; YandexBot/3.0; +http://yandex.com/bots)"
91.232.96.36 - - [02/Oct/2013:23:54:10 +0200] "GET /forum_attac.php3?id_article=983&retour=cikk.php3%3Fid_article%3D983 HTTP/1.1" 404 292 "-" "Mozilla/4.0 (compatible; MSIE 6.0; Windows NT 5.1; SV1)"
37.140.141.5 - - [02/Oct/2013:23:54:29 +0200] "GET / HTTP/1.1" 200 1155 "-" "Mozilla/5.0 (compatible; YandexBot/3.0; +http://yandex.com/bots)"
195.56.55.225 - - [02/Oct/2013:23:55:27 +0200] "GET /test.html HTTP/1.1" 200 56 "-" "monit/4.6"
159.149.133.252 - - [02/Oct/2013:23:56:00 +0200] "GET /robots.txt HTTP/1.1" 404 288 "-" "BUbiNG (+http://law.di.unimi.it/BUbiNG.html)"
37.140.141.5 - - [02/Oct/2013:23:56:20 +0200] "GET / HTTP/1.1" 200 1155 "-" "Mozilla/5.0 (compatible; YandexBot/3.0; +http://yandex.com/bots)"
159.149.133.252 - - [02/Oct/2013:23:56:42 +0200] "GET /www.bankwatch.org HTTP/1.1" 404 295 "-" "BUbiNG (+http://law.di.unimi.it/BUbiNG.html)"
157.56.93.42 - - [02/Oct/2013:23:57:05 +0200] "GET /hasznos_tudnivalok HTTP/1.1" 404 302 "-" "Mozilla/5.0 (compatible; bingbot/2.0; +http://www.bing.com/bingbot.htm)"
195.56.55.225 - - [02/Oct/2013:23:57:29 +0200] "GET /test.html HTTP/1.1" 200 56 "-" "monit/4.6"
157.56.93.148 - - [02/Oct/2013:23:58:45 +0200] "GET /robots.txt HTTP/1.1" 404 293 "-" "Mozilla/5.0 (compatible; bingbot/2.0; +http://www.bing.com/bingbot.htm)"
5.9.65.140 - - [02/Oct/2013:23:59:24 +0200] "POST" 405 - "-" "-"
195.56.55.225 - - [02/Oct/2013:23:59:31 +0200] "GET /test.html HTTP/1.1" 200 56 "-" "monit/4.6"
37.140.141.5 - - [03/Oct/2013:00:00:23 +0200] "GET /robots.txt HTTP/1.1" 404 289 "-" "Mozilla/5.0 (compatible; YandexBot/3.0; +http://yandex.com/bots)"
37.140.141.5 - - [03/Oct/2013:00:00:24 +0200] "GET /robots.txt HTTP/1.1" 404 285 "-" "Mozilla/5.0 (compatible; YandexBot/3.0; +http://yandex.com/bots)"
37.140.141.5 - - [03/Oct/2013:00:00:25 +0200] "GET / HTTP/1.1" 200 1155 "-" "Mozilla/5.0 (compatible; YandexBot/3.0; +http://yandex.com/bots)"
37.140.141.5 - - [03/Oct/2013:00:00:26 +0200] "GET / HTTP/1.1" 200 1155 "-" "Mozilla/5.0 (compatible; YandexBot/3.0; +http://yandex.com/bots)"
37.140.141.5 - - [03/Oct/2013:00:01:19 +0200] "GET / HTTP/1.1" 200 1155 "-" "Mozilla/5.0 (compatible; YandexBot/3.0; +http://yandex.com/bots)"
195.56.55.225 - - [03/Oct/2013:00:01:34 +0200] "GET /test.html HTTP/1.1" 200 56 "-" "monit/4.6"
37.140.141.5 - - [03/Oct/2013:00:01:35 +0200] "GET / HTTP/1.1" 200 1155 "-" "Mozilla/5.0 (compatible; YandexBot/3.0; +http://yandex.com/bots)"
195.56.55.225 - - [03/Oct/2013:00:03:36 +0200] "GET /test.html HTTP/1.1" 200 56 "-" "monit/4.6"
37.140.141.5 - - [03/Oct/2013:00:04:20 +0200] "GET /robots.txt HTTP/1.1" 404 294 "-" "Mozilla/5.0 (compatible; YandexBot/3.0; +http://yandex.com/bots)"
37.140.141.5 - - [03/Oct/2013:00:04:22 +0200] "GET / HTTP/1.1" 200 1155 "-" "Mozilla/5.0 (compatible; YandexBot/3.0; +http://yandex.com/bots)"
37.140.141.5 - - [03/Oct/2013:00:04:23 +0200] "GET /robots.txt HTTP/1.1" 404 290 "-" "Mozilla/5.0 (compatible; YandexBot/3.0; +http://yandex.com/bots)"
37.140.141.5 - - [03/Oct/2013:00:04:25 +0200] "GET / HTTP/1.1" 200 1155 "-" "Mozilla/5.0 (compatible; YandexBot/3.0; +http://yandex.com/bots)"
37.140.141.5 - - [03/Oct/2013:00:04:47 +0200] "GET / HTTP/1.1" 200 1155 "-" "Mozilla/5.0 (compatible; YandexBot/3.0; +http://yandex.com/bots)"
37.140.141.5 - - [03/Oct/2013:00:04:54 +0200] "GET / HTTP/1.1" 200 1155 "-" "Mozilla/5.0 (compatible; YandexBot/3.0; +http://yandex.com/bots)"
195.56.55.225 - - [03/Oct/2013:00:05:38 +0200] "GET /test.html HTTP/1.1" 200 56 "-" "monit/4.6"
217.13.104.30 - - [03/Oct/2013:00:07:34 +0200] "HEAD /node/248 HTTP/1.0" 404 0 "-" "User-Agent: Drupal (+http://drupal.org/)"
217.13.104.30 - - [03/Oct/2013:00:07:36 +0200] "HEAD /node/258 HTTP/1.0" 404 0 "-" "User-Agent: Drupal (+http://drupal.org/)"
217.13.104.30 - - [03/Oct/2013:00:07:36 +0200] "HEAD /node/263 HTTP/1.0" 404 0 "-" "User-Agent: Drupal (+http://drupal.org/)"
217.13.104.30 - - [03/Oct/2013:00:07:37 +0200] "HEAD /node/268 HTTP/1.0" 404 0 "-" "User-Agent: Drupal (+http://drupal.org/)"
217.13.104.30 - - [03/Oct/2013:00:07:37 +0200] "HEAD /node/270 HTTP/1.0" 404 0 "-" "User-Agent: Drupal (+http://drupal.org/)"
195.56.55.225 - - [03/Oct/2013:00:07:40 +0200] "GET /test.html HTTP/1.1" 200 56 "-" "monit/4.6"
195.56.55.225 - - [03/Oct/2013:00:09:42 +0200] "GET /test.html HTTP/1.1" 200 56 "-" "monit/4.6"
37.140.141.5 - - [03/Oct/2013:00:10:07 +0200] "GET /robots.txt HTTP/1.1" 404 291 "-" "Mozilla/5.0 (compatible; YandexBot/3.0; +http://yandex.com/bots)"
37.140.141.5 - - [03/Oct/2013:00:10:10 +0200] "GET / HTTP/1.1" 200 1155 "-" "Mozilla/5.0 (compatible; YandexBot/3.0; +http://yandex.com/bots)"
37.140.141.5 - - [03/Oct/2013:00:10:15 +0200] "GET /robots.txt HTTP/1.1" 404 295 "-" "Mozilla/5.0 (compatible; YandexBot/3.0; +http://yandex.com/bots)"
37.140.141.5 - - [03/Oct/2013:00:10:17 +0200] "GET / HTTP/1.1" 200 1155 "-" "Mozilla/5.0 (compatible; YandexBot/3.0; +http://yandex.com/bots)"
37.140.141.5 - - [03/Oct/2013:00:10:38 +0200] "GET / HTTP/1.1" 200 1155 "-" "Mozilla/5.0 (compatible; YandexBot/3.0; +http://yandex.com/bots)"
37.140.141.5 - - [03/Oct/2013:00:11:09 +0200] "GET / HTTP/1.1" 200 1155 "-" "Mozilla/5.0 (compatible; YandexBot/3.0; +http://yandex.com/bots)"
195.56.55.225 - - [03/Oct/2013:00:11:45 +0200] "GET /test.html HTTP/1.1" 200 56 "-" "monit/4.6"
195.56.55.225 - - [03/Oct/2013:00:13:47 +0200] "GET /test.html HTTP/1.1" 200 56 "-" "monit/4.6"
195.56.55.225 - - [03/Oct/2013:00:15:49 +0200] "GET /test.html HTTP/1.1" 200 56 "-" "monit/4.6"
91.232.96.36 - - [03/Oct/2013:00:17:11 +0200] "GET /forum_attac.php3?id_article=983&retour=cikk.php3%3Fid_article%3D983 HTTP/1.1" 404 292 "-" "Mozilla/4.0 (compatible; MSIE 6.0; Windows NT 5.1; SV1)"
195.56.55.225 - - [03/Oct/2013:00:17:51 +0200] "GET /test.html HTTP/1.1" 200 56 "-" "monit/4.6"
195.56.55.225 - - [03/Oct/2013:00:19:53 +0200] "GET /test.html HTTP/1.1" 200 56 "-" "monit/4.6"
195.56.55.225 - - [03/Oct/2013:00:21:55 +0200] "GET /test.html HTTP/1.1" 200 56 "-" "monit/4.6"
223.87.19.5 - - [03/Oct/2013:00:22:00 +0200] "POST /forum_attac.php3?id_article=710&retour=cikk HTTP/1.1" 404 292 "http://attac.zpok.hu/forum_attac.php3?id_article=710&retour=cikk" "Mozilla/4.0 (compatible; MSIE 6.0; Windows NT 5.1; SV1)"
195.56.55.225 - - [03/Oct/2013:00:23:57 +0200] "GET /test.html HTTP/1.1" 200 56 "-" "monit/4.6"
195.56.55.225 - - [03/Oct/2013:00:25:59 +0200] "GET /test.html HTTP/1.1" 200 56 "-" "monit/4.6"
193.105.210.226 - - [03/Oct/2013:00:26:25 +0200] "-" 408 - "-" "-"
195.56.55.225 - - [03/Oct/2013:00:28:01 +0200] "GET /test.html HTTP/1.1" 200 56 "-" "monit/4.6"
195.56.55.225 - - [03/Oct/2013:00:30:03 +0200] "GET /test.html HTTP/1.1" 200 56 "-" "monit/4.6"
91.226.112.253 - - [03/Oct/2013:00:30:08 +0200] "-" 408 - "-" "-"
195.56.55.225 - - [03/Oct/2013:00:32:05 +0200] "GET /test.html HTTP/1.1" 200 56 "-" "monit/4.6"
195.56.55.225 - - [03/Oct/2013:00:34:08 +0200] "GET /test.html HTTP/1.1" 200 56 "-" "monit/4.6"
195.56.55.225 - - [03/Oct/2013:00:36:10 +0200] "GET /test.html HTTP/1.1" 200 56 "-" "monit/4.6"
195.56.55.225 - - [03/Oct/2013:00:38:12 +0200] "GET /test.html HTTP/1.1" 200 56 "-" "monit/4.6"
157.55.32.28 - - [03/Oct/2013:00:38:15 +0200] "GET /robots.txt HTTP/1.1" 404 291 "-" "Mozilla/5.0 (compatible; bingbot/2.0; +http://www.bing.com/bingbot.htm)"
157.55.32.28 - - [03/Oct/2013:00:39:48 +0200] "GET / HTTP/1.1" 200 1155 "-" "Mozilla/5.0 (compatible; bingbot/2.0; +http://www.bing.com/bingbot.htm)"
91.232.96.36 - - [03/Oct/2013:00:40:13 +0200] "GET /forum_attac.php3?id_article=983&retour=cikk.php3%3Fid_article%3D983 HTTP/1.1" 404 292 "-" "Mozilla/4.0 (compatible; MSIE 6.0; Windows NT 5.1; SV1)"
195.56.55.225 - - [03/Oct/2013:00:40:14 +0200] "GET /test.html HTTP/1.1" 200 56 "-" "monit/4.6"
195.56.55.225 - - [03/Oct/2013:00:42:16 +0200] "GET /test.html HTTP/1.1" 200 56 "-" "monit/4.6"
195.56.55.225 - - [03/Oct/2013:00:44:18 +0200] "GET /test.html HTTP/1.1" 200 56 "-" "monit/4.6"
195.56.55.225 - - [03/Oct/2013:00:46:20 +0200] "GET /test.html HTTP/1.1" 200 56 "-" "monit/4.6"
72.14.199.132 - - [03/Oct/2013:00:47:16 +0200] "GET / HTTP/1.1" 200 1155 "-" "Feedfetcher-Google; (+http://www.google.com/feedfetcher.html; 1 subscribers; feed-id=849169264004692768)"
195.56.55.225 - - [03/Oct/2013:00:48:22 +0200] "GET /test.html HTTP/1.1" 200 56 "-" "monit/4.6"
178.92.142.28 - - [03/Oct/2013:00:50:06 +0200] "GET /forum_attac.php3?id_article=81&retour=cikk.php3%25253Fid_article%25253D81 HTTP/1.0" 404 280 "-" "Mozilla/4.0 (compatible; MSIE 6.0; Windows NT 5.1)"
195.56.55.225 - - [03/Oct/2013:00:50:24 +0200] "GET /test.html HTTP/1.1" 200 56 "-" "monit/4.6"
195.56.55.225 - - [03/Oct/2013:00:52:26 +0200] "GET /test.html HTTP/1.1" 200 56 "-" "monit/4.6"
195.56.55.225 - - [03/Oct/2013:00:54:28 +0200] "GET /test.html HTTP/1.1" 200 56 "-" "monit/4.6"
195.56.55.225 - - [03/Oct/2013:00:56:31 +0200] "GET /test.html HTTP/1.1" 200 56 "-" "monit/4.6"
157.55.32.94 - - [03/Oct/2013:00:57:04 +0200] "GET /robots.txt HTTP/1.1" 404 299 "-" "Mozilla/5.0 (compatible; bingbot/2.0; +http://www.bing.com/bingbot.htm)"
195.56.55.225 - - [03/Oct/2013:00:58:33 +0200] "GET /test.html HTTP/1.1" 200 56 "-" "monit/4.6"
195.56.55.225 - - [03/Oct/2013:01:00:35 +0200] "GET /test.html HTTP/1.1" 200 56 "-" "monit/4.6"
157.56.93.148 - - [03/Oct/2013:01:02:28 +0200] "GET / HTTP/1.1" 200 1155 "-" "Mozilla/5.0 (compatible; bingbot/2.0; +http://www.bing.com/bingbot.htm)"
195.56.55.225 - - [03/Oct/2013:01:02:37 +0200] "GET /test.html HTTP/1.1" 200 56 "-" "monit/4.6"
91.232.96.36 - - [03/Oct/2013:01:03:10 +0200] "GET /forum_attac.php3?id_article=983&retour=cikk.php3%3Fid_article%3D983 HTTP/1.1" 404 292 "-" "Mozilla/4.0 (compatible; MSIE 6.0; Windows NT 5.1; SV1)"
80.43.255.28 - - [03/Oct/2013:01:03:58 +0200] "-" 408 - "-" "-"
157.55.32.94 - - [03/Oct/2013:01:04:27 +0200] "GET /taxonomy/term/86 HTTP/1.1" 404 305 "-" "Mozilla/5.0 (compatible; bingbot/2.0; +http://www.bing.com/bingbot.htm)"
195.56.55.225 - - [03/Oct/2013:01:04:39 +0200] "GET /test.html HTTP/1.1" 200 56 "-" "monit/4.6"
195.56.55.225 - - [03/Oct/2013:01:06:42 +0200] "GET /test.html HTTP/1.1" 200 56 "-" "monit/4.6"
195.56.55.225 - - [03/Oct/2013:01:08:44 +0200] "GET /test.html HTTP/1.1" 200 56 "-" "monit/4.6"
195.56.55.225 - - [03/Oct/2013:01:10:46 +0200] "GET /test.html HTTP/1.1" 200 56 "-" "monit/4.6"
80.98.253.15 - - [03/Oct/2013:01:10:46 +0200] "-" 408 - "-" "-"
80.98.253.15 - - [03/Oct/2013:01:10:46 +0200] "-" 408 - "-" "-"
80.98.253.15 - - [03/Oct/2013:01:10:46 +0200] "-" 408 - "-" "-"
80.98.253.15 - - [03/Oct/2013:01:10:46 +0200] "-" 408 - "-" "-"
80.98.253.15 - - [03/Oct/2013:01:10:46 +0200] "-" 408 - "-" "-"
80.98.253.15 - - [03/Oct/2013:01:10:46 +0200] "-" 408 - "-" "-"
195.70.55.211 - - [03/Oct/2013:01:12:39 +0200] "HEAD / HTTP/1.1" 200 0 "-" "libwww-perl/5.834"
195.56.55.225 - - [03/Oct/2013:01:12:49 +0200] "GET /test.html HTTP/1.1" 200 56 "-" "monit/4.6"
195.56.55.225 - - [03/Oct/2013:01:14:51 +0200] "GET /test.html HTTP/1.1" 200 56 "-" "monit/4.6"
157.55.32.28 - - [03/Oct/2013:01:15:30 +0200] "GET /robots.txt HTTP/1.1" 404 295 "-" "Mozilla/5.0 (compatible; bingbot/2.0; +http://www.bing.com/bingbot.htm)"
157.55.32.28 - - [03/Oct/2013:01:16:00 +0200] "GET / HTTP/1.1" 200 1155 "-" "Mozilla/5.0 (compatible; bingbot/2.0; +http://www.bing.com/bingbot.htm)"
195.56.55.225 - - [03/Oct/2013:01:16:53 +0200] "GET /test.html HTTP/1.1" 200 56 "-" "monit/4.6"
65.55.52.95 - - [03/Oct/2013:01:18:41 +0200] "GET /robots.txt HTTP/1.1" 404 285 "-" "Mozilla/5.0 (compatible; bingbot/2.0; +http://www.bing.com/bingbot.htm)"
195.56.55.225 - - [03/Oct/2013:01:18:55 +0200] "GET /test.html HTTP/1.1" 200 56 "-" "monit/4.6"
195.56.55.225 - - [03/Oct/2013:01:20:57 +0200] "GET /test.html HTTP/1.1" 200 56 "-" "monit/4.6"
91.226.112.253 - - [03/Oct/2013:01:20:59 +0200] "-" 408 - "-" "-"
91.226.112.253 - - [03/Oct/2013:01:20:59 +0200] "-" 408 - "-" "-"
91.226.112.253 - - [03/Oct/2013:01:20:59 +0200] "-" 408 - "-" "-"
91.226.112.253 - - [03/Oct/2013:01:20:59 +0200] "-" 408 - "-" "-"
91.226.112.253 - - [03/Oct/2013:01:20:59 +0200] "-" 408 - "-" "-"
91.226.112.253 - - [03/Oct/2013:01:21:00 +0200] "-" 408 - "-" "-"
195.56.55.225 - - [03/Oct/2013:01:22:59 +0200] "GET /test.html HTTP/1.1" 200 56 "-" "monit/4.6"
159.149.133.252 - - [03/Oct/2013:01:23:50 +0200] "GET /robots.txt HTTP/1.1" 404 299 "-" "BUbiNG (+http://law.di.unimi.it/BUbiNG.html)"
159.149.133.252 - - [03/Oct/2013:01:23:50 +0200] "GET /wto.shtml?AA_SL_Session=e7dae3290107618560262711dba16f0a&x=12018 HTTP/1.1" 404 298 "-" "BUbiNG (+http://law.di.unimi.it/BUbiNG.html)"
195.56.55.225 - - [03/Oct/2013:01:25:01 +0200] "GET /test.html HTTP/1.1" 200 56 "-" "monit/4.6"
65.55.52.95 - - [03/Oct/2013:01:25:02 +0200] "GET / HTTP/1.1" 200 1155 "-" "Mozilla/5.0 (compatible; bingbot/2.0; +http://www.bing.com/bingbot.htm)"
91.232.96.36 - - [03/Oct/2013:01:26:06 +0200] "GET /forum_attac.php3?id_article=983&retour=cikk.php3%3Fid_article%3D983 HTTP/1.1" 404 292 "-" "Mozilla/4.0 (compatible; MSIE 6.0; Windows NT 5.1; SV1)"
195.56.55.225 - - [03/Oct/2013:01:27:05 +0200] "GET /test.html HTTP/1.1" 200 56 "-" "monit/4.6"
195.56.55.225 - - [03/Oct/2013:01:29:07 +0200] "GET /test.html HTTP/1.1" 200 56 "-" "monit/4.6"
195.56.55.225 - - [03/Oct/2013:01:31:10 +0200] "GET /test.html HTTP/1.1" 200 56 "-" "monit/4.6"
195.56.55.225 - - [03/Oct/2013:01:33:12 +0200] "GET /test.html HTTP/1.1" 200 56 "-" "monit/4.6"
195.56.55.225 - - [03/Oct/2013:01:35:14 +0200] "GET /test.html HTTP/1.1" 200 56 "-" "monit/4.6"
195.56.55.225 - - [03/Oct/2013:01:37:16 +0200] "GET /test.html HTTP/1.1" 200 56 "-" "monit/4.6"
195.56.55.225 - - [03/Oct/2013:01:39:18 +0200] "GET /test.html HTTP/1.1" 200 56 "-" "monit/4.6"
119.30.39.1 - - [03/Oct/2013:01:39:19 +0200] "POST /forum_attac.php3?id_article=710&retour=cikk HTTP/1.1" 404 292 "http://attac.zpok.hu/forum_attac.php3?id_article=710&retour=cikk" "Mozilla/4.0 (compatible; MSIE 6.0; Windows NT 5.1; SV1)"
195.56.55.225 - - [03/Oct/2013:01:41:20 +0200] "GET /test.html HTTP/1.1" 200 56 "-" "monit/4.6"
195.56.55.225 - - [03/Oct/2013:01:43:22 +0200] "GET /test.html HTTP/1.1" 200 56 "-" "monit/4.6"
212.7.196.79 - - [03/Oct/2013:01:43:24 +0200] "GET / HTTP/1.1" 200 1155 "-" "Mozilla/5.0 (Windows; U; Windows NT 6.1; WOW64; en-US; rv:2.0.4) Gecko/20120718 AskTbAVR-IDW/3.12.5.17700 Firefox/14.0.1"
157.55.35.115 - - [03/Oct/2013:01:43:50 +0200] "GET /robots.txt HTTP/1.1" 404 285 "-" "Mozilla/5.0 (compatible; bingbot/2.0; +http://www.bing.com/bingbot.htm)"
157.55.35.115 - - [03/Oct/2013:01:45:04 +0200] "GET / HTTP/1.1" 200 1155 "-" "Mozilla/5.0 (compatible; bingbot/2.0; +http://www.bing.com/bingbot.htm)"
195.56.55.225 - - [03/Oct/2013:01:45:24 +0200] "GET /test.html HTTP/1.1" 200 56 "-" "monit/4.6"
195.56.55.225 - - [03/Oct/2013:01:47:26 +0200] "GET /test.html HTTP/1.1" 200 56 "-" "monit/4.6"
91.232.96.36 - - [03/Oct/2013:01:49:10 +0200] "GET /forum_attac.php3?id_article=983&retour=cikk.php3%3Fid_article%3D983 HTTP/1.1" 404 292 "-" "Mozilla/4.0 (compatible; MSIE 6.0; Windows NT 5.1; SV1)"
195.56.55.225 - - [03/Oct/2013:01:49:28 +0200] "GET /test.html HTTP/1.1" 200 56 "-" "monit/4.6"
195.56.55.225 - - [03/Oct/2013:01:51:30 +0200] "GET /test.html HTTP/1.1" 200 56 "-" "monit/4.6"
195.56.55.225 - - [03/Oct/2013:01:53:32 +0200] "GET /test.html HTTP/1.1" 200 56 "-" "monit/4.6"
195.56.55.225 - - [03/Oct/2013:01:55:34 +0200] "GET /test.html HTTP/1.1" 200 56 "-" "monit/4.6"
195.56.55.225 - - [03/Oct/2013:01:57:36 +0200] "GET /test.html HTTP/1.1" 200 56 "-" "monit/4.6"
195.56.55.225 - - [03/Oct/2013:01:59:38 +0200] "GET /test.html HTTP/1.1" 200 56 "-" "monit/4.6"
195.56.55.225 - - [03/Oct/2013:02:01:40 +0200] "GET /test.html HTTP/1.1" 200 56 "-" "monit/4.6"
61.164.42.147 - - [03/Oct/2013:02:02:01 +0200] "-" 408 - "-" "-"
195.56.55.225 - - [03/Oct/2013:02:03:42 +0200] "GET /test.html HTTP/1.1" 200 56 "-" "monit/4.6"
95.28.62.240 - - [03/Oct/2013:02:04:52 +0200] "GET /forum_attac.php3?id_article=893&retour=cikk.php3%25253Fid_article%25253D893 HTTP/1.0" 404 280 "http://attac.zpok.hu/forum_attac.php3?id_article=893&retour=cikk.php3%25253Fid_article%25253D893" "Mozilla/5.0 (Windows NT 6.0) AppleWebKit/537.11 (KHTML, like Gecko) Chrome/23.0.1271.91 Safari/537.11"
95.28.62.240 - - [03/Oct/2013:02:04:52 +0200] "GET / HTTP/1.0" 200 1155 "http://attac.zpok.hu/" "Mozilla/5.0 (Windows NT 6.0) AppleWebKit/537.11 (KHTML, like Gecko) Chrome/23.0.1271.91 Safari/537.11"
195.56.55.225 - - [03/Oct/2013:02:05:44 +0200] "GET /test.html HTTP/1.1" 200 56 "-" "monit/4.6"
180.76.5.159 - - [03/Oct/2013:02:05:54 +0200] "GET /robots.txt HTTP/1.1" 404 286 "-" "Mozilla/5.0 (Windows NT 5.1; rv:6.0.2) Gecko/20100101 Firefox/6.0.2"
195.56.55.225 - - [03/Oct/2013:02:07:46 +0200] "GET /test.html HTTP/1.1" 200 56 "-" "monit/4.6"
195.56.55.225 - - [03/Oct/2013:02:09:48 +0200] "GET /test.html HTTP/1.1" 200 56 "-" "monit/4.6"
61.164.42.147 - - [03/Oct/2013:02:11:32 +0200] "-" 408 - "-" "-"
195.56.55.225 - - [03/Oct/2013:02:11:50 +0200] "GET /test.html HTTP/1.1" 200 56 "-" "monit/4.6"
91.232.96.36 - - [03/Oct/2013:02:12:06 +0200] "GET /forum_attac.php3?id_article=983&retour=cikk.php3%3Fid_article%3D983 HTTP/1.1" 404 292 "-" "Mozilla/4.0 (compatible; MSIE 6.0; Windows NT 5.1; SV1)"
195.56.55.225 - - [03/Oct/2013:02:13:52 +0200] "GET /test.html HTTP/1.1" 200 56 "-" "monit/4.6"
157.56.93.186 - - [03/Oct/2013:02:15:47 +0200] "GET /robots.txt HTTP/1.1" 404 288 "-" "Mozilla/5.0 (compatible; bingbot/2.0; +http://www.bing.com/bingbot.htm)"
195.56.55.225 - - [03/Oct/2013:02:15:54 +0200] "GET /test.html HTTP/1.1" 200 56 "-" "monit/4.6"
195.56.55.225 - - [03/Oct/2013:02:17:56 +0200] "GET /test.html HTTP/1.1" 200 56 "-" "monit/4.6"
195.56.55.225 - - [03/Oct/2013:02:19:59 +0200] "GET /test.html HTTP/1.1" 200 56 "-" "monit/4.6"
65.51.18.20 - - [03/Oct/2013:02:21:36 +0200] "-" 408 - "-" "-"
195.56.55.225 - - [03/Oct/2013:02:22:01 +0200] "GET /test.html HTTP/1.1" 200 56 "-" "monit/4.6"
195.56.55.225 - - [03/Oct/2013:02:24:03 +0200] "GET /test.html HTTP/1.1" 200 56 "-" "monit/4.6"
195.56.55.225 - - [03/Oct/2013:02:26:05 +0200] "GET /test.html HTTP/1.1" 200 56 "-" "monit/4.6"
157.56.93.186 - - [03/Oct/2013:02:27:36 +0200] "GET / HTTP/1.1" 200 1155 "-" "Mozilla/5.0 (compatible; bingbot/2.0; +http://www.bing.com/bingbot.htm)"
195.56.55.225 - - [03/Oct/2013:02:28:06 +0200] "GET /test.html HTTP/1.1" 200 56 "-" "monit/4.6"
157.55.32.94 - - [03/Oct/2013:02:29:49 +0200] "GET /robots.txt HTTP/1.1" 404 290 "-" "Mozilla/5.0 (compatible; bingbot/2.0; +http://www.bing.com/bingbot.htm)"
195.56.55.225 - - [03/Oct/2013:02:30:11 +0200] "GET /test.html HTTP/1.1" 200 56 "-" "monit/4.6"
157.55.32.94 - - [03/Oct/2013:02:31:37 +0200] "GET /cikk.php3?id_article=225 HTTP/1.1" 404 289 "-" "Mozilla/5.0 (compatible; bingbot/2.0; +http://www.bing.com/bingbot.htm)"
195.56.55.225 - - [03/Oct/2013:02:32:17 +0200] "GET /test.html HTTP/1.1" 200 56 "-" "monit/4.6"
195.56.55.225 - - [03/Oct/2013:02:34:19 +0200] "GET /test.html HTTP/1.1" 200 56 "-" "monit/4.6"
61.164.42.147 - - [03/Oct/2013:02:34:28 +0200] "-" 408 - "-" "-"
91.232.96.36 - - [03/Oct/2013:02:35:04 +0200] "GET /forum_attac.php3?id_article=983&retour=cikk.php3%3Fid_article%3D983 HTTP/1.1" 404 292 "-" "Mozilla/4.0 (compatible; MSIE 6.0; Windows NT 5.1; SV1)"
195.56.55.225 - - [03/Oct/2013:02:36:21 +0200] "GET /test.html HTTP/1.1" 200 56 "-" "monit/4.6"
195.56.55.225 - - [03/Oct/2013:02:38:24 +0200] "GET /test.html HTTP/1.1" 200 56 "-" "monit/4.6"
195.56.55.225 - - [03/Oct/2013:02:40:26 +0200] "GET /test.html HTTP/1.1" 200 56 "-" "monit/4.6"
195.56.55.225 - - [03/Oct/2013:02:42:28 +0200] "GET /test.html HTTP/1.1" 200 56 "-" "monit/4.6"
66.249.75.132 - - [03/Oct/2013:02:42:44 +0200] "GET /cikk.php3?id_article=115 HTTP/1.1" 404 285 "-" "Mozilla/5.0 (compatible; Googlebot/2.1; +http://www.google.com/bot.html)"
223.87.19.5 - - [03/Oct/2013:02:42:53 +0200] "POST /forum_attac.php3?id_article=710&retour=cikk HTTP/1.1" 404 292 "http://attac.zpok.hu/forum_attac.php3?id_article=710&retour=cikk" "Mozilla/4.0 (compatible; MSIE 6.0; Windows NT 5.1; SV1)"
61.242.169.92 - - [03/Oct/2013:02:43:18 +0200] "POST /forum_attac.php3?id_article=710&retour=cikk HTTP/1.1" 404 292 "http://attac.zpok.hu/forum_attac.php3?id_article=710&retour=cikk" "Mozilla/4.0 (compatible; MSIE 6.0; Windows NT 5.1; SV1)"
195.56.55.225 - - [03/Oct/2013:02:44:30 +0200] "GET /test.html HTTP/1.1" 200 56 "-" "monit/4.6"
195.56.55.225 - - [03/Oct/2013:02:46:32 +0200] "GET /test.html HTTP/1.1" 200 56 "-" "monit/4.6"
193.105.210.226 - - [03/Oct/2013:02:47:08 +0200] "-" 408 - "-" "-"
193.105.210.226 - - [03/Oct/2013:02:47:08 +0200] "-" 408 - "-" "-"
193.105.210.226 - - [03/Oct/2013:02:47:55 +0200] "-" 408 - "-" "-"
195.56.55.225 - - [03/Oct/2013:02:48:34 +0200] "GET /test.html HTTP/1.1" 200 56 "-" "monit/4.6"
199.187.122.91 - - [03/Oct/2013:02:48:37 +0200] "GET /englishsite/index.shtml?conds[0][category........]=Egyes?leti h?rek&iview=58&slice_id=777ad89538966d33b9d5fb7d0e49b91c&NmbFullBoxes=1&mlx=EN-ONLY HTTP/1.1" 400 365 "-" "-"
199.187.122.91 - - [03/Oct/2013:02:49:21 +0200] "GET /brandnewsite/index.shtml?conds[0][category........]=EMLA 15&iview=92&slice_id=777ad89538966d33b9d5fb7d0e49b91c&NmbFullBoxes=1 HTTP/1.1" 400 365 "-" "-"
199.187.122.91 - - [03/Oct/2013:02:49:52 +0200] "GET /index.shtml?conds[0][category........]=Egyes?leti h?rek&iview=58&slice_id=777ad89538966d33b9d5fb7d0e49b91c&NmbFullBoxes=1 HTTP/1.1" 400 365 "-" "-"
195.56.55.225 - - [03/Oct/2013:02:50:37 +0200] "GET /test.html HTTP/1.1" 200 56 "-" "monit/4.6"
195.56.55.225 - - [03/Oct/2013:02:52:39 +0200] "GET /test.html HTTP/1.1" 200 56 "-" "monit/4.6"
195.56.55.225 - - [03/Oct/2013:02:54:41 +0200] "GET /test.html HTTP/1.1" 200 56 "-" "monit/4.6"
195.56.55.225 - - [03/Oct/2013:02:56:43 +0200] "GET /test.html HTTP/1.1" 200 56 "-" "monit/4.6"
91.232.96.36 - - [03/Oct/2013:02:58:09 +0200] "GET /forum_attac.php3?id_article=983&retour=cikk.php3%3Fid_article%3D983 HTTP/1.1" 404 292 "-" "Mozilla/4.0 (compatible; MSIE 6.0; Windows NT 5.1; SV1)"
195.56.55.225 - - [03/Oct/2013:02:58:45 +0200] "GET /test.html HTTP/1.1" 200 56 "-" "monit/4.6"
195.56.55.225 - - [03/Oct/2013:03:00:48 +0200] "GET /test.html HTTP/1.1" 200 56 "-" "monit/4.6"
180.76.5.26 - - [03/Oct/2013:03:02:30 +0200] "GET /robots.txt HTTP/1.1" 404 290 "-" "Mozilla/5.0 (Windows NT 5.1; rv:6.0.2) Gecko/20100101 Firefox/6.0.2"
195.56.55.225 - - [03/Oct/2013:03:02:50 +0200] "GET /test.html HTTP/1.1" 200 56 "-" "monit/4.6"
195.56.55.225 - - [03/Oct/2013:03:04:52 +0200] "GET /test.html HTTP/1.1" 200 56 "-" "monit/4.6"
195.56.55.225 - - [03/Oct/2013:03:06:54 +0200] "GET /test.html HTTP/1.1" 200 56 "-" "monit/4.6"
208.115.111.71 - - [03/Oct/2013:03:08:13 +0200] "GET /robots.txt HTTP/1.1" 404 286 "-" "Mozilla/5.0 (compatible; Ezooms/1.0; ezooms.bot@gmail.com)"
195.56.55.225 - - [03/Oct/2013:03:08:56 +0200] "GET /test.html HTTP/1.1" 200 56 "-" "monit/4.6"
195.56.55.225 - - [03/Oct/2013:03:10:58 +0200] "GET /test.html HTTP/1.1" 200 56 "-" "monit/4.6"
195.56.55.225 - - [03/Oct/2013:03:13:00 +0200] "GET /test.html HTTP/1.1" 200 56 "-" "monit/4.6"
195.56.55.225 - - [03/Oct/2013:03:15:02 +0200] "GET /test.html HTTP/1.1" 200 56 "-" "monit/4.6"
195.56.55.225 - - [03/Oct/2013:03:17:05 +0200] "GET /test.html HTTP/1.1" 200 56 "-" "monit/4.6"
157.56.93.42 - - [03/Oct/2013:03:17:12 +0200] "GET /robots.txt HTTP/1.1" 404 290 "-" "Mozilla/5.0 (compatible; bingbot/2.0; +http://www.bing.com/bingbot.htm)"
195.56.55.225 - - [03/Oct/2013:03:19:07 +0200] "GET /test.html HTTP/1.1" 200 56 "-" "monit/4.6"
66.249.75.183 - - [03/Oct/2013:03:20:03 +0200] "GET / HTTP/1.1" 200 1155 "-" "Mozilla/5.0 (iPhone; U; CPU iPhone OS 4_1 like Mac OS X; en-us) AppleWebKit/532.9 (KHTML, like Gecko) Version/4.0.5 Mobile/8B117 Safari/6531.22.7 (compatible; Googlebot-Mobile/2.1; +http://www.google.com/bot.html)"
91.232.96.36 - - [03/Oct/2013:03:21:01 +0200] "GET /forum_attac.php3?id_article=983&retour=cikk.php3%3Fid_article%3D983 HTTP/1.1" 404 292 "-" "Mozilla/4.0 (compatible; MSIE 6.0; Windows NT 5.1; SV1)"
195.56.55.225 - - [03/Oct/2013:03:21:09 +0200] "GET /test.html HTTP/1.1" 200 56 "-" "monit/4.6"
195.56.55.225 - - [03/Oct/2013:03:23:11 +0200] "GET /test.html HTTP/1.1" 200 56 "-" "monit/4.6"
193.105.210.226 - - [03/Oct/2013:03:23:54 +0200] "-" 408 - "-" "-"
195.56.55.225 - - [03/Oct/2013:03:25:13 +0200] "GET /test.html HTTP/1.1" 200 56 "-" "monit/4.6"
66.249.75.213 - - [03/Oct/2013:03:25:15 +0200] "GET / HTTP/1.1" 200 1155 "-" "Mozilla/5.0 (iPhone; U; CPU iPhone OS 4_1 like Mac OS X; en-us) AppleWebKit/532.9 (KHTML, like Gecko) Version/4.0.5 Mobile/8B117 Safari/6531.22.7 (compatible; Googlebot-Mobile/2.1; +http://www.google.com/bot.html)"
157.56.93.42 - - [03/Oct/2013:03:25:50 +0200] "GET / HTTP/1.1" 200 1155 "-" "Mozilla/5.0 (compatible; bingbot/2.0; +http://www.bing.com/bingbot.htm)"
195.56.55.225 - - [03/Oct/2013:03:27:16 +0200] "GET /test.html HTTP/1.1" 200 56 "-" "monit/4.6"
195.56.55.225 - - [03/Oct/2013:03:29:18 +0200] "GET /test.html HTTP/1.1" 200 56 "-" "monit/4.6"
195.56.55.225 - - [03/Oct/2013:03:31:20 +0200] "GET /test.html HTTP/1.1" 200 56 "-" "monit/4.6"
195.56.55.225 - - [03/Oct/2013:03:33:22 +0200] "GET /test.html HTTP/1.1" 200 56 "-" "monit/4.6"
195.56.55.225 - - [03/Oct/2013:03:35:24 +0200] "GET /test.html HTTP/1.1" 200 56 "-" "monit/4.6"
195.56.55.225 - - [03/Oct/2013:03:37:26 +0200] "GET /test.html HTTP/1.1" 200 56 "-" "monit/4.6"
94.228.34.203 - - [03/Oct/2013:03:37:46 +0200] "GET /?feed=atom HTTP/1.1" 304 - "-" "magpie-crawler/1.1 (U; Linux amd64; en-GB; +http://www.brandwatch.net)"
195.56.55.225 - - [03/Oct/2013:03:39:29 +0200] "GET /test.html HTTP/1.1" 200 56 "-" "monit/4.6"
195.56.55.225 - - [03/Oct/2013:03:41:31 +0200] "GET /test.html HTTP/1.1" 200 56 "-" "monit/4.6"
195.56.55.225 - - [03/Oct/2013:03:43:33 +0200] "GET /test.html HTTP/1.1" 200 56 "-" "monit/4.6"
91.232.96.36 - - [03/Oct/2013:03:43:59 +0200] "GET /forum_attac.php3?id_article=983&retour=cikk.php3%3Fid_article%3D983 HTTP/1.1" 404 292 "-" "Mozilla/4.0 (compatible; MSIE 6.0; Windows NT 5.1; SV1)"
66.249.75.117 - - [03/Oct/2013:03:44:01 +0200] "GET /robots.txt HTTP/1.1" 404 305 "-" "Mozilla/5.0 (compatible; Googlebot/2.1; +http://www.google.com/bot.html)"
66.249.75.117 - - [03/Oct/2013:03:44:01 +0200] "GET / HTTP/1.1" 200 1155 "-" "Mozilla/5.0 (compatible; Googlebot/2.1; +http://www.google.com/bot.html)"
195.56.55.225 - - [03/Oct/2013:03:45:35 +0200] "GET /test.html HTTP/1.1" 200 56 "-" "monit/4.6"
66.249.75.229 - - [03/Oct/2013:03:46:41 +0200] "GET /robots.txt HTTP/1.1" 404 294 "-" "Mozilla/5.0 (compatible; Googlebot/2.1; +http://www.google.com/bot.html)"
66.249.75.229 - - [03/Oct/2013:03:46:41 +0200] "GET / HTTP/1.1" 200 1155 "-" "Mozilla/5.0 (compatible; Googlebot/2.1; +http://www.google.com/bot.html)"
72.14.199.132 - - [03/Oct/2013:03:47:27 +0200] "GET / HTTP/1.1" 200 1155 "-" "Feedfetcher-Google; (+http://www.google.com/feedfetcher.html; 1 subscribers; feed-id=849169264004692768)"
195.56.55.225 - - [03/Oct/2013:03:47:37 +0200] "GET /test.html HTTP/1.1" 200 56 "-" "monit/4.6"
183.219.240.182 - - [03/Oct/2013:03:48:22 +0200] "POST /forum_attac.php3?id_article=710&retour=cikk HTTP/1.1" 404 292 "http://attac.zpok.hu/forum_attac.php3?id_article=710&retour=cikk" "Mozilla/4.0 (compatible; MSIE 6.0; Windows NT 5.1; SV1)"
221.176.23.242 - - [03/Oct/2013:03:48:24 +0200] "POST /forum_attac.php3?id_article=710&retour=cikk HTTP/1.1" 404 292 "http://attac.zpok.hu/forum_attac.php3?id_article=710&retour=cikk" "Mozilla/4.0 (compatible; MSIE 6.0; Windows NT 5.1; SV1)"
119.30.39.1 - - [03/Oct/2013:03:48:24 +0200] "POST /forum_attac.php3?id_article=710&retour=cikk HTTP/1.1" 404 292 "http://attac.zpok.hu/forum_attac.php3?id_article=710&retour=cikk" "Mozilla/4.0 (compatible; MSIE 6.0; Windows NT 5.1; SV1)"
195.56.55.225 - - [03/Oct/2013:03:49:39 +0200] "GET /test.html HTTP/1.1" 200 56 "-" "monit/4.6"
66.249.75.57 - - [03/Oct/2013:03:50:36 +0200] "GET /robots.txt HTTP/1.1" 404 293 "-" "Mozilla/5.0 (compatible; Googlebot/2.1; +http://www.google.com/bot.html)"
66.249.75.57 - - [03/Oct/2013:03:50:36 +0200] "GET / HTTP/1.1" 200 1155 "-" "Mozilla/5.0 (compatible; Googlebot/2.1; +http://www.google.com/bot.html)"
192.241.202.97 - - [03/Oct/2013:03:50:53 +0200] "-" 408 - "-" "-"
195.56.55.225 - - [03/Oct/2013:03:51:41 +0200] "GET /test.html HTTP/1.1" 200 56 "-" "monit/4.6"
192.241.202.97 - - [03/Oct/2013:03:51:49 +0200] "-" 408 - "-" "-"
66.249.75.108 - - [03/Oct/2013:03:51:51 +0200] "GET /robots.txt HTTP/1.1" 404 292 "-" "Mozilla/5.0 (compatible; Googlebot/2.1; +http://www.google.com/bot.html)"
66.249.75.108 - - [03/Oct/2013:03:51:51 +0200] "GET / HTTP/1.1" 200 1155 "-" "Mozilla/5.0 (compatible; Googlebot/2.1; +http://www.google.com/bot.html)"
66.249.75.112 - - [03/Oct/2013:03:53:09 +0200] "GET /robots.txt HTTP/1.1" 404 283 "-" "Mozilla/5.0 (compatible; Googlebot/2.1; +http://www.google.com/bot.html)"
66.249.75.112 - - [03/Oct/2013:03:53:09 +0200] "GET / HTTP/1.1" 200 1155 "-" "Mozilla/5.0 (compatible; Googlebot/2.1; +http://www.google.com/bot.html)"
66.249.75.82 - - [03/Oct/2013:03:53:29 +0200] "GET /robots.txt HTTP/1.1" 404 285 "-" "Mozilla/5.0 (compatible; Googlebot/2.1; +http://www.google.com/bot.html)"
66.249.75.82 - - [03/Oct/2013:03:53:30 +0200] "GET / HTTP/1.1" 200 1155 "-" "Mozilla/5.0 (compatible; Googlebot/2.1; +http://www.google.com/bot.html)"
195.56.55.225 - - [03/Oct/2013:03:53:43 +0200] "GET /test.html HTTP/1.1" 200 56 "-" "monit/4.6"
192.241.211.14 - - [03/Oct/2013:03:55:12 +0200] "-" 408 - "-" "-"
61.164.42.147 - - [03/Oct/2013:03:55:41 +0200] "-" 408 - "-" "-"
195.56.55.225 - - [03/Oct/2013:03:55:45 +0200] "GET /test.html HTTP/1.1" 200 56 "-" "monit/4.6"
195.56.55.225 - - [03/Oct/2013:03:57:47 +0200] "GET /test.html HTTP/1.1" 200 56 "-" "monit/4.6"
195.56.55.225 - - [03/Oct/2013:03:59:49 +0200] "GET /test.html HTTP/1.1" 200 56 "-" "monit/4.6"
159.149.133.252 - - [03/Oct/2013:04:00:02 +0200] "GET /robots.txt HTTP/1.1" 404 305 "-" "BUbiNG (+http://law.di.unimi.it/BUbiNG.html)"
159.149.133.252 - - [03/Oct/2013:04:00:02 +0200] "GET / HTTP/1.1" 200 1155 "-" "BUbiNG (+http://law.di.unimi.it/BUbiNG.html)"
195.56.55.225 - - [03/Oct/2013:04:01:52 +0200] "GET /test.html HTTP/1.1" 200 56 "-" "monit/4.6"
193.105.210.226 - - [03/Oct/2013:04:03:16 +0200] "-" 408 - "-" "-"
193.105.210.226 - - [03/Oct/2013:04:03:16 +0200] "-" 408 - "-" "-"
195.56.55.225 - - [03/Oct/2013:04:04:05 +0200] "GET /test.html HTTP/1.1" 200 56 "-" "monit/4.6"
195.56.55.225 - - [03/Oct/2013:04:06:07 +0200] "GET /test.html HTTP/1.1" 200 56 "-" "monit/4.6"
212.7.196.79 - - [03/Oct/2013:04:06:22 +0200] "GET / HTTP/1.1" 200 1155 "-" "Mozilla/5.0 (Windows; U; Windows NT 6.1; WOW64; en-US; rv:2.0.4) Gecko/20120718 AskTbAVR-IDW/3.12.5.17700 Firefox/14.0.1"
91.232.96.36 - - [03/Oct/2013:04:07:02 +0200] "GET /forum_attac.php3?id_article=983&retour=cikk.php3%3Fid_article%3D983 HTTP/1.1" 404 292 "-" "Mozilla/4.0 (compatible; MSIE 6.0; Windows NT 5.1; SV1)"
66.249.75.74 - - [03/Oct/2013:04:07:30 +0200] "GET /robots.txt HTTP/1.1" 404 294 "-" "Mozilla/5.0 (compatible; Googlebot/2.1; +http://www.google.com/bot.html)"
195.56.55.225 - - [03/Oct/2013:04:08:09 +0200] "GET /test.html HTTP/1.1" 200 56 "-" "monit/4.6"
195.56.55.225 - - [03/Oct/2013:04:10:11 +0200] "GET /test.html HTTP/1.1" 200 56 "-" "monit/4.6"
195.56.55.225 - - [03/Oct/2013:04:12:13 +0200] "GET /test.html HTTP/1.1" 200 56 "-" "monit/4.6"
195.56.55.225 - - [03/Oct/2013:04:14:15 +0200] "GET /test.html HTTP/1.1" 200 56 "-" "monit/4.6"
195.56.55.225 - - [03/Oct/2013:04:16:17 +0200] "GET /test.html HTTP/1.1" 200 56 "-" "monit/4.6"
195.56.55.225 - - [03/Oct/2013:04:18:20 +0200] "GET /test.html HTTP/1.1" 200 56 "-" "monit/4.6"
195.56.55.225 - - [03/Oct/2013:04:20:22 +0200] "GET /test.html HTTP/1.1" 200 56 "-" "monit/4.6"
195.56.55.225 - - [03/Oct/2013:04:22:24 +0200] "GET /test.html HTTP/1.1" 200 56 "-" "monit/4.6"
195.56.55.225 - - [03/Oct/2013:04:24:27 +0200] "GET /test.html HTTP/1.1" 200 56 "-" "monit/4.6"
195.56.55.225 - - [03/Oct/2013:04:26:29 +0200] "GET /test.html HTTP/1.1" 200 56 "-" "monit/4.6"
195.56.55.225 - - [03/Oct/2013:04:28:31 +0200] "GET /test.html HTTP/1.1" 200 56 "-" "monit/4.6"
91.232.96.36 - - [03/Oct/2013:04:30:05 +0200] "GET /forum_attac.php3?id_article=983&retour=cikk.php3%3Fid_article%3D983 HTTP/1.1" 404 292 "-" "Mozilla/4.0 (compatible; MSIE 6.0; Windows NT 5.1; SV1)"
195.56.55.225 - - [03/Oct/2013:04:30:33 +0200] "GET /test.html HTTP/1.1" 200 56 "-" "monit/4.6"
195.56.55.225 - - [03/Oct/2013:04:32:36 +0200] "GET /test.html HTTP/1.1" 200 56 "-" "monit/4.6"
195.56.55.225 - - [03/Oct/2013:04:34:52 +0200] "GET /test.html HTTP/1.1" 200 56 "-" "monit/4.6"
195.56.55.225 - - [03/Oct/2013:04:36:54 +0200] "GET /test.html HTTP/1.1" 200 56 "-" "monit/4.6"
88.190.39.105 - - [03/Oct/2013:04:38:35 +0200] "GET /robots.txt HTTP/1.0" 404 274 "-" "Mozilla/5.0 (compatible; Googlebot/2.1; +http://www.google.com/bot.html)"
88.190.39.105 - - [03/Oct/2013:04:38:36 +0200] "GET / HTTP/1.0" 200 1155 "http://alter-eu.org/about/demands" "Mozilla/5.0 (compatible; Googlebot/2.1; +http://www.google.com/bot.html)"
195.56.55.225 - - [03/Oct/2013:04:38:56 +0200] "GET /test.html HTTP/1.1" 200 56 "-" "monit/4.6"
195.56.55.225 - - [03/Oct/2013:04:40:58 +0200] "GET /test.html HTTP/1.1" 200 56 "-" "monit/4.6"
195.56.55.225 - - [03/Oct/2013:04:43:00 +0200] "GET /test.html HTTP/1.1" 200 56 "-" "monit/4.6"
195.56.55.225 - - [03/Oct/2013:04:45:02 +0200] "GET /test.html HTTP/1.1" 200 56 "-" "monit/4.6"
195.56.55.225 - - [03/Oct/2013:04:47:04 +0200] "GET /test.html HTTP/1.1" 200 56 "-" "monit/4.6"
195.56.55.225 - - [03/Oct/2013:04:49:06 +0200] "GET /test.html HTTP/1.1" 200 56 "-" "monit/4.6"
195.56.55.225 - - [03/Oct/2013:04:51:08 +0200] "GET /test.html HTTP/1.1" 200 56 "-" "monit/4.6"
91.232.96.36 - - [03/Oct/2013:04:52:57 +0200] "GET /forum_attac.php3?id_article=983&retour=cikk.php3%3Fid_article%3D983 HTTP/1.1" 404 292 "-" "Mozilla/4.0 (compatible; MSIE 6.0; Windows NT 5.1; SV1)"
195.56.55.225 - - [03/Oct/2013:04:53:10 +0200] "GET /test.html HTTP/1.1" 200 56 "-" "monit/4.6"
119.30.39.1 - - [03/Oct/2013:04:53:34 +0200] "POST /forum_attac.php3?id_article=710&retour=cikk HTTP/1.1" 404 292 "http://attac.zpok.hu/forum_attac.php3?id_article=710&retour=cikk" "Mozilla/4.0 (compatible; MSIE 6.0; Windows NT 5.1; SV1)"
220.132.19.136 - - [03/Oct/2013:04:53:37 +0200] "POST /forum_attac.php3?id_article=710&retour=cikk HTTP/1.1" 404 292 "http://attac.zpok.hu/forum_attac.php3?id_article=710&retour=cikk" "Mozilla/4.0 (compatible; MSIE 6.0; Windows NT 5.1; SV1)"
195.56.55.225 - - [03/Oct/2013:04:55:12 +0200] "GET /test.html HTTP/1.1" 200 56 "-" "monit/4.6"
195.56.55.225 - - [03/Oct/2013:04:57:14 +0200] "GET /test.html HTTP/1.1" 200 56 "-" "monit/4.6"
195.56.55.225 - - [03/Oct/2013:04:59:16 +0200] "GET /test.html HTTP/1.1" 200 56 "-" "monit/4.6"
195.56.55.225 - - [03/Oct/2013:05:01:18 +0200] "GET /test.html HTTP/1.1" 200 56 "-" "monit/4.6"
208.115.113.87 - - [03/Oct/2013:05:03:16 +0200] "GET /robots.txt HTTP/1.1" 404 292 "-" "Mozilla/5.0 (compatible; Ezooms/1.0; ezooms.bot@gmail.com)"
195.56.55.225 - - [03/Oct/2013:05:03:20 +0200] "GET /test.html HTTP/1.1" 200 56 "-" "monit/4.6"
195.56.55.225 - - [03/Oct/2013:05:05:22 +0200] "GET /test.html HTTP/1.1" 200 56 "-" "monit/4.6"
195.56.55.225 - - [03/Oct/2013:05:07:24 +0200] "GET /test.html HTTP/1.1" 200 56 "-" "monit/4.6"
189.187.51.21 - - [03/Oct/2013:05:08:50 +0200] "-" 408 - "-" "-"
189.187.51.21 - - [03/Oct/2013:05:08:52 +0200] "-" 408 - "-" "-"
189.187.51.21 - - [03/Oct/2013:05:08:52 +0200] "-" 408 - "-" "-"
189.187.51.21 - - [03/Oct/2013:05:08:52 +0200] "-" 408 - "-" "-"
189.187.51.21 - - [03/Oct/2013:05:08:52 +0200] "-" 408 - "-" "-"
189.187.51.21 - - [03/Oct/2013:05:08:53 +0200] "-" 408 - "-" "-"
208.115.111.71 - - [03/Oct/2013:05:08:58 +0200] "GET /article.php3?id_article=628 HTTP/1.1" 404 288 "-" "Mozilla/5.0 (compatible; Ezooms/1.0; ezooms.bot@gmail.com)"
195.56.55.225 - - [03/Oct/2013:05:09:26 +0200] "GET /test.html HTTP/1.1" 200 56 "-" "monit/4.6"
195.56.55.225 - - [03/Oct/2013:05:11:28 +0200] "GET /test.html HTTP/1.1" 200 56 "-" "monit/4.6"
195.56.55.225 - - [03/Oct/2013:05:13:30 +0200] "GET /test.html HTTP/1.1" 200 56 "-" "monit/4.6"
195.56.55.225 - - [03/Oct/2013:05:15:33 +0200] "GET /test.html HTTP/1.1" 200 56 "-" "monit/4.6"
91.232.96.36 - - [03/Oct/2013:05:16:02 +0200] "GET /forum_attac.php3?id_article=983&retour=cikk.php3%3Fid_article%3D983 HTTP/1.1" 404 292 "-" "Mozilla/4.0 (compatible; MSIE 6.0; Windows NT 5.1; SV1)"
193.105.210.226 - - [03/Oct/2013:05:17:03 +0200] "-" 408 - "-" "-"
193.105.210.226 - - [03/Oct/2013:05:17:03 +0200] "-" 408 - "-" "-"
195.56.55.225 - - [03/Oct/2013:05:17:36 +0200] "GET /test.html HTTP/1.1" 200 56 "-" "monit/4.6"
195.56.55.225 - - [03/Oct/2013:05:19:38 +0200] "GET /test.html HTTP/1.1" 200 56 "-" "monit/4.6"
195.56.55.225 - - [03/Oct/2013:05:21:40 +0200] "GET /test.html HTTP/1.1" 200 56 "-" "monit/4.6"
195.56.55.225 - - [03/Oct/2013:05:23:42 +0200] "GET /test.html HTTP/1.1" 200 56 "-" "monit/4.6"
144.76.22.4 - - [03/Oct/2013:05:25:39 +0200] "GET /robots.txt HTTP/1.1" 404 286 "-" "Mozilla/5.0 (Windows; U; Windows NT 6.0; en-GB; rv:1.0; trendictionbot0.5.0; trendiction search; http://www.trendiction.de/bot; please let us know of any problems; web at trendiction.com) Gecko/20071127 Firefox/3.0.0.11"
144.76.22.4 - - [03/Oct/2013:05:25:40 +0200] "GET /cikk.php3?id_article=146 HTTP/1.1" 404 285 "http://egeszsegvedelem.wyw.hu/random.php" "Mozilla/5.0 (Windows; U; Windows NT 6.0; en-GB; rv:1.0; trendictionbot0.5.0; trendiction search; http://www.trendiction.de/bot; please let us know of any problems; web at trendiction.com) Gecko/20071127 Firefox/3.0.0.11"
195.56.55.225 - - [03/Oct/2013:05:25:46 +0200] "GET /test.html HTTP/1.1" 200 56 "-" "monit/4.6"
195.56.55.225 - - [03/Oct/2013:05:27:48 +0200] "GET /test.html HTTP/1.1" 200 56 "-" "monit/4.6"
195.56.55.225 - - [03/Oct/2013:05:29:50 +0200] "GET /test.html HTTP/1.1" 200 56 "-" "monit/4.6"
180.76.5.191 - - [03/Oct/2013:05:31:17 +0200] "GET / HTTP/1.1" 304 - "-" "Mozilla/5.0 (compatible; Baiduspider/2.0; +http://www.baidu.com/search/spider.html)"
195.56.55.225 - - [03/Oct/2013:05:31:52 +0200] "GET /test.html HTTP/1.1" 200 56 "-" "monit/4.6"
195.56.55.225 - - [03/Oct/2013:05:33:54 +0200] "GET /test.html HTTP/1.1" 200 56 "-" "monit/4.6"
208.115.113.87 - - [03/Oct/2013:05:35:32 +0200] "GET / HTTP/1.1" 200 1155 "-" "Mozilla/5.0 (compatible; Ezooms/1.0; ezooms.bot@gmail.com)"
195.56.55.225 - - [03/Oct/2013:05:35:56 +0200] "GET /test.html HTTP/1.1" 200 56 "-" "monit/4.6"
195.56.55.225 - - [03/Oct/2013:05:37:58 +0200] "GET /test.html HTTP/1.1" 200 56 "-" "monit/4.6"
91.232.96.36 - - [03/Oct/2013:05:39:03 +0200] "GET /forum_attac.php3?id_article=983&retour=cikk.php3%3Fid_article%3D983 HTTP/1.1" 404 292 "-" "Mozilla/4.0 (compatible; MSIE 6.0; Windows NT 5.1; SV1)"
195.56.55.225 - - [03/Oct/2013:05:40:00 +0200] "GET /test.html HTTP/1.1" 200 56 "-" "monit/4.6"
195.56.55.225 - - [03/Oct/2013:05:42:03 +0200] "GET /test.html HTTP/1.1" 200 56 "-" "monit/4.6"
195.56.55.225 - - [03/Oct/2013:05:44:05 +0200] "GET /test.html HTTP/1.1" 200 56 "-" "monit/4.6"
159.149.133.253 - - [03/Oct/2013:05:45:10 +0200] "GET /robots.txt HTTP/1.1" 404 290 "-" "BUbiNG (+http://law.di.unimi.it/BUbiNG.html)"
159.149.133.253 - - [03/Oct/2013:05:45:10 +0200] "GET /tevekenysegunk/kothalo/gyik/veszelyes HTTP/1.1" 404 317 "-" "BUbiNG (+http://law.di.unimi.it/BUbiNG.html)"
195.56.55.225 - - [03/Oct/2013:05:46:07 +0200] "GET /test.html HTTP/1.1" 200 56 "-" "monit/4.6"
195.56.55.225 - - [03/Oct/2013:05:48:10 +0200] "GET /test.html HTTP/1.1" 200 56 "-" "monit/4.6"
208.115.113.90 - - [03/Oct/2013:05:50:00 +0200] "GET /robots.txt HTTP/1.1" 404 290 "-" "Mozilla/5.0 (compatible; Ezooms/1.0; ezooms.bot@gmail.com)"
195.56.55.225 - - [03/Oct/2013:05:50:19 +0200] "GET /test.html HTTP/1.1" 200 56 "-" "monit/4.6"
195.56.55.225 - - [03/Oct/2013:05:52:21 +0200] "GET /test.html HTTP/1.1" 200 56 "-" "monit/4.6"
195.56.55.225 - - [03/Oct/2013:05:54:23 +0200] "GET /test.html HTTP/1.1" 200 56 "-" "monit/4.6"
195.56.55.225 - - [03/Oct/2013:05:56:25 +0200] "GET /test.html HTTP/1.1" 200 56 "-" "monit/4.6"
66.249.75.183 - - [03/Oct/2013:05:58:25 +0200] "GET / HTTP/1.1" 200 1155 "-" "Mozilla/5.0 (compatible; Googlebot/2.1; +http://www.google.com/bot.html)"
195.56.55.225 - - [03/Oct/2013:05:58:27 +0200] "GET /test.html HTTP/1.1" 200 56 "-" "monit/4.6"
195.56.55.225 - - [03/Oct/2013:06:00:29 +0200] "GET /test.html HTTP/1.1" 200 56 "-" "monit/4.6"
221.176.23.242 - - [03/Oct/2013:06:01:36 +0200] "POST /forum_attac.php3?id_article=710&retour=cikk HTTP/1.1" 404 292 "http://attac.zpok.hu/forum_attac.php3?id_article=710&retour=cikk" "Mozilla/4.0 (compatible; MSIE 6.0; Windows NT 5.1; SV1)"
91.232.96.36 - - [03/Oct/2013:06:02:00 +0200] "GET /forum_attac.php3?id_article=983&retour=cikk.php3%3Fid_article%3D983 HTTP/1.1" 404 292 "-" "Mozilla/4.0 (compatible; MSIE 6.0; Windows NT 5.1; SV1)"
195.56.55.225 - - [03/Oct/2013:06:02:31 +0200] "GET /test.html HTTP/1.1" 200 56 "-" "monit/4.6"
195.56.55.225 - - [03/Oct/2013:06:04:33 +0200] "GET /test.html HTTP/1.1" 200 56 "-" "monit/4.6"
157.55.32.104 - - [03/Oct/2013:06:06:08 +0200] "GET /robots.txt HTTP/1.1" 404 299 "-" "Mozilla/5.0 (compatible; bingbot/2.0; +http://www.bing.com/bingbot.htm)"
195.56.55.225 - - [03/Oct/2013:06:06:35 +0200] "GET /test.html HTTP/1.1" 200 56 "-" "monit/4.6"
195.56.55.225 - - [03/Oct/2013:06:08:37 +0200] "GET /test.html HTTP/1.1" 200 56 "-" "monit/4.6"
195.56.55.225 - - [03/Oct/2013:06:10:39 +0200] "GET /test.html HTTP/1.1" 200 56 "-" "monit/4.6"
195.56.55.225 - - [03/Oct/2013:06:12:41 +0200] "GET /test.html HTTP/1.1" 200 56 "-" "monit/4.6"
195.56.55.225 - - [03/Oct/2013:06:14:43 +0200] "GET /test.html HTTP/1.1" 200 56 "-" "monit/4.6"
195.56.55.225 - - [03/Oct/2013:06:16:45 +0200] "GET /test.html HTTP/1.1" 200 56 "-" "monit/4.6"
123.30.175.85 - - [03/Oct/2013:06:17:52 +0200] "GET /robots.txt HTTP/1.1" 404 288 "-" "Mozilla/5.0 (compatible; coccoc/1.0; +http://help.coccoc.com/)"
123.30.175.84 - - [03/Oct/2013:06:17:53 +0200] "GET / HTTP/1.1" 200 1155 "-" "Mozilla/5.0 (compatible; coccoc/1.0; +http://help.coccoc.com/)"
195.56.55.225 - - [03/Oct/2013:06:18:48 +0200] "GET /test.html HTTP/1.1" 200 56 "-" "monit/4.6"
157.55.32.104 - - [03/Oct/2013:06:19:16 +0200] "GET /kompasz/koszonet HTTP/1.1" 404 305 "-" "Mozilla/5.0 (compatible; bingbot/2.0; +http://www.bing.com/bingbot.htm)"
195.56.55.225 - - [03/Oct/2013:06:20:50 +0200] "GET /test.html HTTP/1.1" 200 56 "-" "monit/4.6"
195.56.55.225 - - [03/Oct/2013:06:22:52 +0200] "GET /test.html HTTP/1.1" 200 56 "-" "monit/4.6"
208.115.113.90 - - [03/Oct/2013:06:23:52 +0200] "GET /hasznos_tudnivalok HTTP/1.1" 404 298 "-" "Mozilla/5.0 (compatible; Ezooms/1.0; ezooms.bot@gmail.com)"
195.56.14.114 - - [03/Oct/2013:06:24:03 +0200] "-" 408 - "-" "-"
98.149.166.171 - - [03/Oct/2013:06:24:32 +0200] "-" 408 - "-" "-"
98.149.166.171 - - [03/Oct/2013:06:24:34 +0200] "-" 408 - "-" "-"
98.149.166.171 - - [03/Oct/2013:06:24:35 +0200] "-" 408 - "-" "-"
195.56.55.225 - - [03/Oct/2013:06:24:55 +0200] "GET /test.html HTTP/1.1" 200 56 "-" "monit/4.6"
91.232.96.36 - - [03/Oct/2013:06:25:00 +0200] "GET /forum_attac.php3?id_article=983&retour=cikk.php3%3Fid_article%3D983 HTTP/1.1" 404 292 "-" "Mozilla/4.0 (compatible; MSIE 6.0; Windows NT 5.1; SV1)"
195.56.55.225 - - [03/Oct/2013:06:26:58 +0200] "GET /test.html HTTP/1.1" 200 56 "-" "monit/4.6"
195.56.55.225 - - [03/Oct/2013:06:29:00 +0200] "GET /test.html HTTP/1.1" 200 56 "-" "monit/4.6"
195.56.55.225 - - [03/Oct/2013:06:31:02 +0200] "GET /test.html HTTP/1.1" 200 56 "-" "monit/4.6"
195.56.55.225 - - [03/Oct/2013:06:33:04 +0200] "GET /test.html HTTP/1.1" 200 56 "-" "monit/4.6"
195.56.55.225 - - [03/Oct/2013:06:35:06 +0200] "GET /test.html HTTP/1.1" 200 56 "-" "monit/4.6"
195.56.55.225 - - [03/Oct/2013:06:37:08 +0200] "GET /test.html HTTP/1.1" 200 56 "-" "monit/4.6"
77.92.85.205 - - [03/Oct/2013:06:38:32 +0200] "-" 408 - "-" "-"
195.56.55.225 - - [03/Oct/2013:06:39:10 +0200] "GET /test.html HTTP/1.1" 200 56 "-" "monit/4.6"
157.55.32.28 - - [03/Oct/2013:06:39:22 +0200] "GET /robots.txt HTTP/1.1" 404 295 "-" "Mozilla/5.0 (compatible; bingbot/2.0; +http://www.bing.com/bingbot.htm)"
195.56.55.225 - - [03/Oct/2013:06:41:12 +0200] "GET /test.html HTTP/1.1" 200 56 "-" "monit/4.6"
195.56.55.225 - - [03/Oct/2013:06:43:15 +0200] "GET /test.html HTTP/1.1" 200 56 "-" "monit/4.6"
159.149.133.252 - - [03/Oct/2013:06:43:50 +0200] "GET /robots.txt HTTP/1.1" 404 291 "-" "BUbiNG (+http://law.di.unimi.it/BUbiNG.html)"
159.149.133.252 - - [03/Oct/2013:06:43:50 +0200] "GET / HTTP/1.1" 200 1155 "-" "BUbiNG (+http://law.di.unimi.it/BUbiNG.html)"
195.56.55.225 - - [03/Oct/2013:06:45:17 +0200] "GET /test.html HTTP/1.1" 200 56 "-" "monit/4.6"
157.55.32.28 - - [03/Oct/2013:06:46:00 +0200] "GET / HTTP/1.1" 200 1155 "-" "Mozilla/5.0 (compatible; bingbot/2.0; +http://www.bing.com/bingbot.htm)"
199.58.86.211 - - [03/Oct/2013:06:46:43 +0200] "GET /robots.txt HTTP/1.0" 404 277 "-" "Mozilla/5.0 (compatible; MJ12bot/v1.4.4; http://www.majestic12.co.uk/bot.php?+)"
199.58.86.211 - - [03/Oct/2013:06:46:44 +0200] "GET / HTTP/1.0" 200 1155 "-" "Mozilla/5.0 (compatible; MJ12bot/v1.4.4; http://www.majestic12.co.uk/bot.php?+)"
199.58.86.211 - - [03/Oct/2013:06:46:45 +0200] "GET /robots.txt HTTP/1.0" 404 278 "-" "Mozilla/5.0 (compatible; MJ12bot/v1.4.4; http://www.majestic12.co.uk/bot.php?+)"
199.58.86.211 - - [03/Oct/2013:06:46:47 +0200] "GET / HTTP/1.0" 200 1155 "-" "Mozilla/5.0 (compatible; MJ12bot/v1.4.4; http://www.majestic12.co.uk/bot.php?+)"
199.58.86.211 - - [03/Oct/2013:06:46:48 +0200] "GET /robots.txt HTTP/1.0" 404 277 "-" "Mozilla/5.0 (compatible; MJ12bot/v1.4.4; http://www.majestic12.co.uk/bot.php?+)"
199.58.86.211 - - [03/Oct/2013:06:46:49 +0200] "GET / HTTP/1.0" 200 1155 "-" "Mozilla/5.0 (compatible; MJ12bot/v1.4.4; http://www.majestic12.co.uk/bot.php?+)"
199.58.86.211 - - [03/Oct/2013:06:46:51 +0200] "GET /robots.txt HTTP/1.0" 404 277 "-" "Mozilla/5.0 (compatible; MJ12bot/v1.4.4; http://www.majestic12.co.uk/bot.php?+)"
199.58.86.211 - - [03/Oct/2013:06:46:52 +0200] "GET / HTTP/1.0" 200 1155 "-" "Mozilla/5.0 (compatible; MJ12bot/v1.4.4; http://www.majestic12.co.uk/bot.php?+)"
199.58.86.211 - - [03/Oct/2013:06:46:53 +0200] "GET /robots.txt HTTP/1.0" 404 278 "-" "Mozilla/5.0 (compatible; MJ12bot/v1.4.4; http://www.majestic12.co.uk/bot.php?+)"
199.58.86.211 - - [03/Oct/2013:06:46:54 +0200] "GET / HTTP/1.0" 200 1155 "-" "Mozilla/5.0 (compatible; MJ12bot/v1.4.4; http://www.majestic12.co.uk/bot.php?+)"
199.58.86.211 - - [03/Oct/2013:06:46:55 +0200] "GET /robots.txt HTTP/1.0" 404 279 "-" "Mozilla/5.0 (compatible; MJ12bot/v1.4.4; http://www.majestic12.co.uk/bot.php?+)"
199.58.86.211 - - [03/Oct/2013:06:46:56 +0200] "GET / HTTP/1.0" 200 1155 "-" "Mozilla/5.0 (compatible; MJ12bot/v1.4.4; http://www.majestic12.co.uk/bot.php?+)"
199.58.86.211 - - [03/Oct/2013:06:46:57 +0200] "GET /robots.txt HTTP/1.0" 404 277 "-" "Mozilla/5.0 (compatible; MJ12bot/v1.4.4; http://www.majestic12.co.uk/bot.php?+)"
199.58.86.211 - - [03/Oct/2013:06:46:59 +0200] "GET / HTTP/1.0" 200 1155 "-" "Mozilla/5.0 (compatible; MJ12bot/v1.4.4; http://www.majestic12.co.uk/bot.php?+)"
199.58.86.211 - - [03/Oct/2013:06:47:00 +0200] "GET /robots.txt HTTP/1.0" 404 278 "-" "Mozilla/5.0 (compatible; MJ12bot/v1.4.4; http://www.majestic12.co.uk/bot.php?+)"
199.58.86.211 - - [03/Oct/2013:06:47:01 +0200] "GET / HTTP/1.0" 200 1155 "-" "Mozilla/5.0 (compatible; MJ12bot/v1.4.4; http://www.majestic12.co.uk/bot.php?+)"
199.58.86.211 - - [03/Oct/2013:06:47:02 +0200] "GET /robots.txt HTTP/1.0" 404 277 "-" "Mozilla/5.0 (compatible; MJ12bot/v1.4.4; http://www.majestic12.co.uk/bot.php?+)"
199.58.86.211 - - [03/Oct/2013:06:47:04 +0200] "GET / HTTP/1.0" 200 1155 "-" "Mozilla/5.0 (compatible; MJ12bot/v1.4.4; http://www.majestic12.co.uk/bot.php?+)"
199.58.86.211 - - [03/Oct/2013:06:47:04 +0200] "GET /robots.txt HTTP/1.0" 404 277 "-" "Mozilla/5.0 (compatible; MJ12bot/v1.4.4; http://www.majestic12.co.uk/bot.php?+)"
199.58.86.211 - - [03/Oct/2013:06:47:06 +0200] "GET / HTTP/1.0" 200 1155 "-" "Mozilla/5.0 (compatible; MJ12bot/v1.4.4; http://www.majestic12.co.uk/bot.php?+)"
199.58.86.211 - - [03/Oct/2013:06:47:07 +0200] "GET /robots.txt HTTP/1.0" 404 277 "-" "Mozilla/5.0 (compatible; MJ12bot/v1.4.4; http://www.majestic12.co.uk/bot.php?+)"
199.58.86.211 - - [03/Oct/2013:06:47:08 +0200] "GET / HTTP/1.0" 200 1155 "-" "Mozilla/5.0 (compatible; MJ12bot/v1.4.4; http://www.majestic12.co.uk/bot.php?+)"
199.58.86.211 - - [03/Oct/2013:06:47:09 +0200] "GET /robots.txt HTTP/1.0" 404 278 "-" "Mozilla/5.0 (compatible; MJ12bot/v1.4.4; http://www.majestic12.co.uk/bot.php?+)"
