195.56.55.225 - - [03/Oct/2013:12:04:40 +0200] "GET /test.html HTTP/1.1" 200 56 "-" "monit/4.6"
220.181.108.87 - - [03/Oct/2013:12:05:01 +0200] "GET / HTTP/1.1" 200 1155 "-" "Mozilla/5.0 (compatible; Baiduspider/2.0; +http://www.baidu.com/search/spider.html)"
195.228.78.170 - - [03/Oct/2013:12:05:03 +0200] "-" 408 - "-" "-"
5.10.83.96 - - [03/Oct/2013:12:06:00 +0200] "GET /robots.txt HTTP/1.1" 404 285 "-" "Mozilla/5.0 (compatible; AhrefsBot/5.0; +http://ahrefs.com/robot/)"
5.10.83.96 - - [03/Oct/2013:12:06:00 +0200] "GET /robots.txt HTTP/1.1" 404 288 "-" "Mozilla/5.0 (compatible; AhrefsBot/5.0; +http://ahrefs.com/robot/)"
5.10.83.96 - - [03/Oct/2013:12:06:00 +0200] "GET /robots.txt HTTP/1.1" 404 291 "-" "Mozilla/5.0 (compatible; AhrefsBot/5.0; +http://ahrefs.com/robot/)"
157.55.32.28 - - [03/Oct/2013:12:06:42 +0200] "GET / HTTP/1.1" 200 1155 "-" "Mozilla/5.0 (compatible; bingbot/2.0; +http://www.bing.com/bingbot.htm)"
195.56.55.225 - - [03/Oct/2013:12:06:42 +0200] "GET /test.html HTTP/1.1" 200 56 "-" "monit/4.6"
195.56.55.225 - - [03/Oct/2013:12:08:44 +0200] "GET /test.html HTTP/1.1" 200 56 "-" "monit/4.6"
195.228.78.170 - - [03/Oct/2013:12:10:00 +0200] "-" 408 - "-" "-"
193.105.210.226 - - [03/Oct/2013:12:10:35 +0200] "-" 408 - "-" "-"
195.56.55.225 - - [03/Oct/2013:12:10:49 +0200] "GET /test.html HTTP/1.1" 200 56 "-" "monit/4.6"
91.232.96.36 - - [03/Oct/2013:12:11:17 +0200] "GET /forum_attac.php3?id_article=983&retour=cikk.php3%3Fid_article%3D983 HTTP/1.1" 404 292 "-" "Mozilla/4.0 (compatible; MSIE 6.0; Windows NT 5.1; SV1)"
37.140.141.5 - - [03/Oct/2013:12:11:42 +0200] "GET / HTTP/1.1" 200 1155 "-" "Mozilla/5.0 (compatible; YandexBot/3.0; +http://yandex.com/bots)"
208.115.113.90 - - [03/Oct/2013:12:11:57 +0200] "GET /tevekenysegunk/jeles_napok/madarak_es_fak_napja HTTP/1.1" 404 327 "-" "Mozilla/5.0 (compatible; Ezooms/1.0; ezooms.bot@gmail.com)"
195.56.55.225 - - [03/Oct/2013:12:12:51 +0200] "GET /test.html HTTP/1.1" 200 56 "-" "monit/4.6"
157.55.32.28 - - [03/Oct/2013:12:13:31 +0200] "GET / HTTP/1.1" 200 1155 "-" "Mozilla/5.0 (compatible; bingbot/2.0; +http://www.bing.com/bingbot.htm)"
159.149.133.250 - - [03/Oct/2013:12:14:24 +0200] "GET /robots.txt HTTP/1.1" 404 286 "-" "BUbiNG (+http://law.di.unimi.it/BUbiNG.html)"
159.149.133.250 - - [03/Oct/2013:12:14:24 +0200] "GET / HTTP/1.1" 200 1155 "-" "BUbiNG (+http://law.di.unimi.it/BUbiNG.html)"
159.149.133.250 - - [03/Oct/2013:12:14:24 +0200] "GET /cikk.php3?id_article=704 HTTP/1.1" 404 285 "-" "BUbiNG (+http://law.di.unimi.it/BUbiNG.html)"
159.149.133.250 - - [03/Oct/2013:12:14:24 +0200] "GET /cikk.php3?id_article=146 HTTP/1.1" 404 285 "-" "BUbiNG (+http://law.di.unimi.it/BUbiNG.html)"
159.149.133.250 - - [03/Oct/2013:12:14:25 +0200] "GET /cikk.php3?id_article=892 HTTP/1.1" 404 285 "-" "BUbiNG (+http://law.di.unimi.it/BUbiNG.html)"
195.56.55.225 - - [03/Oct/2013:12:14:53 +0200] "GET /test.html HTTP/1.1" 200 56 "-" "monit/4.6"
159.149.133.250 - - [03/Oct/2013:12:14:54 +0200] "GET /cikk.php3?id_article=342 HTTP/1.1" 404 285 "-" "BUbiNG (+http://law.di.unimi.it/BUbiNG.html)"
66.249.75.13 - - [03/Oct/2013:12:15:23 +0200] "GET /robots.txt HTTP/1.1" 404 282 "-" "Mozilla/5.0 (compatible; Googlebot/2.1; +http://www.google.com/bot.html)"
66.249.75.13 - - [03/Oct/2013:12:15:23 +0200] "GET / HTTP/1.1" 200 1155 "-" "DoCoMo/2.0 N905i(c100;TB;W24H16) (compatible; Googlebot-Mobile/2.1; +http://www.google.com/bot.html)"
5.10.83.96 - - [03/Oct/2013:12:16:21 +0200] "GET /robots.txt HTTP/1.1" 404 287 "-" "Mozilla/5.0 (compatible; AhrefsBot/5.0; +http://ahrefs.com/robot/)"
195.56.55.225 - - [03/Oct/2013:12:16:57 +0200] "GET /test.html HTTP/1.1" 200 56 "-" "monit/4.6"
195.56.55.225 - - [03/Oct/2013:12:18:59 +0200] "GET /test.html HTTP/1.1" 200 56 "-" "monit/4.6"
66.249.75.20 - - [03/Oct/2013:12:20:40 +0200] "GET /robots.txt HTTP/1.1" 404 288 "-" "Mozilla/5.0 (compatible; Googlebot/2.1; +http://www.google.com/bot.html)"
66.249.75.20 - - [03/Oct/2013:12:20:40 +0200] "GET / HTTP/1.1" 200 1155 "-" "SAMSUNG-SGH-E250/1.0 Profile/MIDP-2.0 Configuration/CLDC-1.1 UP.Browser/6.2.3.3.c.1.101 (GUI) MMP/2.0 (compatible; Googlebot-Mobile/2.1; +http://www.google.com/bot.html)"
195.56.55.225 - - [03/Oct/2013:12:21:01 +0200] "GET /test.html HTTP/1.1" 200 56 "-" "monit/4.6"
84.2.196.235 - - [03/Oct/2013:12:21:50 +0200] "-" 408 - "-" "-"
159.50.249.149 - - [03/Oct/2013:12:23:02 +0200] "GET / HTTP/1.1" 200 1155 "-" "Mozilla/5.0 (Windows; U; Windows NT 5.1; en-US; rv:1.9.2.17) Gecko/20110420 20000523 Firefox/3.6.17"
195.56.55.225 - - [03/Oct/2013:12:23:03 +0200] "GET /test.html HTTP/1.1" 200 56 "-" "monit/4.6"
195.56.55.225 - - [03/Oct/2013:12:25:06 +0200] "GET /test.html HTTP/1.1" 200 56 "-" "monit/4.6"
5.10.83.38 - - [03/Oct/2013:12:26:12 +0200] "GET /cikk.php3?id_article=927 HTTP/1.1" 404 285 "-" "Mozilla/5.0 (compatible; AhrefsBot/5.0; +http://ahrefs.com/robot/)"
195.56.55.225 - - [03/Oct/2013:12:27:10 +0200] "GET /test.html HTTP/1.1" 200 56 "-" "monit/4.6"
178.63.80.36 - - [03/Oct/2013:12:27:24 +0200] "GET /robots.txt HTTP/1.0" 404 299 "-" "Mozilla/5.0 (compatible; MJ12bot/v1.4.4; http://www.majestic12.co.uk/bot.php?+)"
178.63.80.36 - - [03/Oct/2013:12:27:26 +0200] "GET /lakossagi/szigeteles-fillerekbol/C%C3%A9g%C3%BCnk HTTP/1.1" 404 342 "-" "Mozilla/5.0 (compatible; MJ12bot/v1.4.4; http://www.majestic12.co.uk/bot.php?+)"
178.63.80.36 - - [03/Oct/2013:12:27:27 +0200] "GET /lakossagi/szigeteles-fillerekbol/Elad%C3%B3 HTTP/1.1" 404 340 "-" "Mozilla/5.0 (compatible; MJ12bot/v1.4.4; http://www.majestic12.co.uk/bot.php?+)"
178.63.80.36 - - [03/Oct/2013:12:27:29 +0200] "GET /lakossagi/szigeteles-fillerekbol/F%C3%B5 HTTP/1.1" 404 337 "-" "Mozilla/5.0 (compatible; MJ12bot/v1.4.4; http://www.majestic12.co.uk/bot.php?+)"
178.63.80.36 - - [03/Oct/2013:12:27:30 +0200] "GET /lakossagi/szigeteles-fillerekbol/F%C5%91 HTTP/1.1" 404 337 "-" "Mozilla/5.0 (compatible; MJ12bot/v1.4.4; http://www.majestic12.co.uk/bot.php?+)"
178.63.80.36 - - [03/Oct/2013:12:27:31 +0200] "GET /lakossagi/szigeteles-fillerekbol/H%C3%B5 HTTP/1.1" 404 337 "-" "Mozilla/5.0 (compatible; MJ12bot/v1.4.4; http://www.majestic12.co.uk/bot.php?+)"
178.63.80.36 - - [03/Oct/2013:12:27:33 +0200] "GET /lakossagi/szigeteles-fillerekbol/H%C3%B5szigetel%C3%A9s HTTP/1.1" 404 348 "-" "Mozilla/5.0 (compatible; MJ12bot/v1.4.4; http://www.majestic12.co.uk/bot.php?+)"
178.63.80.36 - - [03/Oct/2013:12:27:35 +0200] "GET /lakossagi/szigeteles-fillerekbol/H%C5%91 HTTP/1.1" 404 337 "-" "Mozilla/5.0 (compatible; MJ12bot/v1.4.4; http://www.majestic12.co.uk/bot.php?+)"
178.63.80.36 - - [03/Oct/2013:12:27:36 +0200] "GET /lakossagi/szigeteles-fillerekbol/H%C5%91szigetel%C3%A9s HTTP/1.1" 404 348 "-" "Mozilla/5.0 (compatible; MJ12bot/v1.4.4; http://www.majestic12.co.uk/bot.php?+)"
178.63.80.36 - - [03/Oct/2013:12:27:38 +0200] "GET /lakossagi/szigeteles-fillerekbol/Lapostet%C3%B5 HTTP/1.1" 404 344 "-" "Mozilla/5.0 (compatible; MJ12bot/v1.4.4; http://www.majestic12.co.uk/bot.php?+)"
178.63.80.36 - - [03/Oct/2013:12:27:39 +0200] "GET /lakossagi/szigeteles-fillerekbol/Lapostet%C5%91 HTTP/1.1" 404 344 "-" "Mozilla/5.0 (compatible; MJ12bot/v1.4.4; http://www.majestic12.co.uk/bot.php?+)"
195.56.55.225 - - [03/Oct/2013:12:29:12 +0200] "GET /test.html HTTP/1.1" 200 56 "-" "monit/4.6"
195.56.55.225 - - [03/Oct/2013:12:31:14 +0200] "GET /test.html HTTP/1.1" 200 56 "-" "monit/4.6"
66.249.75.183 - - [03/Oct/2013:12:33:16 +0200] "GET / HTTP/1.1" 200 1155 "-" "SAMSUNG-SGH-E250/1.0 Profile/MIDP-2.0 Configuration/CLDC-1.1 UP.Browser/6.2.3.3.c.1.101 (GUI) MMP/2.0 (compatible; Googlebot-Mobile/2.1; +http://www.google.com/bot.html)"
195.56.55.225 - - [03/Oct/2013:12:33:21 +0200] "GET /test.html HTTP/1.1" 200 56 "-" "monit/4.6"
91.232.96.36 - - [03/Oct/2013:12:34:33 +0200] "GET /forum_attac.php3?id_article=983&retour=cikk.php3%3Fid_article%3D983 HTTP/1.1" 404 292 "-" "Mozilla/4.0 (compatible; MSIE 6.0; Windows NT 5.1; SV1)"
195.56.55.225 - - [03/Oct/2013:12:35:23 +0200] "GET /test.html HTTP/1.1" 200 56 "-" "monit/4.6"
66.249.75.154 - - [03/Oct/2013:12:37:13 +0200] "GET / HTTP/1.1" 200 1155 "-" "Mozilla/5.0 (compatible; Googlebot/2.1; +http://www.google.com/bot.html)"
195.56.55.225 - - [03/Oct/2013:12:37:25 +0200] "GET /test.html HTTP/1.1" 200 56 "-" "monit/4.6"
195.56.55.225 - - [03/Oct/2013:12:39:27 +0200] "GET /test.html HTTP/1.1" 200 56 "-" "monit/4.6"
66.249.75.11 - - [03/Oct/2013:12:40:42 +0200] "GET /robots.txt HTTP/1.1" 404 294 "-" "Mozilla/5.0 (compatible; Googlebot/2.1; +http://www.google.com/bot.html)"
66.249.75.11 - - [03/Oct/2013:12:40:42 +0200] "GET / HTTP/1.1" 200 1155 "-" "Mozilla/5.0 (compatible; Googlebot/2.1; +http://www.google.com/bot.html)"
195.56.55.225 - - [03/Oct/2013:12:41:29 +0200] "GET /test.html HTTP/1.1" 200 56 "-" "monit/4.6"
72.14.199.132 - - [03/Oct/2013:12:41:40 +0200] "GET / HTTP/1.1" 200 1155 "-" "Feedfetcher-Google; (+http://www.google.com/feedfetcher.html; 1 subscribers; feed-id=849169264004692768)"
66.249.75.112 - - [03/Oct/2013:12:42:00 +0200] "GET /robots.txt HTTP/1.1" 404 293 "-" "Mozilla/5.0 (compatible; Googlebot/2.1; +http://www.google.com/bot.html)"
66.249.75.112 - - [03/Oct/2013:12:42:01 +0200] "GET / HTTP/1.1" 200 1155 "-" "Mozilla/5.0 (compatible; Googlebot/2.1; +http://www.google.com/bot.html)"
5.10.83.38 - - [03/Oct/2013:12:42:14 +0200] "GET /cikk.php3?id_article=250 HTTP/1.1" 404 285 "-" "Mozilla/5.0 (compatible; AhrefsBot/5.0; +http://ahrefs.com/robot/)"
66.249.75.66 - - [03/Oct/2013:12:42:42 +0200] "GET /robots.txt HTTP/1.1" 404 290 "-" "Mozilla/5.0 (compatible; Googlebot/2.1; +http://www.google.com/bot.html)"
66.249.75.66 - - [03/Oct/2013:12:42:42 +0200] "GET / HTTP/1.1" 200 1155 "-" "Mozilla/5.0 (compatible; Googlebot/2.1; +http://www.google.com/bot.html)"
195.56.55.225 - - [03/Oct/2013:12:43:31 +0200] "GET /test.html HTTP/1.1" 200 56 "-" "monit/4.6"
66.249.75.239 - - [03/Oct/2013:12:44:06 +0200] "GET /robots.txt HTTP/1.1" 404 292 "-" "Mozilla/5.0 (compatible; Googlebot/2.1; +http://www.google.com/bot.html)"
66.249.75.239 - - [03/Oct/2013:12:44:06 +0200] "GET / HTTP/1.1" 200 1155 "-" "Mozilla/5.0 (compatible; Googlebot/2.1; +http://www.google.com/bot.html)"
66.249.75.122 - - [03/Oct/2013:12:44:45 +0200] "GET /robots.txt HTTP/1.1" 404 293 "-" "Mozilla/5.0 (compatible; Googlebot/2.1; +http://www.google.com/bot.html)"
66.249.75.122 - - [03/Oct/2013:12:44:45 +0200] "GET / HTTP/1.1" 200 1155 "-" "Mozilla/5.0 (compatible; Googlebot/2.1; +http://www.google.com/bot.html)"
94.27.236.25 - - [03/Oct/2013:12:45:09 +0200] "GET /print.gif HTTP/1.1" 404 285 "-" "Mozilla/5.0 (iPad; CPU OS 7_0_2 like Mac OS X) AppleWebKit/537.51.1 (KHTML, like Gecko) Mobile/11A501"
94.27.236.25 - - [03/Oct/2013:12:45:09 +0200] "GET /IMG/arton980.jpg HTTP/1.1" 404 292 "-" "Mozilla/5.0 (iPad; CPU OS 7_0_2 like Mac OS X) AppleWebKit/537.51.1 (KHTML, like Gecko) Mobile/11A501"
195.56.55.225 - - [03/Oct/2013:12:45:33 +0200] "GET /test.html HTTP/1.1" 200 56 "-" "monit/4.6"
5.10.83.38 - - [03/Oct/2013:12:45:35 +0200] "GET /cikk.php3?id_article=704 HTTP/1.1" 404 285 "-" "Mozilla/5.0 (compatible; AhrefsBot/5.0; +http://ahrefs.com/robot/)"
66.249.75.120 - - [03/Oct/2013:12:46:07 +0200] "GET /robots.txt HTTP/1.1" 404 294 "-" "Mozilla/5.0 (compatible; Googlebot/2.1; +http://www.google.com/bot.html)"
66.249.75.120 - - [03/Oct/2013:12:46:07 +0200] "GET / HTTP/1.1" 200 1155 "-" "Mozilla/5.0 (compatible; Googlebot/2.1; +http://www.google.com/bot.html)"
5.10.83.38 - - [03/Oct/2013:12:46:44 +0200] "GET /cikk.php3?id_article=342 HTTP/1.1" 404 285 "-" "Mozilla/5.0 (compatible; AhrefsBot/5.0; +http://ahrefs.com/robot/)"
66.249.75.37 - - [03/Oct/2013:12:46:54 +0200] "GET /robots.txt HTTP/1.1" 404 294 "-" "Mozilla/5.0 (compatible; Googlebot/2.1; +http://www.google.com/bot.html)"
66.249.75.37 - - [03/Oct/2013:12:46:54 +0200] "GET / HTTP/1.1" 200 1155 "-" "Mozilla/5.0 (compatible; Googlebot/2.1; +http://www.google.com/bot.html)"
193.105.210.226 - - [03/Oct/2013:12:46:59 +0200] "-" 408 - "-" "-"
193.105.210.226 - - [03/Oct/2013:12:47:02 +0200] "-" 408 - "-" "-"
66.249.75.143 - - [03/Oct/2013:12:47:29 +0200] "GET /robots.txt HTTP/1.1" 404 293 "-" "Mozilla/5.0 (compatible; Googlebot/2.1; +http://www.google.com/bot.html)"
66.249.75.143 - - [03/Oct/2013:12:47:29 +0200] "GET / HTTP/1.1" 200 1155 "-" "Mozilla/5.0 (compatible; Googlebot/2.1; +http://www.google.com/bot.html)"
195.56.55.225 - - [03/Oct/2013:12:47:36 +0200] "GET /test.html HTTP/1.1" 200 56 "-" "monit/4.6"
66.249.75.41 - - [03/Oct/2013:12:48:10 +0200] "GET /robots.txt HTTP/1.1" 404 289 "-" "Mozilla/5.0 (compatible; Googlebot/2.1; +http://www.google.com/bot.html)"
66.249.75.41 - - [03/Oct/2013:12:48:10 +0200] "GET / HTTP/1.1" 200 1155 "-" "Mozilla/5.0 (compatible; Googlebot/2.1; +http://www.google.com/bot.html)"
195.56.55.225 - - [03/Oct/2013:12:49:39 +0200] "GET /test.html HTTP/1.1" 200 56 "-" "monit/4.6"
157.55.32.94 - - [03/Oct/2013:12:49:40 +0200] "GET /robots.txt HTTP/1.1" 404 286 "-" "Mozilla/5.0 (compatible; bingbot/2.0; +http://www.bing.com/bingbot.htm)"
66.249.75.122 - - [03/Oct/2013:12:50:16 +0200] "GET /robots.txt HTTP/1.1" 404 289 "-" "Mozilla/5.0 (compatible; Googlebot/2.1; +http://www.google.com/bot.html)"
66.249.75.122 - - [03/Oct/2013:12:50:16 +0200] "GET / HTTP/1.1" 200 1155 "-" "Mozilla/5.0 (compatible; Googlebot/2.1; +http://www.google.com/bot.html)"
66.249.75.209 - - [03/Oct/2013:12:50:56 +0200] "GET /robots.txt HTTP/1.1" 404 284 "-" "Mozilla/5.0 (compatible; Googlebot/2.1; +http://www.google.com/bot.html)"
66.249.75.209 - - [03/Oct/2013:12:50:56 +0200] "GET / HTTP/1.1" 200 1155 "-" "Mozilla/5.0 (compatible; Googlebot/2.1; +http://www.google.com/bot.html)"
89.149.22.203 - - [03/Oct/2013:12:51:07 +0200] "-" 408 - "-" "-"
195.56.55.225 - - [03/Oct/2013:12:51:51 +0200] "GET /test.html HTTP/1.1" 200 56 "-" "monit/4.6"
195.56.55.225 - - [03/Oct/2013:12:53:53 +0200] "GET /test.html HTTP/1.1" 200 56 "-" "monit/4.6"
195.56.55.225 - - [03/Oct/2013:12:55:55 +0200] "GET /test.html HTTP/1.1" 200 56 "-" "monit/4.6"
157.55.32.94 - - [03/Oct/2013:12:56:31 +0200] "GET /cikk.php3?id_article=353 HTTP/1.1" 404 285 "-" "Mozilla/5.0 (compatible; bingbot/2.0; +http://www.bing.com/bingbot.htm)"
91.232.96.36 - - [03/Oct/2013:12:57:19 +0200] "GET /forum_attac.php3?id_article=983&retour=cikk.php3%3Fid_article%3D983 HTTP/1.1" 404 292 "-" "Mozilla/4.0 (compatible; MSIE 6.0; Windows NT 5.1; SV1)"
195.56.55.225 - - [03/Oct/2013:12:57:57 +0200] "GET /test.html HTTP/1.1" 200 56 "-" "monit/4.6"
212.138.92.17 - - [03/Oct/2013:12:58:55 +0200] "POST /forum_attac.php3?id_article=710&retour=cikk HTTP/1.1" 404 292 "http://attac.zpok.hu/forum_attac.php3?id_article=710&retour=cikk" "Mozilla/4.0 (compatible; MSIE 6.0; Windows NT 5.1; SV1)"
195.56.55.225 - - [03/Oct/2013:12:59:59 +0200] "GET /test.html HTTP/1.1" 200 56 "-" "monit/4.6"
157.55.32.104 - - [03/Oct/2013:13:00:47 +0200] "GET /robots.txt HTTP/1.1" 404 290 "-" "Mozilla/5.0 (compatible; bingbot/2.0; +http://www.bing.com/bingbot.htm)"
195.56.55.225 - - [03/Oct/2013:13:02:01 +0200] "GET /test.html HTTP/1.1" 200 56 "-" "monit/4.6"
157.55.32.104 - - [03/Oct/2013:13:03:25 +0200] "GET /link HTTP/1.1" 404 284 "-" "Mozilla/5.0 (compatible; bingbot/2.0; +http://www.bing.com/bingbot.htm)"
195.56.55.225 - - [03/Oct/2013:13:04:03 +0200] "GET /test.html HTTP/1.1" 200 56 "-" "monit/4.6"
81.229.121.188 - - [03/Oct/2013:13:04:47 +0200] "-" 408 - "-" "-"
195.56.55.225 - - [03/Oct/2013:13:06:05 +0200] "GET /test.html HTTP/1.1" 200 56 "-" "monit/4.6"
195.56.55.225 - - [03/Oct/2013:13:08:07 +0200] "GET /test.html HTTP/1.1" 200 56 "-" "monit/4.6"
195.56.55.225 - - [03/Oct/2013:13:10:09 +0200] "GET /test.html HTTP/1.1" 200 56 "-" "monit/4.6"
66.249.75.161 - - [03/Oct/2013:13:11:02 +0200] "GET /robots.txt HTTP/1.1" 404 287 "-" "Mozilla/5.0 (compatible; Googlebot/2.1; +http://www.google.com/bot.html)"
66.249.75.161 - - [03/Oct/2013:13:11:02 +0200] "GET / HTTP/1.1" 200 1155 "-" "SAMSUNG-SGH-E250/1.0 Profile/MIDP-2.0 Configuration/CLDC-1.1 UP.Browser/6.2.3.3.c.1.101 (GUI) MMP/2.0 (compatible; Googlebot-Mobile/2.1; +http://www.google.com/bot.html)"
195.56.55.225 - - [03/Oct/2013:13:12:11 +0200] "GET /test.html HTTP/1.1" 200 56 "-" "monit/4.6"
195.56.14.194 - - [03/Oct/2013:13:14:12 +0200] "GET /IMG/arton497.jpg HTTP/1.1" 404 292 "http://forum.apatnet.hu/viewtopic.php?f=8&t=15&start=4161" "Mozilla/5.0 (Windows NT 6.1; WOW64) AppleWebKit/537.36 (KHTML, like Gecko) Chrome/30.0.1599.66 Safari/537.36"
195.56.55.225 - - [03/Oct/2013:13:14:13 +0200] "GET /test.html HTTP/1.1" 200 56 "-" "monit/4.6"
195.56.55.225 - - [03/Oct/2013:13:16:15 +0200] "GET /test.html HTTP/1.1" 200 56 "-" "monit/4.6"
195.56.55.225 - - [03/Oct/2013:13:18:19 +0200] "GET /test.html HTTP/1.1" 200 56 "-" "monit/4.6"
91.232.96.36 - - [03/Oct/2013:13:20:17 +0200] "GET /forum_attac.php3?id_article=983&retour=cikk.php3%3Fid_article%3D983 HTTP/1.1" 404 292 "-" "Mozilla/4.0 (compatible; MSIE 6.0; Windows NT 5.1; SV1)"
195.56.55.225 - - [03/Oct/2013:13:20:21 +0200] "GET /test.html HTTP/1.1" 200 56 "-" "monit/4.6"
195.56.55.225 - - [03/Oct/2013:13:22:23 +0200] "GET /test.html HTTP/1.1" 200 56 "-" "monit/4.6"
66.249.75.213 - - [03/Oct/2013:13:23:38 +0200] "GET / HTTP/1.1" 200 1155 "-" "SAMSUNG-SGH-E250/1.0 Profile/MIDP-2.0 Configuration/CLDC-1.1 UP.Browser/6.2.3.3.c.1.101 (GUI) MMP/2.0 (compatible; Googlebot-Mobile/2.1; +http://www.google.com/bot.html)"
195.56.55.225 - - [03/Oct/2013:13:24:25 +0200] "GET /test.html HTTP/1.1" 200 56 "-" "monit/4.6"
193.105.210.226 - - [03/Oct/2013:13:24:49 +0200] "-" 408 - "-" "-"
195.56.55.225 - - [03/Oct/2013:13:26:28 +0200] "GET /test.html HTTP/1.1" 200 56 "-" "monit/4.6"
193.105.210.226 - - [03/Oct/2013:13:26:32 +0200] "-" 408 - "-" "-"
86.59.193.8 - - [03/Oct/2013:13:28:18 +0200] "-" 408 - "-" "-"
86.59.193.8 - - [03/Oct/2013:13:28:18 +0200] "-" 408 - "-" "-"
86.59.193.8 - - [03/Oct/2013:13:28:18 +0200] "-" 408 - "-" "-"
86.59.193.8 - - [03/Oct/2013:13:28:18 +0200] "-" 408 - "-" "-"
86.59.193.8 - - [03/Oct/2013:13:28:18 +0200] "-" 408 - "-" "-"
86.59.193.8 - - [03/Oct/2013:13:28:18 +0200] "-" 408 - "-" "-"
195.56.55.225 - - [03/Oct/2013:13:28:32 +0200] "GET /test.html HTTP/1.1" 200 56 "-" "monit/4.6"
157.55.35.115 - - [03/Oct/2013:13:28:40 +0200] "GET /robots.txt HTTP/1.1" 404 285 "-" "Mozilla/5.0 (compatible; bingbot/2.0; +http://www.bing.com/bingbot.htm)"
195.56.55.225 - - [03/Oct/2013:13:30:57 +0200] "GET /test.html HTTP/1.1" 200 56 "-" "monit/4.6"
89.133.102.107 - - [03/Oct/2013:13:31:08 +0200] "-" 408 - "-" "-"
195.56.55.225 - - [03/Oct/2013:13:33:00 +0200] "GET /test.html HTTP/1.1" 200 56 "-" "monit/4.6"
195.56.55.225 - - [03/Oct/2013:13:35:02 +0200] "GET /test.html HTTP/1.1" 200 56 "-" "monit/4.6"
178.48.17.29 - - [03/Oct/2013:13:36:46 +0200] "-" 408 - "-" "-"
157.55.35.115 - - [03/Oct/2013:13:36:50 +0200] "GET / HTTP/1.1" 200 1155 "-" "Mozilla/5.0 (compatible; bingbot/2.0; +http://www.bing.com/bingbot.htm)"
195.56.55.225 - - [03/Oct/2013:13:37:04 +0200] "GET /test.html HTTP/1.1" 200 56 "-" "monit/4.6"
195.56.55.225 - - [03/Oct/2013:13:39:07 +0200] "GET /test.html HTTP/1.1" 200 56 "-" "monit/4.6"
66.249.75.98 - - [03/Oct/2013:13:39:08 +0200] "GET /robots.txt HTTP/1.1" 404 288 "-" "Mozilla/5.0 (compatible; Googlebot/2.1; +http://www.google.com/bot.html)"
66.249.75.98 - - [03/Oct/2013:13:39:09 +0200] "GET /www.bankwatch.org HTTP/1.1" 404 295 "-" "Mozilla/5.0 (compatible; Googlebot/2.1; +http://www.google.com/bot.html)"
84.206.43.2 - - [03/Oct/2013:13:39:51 +0200] "GET / HTTP/1.0" 200 1155 "-" "Mozilla/4.0 (compatible; MSIE 8.0; Windows NT 5.1; Trident/4.0; .NET CLR 2.0.50727; .NET CLR 3.0.04506.30)"
84.206.43.2 - - [03/Oct/2013:13:39:52 +0200] "GET /favicon.ico HTTP/1.0" 404 276 "-" "Mozilla/4.0 (compatible; MSIE 8.0; Windows NT 5.1; Trident/4.0; .NET CLR 2.0.50727; .NET CLR 3.0.04506.30)"
195.56.55.225 - - [03/Oct/2013:13:41:09 +0200] "GET /test.html HTTP/1.1" 200 56 "-" "monit/4.6"
195.56.55.225 - - [03/Oct/2013:13:43:13 +0200] "GET /test.html HTTP/1.1" 200 56 "-" "monit/4.6"
91.232.96.36 - - [03/Oct/2013:13:43:24 +0200] "GET /forum_attac.php3?id_article=983&retour=cikk.php3%3Fid_article%3D983 HTTP/1.1" 404 292 "-" "Mozilla/4.0 (compatible; MSIE 6.0; Windows NT 5.1; SV1)"
92.249.220.14 - - [03/Oct/2013:13:43:48 +0200] "GET / HTTP/1.1" 200 1155 "-" "Mozilla/5.0 (Windows NT 6.2; WOW64) AppleWebKit/537.36 (KHTML, like Gecko) Chrome/29.0.1547.76 Safari/537.36 OPR/16.0.1196.80"
92.249.220.14 - - [03/Oct/2013:13:43:49 +0200] "GET /favicon.ico HTTP/1.1" 404 284 "-" "Mozilla/5.0 (Windows NT 6.2; WOW64) AppleWebKit/537.36 (KHTML, like Gecko) Chrome/29.0.1547.76 Safari/537.36 OPR/16.0.1196.80"
195.111.105.214 - - [03/Oct/2013:13:44:53 +0200] "-" 408 - "-" "-"
195.111.105.214 - - [03/Oct/2013:13:44:53 +0200] "-" 408 - "-" "-"
195.111.105.214 - - [03/Oct/2013:13:44:53 +0200] "-" 408 - "-" "-"
195.111.105.214 - - [03/Oct/2013:13:44:53 +0200] "-" 408 - "-" "-"
195.111.105.214 - - [03/Oct/2013:13:44:53 +0200] "-" 408 - "-" "-"
195.111.105.214 - - [03/Oct/2013:13:44:53 +0200] "-" 408 - "-" "-"
195.56.55.225 - - [03/Oct/2013:13:45:15 +0200] "GET /test.html HTTP/1.1" 200 56 "-" "monit/4.6"
195.56.55.225 - - [03/Oct/2013:13:47:17 +0200] "GET /test.html HTTP/1.1" 200 56 "-" "monit/4.6"
195.56.55.225 - - [03/Oct/2013:13:49:19 +0200] "GET /test.html HTTP/1.1" 200 56 "-" "monit/4.6"
195.56.55.225 - - [03/Oct/2013:13:51:21 +0200] "GET /test.html HTTP/1.1" 200 56 "-" "monit/4.6"
195.56.55.225 - - [03/Oct/2013:13:53:23 +0200] "GET /test.html HTTP/1.1" 200 56 "-" "monit/4.6"
202.9.38.20 - - [03/Oct/2013:13:53:32 +0200] "-" 408 - "-" "-"
195.56.55.225 - - [03/Oct/2013:13:55:25 +0200] "GET /test.html HTTP/1.1" 200 56 "-" "monit/4.6"
195.56.55.225 - - [03/Oct/2013:13:57:27 +0200] "GET /test.html HTTP/1.1" 200 56 "-" "monit/4.6"
195.56.55.225 - - [03/Oct/2013:13:59:29 +0200] "GET /test.html HTTP/1.1" 200 56 "-" "monit/4.6"
65.55.215.43 - - [03/Oct/2013:13:59:45 +0200] "GET /robots.txt HTTP/1.1" 404 286 "-" "msnbot-media/1.1 (+http://search.msn.com/msnbot.htm)"
65.55.215.43 - - [03/Oct/2013:13:59:45 +0200] "GET /IMG/arton415.jpg HTTP/1.1" 404 292 "-" "msnbot-media/1.1 (+http://search.msn.com/msnbot.htm)"
183.204.172.199 - - [03/Oct/2013:13:59:54 +0200] "-" 408 - "-" "-"
176.36.52.108 - - [03/Oct/2013:13:59:57 +0200] "GET / HTTP/1.1" 200 1155 "http://attac.zpok.hu/" "Links (0.9xpre12; Linux 2.2.14-5.0 i686; 80x24)"
89.134.164.4 - - [03/Oct/2013:14:01:06 +0200] "-" 408 - "-" "-"
89.134.164.4 - - [03/Oct/2013:14:01:06 +0200] "-" 408 - "-" "-"
89.134.164.4 - - [03/Oct/2013:14:01:06 +0200] "-" 408 - "-" "-"
89.134.164.4 - - [03/Oct/2013:14:01:06 +0200] "-" 408 - "-" "-"
89.134.164.4 - - [03/Oct/2013:14:01:06 +0200] "-" 408 - "-" "-"
89.134.164.4 - - [03/Oct/2013:14:01:06 +0200] "-" 408 - "-" "-"
188.143.51.223 - - [03/Oct/2013:14:01:27 +0200] "-" 408 - "-" "-"
195.56.55.225 - - [03/Oct/2013:14:01:31 +0200] "GET /test.html HTTP/1.1" 200 56 "-" "monit/4.6"
157.55.32.104 - - [03/Oct/2013:14:01:49 +0200] "GET /robots.txt HTTP/1.1" 404 285 "-" "Mozilla/5.0 (compatible; bingbot/2.0; +http://www.bing.com/bingbot.htm)"
183.204.172.199 - - [03/Oct/2013:14:02:03 +0200] "-" 408 - "-" "-"
89.134.164.4 - - [03/Oct/2013:14:02:06 +0200] "-" 408 - "-" "-"
183.204.172.199 - - [03/Oct/2013:14:03:10 +0200] "-" 408 - "-" "-"
183.204.172.199 - - [03/Oct/2013:14:03:10 +0200] "-" 408 - "-" "-"
195.56.55.225 - - [03/Oct/2013:14:03:34 +0200] "GET /test.html HTTP/1.1" 200 56 "-" "monit/4.6"
157.56.93.186 - - [03/Oct/2013:14:04:51 +0200] "GET /robots.txt HTTP/1.1" 404 288 "-" "Mozilla/5.0 (compatible; bingbot/2.0; +http://www.bing.com/bingbot.htm)"
195.56.55.225 - - [03/Oct/2013:14:05:36 +0200] "GET /test.html HTTP/1.1" 200 56 "-" "monit/4.6"
157.55.32.104 - - [03/Oct/2013:14:06:08 +0200] "GET / HTTP/1.1" 200 1155 "-" "Mozilla/5.0 (compatible; bingbot/2.0; +http://www.bing.com/bingbot.htm)"
185.10.124.60 - - [03/Oct/2013:14:06:13 +0200] "-" 408 - "-" "-"
91.232.96.36 - - [03/Oct/2013:14:06:27 +0200] "GET /forum_attac.php3?id_article=983&retour=cikk.php3%3Fid_article%3D983 HTTP/1.1" 404 292 "-" "Mozilla/4.0 (compatible; MSIE 6.0; Windows NT 5.1; SV1)"
195.56.55.225 - - [03/Oct/2013:14:07:38 +0200] "GET /test.html HTTP/1.1" 200 56 "-" "monit/4.6"
89.134.164.4 - - [03/Oct/2013:14:07:47 +0200] "-" 408 - "-" "-"
89.134.164.4 - - [03/Oct/2013:14:07:50 +0200] "-" 408 - "-" "-"
89.134.164.4 - - [03/Oct/2013:14:07:50 +0200] "-" 408 - "-" "-"
89.134.164.4 - - [03/Oct/2013:14:07:50 +0200] "-" 408 - "-" "-"
89.134.164.4 - - [03/Oct/2013:14:07:50 +0200] "-" 408 - "-" "-"
89.134.164.4 - - [03/Oct/2013:14:07:50 +0200] "-" 408 - "-" "-"
157.56.93.186 - - [03/Oct/2013:14:08:09 +0200] "GET / HTTP/1.1" 200 1155 "-" "Mozilla/5.0 (compatible; bingbot/2.0; +http://www.bing.com/bingbot.htm)"
37.76.102.158 - - [03/Oct/2013:14:09:19 +0200] "-" 408 - "-" "-"
195.56.55.225 - - [03/Oct/2013:14:10:18 +0200] "GET /test.html HTTP/1.1" 200 56 "-" "monit/4.6"
61.55.141.10 - - [03/Oct/2013:14:11:22 +0200] "POST /forum_attac.php3?id_article=710&retour=cikk HTTP/1.0" 404 280 "http://attac.zpok.hu/forum_attac.php3?id_article=710&retour=cikk" "Mozilla/4.0 (compatible; MSIE 6.0; Windows NT 5.1; SV1)"
195.56.55.225 - - [03/Oct/2013:14:12:20 +0200] "GET /test.html HTTP/1.1" 200 56 "-" "monit/4.6"
195.56.55.225 - - [03/Oct/2013:14:14:22 +0200] "GET /test.html HTTP/1.1" 200 56 "-" "monit/4.6"
195.56.55.225 - - [03/Oct/2013:14:16:24 +0200] "GET /test.html HTTP/1.1" 200 56 "-" "monit/4.6"
195.56.55.225 - - [03/Oct/2013:14:18:26 +0200] "GET /test.html HTTP/1.1" 200 56 "-" "monit/4.6"
5.10.83.50 - - [03/Oct/2013:14:18:29 +0200] "-" 408 - "-" "-"
195.56.55.225 - - [03/Oct/2013:14:20:28 +0200] "GET /test.html HTTP/1.1" 200 56 "-" "monit/4.6"
212.7.196.79 - - [03/Oct/2013:14:21:35 +0200] "GET / HTTP/1.1" 200 1155 "-" "Mozilla/5.0 (Windows; U; Windows NT 6.1; WOW64; en-US; rv:2.0.4) Gecko/20120718 AskTbAVR-IDW/3.12.5.17700 Firefox/14.0.1"
79.122.112.249 - - [03/Oct/2013:14:21:42 +0200] "-" 408 - "-" "-"
195.56.55.225 - - [03/Oct/2013:14:22:30 +0200] "GET /test.html HTTP/1.1" 200 56 "-" "monit/4.6"
199.15.233.138 - - [03/Oct/2013:14:23:32 +0200] "GET / HTTP/1.0" 200 1155 "http://forum.lmv.hu/" "Mozilla/5.0 (Macintosh; Intel Mac OS X 10_8_2) AppleWebKit/537.11 (KHTML, like Gecko) Chrome/23.0.1271.95 Safari/537.11"
195.56.55.225 - - [03/Oct/2013:14:24:32 +0200] "GET /test.html HTTP/1.1" 200 56 "-" "monit/4.6"
159.149.133.252 - - [03/Oct/2013:14:25:48 +0200] "GET /robots.txt HTTP/1.1" 404 296 "-" "BUbiNG (+http://law.di.unimi.it/BUbiNG.html)"
159.149.133.252 - - [03/Oct/2013:14:25:48 +0200] "GET /gen_mta_level HTTP/1.1" 404 299 "-" "BUbiNG (+http://law.di.unimi.it/BUbiNG.html)"
195.56.55.225 - - [03/Oct/2013:14:26:34 +0200] "GET /test.html HTTP/1.1" 200 56 "-" "monit/4.6"
198.170.192.23 - - [03/Oct/2013:14:27:02 +0200] "-" 408 - "-" "-"
195.56.55.225 - - [03/Oct/2013:14:28:36 +0200] "GET /test.html HTTP/1.1" 200 56 "-" "monit/4.6"
91.232.96.36 - - [03/Oct/2013:14:29:32 +0200] "GET /forum_attac.php3?id_article=983&retour=cikk.php3%3Fid_article%3D983 HTTP/1.1" 404 292 "-" "Mozilla/4.0 (compatible; MSIE 6.0; Windows NT 5.1; SV1)"
81.182.34.115 - - [03/Oct/2013:14:30:35 +0200] "-" 408 - "-" "-"
195.56.55.225 - - [03/Oct/2013:14:30:38 +0200] "GET /test.html HTTP/1.1" 200 56 "-" "monit/4.6"
192.188.242.162 - - [03/Oct/2013:14:31:35 +0200] "-" 408 - "-" "-"
195.56.55.225 - - [03/Oct/2013:14:32:40 +0200] "GET /test.html HTTP/1.1" 200 56 "-" "monit/4.6"
220.160.149.112 - - [03/Oct/2013:14:32:46 +0200] "GET /forum_attac.php3?id_article=81&retour=cikk.php3%25253Fid_article%25253D81 HTTP/1.0" 404 280 "http://attac.zpok.hu/forum_attac.php3?id_article=81&retour=cikk.php3%25253Fid_article%25253D81" "Mozilla/5.0 (Windows NT 6.1; WOW64; rv:15.0) Gecko/20100101 Firefox/15.0.1"
220.160.149.112 - - [03/Oct/2013:14:32:47 +0200] "GET / HTTP/1.0" 200 1155 "http://attac.zpok.hu/" "Mozilla/5.0 (Windows NT 6.1; WOW64; rv:15.0) Gecko/20100101 Firefox/15.0.1"
195.56.55.225 - - [03/Oct/2013:14:34:42 +0200] "GET /test.html HTTP/1.1" 200 56 "-" "monit/4.6"
5.10.83.38 - - [03/Oct/2013:14:36:18 +0200] "GET / HTTP/1.1" 200 1155 "-" "Mozilla/5.0 (compatible; AhrefsBot/5.0; +http://ahrefs.com/robot/)"
195.56.55.225 - - [03/Oct/2013:14:36:45 +0200] "GET /test.html HTTP/1.1" 200 56 "-" "monit/4.6"
5.10.83.38 - - [03/Oct/2013:14:37:44 +0200] "GET /index.shtml?apc=a-1hnm&x=14994 HTTP/1.1" 404 300 "-" "Mozilla/5.0 (compatible; AhrefsBot/5.0; +http://ahrefs.com/robot/)"
195.56.55.225 - - [03/Oct/2013:14:38:47 +0200] "GET /test.html HTTP/1.1" 200 56 "-" "monit/4.6"
178.164.235.111 - - [03/Oct/2013:14:40:05 +0200] "-" 408 - "-" "-"
195.56.55.225 - - [03/Oct/2013:14:41:02 +0200] "GET /test.html HTTP/1.1" 200 56 "-" "monit/4.6"
77.110.138.44 - - [03/Oct/2013:14:41:25 +0200] "-" 408 - "-" "-"
195.56.55.225 - - [03/Oct/2013:14:43:04 +0200] "GET /test.html HTTP/1.1" 200 56 "-" "monit/4.6"
195.56.55.225 - - [03/Oct/2013:14:45:06 +0200] "GET /test.html HTTP/1.1" 200 56 "-" "monit/4.6"
195.56.55.225 - - [03/Oct/2013:14:47:14 +0200] "GET /test.html HTTP/1.1" 200 56 "-" "monit/4.6"
188.142.209.105 - - [03/Oct/2013:14:48:46 +0200] "-" 408 - "-" "-"
195.56.55.225 - - [03/Oct/2013:14:49:16 +0200] "GET /test.html HTTP/1.1" 200 56 "-" "monit/4.6"
195.56.55.225 - - [03/Oct/2013:14:51:18 +0200] "GET /test.html HTTP/1.1" 200 56 "-" "monit/4.6"
91.232.96.36 - - [03/Oct/2013:14:52:22 +0200] "GET /forum_attac.php3?id_article=983&retour=cikk.php3%3Fid_article%3D983 HTTP/1.1" 404 292 "-" "Mozilla/4.0 (compatible; MSIE 6.0; Windows NT 5.1; SV1)"
195.56.55.225 - - [03/Oct/2013:14:53:21 +0200] "GET /test.html HTTP/1.1" 200 56 "-" "monit/4.6"
180.76.5.12 - - [03/Oct/2013:14:55:09 +0200] "GET / HTTP/1.1" 200 1155 "-" "Mozilla/5.0 (compatible; Baiduspider/2.0; +http://www.baidu.com/search/spider.html)"
195.56.55.225 - - [03/Oct/2013:14:55:23 +0200] "GET /test.html HTTP/1.1" 200 56 "-" "monit/4.6"
195.56.55.225 - - [03/Oct/2013:14:57:25 +0200] "GET /test.html HTTP/1.1" 200 56 "-" "monit/4.6"
195.56.55.225 - - [03/Oct/2013:14:59:27 +0200] "GET /test.html HTTP/1.1" 200 56 "-" "monit/4.6"
195.56.55.225 - - [03/Oct/2013:15:01:29 +0200] "GET /test.html HTTP/1.1" 200 56 "-" "monit/4.6"
91.82.6.5 - - [03/Oct/2013:15:01:29 +0200] "-" 408 - "-" "-"
91.82.6.5 - - [03/Oct/2013:15:01:29 +0200] "-" 408 - "-" "-"
91.82.6.5 - - [03/Oct/2013:15:01:29 +0200] "-" 408 - "-" "-"
91.82.6.5 - - [03/Oct/2013:15:01:29 +0200] "-" 408 - "-" "-"
91.82.6.5 - - [03/Oct/2013:15:01:29 +0200] "-" 408 - "-" "-"
91.82.6.5 - - [03/Oct/2013:15:01:29 +0200] "-" 408 - "-" "-"
91.148.114.157 - - [03/Oct/2013:15:03:13 +0200] "GET /IMG/arton573.jpg HTTP/1.1" 404 292 "http://www.stormfront.org/forum/t402378/" "Mozilla/5.0 (Windows; U; Windows NT 5.1; en-GB; rv:1.9.0.1) Gecko/2008070208 Firefox/3.0.1 66860399903 runtime 13.00231"
195.56.55.225 - - [03/Oct/2013:15:03:31 +0200] "GET /test.html HTTP/1.1" 200 56 "-" "monit/4.6"
157.55.33.253 - - [03/Oct/2013:15:05:09 +0200] "GET /robots.txt HTTP/1.1" 404 290 "-" "Mozilla/5.0 (compatible; bingbot/2.0; +http://www.bing.com/bingbot.htm)"
195.56.55.225 - - [03/Oct/2013:15:05:38 +0200] "GET /test.html HTTP/1.1" 200 56 "-" "monit/4.6"
157.55.33.253 - - [03/Oct/2013:15:06:52 +0200] "GET / HTTP/1.1" 200 1155 "-" "Mozilla/5.0 (compatible; bingbot/2.0; +http://www.bing.com/bingbot.htm)"
195.56.55.225 - - [03/Oct/2013:15:07:40 +0200] "GET /test.html HTTP/1.1" 200 56 "-" "monit/4.6"
159.149.133.252 - - [03/Oct/2013:15:09:35 +0200] "GET /robots.txt HTTP/1.1" 404 288 "-" "BUbiNG (+http://law.di.unimi.it/BUbiNG.html)"
159.149.133.252 - - [03/Oct/2013:15:09:35 +0200] "GET /home HTTP/1.1" 404 282 "-" "BUbiNG (+http://law.di.unimi.it/BUbiNG.html)"
195.56.55.225 - - [03/Oct/2013:15:09:42 +0200] "GET /test.html HTTP/1.1" 200 56 "-" "monit/4.6"
37.24.158.120 - - [03/Oct/2013:15:10:52 +0200] "GET / HTTP/1.1" 200 1155 "-" "Opera/9.80 (Windows NT 6.1) Presto/2.12.388 Version/12.12"
37.24.158.120 - - [03/Oct/2013:15:10:52 +0200] "GET /favicon.ico HTTP/1.1" 404 288 "http://www.pte.etk.hu/" "Opera/9.80 (Windows NT 6.1) Presto/2.12.388 Version/12.12"
195.56.55.225 - - [03/Oct/2013:15:11:44 +0200] "GET /test.html HTTP/1.1" 200 56 "-" "monit/4.6"
5.10.83.96 - - [03/Oct/2013:15:13:31 +0200] "GET /robots.txt HTTP/1.1" 404 284 "-" "Mozilla/5.0 (compatible; AhrefsBot/5.0; +http://ahrefs.com/robot/)"
195.56.55.225 - - [03/Oct/2013:15:13:47 +0200] "GET /test.html HTTP/1.1" 200 56 "-" "monit/4.6"
119.30.39.1 - - [03/Oct/2013:15:14:21 +0200] "POST /forum_attac.php3?id_article=710&retour=cikk HTTP/1.1" 404 292 "http://attac.zpok.hu/forum_attac.php3?id_article=710&retour=cikk" "Mozilla/4.0 (compatible; MSIE 6.0; Windows NT 5.1; SV1)"
91.232.96.36 - - [03/Oct/2013:15:15:25 +0200] "GET /forum_attac.php3?id_article=983&retour=cikk.php3%3Fid_article%3D983 HTTP/1.1" 404 292 "-" "Mozilla/4.0 (compatible; MSIE 6.0; Windows NT 5.1; SV1)"
195.56.55.225 - - [03/Oct/2013:15:15:49 +0200] "GET /test.html HTTP/1.1" 200 56 "-" "monit/4.6"
86.101.14.118 - - [03/Oct/2013:15:16:10 +0200] "-" 408 - "-" "-"
86.101.14.118 - - [03/Oct/2013:15:16:15 +0200] "-" 408 - "-" "-"
86.101.14.118 - - [03/Oct/2013:15:16:20 +0200] "-" 408 - "-" "-"
194.38.114.68 - - [03/Oct/2013:15:16:30 +0200] "-" 408 - "-" "-"
86.101.14.118 - - [03/Oct/2013:15:16:48 +0200] "-" 408 - "-" "-"
195.56.55.225 - - [03/Oct/2013:15:17:51 +0200] "GET /test.html HTTP/1.1" 200 56 "-" "monit/4.6"
82.141.171.20 - - [03/Oct/2013:15:18:58 +0200] "-" 408 - "-" "-"
195.56.55.225 - - [03/Oct/2013:15:20:00 +0200] "GET /test.html HTTP/1.1" 200 56 "-" "monit/4.6"
195.56.55.225 - - [03/Oct/2013:15:22:02 +0200] "GET /test.html HTTP/1.1" 200 56 "-" "monit/4.6"
76.203.229.162 - - [03/Oct/2013:15:22:34 +0200] "-" 408 - "-" "-"
195.56.55.225 - - [03/Oct/2013:15:24:04 +0200] "GET /test.html HTTP/1.1" 200 56 "-" "monit/4.6"
195.56.55.225 - - [03/Oct/2013:15:26:07 +0200] "GET /test.html HTTP/1.1" 200 56 "-" "monit/4.6"
195.56.55.225 - - [03/Oct/2013:15:28:11 +0200] "GET /test.html HTTP/1.1" 200 56 "-" "monit/4.6"
117.201.46.122 - - [03/Oct/2013:15:28:51 +0200] "-" 408 - "-" "-"
195.56.55.225 - - [03/Oct/2013:15:30:43 +0200] "GET /test.html HTTP/1.1" 200 56 "-" "monit/4.6"
195.56.55.225 - - [03/Oct/2013:15:32:45 +0200] "GET /test.html HTTP/1.1" 200 56 "-" "monit/4.6"
195.56.55.225 - - [03/Oct/2013:15:34:48 +0200] "GET /test.html HTTP/1.1" 200 56 "-" "monit/4.6"
195.56.55.225 - - [03/Oct/2013:15:36:50 +0200] "GET /test.html HTTP/1.1" 200 56 "-" "monit/4.6"
37.140.141.5 - - [03/Oct/2013:15:37:50 +0200] "GET /robots.txt HTTP/1.1" 404 307 "-" "Mozilla/5.0 (compatible; YandexBot/3.0; +http://yandex.com/bots)"
82.131.133.35 - - [03/Oct/2013:15:38:05 +0200] "-" 408 - "-" "-"
91.232.96.36 - - [03/Oct/2013:15:38:22 +0200] "GET /forum_attac.php3?id_article=983&retour=cikk.php3%3Fid_article%3D983 HTTP/1.1" 404 292 "-" "Mozilla/4.0 (compatible; MSIE 6.0; Windows NT 5.1; SV1)"
195.56.55.225 - - [03/Oct/2013:15:38:52 +0200] "GET /test.html HTTP/1.1" 200 56 "-" "monit/4.6"
82.131.133.35 - - [03/Oct/2013:15:39:45 +0200] "-" 408 - "-" "-"
82.131.133.35 - - [03/Oct/2013:15:39:45 +0200] "-" 408 - "-" "-"
82.131.133.35 - - [03/Oct/2013:15:39:45 +0200] "-" 408 - "-" "-"
82.131.133.35 - - [03/Oct/2013:15:39:45 +0200] "-" 408 - "-" "-"
195.56.55.225 - - [03/Oct/2013:15:40:54 +0200] "GET /test.html HTTP/1.1" 200 56 "-" "monit/4.6"
31.50.12.63 - - [03/Oct/2013:15:41:20 +0200] "-" 408 - "-" "-"
5.10.83.38 - - [03/Oct/2013:15:41:38 +0200] "GET /node/add/og HTTP/1.1" 404 295 "-" "Mozilla/5.0 (compatible; AhrefsBot/5.0; +http://ahrefs.com/robot/)"
72.14.199.132 - - [03/Oct/2013:15:41:49 +0200] "GET / HTTP/1.1" 200 1155 "-" "Feedfetcher-Google; (+http://www.google.com/feedfetcher.html; 1 subscribers; feed-id=849169264004692768)"
195.56.55.225 - - [03/Oct/2013:15:42:56 +0200] "GET /test.html HTTP/1.1" 200 56 "-" "monit/4.6"
78.92.150.231 - - [03/Oct/2013:15:43:21 +0200] "-" 408 - "-" "-"
195.56.55.225 - - [03/Oct/2013:15:44:58 +0200] "GET /test.html HTTP/1.1" 200 56 "-" "monit/4.6"
195.56.55.225 - - [03/Oct/2013:15:47:00 +0200] "GET /test.html HTTP/1.1" 200 56 "-" "monit/4.6"
195.56.55.225 - - [03/Oct/2013:15:49:02 +0200] "GET /test.html HTTP/1.1" 200 56 "-" "monit/4.6"
195.56.55.225 - - [03/Oct/2013:15:51:04 +0200] "GET /test.html HTTP/1.1" 200 56 "-" "monit/4.6"
195.56.55.225 - - [03/Oct/2013:15:53:06 +0200] "GET /test.html HTTP/1.1" 200 56 "-" "monit/4.6"
195.56.55.225 - - [03/Oct/2013:15:55:08 +0200] "GET /test.html HTTP/1.1" 200 56 "-" "monit/4.6"
193.105.210.226 - - [03/Oct/2013:15:56:09 +0200] "-" 408 - "-" "-"
193.105.210.226 - - [03/Oct/2013:15:56:09 +0200] "-" 408 - "-" "-"
195.56.55.225 - - [03/Oct/2013:15:57:11 +0200] "GET /test.html HTTP/1.1" 200 56 "-" "monit/4.6"
195.56.55.225 - - [03/Oct/2013:15:59:18 +0200] "GET /test.html HTTP/1.1" 200 56 "-" "monit/4.6"
195.56.55.225 - - [03/Oct/2013:16:01:20 +0200] "GET /test.html HTTP/1.1" 200 56 "-" "monit/4.6"
91.232.96.36 - - [03/Oct/2013:16:01:20 +0200] "GET /forum_attac.php3?id_article=983&retour=cikk.php3%3Fid_article%3D983 HTTP/1.1" 404 292 "-" "Mozilla/4.0 (compatible; MSIE 6.0; Windows NT 5.1; SV1)"
195.56.55.225 - - [03/Oct/2013:16:03:22 +0200] "GET /test.html HTTP/1.1" 200 56 "-" "monit/4.6"
195.56.55.225 - - [03/Oct/2013:16:05:24 +0200] "GET /test.html HTTP/1.1" 200 56 "-" "monit/4.6"
195.56.55.225 - - [03/Oct/2013:16:07:28 +0200] "GET /test.html HTTP/1.1" 200 56 "-" "monit/4.6"
195.56.55.225 - - [03/Oct/2013:16:09:30 +0200] "GET /test.html HTTP/1.1" 200 56 "-" "monit/4.6"
195.56.55.225 - - [03/Oct/2013:16:11:33 +0200] "GET /test.html HTTP/1.1" 200 56 "-" "monit/4.6"
78.92.36.188 - - [03/Oct/2013:16:13:10 +0200] "-" 408 - "-" "-"
195.56.55.225 - - [03/Oct/2013:16:13:35 +0200] "GET /test.html HTTP/1.1" 200 56 "-" "monit/4.6"
5.10.83.38 - - [03/Oct/2013:16:15:33 +0200] "GET / HTTP/1.1" 200 1155 "-" "Mozilla/5.0 (compatible; AhrefsBot/5.0; +http://ahrefs.com/robot/)"
195.56.55.225 - - [03/Oct/2013:16:15:39 +0200] "GET /test.html HTTP/1.1" 200 56 "-" "monit/4.6"
5.10.83.77 - - [03/Oct/2013:16:16:35 +0200] "GET /tevekenysegunk/jeles_napok/kevesebbel_boldogabban HTTP/1.1" 404 329 "-" "Mozilla/5.0 (compatible; AhrefsBot/5.0; +http://ahrefs.com/robot/)"
195.56.55.225 - - [03/Oct/2013:16:17:41 +0200] "GET /test.html HTTP/1.1" 200 56 "-" "monit/4.6"
195.56.55.225 - - [03/Oct/2013:16:19:42 +0200] "GET /test.html HTTP/1.1" 200 56 "-" "monit/4.6"
195.56.3.196 - - [03/Oct/2013:16:21:13 +0200] "-" 408 - "-" "-"
195.56.55.225 - - [03/Oct/2013:16:21:50 +0200] "GET /test.html HTTP/1.1" 200 56 "-" "monit/4.6"
212.138.92.17 - - [03/Oct/2013:16:22:43 +0200] "POST /forum_attac.php3?id_article=710&retour=cikk HTTP/1.1" 404 292 "http://attac.zpok.hu/forum_attac.php3?id_article=710&retour=cikk" "Mozilla/4.0 (compatible; MSIE 6.0; Windows NT 5.1; SV1)"
183.219.240.182 - - [03/Oct/2013:16:22:48 +0200] "POST /forum_attac.php3?id_article=710&retour=cikk HTTP/1.1" 404 292 "http://attac.zpok.hu/forum_attac.php3?id_article=710&retour=cikk" "Mozilla/4.0 (compatible; MSIE 6.0; Windows NT 5.1; SV1)"
195.56.55.225 - - [03/Oct/2013:16:23:52 +0200] "GET /test.html HTTP/1.1" 200 56 "-" "monit/4.6"
91.232.96.36 - - [03/Oct/2013:16:24:27 +0200] "GET /forum_attac.php3?id_article=983&retour=cikk.php3%3Fid_article%3D983 HTTP/1.1" 404 292 "-" "Mozilla/4.0 (compatible; MSIE 6.0; Windows NT 5.1; SV1)"
195.56.55.225 - - [03/Oct/2013:16:25:54 +0200] "GET /test.html HTTP/1.1" 200 56 "-" "monit/4.6"
195.56.55.225 - - [03/Oct/2013:16:27:56 +0200] "GET /test.html HTTP/1.1" 200 56 "-" "monit/4.6"
195.56.55.225 - - [03/Oct/2013:16:29:59 +0200] "GET /test.html HTTP/1.1" 200 56 "-" "monit/4.6"
195.56.55.225 - - [03/Oct/2013:16:32:01 +0200] "GET /test.html HTTP/1.1" 200 56 "-" "monit/4.6"
205.122.137.69 - - [03/Oct/2013:16:32:47 +0200] "-" 408 - "-" "-"
193.105.210.226 - - [03/Oct/2013:16:33:20 +0200] "-" 408 - "-" "-"
5.10.83.77 - - [03/Oct/2013:16:33:28 +0200] "-" 408 - "-" "-"
193.105.210.226 - - [03/Oct/2013:16:34:00 +0200] "-" 408 - "-" "-"
195.56.55.225 - - [03/Oct/2013:16:34:03 +0200] "GET /test.html HTTP/1.1" 200 56 "-" "monit/4.6"
195.56.55.225 - - [03/Oct/2013:16:36:05 +0200] "GET /test.html HTTP/1.1" 200 56 "-" "monit/4.6"
195.56.55.225 - - [03/Oct/2013:16:38:07 +0200] "GET /test.html HTTP/1.1" 200 56 "-" "monit/4.6"
195.56.55.225 - - [03/Oct/2013:16:40:09 +0200] "GET /test.html HTTP/1.1" 200 56 "-" "monit/4.6"
195.56.55.225 - - [03/Oct/2013:16:42:11 +0200] "GET /test.html HTTP/1.1" 200 56 "-" "monit/4.6"
195.56.55.225 - - [03/Oct/2013:16:44:13 +0200] "GET /test.html HTTP/1.1" 200 56 "-" "monit/4.6"
195.56.55.225 - - [03/Oct/2013:16:46:20 +0200] "GET /test.html HTTP/1.1" 200 56 "-" "monit/4.6"
91.232.96.36 - - [03/Oct/2013:16:47:25 +0200] "GET /forum_attac.php3?id_article=983&retour=cikk.php3%3Fid_article%3D983 HTTP/1.1" 404 292 "-" "Mozilla/4.0 (compatible; MSIE 6.0; Windows NT 5.1; SV1)"
62.201.121.224 - - [03/Oct/2013:16:47:50 +0200] "-" 408 - "-" "-"
195.56.55.225 - - [03/Oct/2013:16:48:22 +0200] "GET /test.html HTTP/1.1" 200 56 "-" "monit/4.6"
62.201.121.224 - - [03/Oct/2013:16:48:57 +0200] "-" 408 - "-" "-"
62.201.121.224 - - [03/Oct/2013:16:49:47 +0200] "-" 408 - "-" "-"
195.56.55.225 - - [03/Oct/2013:16:50:24 +0200] "GET /test.html HTTP/1.1" 200 56 "-" "monit/4.6"
195.56.55.225 - - [03/Oct/2013:16:52:26 +0200] "GET /test.html HTTP/1.1" 200 56 "-" "monit/4.6"
195.56.55.225 - - [03/Oct/2013:16:54:28 +0200] "GET /test.html HTTP/1.1" 200 56 "-" "monit/4.6"
5.10.83.77 - - [03/Oct/2013:16:55:10 +0200] "GET /documents/english/diary2.htm HTTP/1.1" 404 314 "-" "Mozilla/5.0 (compatible; AhrefsBot/5.0; +http://ahrefs.com/robot/)"
195.56.55.225 - - [03/Oct/2013:16:56:30 +0200] "GET /test.html HTTP/1.1" 200 56 "-" "monit/4.6"
195.56.55.225 - - [03/Oct/2013:16:58:32 +0200] "GET /test.html HTTP/1.1" 200 56 "-" "monit/4.6"
178.92.142.28 - - [03/Oct/2013:16:59:21 +0200] "GET /forum_attac.php3?id_article=81&retour=cikk.php3%25253Fid_article%25253D81 HTTP/1.0" 404 280 "-" "Mozilla/4.0 (compatible; MSIE 6.0; Windows NT 5.1)"
195.56.55.225 - - [03/Oct/2013:17:00:34 +0200] "GET /test.html HTTP/1.1" 200 56 "-" "monit/4.6"
212.7.196.79 - - [03/Oct/2013:17:01:38 +0200] "GET / HTTP/1.1" 200 1155 "-" "Mozilla/5.0 (Windows; U; Windows NT 6.1; WOW64; en-US; rv:2.0.4) Gecko/20120718 AskTbAVR-IDW/3.12.5.17700 Firefox/14.0.1"
195.56.55.225 - - [03/Oct/2013:17:02:36 +0200] "GET /test.html HTTP/1.1" 200 56 "-" "monit/4.6"
93.35.114.81 - - [03/Oct/2013:17:02:53 +0200] "GET / HTTP/1.1" 400 8572 "-" "-"
93.35.114.81 - - [03/Oct/2013:17:02:53 +0200] "GET / HTTP/1.1" 400 8572 "-" "-"
195.56.55.225 - - [03/Oct/2013:17:04:39 +0200] "GET /test.html HTTP/1.1" 200 56 "-" "monit/4.6"
195.56.55.225 - - [03/Oct/2013:17:06:41 +0200] "GET /test.html HTTP/1.1" 200 56 "-" "monit/4.6"
217.160.4.156 - - [03/Oct/2013:17:07:31 +0200] "GET //web-console/css//dtree.css HTTP/1.1" 404 303 "-" "Plesk"
217.160.4.156 - - [03/Oct/2013:17:07:31 +0200] "GET //web-console/css//dtree.css HTTP/1.1" 404 303 "-" "Plesk"
195.56.55.225 - - [03/Oct/2013:17:08:43 +0200] "GET /test.html HTTP/1.1" 200 56 "-" "monit/4.6"
91.232.96.36 - - [03/Oct/2013:17:10:25 +0200] "GET /forum_attac.php3?id_article=983&retour=cikk.php3%3Fid_article%3D983 HTTP/1.1" 404 292 "-" "Mozilla/4.0 (compatible; MSIE 6.0; Windows NT 5.1; SV1)"
195.56.55.225 - - [03/Oct/2013:17:10:45 +0200] "GET /test.html HTTP/1.1" 200 56 "-" "monit/4.6"
5.10.83.38 - - [03/Oct/2013:17:10:51 +0200] "GET /index.shtml?apc=--1knm15408&x=15408 HTTP/1.1" 404 300 "-" "Mozilla/5.0 (compatible; AhrefsBot/5.0; +http://ahrefs.com/robot/)"
195.56.55.225 - - [03/Oct/2013:17:12:53 +0200] "GET /test.html HTTP/1.1" 200 56 "-" "monit/4.6"
5.150.103.53 - - [03/Oct/2013:17:13:24 +0200] "-" 408 - "-" "-"
195.56.55.225 - - [03/Oct/2013:17:14:55 +0200] "GET /test.html HTTP/1.1" 200 56 "-" "monit/4.6"
195.56.55.225 - - [03/Oct/2013:17:16:57 +0200] "GET /test.html HTTP/1.1" 200 56 "-" "monit/4.6"
195.56.55.225 - - [03/Oct/2013:17:18:59 +0200] "GET /test.html HTTP/1.1" 200 56 "-" "monit/4.6"
157.55.33.84 - - [03/Oct/2013:17:19:48 +0200] "GET /robots.txt HTTP/1.1" 404 290 "-" "Mozilla/5.0 (compatible; bingbot/2.0; +http://www.bing.com/bingbot.htm)"
217.160.206.183 - - [03/Oct/2013:17:20:05 +0200] "on=com_jce&task=plugin&plugin=imgmanager&file=imgmanager&version=1576&cid=20 HTTP/1.1" 400 - "-" "-"
195.56.55.225 - - [03/Oct/2013:17:21:01 +0200] "GET /test.html HTTP/1.1" 200 56 "-" "monit/4.6"
157.55.33.84 - - [03/Oct/2013:17:21:57 +0200] "GET /tevekenysegunk/zolduljunk/okologiai_fogyasztovedelem HTTP/1.1" 404 332 "-" "Mozilla/5.0 (compatible; bingbot/2.0; +http://www.bing.com/bingbot.htm)"
195.56.55.225 - - [03/Oct/2013:17:23:04 +0200] "GET /test.html HTTP/1.1" 200 56 "-" "monit/4.6"
157.55.32.77 - - [03/Oct/2013:17:23:30 +0200] "GET /robots.txt HTTP/1.1" 404 299 "-" "Mozilla/5.0 (compatible; bingbot/2.0; +http://www.bing.com/bingbot.htm)"
195.56.55.225 - - [03/Oct/2013:17:25:06 +0200] "GET /test.html HTTP/1.1" 200 56 "-" "monit/4.6"
157.55.32.77 - - [03/Oct/2013:17:27:00 +0200] "GET /kompasz/a_gyermekek_jogai HTTP/1.1" 404 314 "-" "Mozilla/5.0 (compatible; bingbot/2.0; +http://www.bing.com/bingbot.htm)"
195.56.55.225 - - [03/Oct/2013:17:27:09 +0200] "GET /test.html HTTP/1.1" 200 56 "-" "monit/4.6"
195.56.55.225 - - [03/Oct/2013:17:29:11 +0200] "GET /test.html HTTP/1.1" 200 56 "-" "monit/4.6"
144.76.95.231 - - [03/Oct/2013:17:29:34 +0200] "GET /robots.txt HTTP/1.0" 404 284 "-" "Mozilla/5.0 (compatible; MJ12bot/v1.4.4; http://www.majestic12.co.uk/bot.php?+)"
144.76.95.231 - - [03/Oct/2013:17:29:37 +0200] "GET / HTTP/1.0" 200 1155 "-" "Mozilla/5.0 (compatible; MJ12bot/v1.4.4; http://www.majestic12.co.uk/bot.php?+)"
144.76.95.231 - - [03/Oct/2013:17:29:40 +0200] "GET /robots.txt HTTP/1.0" 404 282 "-" "Mozilla/5.0 (compatible; MJ12bot/v1.4.4; http://www.majestic12.co.uk/bot.php?+)"
144.76.95.231 - - [03/Oct/2013:17:29:42 +0200] "GET / HTTP/1.0" 200 1155 "-" "Mozilla/5.0 (compatible; MJ12bot/v1.4.4; http://www.majestic12.co.uk/bot.php?+)"
144.76.95.231 - - [03/Oct/2013:17:29:43 +0200] "GET /robots.txt HTTP/1.0" 404 283 "-" "Mozilla/5.0 (compatible; MJ12bot/v1.4.4; http://www.majestic12.co.uk/bot.php?+)"
144.76.95.231 - - [03/Oct/2013:17:29:45 +0200] "GET / HTTP/1.0" 200 1155 "-" "Mozilla/5.0 (compatible; MJ12bot/v1.4.4; http://www.majestic12.co.uk/bot.php?+)"
89.200.252.149 - - [03/Oct/2013:17:30:00 +0200] "POST /forum_attac.php3?id_article=710&retour=cikk HTTP/1.1" 404 292 "http://attac.zpok.hu/forum_attac.php3?id_article=710&retour=cikk" "Mozilla/4.0 (compatible; MSIE 6.0; Windows NT 5.1; SV1)"
61.55.141.10 - - [03/Oct/2013:17:30:01 +0200] "POST /forum_attac.php3?id_article=710&retour=cikk HTTP/1.0" 404 280 "http://attac.zpok.hu/forum_attac.php3?id_article=710&retour=cikk" "Mozilla/4.0 (compatible; MSIE 6.0; Windows NT 5.1; SV1)"
195.56.55.225 - - [03/Oct/2013:17:31:13 +0200] "GET /test.html HTTP/1.1" 200 56 "-" "monit/4.6"
157.55.35.99 - - [03/Oct/2013:17:32:02 +0200] "GET /robots.txt HTTP/1.1" 404 288 "-" "Mozilla/5.0 (compatible; bingbot/2.0; +http://www.bing.com/bingbot.htm)"
176.241.52.29 - - [03/Oct/2013:17:32:55 +0200] "-" 408 - "-" "-"
195.56.55.225 - - [03/Oct/2013:17:33:15 +0200] "GET /test.html HTTP/1.1" 200 56 "-" "monit/4.6"
91.232.96.36 - - [03/Oct/2013:17:33:21 +0200] "GET /forum_attac.php3?id_article=983&retour=cikk.php3%3Fid_article%3D983 HTTP/1.1" 404 292 "-" "Mozilla/4.0 (compatible; MSIE 6.0; Windows NT 5.1; SV1)"
195.56.55.225 - - [03/Oct/2013:17:35:17 +0200] "GET /test.html HTTP/1.1" 200 56 "-" "monit/4.6"
157.55.35.99 - - [03/Oct/2013:17:35:26 +0200] "GET /img_upload/bb1d21d1d6887215dc2d9ab97cd81fe5/MTA_OBKI_palyazati_felhivas_tudomanyos_munkatars.pdf HTTP/1.1" 404 374 "-" "Mozilla/5.0 (compatible; bingbot/2.0; +http://www.bing.com/bingbot.htm)"
121.204.241.124 - - [03/Oct/2013:17:35:28 +0200] "GET / HTTP/1.0" 200 1155 "http://forum.lmv.hu/" "Mozilla/5.0 (Windows NT 5.1; rv:8.0) Gecko/20100101 Firefox/8.0"
123.151.148.158 - - [03/Oct/2013:17:35:49 +0200] "GET /robots.txt HTTP/1.1" 404 290 "http://csalan.zoldpok.hu/" "Mozilla/5.0 (compatible; MSIE 8.0; Windows NT 6.1)"
66.249.75.132 - - [03/Oct/2013:17:37:00 +0200] "GET /robots.txt HTTP/1.1" 404 286 "-" "Mozilla/5.0 (compatible; Googlebot/2.1; +http://www.google.com/bot.html)"
66.249.75.132 - - [03/Oct/2013:17:37:00 +0200] "GET /cikk.php3?id_article=944 HTTP/1.1" 404 285 "-" "Mozilla/5.0 (compatible; Googlebot/2.1; +http://www.google.com/bot.html)"
195.56.55.225 - - [03/Oct/2013:17:37:19 +0200] "GET /test.html HTTP/1.1" 200 56 "-" "monit/4.6"
195.56.55.225 - - [03/Oct/2013:17:39:21 +0200] "GET /test.html HTTP/1.1" 200 56 "-" "monit/4.6"
94.228.34.203 - - [03/Oct/2013:17:39:26 +0200] "GET /robots.txt HTTP/1.1" 404 286 "-" "magpie-crawler/1.1 (U; Linux amd64; en-GB; +http://www.brandwatch.net)"
94.228.34.203 - - [03/Oct/2013:17:39:27 +0200] "GET /?feed=atom HTTP/1.1" 304 - "-" "magpie-crawler/1.1 (U; Linux amd64; en-GB; +http://www.brandwatch.net)"
195.56.55.225 - - [03/Oct/2013:17:41:23 +0200] "GET /test.html HTTP/1.1" 200 56 "-" "monit/4.6"
195.56.55.225 - - [03/Oct/2013:17:43:26 +0200] "GET /test.html HTTP/1.1" 200 56 "-" "monit/4.6"
159.149.133.250 - - [03/Oct/2013:17:43:52 +0200] "GET /robots.txt HTTP/1.1" 404 286 "-" "BUbiNG (+http://law.di.unimi.it/BUbiNG.html)"
159.149.133.250 - - [03/Oct/2013:17:43:52 +0200] "GET /cikk.php3?id_article=680 HTTP/1.1" 404 285 "-" "BUbiNG (+http://law.di.unimi.it/BUbiNG.html)"
159.149.133.250 - - [03/Oct/2013:17:43:53 +0200] "GET /cikk.php3?id_article=558 HTTP/1.1" 404 285 "-" "BUbiNG (+http://law.di.unimi.it/BUbiNG.html)"
159.149.133.250 - - [03/Oct/2013:17:44:16 +0200] "GET /cikk.php3?id_article=623 HTTP/1.1" 404 285 "-" "BUbiNG (+http://law.di.unimi.it/BUbiNG.html)"
159.149.133.250 - - [03/Oct/2013:17:44:16 +0200] "GET /cikk.php3?id_article=693 HTTP/1.1" 404 285 "-" "BUbiNG (+http://law.di.unimi.it/BUbiNG.html)"
159.149.133.250 - - [03/Oct/2013:17:44:44 +0200] "GET /article.php3?id_article=628 HTTP/1.1" 404 288 "-" "BUbiNG (+http://law.di.unimi.it/BUbiNG.html)"
195.56.55.225 - - [03/Oct/2013:17:45:28 +0200] "GET /test.html HTTP/1.1" 200 56 "-" "monit/4.6"
195.56.55.225 - - [03/Oct/2013:17:47:30 +0200] "GET /test.html HTTP/1.1" 200 56 "-" "monit/4.6"
