5.10.83.50 - - [03/Oct/2013:17:48:29 +0200] "-" 408 - "-" "-"
195.56.55.225 - - [03/Oct/2013:17:49:32 +0200] "GET /test.html HTTP/1.1" 200 56 "-" "monit/4.6"
195.56.55.225 - - [03/Oct/2013:17:51:34 +0200] "GET /test.html HTTP/1.1" 200 56 "-" "monit/4.6"
195.56.55.225 - - [03/Oct/2013:17:53:36 +0200] "GET /test.html HTTP/1.1" 200 56 "-" "monit/4.6"
195.56.55.225 - - [03/Oct/2013:17:55:41 +0200] "GET /test.html HTTP/1.1" 200 56 "-" "monit/4.6"
91.232.96.36 - - [03/Oct/2013:17:56:19 +0200] "GET /forum_attac.php3?id_article=983&retour=cikk.php3%3Fid_article%3D983 HTTP/1.1" 404 292 "-" "Mozilla/4.0 (compatible; MSIE 6.0; Windows NT 5.1; SV1)"
195.56.55.225 - - [03/Oct/2013:17:57:43 +0200] "GET /test.html HTTP/1.1" 200 56 "-" "monit/4.6"
5.10.83.38 - - [03/Oct/2013:17:59:24 +0200] "GET /cikk.php3?id_article=755 HTTP/1.1" 404 285 "-" "Mozilla/5.0 (compatible; AhrefsBot/5.0; +http://ahrefs.com/robot/)"
195.56.55.225 - - [03/Oct/2013:17:59:45 +0200] "GET /test.html HTTP/1.1" 200 56 "-" "monit/4.6"
195.56.55.225 - - [03/Oct/2013:18:01:48 +0200] "GET /test.html HTTP/1.1" 200 56 "-" "monit/4.6"
81.182.189.51 - - [03/Oct/2013:18:02:16 +0200] "-" 408 - "-" "-"
195.56.55.225 - - [03/Oct/2013:18:03:50 +0200] "GET /test.html HTTP/1.1" 200 56 "-" "monit/4.6"
91.236.75.69 - - [03/Oct/2013:18:05:38 +0200] "GET /IMG/European_SW_Report_2010-eng.pdf HTTP/1.0" 404 299 "http://attac.zpok.hu/IMG/European_SW_Report_2010-eng.pdf" "Opera/9.80 (Windows NT 6.1; Win64; x64; Edition Yx) Presto/2.12.388 Version/12.10"
91.236.75.69 - - [03/Oct/2013:18:05:38 +0200] "GET / HTTP/1.0" 200 1155 "http://attac.zpok.hu/" "Opera/9.80 (Windows NT 6.1; Win64; x64; Edition Yx) Presto/2.12.388 Version/12.10"
195.56.55.225 - - [03/Oct/2013:18:05:52 +0200] "GET /test.html HTTP/1.1" 200 56 "-" "monit/4.6"
195.56.55.225 - - [03/Oct/2013:18:07:54 +0200] "GET /test.html HTTP/1.1" 200 56 "-" "monit/4.6"
195.56.55.225 - - [03/Oct/2013:18:09:56 +0200] "GET /test.html HTTP/1.1" 200 56 "-" "monit/4.6"
137.224.252.10 - - [03/Oct/2013:18:10:51 +0200] "-" 408 - "-" "-"
195.56.55.225 - - [03/Oct/2013:18:11:58 +0200] "GET /test.html HTTP/1.1" 200 56 "-" "monit/4.6"
77.251.104.35 - - [03/Oct/2013:18:13:48 +0200] "GET /\" + gaJsHost + \"google-analytics.com/ga.js HTTP/1.1" 400 365 "-" "-"
195.56.55.225 - - [03/Oct/2013:18:14:00 +0200] "GET /test.html HTTP/1.1" 200 56 "-" "monit/4.6"
77.251.104.35 - - [03/Oct/2013:18:14:19 +0200] "GET /cikkek/\" + gaJsHost + \"google-analytics.com/ga.js HTTP/1.1" 400 365 "-" "-"
77.251.104.35 - - [03/Oct/2013:18:14:23 +0200] "GET /english/\" + gaJsHost + \"google-analytics.com/ga.js HTTP/1.1" 400 365 "-" "-"
77.251.104.35 - - [03/Oct/2013:18:14:29 +0200] "GET /galeriak/\" + gaJsHost + \"google-analytics.com/ga.js HTTP/1.1" 400 365 "-" "-"
77.251.104.35 - - [03/Oct/2013:18:14:34 +0200] "GET /glossary/\" + gaJsHost + \"google-analytics.com/ga.js HTTP/1.1" 400 365 "-" "-"
77.251.104.35 - - [03/Oct/2013:18:14:35 +0200] "GET /linkek/\" + gaJsHost + \"google-analytics.com/ga.js HTTP/1.1" 400 365 "-" "-"
77.251.104.35 - - [03/Oct/2013:18:14:45 +0200] "GET /problematerkep/\" + gaJsHost + \"google-analytics.com/ga.js HTTP/1.1" 400 365 "-" "-"
195.56.55.225 - - [03/Oct/2013:18:16:02 +0200] "GET /test.html HTTP/1.1" 200 56 "-" "monit/4.6"
66.249.75.37 - - [03/Oct/2013:18:18:00 +0200] "GET /robots.txt HTTP/1.1" 404 294 "-" "Mozilla/5.0 (compatible; Googlebot/2.1; +http://www.google.com/bot.html)"
195.56.55.225 - - [03/Oct/2013:18:18:04 +0200] "GET /test.html HTTP/1.1" 200 56 "-" "monit/4.6"
66.249.75.143 - - [03/Oct/2013:18:19:22 +0200] "GET /robots.txt HTTP/1.1" 404 293 "-" "Mozilla/5.0 (compatible; Googlebot/2.1; +http://www.google.com/bot.html)"
66.249.75.143 - - [03/Oct/2013:18:19:23 +0200] "GET / HTTP/1.1" 200 1155 "-" "Mozilla/5.0 (compatible; Googlebot/2.1; +http://www.google.com/bot.html)"
91.232.96.36 - - [03/Oct/2013:18:19:28 +0200] "GET /forum_attac.php3?id_article=983&retour=cikk.php3%3Fid_article%3D983 HTTP/1.1" 404 292 "-" "Mozilla/4.0 (compatible; MSIE 6.0; Windows NT 5.1; SV1)"
66.249.75.41 - - [03/Oct/2013:18:20:04 +0200] "GET /robots.txt HTTP/1.1" 404 289 "-" "Mozilla/5.0 (compatible; Googlebot/2.1; +http://www.google.com/bot.html)"
195.56.55.225 - - [03/Oct/2013:18:20:06 +0200] "GET /test.html HTTP/1.1" 200 56 "-" "monit/4.6"
5.10.83.38 - - [03/Oct/2013:18:21:56 +0200] "GET /cikk.php3?id_article=823 HTTP/1.1" 404 285 "-" "Mozilla/5.0 (compatible; AhrefsBot/5.0; +http://ahrefs.com/robot/)"
195.56.55.225 - - [03/Oct/2013:18:22:08 +0200] "GET /test.html HTTP/1.1" 200 56 "-" "monit/4.6"
195.56.55.225 - - [03/Oct/2013:18:24:10 +0200] "GET /test.html HTTP/1.1" 200 56 "-" "monit/4.6"
195.56.55.225 - - [03/Oct/2013:18:26:15 +0200] "GET /test.html HTTP/1.1" 200 56 "-" "monit/4.6"
193.105.210.226 - - [03/Oct/2013:18:26:27 +0200] "-" 408 - "-" "-"
193.105.210.226 - - [03/Oct/2013:18:26:27 +0200] "-" 408 - "-" "-"
193.105.210.226 - - [03/Oct/2013:18:26:27 +0200] "-" 408 - "-" "-"
195.56.55.225 - - [03/Oct/2013:18:28:26 +0200] "GET /test.html HTTP/1.1" 200 56 "-" "monit/4.6"
195.56.55.225 - - [03/Oct/2013:18:30:28 +0200] "GET /test.html HTTP/1.1" 200 56 "-" "monit/4.6"
195.56.55.225 - - [03/Oct/2013:18:32:30 +0200] "GET /test.html HTTP/1.1" 200 56 "-" "monit/4.6"
5.10.83.77 - - [03/Oct/2013:18:33:28 +0200] "-" 408 - "-" "-"
195.56.55.225 - - [03/Oct/2013:18:34:34 +0200] "GET /test.html HTTP/1.1" 200 56 "-" "monit/4.6"
69.119.109.168 - - [03/Oct/2013:18:36:18 +0200] "-" 408 - "-" "-"
195.56.55.225 - - [03/Oct/2013:18:36:36 +0200] "GET /test.html HTTP/1.1" 200 56 "-" "monit/4.6"
182.118.21.235 - - [03/Oct/2013:18:38:15 +0200] "GET / HTTP/1.1" 200 1155 "http://attac.zpok.hu/" "Mozilla/5.0 (Windows; U; Windows NT 5.1; zh-CN; rv:1.8.0.11) Firefox/1.5.0.11; 360Spider"
182.118.32.129 - - [03/Oct/2013:18:38:17 +0200] "GET / HTTP/1.1" 200 1155 "-" "Mozilla/4.0 (compatible; MSIE 8.0; Windows NT 5.1; Trident/4.0)"
195.56.55.225 - - [03/Oct/2013:18:38:38 +0200] "GET /test.html HTTP/1.1" 200 56 "-" "monit/4.6"
79.93.10.17 - - [03/Oct/2013:18:40:00 +0200] "-" 408 - "-" "-"
195.56.55.225 - - [03/Oct/2013:18:40:40 +0200] "GET /test.html HTTP/1.1" 200 56 "-" "monit/4.6"
72.14.199.132 - - [03/Oct/2013:18:41:52 +0200] "GET / HTTP/1.1" 200 1155 "-" "Feedfetcher-Google; (+http://www.google.com/feedfetcher.html; 1 subscribers; feed-id=849169264004692768)"
91.232.96.36 - - [03/Oct/2013:18:42:14 +0200] "GET /forum_attac.php3?id_article=983&retour=cikk.php3%3Fid_article%3D983 HTTP/1.1" 404 292 "-" "Mozilla/4.0 (compatible; MSIE 6.0; Windows NT 5.1; SV1)"
159.224.72.187 - - [03/Oct/2013:18:42:26 +0200] "POST /forum_attac.php3?id_article=710&retour=cikk HTTP/1.1" 404 292 "http://attac.zpok.hu/forum_attac.php3?id_article=710&retour=cikk" "Mozilla/4.0 (compatible; MSIE 6.0; Windows NT 5.1; SV1)"
221.176.23.242 - - [03/Oct/2013:18:42:28 +0200] "POST /forum_attac.php3?id_article=710&retour=cikk HTTP/1.1" 404 292 "http://attac.zpok.hu/forum_attac.php3?id_article=710&retour=cikk" "Mozilla/4.0 (compatible; MSIE 6.0; Windows NT 5.1; SV1)"
86.59.165.37 - - [03/Oct/2013:18:42:31 +0200] "-" 408 - "-" "-"
195.56.55.225 - - [03/Oct/2013:18:42:42 +0200] "GET /test.html HTTP/1.1" 200 56 "-" "monit/4.6"
195.56.55.225 - - [03/Oct/2013:18:44:44 +0200] "GET /test.html HTTP/1.1" 200 56 "-" "monit/4.6"
157.55.32.28 - - [03/Oct/2013:18:44:51 +0200] "GET /robots.txt HTTP/1.1" 404 295 "-" "Mozilla/5.0 (compatible; bingbot/2.0; +http://www.bing.com/bingbot.htm)"
86.59.165.37 - - [03/Oct/2013:18:44:57 +0200] "-" 408 - "-" "-"
86.59.165.37 - - [03/Oct/2013:18:44:57 +0200] "-" 408 - "-" "-"
86.59.165.37 - - [03/Oct/2013:18:44:57 +0200] "-" 408 - "-" "-"
86.59.165.37 - - [03/Oct/2013:18:44:57 +0200] "-" 408 - "-" "-"
86.59.165.37 - - [03/Oct/2013:18:44:57 +0200] "-" 408 - "-" "-"
157.56.93.148 - - [03/Oct/2013:18:45:44 +0200] "GET /robots.txt HTTP/1.1" 404 290 "-" "Mozilla/5.0 (compatible; bingbot/2.0; +http://www.bing.com/bingbot.htm)"
157.55.32.28 - - [03/Oct/2013:18:46:34 +0200] "GET / HTTP/1.1" 200 1155 "-" "Mozilla/5.0 (compatible; bingbot/2.0; +http://www.bing.com/bingbot.htm)"
195.56.55.225 - - [03/Oct/2013:18:46:46 +0200] "GET /test.html HTTP/1.1" 200 56 "-" "monit/4.6"
195.56.55.225 - - [03/Oct/2013:18:48:48 +0200] "GET /test.html HTTP/1.1" 200 56 "-" "monit/4.6"
195.56.55.225 - - [03/Oct/2013:18:50:55 +0200] "GET /test.html HTTP/1.1" 200 56 "-" "monit/4.6"
195.56.55.225 - - [03/Oct/2013:18:52:57 +0200] "GET /test.html HTTP/1.1" 200 56 "-" "monit/4.6"
159.149.133.253 - - [03/Oct/2013:18:54:27 +0200] "GET /robots.txt HTTP/1.1" 404 290 "-" "BUbiNG (+http://law.di.unimi.it/BUbiNG.html)"
159.149.133.253 - - [03/Oct/2013:18:54:27 +0200] "GET /node/268 HTTP/1.1" 404 288 "-" "BUbiNG (+http://law.di.unimi.it/BUbiNG.html)"
195.56.55.225 - - [03/Oct/2013:18:54:59 +0200] "GET /test.html HTTP/1.1" 200 56 "-" "monit/4.6"
157.56.93.148 - - [03/Oct/2013:18:55:06 +0200] "GET /cikk.php3?id_article=376 HTTP/1.1" 404 289 "-" "Mozilla/5.0 (compatible; bingbot/2.0; +http://www.bing.com/bingbot.htm)"
157.55.32.104 - - [03/Oct/2013:18:55:28 +0200] "GET /robots.txt HTTP/1.1" 404 299 "-" "Mozilla/5.0 (compatible; bingbot/2.0; +http://www.bing.com/bingbot.htm)"
195.56.55.225 - - [03/Oct/2013:18:57:02 +0200] "GET /test.html HTTP/1.1" 200 56 "-" "monit/4.6"
157.55.32.104 - - [03/Oct/2013:18:57:25 +0200] "GET /kompasz/milyen_jogaink_vannak HTTP/1.1" 404 318 "-" "Mozilla/5.0 (compatible; bingbot/2.0; +http://www.bing.com/bingbot.htm)"
195.56.55.225 - - [03/Oct/2013:18:59:04 +0200] "GET /test.html HTTP/1.1" 200 56 "-" "monit/4.6"
69.164.111.198 - - [03/Oct/2013:19:00:45 +0200] "GET /FILES/BIROSAGIUI.DOC HTTP/1.0" 404 284 "-" "Mozilla/4.0 (compatible; MSIE 8.0; Windows NT 6.1; WOW64; Trident/4.0; SLCC2; .NET CLR 2.0.50727; .NET CLR 3.5.30729; .NET CLR 3.0.30729; Media Center PC 6.0; MDDC)"
195.56.55.225 - - [03/Oct/2013:19:01:06 +0200] "GET /test.html HTTP/1.1" 200 56 "-" "monit/4.6"
195.56.55.225 - - [03/Oct/2013:19:03:08 +0200] "GET /test.html HTTP/1.1" 200 56 "-" "monit/4.6"
193.105.210.226 - - [03/Oct/2013:19:03:55 +0200] "-" 408 - "-" "-"
195.56.55.225 - - [03/Oct/2013:19:05:10 +0200] "GET /test.html HTTP/1.1" 200 56 "-" "monit/4.6"
66.249.75.210 - - [03/Oct/2013:19:05:14 +0200] "GET /robots.txt HTTP/1.1" 404 286 "-" "Mozilla/5.0 (compatible; Googlebot/2.1; +http://www.google.com/bot.html)"
66.249.75.210 - - [03/Oct/2013:19:05:14 +0200] "GET / HTTP/1.1" 200 1155 "-" "Mozilla/5.0 (compatible; Googlebot/2.1; +http://www.google.com/bot.html)"
91.232.96.36 - - [03/Oct/2013:19:05:18 +0200] "GET /forum_attac.php3?id_article=983&retour=cikk.php3%3Fid_article%3D983 HTTP/1.1" 404 292 "-" "Mozilla/4.0 (compatible; MSIE 6.0; Windows NT 5.1; SV1)"
193.105.210.226 - - [03/Oct/2013:19:06:31 +0200] "-" 408 - "-" "-"
66.249.75.183 - - [03/Oct/2013:19:07:07 +0200] "GET /tevekenysegunk/biojosagok/okovasar HTTP/1.1" 404 314 "-" "DoCoMo/2.0 N905i(c100;TB;W24H16) (compatible; Googlebot-Mobile/2.1; +http://www.google.com/bot.html)"
195.56.55.225 - - [03/Oct/2013:19:07:12 +0200] "GET /test.html HTTP/1.1" 200 56 "-" "monit/4.6"
68.153.116.160 - - [03/Oct/2013:19:07:54 +0200] "-" 408 - "-" "-"
66.249.75.37 - - [03/Oct/2013:19:08:39 +0200] "GET /robots.txt HTTP/1.1" 404 289 "-" "Mozilla/5.0 (compatible; Googlebot/2.1; +http://www.google.com/bot.html)"
66.249.75.37 - - [03/Oct/2013:19:08:40 +0200] "GET / HTTP/1.1" 200 1155 "-" "Mozilla/5.0 (compatible; Googlebot/2.1; +http://www.google.com/bot.html)"
195.56.55.225 - - [03/Oct/2013:19:09:14 +0200] "GET /test.html HTTP/1.1" 200 56 "-" "monit/4.6"
66.249.75.122 - - [03/Oct/2013:19:10:45 +0200] "GET /robots.txt HTTP/1.1" 404 309 "-" "Mozilla/5.0 (compatible; Googlebot/2.1; +http://www.google.com/bot.html)"
66.249.75.122 - - [03/Oct/2013:19:10:45 +0200] "GET / HTTP/1.1" 200 1155 "-" "Mozilla/5.0 (compatible; Googlebot/2.1; +http://www.google.com/bot.html)"
195.56.55.225 - - [03/Oct/2013:19:11:16 +0200] "GET /test.html HTTP/1.1" 200 56 "-" "monit/4.6"
66.249.75.2 - - [03/Oct/2013:19:12:46 +0200] "GET /robots.txt HTTP/1.1" 404 292 "-" "Mozilla/5.0 (compatible; Googlebot/2.1; +http://www.google.com/bot.html)"
66.249.75.2 - - [03/Oct/2013:19:12:46 +0200] "GET / HTTP/1.1" 200 1155 "-" "Mozilla/5.0 (compatible; Googlebot/2.1; +http://www.google.com/bot.html)"
195.56.55.225 - - [03/Oct/2013:19:13:18 +0200] "GET /test.html HTTP/1.1" 200 56 "-" "monit/4.6"
157.56.93.186 - - [03/Oct/2013:19:13:37 +0200] "GET /robots.txt HTTP/1.1" 404 285 "-" "Mozilla/5.0 (compatible; bingbot/2.0; +http://www.bing.com/bingbot.htm)"
66.249.75.212 - - [03/Oct/2013:19:14:08 +0200] "GET /robots.txt HTTP/1.1" 404 285 "-" "Mozilla/5.0 (compatible; Googlebot/2.1; +http://www.google.com/bot.html)"
66.249.75.212 - - [03/Oct/2013:19:14:08 +0200] "GET / HTTP/1.1" 200 1155 "-" "Mozilla/5.0 (compatible; Googlebot/2.1; +http://www.google.com/bot.html)"
195.56.55.225 - - [03/Oct/2013:19:15:20 +0200] "GET /test.html HTTP/1.1" 200 56 "-" "monit/4.6"
66.249.75.216 - - [03/Oct/2013:19:16:16 +0200] "GET /robots.txt HTTP/1.1" 404 287 "-" "Mozilla/5.0 (compatible; Googlebot/2.1; +http://www.google.com/bot.html)"
66.249.75.216 - - [03/Oct/2013:19:16:16 +0200] "GET / HTTP/1.1" 200 1155 "-" "SAMSUNG-SGH-E250/1.0 Profile/MIDP-2.0 Configuration/CLDC-1.1 UP.Browser/6.2.3.3.c.1.101 (GUI) MMP/2.0 (compatible; Googlebot-Mobile/2.1; +http://www.google.com/bot.html)"
5.61.244.196 - - [03/Oct/2013:19:16:40 +0200] "-" 408 - "-" "-"
195.56.55.225 - - [03/Oct/2013:19:17:22 +0200] "GET /test.html HTTP/1.1" 200 56 "-" "monit/4.6"
66.249.75.209 - - [03/Oct/2013:19:17:33 +0200] "GET /robots.txt HTTP/1.1" 404 291 "-" "Mozilla/5.0 (compatible; Googlebot/2.1; +http://www.google.com/bot.html)"
66.249.75.209 - - [03/Oct/2013:19:17:34 +0200] "GET / HTTP/1.1" 200 1155 "-" "Mozilla/5.0 (compatible; Googlebot/2.1; +http://www.google.com/bot.html)"
195.56.55.225 - - [03/Oct/2013:19:19:24 +0200] "GET /test.html HTTP/1.1" 200 56 "-" "monit/4.6"
66.249.75.209 - - [03/Oct/2013:19:19:36 +0200] "GET /robots.txt HTTP/1.1" 404 284 "-" "Mozilla/5.0 (compatible; Googlebot/2.1; +http://www.google.com/bot.html)"
212.7.196.79 - - [03/Oct/2013:19:21:02 +0200] "GET / HTTP/1.1" 200 1155 "-" "Mozilla/5.0 (Windows; U; Windows NT 6.1; WOW64; en-US; rv:2.0.4) Gecko/20120718 AskTbAVR-IDW/3.12.5.17700 Firefox/14.0.1"
195.56.55.225 - - [03/Oct/2013:19:21:28 +0200] "GET /test.html HTTP/1.1" 200 56 "-" "monit/4.6"
157.56.93.186 - - [03/Oct/2013:19:22:06 +0200] "GET / HTTP/1.1" 200 1155 "-" "Mozilla/5.0 (compatible; bingbot/2.0; +http://www.bing.com/bingbot.htm)"
195.56.55.225 - - [03/Oct/2013:19:23:30 +0200] "GET /test.html HTTP/1.1" 200 56 "-" "monit/4.6"
5.206.132.206 - - [03/Oct/2013:19:23:48 +0200] "-" 408 - "-" "-"
5.206.132.206 - - [03/Oct/2013:19:23:48 +0200] "-" 408 - "-" "-"
159.149.133.252 - - [03/Oct/2013:19:24:35 +0200] "GET /robots.txt HTTP/1.1" 404 283 "-" "BUbiNG (+http://law.di.unimi.it/BUbiNG.html)"
159.149.133.252 - - [03/Oct/2013:19:24:35 +0200] "GET / HTTP/1.1" 200 1155 "-" "BUbiNG (+http://law.di.unimi.it/BUbiNG.html)"
195.56.55.225 - - [03/Oct/2013:19:25:32 +0200] "GET /test.html HTTP/1.1" 200 56 "-" "monit/4.6"
195.56.55.225 - - [03/Oct/2013:19:27:35 +0200] "GET /test.html HTTP/1.1" 200 56 "-" "monit/4.6"
91.232.96.36 - - [03/Oct/2013:19:28:16 +0200] "GET /forum_attac.php3?id_article=983&retour=cikk.php3%3Fid_article%3D983 HTTP/1.1" 404 292 "-" "Mozilla/4.0 (compatible; MSIE 6.0; Windows NT 5.1; SV1)"
66.249.75.13 - - [03/Oct/2013:19:28:48 +0200] "GET / HTTP/1.1" 200 1155 "-" "SAMSUNG-SGH-E250/1.0 Profile/MIDP-2.0 Configuration/CLDC-1.1 UP.Browser/6.2.3.3.c.1.101 (GUI) MMP/2.0 (compatible; Googlebot-Mobile/2.1; +http://www.google.com/bot.html)"
195.56.55.225 - - [03/Oct/2013:19:29:37 +0200] "GET /test.html HTTP/1.1" 200 56 "-" "monit/4.6"
109.105.19.205 - - [03/Oct/2013:19:30:05 +0200] "-" 408 - "-" "-"
109.105.19.205 - - [03/Oct/2013:19:30:46 +0200] "-" 408 - "-" "-"
84.1.151.236 - - [03/Oct/2013:19:30:53 +0200] "GET / HTTP/1.1" 200 1155 "-" "Mozilla/5.0 (Windows NT 6.2; WOW64) AppleWebKit/537.36 (KHTML, like Gecko) Chrome/29.0.1547.76 Safari/537.36"
84.1.151.236 - - [03/Oct/2013:19:30:53 +0200] "GET /favicon.ico HTTP/1.1" 404 288 "-" "Mozilla/5.0 (Windows NT 6.2; WOW64) AppleWebKit/537.36 (KHTML, like Gecko) Chrome/29.0.1547.76 Safari/537.36"
195.56.55.225 - - [03/Oct/2013:19:31:39 +0200] "GET /test.html HTTP/1.1" 200 56 "-" "monit/4.6"
195.56.55.225 - - [03/Oct/2013:19:33:41 +0200] "GET /test.html HTTP/1.1" 200 56 "-" "monit/4.6"
37.140.141.5 - - [03/Oct/2013:19:33:50 +0200] "GET /robots.txt HTTP/1.1" 404 287 "-" "Mozilla/5.0 (compatible; YandexBot/3.0; +http://yandex.com/bots)"
37.140.141.5 - - [03/Oct/2013:19:33:51 +0200] "GET /robots.txt HTTP/1.1" 404 287 "-" "Mozilla/5.0 (compatible; YandexBot/3.0; +http://yandex.com/bots)"
195.56.55.225 - - [03/Oct/2013:19:35:43 +0200] "GET /test.html HTTP/1.1" 200 56 "-" "monit/4.6"
195.56.55.225 - - [03/Oct/2013:19:37:50 +0200] "GET /test.html HTTP/1.1" 200 56 "-" "monit/4.6"
195.56.55.225 - - [03/Oct/2013:19:39:53 +0200] "GET /test.html HTTP/1.1" 200 56 "-" "monit/4.6"
193.105.210.226 - - [03/Oct/2013:19:41:39 +0200] "-" 408 - "-" "-"
193.105.210.226 - - [03/Oct/2013:19:41:39 +0200] "-" 408 - "-" "-"
195.56.55.225 - - [03/Oct/2013:19:41:56 +0200] "GET /test.html HTTP/1.1" 200 56 "-" "monit/4.6"
193.105.210.226 - - [03/Oct/2013:19:42:32 +0200] "-" 408 - "-" "-"
195.56.55.225 - - [03/Oct/2013:19:43:58 +0200] "GET /test.html HTTP/1.1" 200 56 "-" "monit/4.6"
195.56.55.225 - - [03/Oct/2013:19:46:00 +0200] "GET /test.html HTTP/1.1" 200 56 "-" "monit/4.6"
195.56.55.225 - - [03/Oct/2013:19:48:02 +0200] "GET /test.html HTTP/1.1" 200 56 "-" "monit/4.6"
37.140.141.5 - - [03/Oct/2013:19:49:59 +0200] "GET /robots.txt HTTP/1.1" 404 288 "-" "Mozilla/5.0 (compatible; YandexBot/3.0; +http://yandex.com/bots)"
37.140.141.5 - - [03/Oct/2013:19:49:59 +0200] "GET /robots.txt HTTP/1.1" 404 287 "-" "Mozilla/5.0 (compatible; YandexBot/3.0; +http://yandex.com/bots)"
37.140.141.5 - - [03/Oct/2013:19:50:00 +0200] "GET /robots.txt HTTP/1.1" 404 290 "-" "Mozilla/5.0 (compatible; YandexBot/3.0; +http://yandex.com/bots)"
37.140.141.5 - - [03/Oct/2013:19:50:00 +0200] "GET /robots.txt HTTP/1.1" 404 285 "-" "Mozilla/5.0 (compatible; YandexBot/3.0; +http://yandex.com/bots)"
195.56.55.225 - - [03/Oct/2013:19:50:04 +0200] "GET /test.html HTTP/1.1" 200 56 "-" "monit/4.6"
37.140.141.5 - - [03/Oct/2013:19:50:05 +0200] "GET /robots.txt HTTP/1.1" 404 289 "-" "Mozilla/5.0 (compatible; YandexBot/3.0; +http://yandex.com/bots)"
37.140.141.5 - - [03/Oct/2013:19:50:05 +0200] "GET /robots.txt HTTP/1.1" 404 286 "-" "Mozilla/5.0 (compatible; YandexBot/3.0; +http://yandex.com/bots)"
37.140.141.5 - - [03/Oct/2013:19:50:06 +0200] "GET /robots.txt HTTP/1.1" 404 286 "-" "Mozilla/5.0 (compatible; YandexBot/3.0; +http://yandex.com/bots)"
37.140.141.5 - - [03/Oct/2013:19:50:06 +0200] "GET /robots.txt HTTP/1.1" 404 285 "-" "Mozilla/5.0 (compatible; YandexBot/3.0; +http://yandex.com/bots)"
37.140.141.5 - - [03/Oct/2013:19:50:24 +0200] "GET /robots.txt HTTP/1.1" 404 286 "-" "Mozilla/5.0 (compatible; YandexBot/3.0; +http://yandex.com/bots)"
37.140.141.5 - - [03/Oct/2013:19:50:25 +0200] "GET /robots.txt HTTP/1.1" 404 285 "-" "Mozilla/5.0 (compatible; YandexBot/3.0; +http://yandex.com/bots)"
37.140.141.5 - - [03/Oct/2013:19:50:25 +0200] "GET /robots.txt HTTP/1.1" 404 292 "-" "Mozilla/5.0 (compatible; YandexBot/3.0; +http://yandex.com/bots)"
37.140.141.5 - - [03/Oct/2013:19:50:26 +0200] "GET /robots.txt HTTP/1.1" 404 293 "-" "Mozilla/5.0 (compatible; YandexBot/3.0; +http://yandex.com/bots)"
91.232.96.36 - - [03/Oct/2013:19:51:24 +0200] "GET /forum_attac.php3?id_article=983&retour=cikk.php3%3Fid_article%3D983 HTTP/1.1" 404 292 "-" "Mozilla/4.0 (compatible; MSIE 6.0; Windows NT 5.1; SV1)"
37.140.141.5 - - [03/Oct/2013:19:51:40 +0200] "GET /robots.txt HTTP/1.1" 404 285 "-" "Mozilla/5.0 (compatible; YandexBot/3.0; +http://yandex.com/bots)"
37.140.141.5 - - [03/Oct/2013:19:51:41 +0200] "GET / HTTP/1.1" 200 1155 "-" "Mozilla/5.0 (compatible; YandexBot/3.0; +http://yandex.com/bots)"
195.56.55.225 - - [03/Oct/2013:19:52:06 +0200] "GET /test.html HTTP/1.1" 200 56 "-" "monit/4.6"
37.140.141.5 - - [03/Oct/2013:19:52:16 +0200] "GET / HTTP/1.1" 200 1155 "-" "Mozilla/5.0 (compatible; YandexBot/3.0; +http://yandex.com/bots)"
195.56.55.225 - - [03/Oct/2013:19:54:09 +0200] "GET /test.html HTTP/1.1" 200 56 "-" "monit/4.6"
159.149.133.252 - - [03/Oct/2013:19:54:45 +0200] "GET /robots.txt HTTP/1.1" 404 293 "-" "BUbiNG (+http://law.di.unimi.it/BUbiNG.html)"
159.149.133.252 - - [03/Oct/2013:19:54:46 +0200] "GET / HTTP/1.1" 200 1155 "-" "BUbiNG (+http://law.di.unimi.it/BUbiNG.html)"
89.200.252.149 - - [03/Oct/2013:19:56:04 +0200] "POST /forum_attac.php3?id_article=710&retour=cikk HTTP/1.1" 404 292 "http://attac.zpok.hu/forum_attac.php3?id_article=710&retour=cikk" "Mozilla/4.0 (compatible; MSIE 6.0; Windows NT 5.1; SV1)"
195.56.55.225 - - [03/Oct/2013:19:56:11 +0200] "GET /test.html HTTP/1.1" 200 56 "-" "monit/4.6"
84.236.102.2 - - [03/Oct/2013:19:57:32 +0200] "-" 408 - "-" "-"
195.56.55.225 - - [03/Oct/2013:19:58:13 +0200] "GET /test.html HTTP/1.1" 200 56 "-" "monit/4.6"
195.56.55.225 - - [03/Oct/2013:20:00:15 +0200] "GET /test.html HTTP/1.1" 200 56 "-" "monit/4.6"
85.66.16.54 - - [03/Oct/2013:20:01:20 +0200] "GET / HTTP/1.1" 200 1155 "-" "Mozilla/5.0 (Windows NT 6.1) AppleWebKit/537.36 (KHTML, like Gecko) Chrome/30.0.1599.66 Safari/537.36"
85.66.16.54 - - [03/Oct/2013:20:01:21 +0200] "GET /favicon.ico HTTP/1.1" 404 288 "-" "Mozilla/5.0 (Windows NT 6.1) AppleWebKit/537.36 (KHTML, like Gecko) Chrome/30.0.1599.66 Safari/537.36"
84.236.102.2 - - [03/Oct/2013:20:01:34 +0200] "-" 408 - "-" "-"
195.56.55.225 - - [03/Oct/2013:20:02:19 +0200] "GET /test.html HTTP/1.1" 200 56 "-" "monit/4.6"
195.56.55.225 - - [03/Oct/2013:20:04:29 +0200] "GET /test.html HTTP/1.1" 200 56 "-" "monit/4.6"
195.56.55.225 - - [03/Oct/2013:20:06:31 +0200] "GET /test.html HTTP/1.1" 200 56 "-" "monit/4.6"
5.10.83.38 - - [03/Oct/2013:20:07:20 +0200] "GET /cikk.php3?id_article=411 HTTP/1.1" 404 285 "-" "Mozilla/5.0 (compatible; AhrefsBot/5.0; +http://ahrefs.com/robot/)"
195.56.55.225 - - [03/Oct/2013:20:08:33 +0200] "GET /test.html HTTP/1.1" 200 56 "-" "monit/4.6"
195.56.55.225 - - [03/Oct/2013:20:10:35 +0200] "GET /test.html HTTP/1.1" 200 56 "-" "monit/4.6"
5.10.83.38 - - [03/Oct/2013:20:10:49 +0200] "GET /szerzok.php3 HTTP/1.1" 404 288 "-" "Mozilla/5.0 (compatible; AhrefsBot/5.0; +http://ahrefs.com/robot/)"
195.56.55.225 - - [03/Oct/2013:20:12:37 +0200] "GET /test.html HTTP/1.1" 200 56 "-" "monit/4.6"
5.38.208.87 - - [03/Oct/2013:20:12:59 +0200] "-" 408 - "-" "-"
195.56.55.225 - - [03/Oct/2013:20:14:39 +0200] "GET /test.html HTTP/1.1" 200 56 "-" "monit/4.6"
91.232.96.36 - - [03/Oct/2013:20:14:41 +0200] "GET /forum_attac.php3?id_article=983&retour=cikk.php3%3Fid_article%3D983 HTTP/1.1" 404 292 "-" "Mozilla/4.0 (compatible; MSIE 6.0; Windows NT 5.1; SV1)"
85.25.134.59 - - [03/Oct/2013:20:16:11 +0200] "GET /robots.txt HTTP/1.1" 404 291 "http://lmv.zoldpo.macinroy.com/lmv.zoldpok.hu" "MacInroy Privacy Auditors. See lmv.zoldpok.hu's privacy violation report: http://lmv.zoldpok.hu.macinroy.com/lmv.zoldpok.hu"
85.25.134.59 - - [03/Oct/2013:20:16:11 +0200] "GET / HTTP/1.1" 200 1155 "http://lmv.zoldpo.macinroy.com/lmv.zoldpok.hu" "MacInroy Privacy Auditors. See lmv.zoldpok.hu's privacy violation report: http://lmv.zoldpok.hu.macinroy.com/lmv.zoldpok.hu"
195.56.55.225 - - [03/Oct/2013:20:16:42 +0200] "GET /test.html HTTP/1.1" 200 56 "-" "monit/4.6"
195.56.55.225 - - [03/Oct/2013:20:18:44 +0200] "GET /test.html HTTP/1.1" 200 56 "-" "monit/4.6"
195.56.55.225 - - [03/Oct/2013:20:20:47 +0200] "GET /test.html HTTP/1.1" 200 56 "-" "monit/4.6"
193.105.210.226 - - [03/Oct/2013:20:20:54 +0200] "-" 408 - "-" "-"
195.56.55.225 - - [03/Oct/2013:20:22:50 +0200] "GET /test.html HTTP/1.1" 200 56 "-" "monit/4.6"
195.56.55.225 - - [03/Oct/2013:20:24:52 +0200] "GET /test.html HTTP/1.1" 200 56 "-" "monit/4.6"
81.183.52.199 - - [03/Oct/2013:20:25:43 +0200] "-" 408 - "-" "-"
81.183.52.199 - - [03/Oct/2013:20:25:43 +0200] "-" 408 - "-" "-"
81.183.52.199 - - [03/Oct/2013:20:25:43 +0200] "-" 408 - "-" "-"
81.183.52.199 - - [03/Oct/2013:20:25:43 +0200] "-" 408 - "-" "-"
81.183.52.199 - - [03/Oct/2013:20:25:43 +0200] "-" 408 - "-" "-"
81.183.52.199 - - [03/Oct/2013:20:25:43 +0200] "-" 408 - "-" "-"
195.56.55.225 - - [03/Oct/2013:20:26:54 +0200] "GET /test.html HTTP/1.1" 200 56 "-" "monit/4.6"
84.1.98.66 - - [03/Oct/2013:20:27:22 +0200] "-" 408 - "-" "-"
81.183.52.199 - - [03/Oct/2013:20:28:33 +0200] "-" 408 - "-" "-"
81.183.52.199 - - [03/Oct/2013:20:28:33 +0200] "-" 408 - "-" "-"
81.183.52.199 - - [03/Oct/2013:20:28:33 +0200] "-" 408 - "-" "-"
81.183.52.199 - - [03/Oct/2013:20:28:33 +0200] "-" 408 - "-" "-"
81.183.52.199 - - [03/Oct/2013:20:28:33 +0200] "-" 408 - "-" "-"
81.183.52.199 - - [03/Oct/2013:20:28:33 +0200] "-" 408 - "-" "-"
195.56.55.225 - - [03/Oct/2013:20:28:56 +0200] "GET /test.html HTTP/1.1" 200 56 "-" "monit/4.6"
195.56.55.225 - - [03/Oct/2013:20:30:58 +0200] "GET /test.html HTTP/1.1" 200 56 "-" "monit/4.6"
195.56.55.225 - - [03/Oct/2013:20:33:00 +0200] "GET /test.html HTTP/1.1" 200 56 "-" "monit/4.6"
81.183.52.199 - - [03/Oct/2013:20:34:46 +0200] "-" 408 - "-" "-"
81.183.52.199 - - [03/Oct/2013:20:34:46 +0200] "-" 408 - "-" "-"
81.183.52.199 - - [03/Oct/2013:20:34:46 +0200] "-" 408 - "-" "-"
81.183.52.199 - - [03/Oct/2013:20:34:46 +0200] "-" 408 - "-" "-"
81.183.52.199 - - [03/Oct/2013:20:34:46 +0200] "-" 408 - "-" "-"
81.183.52.199 - - [03/Oct/2013:20:34:46 +0200] "-" 408 - "-" "-"
195.56.55.225 - - [03/Oct/2013:20:35:02 +0200] "GET /test.html HTTP/1.1" 200 56 "-" "monit/4.6"
81.183.52.199 - - [03/Oct/2013:20:35:55 +0200] "-" 408 - "-" "-"
81.183.52.199 - - [03/Oct/2013:20:35:55 +0200] "-" 408 - "-" "-"
81.183.52.199 - - [03/Oct/2013:20:35:55 +0200] "-" 408 - "-" "-"
81.183.52.199 - - [03/Oct/2013:20:35:55 +0200] "-" 408 - "-" "-"
81.183.52.199 - - [03/Oct/2013:20:35:55 +0200] "-" 408 - "-" "-"
81.183.52.199 - - [03/Oct/2013:20:35:55 +0200] "-" 408 - "-" "-"
195.56.55.225 - - [03/Oct/2013:20:37:04 +0200] "GET /test.html HTTP/1.1" 200 56 "-" "monit/4.6"
91.232.96.36 - - [03/Oct/2013:20:37:13 +0200] "GET /forum_attac.php3?id_article=983&retour=cikk.php3%3Fid_article%3D983 HTTP/1.1" 404 292 "-" "Mozilla/4.0 (compatible; MSIE 6.0; Windows NT 5.1; SV1)"
195.56.55.225 - - [03/Oct/2013:20:39:07 +0200] "GET /test.html HTTP/1.1" 200 56 "-" "monit/4.6"
195.56.55.225 - - [03/Oct/2013:20:41:09 +0200] "GET /test.html HTTP/1.1" 200 56 "-" "monit/4.6"
31.46.245.205 - - [03/Oct/2013:20:42:30 +0200] "-" 408 - "-" "-"
195.56.55.225 - - [03/Oct/2013:20:43:15 +0200] "GET /test.html HTTP/1.1" 200 56 "-" "monit/4.6"
157.55.32.77 - - [03/Oct/2013:20:44:08 +0200] "GET /robots.txt HTTP/1.1" 404 286 "-" "Mozilla/5.0 (compatible; bingbot/2.0; +http://www.bing.com/bingbot.htm)"
31.46.80.189 - - [03/Oct/2013:20:44:45 +0200] "-" 408 - "-" "-"
37.24.147.160 - - [03/Oct/2013:20:45:03 +0200] "-" 408 - "-" "-"
195.56.55.225 - - [03/Oct/2013:20:45:28 +0200] "GET /test.html HTTP/1.1" 200 56 "-" "monit/4.6"
86.101.86.97 - - [03/Oct/2013:20:46:41 +0200] "-" 408 - "-" "-"
195.56.55.225 - - [03/Oct/2013:20:47:30 +0200] "GET /test.html HTTP/1.1" 200 56 "-" "monit/4.6"
195.56.55.225 - - [03/Oct/2013:20:49:32 +0200] "GET /test.html HTTP/1.1" 200 56 "-" "monit/4.6"
212.203.39.71 - - [03/Oct/2013:20:51:12 +0200] "-" 408 - "-" "-"
195.56.55.225 - - [03/Oct/2013:20:51:34 +0200] "GET /test.html HTTP/1.1" 200 56 "-" "monit/4.6"
94.21.102.74 - - [03/Oct/2013:20:52:03 +0200] "-" 408 - "-" "-"
94.21.102.74 - - [03/Oct/2013:20:52:44 +0200] "-" 408 - "-" "-"
94.21.102.74 - - [03/Oct/2013:20:52:44 +0200] "-" 408 - "-" "-"
195.56.55.225 - - [03/Oct/2013:20:53:36 +0200] "GET /test.html HTTP/1.1" 200 56 "-" "monit/4.6"
195.56.55.225 - - [03/Oct/2013:20:55:39 +0200] "GET /test.html HTTP/1.1" 200 56 "-" "monit/4.6"
84.2.172.186 - - [03/Oct/2013:20:57:30 +0200] "GET / HTTP/1.1" 200 1155 "-" "Mozilla/4.0 (compatible; MSIE 7.0; Windows NT 5.1; Trident/4.0; .NET CLR 1.1.4322; .NET CLR 2.0.50727; .NET CLR 3.0.04506.30; InfoPath.1; UserABC123; .NET CLR 3.0.4506.2152; .NET CLR 3.5.30729; UserABC123)"
84.2.172.186 - - [03/Oct/2013:20:57:30 +0200] "GET /favicon.ico HTTP/1.1" 404 288 "-" "Mozilla/4.0 (compatible; MSIE 8.0; Windows NT 5.1; Trident/4.0; .NET CLR 1.1.4322; .NET CLR 2.0.50727; .NET CLR 3.0.04506.30; InfoPath.1; UserABC123; .NET CLR 3.0.4506.2152; .NET CLR 3.5.30729; UserABC123)"
195.56.55.225 - - [03/Oct/2013:20:57:41 +0200] "GET /test.html HTTP/1.1" 200 56 "-" "monit/4.6"
195.56.55.225 - - [03/Oct/2013:20:59:43 +0200] "GET /test.html HTTP/1.1" 200 56 "-" "monit/4.6"
37.188.81.147 - - [03/Oct/2013:21:00:36 +0200] "-" 408 - "-" "-"
91.232.96.36 - - [03/Oct/2013:21:01:24 +0200] "GET /forum_attac.php3?id_article=983&retour=cikk.php3%3Fid_article%3D983 HTTP/1.1" 404 292 "-" "Mozilla/4.0 (compatible; MSIE 6.0; Windows NT 5.1; SV1)"
195.56.55.225 - - [03/Oct/2013:21:01:45 +0200] "GET /test.html HTTP/1.1" 200 56 "-" "monit/4.6"
208.115.113.87 - - [03/Oct/2013:21:01:49 +0200] "GET /robots.txt HTTP/1.1" 404 286 "-" "Mozilla/5.0 (compatible; Ezooms/1.0; ezooms.bot@gmail.com)"
37.188.81.147 - - [03/Oct/2013:21:03:00 +0200] "-" 408 - "-" "-"
195.56.55.225 - - [03/Oct/2013:21:03:47 +0200] "GET /test.html HTTP/1.1" 200 56 "-" "monit/4.6"
83.227.119.117 - - [03/Oct/2013:21:04:03 +0200] "-" 408 - "-" "-"
157.55.35.99 - - [03/Oct/2013:21:04:40 +0200] "GET /robots.txt HTTP/1.1" 404 288 "-" "Mozilla/5.0 (compatible; bingbot/2.0; +http://www.bing.com/bingbot.htm)"
84.1.18.40 - - [03/Oct/2013:21:05:01 +0200] "-" 408 - "-" "-"
84.1.18.40 - - [03/Oct/2013:21:05:33 +0200] "-" 408 - "-" "-"
84.1.18.40 - - [03/Oct/2013:21:05:33 +0200] "-" 408 - "-" "-"
84.1.18.40 - - [03/Oct/2013:21:05:33 +0200] "-" 408 - "-" "-"
84.1.18.40 - - [03/Oct/2013:21:05:33 +0200] "-" 408 - "-" "-"
84.1.18.40 - - [03/Oct/2013:21:05:34 +0200] "-" 408 - "-" "-"
221.176.23.242 - - [03/Oct/2013:21:05:44 +0200] "POST /forum_attac.php3?id_article=710&retour=cikk HTTP/1.1" 404 292 "http://attac.zpok.hu/forum_attac.php3?id_article=710&retour=cikk" "Mozilla/4.0 (compatible; MSIE 6.0; Windows NT 5.1; SV1)"
119.30.39.1 - - [03/Oct/2013:21:05:44 +0200] "POST /forum_attac.php3?id_article=710&retour=cikk HTTP/1.1" 404 292 "http://attac.zpok.hu/forum_attac.php3?id_article=710&retour=cikk" "Mozilla/4.0 (compatible; MSIE 6.0; Windows NT 5.1; SV1)"
195.56.55.225 - - [03/Oct/2013:21:05:49 +0200] "GET /test.html HTTP/1.1" 200 56 "-" "monit/4.6"
195.56.55.225 - - [03/Oct/2013:21:07:51 +0200] "GET /test.html HTTP/1.1" 200 56 "-" "monit/4.6"
125.209.208.12 - - [03/Oct/2013:21:08:00 +0200] "GET /robots.txt HTTP/1.1" 404 283 "-" "Yeti/1.0 (NHN Corp.; http://help.naver.com/robots/)"
125.209.208.13 - - [03/Oct/2013:21:08:01 +0200] "GET / HTTP/1.1" 200 1155 "-" "Yeti/1.0 (NHN Corp.; http://help.naver.com/robots/)"
157.55.35.99 - - [03/Oct/2013:21:09:12 +0200] "GET / HTTP/1.1" 200 1155 "-" "Mozilla/5.0 (compatible; bingbot/2.0; +http://www.bing.com/bingbot.htm)"
195.56.55.225 - - [03/Oct/2013:21:09:53 +0200] "GET /test.html HTTP/1.1" 200 56 "-" "monit/4.6"
5.10.83.38 - - [03/Oct/2013:21:09:58 +0200] "GET /days/show/31 HTTP/1.1" 404 299 "-" "Mozilla/5.0 (compatible; AhrefsBot/5.0; +http://ahrefs.com/robot/)"
195.56.55.225 - - [03/Oct/2013:21:11:55 +0200] "GET /test.html HTTP/1.1" 200 56 "-" "monit/4.6"
199.15.233.138 - - [03/Oct/2013:21:13:34 +0200] "GET / HTTP/1.0" 200 1155 "http://forum.lmv.hu/" "Mozilla/5.0 (Windows NT 5.1; rv:8.0) Gecko/20100101 Firefox/8.0"
84.1.18.40 - - [03/Oct/2013:21:13:38 +0200] "-" 408 - "-" "-"
195.56.55.225 - - [03/Oct/2013:21:13:57 +0200] "GET /test.html HTTP/1.1" 200 56 "-" "monit/4.6"
195.56.55.225 - - [03/Oct/2013:21:15:59 +0200] "GET /test.html HTTP/1.1" 200 56 "-" "monit/4.6"
195.56.55.225 - - [03/Oct/2013:21:18:01 +0200] "GET /test.html HTTP/1.1" 200 56 "-" "monit/4.6"
157.55.32.77 - - [03/Oct/2013:21:19:04 +0200] "GET / HTTP/1.1" 200 1155 "-" "Mozilla/5.0 (compatible; bingbot/2.0; +http://www.bing.com/bingbot.htm)"
91.232.96.36 - - [03/Oct/2013:21:19:17 +0200] "GET /forum_attac.php3?id_article=983&retour=cikk.php3%3Fid_article%3D983 HTTP/1.1" 404 292 "-" "Mozilla/4.0 (compatible; MSIE 6.0; Windows NT 5.1; SV1)"
37.140.141.5 - - [03/Oct/2013:21:19:43 +0200] "GET /robots.txt HTTP/1.1" 404 285 "-" "Mozilla/5.0 (compatible; YandexBot/3.0; +http://yandex.com/bots)"
37.140.141.5 - - [03/Oct/2013:21:19:44 +0200] "GET / HTTP/1.1" 200 1155 "-" "Mozilla/5.0 (compatible; YandexBot/3.0; +http://yandex.com/bots)"
37.140.141.5 - - [03/Oct/2013:21:19:45 +0200] "GET / HTTP/1.1" 200 1155 "-" "Mozilla/5.0 (compatible; YandexBot/3.0; +http://yandex.com/bots)"
195.56.55.225 - - [03/Oct/2013:21:20:03 +0200] "GET /test.html HTTP/1.1" 200 56 "-" "monit/4.6"
37.140.141.5 - - [03/Oct/2013:21:20:08 +0200] "GET / HTTP/1.1" 200 1155 "-" "Mozilla/5.0 (compatible; YandexBot/3.0; +http://yandex.com/bots)"
178.143.195.27 - - [03/Oct/2013:21:20:49 +0200] "-" 408 - "-" "-"
188.6.179.173 - - [03/Oct/2013:21:21:12 +0200] "-" 408 - "-" "-"
195.56.55.225 - - [03/Oct/2013:21:22:07 +0200] "GET /test.html HTTP/1.1" 200 56 "-" "monit/4.6"
195.56.55.225 - - [03/Oct/2013:21:24:26 +0200] "GET /test.html HTTP/1.1" 200 56 "-" "monit/4.6"
195.56.55.225 - - [03/Oct/2013:21:26:29 +0200] "GET /test.html HTTP/1.1" 200 56 "-" "monit/4.6"
79.33.128.173 - - [03/Oct/2013:21:27:52 +0200] "HEAD /cikk.php3?id_article=1031 HTTP/1.0" 404 0 "-" "Opera/9.64(Windows NT 5.1; U; en) Presto/2.1.1"
89.133.187.137 - - [03/Oct/2013:21:28:22 +0200] "-" 408 - "-" "-"
195.56.55.225 - - [03/Oct/2013:21:28:31 +0200] "GET /test.html HTTP/1.1" 200 56 "-" "monit/4.6"
89.133.187.137 - - [03/Oct/2013:21:30:00 +0200] "-" 408 - "-" "-"
89.133.187.137 - - [03/Oct/2013:21:30:00 +0200] "-" 408 - "-" "-"
89.133.187.137 - - [03/Oct/2013:21:30:00 +0200] "-" 408 - "-" "-"
89.133.187.137 - - [03/Oct/2013:21:30:00 +0200] "-" 408 - "-" "-"
89.133.187.137 - - [03/Oct/2013:21:30:01 +0200] "-" 408 - "-" "-"
195.56.55.225 - - [03/Oct/2013:21:30:33 +0200] "GET /test.html HTTP/1.1" 200 56 "-" "monit/4.6"
195.56.55.225 - - [03/Oct/2013:21:32:35 +0200] "GET /test.html HTTP/1.1" 200 56 "-" "monit/4.6"
109.14.97.124 - - [03/Oct/2013:21:34:26 +0200] "-" 408 - "-" "-"
195.56.55.225 - - [03/Oct/2013:21:34:37 +0200] "GET /test.html HTTP/1.1" 200 56 "-" "monit/4.6"
109.14.97.124 - - [03/Oct/2013:21:35:03 +0200] "-" 408 - "-" "-"
195.56.55.225 - - [03/Oct/2013:21:36:41 +0200] "GET /test.html HTTP/1.1" 200 56 "-" "monit/4.6"
91.232.96.36 - - [03/Oct/2013:21:37:20 +0200] "GET /forum_attac.php3?id_article=983&retour=cikk.php3%3Fid_article%3D983 HTTP/1.1" 404 292 "-" "Mozilla/4.0 (compatible; MSIE 6.0; Windows NT 5.1; SV1)"
195.56.55.225 - - [03/Oct/2013:21:38:43 +0200] "GET /test.html HTTP/1.1" 200 56 "-" "monit/4.6"
195.56.55.225 - - [03/Oct/2013:21:40:45 +0200] "GET /test.html HTTP/1.1" 200 56 "-" "monit/4.6"
72.14.199.132 - - [03/Oct/2013:21:41:59 +0200] "GET / HTTP/1.1" 200 1155 "-" "Feedfetcher-Google; (+http://www.google.com/feedfetcher.html; 1 subscribers; feed-id=849169264004692768)"
195.56.55.225 - - [03/Oct/2013:21:42:48 +0200] "GET /test.html HTTP/1.1" 200 56 "-" "monit/4.6"
77.71.221.197 - - [03/Oct/2013:21:43:27 +0200] "-" 408 - "-" "-"
195.56.55.225 - - [03/Oct/2013:21:44:50 +0200] "GET /test.html HTTP/1.1" 200 56 "-" "monit/4.6"
195.56.55.225 - - [03/Oct/2013:21:46:52 +0200] "GET /test.html HTTP/1.1" 200 56 "-" "monit/4.6"
195.56.55.225 - - [03/Oct/2013:21:48:54 +0200] "GET /test.html HTTP/1.1" 200 56 "-" "monit/4.6"
195.56.55.225 - - [03/Oct/2013:21:50:56 +0200] "GET /test.html HTTP/1.1" 200 56 "-" "monit/4.6"
66.249.75.132 - - [03/Oct/2013:21:51:18 +0200] "GET /cikk.php3?id_article=889 HTTP/1.1" 404 285 "-" "Googlebot/2.1 (+http://www.google.com/bot.html)"
195.56.55.225 - - [03/Oct/2013:21:52:58 +0200] "GET /test.html HTTP/1.1" 200 56 "-" "monit/4.6"
195.56.55.225 - - [03/Oct/2013:21:55:00 +0200] "GET /test.html HTTP/1.1" 200 56 "-" "monit/4.6"
91.232.96.36 - - [03/Oct/2013:21:55:25 +0200] "GET /forum_attac.php3?id_article=983&retour=cikk.php3%3Fid_article%3D983 HTTP/1.1" 404 292 "-" "Mozilla/4.0 (compatible; MSIE 6.0; Windows NT 5.1; SV1)"
195.56.55.225 - - [03/Oct/2013:21:57:02 +0200] "GET /test.html HTTP/1.1" 200 56 "-" "monit/4.6"
5.10.83.38 - - [03/Oct/2013:21:57:49 +0200] "GET /cikkek.php3?id_rubrique=11 HTTP/1.1" 404 287 "-" "Mozilla/5.0 (compatible; AhrefsBot/5.0; +http://ahrefs.com/robot/)"
195.56.55.225 - - [03/Oct/2013:21:59:04 +0200] "GET /test.html HTTP/1.1" 200 56 "-" "monit/4.6"
195.56.55.225 - - [03/Oct/2013:22:01:06 +0200] "GET /test.html HTTP/1.1" 200 56 "-" "monit/4.6"
195.56.55.225 - - [03/Oct/2013:22:03:08 +0200] "GET /test.html HTTP/1.1" 200 56 "-" "monit/4.6"
195.56.55.225 - - [03/Oct/2013:22:05:10 +0200] "GET /test.html HTTP/1.1" 200 56 "-" "monit/4.6"
195.56.55.225 - - [03/Oct/2013:22:07:12 +0200] "GET /test.html HTTP/1.1" 200 56 "-" "monit/4.6"
212.7.196.79 - - [03/Oct/2013:22:09:13 +0200] "GET / HTTP/1.1" 200 1155 "-" "Mozilla/5.0 (Windows; U; Windows NT 6.1; WOW64; en-US; rv:2.0.4) Gecko/20120718 AskTbAVR-IDW/3.12.5.17700 Firefox/14.0.1"
195.56.55.225 - - [03/Oct/2013:22:09:14 +0200] "GET /test.html HTTP/1.1" 200 56 "-" "monit/4.6"
5.10.83.38 - - [03/Oct/2013:22:09:57 +0200] "GET / HTTP/1.1" 200 1155 "-" "Mozilla/5.0 (compatible; AhrefsBot/5.0; +http://ahrefs.com/robot/)"
195.56.55.225 - - [03/Oct/2013:22:11:16 +0200] "GET /test.html HTTP/1.1" 200 56 "-" "monit/4.6"
91.232.96.36 - - [03/Oct/2013:22:13:09 +0200] "GET /forum_attac.php3?id_article=983&retour=cikk.php3%3Fid_article%3D983 HTTP/1.1" 404 292 "-" "Mozilla/4.0 (compatible; MSIE 6.0; Windows NT 5.1; SV1)"
195.56.55.225 - - [03/Oct/2013:22:13:18 +0200] "GET /test.html HTTP/1.1" 200 56 "-" "monit/4.6"
159.149.133.250 - - [03/Oct/2013:22:14:00 +0200] "GET /robots.txt HTTP/1.1" 404 286 "-" "BUbiNG (+http://law.di.unimi.it/BUbiNG.html)"
159.149.133.250 - - [03/Oct/2013:22:14:00 +0200] "GET /cikk.php3?id_article=250 HTTP/1.1" 404 285 "-" "BUbiNG (+http://law.di.unimi.it/BUbiNG.html)"
193.105.210.226 - - [03/Oct/2013:22:14:43 +0200] "-" 408 - "-" "-"
195.56.55.225 - - [03/Oct/2013:22:15:21 +0200] "GET /test.html HTTP/1.1" 200 56 "-" "monit/4.6"
195.56.55.225 - - [03/Oct/2013:22:17:23 +0200] "GET /test.html HTTP/1.1" 200 56 "-" "monit/4.6"
195.56.55.225 - - [03/Oct/2013:22:19:24 +0200] "GET /test.html HTTP/1.1" 200 56 "-" "monit/4.6"
195.56.55.225 - - [03/Oct/2013:22:21:27 +0200] "GET /test.html HTTP/1.1" 200 56 "-" "monit/4.6"
195.56.55.225 - - [03/Oct/2013:22:23:31 +0200] "GET /test.html HTTP/1.1" 200 56 "-" "monit/4.6"
198.100.144.195 - - [03/Oct/2013:22:24:27 +0200] "GET /forum_attac.php3?id_article=94&retour=cikk.php3%3Fid_article%3D94 HTTP/1.0" 404 280 "http://attac.zpok.hu/forum_attac.php3?id_article=94&retour=cikk.php3%3Fid_article%3D94" "Mozilla/5.0 (Windows NT 6.1; WOW64) AppleWebKit/537.11 (KHTML, like Gecko) Chrome/23.0.1271.64 Safari/537.11"
198.100.144.195 - - [03/Oct/2013:22:24:27 +0200] "GET / HTTP/1.0" 200 1155 "http://attac.zpok.hu/" "Mozilla/5.0 (Windows NT 6.1; WOW64) AppleWebKit/537.11 (KHTML, like Gecko) Chrome/23.0.1271.64 Safari/537.11"
195.56.55.225 - - [03/Oct/2013:22:25:33 +0200] "GET /test.html HTTP/1.1" 200 56 "-" "monit/4.6"
195.56.55.225 - - [03/Oct/2013:22:27:35 +0200] "GET /test.html HTTP/1.1" 200 56 "-" "monit/4.6"
195.56.55.225 - - [03/Oct/2013:22:29:37 +0200] "GET /test.html HTTP/1.1" 200 56 "-" "monit/4.6"
195.56.55.225 - - [03/Oct/2013:22:31:39 +0200] "GET /test.html HTTP/1.1" 200 56 "-" "monit/4.6"
91.232.96.36 - - [03/Oct/2013:22:33:18 +0200] "GET /forum_attac.php3?id_article=983&retour=cikk.php3%3Fid_article%3D983 HTTP/1.1" 404 292 "-" "Mozilla/4.0 (compatible; MSIE 6.0; Windows NT 5.1; SV1)"
195.56.55.225 - - [03/Oct/2013:22:33:41 +0200] "GET /test.html HTTP/1.1" 200 56 "-" "monit/4.6"
195.56.55.225 - - [03/Oct/2013:22:35:43 +0200] "GET /test.html HTTP/1.1" 200 56 "-" "monit/4.6"
195.56.55.225 - - [03/Oct/2013:22:37:45 +0200] "GET /test.html HTTP/1.1" 200 56 "-" "monit/4.6"
195.56.55.225 - - [03/Oct/2013:22:39:47 +0200] "GET /test.html HTTP/1.1" 200 56 "-" "monit/4.6"
79.42.126.190 - - [03/Oct/2013:22:40:24 +0200] "HEAD /cikk.php3?id_article=1031 HTTP/1.0" 404 0 "-" "Opera/9.64(Windows NT 5.1; U; en) Presto/2.1.1"
195.56.55.225 - - [03/Oct/2013:22:41:49 +0200] "GET /test.html HTTP/1.1" 200 56 "-" "monit/4.6"
195.56.55.225 - - [03/Oct/2013:22:43:51 +0200] "GET /test.html HTTP/1.1" 200 56 "-" "monit/4.6"
195.56.55.225 - - [03/Oct/2013:22:45:54 +0200] "GET /test.html HTTP/1.1" 200 56 "-" "monit/4.6"
195.56.55.225 - - [03/Oct/2013:22:47:57 +0200] "GET /test.html HTTP/1.1" 200 56 "-" "monit/4.6"
195.56.55.225 - - [03/Oct/2013:22:49:59 +0200] "GET /test.html HTTP/1.1" 200 56 "-" "monit/4.6"
193.105.210.226 - - [03/Oct/2013:22:51:13 +0200] "-" 408 - "-" "-"
193.105.210.226 - - [03/Oct/2013:22:51:13 +0200] "-" 408 - "-" "-"
193.105.210.226 - - [03/Oct/2013:22:51:51 +0200] "-" 408 - "-" "-"
195.56.55.225 - - [03/Oct/2013:22:52:01 +0200] "GET /test.html HTTP/1.1" 200 56 "-" "monit/4.6"
195.56.55.225 - - [03/Oct/2013:22:54:03 +0200] "GET /test.html HTTP/1.1" 200 56 "-" "monit/4.6"
178.164.157.55 - - [03/Oct/2013:22:55:31 +0200] "-" 408 - "-" "-"
195.56.55.225 - - [03/Oct/2013:22:56:05 +0200] "GET /test.html HTTP/1.1" 200 56 "-" "monit/4.6"
91.232.96.36 - - [03/Oct/2013:22:56:15 +0200] "GET /forum_attac.php3?id_article=983&retour=cikk.php3%3Fid_article%3D983 HTTP/1.1" 404 292 "-" "Mozilla/4.0 (compatible; MSIE 6.0; Windows NT 5.1; SV1)"
37.140.141.5 - - [03/Oct/2013:22:57:39 +0200] "GET / HTTP/1.1" 200 1155 "-" "Mozilla/5.0 (compatible; YandexBot/3.0; +http://yandex.com/bots)"
37.140.141.5 - - [03/Oct/2013:22:57:40 +0200] "GET / HTTP/1.1" 200 1155 "-" "Mozilla/5.0 (compatible; YandexBot/3.0; +http://yandex.com/bots)"
195.56.55.225 - - [03/Oct/2013:22:58:07 +0200] "GET /test.html HTTP/1.1" 200 56 "-" "monit/4.6"
157.55.32.104 - - [03/Oct/2013:22:59:31 +0200] "GET /robots.txt HTTP/1.1" 404 286 "-" "Mozilla/5.0 (compatible; bingbot/2.0; +http://www.bing.com/bingbot.htm)"
195.56.55.225 - - [03/Oct/2013:23:00:09 +0200] "GET /test.html HTTP/1.1" 200 56 "-" "monit/4.6"
109.74.48.15 - - [03/Oct/2013:23:01:25 +0200] "-" 408 - "-" "-"
157.55.32.104 - - [03/Oct/2013:23:01:44 +0200] "GET /fooldal.php3 HTTP/1.1" 404 288 "-" "Mozilla/5.0 (compatible; bingbot/2.0; +http://www.bing.com/bingbot.htm)"
5.10.83.77 - - [03/Oct/2013:23:01:48 +0200] "GET /node/230 HTTP/1.1" 404 288 "-" "Mozilla/5.0 (compatible; AhrefsBot/5.0; +http://ahrefs.com/robot/)"
195.56.55.225 - - [03/Oct/2013:23:02:11 +0200] "GET /test.html HTTP/1.1" 200 56 "-" "monit/4.6"
195.56.55.225 - - [03/Oct/2013:23:04:13 +0200] "GET /test.html HTTP/1.1" 200 56 "-" "monit/4.6"
195.56.55.225 - - [03/Oct/2013:23:06:16 +0200] "GET /test.html HTTP/1.1" 200 56 "-" "monit/4.6"
195.56.55.225 - - [03/Oct/2013:23:08:18 +0200] "GET /test.html HTTP/1.1" 200 56 "-" "monit/4.6"
195.56.55.225 - - [03/Oct/2013:23:10:20 +0200] "GET /test.html HTTP/1.1" 200 56 "-" "monit/4.6"
5.10.83.38 - - [03/Oct/2013:23:10:40 +0200] "GET /eghajlati_menekultek_051128 HTTP/1.1" 404 306 "-" "Mozilla/5.0 (compatible; AhrefsBot/5.0; +http://ahrefs.com/robot/)"
195.56.55.225 - - [03/Oct/2013:23:12:22 +0200] "GET /test.html HTTP/1.1" 200 56 "-" "monit/4.6"
195.56.55.225 - - [03/Oct/2013:23:14:24 +0200] "GET /test.html HTTP/1.1" 200 56 "-" "monit/4.6"
208.115.113.87 - - [03/Oct/2013:23:14:47 +0200] "GET /%22 HTTP/1.1" 404 282 "-" "Mozilla/5.0 (compatible; Ezooms/1.0; ezooms.bot@gmail.com)"
195.56.55.225 - - [03/Oct/2013:23:16:26 +0200] "GET /test.html HTTP/1.1" 200 56 "-" "monit/4.6"
195.56.55.225 - - [03/Oct/2013:23:18:28 +0200] "GET /test.html HTTP/1.1" 200 56 "-" "monit/4.6"
91.232.96.36 - - [03/Oct/2013:23:19:19 +0200] "GET /forum_attac.php3?id_article=983&retour=cikk.php3%3Fid_article%3D983 HTTP/1.1" 404 292 "-" "Mozilla/4.0 (compatible; MSIE 6.0; Windows NT 5.1; SV1)"
195.56.55.225 - - [03/Oct/2013:23:20:30 +0200] "GET /test.html HTTP/1.1" 200 56 "-" "monit/4.6"
195.56.55.225 - - [03/Oct/2013:23:22:32 +0200] "GET /test.html HTTP/1.1" 200 56 "-" "monit/4.6"
66.249.75.6 - - [03/Oct/2013:23:24:31 +0200] "GET /robots.txt HTTP/1.1" 404 294 "-" "Mozilla/5.0 (compatible; Googlebot/2.1; +http://www.google.com/bot.html)"
66.249.75.6 - - [03/Oct/2013:23:24:31 +0200] "GET /aggregator/sources/1 HTTP/1.1" 404 304 "-" "Mozilla/5.0 (compatible; Googlebot/2.1; +http://www.google.com/bot.html)"
195.56.55.225 - - [03/Oct/2013:23:24:38 +0200] "GET /test.html HTTP/1.1" 200 56 "-" "monit/4.6"
66.249.75.6 - - [03/Oct/2013:23:25:14 +0200] "GET /aggregator/categories/1 HTTP/1.1" 404 307 "-" "Mozilla/5.0 (compatible; Googlebot/2.1; +http://www.google.com/bot.html)"
144.76.72.214 - - [03/Oct/2013:23:26:18 +0200] "POST" 405 - "-" "-"
195.56.55.225 - - [03/Oct/2013:23:26:40 +0200] "GET /test.html HTTP/1.1" 200 56 "-" "monit/4.6"
195.56.55.225 - - [03/Oct/2013:23:28:43 +0200] "GET /test.html HTTP/1.1" 200 56 "-" "monit/4.6"
98.137.206.115 - - [03/Oct/2013:23:29:27 +0200] "GET / HTTP/1.1" 200 1155 "-" "Mozilla/5.0 (compatible; Yahoo! Slurp/3.0; http://help.yahoo.com/help/us/ysearch/slurp) NOT Firefox/3.5"
94.23.45.14 - - [03/Oct/2013:23:29:32 +0200] "HEAD / HTTP/1.0" 200 0 "-" "-"
175.44.53.172 - - [03/Oct/2013:23:30:25 +0200] "GET / HTTP/1.0" 200 1155 "http://forum.zpok.hu/" "Mozilla/5.0 (Windows NT 6.1; WOW64; rv:15.0) Gecko/20100101 Firefox/15.0"
195.56.55.225 - - [03/Oct/2013:23:30:57 +0200] "GET /test.html HTTP/1.1" 200 56 "-" "monit/4.6"
195.56.55.225 - - [03/Oct/2013:23:32:59 +0200] "GET /test.html HTTP/1.1" 200 56 "-" "monit/4.6"
195.56.55.225 - - [03/Oct/2013:23:35:03 +0200] "GET /test.html HTTP/1.1" 200 56 "-" "monit/4.6"
208.115.111.74 - - [03/Oct/2013:23:35:55 +0200] "GET /robots.txt HTTP/1.1" 404 290 "-" "Mozilla/5.0 (compatible; Ezooms/1.0; ezooms.bot@gmail.com)"
195.56.55.225 - - [03/Oct/2013:23:37:06 +0200] "GET /test.html HTTP/1.1" 200 56 "-" "monit/4.6"
195.56.55.225 - - [03/Oct/2013:23:39:08 +0200] "GET /test.html HTTP/1.1" 200 56 "-" "monit/4.6"
5.10.83.38 - - [03/Oct/2013:23:39:44 +0200] "GET /cikk.php3?id_article=104 HTTP/1.1" 404 285 "-" "Mozilla/5.0 (compatible; AhrefsBot/5.0; +http://ahrefs.com/robot/)"
195.56.55.225 - - [03/Oct/2013:23:41:10 +0200] "GET /test.html HTTP/1.1" 200 56 "-" "monit/4.6"
91.232.96.36 - - [03/Oct/2013:23:42:22 +0200] "GET /forum_attac.php3?id_article=983&retour=cikk.php3%3Fid_article%3D983 HTTP/1.1" 404 292 "-" "Mozilla/4.0 (compatible; MSIE 6.0; Windows NT 5.1; SV1)"
5.10.83.38 - - [03/Oct/2013:23:42:23 +0200] "GET /node/230 HTTP/1.1" 404 292 "-" "Mozilla/5.0 (compatible; AhrefsBot/5.0; +http://ahrefs.com/robot/)"
195.56.55.225 - - [03/Oct/2013:23:43:12 +0200] "GET /test.html HTTP/1.1" 200 56 "-" "monit/4.6"
195.56.55.225 - - [03/Oct/2013:23:45:14 +0200] "GET /test.html HTTP/1.1" 200 56 "-" "monit/4.6"
195.56.55.225 - - [03/Oct/2013:23:47:16 +0200] "GET /test.html HTTP/1.1" 200 56 "-" "monit/4.6"
195.56.55.225 - - [03/Oct/2013:23:49:18 +0200] "GET /test.html HTTP/1.1" 200 56 "-" "monit/4.6"
195.56.55.225 - - [03/Oct/2013:23:51:20 +0200] "GET /test.html HTTP/1.1" 200 56 "-" "monit/4.6"
65.55.215.42 - - [03/Oct/2013:23:53:18 +0200] "GET /robots.txt HTTP/1.1" 404 286 "-" "msnbot-media/1.1 (+http://search.msn.com/msnbot.htm)"
65.55.215.42 - - [03/Oct/2013:23:53:19 +0200] "GET /IMG/arton415.jpg HTTP/1.1" 404 292 "-" "msnbot-media/1.1 (+http://search.msn.com/msnbot.htm)"
195.56.55.225 - - [03/Oct/2013:23:53:22 +0200] "GET /test.html HTTP/1.1" 200 56 "-" "monit/4.6"
208.115.111.74 - - [03/Oct/2013:23:54:12 +0200] "GET /tevekenysegunk/biojosagok/biotermelok HTTP/1.1" 404 317 "-" "Mozilla/5.0 (compatible; Ezooms/1.0; ezooms.bot@gmail.com)"
195.56.55.225 - - [03/Oct/2013:23:55:25 +0200] "GET /test.html HTTP/1.1" 200 56 "-" "monit/4.6"
195.56.55.225 - - [03/Oct/2013:23:57:27 +0200] "GET /test.html HTTP/1.1" 200 56 "-" "monit/4.6"
195.56.55.225 - - [03/Oct/2013:23:59:29 +0200] "GET /test.html HTTP/1.1" 200 56 "-" "monit/4.6"
195.56.55.225 - - [04/Oct/2013:00:01:32 +0200] "GET /test.html HTTP/1.1" 200 56 "-" "monit/4.6"
209.239.83.14 - - [04/Oct/2013:00:01:33 +0200] "-" 408 - "-" "-"
195.56.55.225 - - [04/Oct/2013:00:03:34 +0200] "GET /test.html HTTP/1.1" 200 56 "-" "monit/4.6"
91.232.96.36 - - [04/Oct/2013:00:05:24 +0200] "GET /forum_attac.php3?id_article=983&retour=cikk.php3%3Fid_article%3D983 HTTP/1.1" 404 292 "-" "Mozilla/4.0 (compatible; MSIE 6.0; Windows NT 5.1; SV1)"
195.56.55.225 - - [04/Oct/2013:00:05:36 +0200] "GET /test.html HTTP/1.1" 200 56 "-" "monit/4.6"
193.105.210.226 - - [04/Oct/2013:00:07:32 +0200] "-" 408 - "-" "-"
193.105.210.226 - - [04/Oct/2013:00:07:32 +0200] "-" 408 - "-" "-"
195.56.55.225 - - [04/Oct/2013:00:07:38 +0200] "GET /test.html HTTP/1.1" 200 56 "-" "monit/4.6"
195.56.55.225 - - [04/Oct/2013:00:09:41 +0200] "GET /test.html HTTP/1.1" 200 56 "-" "monit/4.6"
77.251.104.35 - - [04/Oct/2013:00:09:57 +0200] "GET /\" + gaJsHost + \"google-analytics.com/ga.js HTTP/1.1" 400 365 "-" "-"
77.251.104.35 - - [04/Oct/2013:00:10:04 +0200] "GET /hasznos-informaciok/\" + gaJsHost + \"google-analytics.com/ga.js HTTP/1.1" 400 365 "-" "-"
77.251.104.35 - - [04/Oct/2013:00:10:04 +0200] "GET /node/\" + gaJsHost + \"google-analytics.com/ga.js HTTP/1.1" 400 365 "-" "-"
77.251.104.35 - - [04/Oct/2013:00:10:07 +0200] "GET /user/\" + gaJsHost + \"google-analytics.com/ga.js HTTP/1.1" 400 365 "-" "-"
195.56.55.225 - - [04/Oct/2013:00:11:43 +0200] "GET /test.html HTTP/1.1" 200 56 "-" "monit/4.6"
37.140.141.5 - - [04/Oct/2013:00:11:47 +0200] "GET / HTTP/1.1" 200 1155 "-" "Mozilla/5.0 (compatible; YandexBot/3.0; +http://yandex.com/bots)"
195.56.55.225 - - [04/Oct/2013:00:13:45 +0200] "GET /test.html HTTP/1.1" 200 56 "-" "monit/4.6"
188.233.14.175 - - [04/Oct/2013:00:14:23 +0200] "GET /forum_attac.php3?id_article=94&retour=cikk.php3?id_article%3D94 HTTP/1.0" 404 280 "http://attac.zpok.hu/forum_attac.php3?id_article=94&retour=cikk.php3?id_article%3D94" "Mozilla/5.0 (Windows NT 6.1) AppleWebKit/534.57.2 (KHTML, like Gecko) Version/5.1.7 Safari/534.57.2"
