37.140.141.5 - - [04/Oct/2013:00:15:25 +0200] "GET / HTTP/1.1" 200 1155 "-" "Mozilla/5.0 (compatible; YandexBot/3.0; +http://yandex.com/bots)"
195.56.55.225 - - [04/Oct/2013:00:15:48 +0200] "GET /test.html HTTP/1.1" 200 56 "-" "monit/4.6"
195.56.55.225 - - [04/Oct/2013:00:17:50 +0200] "GET /test.html HTTP/1.1" 200 56 "-" "monit/4.6"
195.56.55.225 - - [04/Oct/2013:00:19:52 +0200] "GET /test.html HTTP/1.1" 200 56 "-" "monit/4.6"
195.56.55.225 - - [04/Oct/2013:00:21:54 +0200] "GET /test.html HTTP/1.1" 200 56 "-" "monit/4.6"
195.56.55.225 - - [04/Oct/2013:00:23:56 +0200] "GET /test.html HTTP/1.1" 200 56 "-" "monit/4.6"
5.10.83.38 - - [04/Oct/2013:00:25:57 +0200] "GET /dan/33 HTTP/1.1" 404 293 "-" "Mozilla/5.0 (compatible; AhrefsBot/5.0; +http://ahrefs.com/robot/)"
195.56.55.225 - - [04/Oct/2013:00:25:58 +0200] "GET /test.html HTTP/1.1" 200 56 "-" "monit/4.6"
195.56.55.225 - - [04/Oct/2013:00:28:00 +0200] "GET /test.html HTTP/1.1" 200 56 "-" "monit/4.6"
91.232.96.36 - - [04/Oct/2013:00:28:20 +0200] "GET /forum_attac.php3?id_article=983&retour=cikk.php3%3Fid_article%3D983 HTTP/1.1" 404 292 "-" "Mozilla/4.0 (compatible; MSIE 6.0; Windows NT 5.1; SV1)"
66.249.75.78 - - [04/Oct/2013:00:29:40 +0200] "GET /robots.txt HTTP/1.1" 404 285 "-" "Mozilla/5.0 (compatible; Googlebot/2.1; +http://www.google.com/bot.html)"
66.249.75.78 - - [04/Oct/2013:00:29:41 +0200] "GET / HTTP/1.1" 200 1155 "-" "Mozilla/5.0 (compatible; Googlebot/2.1; +http://www.google.com/bot.html)"
195.56.55.225 - - [04/Oct/2013:00:30:02 +0200] "GET /test.html HTTP/1.1" 200 56 "-" "monit/4.6"
66.249.75.55 - - [04/Oct/2013:00:30:54 +0200] "GET /robots.txt HTTP/1.1" 404 282 "-" "Mozilla/5.0 (compatible; Googlebot/2.1; +http://www.google.com/bot.html)"
66.249.75.55 - - [04/Oct/2013:00:30:54 +0200] "GET / HTTP/1.1" 200 1155 "-" "Mozilla/5.0 (compatible; Googlebot/2.1; +http://www.google.com/bot.html)"
66.249.75.238 - - [04/Oct/2013:00:31:18 +0200] "GET /robots.txt HTTP/1.1" 404 295 "-" "Mozilla/5.0 (compatible; Googlebot/2.1; +http://www.google.com/bot.html)"
66.249.75.238 - - [04/Oct/2013:00:31:18 +0200] "GET / HTTP/1.1" 200 1155 "-" "Mozilla/5.0 (compatible; Googlebot/2.1; +http://www.google.com/bot.html)"
195.56.55.225 - - [04/Oct/2013:00:32:06 +0200] "GET /test.html HTTP/1.1" 200 56 "-" "monit/4.6"
37.140.141.5 - - [04/Oct/2013:00:32:19 +0200] "GET / HTTP/1.1" 200 1155 "-" "Mozilla/5.0 (compatible; YandexBot/3.0; +http://yandex.com/bots)"
66.249.75.146 - - [04/Oct/2013:00:32:32 +0200] "GET /robots.txt HTTP/1.1" 404 292 "-" "Mozilla/5.0 (compatible; Googlebot/2.1; +http://www.google.com/bot.html)"
66.249.75.146 - - [04/Oct/2013:00:32:32 +0200] "GET / HTTP/1.1" 200 1155 "-" "Mozilla/5.0 (compatible; Googlebot/2.1; +http://www.google.com/bot.html)"
66.249.75.160 - - [04/Oct/2013:00:32:56 +0200] "GET /robots.txt HTTP/1.1" 404 289 "-" "Mozilla/5.0 (compatible; Googlebot/2.1; +http://www.google.com/bot.html)"
66.249.75.160 - - [04/Oct/2013:00:32:56 +0200] "GET / HTTP/1.1" 200 1155 "-" "Mozilla/5.0 (compatible; Googlebot/2.1; +http://www.google.com/bot.html)"
212.7.196.79 - - [04/Oct/2013:00:33:05 +0200] "GET / HTTP/1.1" 200 1155 "-" "Mozilla/5.0 (Windows; U; Windows NT 6.1; WOW64; en-US; rv:2.0.4) Gecko/20120718 AskTbAVR-IDW/3.12.5.17700 Firefox/14.0.1"
157.55.33.84 - - [04/Oct/2013:00:33:51 +0200] "GET /robots.txt HTTP/1.1" 404 288 "-" "Mozilla/5.0 (compatible; bingbot/2.0; +http://www.bing.com/bingbot.htm)"
195.56.55.225 - - [04/Oct/2013:00:34:08 +0200] "GET /test.html HTTP/1.1" 200 56 "-" "monit/4.6"
66.249.75.185 - - [04/Oct/2013:00:35:23 +0200] "GET /robots.txt HTTP/1.1" 404 305 "-" "Mozilla/5.0 (compatible; Googlebot/2.1; +http://www.google.com/bot.html)"
66.249.75.185 - - [04/Oct/2013:00:35:24 +0200] "GET / HTTP/1.1" 200 1155 "-" "Mozilla/5.0 (compatible; Googlebot/2.1; +http://www.google.com/bot.html)"
195.56.55.225 - - [04/Oct/2013:00:36:10 +0200] "GET /test.html HTTP/1.1" 200 56 "-" "monit/4.6"
195.56.55.225 - - [04/Oct/2013:00:38:12 +0200] "GET /test.html HTTP/1.1" 200 56 "-" "monit/4.6"
157.55.33.84 - - [04/Oct/2013:00:39:21 +0200] "GET /img_upload/cb39111eba7a31c9c0e48686fa8e3c87/1996_Pitvarosi_pusztak.pdf HTTP/1.1" 404 348 "-" "Mozilla/5.0 (compatible; bingbot/2.0; +http://www.bing.com/bingbot.htm)"
195.56.55.225 - - [04/Oct/2013:00:40:14 +0200] "GET /test.html HTTP/1.1" 200 56 "-" "monit/4.6"
195.70.55.211 - - [04/Oct/2013:00:40:58 +0200] "HEAD / HTTP/1.1" 200 0 "-" "libwww-perl/5.834"
72.14.199.132 - - [04/Oct/2013:00:42:00 +0200] "GET / HTTP/1.1" 200 1155 "-" "Feedfetcher-Google; (+http://www.google.com/feedfetcher.html; 1 subscribers; feed-id=849169264004692768)"
195.56.55.225 - - [04/Oct/2013:00:42:16 +0200] "GET /test.html HTTP/1.1" 200 56 "-" "monit/4.6"
195.56.55.225 - - [04/Oct/2013:00:44:19 +0200] "GET /test.html HTTP/1.1" 200 56 "-" "monit/4.6"
66.249.75.213 - - [04/Oct/2013:00:45:51 +0200] "GET /robots.txt HTTP/1.1" 404 296 "-" "Mozilla/5.0 (compatible; Googlebot/2.1; +http://www.google.com/bot.html)"
195.56.55.225 - - [04/Oct/2013:00:46:21 +0200] "GET /test.html HTTP/1.1" 200 56 "-" "monit/4.6"
195.56.55.225 - - [04/Oct/2013:00:48:23 +0200] "GET /test.html HTTP/1.1" 200 56 "-" "monit/4.6"
37.140.141.5 - - [04/Oct/2013:00:49:42 +0200] "GET / HTTP/1.1" 200 1155 "-" "Mozilla/5.0 (compatible; YandexBot/3.0; +http://yandex.com/bots)"
195.56.55.225 - - [04/Oct/2013:00:50:25 +0200] "GET /test.html HTTP/1.1" 200 56 "-" "monit/4.6"
91.232.96.36 - - [04/Oct/2013:00:51:25 +0200] "GET /forum_attac.php3?id_article=983&retour=cikk.php3%3Fid_article%3D983 HTTP/1.1" 404 292 "-" "Mozilla/4.0 (compatible; MSIE 6.0; Windows NT 5.1; SV1)"
37.140.141.5 - - [04/Oct/2013:00:51:25 +0200] "GET / HTTP/1.1" 200 1155 "-" "Mozilla/5.0 (compatible; YandexBot/3.0; +http://yandex.com/bots)"
37.140.141.5 - - [04/Oct/2013:00:51:26 +0200] "GET / HTTP/1.1" 200 1155 "-" "Mozilla/5.0 (compatible; YandexBot/3.0; +http://yandex.com/bots)"
195.56.55.225 - - [04/Oct/2013:00:52:28 +0200] "GET /test.html HTTP/1.1" 200 56 "-" "monit/4.6"
5.10.83.38 - - [04/Oct/2013:00:53:32 +0200] "GET /cikk.php3?id_article=122 HTTP/1.1" 404 285 "-" "Mozilla/5.0 (compatible; AhrefsBot/5.0; +http://ahrefs.com/robot/)"
195.56.55.225 - - [04/Oct/2013:00:54:30 +0200] "GET /test.html HTTP/1.1" 200 56 "-" "monit/4.6"
195.56.55.225 - - [04/Oct/2013:00:56:32 +0200] "GET /test.html HTTP/1.1" 200 56 "-" "monit/4.6"
195.56.55.225 - - [04/Oct/2013:00:58:34 +0200] "GET /test.html HTTP/1.1" 200 56 "-" "monit/4.6"
195.56.55.225 - - [04/Oct/2013:01:00:37 +0200] "GET /test.html HTTP/1.1" 200 56 "-" "monit/4.6"
195.56.55.225 - - [04/Oct/2013:01:02:39 +0200] "GET /test.html HTTP/1.1" 200 56 "-" "monit/4.6"
195.56.55.225 - - [04/Oct/2013:01:04:41 +0200] "GET /test.html HTTP/1.1" 200 56 "-" "monit/4.6"
195.56.55.225 - - [04/Oct/2013:01:06:43 +0200] "GET /test.html HTTP/1.1" 200 56 "-" "monit/4.6"
195.56.55.225 - - [04/Oct/2013:01:08:45 +0200] "GET /test.html HTTP/1.1" 200 56 "-" "monit/4.6"
195.56.55.225 - - [04/Oct/2013:01:10:47 +0200] "GET /test.html HTTP/1.1" 200 56 "-" "monit/4.6"
195.56.55.225 - - [04/Oct/2013:01:12:49 +0200] "GET /test.html HTTP/1.1" 200 56 "-" "monit/4.6"
91.232.96.36 - - [04/Oct/2013:01:14:19 +0200] "GET /forum_attac.php3?id_article=983&retour=cikk.php3%3Fid_article%3D983 HTTP/1.1" 404 292 "-" "Mozilla/4.0 (compatible; MSIE 6.0; Windows NT 5.1; SV1)"
157.56.93.186 - - [04/Oct/2013:01:14:40 +0200] "GET /robots.txt HTTP/1.1" 404 285 "-" "Mozilla/5.0 (compatible; bingbot/2.0; +http://www.bing.com/bingbot.htm)"
157.55.35.78 - - [04/Oct/2013:01:15:01 +0200] "GET /robots.txt HTTP/1.1" 404 285 "-" "Mozilla/5.0 (compatible; bingbot/2.0; +http://www.bing.com/bingbot.htm)"
195.56.55.225 - - [04/Oct/2013:01:15:10 +0200] "GET /test.html HTTP/1.1" 200 56 "-" "monit/4.6"
157.56.93.186 - - [04/Oct/2013:01:16:05 +0200] "GET / HTTP/1.1" 200 1155 "-" "Mozilla/5.0 (compatible; bingbot/2.0; +http://www.bing.com/bingbot.htm)"
195.56.55.225 - - [04/Oct/2013:01:17:12 +0200] "GET /test.html HTTP/1.1" 200 56 "-" "monit/4.6"
195.56.55.225 - - [04/Oct/2013:01:19:14 +0200] "GET /test.html HTTP/1.1" 200 56 "-" "monit/4.6"
195.56.55.225 - - [04/Oct/2013:01:21:16 +0200] "GET /test.html HTTP/1.1" 200 56 "-" "monit/4.6"
195.56.55.225 - - [04/Oct/2013:01:23:18 +0200] "GET /test.html HTTP/1.1" 200 56 "-" "monit/4.6"
195.56.55.225 - - [04/Oct/2013:01:25:20 +0200] "GET /test.html HTTP/1.1" 200 56 "-" "monit/4.6"
184.73.6.112 - - [04/Oct/2013:01:25:50 +0200] "GET /robots.txt HTTP/1.1" 404 292 "-" "ShopWiki/1.0 ( +http://www.shopwiki.com/wiki/Help:Bot)"
184.73.6.112 - - [04/Oct/2013:01:25:50 +0200] "GET / HTTP/1.1" 200 1155 "-" "ShopWiki/1.0 ( +http://www.shopwiki.com/wiki/Help:Bot)"
195.56.55.225 - - [04/Oct/2013:01:27:22 +0200] "GET /test.html HTTP/1.1" 200 56 "-" "monit/4.6"
157.55.35.78 - - [04/Oct/2013:01:28:42 +0200] "GET / HTTP/1.1" 200 1155 "-" "Mozilla/5.0 (compatible; bingbot/2.0; +http://www.bing.com/bingbot.htm)"
195.56.55.225 - - [04/Oct/2013:01:29:25 +0200] "GET /test.html HTTP/1.1" 200 56 "-" "monit/4.6"
195.56.55.225 - - [04/Oct/2013:01:31:27 +0200] "GET /test.html HTTP/1.1" 200 56 "-" "monit/4.6"
195.56.55.225 - - [04/Oct/2013:01:33:29 +0200] "GET /test.html HTTP/1.1" 200 56 "-" "monit/4.6"
195.56.55.225 - - [04/Oct/2013:01:35:31 +0200] "GET /test.html HTTP/1.1" 200 56 "-" "monit/4.6"
27.159.217.248 - - [04/Oct/2013:01:36:28 +0200] "-" 408 - "-" "-"
91.232.96.36 - - [04/Oct/2013:01:37:25 +0200] "GET /forum_attac.php3?id_article=983&retour=cikk.php3%3Fid_article%3D983 HTTP/1.1" 404 292 "-" "Mozilla/4.0 (compatible; MSIE 6.0; Windows NT 5.1; SV1)"
195.56.55.225 - - [04/Oct/2013:01:37:33 +0200] "GET /test.html HTTP/1.1" 200 56 "-" "monit/4.6"
159.149.133.250 - - [04/Oct/2013:01:39:00 +0200] "GET /robots.txt HTTP/1.1" 404 286 "-" "BUbiNG (+http://law.di.unimi.it/BUbiNG.html)"
159.149.133.250 - - [04/Oct/2013:01:39:00 +0200] "GET /cikk.php3?id_article=1112 HTTP/1.1" 404 285 "-" "BUbiNG (+http://law.di.unimi.it/BUbiNG.html)"
195.56.55.225 - - [04/Oct/2013:01:39:35 +0200] "GET /test.html HTTP/1.1" 200 56 "-" "monit/4.6"
195.56.55.225 - - [04/Oct/2013:01:41:37 +0200] "GET /test.html HTTP/1.1" 200 56 "-" "monit/4.6"
195.56.55.225 - - [04/Oct/2013:01:43:39 +0200] "GET /test.html HTTP/1.1" 200 56 "-" "monit/4.6"
195.56.55.225 - - [04/Oct/2013:01:45:41 +0200] "GET /test.html HTTP/1.1" 200 56 "-" "monit/4.6"
66.249.75.132 - - [04/Oct/2013:01:47:43 +0200] "GET /cikk.php3?id_article=867 HTTP/1.1" 404 285 "-" "Mozilla/5.0 (compatible; Googlebot/2.1; +http://www.google.com/bot.html)"
195.56.55.225 - - [04/Oct/2013:01:47:43 +0200] "GET /test.html HTTP/1.1" 200 56 "-" "monit/4.6"
69.175.69.242 - - [04/Oct/2013:01:47:48 +0200] "GET /cikk.php3?id_article=1031 HTTP/1.1" 404 285 "http://www.dulichnhatrang.us/cung-mua-nhung-dieu-can-biet-khi-nhung-ban-nam-di-chon-thoi-trang/" "Mozilla/4.0 (compatible; MSIE 7.0; Windows NT 5.1; .NET CLR 1.1.4322; .NET CLR 2.0.50727; .NET CLR 3.0.04506.30)"
195.56.55.225 - - [04/Oct/2013:01:49:46 +0200] "GET /test.html HTTP/1.1" 200 56 "-" "monit/4.6"
195.56.55.225 - - [04/Oct/2013:01:51:48 +0200] "GET /test.html HTTP/1.1" 200 56 "-" "monit/4.6"
37.140.141.5 - - [04/Oct/2013:01:52:48 +0200] "GET /robots.txt HTTP/1.1" 404 299 "-" "Mozilla/5.0 (compatible; YandexBot/3.0; +http://yandex.com/bots)"
37.140.141.5 - - [04/Oct/2013:01:53:01 +0200] "GET /robots.txt HTTP/1.1" 404 296 "-" "Mozilla/5.0 (compatible; YandexBot/3.0; +http://yandex.com/bots)"
37.140.141.5 - - [04/Oct/2013:01:53:01 +0200] "GET /robots.txt HTTP/1.1" 404 294 "-" "Mozilla/5.0 (compatible; YandexBot/3.0; +http://yandex.com/bots)"
37.140.141.5 - - [04/Oct/2013:01:53:02 +0200] "GET /robots.txt HTTP/1.1" 404 287 "-" "Mozilla/5.0 (compatible; YandexBot/3.0; +http://yandex.com/bots)"
37.140.141.5 - - [04/Oct/2013:01:53:03 +0200] "GET /robots.txt HTTP/1.1" 404 307 "-" "Mozilla/5.0 (compatible; YandexBot/3.0; +http://yandex.com/bots)"
195.56.55.225 - - [04/Oct/2013:01:53:50 +0200] "GET /test.html HTTP/1.1" 200 56 "-" "monit/4.6"
5.10.83.38 - - [04/Oct/2013:01:54:18 +0200] "GET /breve.php3?id_breve=172 HTTP/1.1" 404 286 "-" "Mozilla/5.0 (compatible; AhrefsBot/5.0; +http://ahrefs.com/robot/)"
195.56.55.225 - - [04/Oct/2013:01:55:52 +0200] "GET /test.html HTTP/1.1" 200 56 "-" "monit/4.6"
195.56.55.225 - - [04/Oct/2013:01:57:54 +0200] "GET /test.html HTTP/1.1" 200 56 "-" "monit/4.6"
75.85.218.66 - - [04/Oct/2013:01:59:03 +0200] "-" 408 - "-" "-"
195.56.55.225 - - [04/Oct/2013:01:59:56 +0200] "GET /test.html HTTP/1.1" 200 56 "-" "monit/4.6"
193.105.210.226 - - [04/Oct/2013:02:01:41 +0200] "-" 408 - "-" "-"
195.56.55.225 - - [04/Oct/2013:02:01:59 +0200] "GET /test.html HTTP/1.1" 200 56 "-" "monit/4.6"
193.105.210.226 - - [04/Oct/2013:02:02:26 +0200] "-" 408 - "-" "-"
5.10.83.38 - - [04/Oct/2013:02:02:33 +0200] "GET /inter-feszkek/biogazdalkodas/ HTTP/1.1" 404 304 "-" "Mozilla/5.0 (compatible; AhrefsBot/5.0; +http://ahrefs.com/robot/)"
195.56.55.225 - - [04/Oct/2013:02:04:01 +0200] "GET /test.html HTTP/1.1" 200 56 "-" "monit/4.6"
195.56.55.225 - - [04/Oct/2013:02:06:04 +0200] "GET /test.html HTTP/1.1" 200 56 "-" "monit/4.6"
195.56.55.225 - - [04/Oct/2013:02:08:07 +0200] "GET /test.html HTTP/1.1" 200 56 "-" "monit/4.6"
195.56.55.225 - - [04/Oct/2013:02:10:09 +0200] "GET /test.html HTTP/1.1" 200 56 "-" "monit/4.6"
195.56.55.225 - - [04/Oct/2013:02:12:11 +0200] "GET /test.html HTTP/1.1" 200 56 "-" "monit/4.6"
195.56.55.225 - - [04/Oct/2013:02:14:13 +0200] "GET /test.html HTTP/1.1" 200 56 "-" "monit/4.6"
195.56.55.225 - - [04/Oct/2013:02:16:15 +0200] "GET /test.html HTTP/1.1" 200 56 "-" "monit/4.6"
198.100.144.195 - - [04/Oct/2013:02:17:06 +0200] "GET /forum_attac.php3?id_article=81&retour=cikk.php3%25253Fid_article%25253D81 HTTP/1.0" 404 280 "http://attac.zpok.hu/forum_attac.php3?id_article=81&retour=cikk.php3%25253Fid_article%25253D81" "Mozilla/5.0 (Windows NT 6.1; WOW64) AppleWebKit/537.4 (KHTML, like Gecko) Chrome/22.0.1229.92 Safari/537.4"
198.100.144.195 - - [04/Oct/2013:02:17:06 +0200] "GET / HTTP/1.0" 200 1155 "http://attac.zpok.hu/" "Mozilla/5.0 (Windows NT 6.1; WOW64) AppleWebKit/537.4 (KHTML, like Gecko) Chrome/22.0.1229.92 Safari/537.4"
195.56.55.225 - - [04/Oct/2013:02:18:17 +0200] "GET /test.html HTTP/1.1" 200 56 "-" "monit/4.6"
195.56.55.225 - - [04/Oct/2013:02:20:19 +0200] "GET /test.html HTTP/1.1" 200 56 "-" "monit/4.6"
195.56.55.225 - - [04/Oct/2013:02:22:21 +0200] "GET /test.html HTTP/1.1" 200 56 "-" "monit/4.6"
195.56.55.225 - - [04/Oct/2013:02:24:24 +0200] "GET /test.html HTTP/1.1" 200 56 "-" "monit/4.6"
195.56.55.225 - - [04/Oct/2013:02:26:26 +0200] "GET /test.html HTTP/1.1" 200 56 "-" "monit/4.6"
195.56.55.225 - - [04/Oct/2013:02:28:28 +0200] "GET /test.html HTTP/1.1" 200 56 "-" "monit/4.6"
195.56.55.225 - - [04/Oct/2013:02:30:30 +0200] "GET /test.html HTTP/1.1" 200 56 "-" "monit/4.6"
195.56.55.225 - - [04/Oct/2013:02:32:32 +0200] "GET /test.html HTTP/1.1" 200 56 "-" "monit/4.6"
195.56.55.225 - - [04/Oct/2013:02:34:36 +0200] "GET /test.html HTTP/1.1" 200 56 "-" "monit/4.6"
195.56.55.225 - - [04/Oct/2013:02:36:38 +0200] "GET /test.html HTTP/1.1" 200 56 "-" "monit/4.6"
195.56.55.225 - - [04/Oct/2013:02:38:43 +0200] "GET /test.html HTTP/1.1" 200 56 "-" "monit/4.6"
193.105.210.226 - - [04/Oct/2013:02:38:45 +0200] "-" 408 - "-" "-"
195.56.55.225 - - [04/Oct/2013:02:40:45 +0200] "GET /test.html HTTP/1.1" 200 56 "-" "monit/4.6"
195.56.55.225 - - [04/Oct/2013:02:42:47 +0200] "GET /test.html HTTP/1.1" 200 56 "-" "monit/4.6"
195.56.55.225 - - [04/Oct/2013:02:44:49 +0200] "GET /test.html HTTP/1.1" 200 56 "-" "monit/4.6"
195.56.55.225 - - [04/Oct/2013:02:46:52 +0200] "GET /test.html HTTP/1.1" 200 56 "-" "monit/4.6"
66.249.75.183 - - [04/Oct/2013:02:48:35 +0200] "GET /robots.txt HTTP/1.1" 404 290 "-" "Mozilla/5.0 (compatible; Googlebot/2.1; +http://www.google.com/bot.html)"
195.56.55.225 - - [04/Oct/2013:02:48:54 +0200] "GET /test.html HTTP/1.1" 200 56 "-" "monit/4.6"
157.55.33.84 - - [04/Oct/2013:02:49:23 +0200] "GET /robots.txt HTTP/1.1" 404 288 "-" "Mozilla/5.0 (compatible; bingbot/2.0; +http://www.bing.com/bingbot.htm)"
195.56.55.225 - - [04/Oct/2013:02:50:56 +0200] "GET /test.html HTTP/1.1" 200 56 "-" "monit/4.6"
157.55.33.84 - - [04/Oct/2013:02:51:06 +0200] "GET /img_upload/cb39111eba7a31c9c0e48686fa8e3c87/Tisza_k%C3%83%C2%B6nyv_teljes_2.pdf HTTP/1.1" 404 349 "-" "Mozilla/5.0 (compatible; bingbot/2.0; +http://www.bing.com/bingbot.htm)"
5.10.83.38 - - [04/Oct/2013:02:51:08 +0200] "GET /cikk.php3?id_article=146 HTTP/1.1" 404 285 "-" "Mozilla/5.0 (compatible; AhrefsBot/5.0; +http://ahrefs.com/robot/)"
222.178.10.252 - - [04/Oct/2013:02:52:02 +0200] "POST /forum_attac.php3?id_article=710&retour=cikk HTTP/1.0" 404 280 "http://attac.zpok.hu/forum_attac.php3?id_article=710&retour=cikk" "Mozilla/4.0 (compatible; MSIE 6.0; Windows NT 5.1; SV1)"
183.136.146.110 - - [04/Oct/2013:02:52:04 +0200] "POST /forum_attac.php3?id_article=710&retour=cikk HTTP/1.1" 404 292 "http://attac.zpok.hu/forum_attac.php3?id_article=710&retour=cikk" "Mozilla/4.0 (compatible; MSIE 6.0; Windows NT 5.1; SV1)"
195.56.55.225 - - [04/Oct/2013:02:52:58 +0200] "GET /test.html HTTP/1.1" 200 56 "-" "monit/4.6"
195.56.55.225 - - [04/Oct/2013:02:55:00 +0200] "GET /test.html HTTP/1.1" 200 56 "-" "monit/4.6"
66.249.75.122 - - [04/Oct/2013:02:55:29 +0200] "GET /robots.txt HTTP/1.1" 404 309 "-" "Mozilla/5.0 (compatible; Googlebot/2.1; +http://www.google.com/bot.html)"
195.56.55.225 - - [04/Oct/2013:02:57:02 +0200] "GET /test.html HTTP/1.1" 200 56 "-" "monit/4.6"
195.56.55.225 - - [04/Oct/2013:02:59:04 +0200] "GET /test.html HTTP/1.1" 200 56 "-" "monit/4.6"
195.56.55.225 - - [04/Oct/2013:03:01:06 +0200] "GET /test.html HTTP/1.1" 200 56 "-" "monit/4.6"
195.56.55.225 - - [04/Oct/2013:03:03:08 +0200] "GET /test.html HTTP/1.1" 200 56 "-" "monit/4.6"
195.56.55.225 - - [04/Oct/2013:03:05:10 +0200] "GET /test.html HTTP/1.1" 200 56 "-" "monit/4.6"
195.56.55.225 - - [04/Oct/2013:03:07:15 +0200] "GET /test.html HTTP/1.1" 200 56 "-" "monit/4.6"
195.56.55.225 - - [04/Oct/2013:03:09:17 +0200] "GET /test.html HTTP/1.1" 200 56 "-" "monit/4.6"
37.140.141.5 - - [04/Oct/2013:03:09:30 +0200] "GET / HTTP/1.1" 200 1155 "-" "Mozilla/5.0 (compatible; YandexBot/3.0; +http://yandex.com/bots)"
37.140.141.5 - - [04/Oct/2013:03:09:31 +0200] "GET / HTTP/1.1" 200 1155 "-" "Mozilla/5.0 (compatible; YandexBot/3.0; +http://yandex.com/bots)"
37.140.141.5 - - [04/Oct/2013:03:09:36 +0200] "GET / HTTP/1.1" 200 1155 "-" "Mozilla/5.0 (compatible; YandexBot/3.0; +http://yandex.com/bots)"
208.115.111.71 - - [04/Oct/2013:03:09:44 +0200] "GET /robots.txt HTTP/1.1" 404 285 "-" "Mozilla/5.0 (compatible; Ezooms/1.0; ezooms.bot@gmail.com)"
169.234.149.224 - - [04/Oct/2013:03:10:01 +0200] "-" 408 - "-" "-"
169.234.149.224 - - [04/Oct/2013:03:10:01 +0200] "-" 408 - "-" "-"
169.234.149.224 - - [04/Oct/2013:03:10:01 +0200] "-" 408 - "-" "-"
195.56.55.225 - - [04/Oct/2013:03:11:19 +0200] "GET /test.html HTTP/1.1" 200 56 "-" "monit/4.6"
157.55.35.99 - - [04/Oct/2013:03:11:36 +0200] "GET /robots.txt HTTP/1.1" 404 290 "-" "Mozilla/5.0 (compatible; bingbot/2.0; +http://www.bing.com/bingbot.htm)"
195.56.55.225 - - [04/Oct/2013:03:13:21 +0200] "GET /test.html HTTP/1.1" 200 56 "-" "monit/4.6"
157.55.35.99 - - [04/Oct/2013:03:13:52 +0200] "GET / HTTP/1.1" 200 1155 "-" "Mozilla/5.0 (compatible; bingbot/2.0; +http://www.bing.com/bingbot.htm)"
195.56.55.225 - - [04/Oct/2013:03:15:23 +0200] "GET /test.html HTTP/1.1" 200 56 "-" "monit/4.6"
193.105.210.226 - - [04/Oct/2013:03:15:48 +0200] "-" 408 - "-" "-"
180.76.5.181 - - [04/Oct/2013:03:17:00 +0200] "GET /robots.txt HTTP/1.1" 404 285 "-" "Mozilla/5.0 (Windows NT 5.1; rv:6.0.2) Gecko/20100101 Firefox/6.0.2"
195.56.55.225 - - [04/Oct/2013:03:17:25 +0200] "GET /test.html HTTP/1.1" 200 56 "-" "monit/4.6"
212.7.196.79 - - [04/Oct/2013:03:18:35 +0200] "GET / HTTP/1.1" 200 1155 "-" "Mozilla/5.0 (Windows; U; Windows NT 6.1; WOW64; en-US; rv:2.0.4) Gecko/20120718 AskTbAVR-IDW/3.12.5.17700 Firefox/14.0.1"
195.56.55.225 - - [04/Oct/2013:03:19:27 +0200] "GET /test.html HTTP/1.1" 200 56 "-" "monit/4.6"
195.56.55.225 - - [04/Oct/2013:03:21:29 +0200] "GET /test.html HTTP/1.1" 200 56 "-" "monit/4.6"
195.56.55.225 - - [04/Oct/2013:03:23:32 +0200] "GET /test.html HTTP/1.1" 200 56 "-" "monit/4.6"
195.56.55.225 - - [04/Oct/2013:03:25:34 +0200] "GET /test.html HTTP/1.1" 200 56 "-" "monit/4.6"
195.56.55.225 - - [04/Oct/2013:03:27:36 +0200] "GET /test.html HTTP/1.1" 200 56 "-" "monit/4.6"
157.55.33.84 - - [04/Oct/2013:03:27:46 +0200] "GET /robots.txt HTTP/1.1" 404 292 "-" "Mozilla/5.0 (compatible; bingbot/2.0; +http://www.bing.com/bingbot.htm)"
157.55.33.84 - - [04/Oct/2013:03:28:21 +0200] "GET /ekd/drupal/files/473_7.pdf HTTP/1.1" 404 308 "-" "Mozilla/5.0 (compatible; bingbot/2.0; +http://www.bing.com/bingbot.htm)"
5.10.83.38 - - [04/Oct/2013:03:29:14 +0200] "GET /IMG/arton482.jpg HTTP/1.1" 404 292 "-" "Mozilla/5.0 (compatible; AhrefsBot/5.0; +http://ahrefs.com/robot/)"
195.56.55.225 - - [04/Oct/2013:03:29:38 +0200] "GET /test.html HTTP/1.1" 200 56 "-" "monit/4.6"
93.159.16.143 - - [04/Oct/2013:03:30:10 +0200] "POST" 405 - "-" "-"
195.56.55.225 - - [04/Oct/2013:03:31:40 +0200] "GET /test.html HTTP/1.1" 200 56 "-" "monit/4.6"
208.115.111.71 - - [04/Oct/2013:03:33:38 +0200] "GET / HTTP/1.1" 200 1155 "-" "Mozilla/5.0 (compatible; Ezooms/1.0; ezooms.bot@gmail.com)"
195.56.55.225 - - [04/Oct/2013:03:33:42 +0200] "GET /test.html HTTP/1.1" 200 56 "-" "monit/4.6"
66.249.75.132 - - [04/Oct/2013:03:33:46 +0200] "GET /cikk.php3?id_article=108 HTTP/1.1" 404 285 "-" "Mozilla/5.0 (compatible; Googlebot/2.1; +http://www.google.com/bot.html)"
195.56.55.225 - - [04/Oct/2013:03:35:44 +0200] "GET /test.html HTTP/1.1" 200 56 "-" "monit/4.6"
195.56.55.225 - - [04/Oct/2013:03:37:46 +0200] "GET /test.html HTTP/1.1" 200 56 "-" "monit/4.6"
195.56.55.225 - - [04/Oct/2013:03:39:48 +0200] "GET /test.html HTTP/1.1" 200 56 "-" "monit/4.6"
195.56.55.225 - - [04/Oct/2013:03:41:51 +0200] "GET /test.html HTTP/1.1" 200 56 "-" "monit/4.6"
72.14.199.132 - - [04/Oct/2013:03:42:09 +0200] "GET / HTTP/1.1" 200 1155 "-" "Feedfetcher-Google; (+http://www.google.com/feedfetcher.html; 1 subscribers; feed-id=849169264004692768)"
182.50.66.67 - - [04/Oct/2013:03:42:43 +0200] "POST /forum_attac.php3?id_article=710&retour=cikk HTTP/1.0" 404 280 "http://attac.zpok.hu/forum_attac.php3?id_article=710&retour=cikk" "Mozilla/4.0 (compatible; MSIE 6.0; Windows NT 5.1; SV1)"
58.20.50.200 - - [04/Oct/2013:03:42:46 +0200] "POST /forum_attac.php3?id_article=710&retour=cikk HTTP/1.0" 404 280 "http://attac.zpok.hu/forum_attac.php3?id_article=710&retour=cikk" "Mozilla/4.0 (compatible; MSIE 6.0; Windows NT 5.1; SV1)"
66.249.75.2 - - [04/Oct/2013:03:43:32 +0200] "GET /robots.txt HTTP/1.1" 404 292 "-" "Mozilla/5.0 (compatible; Googlebot/2.1; +http://www.google.com/bot.html)"
195.56.55.225 - - [04/Oct/2013:03:43:53 +0200] "GET /test.html HTTP/1.1" 200 56 "-" "monit/4.6"
195.56.55.225 - - [04/Oct/2013:03:45:55 +0200] "GET /test.html HTTP/1.1" 200 56 "-" "monit/4.6"
60.168.13.86 - - [04/Oct/2013:03:47:30 +0200] "GET / HTTP/1.0" 200 1155 "http://forum.lmv.hu/" "Opera/9.80 (Windows NT 6.0; U; ru) Presto/2.10.289 Version/12.02"
60.168.13.86 - - [04/Oct/2013:03:47:34 +0200] "GET / HTTP/1.0" 200 1155 "http://forum.lmv.hu/" "Opera/9.80 (Windows NT 6.0) Presto/2.12.388 Version/12.10"
195.56.55.225 - - [04/Oct/2013:03:47:57 +0200] "GET /test.html HTTP/1.1" 200 56 "-" "monit/4.6"
60.168.13.86 - - [04/Oct/2013:03:48:02 +0200] "GET / HTTP/1.0" 200 1155 "http://forum.lmv.hu/" "Mozilla/5.0 (Windows NT 6.1; WOW64; rv:14.0) Gecko/20100101 Firefox/14.0.1"
180.76.5.100 - - [04/Oct/2013:03:48:23 +0200] "GET /robots.txt HTTP/1.1" 404 286 "-" "Mozilla/5.0 (Windows NT 5.1; rv:6.0.2) Gecko/20100101 Firefox/6.0.2"
195.56.55.225 - - [04/Oct/2013:03:49:59 +0200] "GET /test.html HTTP/1.1" 200 56 "-" "monit/4.6"
195.56.55.225 - - [04/Oct/2013:03:52:01 +0200] "GET /test.html HTTP/1.1" 200 56 "-" "monit/4.6"
195.56.55.225 - - [04/Oct/2013:03:54:03 +0200] "GET /test.html HTTP/1.1" 200 56 "-" "monit/4.6"
195.56.55.225 - - [04/Oct/2013:03:56:06 +0200] "GET /test.html HTTP/1.1" 200 56 "-" "monit/4.6"
195.56.55.225 - - [04/Oct/2013:03:58:08 +0200] "GET /test.html HTTP/1.1" 200 56 "-" "monit/4.6"
195.56.55.225 - - [04/Oct/2013:04:00:10 +0200] "GET /test.html HTTP/1.1" 200 56 "-" "monit/4.6"
144.76.72.214 - - [04/Oct/2013:04:00:15 +0200] "POST" 405 - "-" "-"
37.140.141.5 - - [04/Oct/2013:04:01:40 +0200] "GET / HTTP/1.1" 200 1155 "-" "Mozilla/5.0 (compatible; YandexBot/3.0; +http://yandex.com/bots)"
195.56.55.225 - - [04/Oct/2013:04:02:12 +0200] "GET /test.html HTTP/1.1" 200 56 "-" "monit/4.6"
195.56.55.225 - - [04/Oct/2013:04:04:14 +0200] "GET /test.html HTTP/1.1" 200 56 "-" "monit/4.6"
195.56.55.225 - - [04/Oct/2013:04:06:16 +0200] "GET /test.html HTTP/1.1" 200 56 "-" "monit/4.6"
195.56.55.225 - - [04/Oct/2013:04:08:18 +0200] "GET /test.html HTTP/1.1" 200 56 "-" "monit/4.6"
195.56.55.225 - - [04/Oct/2013:04:10:20 +0200] "GET /test.html HTTP/1.1" 200 56 "-" "monit/4.6"
5.10.83.77 - - [04/Oct/2013:04:10:59 +0200] "GET / HTTP/1.1" 200 1155 "-" "Mozilla/5.0 (compatible; AhrefsBot/5.0; +http://ahrefs.com/robot/)"
195.56.55.225 - - [04/Oct/2013:04:12:22 +0200] "GET /test.html HTTP/1.1" 200 56 "-" "monit/4.6"
195.56.55.225 - - [04/Oct/2013:04:14:24 +0200] "GET /test.html HTTP/1.1" 200 56 "-" "monit/4.6"
195.56.55.225 - - [04/Oct/2013:04:16:27 +0200] "GET /test.html HTTP/1.1" 200 56 "-" "monit/4.6"
204.118.31.2 - - [04/Oct/2013:04:17:04 +0200] "GET / HTTP/1.1" 200 1155 "-" "Mozilla/4.0 (compatible; MSIE 8.0; Windows NT 6.1; Trident/4.0)"
195.56.55.225 - - [04/Oct/2013:04:18:29 +0200] "GET /test.html HTTP/1.1" 200 56 "-" "monit/4.6"
195.56.55.225 - - [04/Oct/2013:04:20:31 +0200] "GET /test.html HTTP/1.1" 200 56 "-" "monit/4.6"
195.56.55.225 - - [04/Oct/2013:04:22:58 +0200] "GET /test.html HTTP/1.1" 200 56 "-" "monit/4.6"
195.56.55.225 - - [04/Oct/2013:04:25:00 +0200] "GET /test.html HTTP/1.1" 200 56 "-" "monit/4.6"
195.56.55.225 - - [04/Oct/2013:04:27:04 +0200] "GET /test.html HTTP/1.1" 200 56 "-" "monit/4.6"
195.56.55.225 - - [04/Oct/2013:04:29:06 +0200] "GET /test.html HTTP/1.1" 200 56 "-" "monit/4.6"
195.56.55.225 - - [04/Oct/2013:04:31:08 +0200] "GET /test.html HTTP/1.1" 200 56 "-" "monit/4.6"
37.140.141.5 - - [04/Oct/2013:04:32:00 +0200] "GET / HTTP/1.1" 200 1155 "-" "Mozilla/5.0 (compatible; YandexBot/3.0; +http://yandex.com/bots)"
195.56.55.225 - - [04/Oct/2013:04:33:11 +0200] "GET /test.html HTTP/1.1" 200 56 "-" "monit/4.6"
195.56.55.225 - - [04/Oct/2013:04:35:13 +0200] "GET /test.html HTTP/1.1" 200 56 "-" "monit/4.6"
195.56.55.225 - - [04/Oct/2013:04:37:15 +0200] "GET /test.html HTTP/1.1" 200 56 "-" "monit/4.6"
195.56.55.225 - - [04/Oct/2013:04:39:17 +0200] "GET /test.html HTTP/1.1" 200 56 "-" "monit/4.6"
195.56.55.225 - - [04/Oct/2013:04:41:19 +0200] "GET /test.html HTTP/1.1" 200 56 "-" "monit/4.6"
61.164.42.147 - - [04/Oct/2013:04:42:57 +0200] "-" 408 - "-" "-"
195.56.55.225 - - [04/Oct/2013:04:43:21 +0200] "GET /test.html HTTP/1.1" 200 56 "-" "monit/4.6"
202.46.61.26 - - [04/Oct/2013:04:44:15 +0200] "GET / HTTP/1.1" 200 1155 "-" "Mozilla/4.0 (compatible; MSIE 7.0; Windows NT 6.0)"
119.63.193.195 - - [04/Oct/2013:04:44:25 +0200] "GET / HTTP/1.1" 200 1155 "-" "Mozilla/4.0 (compatible; MSIE 7.0; Windows NT 6.0)"
195.56.55.225 - - [04/Oct/2013:04:45:23 +0200] "GET /test.html HTTP/1.1" 200 56 "-" "monit/4.6"
195.56.55.225 - - [04/Oct/2013:04:47:25 +0200] "GET /test.html HTTP/1.1" 200 56 "-" "monit/4.6"
195.56.55.225 - - [04/Oct/2013:04:49:27 +0200] "GET /test.html HTTP/1.1" 200 56 "-" "monit/4.6"
195.56.55.225 - - [04/Oct/2013:04:51:29 +0200] "GET /test.html HTTP/1.1" 200 56 "-" "monit/4.6"
195.56.55.225 - - [04/Oct/2013:04:53:31 +0200] "GET /test.html HTTP/1.1" 200 56 "-" "monit/4.6"
195.56.55.225 - - [04/Oct/2013:04:55:33 +0200] "GET /test.html HTTP/1.1" 200 56 "-" "monit/4.6"
195.56.55.225 - - [04/Oct/2013:04:57:37 +0200] "GET /test.html HTTP/1.1" 200 56 "-" "monit/4.6"
5.10.83.38 - - [04/Oct/2013:04:57:48 +0200] "GET /node/98 HTTP/1.1" 404 291 "-" "Mozilla/5.0 (compatible; AhrefsBot/5.0; +http://ahrefs.com/robot/)"
5.10.83.38 - - [04/Oct/2013:04:57:59 +0200] "GET /cikk.php3?id_article=298 HTTP/1.1" 404 285 "-" "Mozilla/5.0 (compatible; AhrefsBot/5.0; +http://ahrefs.com/robot/)"
195.56.55.225 - - [04/Oct/2013:04:59:58 +0200] "GET /test.html HTTP/1.1" 200 56 "-" "monit/4.6"
195.56.55.225 - - [04/Oct/2013:05:02:07 +0200] "GET /test.html HTTP/1.1" 200 56 "-" "monit/4.6"
195.56.55.225 - - [04/Oct/2013:05:04:09 +0200] "GET /test.html HTTP/1.1" 200 56 "-" "monit/4.6"
157.55.32.77 - - [04/Oct/2013:05:04:11 +0200] "GET /robots.txt HTTP/1.1" 404 290 "-" "Mozilla/5.0 (compatible; bingbot/2.0; +http://www.bing.com/bingbot.htm)"
157.55.32.77 - - [04/Oct/2013:05:04:39 +0200] "GET /cikk.php3?id_article=696 HTTP/1.1" 404 289 "-" "Mozilla/5.0 (compatible; bingbot/2.0; +http://www.bing.com/bingbot.htm)"
195.56.55.225 - - [04/Oct/2013:05:06:13 +0200] "GET /test.html HTTP/1.1" 200 56 "-" "monit/4.6"
37.140.141.5 - - [04/Oct/2013:05:06:14 +0200] "GET / HTTP/1.1" 200 1155 "-" "Mozilla/5.0 (compatible; YandexBot/3.0; +http://yandex.com/bots)"
195.56.55.225 - - [04/Oct/2013:05:08:15 +0200] "GET /test.html HTTP/1.1" 200 56 "-" "monit/4.6"
89.44.80.50 - - [04/Oct/2013:05:08:55 +0200] "GET /w00tw00t.at.ISC.SANS.Win32:) HTTP/1.1" 400 401 "-" "-"
89.44.80.50 - - [04/Oct/2013:05:08:55 +0200] "GET /w00tw00t.at.ISC.SANS.Win32:) HTTP/1.1" 400 401 "-" "-"
195.56.55.225 - - [04/Oct/2013:05:10:17 +0200] "GET /test.html HTTP/1.1" 200 56 "-" "monit/4.6"
195.56.55.225 - - [04/Oct/2013:05:12:19 +0200] "GET /test.html HTTP/1.1" 200 56 "-" "monit/4.6"
195.56.55.225 - - [04/Oct/2013:05:14:21 +0200] "GET /test.html HTTP/1.1" 200 56 "-" "monit/4.6"
195.56.55.225 - - [04/Oct/2013:05:16:23 +0200] "GET /test.html HTTP/1.1" 200 56 "-" "monit/4.6"
195.56.55.225 - - [04/Oct/2013:05:18:26 +0200] "GET /test.html HTTP/1.1" 200 56 "-" "monit/4.6"
195.56.55.225 - - [04/Oct/2013:05:20:28 +0200] "GET /test.html HTTP/1.1" 200 56 "-" "monit/4.6"
195.56.55.225 - - [04/Oct/2013:05:22:30 +0200] "GET /test.html HTTP/1.1" 200 56 "-" "monit/4.6"
195.56.55.225 - - [04/Oct/2013:05:24:32 +0200] "GET /test.html HTTP/1.1" 200 56 "-" "monit/4.6"
195.56.55.225 - - [04/Oct/2013:05:26:35 +0200] "GET /test.html HTTP/1.1" 200 56 "-" "monit/4.6"
195.56.55.225 - - [04/Oct/2013:05:28:37 +0200] "GET /test.html HTTP/1.1" 200 56 "-" "monit/4.6"
195.56.55.225 - - [04/Oct/2013:05:30:39 +0200] "GET /test.html HTTP/1.1" 200 56 "-" "monit/4.6"
157.55.35.99 - - [04/Oct/2013:05:31:05 +0200] "GET /robots.txt HTTP/1.1" 404 288 "-" "Mozilla/5.0 (compatible; bingbot/2.0; +http://www.bing.com/bingbot.htm)"
157.55.35.99 - - [04/Oct/2013:05:32:24 +0200] "GET /img_upload/cb39111eba7a31c9c0e48686fa8e3c87/1998_Masodlagos_loszpusztagyepek_crisicum.pdf HTTP/1.1" 404 367 "-" "Mozilla/5.0 (compatible; bingbot/2.0; +http://www.bing.com/bingbot.htm)"
195.56.55.225 - - [04/Oct/2013:05:32:41 +0200] "GET /test.html HTTP/1.1" 200 56 "-" "monit/4.6"
195.56.55.225 - - [04/Oct/2013:05:34:43 +0200] "GET /test.html HTTP/1.1" 200 56 "-" "monit/4.6"
5.9.65.140 - - [04/Oct/2013:05:34:45 +0200] "POST" 405 - "-" "-"
195.56.55.225 - - [04/Oct/2013:05:36:49 +0200] "GET /test.html HTTP/1.1" 200 56 "-" "monit/4.6"
195.56.55.225 - - [04/Oct/2013:05:39:37 +0200] "GET /test.html HTTP/1.1" 200 56 "-" "monit/4.6"
195.56.55.225 - - [04/Oct/2013:05:41:39 +0200] "GET /test.html HTTP/1.1" 200 56 "-" "monit/4.6"
67.193.222.215 - - [04/Oct/2013:05:42:16 +0200] "-" 408 - "-" "-"
212.7.196.79 - - [04/Oct/2013:05:42:35 +0200] "GET / HTTP/1.1" 200 1155 "-" "Mozilla/5.0 (Windows; U; Windows NT 6.1; WOW64; en-US; rv:2.0.4) Gecko/20120718 AskTbAVR-IDW/3.12.5.17700 Firefox/14.0.1"
54.227.39.120 - - [04/Oct/2013:05:43:20 +0200] "POST /forum_attac.php3?id_article=710&retour=cikk HTTP/1.1" 404 292 "http://attac.zpok.hu/forum_attac.php3?id_article=710&retour=cikk" "Mozilla/4.0 (compatible; MSIE 6.0; Windows NT 5.1; SV1)"
61.55.141.10 - - [04/Oct/2013:05:43:22 +0200] "POST /forum_attac.php3?id_article=710&retour=cikk HTTP/1.0" 404 280 "http://attac.zpok.hu/forum_attac.php3?id_article=710&retour=cikk" "Mozilla/4.0 (compatible; MSIE 6.0; Windows NT 5.1; SV1)"
185.12.110.146 - - [04/Oct/2013:05:43:24 +0200] "POST /forum_attac.php3?id_article=710&retour=cikk HTTP/1.0" 404 280 "http://attac.zpok.hu/forum_attac.php3?id_article=710&retour=cikk" "Mozilla/4.0 (compatible; MSIE 6.0; Windows NT 5.1; SV1)"
195.56.55.225 - - [04/Oct/2013:05:43:41 +0200] "GET /test.html HTTP/1.1" 200 56 "-" "monit/4.6"
195.56.55.225 - - [04/Oct/2013:05:45:43 +0200] "GET /test.html HTTP/1.1" 200 56 "-" "monit/4.6"
195.56.55.225 - - [04/Oct/2013:05:47:45 +0200] "GET /test.html HTTP/1.1" 200 56 "-" "monit/4.6"
195.56.55.225 - - [04/Oct/2013:05:49:47 +0200] "GET /test.html HTTP/1.1" 200 56 "-" "monit/4.6"
77.111.90.197 - - [04/Oct/2013:05:50:43 +0200] "GET /cikk.php3?id_article=495 HTTP/1.1" 404 285 "-" "Mozilla/5.0 (X11; U; Linux i686; en-US; rv:1.9.0.4) Gecko/2008111318 Ubuntu/8.10 (intrepid) Firefox/3.0.4"
195.56.55.225 - - [04/Oct/2013:05:51:51 +0200] "GET /test.html HTTP/1.1" 200 56 "-" "monit/4.6"
195.56.55.225 - - [04/Oct/2013:05:53:53 +0200] "GET /test.html HTTP/1.1" 200 56 "-" "monit/4.6"
66.249.75.78 - - [04/Oct/2013:05:55:36 +0200] "GET /robots.txt HTTP/1.1" 404 285 "-" "Mozilla/5.0 (compatible; Googlebot/2.1; +http://www.google.com/bot.html)"
195.56.55.225 - - [04/Oct/2013:05:55:55 +0200] "GET /test.html HTTP/1.1" 200 56 "-" "monit/4.6"
195.56.55.225 - - [04/Oct/2013:05:57:57 +0200] "GET /test.html HTTP/1.1" 200 56 "-" "monit/4.6"
66.249.75.185 - - [04/Oct/2013:05:58:29 +0200] "GET /robots.txt HTTP/1.1" 404 292 "-" "Mozilla/5.0 (compatible; Googlebot/2.1; +http://www.google.com/bot.html)"
66.249.75.185 - - [04/Oct/2013:05:58:30 +0200] "GET / HTTP/1.1" 200 1155 "-" "SAMSUNG-SGH-E250/1.0 Profile/MIDP-2.0 Configuration/CLDC-1.1 UP.Browser/6.2.3.3.c.1.101 (GUI) MMP/2.0 (compatible; Googlebot-Mobile/2.1; +http://www.google.com/bot.html)"
157.55.35.99 - - [04/Oct/2013:05:59:39 +0200] "GET /robots.txt HTTP/1.1" 404 305 "-" "Mozilla/5.0 (compatible; bingbot/2.0; +http://www.bing.com/bingbot.htm)"
195.56.55.225 - - [04/Oct/2013:05:59:59 +0200] "GET /test.html HTTP/1.1" 200 56 "-" "monit/4.6"
157.55.35.99 - - [04/Oct/2013:06:00:49 +0200] "GET / HTTP/1.1" 200 1155 "-" "Mozilla/5.0 (compatible; bingbot/2.0; +http://www.bing.com/bingbot.htm)"
195.56.55.225 - - [04/Oct/2013:06:02:01 +0200] "GET /test.html HTTP/1.1" 200 56 "-" "monit/4.6"
195.56.55.225 - - [04/Oct/2013:06:04:03 +0200] "GET /test.html HTTP/1.1" 200 56 "-" "monit/4.6"
195.56.55.225 - - [04/Oct/2013:06:06:05 +0200] "GET /test.html HTTP/1.1" 200 56 "-" "monit/4.6"
195.56.55.225 - - [04/Oct/2013:06:08:07 +0200] "GET /test.html HTTP/1.1" 200 56 "-" "monit/4.6"
195.56.55.225 - - [04/Oct/2013:06:10:09 +0200] "GET /test.html HTTP/1.1" 200 56 "-" "monit/4.6"
195.56.55.225 - - [04/Oct/2013:06:12:11 +0200] "GET /test.html HTTP/1.1" 200 56 "-" "monit/4.6"
193.105.210.226 - - [04/Oct/2013:06:13:55 +0200] "-" 408 - "-" "-"
195.56.55.225 - - [04/Oct/2013:06:14:13 +0200] "GET /test.html HTTP/1.1" 200 56 "-" "monit/4.6"
193.105.210.226 - - [04/Oct/2013:06:14:21 +0200] "-" 408 - "-" "-"
193.105.210.226 - - [04/Oct/2013:06:14:21 +0200] "-" 408 - "-" "-"
88.214.193.210 - - [04/Oct/2013:06:14:34 +0200] "-" 408 - "-" "-"
193.105.210.226 - - [04/Oct/2013:06:14:57 +0200] "-" 408 - "-" "-"
88.214.193.210 - - [04/Oct/2013:06:15:45 +0200] "-" 408 - "-" "-"
195.56.55.225 - - [04/Oct/2013:06:16:15 +0200] "GET /test.html HTTP/1.1" 200 56 "-" "monit/4.6"
195.56.55.225 - - [04/Oct/2013:06:18:17 +0200] "GET /test.html HTTP/1.1" 200 56 "-" "monit/4.6"
212.138.92.17 - - [04/Oct/2013:06:20:16 +0200] "POST /forum_attac.php3?id_article=710&retour=cikk HTTP/1.1" 404 292 "http://attac.zpok.hu/forum_attac.php3?id_article=710&retour=cikk" "Mozilla/4.0 (compatible; MSIE 6.0; Windows NT 5.1; SV1)"
195.56.55.225 - - [04/Oct/2013:06:20:19 +0200] "GET /test.html HTTP/1.1" 200 56 "-" "monit/4.6"
60.168.9.103 - - [04/Oct/2013:06:20:55 +0200] "GET / HTTP/1.0" 200 1155 "http://forum.lmv.hu/" "Opera/9.80 (Windows NT 6.0) Presto/2.12.388 Version/12.10"
213.222.165.190 - - [04/Oct/2013:06:21:17 +0200] "-" 408 - "-" "-"
195.56.55.225 - - [04/Oct/2013:06:22:21 +0200] "GET /test.html HTTP/1.1" 200 56 "-" "monit/4.6"
195.56.55.225 - - [04/Oct/2013:06:24:23 +0200] "GET /test.html HTTP/1.1" 200 56 "-" "monit/4.6"
195.56.55.225 - - [04/Oct/2013:06:26:25 +0200] "GET /test.html HTTP/1.1" 200 56 "-" "monit/4.6"
195.56.55.225 - - [04/Oct/2013:06:28:29 +0200] "GET /test.html HTTP/1.1" 200 56 "-" "monit/4.6"
195.56.55.225 - - [04/Oct/2013:06:30:31 +0200] "GET /test.html HTTP/1.1" 200 56 "-" "monit/4.6"
77.111.90.197 - - [04/Oct/2013:06:31:34 +0200] "GET /cikk.php3?id_article=527 HTTP/1.1" 404 285 "-" "Mozilla/5.0 (X11; U; Linux i686; en-US; rv:1.9.0.4) Gecko/2008111318 Ubuntu/8.10 (intrepid) Firefox/3.0.4"
195.56.55.225 - - [04/Oct/2013:06:32:33 +0200] "GET /test.html HTTP/1.1" 200 56 "-" "monit/4.6"
66.249.75.213 - - [04/Oct/2013:06:34:22 +0200] "GET / HTTP/1.1" 200 1155 "-" "Mozilla/5.0 (iPhone; U; CPU iPhone OS 4_1 like Mac OS X; en-us) AppleWebKit/532.9 (KHTML, like Gecko) Version/4.0.5 Mobile/8B117 Safari/6531.22.7 (compatible; Googlebot-Mobile/2.1; +http://www.google.com/bot.html)"
195.56.55.225 - - [04/Oct/2013:06:34:35 +0200] "GET /test.html HTTP/1.1" 200 56 "-" "monit/4.6"
195.56.55.225 - - [04/Oct/2013:06:36:38 +0200] "GET /test.html HTTP/1.1" 200 56 "-" "monit/4.6"
50.17.7.68 - - [04/Oct/2013:06:37:37 +0200] "GET /robots.txt HTTP/1.1" 404 293 "-" "Mozilla/5.0 (compatible; linkdexbot/2.0; +http://www.linkdex.com/about/bots/)"
50.17.7.68 - - [04/Oct/2013:06:38:33 +0200] "GET /robots.txt HTTP/1.1" 404 293 "-" "Mozilla/5.0 (compatible; linkdexbot/2.0; +http://www.linkdex.com/about/bots/)"
195.56.55.225 - - [04/Oct/2013:06:38:40 +0200] "GET /test.html HTTP/1.1" 200 56 "-" "monit/4.6"
23.20.66.166 - - [04/Oct/2013:06:39:34 +0200] "GET /robots.txt HTTP/1.1" 404 293 "-" "Mozilla/5.0 (compatible; linkdexbot/2.0; +http://www.linkdex.com/about/bots/)"
195.56.55.225 - - [04/Oct/2013:06:40:42 +0200] "GET /test.html HTTP/1.1" 200 56 "-" "monit/4.6"
54.227.138.236 - - [04/Oct/2013:06:41:12 +0200] "GET /robots.txt HTTP/1.1" 404 293 "-" "Mozilla/5.0 (compatible; linkdexbot/2.0; +http://www.linkdex.com/about/bots/)"
31.41.216.99 - - [04/Oct/2013:06:41:44 +0200] "-" 408 - "-" "-"
77.111.90.197 - - [04/Oct/2013:06:41:46 +0200] "GET /cikk.php3?id_article=223 HTTP/1.1" 404 285 "-" "Mozilla/5.0 (X11; U; Linux i686; en-US; rv:1.9.0.4) Gecko/2008111318 Ubuntu/8.10 (intrepid) Firefox/3.0.4"
72.14.199.132 - - [04/Oct/2013:06:42:10 +0200] "GET / HTTP/1.1" 200 1155 "-" "Feedfetcher-Google; (+http://www.google.com/feedfetcher.html; 1 subscribers; feed-id=849169264004692768)"
77.111.90.197 - - [04/Oct/2013:06:42:24 +0200] "GET /cikk.php3?id_article=174 HTTP/1.1" 404 285 "-" "Mozilla/5.0 (X11; U; Linux i686; en-US; rv:1.9.0.4) Gecko/2008111318 Ubuntu/8.10 (intrepid) Firefox/3.0.4"
77.111.90.197 - - [04/Oct/2013:06:42:43 +0200] "GET /hir.php3?id_breve=93 HTTP/1.1" 404 284 "-" "Mozilla/5.0 (X11; U; Linux i686; en-US; rv:1.9.0.4) Gecko/2008111318 Ubuntu/8.10 (intrepid) Firefox/3.0.4"
195.56.55.225 - - [04/Oct/2013:06:42:44 +0200] "GET /test.html HTTP/1.1" 200 56 "-" "monit/4.6"
31.41.216.99 - - [04/Oct/2013:06:42:47 +0200] "-" 408 - "-" "-"
77.111.90.197 - - [04/Oct/2013:06:43:01 +0200] "GET /cikk.php3?id_article=707 HTTP/1.1" 404 285 "-" "Mozilla/5.0 (X11; U; Linux i686; en-US; rv:1.9.0.4) Gecko/2008111318 Ubuntu/8.10 (intrepid) Firefox/3.0.4"
77.111.90.197 - - [04/Oct/2013:06:43:02 +0200] "GET /cikk.php3?id_article=466 HTTP/1.1" 404 285 "-" "Mozilla/5.0 (X11; U; Linux i686; en-US; rv:1.9.0.4) Gecko/2008111318 Ubuntu/8.10 (intrepid) Firefox/3.0.4"
61.55.141.10 - - [04/Oct/2013:06:44:35 +0200] "POST /forum_attac.php3?id_article=710&retour=cikk HTTP/1.0" 404 280 "http://attac.zpok.hu/forum_attac.php3?id_article=710&retour=cikk" "Mozilla/4.0 (compatible; MSIE 6.0; Windows NT 5.1; SV1)"
212.48.65.38 - - [04/Oct/2013:06:44:36 +0200] "POST /forum_attac.php3?id_article=710&retour=cikk HTTP/1.1" 404 292 "-" "Mozilla/4.0 (compatible; MSIE 6.0; Windows NT 5.1; SV1)"
77.111.90.197 - - [04/Oct/2013:06:44:45 +0200] "GET /cikk.php3?id_article=107 HTTP/1.1" 404 285 "-" "Mozilla/5.0 (X11; U; Linux i686; en-US; rv:1.9.0.4) Gecko/2008111318 Ubuntu/8.10 (intrepid) Firefox/3.0.4"
195.56.55.225 - - [04/Oct/2013:06:44:46 +0200] "GET /test.html HTTP/1.1" 200 56 "-" "monit/4.6"
77.111.90.197 - - [04/Oct/2013:06:45:28 +0200] "GET /hir.php3?id_breve=107 HTTP/1.1" 404 284 "-" "Mozilla/5.0 (X11; U; Linux i686; en-US; rv:1.9.0.4) Gecko/2008111318 Ubuntu/8.10 (intrepid) Firefox/3.0.4"
77.111.90.197 - - [04/Oct/2013:06:45:30 +0200] "GET /cikk.php3?id_article=437 HTTP/1.1" 404 285 "-" "Mozilla/5.0 (X11; U; Linux i686; en-US; rv:1.9.0.4) Gecko/2008111318 Ubuntu/8.10 (intrepid) Firefox/3.0.4"
195.56.55.225 - - [04/Oct/2013:06:46:48 +0200] "GET /test.html HTTP/1.1" 200 56 "-" "monit/4.6"
94.21.199.140 - - [04/Oct/2013:06:47:44 +0200] "-" 408 - "-" "-"
199.15.233.138 - - [04/Oct/2013:06:48:38 +0200] "GET / HTTP/1.0" 200 1155 "http://forum.lmv.hu/" "Opera/9.80 (Windows NT 5.1) Presto/2.12.388 Version/12.11"
195.56.55.225 - - [04/Oct/2013:06:48:50 +0200] "GET /test.html HTTP/1.1" 200 56 "-" "monit/4.6"
195.56.55.225 - - [04/Oct/2013:06:50:52 +0200] "GET /test.html HTTP/1.1" 200 56 "-" "monit/4.6"
81.144.138.34 - - [04/Oct/2013:06:51:51 +0200] "GET /robots.txt HTTP/1.1" 404 287 "-" "Wotbox/2.01 (+http://www.wotbox.com/bot/)"
81.144.138.34 - - [04/Oct/2013:06:52:02 +0200] "GET / HTTP/1.1" 200 1155 "-" "Wotbox/2.01 (+http://www.wotbox.com/bot/)"
195.56.55.225 - - [04/Oct/2013:06:52:55 +0200] "GET /test.html HTTP/1.1" 200 56 "-" "monit/4.6"
195.56.55.225 - - [04/Oct/2013:06:54:57 +0200] "GET /test.html HTTP/1.1" 200 56 "-" "monit/4.6"
195.56.55.225 - - [04/Oct/2013:06:56:59 +0200] "GET /test.html HTTP/1.1" 200 56 "-" "monit/4.6"
94.44.252.0 - - [04/Oct/2013:06:57:31 +0200] "-" 408 - "-" "-"
94.44.252.0 - - [04/Oct/2013:06:57:31 +0200] "-" 408 - "-" "-"
195.56.55.225 - - [04/Oct/2013:06:59:01 +0200] "GET /test.html HTTP/1.1" 200 56 "-" "monit/4.6"
195.56.55.225 - - [04/Oct/2013:07:01:03 +0200] "GET /test.html HTTP/1.1" 200 56 "-" "monit/4.6"
195.56.55.225 - - [04/Oct/2013:07:03:05 +0200] "GET /test.html HTTP/1.1" 200 56 "-" "monit/4.6"
195.56.55.225 - - [04/Oct/2013:07:05:07 +0200] "GET /test.html HTTP/1.1" 200 56 "-" "monit/4.6"
195.56.55.225 - - [04/Oct/2013:07:07:09 +0200] "GET /test.html HTTP/1.1" 200 56 "-" "monit/4.6"
208.115.111.71 - - [04/Oct/2013:07:07:44 +0200] "GET /robots.txt HTTP/1.1" 404 289 "-" "Mozilla/5.0 (compatible; Ezooms/1.0; ezooms.bot@gmail.com)"
195.56.55.225 - - [04/Oct/2013:07:09:11 +0200] "GET /test.html HTTP/1.1" 200 56 "-" "monit/4.6"
195.56.55.225 - - [04/Oct/2013:07:11:13 +0200] "GET /test.html HTTP/1.1" 200 56 "-" "monit/4.6"
195.56.55.225 - - [04/Oct/2013:07:13:16 +0200] "GET /test.html HTTP/1.1" 200 56 "-" "monit/4.6"
195.56.55.225 - - [04/Oct/2013:07:15:18 +0200] "GET /test.html HTTP/1.1" 200 56 "-" "monit/4.6"
202.46.54.38 - - [04/Oct/2013:07:16:33 +0200] "GET / HTTP/1.1" 200 1155 "-" "Mozilla/4.0 (compatible; MSIE 7.0; Windows NT 6.0)"
195.56.55.225 - - [04/Oct/2013:07:17:20 +0200] "GET /test.html HTTP/1.1" 200 56 "-" "monit/4.6"
119.63.193.195 - - [04/Oct/2013:07:17:51 +0200] "GET / HTTP/1.1" 200 1155 "-" "Mozilla/4.0 (compatible; MSIE 7.0; Windows NT 6.0)"
195.56.55.225 - - [04/Oct/2013:07:19:22 +0200] "GET /test.html HTTP/1.1" 200 56 "-" "monit/4.6"
66.249.75.174 - - [04/Oct/2013:07:19:54 +0200] "GET /robots.txt HTTP/1.1" 404 284 "-" "Mozilla/5.0 (compatible; Googlebot/2.1; +http://www.google.com/bot.html)"
66.249.75.174 - - [04/Oct/2013:07:19:55 +0200] "GET / HTTP/1.1" 200 1155 "-" "Mozilla/5.0 (compatible; Googlebot/2.1; +http://www.google.com/bot.html)"
195.56.55.225 - - [04/Oct/2013:07:21:24 +0200] "GET /test.html HTTP/1.1" 200 56 "-" "monit/4.6"
195.56.55.225 - - [04/Oct/2013:07:23:26 +0200] "GET /test.html HTTP/1.1" 200 56 "-" "monit/4.6"
88.198.24.173 - - [04/Oct/2013:07:23:44 +0200] "GET /robots.txt HTTP/1.1" 404 290 "-" "ssearch_bot (sSearch Crawler; http://www.semantissimo.de)"
88.198.24.173 - - [04/Oct/2013:07:23:45 +0200] "GET /tevekenysegunk/zolduljunk/okologiai_fogyasztovedelem HTTP/1.1" 404 332 "-" "ssearch_bot (sSearch Crawler; http://www.semantissimo.de)"
66.249.75.98 - - [04/Oct/2013:07:24:48 +0200] "GET /robots.txt HTTP/1.1" 404 290 "-" "Mozilla/5.0 (compatible; Googlebot/2.1; +http://www.google.com/bot.html)"
66.249.75.98 - - [04/Oct/2013:07:24:48 +0200] "GET / HTTP/1.1" 200 1155 "-" "Mozilla/5.0 (compatible; Googlebot/2.1; +http://www.google.com/bot.html)"
66.249.75.135 - - [04/Oct/2013:07:25:12 +0200] "GET /robots.txt HTTP/1.1" 404 299 "-" "Mozilla/5.0 (compatible; Googlebot/2.1; +http://www.google.com/bot.html)"
66.249.75.135 - - [04/Oct/2013:07:25:12 +0200] "GET / HTTP/1.1" 200 1155 "-" "Mozilla/5.0 (compatible; Googlebot/2.1; +http://www.google.com/bot.html)"
195.56.55.225 - - [04/Oct/2013:07:25:28 +0200] "GET /test.html HTTP/1.1" 200 56 "-" "monit/4.6"
66.249.75.240 - - [04/Oct/2013:07:27:14 +0200] "GET /robots.txt HTTP/1.1" 404 291 "-" "Mozilla/5.0 (compatible; Googlebot/2.1; +http://www.google.com/bot.html)"
66.249.75.240 - - [04/Oct/2013:07:27:14 +0200] "GET / HTTP/1.1" 200 1155 "-" "Mozilla/5.0 (compatible; Googlebot/2.1; +http://www.google.com/bot.html)"
195.56.55.225 - - [04/Oct/2013:07:27:35 +0200] "GET /test.html HTTP/1.1" 200 56 "-" "monit/4.6"
66.249.75.216 - - [04/Oct/2013:07:28:27 +0200] "GET /robots.txt HTTP/1.1" 404 287 "-" "Mozilla/5.0 (compatible; Googlebot/2.1; +http://www.google.com/bot.html)"
66.249.75.216 - - [04/Oct/2013:07:28:28 +0200] "GET / HTTP/1.1" 200 1155 "-" "Mozilla/5.0 (compatible; Googlebot/2.1; +http://www.google.com/bot.html)"
193.105.210.226 - - [04/Oct/2013:07:29:20 +0200] "-" 408 - "-" "-"
195.56.55.225 - - [04/Oct/2013:07:29:38 +0200] "GET /test.html HTTP/1.1" 200 56 "-" "monit/4.6"
66.249.75.110 - - [04/Oct/2013:07:30:30 +0200] "GET /robots.txt HTTP/1.1" 404 291 "-" "Mozilla/5.0 (compatible; Googlebot/2.1; +http://www.google.com/bot.html)"
66.249.75.110 - - [04/Oct/2013:07:30:30 +0200] "GET / HTTP/1.1" 200 1155 "-" "Mozilla/5.0 (compatible; Googlebot/2.1; +http://www.google.com/bot.html)"
66.249.75.204 - - [04/Oct/2013:07:30:54 +0200] "GET /robots.txt HTTP/1.1" 404 305 "-" "Mozilla/5.0 (compatible; Googlebot/2.1; +http://www.google.com/bot.html)"
66.249.75.204 - - [04/Oct/2013:07:30:54 +0200] "GET / HTTP/1.1" 200 1155 "-" "Mozilla/5.0 (compatible; Googlebot/2.1; +http://www.google.com/bot.html)"
66.249.75.102 - - [04/Oct/2013:07:31:19 +0200] "GET /robots.txt HTTP/1.1" 404 291 "-" "Mozilla/5.0 (compatible; Googlebot/2.1; +http://www.google.com/bot.html)"
66.249.75.102 - - [04/Oct/2013:07:31:19 +0200] "GET / HTTP/1.1" 200 1155 "-" "Mozilla/5.0 (compatible; Googlebot/2.1; +http://www.google.com/bot.html)"
195.56.55.225 - - [04/Oct/2013:07:31:40 +0200] "GET /test.html HTTP/1.1" 200 56 "-" "monit/4.6"
66.249.75.39 - - [04/Oct/2013:07:31:43 +0200] "GET /robots.txt HTTP/1.1" 404 287 "-" "Mozilla/5.0 (compatible; Googlebot/2.1; +http://www.google.com/bot.html)"
66.249.75.39 - - [04/Oct/2013:07:31:43 +0200] "GET / HTTP/1.1" 200 1155 "-" "Mozilla/5.0 (compatible; Googlebot/2.1; +http://www.google.com/bot.html)"
66.249.75.102 - - [04/Oct/2013:07:33:21 +0200] "GET /robots.txt HTTP/1.1" 404 282 "-" "Mozilla/5.0 (compatible; Googlebot/2.1; +http://www.google.com/bot.html)"
66.249.75.102 - - [04/Oct/2013:07:33:21 +0200] "GET / HTTP/1.1" 200 1155 "-" "Mozilla/5.0 (compatible; Googlebot/2.1; +http://www.google.com/bot.html)"
195.56.55.225 - - [04/Oct/2013:07:33:42 +0200] "GET /test.html HTTP/1.1" 200 56 "-" "monit/4.6"
66.249.75.140 - - [04/Oct/2013:07:34:09 +0200] "GET /robots.txt HTTP/1.1" 404 284 "-" "Mozilla/5.0 (compatible; Googlebot/2.1; +http://www.google.com/bot.html)"
66.249.75.140 - - [04/Oct/2013:07:34:10 +0200] "GET / HTTP/1.1" 200 1155 "-" "Mozilla/5.0 (compatible; Googlebot/2.1; +http://www.google.com/bot.html)"
66.249.75.4 - - [04/Oct/2013:07:35:23 +0200] "GET /robots.txt HTTP/1.1" 404 281 "-" "Mozilla/5.0 (compatible; Googlebot/2.1; +http://www.google.com/bot.html)"
66.249.75.4 - - [04/Oct/2013:07:35:23 +0200] "GET / HTTP/1.1" 200 1155 "-" "Mozilla/5.0 (compatible; Googlebot/2.1; +http://www.google.com/bot.html)"
195.56.55.225 - - [04/Oct/2013:07:35:44 +0200] "GET /test.html HTTP/1.1" 200 56 "-" "monit/4.6"
66.249.75.13 - - [04/Oct/2013:07:35:47 +0200] "GET /robots.txt HTTP/1.1" 404 293 "-" "Mozilla/5.0 (compatible; Googlebot/2.1; +http://www.google.com/bot.html)"
66.249.75.13 - - [04/Oct/2013:07:35:47 +0200] "GET / HTTP/1.1" 200 1155 "-" "Mozilla/5.0 (compatible; Googlebot/2.1; +http://www.google.com/bot.html)"
195.56.55.225 - - [04/Oct/2013:07:37:46 +0200] "GET /test.html HTTP/1.1" 200 56 "-" "monit/4.6"
46.229.160.208 - - [04/Oct/2013:07:37:47 +0200] "GET /evs/19EVS_pecs_abstracts_final version.pdf HTTP/1.1" 400 365 "-" "-"
66.249.75.55 - - [04/Oct/2013:07:38:14 +0200] "GET / HTTP/1.1" 200 1155 "-" "Mozilla/5.0 (compatible; Googlebot/2.1; +http://www.google.com/bot.html)"
208.115.111.71 - - [04/Oct/2013:07:38:20 +0200] "GET /eghajlati_menekultek_051128 HTTP/1.1" 404 306 "-" "Mozilla/5.0 (compatible; Ezooms/1.0; ezooms.bot@gmail.com)"
66.249.75.146 - - [04/Oct/2013:07:39:03 +0200] "GET /robots.txt HTTP/1.1" 404 292 "-" "Mozilla/5.0 (compatible; Googlebot/2.1; +http://www.google.com/bot.html)"
66.249.75.160 - - [04/Oct/2013:07:39:27 +0200] "GET /robots.txt HTTP/1.1" 404 289 "-" "Mozilla/5.0 (compatible; Googlebot/2.1; +http://www.google.com/bot.html)"
195.56.55.225 - - [04/Oct/2013:07:39:48 +0200] "GET /test.html HTTP/1.1" 200 56 "-" "monit/4.6"
195.56.55.225 - - [04/Oct/2013:07:41:50 +0200] "GET /test.html HTTP/1.1" 200 56 "-" "monit/4.6"
195.56.55.225 - - [04/Oct/2013:07:43:52 +0200] "GET /test.html HTTP/1.1" 200 56 "-" "monit/4.6"
195.56.55.225 - - [04/Oct/2013:07:45:54 +0200] "GET /test.html HTTP/1.1" 200 56 "-" "monit/4.6"
