106.186.25.151 - - [06/May/2014:09:05:01 +0200] "GET /wp-login.php HTTP/1.0" 404 278 "-" "-"
106.186.25.151 - - [06/May/2014:09:05:01 +0200] "GET /administrator/index.php HTTP/1.0" 404 289 "-" "-"
195.56.55.225 - - [06/May/2014:09:07:02 +0200] "GET /test.html HTTP/1.1" 200 56 "-" "monit/4.6"
58.20.127.90 - - [06/May/2014:09:07:06 +0200] "POST /forum_attac.php3?id_article=710&retour=cikk HTTP/1.0" 404 280 "http://attac.zpok.hu/forum_attac.php3?id_article=710&retour=cikk" "Mozilla/4.0 (compatible; MSIE 6.0; Windows NT 5.1; SV1)"
119.31.123.207 - - [06/May/2014:09:07:08 +0200] "POST /forum_attac.php3?id_article=710&retour=cikk HTTP/1.1" 404 292 "http://attac.zpok.hu/forum_attac.php3?id_article=710&retour=cikk" "Mozilla/4.0 (compatible; MSIE 6.0; Windows NT 5.1; SV1)"
37.239.46.42 - - [06/May/2014:09:07:09 +0200] "POST /forum_attac.php3?id_article=710&retour=cikk HTTP/1.1" 404 292 "http://attac.zpok.hu/forum_attac.php3?id_article=710&retour=cikk" "Mozilla/4.0 (compatible; MSIE 6.0; Windows NT 5.1; SV1)"
46.105.105.227 - - [06/May/2014:09:07:44 +0200] "-" 408 - "-" "-"
46.105.105.227 - - [06/May/2014:09:07:44 +0200] "-" 408 - "-" "-"
193.226.192.193 - - [06/May/2014:09:08:20 +0200] "-" 408 - "-" "-"
195.56.55.225 - - [06/May/2014:09:09:05 +0200] "GET /test.html HTTP/1.1" 200 56 "-" "monit/4.6"
205.237.88.149 - - [06/May/2014:09:10:08 +0200] "GET / HTTP/1.0" 200 1155 "-" "=Mozilla/5.0 (Windows; U; Windows NT 6.1; en-US) AppleWebKit/534.16 (KHTML, like Gecko) Chrome/10.0.648.204 Safari/534.16"
195.56.55.225 - - [06/May/2014:09:11:08 +0200] "GET /test.html HTTP/1.1" 200 56 "-" "monit/4.6"
195.56.55.225 - - [06/May/2014:09:13:11 +0200] "GET /test.html HTTP/1.1" 200 56 "-" "monit/4.6"
183.87.213.54 - - [06/May/2014:09:13:30 +0200] "GET / HTTP/1.1" 200 1155 "http://semalt.semalt.com/crawler.php?u=http://mkk.zoldpok.hu" "Mozilla/5.0 (Windows NT 6.1; WOW64) AppleWebKit/537.36 (KHTML, like Gecko) Chrome/32.0.1700.107 Safari/537.36"
87.229.93.2 - - [06/May/2014:09:15:11 +0200] "-" 408 - "-" "-"
195.56.55.225 - - [06/May/2014:09:15:14 +0200] "GET /test.html HTTP/1.1" 200 56 "-" "monit/4.6"
91.232.96.36 - - [06/May/2014:09:17:05 +0200] "GET /forum_attac.php3?id_article=983&retour=cikk.php3%3Fid_article%3D983 HTTP/1.1" 404 292 "-" "Mozilla/4.0 (compatible; MSIE 6.0; Windows NT 5.1; SV1)"
188.14.49.98 - - [06/May/2014:09:17:05 +0200] "-" 408 - "-" "-"
195.56.55.225 - - [06/May/2014:09:17:16 +0200] "GET /test.html HTTP/1.1" 200 56 "-" "monit/4.6"
195.56.55.225 - - [06/May/2014:09:19:18 +0200] "GET /test.html HTTP/1.1" 200 56 "-" "monit/4.6"
195.56.55.225 - - [06/May/2014:09:21:22 +0200] "GET /test.html HTTP/1.1" 200 56 "-" "monit/4.6"
37.239.46.42 - - [06/May/2014:09:22:27 +0200] "POST /forum_attac.php3?id_article=710&retour=cikk HTTP/1.1" 404 292 "http://attac.zpok.hu/forum_attac.php3?id_article=710&retour=cikk" "Mozilla/4.0 (compatible; MSIE 6.0; Windows NT 5.1; SV1)"
110.78.162.238 - - [06/May/2014:09:22:32 +0200] "POST /forum_attac.php3?id_article=710&retour=cikk HTTP/1.1" 404 292 "http://attac.zpok.hu/forum_attac.php3?id_article=710&retour=cikk" "Mozilla/4.0 (compatible; MSIE 6.0; Windows NT 5.1; SV1)"
65.55.52.108 - - [06/May/2014:09:22:53 +0200] "GET /tevekenysegunk/zolduljunk/okologiai_fogyasztovedelem HTTP/1.1" 404 332 "-" "Mozilla/5.0 (compatible; bingbot/2.0; +http://www.bing.com/bingbot.htm)"
195.56.55.225 - - [06/May/2014:09:23:24 +0200] "GET /test.html HTTP/1.1" 200 56 "-" "monit/4.6"
84.1.13.13 - - [06/May/2014:09:24:53 +0200] "-" 408 - "-" "-"
195.56.55.225 - - [06/May/2014:09:25:27 +0200] "GET /test.html HTTP/1.1" 200 56 "-" "monit/4.6"
72.14.199.132 - - [06/May/2014:09:25:41 +0200] "GET / HTTP/1.1" 200 1155 "-" "Feedfetcher-Google; (+http://www.google.com/feedfetcher.html; 1 subscribers; feed-id=849169264004692768)"
65.55.52.108 - - [06/May/2014:09:27:23 +0200] "GET /robots.txt HTTP/1.1" 404 296 "-" "Mozilla/5.0 (compatible; bingbot/2.0; +http://www.bing.com/bingbot.htm)"
195.56.55.225 - - [06/May/2014:09:27:32 +0200] "GET /test.html HTTP/1.1" 200 56 "-" "monit/4.6"
195.56.55.225 - - [06/May/2014:09:29:34 +0200] "GET /test.html HTTP/1.1" 200 56 "-" "monit/4.6"
65.55.52.108 - - [06/May/2014:09:31:13 +0200] "GET / HTTP/1.1" 200 1155 "-" "Mozilla/5.0 (compatible; bingbot/2.0; +http://www.bing.com/bingbot.htm)"
164.67.209.135 - - [06/May/2014:09:31:13 +0200] "-" 408 - "-" "-"
164.67.209.135 - - [06/May/2014:09:31:14 +0200] "-" 408 - "-" "-"
195.56.55.225 - - [06/May/2014:09:31:37 +0200] "GET /test.html HTTP/1.1" 200 56 "-" "monit/4.6"
38.111.147.84 - - [06/May/2014:09:32:01 +0200] "-" 408 - "-" "-"
91.232.96.36 - - [06/May/2014:09:33:02 +0200] "GET /forum_attac.php3?id_article=983&retour=cikk.php3%3Fid_article%3D983 HTTP/1.1" 404 292 "-" "Mozilla/4.0 (compatible; MSIE 6.0; Windows NT 5.1; SV1)"
195.56.55.225 - - [06/May/2014:09:33:39 +0200] "GET /test.html HTTP/1.1" 200 56 "-" "monit/4.6"
195.56.55.225 - - [06/May/2014:09:35:42 +0200] "GET /test.html HTTP/1.1" 200 56 "-" "monit/4.6"
157.55.35.38 - - [06/May/2014:09:37:40 +0200] "GET /robots.txt HTTP/1.1" 404 295 "-" "Mozilla/5.0 (compatible; bingbot/2.0; +http://www.bing.com/bingbot.htm)"
195.56.55.225 - - [06/May/2014:09:37:44 +0200] "GET /test.html HTTP/1.1" 200 56 "-" "monit/4.6"
195.56.55.225 - - [06/May/2014:09:39:46 +0200] "GET /test.html HTTP/1.1" 200 56 "-" "monit/4.6"
157.55.35.38 - - [06/May/2014:09:39:53 +0200] "GET / HTTP/1.1" 200 1155 "-" "Mozilla/5.0 (compatible; bingbot/2.0; +http://www.bing.com/bingbot.htm)"
195.56.55.225 - - [06/May/2014:09:41:48 +0200] "GET /test.html HTTP/1.1" 200 56 "-" "monit/4.6"
195.56.55.225 - - [06/May/2014:09:43:51 +0200] "GET /test.html HTTP/1.1" 200 56 "-" "monit/4.6"
193.105.210.226 - - [06/May/2014:09:44:32 +0200] "-" 408 - "-" "-"
195.56.55.225 - - [06/May/2014:09:45:56 +0200] "GET /test.html HTTP/1.1" 200 56 "-" "monit/4.6"
195.56.55.225 - - [06/May/2014:09:47:59 +0200] "GET /test.html HTTP/1.1" 200 56 "-" "monit/4.6"
91.232.96.36 - - [06/May/2014:09:48:54 +0200] "GET /forum_attac.php3?id_article=983&retour=cikk.php3%3Fid_article%3D983 HTTP/1.1" 404 292 "-" "Mozilla/4.0 (compatible; MSIE 6.0; Windows NT 5.1; SV1)"
195.56.55.225 - - [06/May/2014:09:50:01 +0200] "GET /test.html HTTP/1.1" 200 56 "-" "monit/4.6"
212.154.154.220 - - [06/May/2014:09:50:41 +0200] "POST /forum_attac.php3?id_article=710&retour=cikk HTTP/1.1" 404 292 "http://attac.zpok.hu/forum_attac.php3?id_article=710&retour=cikk" "Mozilla/4.0 (compatible; MSIE 6.0; Windows NT 5.1; SV1)"
180.153.32.93 - - [06/May/2014:09:50:47 +0200] "POST /forum_attac.php3?id_article=710&retour=cikk HTTP/1.0" 404 280 "http://attac.zpok.hu/forum_attac.php3?id_article=710&retour=cikk" "Mozilla/4.0 (compatible; MSIE 6.0; Windows NT 5.1; SV1)"
195.56.55.225 - - [06/May/2014:09:52:03 +0200] "GET /test.html HTTP/1.1" 200 56 "-" "monit/4.6"
195.56.55.225 - - [06/May/2014:09:54:06 +0200] "GET /test.html HTTP/1.1" 200 56 "-" "monit/4.6"
205.237.88.147 - - [06/May/2014:09:54:37 +0200] "GET / HTTP/1.0" 200 1155 "-" "=Mozilla/5.0 (Windows; U; Windows NT 6.1; en-US) AppleWebKit/534.16 (KHTML, like Gecko) Chrome/10.0.648.204 Safari/534.16"
66.249.78.169 - - [06/May/2014:09:55:03 +0200] "GET /robots.txt HTTP/1.1" 404 293 "-" "Mozilla/5.0 (compatible; Googlebot/2.1; +http://www.google.com/bot.html)"
66.249.75.57 - - [06/May/2014:09:55:03 +0200] "GET / HTTP/1.1" 200 1155 "-" "DoCoMo/2.0 N905i(c100;TB;W24H16) (compatible; Googlebot-Mobile/2.1; +http://www.google.com/bot.html)"
195.56.55.225 - - [06/May/2014:09:56:08 +0200] "GET /test.html HTTP/1.1" 200 56 "-" "monit/4.6"
195.56.55.225 - - [06/May/2014:09:58:10 +0200] "GET /test.html HTTP/1.1" 200 56 "-" "monit/4.6"
195.56.55.225 - - [06/May/2014:10:00:12 +0200] "GET /test.html HTTP/1.1" 200 56 "-" "monit/4.6"
157.56.92.143 - - [06/May/2014:10:01:02 +0200] "GET /robots.txt HTTP/1.1" 404 286 "-" "Mozilla/5.0 (compatible; bingbot/2.0; +http://www.bing.com/bingbot.htm)"
195.56.55.225 - - [06/May/2014:10:02:15 +0200] "GET /test.html HTTP/1.1" 200 56 "-" "monit/4.6"
66.249.78.207 - - [06/May/2014:10:02:45 +0200] "GET /tevekenysegunk/biojosagok/mitol_bio_a_bio HTTP/1.1" 404 321 "-" "Mozilla/5.0 (compatible; Googlebot/2.1; +http://www.google.com/bot.html)"
195.56.55.225 - - [06/May/2014:10:04:17 +0200] "GET /test.html HTTP/1.1" 200 56 "-" "monit/4.6"
91.232.96.36 - - [06/May/2014:10:05:17 +0200] "GET /forum_attac.php3?id_article=983&retour=cikk.php3%3Fid_article%3D983 HTTP/1.1" 404 292 "-" "Mozilla/4.0 (compatible; MSIE 6.0; Windows NT 5.1; SV1)"
89.135.126.129 - - [06/May/2014:10:05:28 +0200] "-" 408 - "-" "-"
195.56.55.225 - - [06/May/2014:10:06:19 +0200] "GET /test.html HTTP/1.1" 200 56 "-" "monit/4.6"
195.56.55.225 - - [06/May/2014:10:08:22 +0200] "GET /test.html HTTP/1.1" 200 56 "-" "monit/4.6"
157.56.92.143 - - [06/May/2014:10:08:58 +0200] "GET / HTTP/1.1" 200 1155 "-" "Mozilla/5.0 (compatible; bingbot/2.0; +http://www.bing.com/bingbot.htm)"
195.56.55.225 - - [06/May/2014:10:10:24 +0200] "GET /test.html HTTP/1.1" 200 56 "-" "monit/4.6"
195.56.55.225 - - [06/May/2014:10:12:26 +0200] "GET /test.html HTTP/1.1" 200 56 "-" "monit/4.6"
110.78.162.238 - - [06/May/2014:10:12:58 +0200] "POST /forum_attac.php3?id_article=710&retour=cikk HTTP/1.1" 404 292 "http://attac.zpok.hu/forum_attac.php3?id_article=710&retour=cikk" "Mozilla/4.0 (compatible; MSIE 6.0; Windows NT 5.1; SV1)"
46.130.251.34 - - [06/May/2014:10:12:59 +0200] "POST /forum_attac.php3?id_article=710&retour=cikk HTTP/1.1" 404 292 "http://attac.zpok.hu/forum_attac.php3?id_article=710&retour=cikk" "Mozilla/4.0 (compatible; MSIE 6.0; Windows NT 5.1; SV1)"
37.239.46.18 - - [06/May/2014:10:13:00 +0200] "POST /forum_attac.php3?id_article=710&retour=cikk HTTP/1.1" 404 292 "http://attac.zpok.hu/forum_attac.php3?id_article=710&retour=cikk" "Mozilla/4.0 (compatible; MSIE 6.0; Windows NT 5.1; SV1)"
37.76.93.75 - - [06/May/2014:10:13:42 +0200] "-" 408 - "-" "-"
195.56.55.225 - - [06/May/2014:10:14:28 +0200] "GET /test.html HTTP/1.1" 200 56 "-" "monit/4.6"
157.55.32.164 - - [06/May/2014:10:14:30 +0200] "GET /robots.txt HTTP/1.1" 404 285 "-" "Mozilla/5.0 (compatible; bingbot/2.0; +http://www.bing.com/bingbot.htm)"
77.111.90.197 - - [06/May/2014:10:15:12 +0200] "GET / HTTP/1.1" 200 1155 "-" "Mozilla/5.0 (X11; U; Linux i686; en-US; rv:1.9.0.4) Gecko/2008111318 Ubuntu/8.10 (intrepid) Firefox/3.0.4"
91.226.113.138 - - [06/May/2014:10:15:12 +0200] "-" 408 - "-" "-"
37.58.100.130 - - [06/May/2014:10:16:17 +0200] "GET /robots.txt HTTP/1.1" 404 289 "-" "Mozilla/5.0 (compatible; AhrefsBot/5.0; +http://ahrefs.com/robot/)"
195.56.55.225 - - [06/May/2014:10:16:30 +0200] "GET /test.html HTTP/1.1" 200 56 "-" "monit/4.6"
195.56.55.225 - - [06/May/2014:10:18:32 +0200] "GET /test.html HTTP/1.1" 200 56 "-" "monit/4.6"
195.228.78.197 - - [06/May/2014:10:19:53 +0200] "-" 408 - "-" "-"
195.56.55.225 - - [06/May/2014:10:20:35 +0200] "GET /test.html HTTP/1.1" 200 56 "-" "monit/4.6"
91.232.96.36 - - [06/May/2014:10:21:24 +0200] "GET /forum_attac.php3?id_article=983&retour=cikk.php3%3Fid_article%3D983 HTTP/1.1" 404 292 "-" "Mozilla/4.0 (compatible; MSIE 6.0; Windows NT 5.1; SV1)"
205.237.88.138 - - [06/May/2014:10:22:23 +0200] "GET / HTTP/1.0" 200 1155 "-" "=Mozilla/5.0 (Windows; U; Windows NT 6.1; en-US) AppleWebKit/534.16 (KHTML, like Gecko) Chrome/10.0.648.204 Safari/534.16"
195.56.55.225 - - [06/May/2014:10:22:37 +0200] "GET /test.html HTTP/1.1" 200 56 "-" "monit/4.6"
195.228.78.197 - - [06/May/2014:10:22:56 +0200] "-" 408 - "-" "-"
195.56.55.225 - - [06/May/2014:10:24:40 +0200] "GET /test.html HTTP/1.1" 200 56 "-" "monit/4.6"
220.135.139.98 - - [06/May/2014:10:26:12 +0200] "GET /phpTest/zologize/axa.php HTTP/1.1" 404 300 "-" "-"
220.135.139.98 - - [06/May/2014:10:26:13 +0200] "GET /phpMyAdmin/scripts/setup.php HTTP/1.1" 404 304 "-" "-"
220.135.139.98 - - [06/May/2014:10:26:13 +0200] "GET /pma/scripts/setup.php HTTP/1.1" 404 297 "-" "-"
220.135.139.98 - - [06/May/2014:10:26:14 +0200] "GET /myadmin/scripts/setup.php HTTP/1.1" 404 301 "-" "-"
195.56.55.225 - - [06/May/2014:10:26:42 +0200] "GET /test.html HTTP/1.1" 200 56 "-" "monit/4.6"
157.55.32.164 - - [06/May/2014:10:27:14 +0200] "GET / HTTP/1.1" 200 1155 "-" "Mozilla/5.0 (compatible; bingbot/2.0; +http://www.bing.com/bingbot.htm)"
195.56.55.225 - - [06/May/2014:10:28:45 +0200] "GET /test.html HTTP/1.1" 200 56 "-" "monit/4.6"
85.67.25.152 - - [06/May/2014:10:30:39 +0200] "-" 408 - "-" "-"
195.56.55.225 - - [06/May/2014:10:30:51 +0200] "GET /test.html HTTP/1.1" 200 56 "-" "monit/4.6"
195.56.55.225 - - [06/May/2014:10:32:54 +0200] "GET /test.html HTTP/1.1" 200 56 "-" "monit/4.6"
91.232.96.36 - - [06/May/2014:10:34:10 +0200] "GET /forum_attac.php3?id_article=983&retour=cikk.php3%3Fid_article%3D983 HTTP/1.1" 404 292 "-" "Mozilla/4.0 (compatible; MSIE 6.0; Windows NT 5.1; SV1)"
195.56.55.225 - - [06/May/2014:10:34:57 +0200] "GET /test.html HTTP/1.1" 200 56 "-" "monit/4.6"
194.67.39.218 - - [06/May/2014:10:36:53 +0200] "POST /forum_attac.php3?id_article=710&retour=cikk HTTP/1.1" 404 292 "http://attac.zpok.hu/forum_attac.php3?id_article=710&retour=cikk" "Mozilla/4.0 (compatible; MSIE 6.0; Windows NT 5.1; SV1)"
195.56.55.225 - - [06/May/2014:10:37:00 +0200] "GET /test.html HTTP/1.1" 200 56 "-" "monit/4.6"
195.56.247.11 - - [06/May/2014:10:38:26 +0200] "-" 408 - "-" "-"
195.56.55.225 - - [06/May/2014:10:39:03 +0200] "GET /test.html HTTP/1.1" 200 56 "-" "monit/4.6"
65.55.218.44 - - [06/May/2014:10:39:24 +0200] "-" 408 - "-" "-"
76.74.159.240 - - [06/May/2014:10:40:05 +0200] "POST /%70%68%70%70%61%74%68/%70%68%70?%2D%64+%61%6C%6C%6F%77%5F%75%72%6C%5F%69%6E%63%6C%75%64%65%3D%6F%6E+%2D%64+%73%61%66%65%5F%6D%6F%64%65%3D%6F%66%66+%2D%64+%73%75%68%6F%73%69%6E%2E%73%69%6D%75%6C%61%74%69%6F%6E%3D%6F%6E+%2D%64+%64%69%73%61%62%6C%65%5F%66%75%6E%63%74%69%6F%6E%73%3D%22%22+%2D%64+%6F%70%65%6E%5F%62%61%73%65%64%69%72%3D%6E%6F%6E%65+%2D%64+%61%75%74%6F%5F%70%72%65%70%65%6E%64%5F%66%69%6C%65%3D%70%68%70%3A%2F%2F%69%6E%70%75%74+%2D%6E HTTP/1.1" 404 287 "-" "-"
76.74.159.240 - - [06/May/2014:10:40:05 +0200] "POST /%70%68%70%70%61%74%68/%70%68%70?%2D%64+%61%6C%6C%6F%77%5F%75%72%6C%5F%69%6E%63%6C%75%64%65%3D%6F%6E+%2D%64+%73%61%66%65%5F%6D%6F%64%65%3D%6F%66%66+%2D%64+%73%75%68%6F%73%69%6E%2E%73%69%6D%75%6C%61%74%69%6F%6E%3D%6F%6E+%2D%64+%64%69%73%61%62%6C%65%5F%66%75%6E%63%74%69%6F%6E%73%3D%22%22+%2D%64+%6F%70%65%6E%5F%62%61%73%65%64%69%72%3D%6E%6F%6E%65+%2D%64+%61%75%74%6F%5F%70%72%65%70%65%6E%64%5F%66%69%6C%65%3D%70%68%70%3A%2F%2F%69%6E%70%75%74+%2D%6E HTTP/1.1" 404 287 "-" "-"
195.56.55.225 - - [06/May/2014:10:41:06 +0200] "GET /test.html HTTP/1.1" 200 56 "-" "monit/4.6"
37.239.46.42 - - [06/May/2014:10:42:36 +0200] "POST /forum_attac.php3?id_article=710&retour=cikk HTTP/1.1" 404 292 "http://attac.zpok.hu/forum_attac.php3?id_article=710&retour=cikk" "Mozilla/4.0 (compatible; MSIE 6.0; Windows NT 5.1; SV1)"
195.56.55.225 - - [06/May/2014:10:43:08 +0200] "GET /test.html HTTP/1.1" 200 56 "-" "monit/4.6"
195.56.55.225 - - [06/May/2014:10:45:10 +0200] "GET /test.html HTTP/1.1" 200 56 "-" "monit/4.6"
195.56.55.225 - - [06/May/2014:10:47:14 +0200] "GET /test.html HTTP/1.1" 200 56 "-" "monit/4.6"
37.239.46.2 - - [06/May/2014:10:48:26 +0200] "POST /forum_attac.php3?id_article=710&retour=cikk HTTP/1.1" 404 292 "http://attac.zpok.hu/forum_attac.php3?id_article=710&retour=cikk" "Mozilla/4.0 (compatible; MSIE 6.0; Windows NT 5.1; SV1)"
212.154.154.220 - - [06/May/2014:10:48:27 +0200] "POST /forum_attac.php3?id_article=710&retour=cikk HTTP/1.1" 404 292 "http://attac.zpok.hu/forum_attac.php3?id_article=710&retour=cikk" "Mozilla/4.0 (compatible; MSIE 6.0; Windows NT 5.1; SV1)"
119.39.32.42 - - [06/May/2014:10:48:28 +0200] "POST /forum_attac.php3?id_article=710&retour=cikk HTTP/1.0" 404 280 "http://attac.zpok.hu/forum_attac.php3?id_article=710&retour=cikk" "Mozilla/4.0 (compatible; MSIE 6.0; Windows NT 5.1; SV1)"
95.168.217.24 - - [06/May/2014:10:48:29 +0200] "POST /forum_attac.php3?id_article=710&retour=cikk HTTP/1.0" 404 280 "http://attac.zpok.hu/forum_attac.php3?id_article=710&retour=cikk" "Mozilla/4.0 (compatible; MSIE 6.0; Windows NT 5.1; SV1)"
149.255.255.242 - - [06/May/2014:10:48:35 +0200] "POST /forum_attac.php3?id_article=710&retour=cikk HTTP/1.1" 404 292 "http://attac.zpok.hu/forum_attac.php3?id_article=710&retour=cikk" "Mozilla/4.0 (compatible; MSIE 6.0; Windows NT 5.1; SV1)"
195.56.55.225 - - [06/May/2014:10:49:16 +0200] "GET /test.html HTTP/1.1" 200 56 "-" "monit/4.6"
91.232.96.36 - - [06/May/2014:10:50:55 +0200] "GET /forum_attac.php3?id_article=983&retour=cikk.php3%3Fid_article%3D983 HTTP/1.1" 404 292 "-" "Mozilla/4.0 (compatible; MSIE 6.0; Windows NT 5.1; SV1)"
195.56.55.225 - - [06/May/2014:10:51:18 +0200] "GET /test.html HTTP/1.1" 200 56 "-" "monit/4.6"
195.56.55.225 - - [06/May/2014:10:53:21 +0200] "GET /test.html HTTP/1.1" 200 56 "-" "monit/4.6"
46.105.105.227 - - [06/May/2014:10:54:44 +0200] "-" 408 - "-" "-"
195.56.55.225 - - [06/May/2014:10:55:24 +0200] "GET /test.html HTTP/1.1" 200 56 "-" "monit/4.6"
46.105.105.227 - - [06/May/2014:10:57:18 +0200] "-" 408 - "-" "-"
46.105.105.227 - - [06/May/2014:10:57:18 +0200] "-" 408 - "-" "-"
46.105.105.227 - - [06/May/2014:10:57:18 +0200] "-" 408 - "-" "-"
195.56.55.225 - - [06/May/2014:10:57:27 +0200] "GET /test.html HTTP/1.1" 200 56 "-" "monit/4.6"
195.56.55.225 - - [06/May/2014:10:59:30 +0200] "GET /test.html HTTP/1.1" 200 56 "-" "monit/4.6"
195.56.55.225 - - [06/May/2014:11:01:33 +0200] "GET /test.html HTTP/1.1" 200 56 "-" "monit/4.6"
89.134.174.32 - - [06/May/2014:11:01:45 +0200] "-" 408 - "-" "-"
112.137.166.250 - - [06/May/2014:11:03:33 +0200] "POST /forum_attac.php3?id_article=710&retour=cikk HTTP/1.0" 404 280 "http://attac.zpok.hu/forum_attac.php3?id_article=710&retour=cikk" "Mozilla/4.0 (compatible; MSIE 6.0; Windows NT 5.1; SV1)"
37.239.46.42 - - [06/May/2014:11:03:33 +0200] "POST /forum_attac.php3?id_article=710&retour=cikk HTTP/1.1" 404 292 "http://attac.zpok.hu/forum_attac.php3?id_article=710&retour=cikk" "Mozilla/4.0 (compatible; MSIE 6.0; Windows NT 5.1; SV1)"
58.20.50.198 - - [06/May/2014:11:03:35 +0200] "POST /forum_attac.php3?id_article=710&retour=cikk HTTP/1.0" 404 280 "http://attac.zpok.hu/forum_attac.php3?id_article=710&retour=cikk" "Mozilla/4.0 (compatible; MSIE 6.0; Windows NT 5.1; SV1)"
195.56.55.225 - - [06/May/2014:11:03:36 +0200] "GET /test.html HTTP/1.1" 200 56 "-" "monit/4.6"
157.55.32.145 - - [06/May/2014:11:04:20 +0200] "GET / HTTP/1.1" 200 1155 "-" "Mozilla/5.0 (compatible; bingbot/2.0; +http://www.bing.com/bingbot.htm)"
58.20.127.100 - - [06/May/2014:11:04:56 +0200] "POST /forum_attac.php3?id_article=710&retour=cikk HTTP/1.0" 404 280 "http://attac.zpok.hu/forum_attac.php3?id_article=710&retour=cikk" "Mozilla/4.0 (compatible; MSIE 6.0; Windows NT 5.1; SV1)"
195.56.55.225 - - [06/May/2014:11:05:39 +0200] "GET /test.html HTTP/1.1" 200 56 "-" "monit/4.6"
205.237.88.144 - - [06/May/2014:11:07:05 +0200] "GET / HTTP/1.0" 200 1155 "-" "=Mozilla/5.0 (Windows; U; Windows NT 6.1; en-US) AppleWebKit/534.16 (KHTML, like Gecko) Chrome/10.0.648.204 Safari/534.16"
91.232.96.36 - - [06/May/2014:11:07:24 +0200] "GET /forum_attac.php3?id_article=983&retour=cikk.php3%3Fid_article%3D983 HTTP/1.1" 404 292 "-" "Mozilla/4.0 (compatible; MSIE 6.0; Windows NT 5.1; SV1)"
65.55.215.245 - - [06/May/2014:11:07:41 +0200] "-" 408 - "-" "-"
65.55.215.245 - - [06/May/2014:11:07:41 +0200] "-" 408 - "-" "-"
195.56.55.225 - - [06/May/2014:11:07:42 +0200] "GET /test.html HTTP/1.1" 200 56 "-" "monit/4.6"
195.56.55.225 - - [06/May/2014:11:09:44 +0200] "GET /test.html HTTP/1.1" 200 56 "-" "monit/4.6"
208.115.111.71 - - [06/May/2014:11:10:22 +0200] "GET /robots.txt HTTP/1.1" 404 285 "-" "Mozilla/5.0 (compatible; DotBot/1.1; http://www.opensiteexplorer.org/dotbot, help@moz.com)"
195.56.55.225 - - [06/May/2014:11:11:47 +0200] "GET /test.html HTTP/1.1" 200 56 "-" "monit/4.6"
195.56.55.225 - - [06/May/2014:11:13:50 +0200] "GET /test.html HTTP/1.1" 200 56 "-" "monit/4.6"
188.6.252.214 - - [06/May/2014:11:13:55 +0200] "-" 408 - "-" "-"
195.56.55.225 - - [06/May/2014:11:15:53 +0200] "GET /test.html HTTP/1.1" 200 56 "-" "monit/4.6"
37.239.46.26 - - [06/May/2014:11:16:55 +0200] "POST /forum_attac.php3?id_article=710&retour=cikk HTTP/1.1" 404 292 "http://attac.zpok.hu/forum_attac.php3?id_article=710&retour=cikk" "Mozilla/4.0 (compatible; MSIE 6.0; Windows NT 5.1; SV1)"
37.239.46.18 - - [06/May/2014:11:16:56 +0200] "POST /forum_attac.php3?id_article=710&retour=cikk HTTP/1.1" 404 292 "http://attac.zpok.hu/forum_attac.php3?id_article=710&retour=cikk" "Mozilla/4.0 (compatible; MSIE 6.0; Windows NT 5.1; SV1)"
37.239.46.10 - - [06/May/2014:11:16:56 +0200] "POST /forum_attac.php3?id_article=710&retour=cikk HTTP/1.1" 404 292 "http://attac.zpok.hu/forum_attac.php3?id_article=710&retour=cikk" "Mozilla/4.0 (compatible; MSIE 6.0; Windows NT 5.1; SV1)"
195.56.55.225 - - [06/May/2014:11:17:56 +0200] "GET /test.html HTTP/1.1" 200 56 "-" "monit/4.6"
195.56.55.225 - - [06/May/2014:11:19:58 +0200] "GET /test.html HTTP/1.1" 200 56 "-" "monit/4.6"
219.93.183.103 - - [06/May/2014:11:20:18 +0200] "POST /forum_attac.php3?id_article=710&retour=cikk HTTP/1.1" 404 292 "http://attac.zpok.hu/forum_attac.php3?id_article=710&retour=cikk" "Mozilla/4.0 (compatible; MSIE 6.0; Windows NT 5.1; SV1)"
120.198.230.11 - - [06/May/2014:11:20:20 +0200] "POST /forum_attac.php3?id_article=710&retour=cikk HTTP/1.1" 404 292 "http://attac.zpok.hu/forum_attac.php3?id_article=710&retour=cikk" "Mozilla/4.0 (compatible; MSIE 6.0; Windows NT 5.1; SV1)"
119.39.32.42 - - [06/May/2014:11:21:16 +0200] "POST /forum_attac.php3?id_article=710&retour=cikk HTTP/1.0" 404 280 "http://attac.zpok.hu/forum_attac.php3?id_article=710&retour=cikk" "Mozilla/4.0 (compatible; MSIE 6.0; Windows NT 5.1; SV1)"
195.56.55.225 - - [06/May/2014:11:22:02 +0200] "GET /test.html HTTP/1.1" 200 56 "-" "monit/4.6"
195.56.55.225 - - [06/May/2014:11:24:04 +0200] "GET /test.html HTTP/1.1" 200 56 "-" "monit/4.6"
91.232.96.36 - - [06/May/2014:11:24:04 +0200] "GET /forum_attac.php3?id_article=983&retour=cikk.php3%3Fid_article%3D983 HTTP/1.1" 404 292 "-" "Mozilla/4.0 (compatible; MSIE 6.0; Windows NT 5.1; SV1)"
195.56.55.225 - - [06/May/2014:11:26:07 +0200] "GET /test.html HTTP/1.1" 200 56 "-" "monit/4.6"
58.20.127.100 - - [06/May/2014:11:27:02 +0200] "POST /forum_attac.php3?id_article=710&retour=cikk HTTP/1.0" 404 280 "http://attac.zpok.hu/forum_attac.php3?id_article=710&retour=cikk" "Mozilla/4.0 (compatible; MSIE 6.0; Windows NT 5.1; SV1)"
149.255.255.250 - - [06/May/2014:11:27:04 +0200] "POST /forum_attac.php3?id_article=710&retour=cikk HTTP/1.1" 404 292 "http://attac.zpok.hu/forum_attac.php3?id_article=710&retour=cikk" "Mozilla/4.0 (compatible; MSIE 6.0; Windows NT 5.1; SV1)"
195.56.55.225 - - [06/May/2014:11:28:10 +0200] "GET /test.html HTTP/1.1" 200 56 "-" "monit/4.6"
5.255.253.60 - - [06/May/2014:11:29:27 +0200] "GET / HTTP/1.1" 200 1155 "-" "Mozilla/5.0 (compatible; YandexBot/3.0; +http://yandex.com/bots)"
195.56.55.225 - - [06/May/2014:11:30:12 +0200] "GET /test.html HTTP/1.1" 200 56 "-" "monit/4.6"
195.56.55.225 - - [06/May/2014:11:32:17 +0200] "GET /test.html HTTP/1.1" 200 56 "-" "monit/4.6"
195.56.55.225 - - [06/May/2014:11:34:20 +0200] "GET /test.html HTTP/1.1" 200 56 "-" "monit/4.6"
195.56.55.225 - - [06/May/2014:11:36:23 +0200] "GET /test.html HTTP/1.1" 200 56 "-" "monit/4.6"
66.249.78.157 - - [06/May/2014:11:37:29 +0200] "GET /robots.txt HTTP/1.1" 404 291 "-" "Mozilla/5.0 (compatible; Googlebot/2.1; +http://www.google.com/bot.html)"
195.56.55.225 - - [06/May/2014:11:38:25 +0200] "GET /test.html HTTP/1.1" 200 56 "-" "monit/4.6"
193.151.119.193 - - [06/May/2014:11:38:40 +0200] "-" 408 - "-" "-"
195.56.55.225 - - [06/May/2014:11:40:27 +0200] "GET /test.html HTTP/1.1" 200 56 "-" "monit/4.6"
89.132.83.211 - - [06/May/2014:11:40:35 +0200] "-" 408 - "-" "-"
91.232.96.36 - - [06/May/2014:11:40:53 +0200] "GET /forum_attac.php3?id_article=983&retour=cikk.php3%3Fid_article%3D983 HTTP/1.1" 404 292 "-" "Mozilla/4.0 (compatible; MSIE 6.0; Windows NT 5.1; SV1)"
195.111.73.20 - - [06/May/2014:11:42:23 +0200] "GET / HTTP/1.1" 200 1155 "-" "Mozilla/5.0 (Windows NT 6.1; rv:28.0) Gecko/20100101 Firefox/28.0"
195.111.73.20 - - [06/May/2014:11:42:24 +0200] "GET /favicon.ico HTTP/1.1" 404 283 "-" "Mozilla/5.0 (Windows NT 6.1; rv:28.0) Gecko/20100101 Firefox/28.0"
195.111.73.20 - - [06/May/2014:11:42:24 +0200] "GET /favicon.ico HTTP/1.1" 404 283 "-" "Mozilla/5.0 (Windows NT 6.1; rv:28.0) Gecko/20100101 Firefox/28.0"
195.56.55.225 - - [06/May/2014:11:42:30 +0200] "GET /test.html HTTP/1.1" 200 56 "-" "monit/4.6"
195.56.55.225 - - [06/May/2014:11:44:32 +0200] "GET /test.html HTTP/1.1" 200 56 "-" "monit/4.6"
195.56.55.225 - - [06/May/2014:11:46:35 +0200] "GET /test.html HTTP/1.1" 200 56 "-" "monit/4.6"
195.56.55.225 - - [06/May/2014:11:48:37 +0200] "GET /test.html HTTP/1.1" 200 56 "-" "monit/4.6"
120.198.230.11 - - [06/May/2014:11:48:48 +0200] "POST /forum_attac.php3?id_article=710&retour=cikk HTTP/1.1" 404 292 "http://attac.zpok.hu/forum_attac.php3?id_article=710&retour=cikk" "Mozilla/4.0 (compatible; MSIE 6.0; Windows NT 5.1; SV1)"
58.20.127.100 - - [06/May/2014:11:48:50 +0200] "POST /forum_attac.php3?id_article=710&retour=cikk HTTP/1.0" 404 280 "http://attac.zpok.hu/forum_attac.php3?id_article=710&retour=cikk" "Mozilla/4.0 (compatible; MSIE 6.0; Windows NT 5.1; SV1)"
195.56.55.225 - - [06/May/2014:11:50:41 +0200] "GET /test.html HTTP/1.1" 200 56 "-" "monit/4.6"
37.239.46.42 - - [06/May/2014:11:52:01 +0200] "POST /forum_attac.php3?id_article=710&retour=cikk HTTP/1.1" 404 292 "http://attac.zpok.hu/forum_attac.php3?id_article=710&retour=cikk" "Mozilla/4.0 (compatible; MSIE 6.0; Windows NT 5.1; SV1)"
37.236.167.250 - - [06/May/2014:11:52:02 +0200] "POST /forum_attac.php3?id_article=710&retour=cikk HTTP/1.1" 404 292 "http://attac.zpok.hu/forum_attac.php3?id_article=710&retour=cikk" "Mozilla/4.0 (compatible; MSIE 6.0; Windows NT 5.1; SV1)"
112.137.166.250 - - [06/May/2014:11:52:24 +0200] "POST /forum_attac.php3?id_article=710&retour=cikk HTTP/1.0" 404 280 "http://attac.zpok.hu/forum_attac.php3?id_article=710&retour=cikk" "Mozilla/4.0 (compatible; MSIE 6.0; Windows NT 5.1; SV1)"
195.56.55.225 - - [06/May/2014:11:52:44 +0200] "GET /test.html HTTP/1.1" 200 56 "-" "monit/4.6"
205.237.88.143 - - [06/May/2014:11:54:23 +0200] "GET / HTTP/1.0" 200 1155 "-" "=Mozilla/5.0 (Windows; U; Windows NT 6.1; en-US) AppleWebKit/534.16 (KHTML, like Gecko) Chrome/10.0.648.204 Safari/534.16"
195.56.55.225 - - [06/May/2014:11:54:47 +0200] "GET /test.html HTTP/1.1" 200 56 "-" "monit/4.6"
95.215.0.27 - - [06/May/2014:11:55:31 +0200] "GET /files/b\xc3\xa9r rabszolg\xc3\xa1k.jpg HTTP/1.1" 400 365 "-" "-"
195.56.55.225 - - [06/May/2014:11:56:50 +0200] "GET /test.html HTTP/1.1" 200 56 "-" "monit/4.6"
91.232.96.36 - - [06/May/2014:11:57:28 +0200] "GET /forum_attac.php3?id_article=983&retour=cikk.php3%3Fid_article%3D983 HTTP/1.1" 404 292 "-" "Mozilla/4.0 (compatible; MSIE 6.0; Windows NT 5.1; SV1)"
195.199.58.54 - - [06/May/2014:11:57:56 +0200] "-" 408 - "-" "-"
195.199.58.54 - - [06/May/2014:11:57:56 +0200] "-" 408 - "-" "-"
195.199.58.54 - - [06/May/2014:11:57:56 +0200] "-" 408 - "-" "-"
195.199.58.54 - - [06/May/2014:11:57:56 +0200] "-" 408 - "-" "-"
195.199.58.54 - - [06/May/2014:11:57:56 +0200] "-" 408 - "-" "-"
205.237.88.141 - - [06/May/2014:11:57:59 +0200] "GET / HTTP/1.0" 200 1155 "-" "=Mozilla/5.0 (Windows; U; Windows NT 6.1; en-US) AppleWebKit/534.16 (KHTML, like Gecko) Chrome/10.0.648.204 Safari/534.16"
195.56.55.225 - - [06/May/2014:11:58:53 +0200] "GET /test.html HTTP/1.1" 200 56 "-" "monit/4.6"
195.56.55.225 - - [06/May/2014:12:00:56 +0200] "GET /test.html HTTP/1.1" 200 56 "-" "monit/4.6"
195.56.55.225 - - [06/May/2014:12:03:00 +0200] "GET /test.html HTTP/1.1" 200 56 "-" "monit/4.6"
195.56.55.225 - - [06/May/2014:12:05:02 +0200] "GET /test.html HTTP/1.1" 200 56 "-" "monit/4.6"
79.120.196.204 - - [06/May/2014:12:05:47 +0200] "-" 408 - "-" "-"
195.56.55.225 - - [06/May/2014:12:07:04 +0200] "GET /test.html HTTP/1.1" 200 56 "-" "monit/4.6"
195.56.55.225 - - [06/May/2014:12:09:06 +0200] "GET /test.html HTTP/1.1" 200 56 "-" "monit/4.6"
37.239.46.42 - - [06/May/2014:12:09:26 +0200] "POST /forum_attac.php3?id_article=710&retour=cikk HTTP/1.1" 404 292 "http://attac.zpok.hu/forum_attac.php3?id_article=710&retour=cikk" "Mozilla/4.0 (compatible; MSIE 6.0; Windows NT 5.1; SV1)"
180.153.32.93 - - [06/May/2014:12:09:28 +0200] "POST /forum_attac.php3?id_article=710&retour=cikk HTTP/1.0" 404 280 "http://attac.zpok.hu/forum_attac.php3?id_article=710&retour=cikk" "Mozilla/4.0 (compatible; MSIE 6.0; Windows NT 5.1; SV1)"
112.172.129.242 - - [06/May/2014:12:09:34 +0200] "POST /forum_attac.php3?id_article=710&retour=cikk HTTP/1.1" 404 292 "http://attac.zpok.hu/forum_attac.php3?id_article=710&retour=cikk" "Mozilla/4.0 (compatible; MSIE 6.0; Windows NT 5.1; SV1)"
157.55.32.58 - - [06/May/2014:12:09:47 +0200] "GET /robots.txt HTTP/1.1" 404 296 "-" "Mozilla/5.0 (compatible; bingbot/2.0; +http://www.bing.com/bingbot.htm)"
157.55.32.58 - - [06/May/2014:12:10:40 +0200] "GET / HTTP/1.1" 200 1155 "-" "Mozilla/5.0 (compatible; bingbot/2.0; +http://www.bing.com/bingbot.htm)"
195.56.55.225 - - [06/May/2014:12:11:09 +0200] "GET /test.html HTTP/1.1" 200 56 "-" "monit/4.6"
37.239.46.2 - - [06/May/2014:12:11:22 +0200] "POST /forum_attac.php3?id_article=710&retour=cikk HTTP/1.1" 404 292 "http://attac.zpok.hu/forum_attac.php3?id_article=710&retour=cikk" "Mozilla/4.0 (compatible; MSIE 6.0; Windows NT 5.1; SV1)"
118.97.95.185 - - [06/May/2014:12:11:24 +0200] "POST /forum_attac.php3?id_article=710&retour=cikk HTTP/1.0" 404 280 "http://attac.zpok.hu/forum_attac.php3?id_article=710&retour=cikk" "Mozilla/4.0 (compatible; MSIE 6.0; Windows NT 5.1; SV1)"
212.154.154.220 - - [06/May/2014:12:11:25 +0200] "POST /forum_attac.php3?id_article=710&retour=cikk HTTP/1.1" 404 292 "http://attac.zpok.hu/forum_attac.php3?id_article=710&retour=cikk" "Mozilla/4.0 (compatible; MSIE 6.0; Windows NT 5.1; SV1)"
195.56.55.225 - - [06/May/2014:12:13:12 +0200] "GET /test.html HTTP/1.1" 200 56 "-" "monit/4.6"
91.232.96.36 - - [06/May/2014:12:14:10 +0200] "GET /forum_attac.php3?id_article=983&retour=cikk.php3%3Fid_article%3D983 HTTP/1.1" 404 292 "-" "Mozilla/4.0 (compatible; MSIE 6.0; Windows NT 5.1; SV1)"
195.56.55.225 - - [06/May/2014:12:15:15 +0200] "GET /test.html HTTP/1.1" 200 56 "-" "monit/4.6"
37.239.46.26 - - [06/May/2014:12:17:02 +0200] "POST /forum_attac.php3?id_article=710&retour=cikk HTTP/1.1" 404 292 "http://attac.zpok.hu/forum_attac.php3?id_article=710&retour=cikk" "Mozilla/4.0 (compatible; MSIE 6.0; Windows NT 5.1; SV1)"
212.154.154.220 - - [06/May/2014:12:17:03 +0200] "POST /forum_attac.php3?id_article=710&retour=cikk HTTP/1.1" 404 292 "http://attac.zpok.hu/forum_attac.php3?id_article=710&retour=cikk" "Mozilla/4.0 (compatible; MSIE 6.0; Windows NT 5.1; SV1)"
118.97.95.185 - - [06/May/2014:12:17:04 +0200] "POST /forum_attac.php3?id_article=710&retour=cikk HTTP/1.0" 404 280 "http://attac.zpok.hu/forum_attac.php3?id_article=710&retour=cikk" "Mozilla/4.0 (compatible; MSIE 6.0; Windows NT 5.1; SV1)"
195.56.55.225 - - [06/May/2014:12:17:18 +0200] "GET /test.html HTTP/1.1" 200 56 "-" "monit/4.6"
37.236.167.250 - - [06/May/2014:12:18:33 +0200] "POST /forum_attac.php3?id_article=710&retour=cikk HTTP/1.1" 404 292 "http://attac.zpok.hu/forum_attac.php3?id_article=710&retour=cikk" "Mozilla/4.0 (compatible; MSIE 6.0; Windows NT 5.1; SV1)"
195.56.55.225 - - [06/May/2014:12:19:20 +0200] "GET /test.html HTTP/1.1" 200 56 "-" "monit/4.6"
79.120.197.134 - - [06/May/2014:12:20:02 +0200] "-" 408 - "-" "-"
195.56.55.225 - - [06/May/2014:12:21:23 +0200] "GET /test.html HTTP/1.1" 200 56 "-" "monit/4.6"
86.59.160.250 - - [06/May/2014:12:22:45 +0200] "-" 408 - "-" "-"
86.59.160.250 - - [06/May/2014:12:23:00 +0200] "-" 408 - "-" "-"
120.198.230.11 - - [06/May/2014:12:23:02 +0200] "POST /forum_attac.php3?id_article=710&retour=cikk HTTP/1.1" 404 292 "http://attac.zpok.hu/forum_attac.php3?id_article=710&retour=cikk" "Mozilla/4.0 (compatible; MSIE 6.0; Windows NT 5.1; SV1)"
195.56.55.225 - - [06/May/2014:12:23:26 +0200] "GET /test.html HTTP/1.1" 200 56 "-" "monit/4.6"
195.56.55.225 - - [06/May/2014:12:25:28 +0200] "GET /test.html HTTP/1.1" 200 56 "-" "monit/4.6"
72.14.199.132 - - [06/May/2014:12:25:51 +0200] "GET / HTTP/1.1" 200 1155 "-" "Feedfetcher-Google; (+http://www.google.com/feedfetcher.html; 1 subscribers; feed-id=849169264004692768)"
94.228.34.203 - - [06/May/2014:12:27:09 +0200] "GET /robots.txt HTTP/1.1" 404 286 "-" "magpie-crawler/1.1 (U; Linux amd64; en-GB; +http://www.brandwatch.net)"
94.228.34.203 - - [06/May/2014:12:27:09 +0200] "GET /?feed=atom HTTP/1.1" 304 - "-" "magpie-crawler/1.1 (U; Linux amd64; en-GB; +http://www.brandwatch.net)"
212.40.112.158 - - [06/May/2014:12:27:19 +0200] "-" 408 - "-" "-"
195.56.55.225 - - [06/May/2014:12:27:30 +0200] "GET /test.html HTTP/1.1" 200 56 "-" "monit/4.6"
195.228.168.178 - - [06/May/2014:12:29:18 +0200] "-" 408 - "-" "-"
195.56.55.225 - - [06/May/2014:12:29:32 +0200] "GET /test.html HTTP/1.1" 200 56 "-" "monit/4.6"
91.232.96.36 - - [06/May/2014:12:31:00 +0200] "GET /forum_attac.php3?id_article=983&retour=cikk.php3%3Fid_article%3D983 HTTP/1.1" 404 292 "-" "Mozilla/4.0 (compatible; MSIE 6.0; Windows NT 5.1; SV1)"
195.56.55.225 - - [06/May/2014:12:31:34 +0200] "GET /test.html HTTP/1.1" 200 56 "-" "monit/4.6"
37.239.46.42 - - [06/May/2014:12:32:33 +0200] "POST /forum_attac.php3?id_article=710&retour=cikk HTTP/1.1" 404 292 "http://attac.zpok.hu/forum_attac.php3?id_article=710&retour=cikk" "Mozilla/4.0 (compatible; MSIE 6.0; Windows NT 5.1; SV1)"
58.20.127.100 - - [06/May/2014:12:32:37 +0200] "POST /forum_attac.php3?id_article=710&retour=cikk HTTP/1.0" 404 280 "http://attac.zpok.hu/forum_attac.php3?id_article=710&retour=cikk" "Mozilla/4.0 (compatible; MSIE 6.0; Windows NT 5.1; SV1)"
180.153.32.93 - - [06/May/2014:12:32:39 +0200] "POST /forum_attac.php3?id_article=710&retour=cikk HTTP/1.0" 404 280 "http://attac.zpok.hu/forum_attac.php3?id_article=710&retour=cikk" "Mozilla/4.0 (compatible; MSIE 6.0; Windows NT 5.1; SV1)"
195.56.55.225 - - [06/May/2014:12:33:37 +0200] "GET /test.html HTTP/1.1" 200 56 "-" "monit/4.6"
195.56.55.225 - - [06/May/2014:12:35:40 +0200] "GET /test.html HTTP/1.1" 200 56 "-" "monit/4.6"
157.55.33.42 - - [06/May/2014:12:36:38 +0200] "GET /robots.txt HTTP/1.1" 404 293 "-" "Mozilla/5.0 (compatible; bingbot/2.0; +http://www.bing.com/bingbot.htm)"
195.56.55.225 - - [06/May/2014:12:37:43 +0200] "GET /test.html HTTP/1.1" 200 56 "-" "monit/4.6"
157.55.34.93 - - [06/May/2014:12:38:26 +0200] "GET /robots.txt HTTP/1.1" 404 288 "-" "Mozilla/5.0 (compatible; bingbot/2.0; +http://www.bing.com/bingbot.htm)"
195.56.55.225 - - [06/May/2014:12:39:46 +0200] "GET /test.html HTTP/1.1" 200 56 "-" "monit/4.6"
157.55.34.93 - - [06/May/2014:12:40:14 +0200] "GET / HTTP/1.1" 200 1155 "-" "Mozilla/5.0 (compatible; bingbot/2.0; +http://www.bing.com/bingbot.htm)"
195.56.55.225 - - [06/May/2014:12:41:49 +0200] "GET /test.html HTTP/1.1" 200 56 "-" "monit/4.6"
195.56.55.225 - - [06/May/2014:12:43:52 +0200] "GET /test.html HTTP/1.1" 200 56 "-" "monit/4.6"
157.55.35.44 - - [06/May/2014:12:44:25 +0200] "GET /robots.txt HTTP/1.1" 404 299 "-" "Mozilla/5.0 (compatible; bingbot/2.0; +http://www.bing.com/bingbot.htm)"
46.105.105.227 - - [06/May/2014:12:45:34 +0200] "-" 408 - "-" "-"
46.105.105.227 - - [06/May/2014:12:45:34 +0200] "-" 408 - "-" "-"
195.56.55.225 - - [06/May/2014:12:45:54 +0200] "GET /test.html HTTP/1.1" 200 56 "-" "monit/4.6"
91.232.96.36 - - [06/May/2014:12:47:16 +0200] "GET /forum_attac.php3?id_article=983&retour=cikk.php3%3Fid_article%3D983 HTTP/1.1" 404 292 "-" "Mozilla/4.0 (compatible; MSIE 6.0; Windows NT 5.1; SV1)"
160.114.41.108 - - [06/May/2014:12:47:21 +0200] "-" 408 - "-" "-"
160.114.41.108 - - [06/May/2014:12:47:21 +0200] "-" 408 - "-" "-"
160.114.41.108 - - [06/May/2014:12:47:21 +0200] "-" 408 - "-" "-"
160.114.41.108 - - [06/May/2014:12:47:21 +0200] "-" 408 - "-" "-"
160.114.41.108 - - [06/May/2014:12:47:21 +0200] "-" 408 - "-" "-"
195.56.55.225 - - [06/May/2014:12:47:56 +0200] "GET /test.html HTTP/1.1" 200 56 "-" "monit/4.6"
202.46.50.17 - - [06/May/2014:12:49:18 +0200] "GET / HTTP/1.1" 200 1155 "-" "Mozilla/4.0 (compatible; MSIE 7.0; Windows NT 6.0)"
119.63.193.195 - - [06/May/2014:12:49:42 +0200] "GET / HTTP/1.1" 200 1155 "-" "Mozilla/4.0 (compatible; MSIE 7.0; Windows NT 6.0)"
195.56.55.225 - - [06/May/2014:12:49:58 +0200] "GET /test.html HTTP/1.1" 200 56 "-" "monit/4.6"
213.55.100.194 - - [06/May/2014:12:50:15 +0200] "POST /forum_attac.php3?id_article=710&retour=cikk HTTP/1.1" 404 292 "http://attac.zpok.hu/forum_attac.php3?id_article=710&retour=cikk" "Mozilla/4.0 (compatible; MSIE 6.0; Windows NT 5.1; SV1)"
37.239.46.10 - - [06/May/2014:12:50:16 +0200] "POST /forum_attac.php3?id_article=710&retour=cikk HTTP/1.1" 404 292 "http://attac.zpok.hu/forum_attac.php3?id_article=710&retour=cikk" "Mozilla/4.0 (compatible; MSIE 6.0; Windows NT 5.1; SV1)"
120.202.249.200 - - [06/May/2014:12:50:17 +0200] "POST /forum_attac.php3?id_article=710&retour=cikk HTTP/1.1" 404 292 "http://attac.zpok.hu/forum_attac.php3?id_article=710&retour=cikk" "Mozilla/4.0 (compatible; MSIE 6.0; Windows NT 5.1; SV1)"
210.73.220.18 - - [06/May/2014:12:51:29 +0200] "POST /forum_attac.php3?id_article=710&retour=cikk HTTP/1.0" 404 280 "http://attac.zpok.hu/forum_attac.php3?id_article=710&retour=cikk" "Mozilla/4.0 (compatible; MSIE 6.0; Windows NT 5.1; SV1)"
208.115.111.71 - - [06/May/2014:12:51:35 +0200] "GET /inter-feszkek/biogazdalkodas/ HTTP/1.1" 404 304 "-" "Mozilla/5.0 (compatible; DotBot/1.1; http://www.opensiteexplorer.org/dotbot, help@moz.com)"
195.56.55.225 - - [06/May/2014:12:52:00 +0200] "GET /test.html HTTP/1.1" 200 56 "-" "monit/4.6"
78.131.32.71 - - [06/May/2014:12:52:00 +0200] "-" 408 - "-" "-"
37.239.46.2 - - [06/May/2014:12:53:44 +0200] "POST /forum_attac.php3?id_article=710&retour=cikk HTTP/1.1" 404 292 "http://attac.zpok.hu/forum_attac.php3?id_article=710&retour=cikk" "Mozilla/4.0 (compatible; MSIE 6.0; Windows NT 5.1; SV1)"
157.55.35.44 - - [06/May/2014:12:53:53 +0200] "GET / HTTP/1.1" 200 1155 "-" "Mozilla/5.0 (compatible; bingbot/2.0; +http://www.bing.com/bingbot.htm)"
157.55.33.42 - - [06/May/2014:12:54:01 +0200] "GET / HTTP/1.1" 200 1155 "-" "Mozilla/5.0 (compatible; bingbot/2.0; +http://www.bing.com/bingbot.htm)"
79.116.31.239 - - [06/May/2014:12:54:01 +0200] "GET /Magyar Színház HTTP/1.1" 400 365 "-" "-"
195.56.55.225 - - [06/May/2014:12:54:03 +0200] "GET /test.html HTTP/1.1" 200 56 "-" "monit/4.6"
120.198.230.11 - - [06/May/2014:12:55:38 +0200] "POST /forum_attac.php3?id_article=710&retour=cikk HTTP/1.1" 404 292 "http://attac.zpok.hu/forum_attac.php3?id_article=710&retour=cikk" "Mozilla/4.0 (compatible; MSIE 6.0; Windows NT 5.1; SV1)"
149.255.255.250 - - [06/May/2014:12:55:39 +0200] "POST /forum_attac.php3?id_article=710&retour=cikk HTTP/1.1" 404 292 "http://attac.zpok.hu/forum_attac.php3?id_article=710&retour=cikk" "Mozilla/4.0 (compatible; MSIE 6.0; Windows NT 5.1; SV1)"
195.56.55.225 - - [06/May/2014:12:56:05 +0200] "GET /test.html HTTP/1.1" 200 56 "-" "monit/4.6"
195.56.55.225 - - [06/May/2014:12:58:08 +0200] "GET /test.html HTTP/1.1" 200 56 "-" "monit/4.6"
195.56.55.225 - - [06/May/2014:13:00:10 +0200] "GET /test.html HTTP/1.1" 200 56 "-" "monit/4.6"
195.56.55.225 - - [06/May/2014:13:02:13 +0200] "GET /test.html HTTP/1.1" 200 56 "-" "monit/4.6"
91.232.96.36 - - [06/May/2014:13:03:25 +0200] "GET /forum_attac.php3?id_article=983&retour=cikk.php3%3Fid_article%3D983 HTTP/1.1" 404 292 "-" "Mozilla/4.0 (compatible; MSIE 6.0; Windows NT 5.1; SV1)"
195.56.55.225 - - [06/May/2014:13:04:15 +0200] "GET /test.html HTTP/1.1" 200 56 "-" "monit/4.6"
185.10.126.95 - - [06/May/2014:13:05:09 +0200] "-" 408 - "-" "-"
37.58.100.70 - - [06/May/2014:13:05:39 +0200] "GET /robots.txt HTTP/1.1" 404 286 "-" "Mozilla/5.0 (compatible; AhrefsBot/5.0; +http://ahrefs.com/robot/)"
195.56.55.225 - - [06/May/2014:13:06:18 +0200] "GET /test.html HTTP/1.1" 200 56 "-" "monit/4.6"
195.56.55.225 - - [06/May/2014:13:08:20 +0200] "GET /test.html HTTP/1.1" 200 56 "-" "monit/4.6"
183.60.244.48 - - [06/May/2014:13:08:53 +0200] "GET / HTTP/1.1" 200 1155 "http://www.baidu.com" "Mozilla/5.0 (Windows NT 6.1; WOW64; rv:18.0) Gecko/20100101 Firefox/18.0"
183.60.244.48 - - [06/May/2014:13:08:54 +0200] "GET / HTTP/1.1" 200 1155 "http://www.baidu.com" "Mozilla/5.0 (Windows NT 6.1; WOW64; rv:18.0) Gecko/20100101 Firefox/18.0"
183.60.244.48 - - [06/May/2014:13:08:54 +0200] "HEAD / HTTP/1.1" 200 0 "-" "Mozilla/5.0 (Windows; U; MSIE 9.0; Windows NT 9.0; en-US)"
183.60.244.48 - - [06/May/2014:13:08:55 +0200] "GET /admin/help/online_help_1.htm HTTP/1.1" 404 303 "http://www.baidu.com" "Mozilla/5.0 (Windows NT 6.1; WOW64; rv:18.0) Gecko/20100101 Firefox/18.0"
183.60.244.48 - - [06/May/2014:13:08:55 +0200] "GET /lionsky_client/WebHtmlEditor/1_7_2006_1020/Theme/Office_Tinge/WebHtmlEditor.css HTTP/1.1" 404 354 "http://www.baidu.com" "Mozilla/5.0 (Windows NT 6.1; WOW64; rv:18.0) Gecko/20100101 Firefox/18.0"
183.60.244.48 - - [06/May/2014:13:08:55 +0200] "GET /do/reg.php HTTP/1.1" 404 285 "http://www.baidu.com" "Mozilla/5.0 (Windows NT 6.1; WOW64; rv:18.0) Gecko/20100101 Firefox/18.0"
183.60.244.48 - - [06/May/2014:13:08:55 +0200] "GET /static/js/common.js HTTP/1.1" 404 294 "http://www.baidu.com" "Mozilla/5.0 (Windows NT 6.1; WOW64; rv:18.0) Gecko/20100101 Firefox/18.0"
183.60.244.48 - - [06/May/2014:13:08:55 +0200] "GET /ask HTTP/1.1" 404 278 "http://www.baidu.com" "Mozilla/5.0 (Windows NT 6.1; WOW64; rv:18.0) Gecko/20100101 Firefox/18.0"
183.60.244.48 - - [06/May/2014:13:08:55 +0200] "GET /robots.txt HTTP/1.1" 404 285 "http://www.baidu.com" "Mozilla/5.0 (Windows NT 6.1; WOW64; rv:18.0) Gecko/20100101 Firefox/18.0"
183.60.244.48 - - [06/May/2014:13:08:55 +0200] "GET /wp-content/themes/twentyten/style.css HTTP/1.1" 404 312 "http://www.baidu.com" "Mozilla/5.0 (Windows NT 6.1; WOW64; rv:18.0) Gecko/20100101 Firefox/18.0"
183.60.244.48 - - [06/May/2014:13:08:55 +0200] "GET /Providers/HtmlEditorProviders/Fck/fcklinkgallery.aspx HTTP/1.1" 404 328 "http://www.baidu.com" "Mozilla/5.0 (Windows NT 6.1; WOW64; rv:18.0) Gecko/20100101 Firefox/18.0"
183.60.244.48 - - [06/May/2014:13:08:55 +0200] "GET /statics/js/ckeditor/plugins/capture/plugin.js HTTP/1.1" 404 320 "http://www.baidu.com" "Mozilla/5.0 (Windows NT 6.1; WOW64; rv:18.0) Gecko/20100101 Firefox/18.0"
183.60.244.48 - - [06/May/2014:13:08:55 +0200] "GET /robots HTTP/1.1" 404 281 "http://www.baidu.com" "Mozilla/5.0 (Windows NT 6.1; WOW64; rv:18.0) Gecko/20100101 Firefox/18.0"
183.60.244.48 - - [06/May/2014:13:08:56 +0200] "GET /templates/default/dnt.css HTTP/1.1" 404 300 "http://www.baidu.com" "Mozilla/5.0 (Windows NT 6.1; WOW64; rv:18.0) Gecko/20100101 Firefox/18.0"
183.60.244.48 - - [06/May/2014:13:08:56 +0200] "GET /digg.php HTTP/1.1" 404 283 "http://www.baidu.com" "Mozilla/5.0 (Windows NT 6.1; WOW64; rv:18.0) Gecko/20100101 Firefox/18.0"
183.60.244.48 - - [06/May/2014:13:08:56 +0200] "GET /license.txt HTTP/1.1" 404 286 "http://www.baidu.com" "Mozilla/5.0 (Windows NT 6.1; WOW64; rv:18.0) Gecko/20100101 Firefox/18.0"
183.60.244.48 - - [06/May/2014:13:08:56 +0200] "GET /\xe5\xae\x89\xe8\xa3\x85\xe8\xaf\xb4\xe6\x98\x8e.txt HTTP/1.1" 404 291 "http://www.baidu.com" "Mozilla/5.0 (Windows NT 6.1; WOW64; rv:18.0) Gecko/20100101 Firefox/18.0"
183.60.244.48 - - [06/May/2014:13:08:56 +0200] "GET /_data/jcmsU1.js HTTP/1.1" 404 290 "http://www.baidu.com" "Mozilla/5.0 (Windows NT 6.1; WOW64; rv:18.0) Gecko/20100101 Firefox/18.0"
183.60.244.48 - - [06/May/2014:13:08:56 +0200] "GET /jsp/cis4/js/common/CTRSHTMLElement.js HTTP/1.1" 404 312 "http://www.baidu.com" "Mozilla/5.0 (Windows NT 6.1; WOW64; rv:18.0) Gecko/20100101 Firefox/18.0"
183.60.244.48 - - [06/May/2014:13:08:56 +0200] "GET /robots.txt HTTP/1.1" 404 285 "http://www.baidu.com" "Mozilla/5.0 (Windows NT 6.1; WOW64; rv:18.0) Gecko/20100101 Firefox/18.0"
183.60.244.48 - - [06/May/2014:13:08:56 +0200] "GET /index.php HTTP/1.1" 404 284 "http://www.baidu.com" "Mozilla/5.0 (Windows NT 6.1; WOW64; rv:18.0) Gecko/20100101 Firefox/18.0"
183.60.244.48 - - [06/May/2014:13:08:56 +0200] "GET /data/config.js HTTP/1.1" 404 289 "http://www.baidu.com" "Mozilla/5.0 (Windows NT 6.1; WOW64; rv:18.0) Gecko/20100101 Firefox/18.0"
183.60.244.48 - - [06/May/2014:13:08:56 +0200] "GET /licence.txt HTTP/1.1" 404 286 "http://www.baidu.com" "Mozilla/5.0 (Windows NT 6.1; WOW64; rv:18.0) Gecko/20100101 Firefox/18.0"
183.60.244.48 - - [06/May/2014:13:08:56 +0200] "GET /special HTTP/1.1" 404 282 "http://www.baidu.com" "Mozilla/5.0 (Windows NT 6.1; WOW64; rv:18.0) Gecko/20100101 Firefox/18.0"
183.60.244.48 - - [06/May/2014:13:08:56 +0200] "GET /history.txt HTTP/1.1" 404 286 "http://www.baidu.com" "Mozilla/5.0 (Windows NT 6.1; WOW64; rv:18.0) Gecko/20100101 Firefox/18.0"
183.60.244.48 - - [06/May/2014:13:08:56 +0200] "GET /admin/template/article_more/config.htm HTTP/1.1" 404 313 "http://www.baidu.com" "Mozilla/5.0 (Windows NT 6.1; WOW64; rv:18.0) Gecko/20100101 Firefox/18.0"
183.60.244.48 - - [06/May/2014:13:08:56 +0200] "GET /siteserver/login.aspx HTTP/1.1" 404 296 "http://www.baidu.com" "Mozilla/5.0 (Windows NT 6.1; WOW64; rv:18.0) Gecko/20100101 Firefox/18.0"
183.60.244.48 - - [06/May/2014:13:08:56 +0200] "GET /plugin/backupdb/plugin.xml HTTP/1.1" 404 301 "http://www.baidu.com" "Mozilla/5.0 (Windows NT 6.1; WOW64; rv:18.0) Gecko/20100101 Firefox/18.0"
183.60.244.48 - - [06/May/2014:13:08:56 +0200] "GET /DevInfo.txt HTTP/1.1" 404 286 "http://www.baidu.com" "Mozilla/5.0 (Windows NT 6.1; WOW64; rv:18.0) Gecko/20100101 Firefox/18.0"
183.60.244.48 - - [06/May/2014:13:08:56 +0200] "GET /admin/template/foot.htm HTTP/1.1" 404 298 "http://www.baidu.com" "Mozilla/5.0 (Windows NT 6.1; WOW64; rv:18.0) Gecko/20100101 Firefox/18.0"
183.60.244.48 - - [06/May/2014:13:08:56 +0200] "GET /App_Themes/AdminDefaultTheme/xtree.css HTTP/1.1" 404 313 "http://www.baidu.com" "Mozilla/5.0 (Windows NT 6.1; WOW64; rv:18.0) Gecko/20100101 Firefox/18.0"
183.60.244.48 - - [06/May/2014:13:08:56 +0200] "GET /archive/archive.css HTTP/1.1" 404 294 "http://www.baidu.com" "Mozilla/5.0 (Windows NT 6.1; WOW64; rv:18.0) Gecko/20100101 Firefox/18.0"
183.60.244.48 - - [06/May/2014:13:08:56 +0200] "GET /data/js/config.js HTTP/1.1" 404 292 "http://www.baidu.com" "Mozilla/5.0 (Windows NT 6.1; WOW64; rv:18.0) Gecko/20100101 Firefox/18.0"
183.60.244.48 - - [06/May/2014:13:08:57 +0200] "GET /License.txt HTTP/1.1" 404 286 "http://www.baidu.com" "Mozilla/5.0 (Windows NT 6.1; WOW64; rv:18.0) Gecko/20100101 Firefox/18.0"
183.60.244.48 - - [06/May/2014:13:08:57 +0200] "GET /member/template/homepage.htm HTTP/1.1" 404 303 "http://www.baidu.com" "Mozilla/5.0 (Windows NT 6.1; WOW64; rv:18.0) Gecko/20100101 Firefox/18.0"
183.60.244.48 - - [06/May/2014:13:08:57 +0200] "GET /data/admin/ver.txt HTTP/1.1" 404 293 "http://www.baidu.com" "Mozilla/5.0 (Windows NT 6.1; WOW64; rv:18.0) Gecko/20100101 Firefox/18.0"
183.60.244.48 - - [06/May/2014:13:08:57 +0200] "GET /common/common.js HTTP/1.1" 404 291 "http://www.baidu.com" "Mozilla/5.0 (Windows NT 6.1; WOW64; rv:18.0) Gecko/20100101 Firefox/18.0"
183.60.244.48 - - [06/May/2014:13:08:57 +0200] "GET /pic/head_01.gif HTTP/1.1" 404 290 "http://www.baidu.com" "Mozilla/5.0 (Windows NT 6.1; WOW64; rv:18.0) Gecko/20100101 Firefox/18.0"
183.60.244.48 - - [06/May/2014:13:08:57 +0200] "GET /SCRIPT/common.js HTTP/1.1" 404 291 "http://www.baidu.com" "Mozilla/5.0 (Windows NT 6.1; WOW64; rv:18.0) Gecko/20100101 Firefox/18.0"
183.60.244.48 - - [06/May/2014:13:08:57 +0200] "GET /a_d/install/data.sql HTTP/1.1" 404 295 "http://www.baidu.com" "Mozilla/5.0 (Windows NT 6.1; WOW64; rv:18.0) Gecko/20100101 Firefox/18.0"
183.60.244.48 - - [06/May/2014:13:08:57 +0200] "GET /clientscript/vbulletin_ajax_htmlloader.js HTTP/1.1" 404 316 "http://www.baidu.com" "Mozilla/5.0 (Windows NT 6.1; WOW64; rv:18.0) Gecko/20100101 Firefox/18.0"
183.60.244.48 - - [06/May/2014:13:08:57 +0200] "GET /admin/inc/xml.xslt HTTP/1.1" 404 293 "http://www.baidu.com" "Mozilla/5.0 (Windows NT 6.1; WOW64; rv:18.0) Gecko/20100101 Firefox/18.0"
183.60.244.48 - - [06/May/2014:13:08:57 +0200] "GET /FS_Inc/FS_CSS.css HTTP/1.1" 404 292 "http://www.baidu.com" "Mozilla/5.0 (Windows NT 6.1; WOW64; rv:18.0) Gecko/20100101 Firefox/18.0"
183.60.244.48 - - [06/May/2014:13:08:58 +0200] "GET /hack/gather/template/edit_title.htm HTTP/1.1" 404 310 "http://www.baidu.com" "Mozilla/5.0 (Windows NT 6.1; WOW64; rv:18.0) Gecko/20100101 Firefox/18.0"
183.60.244.48 - - [06/May/2014:13:08:58 +0200] "GET /Admin/Include/version.xml HTTP/1.1" 404 300 "http://www.baidu.com" "Mozilla/5.0 (Windows NT 6.1; WOW64; rv:18.0) Gecko/20100101 Firefox/18.0"
183.60.244.48 - - [06/May/2014:13:08:58 +0200] "GET /language/gb2312.xml HTTP/1.1" 404 294 "http://www.baidu.com" "Mozilla/5.0 (Windows NT 6.1; WOW64; rv:18.0) Gecko/20100101 Firefox/18.0"
183.60.244.48 - - [06/May/2014:13:08:58 +0200] "GET /fckeditor/editor/js/fckeditorcode_ie.js HTTP/1.1" 404 314 "http://www.baidu.com" "Mozilla/5.0 (Windows NT 6.1; WOW64; rv:18.0) Gecko/20100101 Firefox/18.0"
183.60.244.48 - - [06/May/2014:13:08:58 +0200] "GET /skins/default.css HTTP/1.1" 404 292 "http://www.baidu.com" "Mozilla/5.0 (Windows NT 6.1; WOW64; rv:18.0) Gecko/20100101 Firefox/18.0"
183.60.244.48 - - [06/May/2014:13:08:58 +0200] "GET /ThinkPHP/README.txt HTTP/1.1" 404 294 "http://www.baidu.com" "Mozilla/5.0 (Windows NT 6.1; WOW64; rv:18.0) Gecko/20100101 Firefox/18.0"
183.60.244.48 - - [06/May/2014:13:08:58 +0200] "GET /template/default/refreshto.htm HTTP/1.1" 404 305 "http://www.baidu.com" "Mozilla/5.0 (Windows NT 6.1; WOW64; rv:18.0) Gecko/20100101 Firefox/18.0"
183.60.244.48 - - [06/May/2014:13:08:58 +0200] "GET /admin/tpls/tpls/main/default/index.tpl HTTP/1.1" 404 313 "http://www.baidu.com" "Mozilla/5.0 (Windows NT 6.1; WOW64; rv:18.0) Gecko/20100101 Firefox/18.0"
