94.228.34.203 - - [05/May/2014:14:06:24 +0200] "GET /?feed=atom HTTP/1.1" 304 - "-" "magpie-crawler/1.1 (U; Linux amd64; en-GB; +http://www.brandwatch.net)"
195.56.55.225 - - [05/May/2014:14:06:33 +0200] "GET /test.html HTTP/1.1" 200 56 "-" "monit/4.6"
195.56.55.225 - - [05/May/2014:14:08:36 +0200] "GET /test.html HTTP/1.1" 200 56 "-" "monit/4.6"
91.232.96.36 - - [05/May/2014:14:10:14 +0200] "GET /forum_attac.php3?id_article=983&retour=cikk.php3%3Fid_article%3D983 HTTP/1.1" 404 292 "-" "Mozilla/4.0 (compatible; MSIE 6.0; Windows NT 5.1; SV1)"
195.56.55.225 - - [05/May/2014:14:10:39 +0200] "GET /test.html HTTP/1.1" 200 56 "-" "monit/4.6"
217.79.181.76 - - [05/May/2014:14:11:31 +0200] "GET /robots.txt HTTP/1.0" 404 274 "-" "Mozilla/5.0 (compatible; MJ12bot/v1.4.5; http://www.majestic12.co.uk/bot.php?+)"
217.79.181.76 - - [05/May/2014:14:11:36 +0200] "GET /forum_attac.php3?id_article=94 HTTP/1.1" 404 292 "-" "Mozilla/5.0 (compatible; MJ12bot/v1.4.5; http://www.majestic12.co.uk/bot.php?+)"
195.56.55.225 - - [05/May/2014:14:12:42 +0200] "GET /test.html HTTP/1.1" 200 56 "-" "monit/4.6"
195.56.55.225 - - [05/May/2014:14:14:45 +0200] "GET /test.html HTTP/1.1" 200 56 "-" "monit/4.6"
195.56.55.225 - - [05/May/2014:14:16:53 +0200] "GET /test.html HTTP/1.1" 200 56 "-" "monit/4.6"
195.56.55.225 - - [05/May/2014:14:18:56 +0200] "GET /test.html HTTP/1.1" 200 56 "-" "monit/4.6"
195.56.55.225 - - [05/May/2014:14:20:58 +0200] "GET /test.html HTTP/1.1" 200 56 "-" "monit/4.6"
78.92.183.196 - - [05/May/2014:14:22:29 +0200] "-" 408 - "-" "-"
213.37.234.178 - - [05/May/2014:14:22:38 +0200] "-" 408 - "-" "-"
213.37.234.178 - - [05/May/2014:14:22:53 +0200] "-" 408 - "-" "-"
195.56.55.225 - - [05/May/2014:14:23:01 +0200] "GET /test.html HTTP/1.1" 200 56 "-" "monit/4.6"
195.56.55.225 - - [05/May/2014:14:25:04 +0200] "GET /test.html HTTP/1.1" 200 56 "-" "monit/4.6"
149.255.255.250 - - [05/May/2014:14:26:08 +0200] "POST /forum_attac.php3?id_article=710&retour=cikk HTTP/1.1" 404 292 "http://attac.zpok.hu/forum_attac.php3?id_article=710&retour=cikk" "Mozilla/4.0 (compatible; MSIE 6.0; Windows NT 5.1; SV1)"
112.137.166.250 - - [05/May/2014:14:26:14 +0200] "POST /forum_attac.php3?id_article=710&retour=cikk HTTP/1.0" 404 280 "http://attac.zpok.hu/forum_attac.php3?id_article=710&retour=cikk" "Mozilla/4.0 (compatible; MSIE 6.0; Windows NT 5.1; SV1)"
203.93.104.10 - - [05/May/2014:14:26:22 +0200] "POST /forum_attac.php3?id_article=710&retour=cikk HTTP/1.0" 404 280 "http://attac.zpok.hu/forum_attac.php3?id_article=710&retour=cikk" "Mozilla/4.0 (compatible; MSIE 6.0; Windows NT 5.1; SV1)"
91.232.96.36 - - [05/May/2014:14:26:22 +0200] "GET /forum_attac.php3?id_article=983&retour=cikk.php3%3Fid_article%3D983 HTTP/1.1" 404 292 "-" "Mozilla/4.0 (compatible; MSIE 6.0; Windows NT 5.1; SV1)"
195.56.55.225 - - [05/May/2014:14:27:07 +0200] "GET /test.html HTTP/1.1" 200 56 "-" "monit/4.6"
188.217.195.195 - - [05/May/2014:14:27:57 +0200] "GET / HTTP/1.1" 200 1155 "http://semalt.semalt.com/crawler.php?u=http://mail.zpok.hu" "Mozilla/5.0 (Windows NT 6.1; WOW64) AppleWebKit/537.36 (KHTML, like Gecko) Chrome/32.0.1700.107 Safari/537.36"
213.55.100.194 - - [05/May/2014:14:28:34 +0200] "POST /forum_attac.php3?id_article=710&retour=cikk HTTP/1.1" 404 292 "http://attac.zpok.hu/forum_attac.php3?id_article=710&retour=cikk" "Mozilla/4.0 (compatible; MSIE 6.0; Windows NT 5.1; SV1)"
195.56.55.225 - - [05/May/2014:14:29:09 +0200] "GET /test.html HTTP/1.1" 200 56 "-" "monit/4.6"
68.180.224.173 - - [05/May/2014:14:30:21 +0200] "GET /robots.txt HTTP/1.1" 404 291 "-" "Mozilla/5.0 (compatible; Yahoo! Slurp; http://help.yahoo.com/help/us/ysearch/slurp)"
68.180.224.173 - - [05/May/2014:14:30:21 +0200] "GET / HTTP/1.1" 200 1155 "-" "Mozilla/5.0 (compatible; Yahoo! Slurp; http://help.yahoo.com/help/us/ysearch/slurp)"
149.255.255.250 - - [05/May/2014:14:30:53 +0200] "POST /forum_attac.php3?id_article=710&retour=cikk HTTP/1.1" 404 292 "http://attac.zpok.hu/forum_attac.php3?id_article=710&retour=cikk" "Mozilla/4.0 (compatible; MSIE 6.0; Windows NT 5.1; SV1)"
119.31.123.207 - - [05/May/2014:14:30:54 +0200] "POST /forum_attac.php3?id_article=710&retour=cikk HTTP/1.1" 404 292 "http://attac.zpok.hu/forum_attac.php3?id_article=710&retour=cikk" "Mozilla/4.0 (compatible; MSIE 6.0; Windows NT 5.1; SV1)"
183.60.46.72 - - [05/May/2014:14:30:56 +0200] "POST /forum_attac.php3?id_article=710&retour=cikk HTTP/1.0" 404 280 "http://attac.zpok.hu/forum_attac.php3?id_article=710&retour=cikk" "Mozilla/4.0 (compatible; MSIE 6.0; Windows NT 5.1; SV1)"
195.56.55.225 - - [05/May/2014:14:31:11 +0200] "GET /test.html HTTP/1.1" 200 56 "-" "monit/4.6"
118.175.9.242 - - [05/May/2014:14:32:17 +0200] "POST /forum_attac.php3?id_article=710&retour=cikk HTTP/1.1" 404 292 "http://attac.zpok.hu/forum_attac.php3?id_article=710&retour=cikk" "Mozilla/4.0 (compatible; MSIE 6.0; Windows NT 5.1; SV1)"
37.236.167.250 - - [05/May/2014:14:32:18 +0200] "POST /forum_attac.php3?id_article=710&retour=cikk HTTP/1.1" 404 292 "http://attac.zpok.hu/forum_attac.php3?id_article=710&retour=cikk" "Mozilla/4.0 (compatible; MSIE 6.0; Windows NT 5.1; SV1)"
195.56.55.225 - - [05/May/2014:14:33:14 +0200] "GET /test.html HTTP/1.1" 200 56 "-" "monit/4.6"
195.56.55.225 - - [05/May/2014:14:35:17 +0200] "GET /test.html HTTP/1.1" 200 56 "-" "monit/4.6"
180.76.5.154 - - [05/May/2014:14:35:29 +0200] "GET /robots.txt HTTP/1.1" 404 290 "-" "Mozilla/5.0 (Windows NT 5.1; rv:6.0.2) Gecko/20100101 Firefox/6.0.2"
37.76.118.155 - - [05/May/2014:14:35:57 +0200] "-" 408 - "-" "-"
46.105.105.227 - - [05/May/2014:14:36:06 +0200] "-" 408 - "-" "-"
195.56.55.225 - - [05/May/2014:14:37:19 +0200] "GET /test.html HTTP/1.1" 200 56 "-" "monit/4.6"
195.56.55.225 - - [05/May/2014:14:39:21 +0200] "GET /test.html HTTP/1.1" 200 56 "-" "monit/4.6"
195.56.55.225 - - [05/May/2014:14:41:24 +0200] "GET /test.html HTTP/1.1" 200 56 "-" "monit/4.6"
103.14.121.54 - - [05/May/2014:14:42:09 +0200] "GET / HTTP/1.0" 200 1155 "-" "-"
103.14.121.54 - - [05/May/2014:14:42:10 +0200] "GET /wp-login.php HTTP/1.0" 404 276 "-" "-"
103.14.121.54 - - [05/May/2014:14:42:12 +0200] "GET /administrator/index.php HTTP/1.0" 404 287 "-" "-"
91.232.96.36 - - [05/May/2014:14:42:23 +0200] "GET /forum_attac.php3?id_article=983&retour=cikk.php3%3Fid_article%3D983 HTTP/1.1" 404 292 "-" "Mozilla/4.0 (compatible; MSIE 6.0; Windows NT 5.1; SV1)"
195.56.55.225 - - [05/May/2014:14:43:32 +0200] "GET /test.html HTTP/1.1" 200 56 "-" "monit/4.6"
86.101.162.166 - - [05/May/2014:14:43:36 +0200] "GET /portal HTTP/1.1" 404 282 "-" "Mozilla/5.0 (Windows NT 6.1; rv:28.0) Gecko/20100101 Firefox/28.0"
86.101.162.166 - - [05/May/2014:14:43:36 +0200] "GET /favicon.ico HTTP/1.1" 404 287 "-" "Mozilla/5.0 (Windows NT 6.1; rv:28.0) Gecko/20100101 Firefox/28.0"
86.101.162.166 - - [05/May/2014:14:43:36 +0200] "GET /favicon.ico HTTP/1.1" 404 287 "-" "Mozilla/5.0 (Windows NT 6.1; rv:28.0) Gecko/20100101 Firefox/28.0"
117.165.38.57 - - [05/May/2014:14:43:55 +0200] "-" 408 - "-" "-"
195.56.55.225 - - [05/May/2014:14:45:38 +0200] "GET /test.html HTTP/1.1" 200 56 "-" "monit/4.6"
195.56.55.225 - - [05/May/2014:14:47:40 +0200] "GET /test.html HTTP/1.1" 200 56 "-" "monit/4.6"
66.249.78.218 - - [05/May/2014:14:49:01 +0200] "GET /cikk.php3?id_article=7 HTTP/1.1" 404 285 "-" "Mozilla/5.0 (compatible; Googlebot/2.1; +http://www.google.com/bot.html)"
195.56.55.225 - - [05/May/2014:14:49:43 +0200] "GET /test.html HTTP/1.1" 200 56 "-" "monit/4.6"
195.56.55.225 - - [05/May/2014:14:51:46 +0200] "GET /test.html HTTP/1.1" 200 56 "-" "monit/4.6"
195.56.55.225 - - [05/May/2014:14:53:48 +0200] "GET /test.html HTTP/1.1" 200 56 "-" "monit/4.6"
195.56.55.225 - - [05/May/2014:14:55:50 +0200] "GET /test.html HTTP/1.1" 200 56 "-" "monit/4.6"
222.210.177.215 - - [05/May/2014:14:56:07 +0200] "GET / HTTP/1.1" 200 1155 "-" "Mozilla/5.0 (Windows NT 6.2; WOW64) AppleWebKit/537.36 (KHTML, like Gecko) Chrome/30.0.1650.48 Safari/537.36"
120.198.230.11 - - [05/May/2014:14:57:13 +0200] "POST /forum_attac.php3?id_article=710&retour=cikk HTTP/1.1" 404 292 "http://attac.zpok.hu/forum_attac.php3?id_article=710&retour=cikk" "Mozilla/4.0 (compatible; MSIE 6.0; Windows NT 5.1; SV1)"
195.56.55.225 - - [05/May/2014:14:57:53 +0200] "GET /test.html HTTP/1.1" 200 56 "-" "monit/4.6"
91.232.96.36 - - [05/May/2014:14:58:14 +0200] "GET /forum_attac.php3?id_article=983&retour=cikk.php3%3Fid_article%3D983 HTTP/1.1" 404 292 "-" "Mozilla/4.0 (compatible; MSIE 6.0; Windows NT 5.1; SV1)"
149.255.255.250 - - [05/May/2014:14:58:58 +0200] "POST /forum_attac.php3?id_article=710&retour=cikk HTTP/1.1" 404 292 "http://attac.zpok.hu/forum_attac.php3?id_article=710&retour=cikk" "Mozilla/4.0 (compatible; MSIE 6.0; Windows NT 5.1; SV1)"
197.155.141.7 - - [05/May/2014:14:59:07 +0200] "POST /forum_attac.php3?id_article=710&retour=cikk HTTP/1.1" 404 292 "http://attac.zpok.hu/forum_attac.php3?id_article=710&retour=cikk" "Mozilla/4.0 (compatible; MSIE 6.0; Windows NT 5.1; SV1)"
119.31.123.207 - - [05/May/2014:14:59:08 +0200] "POST /forum_attac.php3?id_article=710&retour=cikk HTTP/1.1" 404 292 "http://attac.zpok.hu/forum_attac.php3?id_article=710&retour=cikk" "Mozilla/4.0 (compatible; MSIE 6.0; Windows NT 5.1; SV1)"
195.56.55.225 - - [05/May/2014:14:59:56 +0200] "GET /test.html HTTP/1.1" 200 56 "-" "monit/4.6"
219.93.183.102 - - [05/May/2014:15:01:40 +0200] "POST /forum_attac.php3?id_article=710&retour=cikk HTTP/1.1" 404 292 "http://attac.zpok.hu/forum_attac.php3?id_article=710&retour=cikk" "Mozilla/4.0 (compatible; MSIE 6.0; Windows NT 5.1; SV1)"
118.97.95.185 - - [05/May/2014:15:01:42 +0200] "POST /forum_attac.php3?id_article=710&retour=cikk HTTP/1.0" 404 280 "http://attac.zpok.hu/forum_attac.php3?id_article=710&retour=cikk" "Mozilla/4.0 (compatible; MSIE 6.0; Windows NT 5.1; SV1)"
195.56.55.225 - - [05/May/2014:15:01:59 +0200] "GET /test.html HTTP/1.1" 200 56 "-" "monit/4.6"
195.56.55.225 - - [05/May/2014:15:04:02 +0200] "GET /test.html HTTP/1.1" 200 56 "-" "monit/4.6"
195.56.55.225 - - [05/May/2014:15:06:04 +0200] "GET /test.html HTTP/1.1" 200 56 "-" "monit/4.6"
84.236.15.27 - - [05/May/2014:15:06:20 +0200] "-" 408 - "-" "-"
208.115.111.71 - - [05/May/2014:15:07:11 +0200] "GET /robots.txt HTTP/1.1" 404 289 "-" "Mozilla/5.0 (compatible; DotBot/1.1; http://www.opensiteexplorer.org/dotbot, help@moz.com)"
208.115.111.71 - - [05/May/2014:15:07:11 +0200] "GET /robots.txt HTTP/1.1" 404 286 "-" "Mozilla/5.0 (compatible; DotBot/1.1; http://www.opensiteexplorer.org/dotbot, help@moz.com)"
38.111.147.84 - - [05/May/2014:15:07:17 +0200] "-" 408 - "-" "-"
37.239.46.2 - - [05/May/2014:15:07:44 +0200] "POST /forum_attac.php3?id_article=710&retour=cikk HTTP/1.1" 404 292 "http://attac.zpok.hu/forum_attac.php3?id_article=710&retour=cikk" "Mozilla/4.0 (compatible; MSIE 6.0; Windows NT 5.1; SV1)"
195.56.55.225 - - [05/May/2014:15:08:07 +0200] "GET /test.html HTTP/1.1" 200 56 "-" "monit/4.6"
195.56.55.225 - - [05/May/2014:15:10:09 +0200] "GET /test.html HTTP/1.1" 200 56 "-" "monit/4.6"
195.56.55.225 - - [05/May/2014:15:12:12 +0200] "GET /test.html HTTP/1.1" 200 56 "-" "monit/4.6"
78.92.6.193 - - [05/May/2014:15:12:22 +0200] "-" 408 - "-" "-"
195.56.55.225 - - [05/May/2014:15:14:14 +0200] "GET /test.html HTTP/1.1" 200 56 "-" "monit/4.6"
91.232.96.36 - - [05/May/2014:15:14:32 +0200] "GET /forum_attac.php3?id_article=983&retour=cikk.php3%3Fid_article%3D983 HTTP/1.1" 404 292 "-" "Mozilla/4.0 (compatible; MSIE 6.0; Windows NT 5.1; SV1)"
195.56.55.225 - - [05/May/2014:15:16:22 +0200] "GET /test.html HTTP/1.1" 200 56 "-" "monit/4.6"
37.58.100.183 - - [05/May/2014:15:16:23 +0200] "-" 408 - "-" "-"
195.56.55.225 - - [05/May/2014:15:18:26 +0200] "GET /test.html HTTP/1.1" 200 56 "-" "monit/4.6"
180.76.5.187 - - [05/May/2014:15:18:55 +0200] "GET / HTTP/1.1" 200 1155 "-" "Mozilla/5.0 (compatible; Baiduspider/2.0; +http://www.baidu.com/search/spider.html)"
157.55.33.107 - - [05/May/2014:15:19:05 +0200] "GET /robots.txt HTTP/1.1" 404 296 "-" "Mozilla/5.0 (compatible; bingbot/2.0; +http://www.bing.com/bingbot.htm)"
157.55.33.107 - - [05/May/2014:15:20:01 +0200] "GET / HTTP/1.1" 200 1155 "-" "Mozilla/5.0 (compatible; bingbot/2.0; +http://www.bing.com/bingbot.htm)"
195.56.55.225 - - [05/May/2014:15:20:30 +0200] "GET /test.html HTTP/1.1" 200 56 "-" "monit/4.6"
85.67.179.226 - - [05/May/2014:15:20:53 +0200] "GET /cikk.php3?id_article=511 HTTP/1.1" 404 285 "http://kajakhorgasz.blogspot.hu/2011/08/jackson-coosa-elite.html" "Mozilla/5.0 (Windows NT 6.1; WOW64; rv:28.0) Gecko/20100101 Firefox/28.0"
85.67.179.226 - - [05/May/2014:15:20:54 +0200] "GET /favicon.ico HTTP/1.1" 404 287 "-" "Mozilla/5.0 (Windows NT 6.1; WOW64; rv:28.0) Gecko/20100101 Firefox/28.0"
85.67.179.226 - - [05/May/2014:15:20:54 +0200] "GET /favicon.ico HTTP/1.1" 404 287 "-" "Mozilla/5.0 (Windows NT 6.1; WOW64; rv:28.0) Gecko/20100101 Firefox/28.0"
195.56.55.225 - - [05/May/2014:15:22:32 +0200] "GET /test.html HTTP/1.1" 200 56 "-" "monit/4.6"
86.101.27.73 - - [05/May/2014:15:22:58 +0200] "GET / HTTP/1.1" 200 1155 "-" "Mozilla/5.0 (Windows NT 6.1; rv:28.0) Gecko/20100101 Firefox/28.0"
86.101.27.73 - - [05/May/2014:15:23:00 +0200] "GET /favicon.ico HTTP/1.1" 404 283 "-" "Mozilla/5.0 (Windows NT 6.1; rv:28.0) Gecko/20100101 Firefox/28.0"
86.101.27.73 - - [05/May/2014:15:23:00 +0200] "GET /favicon.ico HTTP/1.1" 404 283 "-" "Mozilla/5.0 (Windows NT 6.1; rv:28.0) Gecko/20100101 Firefox/28.0"
195.199.102.198 - - [05/May/2014:15:23:49 +0200] "-" 408 - "-" "-"
195.56.55.225 - - [05/May/2014:15:24:35 +0200] "GET /test.html HTTP/1.1" 200 56 "-" "monit/4.6"
72.14.199.132 - - [05/May/2014:15:25:41 +0200] "GET / HTTP/1.1" 200 1155 "-" "Feedfetcher-Google; (+http://www.google.com/feedfetcher.html; 1 subscribers; feed-id=849169264004692768)"
116.255.202.72 - - [05/May/2014:15:25:57 +0200] "POST /forum_attac.php3?id_article=710&retour=cikk HTTP/1.0" 404 280 "http://attac.zpok.hu/forum_attac.php3?id_article=710&retour=cikk" "Mozilla/4.0 (compatible; MSIE 6.0; Windows NT 5.1; SV1)"
37.239.46.18 - - [05/May/2014:15:25:59 +0200] "POST /forum_attac.php3?id_article=710&retour=cikk HTTP/1.1" 404 292 "http://attac.zpok.hu/forum_attac.php3?id_article=710&retour=cikk" "Mozilla/4.0 (compatible; MSIE 6.0; Windows NT 5.1; SV1)"
195.56.55.225 - - [05/May/2014:15:26:38 +0200] "GET /test.html HTTP/1.1" 200 56 "-" "monit/4.6"
81.183.62.13 - - [05/May/2014:15:26:48 +0200] "-" 408 - "-" "-"
118.175.9.242 - - [05/May/2014:15:28:09 +0200] "POST /forum_attac.php3?id_article=710&retour=cikk HTTP/1.1" 404 292 "http://attac.zpok.hu/forum_attac.php3?id_article=710&retour=cikk" "Mozilla/4.0 (compatible; MSIE 6.0; Windows NT 5.1; SV1)"
120.198.230.11 - - [05/May/2014:15:28:10 +0200] "POST /forum_attac.php3?id_article=710&retour=cikk HTTP/1.1" 404 292 "http://attac.zpok.hu/forum_attac.php3?id_article=710&retour=cikk" "Mozilla/4.0 (compatible; MSIE 6.0; Windows NT 5.1; SV1)"
195.56.55.225 - - [05/May/2014:15:28:40 +0200] "GET /test.html HTTP/1.1" 200 56 "-" "monit/4.6"
193.224.41.168 - - [05/May/2014:15:28:47 +0200] "-" 408 - "-" "-"
46.105.105.227 - - [05/May/2014:15:29:05 +0200] "-" 408 - "-" "-"
81.183.62.13 - - [05/May/2014:15:29:10 +0200] "-" 408 - "-" "-"
46.105.105.227 - - [05/May/2014:15:29:36 +0200] "-" 408 - "-" "-"
91.232.96.36 - - [05/May/2014:15:30:27 +0200] "GET /forum_attac.php3?id_article=983&retour=cikk.php3%3Fid_article%3D983 HTTP/1.1" 404 292 "-" "Mozilla/4.0 (compatible; MSIE 6.0; Windows NT 5.1; SV1)"
195.56.55.225 - - [05/May/2014:15:30:46 +0200] "GET /test.html HTTP/1.1" 200 56 "-" "monit/4.6"
46.105.105.227 - - [05/May/2014:15:31:20 +0200] "-" 408 - "-" "-"
37.239.46.2 - - [05/May/2014:15:31:46 +0200] "POST /forum_attac.php3?id_article=710&retour=cikk HTTP/1.1" 404 292 "http://attac.zpok.hu/forum_attac.php3?id_article=710&retour=cikk" "Mozilla/4.0 (compatible; MSIE 6.0; Windows NT 5.1; SV1)"
195.56.55.225 - - [05/May/2014:15:32:48 +0200] "GET /test.html HTTP/1.1" 200 56 "-" "monit/4.6"
195.168.178.58 - - [05/May/2014:15:33:53 +0200] "-" 408 - "-" "-"
195.168.178.58 - - [05/May/2014:15:33:53 +0200] "-" 408 - "-" "-"
195.56.55.225 - - [05/May/2014:15:34:51 +0200] "GET /test.html HTTP/1.1" 200 56 "-" "monit/4.6"
195.56.55.225 - - [05/May/2014:15:36:54 +0200] "GET /test.html HTTP/1.1" 200 56 "-" "monit/4.6"
208.115.111.71 - - [05/May/2014:15:38:21 +0200] "GET /cikk.php3?id_article=680 HTTP/1.1" 404 285 "-" "Mozilla/5.0 (compatible; DotBot/1.1; http://www.opensiteexplorer.org/dotbot, help@moz.com)"
195.56.55.225 - - [05/May/2014:15:38:57 +0200] "GET /test.html HTTP/1.1" 200 56 "-" "monit/4.6"
195.56.55.225 - - [05/May/2014:15:41:00 +0200] "GET /test.html HTTP/1.1" 200 56 "-" "monit/4.6"
195.56.55.225 - - [05/May/2014:15:43:03 +0200] "GET /test.html HTTP/1.1" 200 56 "-" "monit/4.6"
31.46.56.43 - - [05/May/2014:15:43:37 +0200] "-" 408 - "-" "-"
205.237.88.149 - - [05/May/2014:15:44:45 +0200] "GET / HTTP/1.0" 200 1155 "-" "=Mozilla/5.0 (Windows; U; Windows NT 6.1; en-US) AppleWebKit/534.16 (KHTML, like Gecko) Chrome/10.0.648.204 Safari/534.16"
195.56.55.225 - - [05/May/2014:15:45:07 +0200] "GET /test.html HTTP/1.1" 200 56 "-" "monit/4.6"
84.1.49.14 - - [05/May/2014:15:45:23 +0200] "-" 408 - "-" "-"
91.232.96.36 - - [05/May/2014:15:46:40 +0200] "GET /forum_attac.php3?id_article=983&retour=cikk.php3%3Fid_article%3D983 HTTP/1.1" 404 292 "-" "Mozilla/4.0 (compatible; MSIE 6.0; Windows NT 5.1; SV1)"
195.56.55.225 - - [05/May/2014:15:47:10 +0200] "GET /test.html HTTP/1.1" 200 56 "-" "monit/4.6"
195.56.55.225 - - [05/May/2014:15:49:13 +0200] "GET /test.html HTTP/1.1" 200 56 "-" "monit/4.6"
180.76.6.54 - - [05/May/2014:15:49:52 +0200] "GET / HTTP/1.1" 200 1155 "-" "Mozilla/5.0 (compatible; Baiduspider/2.0; +http://www.baidu.com/search/spider.html)"
195.56.55.225 - - [05/May/2014:15:51:15 +0200] "GET /test.html HTTP/1.1" 200 56 "-" "monit/4.6"
195.56.55.225 - - [05/May/2014:15:53:18 +0200] "GET /test.html HTTP/1.1" 200 56 "-" "monit/4.6"
119.31.123.207 - - [05/May/2014:15:55:19 +0200] "POST /forum_attac.php3?id_article=710&retour=cikk HTTP/1.1" 404 292 "http://attac.zpok.hu/forum_attac.php3?id_article=710&retour=cikk" "Mozilla/4.0 (compatible; MSIE 6.0; Windows NT 5.1; SV1)"
195.56.55.225 - - [05/May/2014:15:55:20 +0200] "GET /test.html HTTP/1.1" 200 56 "-" "monit/4.6"
118.97.95.185 - - [05/May/2014:15:55:21 +0200] "POST /forum_attac.php3?id_article=710&retour=cikk HTTP/1.0" 404 280 "http://attac.zpok.hu/forum_attac.php3?id_article=710&retour=cikk" "Mozilla/4.0 (compatible; MSIE 6.0; Windows NT 5.1; SV1)"
58.20.223.230 - - [05/May/2014:15:55:27 +0200] "POST /forum_attac.php3?id_article=710&retour=cikk HTTP/1.0" 404 280 "http://attac.zpok.hu/forum_attac.php3?id_article=710&retour=cikk" "Mozilla/4.0 (compatible; MSIE 6.0; Windows NT 5.1; SV1)"
118.97.95.185 - - [05/May/2014:15:55:53 +0200] "POST /forum_attac.php3?id_article=710&retour=cikk HTTP/1.0" 404 280 "http://attac.zpok.hu/forum_attac.php3?id_article=710&retour=cikk" "Mozilla/4.0 (compatible; MSIE 6.0; Windows NT 5.1; SV1)"
58.20.127.100 - - [05/May/2014:15:55:54 +0200] "POST /forum_attac.php3?id_article=710&retour=cikk HTTP/1.0" 404 280 "http://attac.zpok.hu/forum_attac.php3?id_article=710&retour=cikk" "Mozilla/4.0 (compatible; MSIE 6.0; Windows NT 5.1; SV1)"
149.255.255.250 - - [05/May/2014:15:56:05 +0200] "POST /forum_attac.php3?id_article=710&retour=cikk HTTP/1.1" 404 292 "http://attac.zpok.hu/forum_attac.php3?id_article=710&retour=cikk" "Mozilla/4.0 (compatible; MSIE 6.0; Windows NT 5.1; SV1)"
195.199.67.230 - - [05/May/2014:15:56:32 +0200] "-" 408 - "-" "-"
65.55.52.88 - - [05/May/2014:15:57:22 +0200] "GET /robots.txt HTTP/1.1" 404 288 "-" "Mozilla/5.0 (compatible; bingbot/2.0; +http://www.bing.com/bingbot.htm)"
195.56.55.225 - - [05/May/2014:15:57:22 +0200] "GET /test.html HTTP/1.1" 200 56 "-" "monit/4.6"
219.93.183.102 - - [05/May/2014:15:57:32 +0200] "POST /forum_attac.php3?id_article=710&retour=cikk HTTP/1.1" 404 292 "http://attac.zpok.hu/forum_attac.php3?id_article=710&retour=cikk" "Mozilla/4.0 (compatible; MSIE 6.0; Windows NT 5.1; SV1)"
149.255.255.242 - - [05/May/2014:15:57:33 +0200] "POST /forum_attac.php3?id_article=710&retour=cikk HTTP/1.1" 404 292 "http://attac.zpok.hu/forum_attac.php3?id_article=710&retour=cikk" "Mozilla/4.0 (compatible; MSIE 6.0; Windows NT 5.1; SV1)"
195.56.55.225 - - [05/May/2014:15:59:24 +0200] "GET /test.html HTTP/1.1" 200 56 "-" "monit/4.6"
87.97.50.183 - - [05/May/2014:15:59:58 +0200] "-" 408 - "-" "-"
195.56.55.225 - - [05/May/2014:16:01:27 +0200] "GET /test.html HTTP/1.1" 200 56 "-" "monit/4.6"
91.232.96.36 - - [05/May/2014:16:02:28 +0200] "GET /forum_attac.php3?id_article=983&retour=cikk.php3%3Fid_article%3D983 HTTP/1.1" 404 292 "-" "Mozilla/4.0 (compatible; MSIE 6.0; Windows NT 5.1; SV1)"
58.20.127.90 - - [05/May/2014:16:02:38 +0200] "POST /forum_attac.php3?id_article=710&retour=cikk HTTP/1.0" 404 280 "http://attac.zpok.hu/forum_attac.php3?id_article=710&retour=cikk" "Mozilla/4.0 (compatible; MSIE 6.0; Windows NT 5.1; SV1)"
216.119.134.194 - - [05/May/2014:16:02:39 +0200] "?option=com_jce&task=plugin&plugin=imgmanager&file=imgmanager&version=1576&cid=20 HTTP/1.1" 400 - "-" "-"
216.119.134.194 - - [05/May/2014:16:02:56 +0200] "?option=com_jce&task=plugin&plugin=imgmanager&file=imgmanager&version=1576&cid=20 HTTP/1.1" 400 - "-" "-"
195.56.55.225 - - [05/May/2014:16:03:31 +0200] "GET /test.html HTTP/1.1" 200 56 "-" "monit/4.6"
195.56.55.225 - - [05/May/2014:16:05:33 +0200] "GET /test.html HTTP/1.1" 200 56 "-" "monit/4.6"
65.55.52.88 - - [05/May/2014:16:06:45 +0200] "GET / HTTP/1.1" 200 1155 "-" "Mozilla/5.0 (compatible; bingbot/2.0; +http://www.bing.com/bingbot.htm)"
195.56.55.225 - - [05/May/2014:16:07:36 +0200] "GET /test.html HTTP/1.1" 200 56 "-" "monit/4.6"
208.115.111.74 - - [05/May/2014:16:08:45 +0200] "GET /robots.txt HTTP/1.1" 404 292 "-" "Mozilla/5.0 (compatible; DotBot/1.1; http://www.opensiteexplorer.org/dotbot, help@moz.com)"
195.56.55.225 - - [05/May/2014:16:09:38 +0200] "GET /test.html HTTP/1.1" 200 56 "-" "monit/4.6"
195.56.55.225 - - [05/May/2014:16:11:40 +0200] "GET /test.html HTTP/1.1" 200 56 "-" "monit/4.6"
91.236.74.172 - - [05/May/2014:16:12:13 +0200] "GET /cikk.php3?id_article=94 HTTP/1.0" 404 273 "http://attac.zpok.hu/cikk.php3?id_article=94" "Mozilla/5.0 (Windows NT 6.1) AppleWebKit/537.36 (KHTML, like Gecko) Chrome/33.0.1750.146 Safari/537.36"
91.236.74.172 - - [05/May/2014:16:12:13 +0200] "GET / HTTP/1.0" 200 1155 "http://attac.zpok.hu/" "Mozilla/5.0 (Windows NT 6.1) AppleWebKit/537.36 (KHTML, like Gecko) Chrome/33.0.1750.146 Safari/537.36"
195.56.55.225 - - [05/May/2014:16:13:43 +0200] "GET /test.html HTTP/1.1" 200 56 "-" "monit/4.6"
195.56.55.225 - - [05/May/2014:16:15:45 +0200] "GET /test.html HTTP/1.1" 200 56 "-" "monit/4.6"
205.237.88.137 - - [05/May/2014:16:17:24 +0200] "GET / HTTP/1.0" 200 1155 "-" "=Mozilla/5.0 (Windows; U; Windows NT 6.1; en-US) AppleWebKit/534.16 (KHTML, like Gecko) Chrome/10.0.648.204 Safari/534.16"
195.56.55.225 - - [05/May/2014:16:17:48 +0200] "GET /test.html HTTP/1.1" 200 56 "-" "monit/4.6"
94.248.250.141 - - [05/May/2014:16:18:22 +0200] "GET /IMG/arton497.jpg HTTP/1.1" 404 292 "http://forum.apatnet.hu/viewtopic.php?f=8&t=15&start=4200" "Mozilla/5.0 (Windows NT 5.1; rv:29.0) Gecko/20100101 Firefox/29.0"
91.232.96.36 - - [05/May/2014:16:18:37 +0200] "GET /forum_attac.php3?id_article=983&retour=cikk.php3%3Fid_article%3D983 HTTP/1.1" 404 292 "-" "Mozilla/4.0 (compatible; MSIE 6.0; Windows NT 5.1; SV1)"
195.56.55.225 - - [05/May/2014:16:19:52 +0200] "GET /test.html HTTP/1.1" 200 56 "-" "monit/4.6"
195.56.55.225 - - [05/May/2014:16:21:54 +0200] "GET /test.html HTTP/1.1" 200 56 "-" "monit/4.6"
195.56.55.225 - - [05/May/2014:16:23:56 +0200] "GET /test.html HTTP/1.1" 200 56 "-" "monit/4.6"
46.105.105.227 - - [05/May/2014:16:24:23 +0200] "-" 408 - "-" "-"
46.105.105.227 - - [05/May/2014:16:24:23 +0200] "-" 408 - "-" "-"
67.7.223.213 - - [05/May/2014:16:25:11 +0200] "-" 408 - "-" "-"
84.85.74.170 - - [05/May/2014:16:25:43 +0200] "GET /\" + gaJsHost + \"google-analytics.com/ga.js HTTP/1.1" 400 365 "-" "-"
195.56.55.225 - - [05/May/2014:16:26:00 +0200] "GET /test.html HTTP/1.1" 200 56 "-" "monit/4.6"
210.14.138.102 - - [05/May/2014:16:26:17 +0200] "POST /forum_attac.php3?id_article=710&retour=cikk HTTP/1.0" 404 280 "http://attac.zpok.hu/forum_attac.php3?id_article=710&retour=cikk" "Mozilla/4.0 (compatible; MSIE 6.0; Windows NT 5.1; SV1)"
116.255.202.72 - - [05/May/2014:16:26:19 +0200] "POST /forum_attac.php3?id_article=710&retour=cikk HTTP/1.0" 404 280 "http://attac.zpok.hu/forum_attac.php3?id_article=710&retour=cikk" "Mozilla/4.0 (compatible; MSIE 6.0; Windows NT 5.1; SV1)"
116.213.211.139 - - [05/May/2014:16:26:21 +0200] "POST /forum_attac.php3?id_article=710&retour=cikk HTTP/1.0" 404 280 "http://attac.zpok.hu/forum_attac.php3?id_article=710&retour=cikk" "Mozilla/4.0 (compatible; MSIE 6.0; Windows NT 5.1; SV1)"
195.56.55.225 - - [05/May/2014:16:28:03 +0200] "GET /test.html HTTP/1.1" 200 56 "-" "monit/4.6"
152.66.43.98 - - [05/May/2014:16:29:05 +0200] "GET /xls/mosohatas.xls HTTP/1.1" 404 300 "http://antalvali.com/comment/6709/mososzer-mososzoda" "Mozilla/5.0 (Windows NT 5.1) AppleWebKit/537.36 (KHTML, like Gecko) Chrome/34.0.1847.131 Safari/537.36"
152.66.43.98 - - [05/May/2014:16:29:06 +0200] "GET /favicon.ico HTTP/1.1" 404 294 "-" "Mozilla/5.0 (Windows NT 5.1) AppleWebKit/537.36 (KHTML, like Gecko) Chrome/34.0.1847.131 Safari/537.36"
152.66.43.98 - - [05/May/2014:16:29:12 +0200] "GET /xls/mosopor.xls HTTP/1.1" 404 298 "http://antalvali.com/comment/6709/mososzer-mososzoda" "Mozilla/5.0 (Windows NT 5.1) AppleWebKit/537.36 (KHTML, like Gecko) Chrome/34.0.1847.131 Safari/537.36"
131.253.24.62 - - [05/May/2014:16:29:29 +0200] "-" 408 - "-" "-"
195.56.55.225 - - [05/May/2014:16:30:06 +0200] "GET /test.html HTTP/1.1" 200 56 "-" "monit/4.6"
208.115.111.74 - - [05/May/2014:16:30:57 +0200] "GET /ekd/drupal/ HTTP/1.1" 404 293 "-" "Mozilla/5.0 (compatible; DotBot/1.1; http://www.opensiteexplorer.org/dotbot, help@moz.com)"
195.56.55.225 - - [05/May/2014:16:32:09 +0200] "GET /test.html HTTP/1.1" 200 56 "-" "monit/4.6"
212.8.164.100 - - [05/May/2014:16:32:19 +0200] "HEAD /cikk.php3?id_article=7 HTTP/1.1" 404 0 "-" "-"
95.172.60.254 - - [05/May/2014:16:33:18 +0200] "POST /forum_attac.php3?id_article=710&retour=cikk HTTP/1.1" 404 292 "http://attac.zpok.hu/forum_attac.php3?id_article=710&retour=cikk" "Mozilla/4.0 (compatible; MSIE 6.0; Windows NT 5.1; SV1)"
37.239.46.42 - - [05/May/2014:16:33:20 +0200] "POST /forum_attac.php3?id_article=710&retour=cikk HTTP/1.1" 404 292 "http://attac.zpok.hu/forum_attac.php3?id_article=710&retour=cikk" "Mozilla/4.0 (compatible; MSIE 6.0; Windows NT 5.1; SV1)"
195.56.55.225 - - [05/May/2014:16:34:11 +0200] "GET /test.html HTTP/1.1" 200 56 "-" "monit/4.6"
91.232.96.36 - - [05/May/2014:16:35:13 +0200] "GET /forum_attac.php3?id_article=983&retour=cikk.php3%3Fid_article%3D983 HTTP/1.1" 404 292 "-" "Mozilla/4.0 (compatible; MSIE 6.0; Windows NT 5.1; SV1)"
38.111.147.84 - - [05/May/2014:16:35:18 +0200] "-" 408 - "-" "-"
31.165.148.61 - - [05/May/2014:16:35:50 +0200] "-" 408 - "-" "-"
195.56.55.225 - - [05/May/2014:16:36:14 +0200] "GET /test.html HTTP/1.1" 200 56 "-" "monit/4.6"
84.0.178.198 - - [05/May/2014:16:36:37 +0200] "-" 408 - "-" "-"
195.56.55.225 - - [05/May/2014:16:38:17 +0200] "GET /test.html HTTP/1.1" 200 56 "-" "monit/4.6"
37.239.46.10 - - [05/May/2014:16:38:29 +0200] "POST /forum_attac.php3?id_article=710&retour=cikk HTTP/1.1" 404 292 "http://attac.zpok.hu/forum_attac.php3?id_article=710&retour=cikk" "Mozilla/4.0 (compatible; MSIE 6.0; Windows NT 5.1; SV1)"
149.255.255.250 - - [05/May/2014:16:38:29 +0200] "POST /forum_attac.php3?id_article=710&retour=cikk HTTP/1.1" 404 292 "http://attac.zpok.hu/forum_attac.php3?id_article=710&retour=cikk" "Mozilla/4.0 (compatible; MSIE 6.0; Windows NT 5.1; SV1)"
202.137.230.220 - - [05/May/2014:16:38:36 +0200] "POST /forum_attac.php3?id_article=710&retour=cikk HTTP/1.1" 404 292 "http://attac.zpok.hu/forum_attac.php3?id_article=710&retour=cikk" "Mozilla/4.0 (compatible; MSIE 6.0; Windows NT 5.1; SV1)"
195.199.204.89 - - [05/May/2014:16:38:56 +0200] "-" 408 - "-" "-"
195.56.55.225 - - [05/May/2014:16:40:19 +0200] "GET /test.html HTTP/1.1" 200 56 "-" "monit/4.6"
118.97.95.182 - - [05/May/2014:16:40:33 +0200] "POST /forum_attac.php3?id_article=710&retour=cikk HTTP/1.0" 404 280 "http://attac.zpok.hu/forum_attac.php3?id_article=710&retour=cikk" "Mozilla/4.0 (compatible; MSIE 6.0; Windows NT 5.1; SV1)"
112.172.129.242 - - [05/May/2014:16:40:35 +0200] "POST /forum_attac.php3?id_article=710&retour=cikk HTTP/1.1" 404 292 "http://attac.zpok.hu/forum_attac.php3?id_article=710&retour=cikk" "Mozilla/4.0 (compatible; MSIE 6.0; Windows NT 5.1; SV1)"
89.133.183.90 - - [05/May/2014:16:41:15 +0200] "-" 408 - "-" "-"
89.133.183.90 - - [05/May/2014:16:42:09 +0200] "-" 408 - "-" "-"
195.56.55.225 - - [05/May/2014:16:42:21 +0200] "GET /test.html HTTP/1.1" 200 56 "-" "monit/4.6"
195.56.55.225 - - [05/May/2014:16:44:23 +0200] "GET /test.html HTTP/1.1" 200 56 "-" "monit/4.6"
195.56.55.225 - - [05/May/2014:16:46:26 +0200] "GET /test.html HTTP/1.1" 200 56 "-" "monit/4.6"
195.56.55.225 - - [05/May/2014:16:48:28 +0200] "GET /test.html HTTP/1.1" 200 56 "-" "monit/4.6"
157.55.35.48 - - [05/May/2014:16:50:01 +0200] "GET /robots.txt HTTP/1.1" 404 291 "-" "Mozilla/5.0 (compatible; bingbot/2.0; +http://www.bing.com/bingbot.htm)"
65.55.24.233 - - [05/May/2014:16:50:21 +0200] "GET /robots.txt HTTP/1.1" 404 299 "-" "Mozilla/5.0 (compatible; bingbot/2.0; +http://www.bing.com/bingbot.htm)"
195.56.55.225 - - [05/May/2014:16:50:30 +0200] "GET /test.html HTTP/1.1" 200 56 "-" "monit/4.6"
91.232.96.36 - - [05/May/2014:16:51:31 +0200] "GET /forum_attac.php3?id_article=983&retour=cikk.php3%3Fid_article%3D983 HTTP/1.1" 404 292 "-" "Mozilla/4.0 (compatible; MSIE 6.0; Windows NT 5.1; SV1)"
212.154.154.220 - - [05/May/2014:16:51:38 +0200] "POST /forum_attac.php3?id_article=710&retour=cikk HTTP/1.1" 404 292 "http://attac.zpok.hu/forum_attac.php3?id_article=710&retour=cikk" "Mozilla/4.0 (compatible; MSIE 6.0; Windows NT 5.1; SV1)"
208.115.111.71 - - [05/May/2014:16:51:55 +0200] "GET /cikk.php3?id_article=819 HTTP/1.1" 404 285 "-" "Mozilla/5.0 (compatible; DotBot/1.1; http://www.opensiteexplorer.org/dotbot, help@moz.com)"
208.115.111.71 - - [05/May/2014:16:51:57 +0200] "GET / HTTP/1.1" 200 1155 "-" "Mozilla/5.0 (compatible; DotBot/1.1; http://www.opensiteexplorer.org/dotbot, help@moz.com)"
195.56.55.225 - - [05/May/2014:16:52:33 +0200] "GET /test.html HTTP/1.1" 200 56 "-" "monit/4.6"
195.56.55.225 - - [05/May/2014:16:54:35 +0200] "GET /test.html HTTP/1.1" 200 56 "-" "monit/4.6"
157.55.35.48 - - [05/May/2014:16:55:06 +0200] "GET / HTTP/1.1" 200 1155 "-" "Mozilla/5.0 (compatible; bingbot/2.0; +http://www.bing.com/bingbot.htm)"
195.56.55.225 - - [05/May/2014:16:56:38 +0200] "GET /test.html HTTP/1.1" 200 56 "-" "monit/4.6"
213.55.100.194 - - [05/May/2014:16:57:25 +0200] "POST /forum_attac.php3?id_article=710&retour=cikk HTTP/1.1" 404 292 "http://attac.zpok.hu/forum_attac.php3?id_article=710&retour=cikk" "Mozilla/4.0 (compatible; MSIE 6.0; Windows NT 5.1; SV1)"
89.221.48.125 - - [05/May/2014:16:57:27 +0200] "POST /forum_attac.php3?id_article=710&retour=cikk HTTP/1.1" 404 292 "http://attac.zpok.hu/forum_attac.php3?id_article=710&retour=cikk" "Mozilla/4.0 (compatible; MSIE 6.0; Windows NT 5.1; SV1)"
195.56.55.225 - - [05/May/2014:16:58:40 +0200] "GET /test.html HTTP/1.1" 200 56 "-" "monit/4.6"
46.139.47.188 - - [05/May/2014:16:58:49 +0200] "-" 408 - "-" "-"
195.56.55.225 - - [05/May/2014:17:00:43 +0200] "GET /test.html HTTP/1.1" 200 56 "-" "monit/4.6"
213.181.214.248 - - [05/May/2014:17:01:56 +0200] "-" 408 - "-" "-"
195.56.55.225 - - [05/May/2014:17:02:45 +0200] "GET /test.html HTTP/1.1" 200 56 "-" "monit/4.6"
194.67.39.218 - - [05/May/2014:17:04:00 +0200] "POST /forum_attac.php3?id_article=710&retour=cikk HTTP/1.1" 404 292 "http://attac.zpok.hu/forum_attac.php3?id_article=710&retour=cikk" "Mozilla/4.0 (compatible; MSIE 6.0; Windows NT 5.1; SV1)"
195.56.55.225 - - [05/May/2014:17:04:47 +0200] "GET /test.html HTTP/1.1" 200 56 "-" "monit/4.6"
195.56.55.225 - - [05/May/2014:17:06:49 +0200] "GET /test.html HTTP/1.1" 200 56 "-" "monit/4.6"
91.232.96.36 - - [05/May/2014:17:07:42 +0200] "GET /forum_attac.php3?id_article=983&retour=cikk.php3%3Fid_article%3D983 HTTP/1.1" 404 292 "-" "Mozilla/4.0 (compatible; MSIE 6.0; Windows NT 5.1; SV1)"
195.56.55.225 - - [05/May/2014:17:08:51 +0200] "GET /test.html HTTP/1.1" 200 56 "-" "monit/4.6"
195.56.55.225 - - [05/May/2014:17:10:54 +0200] "GET /test.html HTTP/1.1" 200 56 "-" "monit/4.6"
195.56.55.225 - - [05/May/2014:17:12:56 +0200] "GET /test.html HTTP/1.1" 200 56 "-" "monit/4.6"
46.139.47.188 - - [05/May/2014:17:13:10 +0200] "-" 408 - "-" "-"
37.236.167.250 - - [05/May/2014:17:14:35 +0200] "POST /forum_attac.php3?id_article=710&retour=cikk HTTP/1.1" 404 292 "http://attac.zpok.hu/forum_attac.php3?id_article=710&retour=cikk" "Mozilla/4.0 (compatible; MSIE 6.0; Windows NT 5.1; SV1)"
195.56.55.225 - - [05/May/2014:17:14:58 +0200] "GET /test.html HTTP/1.1" 200 56 "-" "monit/4.6"
5.255.253.60 - - [05/May/2014:17:16:34 +0200] "GET / HTTP/1.1" 200 1155 "-" "Mozilla/5.0 (compatible; YandexBot/3.0; +http://yandex.com/bots)"
195.56.55.225 - - [05/May/2014:17:17:01 +0200] "GET /test.html HTTP/1.1" 200 56 "-" "monit/4.6"
180.76.6.132 - - [05/May/2014:17:17:34 +0200] "GET /robots.txt HTTP/1.1" 404 291 "-" "Mozilla/5.0 (Windows NT 5.1; rv:6.0.2) Gecko/20100101 Firefox/6.0.2"
80.99.58.122 - - [05/May/2014:17:18:34 +0200] "-" 408 - "-" "-"
195.56.55.225 - - [05/May/2014:17:19:06 +0200] "GET /test.html HTTP/1.1" 200 56 "-" "monit/4.6"
193.6.63.109 - - [05/May/2014:17:19:25 +0200] "GET / HTTP/1.0" 200 1155 "-" "Mozilla/5.0 (Windows NT 6.1; rv:15.0) Gecko/20100101 Firefox/15.0.1"
193.6.63.109 - - [05/May/2014:17:19:25 +0200] "GET /favicon.ico HTTP/1.0" 404 272 "-" "Mozilla/5.0 (Windows NT 6.1; rv:15.0) Gecko/20100101 Firefox/15.0.1"
180.76.6.148 - - [05/May/2014:17:19:42 +0200] "GET / HTTP/1.1" 200 1155 "-" "Mozilla/5.0 (compatible; Baiduspider/2.0; +http://www.baidu.com/search/spider.html)"
195.56.55.225 - - [05/May/2014:17:21:08 +0200] "GET /test.html HTTP/1.1" 200 56 "-" "monit/4.6"
195.56.55.225 - - [05/May/2014:17:23:10 +0200] "GET /test.html HTTP/1.1" 200 56 "-" "monit/4.6"
91.232.96.36 - - [05/May/2014:17:23:30 +0200] "GET /forum_attac.php3?id_article=983&retour=cikk.php3%3Fid_article%3D983 HTTP/1.1" 404 292 "-" "Mozilla/4.0 (compatible; MSIE 6.0; Windows NT 5.1; SV1)"
218.244.235.169 - - [05/May/2014:17:24:16 +0200] "POST /forum_attac.php3?id_article=710&retour=cikk HTTP/1.1" 404 292 "http://attac.zpok.hu/forum_attac.php3?id_article=710&retour=cikk" "Mozilla/4.0 (compatible; MSIE 6.0; Windows NT 5.1; SV1)"
195.56.55.225 - - [05/May/2014:17:25:13 +0200] "GET /test.html HTTP/1.1" 200 56 "-" "monit/4.6"
37.239.46.2 - - [05/May/2014:17:25:16 +0200] "POST /forum_attac.php3?id_article=710&retour=cikk HTTP/1.1" 404 292 "http://attac.zpok.hu/forum_attac.php3?id_article=710&retour=cikk" "Mozilla/4.0 (compatible; MSIE 6.0; Windows NT 5.1; SV1)"
88.247.147.100 - - [05/May/2014:17:25:57 +0200] "-" 408 - "-" "-"
195.56.55.225 - - [05/May/2014:17:27:15 +0200] "GET /test.html HTTP/1.1" 200 56 "-" "monit/4.6"
180.76.5.64 - - [05/May/2014:17:28:11 +0200] "GET / HTTP/1.1" 200 1155 "-" "Mozilla/5.0 (compatible; Baiduspider/2.0; +http://www.baidu.com/search/spider.html)"
195.56.55.225 - - [05/May/2014:17:29:18 +0200] "GET /test.html HTTP/1.1" 200 56 "-" "monit/4.6"
195.56.55.225 - - [05/May/2014:17:31:20 +0200] "GET /test.html HTTP/1.1" 200 56 "-" "monit/4.6"
195.56.55.225 - - [05/May/2014:17:33:23 +0200] "GET /test.html HTTP/1.1" 200 56 "-" "monit/4.6"
89.132.191.77 - - [05/May/2014:17:33:41 +0200] "-" 408 - "-" "-"
218.207.195.221 - - [05/May/2014:17:34:26 +0200] "POST /forum_attac.php3?id_article=710&retour=cikk HTTP/1.1" 404 292 "http://attac.zpok.hu/forum_attac.php3?id_article=710&retour=cikk" "Mozilla/4.0 (compatible; MSIE 6.0; Windows NT 5.1; SV1)"
37.239.46.10 - - [05/May/2014:17:34:27 +0200] "POST /forum_attac.php3?id_article=710&retour=cikk HTTP/1.1" 404 292 "http://attac.zpok.hu/forum_attac.php3?id_article=710&retour=cikk" "Mozilla/4.0 (compatible; MSIE 6.0; Windows NT 5.1; SV1)"
195.56.55.225 - - [05/May/2014:17:35:25 +0200] "GET /test.html HTTP/1.1" 200 56 "-" "monit/4.6"
85.66.188.253 - - [05/May/2014:17:35:37 +0200] "-" 408 - "-" "-"
176.241.5.76 - - [05/May/2014:17:35:44 +0200] "-" 408 - "-" "-"
87.229.109.149 - - [05/May/2014:17:35:53 +0200] "-" 408 - "-" "-"
37.239.46.10 - - [05/May/2014:17:36:57 +0200] "POST /forum_attac.php3?id_article=710&retour=cikk HTTP/1.1" 404 292 "http://attac.zpok.hu/forum_attac.php3?id_article=710&retour=cikk" "Mozilla/4.0 (compatible; MSIE 6.0; Windows NT 5.1; SV1)"
37.239.46.26 - - [05/May/2014:17:36:58 +0200] "POST /forum_attac.php3?id_article=710&retour=cikk HTTP/1.1" 404 292 "http://attac.zpok.hu/forum_attac.php3?id_article=710&retour=cikk" "Mozilla/4.0 (compatible; MSIE 6.0; Windows NT 5.1; SV1)"
89.132.191.77 - - [05/May/2014:17:37:22 +0200] "-" 408 - "-" "-"
195.56.55.225 - - [05/May/2014:17:37:29 +0200] "GET /test.html HTTP/1.1" 200 56 "-" "monit/4.6"
38.111.147.84 - - [05/May/2014:17:38:52 +0200] "-" 408 - "-" "-"
91.232.96.36 - - [05/May/2014:17:39:31 +0200] "GET /forum_attac.php3?id_article=983&retour=cikk.php3%3Fid_article%3D983 HTTP/1.1" 404 292 "-" "Mozilla/4.0 (compatible; MSIE 6.0; Windows NT 5.1; SV1)"
195.56.55.225 - - [05/May/2014:17:39:32 +0200] "GET /test.html HTTP/1.1" 200 56 "-" "monit/4.6"
195.56.55.225 - - [05/May/2014:17:41:35 +0200] "GET /test.html HTTP/1.1" 200 56 "-" "monit/4.6"
89.82.215.246 - - [05/May/2014:17:42:57 +0200] "GET / HTTP/1.1" 200 1155 "http://semalt.semalt.com/crawler.php?u=http://sote.etk.hu" "Mozilla/5.0 (Windows NT 6.1; WOW64) AppleWebKit/537.36 (KHTML, like Gecko) Chrome/32.0.1700.107 Safari/537.36"
195.56.55.225 - - [05/May/2014:17:43:37 +0200] "GET /test.html HTTP/1.1" 200 56 "-" "monit/4.6"
180.76.5.170 - - [05/May/2014:17:44:07 +0200] "GET / HTTP/1.1" 200 1155 "-" "Mozilla/5.0 (compatible; Baiduspider/2.0; +http://www.baidu.com/search/spider.html)"
65.55.24.233 - - [05/May/2014:17:45:00 +0200] "GET / HTTP/1.1" 200 1155 "-" "Mozilla/5.0 (compatible; bingbot/2.0; +http://www.bing.com/bingbot.htm)"
195.56.55.225 - - [05/May/2014:17:45:40 +0200] "GET /test.html HTTP/1.1" 200 56 "-" "monit/4.6"
195.56.55.225 - - [05/May/2014:17:47:43 +0200] "GET /test.html HTTP/1.1" 200 56 "-" "monit/4.6"
5.255.253.60 - - [05/May/2014:17:48:07 +0200] "GET /robots.txt HTTP/1.1" 404 292 "-" "Mozilla/5.0 (compatible; YandexBot/3.0; +http://yandex.com/bots)"
5.255.253.60 - - [05/May/2014:17:48:10 +0200] "GET / HTTP/1.1" 200 1155 "-" "Mozilla/5.0 (compatible; YandexBot/3.0; +http://yandex.com/bots)"
5.255.253.60 - - [05/May/2014:17:48:13 +0200] "GET / HTTP/1.1" 200 1155 "-" "Mozilla/5.0 (compatible; YandexBot/3.0; +http://yandex.com/bots)"
66.249.78.27 - - [05/May/2014:17:48:48 +0200] "GET /robots.txt HTTP/1.1" 404 285 "-" "Mozilla/5.0 (compatible; Googlebot/2.1; +http://www.google.com/bot.html)"
66.249.78.27 - - [05/May/2014:17:48:49 +0200] "GET / HTTP/1.1" 200 1155 "-" "Mozilla/5.0 (compatible; Googlebot/2.1; +http://www.google.com/bot.html)"
195.56.55.225 - - [05/May/2014:17:49:45 +0200] "GET /test.html HTTP/1.1" 200 56 "-" "monit/4.6"
91.83.9.23 - - [05/May/2014:17:50:09 +0200] "-" 408 - "-" "-"
188.156.96.128 - - [05/May/2014:17:50:20 +0200] "-" 408 - "-" "-"
110.78.162.238 - - [05/May/2014:17:51:04 +0200] "POST /forum_attac.php3?id_article=710&retour=cikk HTTP/1.1" 404 292 "http://attac.zpok.hu/forum_attac.php3?id_article=710&retour=cikk" "Mozilla/4.0 (compatible; MSIE 6.0; Windows NT 5.1; SV1)"
195.56.55.225 - - [05/May/2014:17:51:48 +0200] "GET /test.html HTTP/1.1" 200 56 "-" "monit/4.6"
134.3.203.57 - - [05/May/2014:17:52:11 +0200] "-" 408 - "-" "-"
195.56.55.225 - - [05/May/2014:17:53:51 +0200] "GET /test.html HTTP/1.1" 200 56 "-" "monit/4.6"
91.232.96.36 - - [05/May/2014:17:55:43 +0200] "GET /forum_attac.php3?id_article=983&retour=cikk.php3%3Fid_article%3D983 HTTP/1.1" 404 292 "-" "Mozilla/4.0 (compatible; MSIE 6.0; Windows NT 5.1; SV1)"
195.56.55.225 - - [05/May/2014:17:55:54 +0200] "GET /test.html HTTP/1.1" 200 56 "-" "monit/4.6"
157.55.35.112 - - [05/May/2014:17:56:50 +0200] "GET /robots.txt HTTP/1.1" 404 285 "-" "Mozilla/5.0 (compatible; bingbot/2.0; +http://www.bing.com/bingbot.htm)"
195.56.55.225 - - [05/May/2014:17:57:57 +0200] "GET /test.html HTTP/1.1" 200 56 "-" "monit/4.6"
84.85.74.170 - - [05/May/2014:17:58:15 +0200] "GET /Magyar Színház HTTP/1.1" 400 365 "-" "-"
157.55.35.112 - - [05/May/2014:17:58:24 +0200] "GET / HTTP/1.1" 200 1155 "-" "Mozilla/5.0 (compatible; bingbot/2.0; +http://www.bing.com/bingbot.htm)"
195.56.55.225 - - [05/May/2014:18:00:00 +0200] "GET /test.html HTTP/1.1" 200 56 "-" "monit/4.6"
118.175.9.242 - - [05/May/2014:18:00:42 +0200] "POST /forum_attac.php3?id_article=710&retour=cikk HTTP/1.1" 404 292 "http://attac.zpok.hu/forum_attac.php3?id_article=710&retour=cikk" "Mozilla/4.0 (compatible; MSIE 6.0; Windows NT 5.1; SV1)"
195.56.55.225 - - [05/May/2014:18:02:03 +0200] "GET /test.html HTTP/1.1" 200 56 "-" "monit/4.6"
120.198.230.11 - - [05/May/2014:18:03:28 +0200] "POST /forum_attac.php3?id_article=710&retour=cikk HTTP/1.1" 404 292 "http://attac.zpok.hu/forum_attac.php3?id_article=710&retour=cikk" "Mozilla/4.0 (compatible; MSIE 6.0; Windows NT 5.1; SV1)"
149.255.255.250 - - [05/May/2014:18:03:29 +0200] "POST /forum_attac.php3?id_article=710&retour=cikk HTTP/1.1" 404 292 "http://attac.zpok.hu/forum_attac.php3?id_article=710&retour=cikk" "Mozilla/4.0 (compatible; MSIE 6.0; Windows NT 5.1; SV1)"
66.249.78.218 - - [05/May/2014:18:03:57 +0200] "GET /robots.txt HTTP/1.1" 404 286 "-" "Mozilla/5.0 (compatible; Googlebot/2.1; +http://www.google.com/bot.html)"
66.249.78.218 - - [05/May/2014:18:03:57 +0200] "GET /cikk.php3?id_article=872 HTTP/1.1" 404 285 "-" "Mozilla/5.0 (compatible; Googlebot/2.1; +http://www.google.com/bot.html)"
195.56.55.225 - - [05/May/2014:18:04:06 +0200] "GET /test.html HTTP/1.1" 200 56 "-" "monit/4.6"
37.76.98.70 - - [05/May/2014:18:04:31 +0200] "GET / HTTP/1.1" 200 1155 "http://us.yhs4.search.yahoo.com/yhs/errorhandler?hspart=gt&hsimp=yhse-gt&q=http%3A%2F%2Fse-etk.hu%2F&type=937811" "Mozilla/5.0 (compatible; MSIE 9.0; Windows NT 6.0; Trident/5.0)"
37.76.98.70 - - [05/May/2014:18:04:33 +0200] "GET /favicon.ico HTTP/1.1" 404 283 "-" "Mozilla/5.0 (compatible; MSIE 9.0; Windows NT 6.0; Trident/5.0)"
37.76.98.70 - - [05/May/2014:18:05:02 +0200] "-" 408 - "-" "-"
195.56.55.225 - - [05/May/2014:18:06:08 +0200] "GET /test.html HTTP/1.1" 200 56 "-" "monit/4.6"
213.160.134.125 - - [05/May/2014:18:06:54 +0200] "POST /forum_attac.php3?id_article=710&retour=cikk HTTP/1.1" 404 292 "http://attac.zpok.hu/forum_attac.php3?id_article=710&retour=cikk" "Mozilla/4.0 (compatible; MSIE 6.0; Windows NT 5.1; SV1)"
212.154.154.220 - - [05/May/2014:18:06:56 +0200] "POST /forum_attac.php3?id_article=710&retour=cikk HTTP/1.1" 404 292 "http://attac.zpok.hu/forum_attac.php3?id_article=710&retour=cikk" "Mozilla/4.0 (compatible; MSIE 6.0; Windows NT 5.1; SV1)"
81.183.180.151 - - [05/May/2014:18:07:03 +0200] "-" 408 - "-" "-"
120.198.230.11 - - [05/May/2014:18:07:35 +0200] "POST /forum_attac.php3?id_article=710&retour=cikk HTTP/1.1" 404 292 "http://attac.zpok.hu/forum_attac.php3?id_article=710&retour=cikk" "Mozilla/4.0 (compatible; MSIE 6.0; Windows NT 5.1; SV1)"
188.134.76.66 - - [05/May/2014:18:07:38 +0200] "POST /forum_attac.php3?id_article=710&retour=cikk HTTP/1.1" 404 292 "http://attac.zpok.hu/forum_attac.php3?id_article=710&retour=cikk" "Mozilla/4.0 (compatible; MSIE 6.0; Windows NT 5.1; SV1)"
180.153.32.93 - - [05/May/2014:18:07:43 +0200] "POST /forum_attac.php3?id_article=710&retour=cikk HTTP/1.0" 404 280 "http://attac.zpok.hu/forum_attac.php3?id_article=710&retour=cikk" "Mozilla/4.0 (compatible; MSIE 6.0; Windows NT 5.1; SV1)"
195.56.55.225 - - [05/May/2014:18:08:10 +0200] "GET /test.html HTTP/1.1" 200 56 "-" "monit/4.6"
178.48.8.9 - - [05/May/2014:18:08:16 +0200] "GET / HTTP/1.1" 200 1155 "-" "Mozilla/5.0 (Windows NT 6.1) AppleWebKit/537.36 (KHTML, like Gecko) Chrome/34.0.1847.131 Safari/537.36"
178.48.8.9 - - [05/May/2014:18:08:16 +0200] "GET /favicon.ico HTTP/1.1" 404 283 "-" "Mozilla/5.0 (Windows NT 6.1) AppleWebKit/537.36 (KHTML, like Gecko) Chrome/34.0.1847.131 Safari/537.36"
178.48.8.9 - - [05/May/2014:18:08:31 +0200] "GET / HTTP/1.1" 304 - "-" "Mozilla/5.0 (Windows NT 6.1) AppleWebKit/537.36 (KHTML, like Gecko) Chrome/34.0.1847.131 Safari/537.36"
31.46.233.74 - - [05/May/2014:18:08:37 +0200] "GET / HTTP/1.1" 200 1155 "-" "Mozilla/5.0 (Windows NT 6.1; WOW64) AppleWebKit/537.36 (KHTML, like Gecko) Chrome/34.0.1847.131 Safari/537.36"
31.46.233.74 - - [05/May/2014:18:08:37 +0200] "GET /favicon.ico HTTP/1.1" 404 284 "-" "Mozilla/5.0 (Windows NT 6.1; WOW64) AppleWebKit/537.36 (KHTML, like Gecko) Chrome/34.0.1847.131 Safari/537.36"
195.56.55.225 - - [05/May/2014:18:10:13 +0200] "GET /test.html HTTP/1.1" 200 56 "-" "monit/4.6"
91.232.96.36 - - [05/May/2014:18:11:50 +0200] "GET /forum_attac.php3?id_article=983&retour=cikk.php3%3Fid_article%3D983 HTTP/1.1" 404 292 "-" "Mozilla/4.0 (compatible; MSIE 6.0; Windows NT 5.1; SV1)"
195.56.55.225 - - [05/May/2014:18:12:16 +0200] "GET /test.html HTTP/1.1" 200 56 "-" "monit/4.6"
195.56.55.225 - - [05/May/2014:18:14:18 +0200] "GET /test.html HTTP/1.1" 200 56 "-" "monit/4.6"
37.239.46.18 - - [05/May/2014:18:14:38 +0200] "POST /forum_attac.php3?id_article=710&retour=cikk HTTP/1.1" 404 292 "http://attac.zpok.hu/forum_attac.php3?id_article=710&retour=cikk" "Mozilla/4.0 (compatible; MSIE 6.0; Windows NT 5.1; SV1)"
219.93.183.102 - - [05/May/2014:18:14:54 +0200] "POST /forum_attac.php3?id_article=710&retour=cikk HTTP/1.1" 404 292 "http://attac.zpok.hu/forum_attac.php3?id_article=710&retour=cikk" "Mozilla/4.0 (compatible; MSIE 6.0; Windows NT 5.1; SV1)"
195.56.55.225 - - [05/May/2014:18:16:22 +0200] "GET /test.html HTTP/1.1" 200 56 "-" "monit/4.6"
46.105.105.227 - - [05/May/2014:18:17:33 +0200] "-" 408 - "-" "-"
151.0.102.243 - - [05/May/2014:18:17:42 +0200] "-" 408 - "-" "-"
195.56.55.225 - - [05/May/2014:18:18:33 +0200] "GET /test.html HTTP/1.1" 200 56 "-" "monit/4.6"
151.0.102.243 - - [05/May/2014:18:18:40 +0200] "-" 408 - "-" "-"
151.0.102.243 - - [05/May/2014:18:18:40 +0200] "-" 408 - "-" "-"
151.0.102.243 - - [05/May/2014:18:18:40 +0200] "-" 408 - "-" "-"
37.191.9.111 - - [05/May/2014:18:18:52 +0200] "GET /proxy.pac HTTP/1.1" 404 286 "-" "-"
37.191.9.111 - - [05/May/2014:18:19:09 +0200] "GET /proxy.pac HTTP/1.1" 404 286 "-" "-"
37.191.9.111 - - [05/May/2014:18:19:09 +0200] "GET /proxy.pac HTTP/1.1" 404 286 "-" "-"
37.191.9.111 - - [05/May/2014:18:19:11 +0200] "GET /proxy.pac HTTP/1.1" 404 286 "-" "-"
37.191.9.111 - - [05/May/2014:18:19:15 +0200] "GET /proxy.pac HTTP/1.1" 404 286 "-" "Mozilla/5.0 (compatible; IE 11.0; Win32; Trident/7.0)"
37.191.9.111 - - [05/May/2014:18:19:15 +0200] "GET /proxy.pac HTTP/1.1" 404 286 "-" "Mozilla/5.0 (compatible; IE 11.0; Win32; Trident/7.0)"
37.191.9.111 - - [05/May/2014:18:19:27 +0200] "GET /proxy.pac HTTP/1.1" 404 286 "-" "Mozilla/5.0 (compatible; IE 11.0; Win32; Trident/7.0)"
37.191.9.111 - - [05/May/2014:18:19:27 +0200] "GET /proxy.pac HTTP/1.1" 404 286 "-" "Mozilla/5.0 (compatible; IE 11.0; Win32; Trident/7.0)"
37.191.9.111 - - [05/May/2014:18:19:30 +0200] "GET /proxy.pac HTTP/1.1" 404 286 "-" "-"
37.191.9.111 - - [05/May/2014:18:19:30 +0200] "GET /proxy.pac HTTP/1.1" 404 286 "-" "-"
37.191.9.111 - - [05/May/2014:18:19:30 +0200] "GET /proxy.pac HTTP/1.1" 404 286 "-" "-"
37.191.9.111 - - [05/May/2014:18:19:30 +0200] "GET /proxy.pac HTTP/1.1" 404 286 "-" "-"
37.191.9.111 - - [05/May/2014:18:19:30 +0200] "GET /proxy.pac HTTP/1.1" 404 286 "-" "-"
37.191.9.111 - - [05/May/2014:18:19:30 +0200] "GET /proxy.pac HTTP/1.1" 404 286 "-" "-"
37.191.9.111 - - [05/May/2014:18:19:30 +0200] "GET /proxy.pac HTTP/1.1" 404 286 "-" "-"
37.191.9.111 - - [05/May/2014:18:19:30 +0200] "GET /proxy.pac HTTP/1.1" 404 286 "-" "-"
37.191.9.111 - - [05/May/2014:18:19:30 +0200] "GET /proxy.pac HTTP/1.1" 404 286 "-" "-"
37.191.9.111 - - [05/May/2014:18:19:30 +0200] "GET /proxy.pac HTTP/1.1" 404 286 "-" "-"
37.191.9.111 - - [05/May/2014:18:19:30 +0200] "GET /proxy.pac HTTP/1.1" 404 286 "-" "-"
37.191.9.111 - - [05/May/2014:18:19:30 +0200] "GET /proxy.pac HTTP/1.1" 404 286 "-" "-"
151.0.102.243 - - [05/May/2014:18:19:45 +0200] "-" 408 - "-" "-"
151.0.102.243 - - [05/May/2014:18:19:45 +0200] "-" 408 - "-" "-"
151.0.102.243 - - [05/May/2014:18:19:45 +0200] "-" 408 - "-" "-"
195.56.55.225 - - [05/May/2014:18:20:36 +0200] "GET /test.html HTTP/1.1" 200 56 "-" "monit/4.6"
195.56.55.225 - - [05/May/2014:18:22:40 +0200] "GET /test.html HTTP/1.1" 200 56 "-" "monit/4.6"
85.214.106.58 - - [05/May/2014:18:23:46 +0200] "/index.php?option=com_jce&task=plugin&plugin=imgmanager&file=imgmanager&version=1576&cid=20 HTTP/1.1" 400 - "-" "-"
195.56.55.225 - - [05/May/2014:18:24:43 +0200] "GET /test.html HTTP/1.1" 200 56 "-" "monit/4.6"
119.31.123.207 - - [05/May/2014:18:25:14 +0200] "POST /forum_attac.php3?id_article=710&retour=cikk HTTP/1.1" 404 292 "http://attac.zpok.hu/forum_attac.php3?id_article=710&retour=cikk" "Mozilla/4.0 (compatible; MSIE 6.0; Windows NT 5.1; SV1)"
72.14.199.132 - - [05/May/2014:18:25:41 +0200] "GET / HTTP/1.1" 200 1155 "-" "Feedfetcher-Google; (+http://www.google.com/feedfetcher.html; 1 subscribers; feed-id=849169264004692768)"
195.56.55.225 - - [05/May/2014:18:26:46 +0200] "GET /test.html HTTP/1.1" 200 56 "-" "monit/4.6"
91.232.96.36 - - [05/May/2014:18:27:56 +0200] "GET /forum_attac.php3?id_article=983&retour=cikk.php3%3Fid_article%3D983 HTTP/1.1" 404 292 "-" "Mozilla/4.0 (compatible; MSIE 6.0; Windows NT 5.1; SV1)"
195.56.55.225 - - [05/May/2014:18:28:49 +0200] "GET /test.html HTTP/1.1" 200 56 "-" "monit/4.6"
195.56.55.225 - - [05/May/2014:18:30:51 +0200] "GET /test.html HTTP/1.1" 200 56 "-" "monit/4.6"
