177.159.234.43 - - [04/May/2014:21:55:11 +0200] "POST /forum_attac.php3?id_article=710&retour=cikk HTTP/1.0" 404 280 "http://attac.zpok.hu/forum_attac.php3?id_article=710&retour=cikk" "Mozilla/4.0 (compatible; MSIE 6.0; Windows NT 5.1; SV1)"
118.175.9.242 - - [04/May/2014:21:55:58 +0200] "POST /forum_attac.php3?id_article=710&retour=cikk HTTP/1.1" 404 292 "http://attac.zpok.hu/forum_attac.php3?id_article=710&retour=cikk" "Mozilla/4.0 (compatible; MSIE 6.0; Windows NT 5.1; SV1)"
180.153.32.93 - - [04/May/2014:21:56:01 +0200] "POST /forum_attac.php3?id_article=710&retour=cikk HTTP/1.0" 404 280 "http://attac.zpok.hu/forum_attac.php3?id_article=710&retour=cikk" "Mozilla/4.0 (compatible; MSIE 6.0; Windows NT 5.1; SV1)"
195.56.55.225 - - [04/May/2014:21:56:52 +0200] "GET /test.html HTTP/1.1" 200 56 "-" "monit/4.6"
81.183.20.157 - - [04/May/2014:21:58:06 +0200] "-" 408 - "-" "-"
195.56.55.225 - - [04/May/2014:21:58:55 +0200] "GET /test.html HTTP/1.1" 200 56 "-" "monit/4.6"
37.236.167.250 - - [04/May/2014:21:59:31 +0200] "POST /forum_attac.php3?id_article=710&retour=cikk HTTP/1.1" 404 292 "http://attac.zpok.hu/forum_attac.php3?id_article=710&retour=cikk" "Mozilla/4.0 (compatible; MSIE 6.0; Windows NT 5.1; SV1)"
195.56.55.225 - - [04/May/2014:22:00:58 +0200] "GET /test.html HTTP/1.1" 200 56 "-" "monit/4.6"
87.97.20.189 - - [04/May/2014:22:02:03 +0200] "-" 408 - "-" "-"
118.97.95.182 - - [04/May/2014:22:02:20 +0200] "POST /forum_attac.php3?id_article=710&retour=cikk HTTP/1.0" 404 280 "http://attac.zpok.hu/forum_attac.php3?id_article=710&retour=cikk" "Mozilla/4.0 (compatible; MSIE 6.0; Windows NT 5.1; SV1)"
177.159.234.43 - - [04/May/2014:22:02:21 +0200] "POST /forum_attac.php3?id_article=710&retour=cikk HTTP/1.0" 404 280 "http://attac.zpok.hu/forum_attac.php3?id_article=710&retour=cikk" "Mozilla/4.0 (compatible; MSIE 6.0; Windows NT 5.1; SV1)"
149.255.255.250 - - [04/May/2014:22:02:36 +0200] "POST /forum_attac.php3?id_article=710&retour=cikk HTTP/1.1" 404 292 "http://attac.zpok.hu/forum_attac.php3?id_article=710&retour=cikk" "Mozilla/4.0 (compatible; MSIE 6.0; Windows NT 5.1; SV1)"
213.55.100.194 - - [04/May/2014:22:02:38 +0200] "POST /forum_attac.php3?id_article=710&retour=cikk HTTP/1.1" 404 292 "http://attac.zpok.hu/forum_attac.php3?id_article=710&retour=cikk" "Mozilla/4.0 (compatible; MSIE 6.0; Windows NT 5.1; SV1)"
195.56.55.225 - - [04/May/2014:22:03:00 +0200] "GET /test.html HTTP/1.1" 200 56 "-" "monit/4.6"
162.210.196.98 - - [04/May/2014:22:04:16 +0200] "GET /robots.txt HTTP/1.0" 404 274 "-" "Mozilla/5.0 (compatible; MJ12bot/v1.4.5; http://www.majestic12.co.uk/bot.php?+)"
162.210.196.98 - - [04/May/2014:22:04:17 +0200] "GET / HTTP/1.0" 200 1155 "-" "Mozilla/5.0 (compatible; MJ12bot/v1.4.5; http://www.majestic12.co.uk/bot.php?+)"
162.210.196.98 - - [04/May/2014:22:04:20 +0200] "GET /%22 HTTP/1.0" 404 270 "-" "Mozilla/5.0 (compatible; MJ12bot/v1.4.5; http://www.majestic12.co.uk/bot.php?+)"
162.210.196.98 - - [04/May/2014:22:04:21 +0200] "GET /> HTTP/1.0" 404 271 "-" "Mozilla/5.0 (compatible; MJ12bot/v1.4.5; http://www.majestic12.co.uk/bot.php?+)"
87.97.20.189 - - [04/May/2014:22:04:53 +0200] "-" 408 - "-" "-"
195.56.55.225 - - [04/May/2014:22:05:02 +0200] "GET /test.html HTTP/1.1" 200 56 "-" "monit/4.6"
91.232.96.36 - - [04/May/2014:22:05:08 +0200] "GET /forum_attac.php3?id_article=983&retour=cikk.php3%3Fid_article%3D983 HTTP/1.1" 404 292 "-" "Mozilla/4.0 (compatible; MSIE 6.0; Windows NT 5.1; SV1)"
195.56.55.225 - - [04/May/2014:22:07:05 +0200] "GET /test.html HTTP/1.1" 200 56 "-" "monit/4.6"
195.56.55.225 - - [04/May/2014:22:09:07 +0200] "GET /test.html HTTP/1.1" 200 56 "-" "monit/4.6"
195.56.55.225 - - [04/May/2014:22:11:10 +0200] "GET /test.html HTTP/1.1" 200 56 "-" "monit/4.6"
79.121.34.58 - - [04/May/2014:22:12:24 +0200] "GET / HTTP/1.1" 200 1155 "-" "Mozilla/4.0 (compatible; MSIE 8.0; Windows NT 5.1; Trident/4.0; BTRS98625; .NET CLR 2.0.50727; .NET CLR 3.0.4506.2152; .NET CLR 3.5.30729; .NET4.0C; .NET CLR 1.1.4322)"
79.121.34.58 - - [04/May/2014:22:12:24 +0200] "GET /favicon.ico HTTP/1.1" 404 304 "-" "Mozilla/4.0 (compatible; MSIE 8.0; Windows NT 5.1; Trident/4.0; BTRS98625; .NET CLR 2.0.50727; .NET CLR 3.0.4506.2152; .NET CLR 3.5.30729; .NET4.0C; .NET CLR 1.1.4322)"
79.121.34.58 - - [04/May/2014:22:12:46 +0200] "GET / HTTP/1.1" 200 1155 "-" "Mozilla/4.0 (compatible; MSIE 8.0; Windows NT 5.1; Trident/4.0; BTRS98625; .NET CLR 2.0.50727; .NET CLR 3.0.4506.2152; .NET CLR 3.5.30729; .NET4.0C; .NET CLR 1.1.4322)"
79.121.34.58 - - [04/May/2014:22:12:46 +0200] "GET /favicon.ico HTTP/1.1" 404 300 "-" "Mozilla/4.0 (compatible; MSIE 8.0; Windows NT 5.1; Trident/4.0; BTRS98625; .NET CLR 2.0.50727; .NET CLR 3.0.4506.2152; .NET CLR 3.5.30729; .NET4.0C; .NET CLR 1.1.4322)"
79.121.34.58 - - [04/May/2014:22:12:53 +0200] "GET /favicon.ico HTTP/1.1" 404 304 "-" "Mozilla/4.0 (compatible; MSIE 8.0; Windows NT 5.1; Trident/4.0; BTRS98625; .NET CLR 2.0.50727; .NET CLR 3.0.4506.2152; .NET CLR 3.5.30729; .NET4.0C; .NET CLR 1.1.4322)"
195.56.55.225 - - [04/May/2014:22:13:14 +0200] "GET /test.html HTTP/1.1" 200 56 "-" "monit/4.6"
195.56.55.225 - - [04/May/2014:22:15:17 +0200] "GET /test.html HTTP/1.1" 200 56 "-" "monit/4.6"
195.56.55.225 - - [04/May/2014:22:17:19 +0200] "GET /test.html HTTP/1.1" 200 56 "-" "monit/4.6"
195.56.55.225 - - [04/May/2014:22:19:22 +0200] "GET /test.html HTTP/1.1" 200 56 "-" "monit/4.6"
195.56.55.225 - - [04/May/2014:22:21:25 +0200] "GET /test.html HTTP/1.1" 200 56 "-" "monit/4.6"
183.60.46.72 - - [04/May/2014:22:22:24 +0200] "POST /forum_attac.php3?id_article=710&retour=cikk HTTP/1.0" 404 280 "http://attac.zpok.hu/forum_attac.php3?id_article=710&retour=cikk" "Mozilla/4.0 (compatible; MSIE 6.0; Windows NT 5.1; SV1)"
149.255.255.250 - - [04/May/2014:22:22:25 +0200] "POST /forum_attac.php3?id_article=710&retour=cikk HTTP/1.1" 404 292 "http://attac.zpok.hu/forum_attac.php3?id_article=710&retour=cikk" "Mozilla/4.0 (compatible; MSIE 6.0; Windows NT 5.1; SV1)"
84.129.236.223 - - [04/May/2014:22:23:19 +0200] "-" 408 - "-" "-"
84.129.236.223 - - [04/May/2014:22:23:19 +0200] "-" 408 - "-" "-"
195.56.55.225 - - [04/May/2014:22:23:29 +0200] "GET /test.html HTTP/1.1" 200 56 "-" "monit/4.6"
46.105.105.227 - - [04/May/2014:22:23:47 +0200] "-" 408 - "-" "-"
46.105.105.227 - - [04/May/2014:22:23:47 +0200] "-" 408 - "-" "-"
195.56.55.225 - - [04/May/2014:22:25:32 +0200] "GET /test.html HTTP/1.1" 200 56 "-" "monit/4.6"
106.3.40.249 - - [04/May/2014:22:27:03 +0200] "POST /forum_attac.php3?id_article=710&retour=cikk HTTP/1.0" 404 280 "http://attac.zpok.hu/forum_attac.php3?id_article=710&retour=cikk" "Mozilla/4.0 (compatible; MSIE 6.0; Windows NT 5.1; SV1)"
58.20.127.26 - - [04/May/2014:22:27:04 +0200] "POST /forum_attac.php3?id_article=710&retour=cikk HTTP/1.0" 404 280 "http://attac.zpok.hu/forum_attac.php3?id_article=710&retour=cikk" "Mozilla/4.0 (compatible; MSIE 6.0; Windows NT 5.1; SV1)"
123.125.19.44 - - [04/May/2014:22:27:06 +0200] "POST /forum_attac.php3?id_article=710&retour=cikk HTTP/1.1" 404 292 "http://attac.zpok.hu/forum_attac.php3?id_article=710&retour=cikk" "Mozilla/4.0 (compatible; MSIE 6.0; Windows NT 5.1; SV1)"
195.56.55.225 - - [04/May/2014:22:27:34 +0200] "GET /test.html HTTP/1.1" 200 56 "-" "monit/4.6"
195.56.55.225 - - [04/May/2014:22:29:37 +0200] "GET /test.html HTTP/1.1" 200 56 "-" "monit/4.6"
46.105.105.227 - - [04/May/2014:22:29:48 +0200] "-" 408 - "-" "-"
180.150.157.104 - - [04/May/2014:22:30:40 +0200] "POST /forum_attac.php3?id_article=710&retour=cikk HTTP/1.1" 404 292 "http://attac.zpok.hu/forum_attac.php3?id_article=710&retour=cikk" "Mozilla/4.0 (compatible; MSIE 6.0; Windows NT 5.1; SV1)"
64.134.232.9 - - [04/May/2014:22:31:08 +0200] "-" 408 - "-" "-"
64.134.232.9 - - [04/May/2014:22:31:09 +0200] "-" 408 - "-" "-"
195.56.55.225 - - [04/May/2014:22:31:39 +0200] "GET /test.html HTTP/1.1" 200 56 "-" "monit/4.6"
195.56.55.225 - - [04/May/2014:22:33:42 +0200] "GET /test.html HTTP/1.1" 200 56 "-" "monit/4.6"
91.232.96.36 - - [04/May/2014:22:34:52 +0200] "GET /forum_attac.php3?id_article=983&retour=cikk.php3%3Fid_article%3D983 HTTP/1.1" 404 292 "-" "Mozilla/4.0 (compatible; MSIE 6.0; Windows NT 5.1; SV1)"
195.56.55.225 - - [04/May/2014:22:35:44 +0200] "GET /test.html HTTP/1.1" 200 56 "-" "monit/4.6"
195.56.55.225 - - [04/May/2014:22:37:47 +0200] "GET /test.html HTTP/1.1" 200 56 "-" "monit/4.6"
195.56.55.225 - - [04/May/2014:22:39:50 +0200] "GET /test.html HTTP/1.1" 200 56 "-" "monit/4.6"
195.56.55.225 - - [04/May/2014:22:41:52 +0200] "GET /test.html HTTP/1.1" 200 56 "-" "monit/4.6"
202.46.57.80 - - [04/May/2014:22:43:12 +0200] "GET / HTTP/1.1" 200 1155 "-" "Mozilla/4.0 (compatible; MSIE 7.0; Windows NT 6.0)"
119.63.193.132 - - [04/May/2014:22:43:21 +0200] "GET / HTTP/1.1" 200 1155 "-" "Mozilla/4.0 (compatible; MSIE 7.0; Windows NT 6.0)"
195.56.55.225 - - [04/May/2014:22:43:54 +0200] "GET /test.html HTTP/1.1" 200 56 "-" "monit/4.6"
212.154.154.220 - - [04/May/2014:22:45:24 +0200] "POST /forum_attac.php3?id_article=710&retour=cikk HTTP/1.1" 404 292 "http://attac.zpok.hu/forum_attac.php3?id_article=710&retour=cikk" "Mozilla/4.0 (compatible; MSIE 6.0; Windows NT 5.1; SV1)"
213.55.100.194 - - [04/May/2014:22:45:26 +0200] "POST /forum_attac.php3?id_article=710&retour=cikk HTTP/1.1" 404 292 "http://attac.zpok.hu/forum_attac.php3?id_article=710&retour=cikk" "Mozilla/4.0 (compatible; MSIE 6.0; Windows NT 5.1; SV1)"
197.155.141.7 - - [04/May/2014:22:45:32 +0200] "POST /forum_attac.php3?id_article=710&retour=cikk HTTP/1.1" 404 292 "http://attac.zpok.hu/forum_attac.php3?id_article=710&retour=cikk" "Mozilla/4.0 (compatible; MSIE 6.0; Windows NT 5.1; SV1)"
195.56.55.225 - - [04/May/2014:22:45:57 +0200] "GET /test.html HTTP/1.1" 200 56 "-" "monit/4.6"
180.150.157.104 - - [04/May/2014:22:46:03 +0200] "POST /forum_attac.php3?id_article=710&retour=cikk HTTP/1.1" 404 292 "http://attac.zpok.hu/forum_attac.php3?id_article=710&retour=cikk" "Mozilla/4.0 (compatible; MSIE 6.0; Windows NT 5.1; SV1)"
5.226.86.83 - - [04/May/2014:22:46:06 +0200] "POST /forum_attac.php3?id_article=710&retour=cikk HTTP/1.0" 404 280 "http://attac.zpok.hu/forum_attac.php3?id_article=710&retour=cikk" "Mozilla/4.0 (compatible; MSIE 6.0; Windows NT 5.1; SV1)"
195.56.55.225 - - [04/May/2014:22:47:59 +0200] "GET /test.html HTTP/1.1" 200 56 "-" "monit/4.6"
66.249.78.218 - - [04/May/2014:22:48:58 +0200] "GET /cikk.php3?id_article=685 HTTP/1.1" 404 285 "-" "Mozilla/5.0 (compatible; Googlebot/2.1; +http://www.google.com/bot.html)"
195.56.55.225 - - [04/May/2014:22:50:02 +0200] "GET /test.html HTTP/1.1" 200 56 "-" "monit/4.6"
195.56.55.225 - - [04/May/2014:22:52:04 +0200] "GET /test.html HTTP/1.1" 200 56 "-" "monit/4.6"
78.139.43.20 - - [04/May/2014:22:53:34 +0200] "-" 408 - "-" "-"
195.56.55.225 - - [04/May/2014:22:54:07 +0200] "GET /test.html HTTP/1.1" 200 56 "-" "monit/4.6"
78.139.43.20 - - [04/May/2014:22:54:31 +0200] "-" 408 - "-" "-"
37.239.46.26 - - [04/May/2014:22:55:46 +0200] "POST /forum_attac.php3?id_article=710&retour=cikk HTTP/1.1" 404 292 "http://attac.zpok.hu/forum_attac.php3?id_article=710&retour=cikk" "Mozilla/4.0 (compatible; MSIE 6.0; Windows NT 5.1; SV1)"
37.239.46.2 - - [04/May/2014:22:55:46 +0200] "POST /forum_attac.php3?id_article=710&retour=cikk HTTP/1.1" 404 292 "http://attac.zpok.hu/forum_attac.php3?id_article=710&retour=cikk" "Mozilla/4.0 (compatible; MSIE 6.0; Windows NT 5.1; SV1)"
37.239.46.18 - - [04/May/2014:22:55:47 +0200] "POST /forum_attac.php3?id_article=710&retour=cikk HTTP/1.1" 404 292 "http://attac.zpok.hu/forum_attac.php3?id_article=710&retour=cikk" "Mozilla/4.0 (compatible; MSIE 6.0; Windows NT 5.1; SV1)"
195.56.55.225 - - [04/May/2014:22:56:09 +0200] "GET /test.html HTTP/1.1" 200 56 "-" "monit/4.6"
58.20.223.230 - - [04/May/2014:22:56:12 +0200] "POST /forum_attac.php3?id_article=710&retour=cikk HTTP/1.0" 404 280 "http://attac.zpok.hu/forum_attac.php3?id_article=710&retour=cikk" "Mozilla/4.0 (compatible; MSIE 6.0; Windows NT 5.1; SV1)"
37.239.46.42 - - [04/May/2014:22:56:13 +0200] "POST /forum_attac.php3?id_article=710&retour=cikk HTTP/1.1" 404 292 "http://attac.zpok.hu/forum_attac.php3?id_article=710&retour=cikk" "Mozilla/4.0 (compatible; MSIE 6.0; Windows NT 5.1; SV1)"
118.97.95.182 - - [04/May/2014:22:56:14 +0200] "POST /forum_attac.php3?id_article=710&retour=cikk HTTP/1.0" 404 280 "http://attac.zpok.hu/forum_attac.php3?id_article=710&retour=cikk" "Mozilla/4.0 (compatible; MSIE 6.0; Windows NT 5.1; SV1)"
195.56.55.225 - - [04/May/2014:22:58:11 +0200] "GET /test.html HTTP/1.1" 200 56 "-" "monit/4.6"
212.154.154.220 - - [04/May/2014:22:58:17 +0200] "POST /forum_attac.php3?id_article=710&retour=cikk HTTP/1.1" 404 292 "http://attac.zpok.hu/forum_attac.php3?id_article=710&retour=cikk" "Mozilla/4.0 (compatible; MSIE 6.0; Windows NT 5.1; SV1)"
37.236.167.250 - - [04/May/2014:22:58:18 +0200] "POST /forum_attac.php3?id_article=710&retour=cikk HTTP/1.1" 404 292 "http://attac.zpok.hu/forum_attac.php3?id_article=710&retour=cikk" "Mozilla/4.0 (compatible; MSIE 6.0; Windows NT 5.1; SV1)"
195.56.55.225 - - [04/May/2014:23:00:14 +0200] "GET /test.html HTTP/1.1" 200 56 "-" "monit/4.6"
192.187.100.90 - - [04/May/2014:23:02:14 +0200] "GET / HTTP/1.1" 200 1155 "-" "Mozilla/5.0 (X11; Linux x86_64) AppleWebKit/537.31 (KHTML, like Gecko) Chrome/26.0.1410.43"
195.56.55.225 - - [04/May/2014:23:02:16 +0200] "GET /test.html HTTP/1.1" 200 56 "-" "monit/4.6"
195.56.55.225 - - [04/May/2014:23:04:18 +0200] "GET /test.html HTTP/1.1" 200 56 "-" "monit/4.6"
91.232.96.36 - - [04/May/2014:23:04:47 +0200] "GET /forum_attac.php3?id_article=983&retour=cikk.php3%3Fid_article%3D983 HTTP/1.1" 404 292 "-" "Mozilla/4.0 (compatible; MSIE 6.0; Windows NT 5.1; SV1)"
208.115.111.71 - - [04/May/2014:23:05:50 +0200] "GET /robots.txt HTTP/1.1" 404 286 "-" "Mozilla/5.0 (compatible; DotBot/1.1; http://www.opensiteexplorer.org/dotbot, help@moz.com)"
195.56.55.225 - - [04/May/2014:23:06:21 +0200] "GET /test.html HTTP/1.1" 200 56 "-" "monit/4.6"
195.56.55.225 - - [04/May/2014:23:08:24 +0200] "GET /test.html HTTP/1.1" 200 56 "-" "monit/4.6"
195.56.55.225 - - [04/May/2014:23:10:27 +0200] "GET /test.html HTTP/1.1" 200 56 "-" "monit/4.6"
66.249.78.168 - - [04/May/2014:23:10:56 +0200] "GET /robots.txt HTTP/1.1" 404 288 "-" "Mozilla/5.0 (compatible; Googlebot/2.1; +http://www.google.com/bot.html)"
66.249.75.20 - - [04/May/2014:23:10:56 +0200] "GET / HTTP/1.1" 200 1155 "-" "DoCoMo/2.0 N905i(c100;TB;W24H16) (compatible; Googlebot-Mobile/2.1; +http://www.google.com/bot.html)"
195.56.55.225 - - [04/May/2014:23:12:30 +0200] "GET /test.html HTTP/1.1" 200 56 "-" "monit/4.6"
195.56.55.225 - - [04/May/2014:23:14:33 +0200] "GET /test.html HTTP/1.1" 200 56 "-" "monit/4.6"
195.56.55.225 - - [04/May/2014:23:16:37 +0200] "GET /test.html HTTP/1.1" 200 56 "-" "monit/4.6"
183.60.46.72 - - [04/May/2014:23:17:46 +0200] "POST /forum_attac.php3?id_article=710&retour=cikk HTTP/1.0" 404 280 "http://attac.zpok.hu/forum_attac.php3?id_article=710&retour=cikk" "Mozilla/4.0 (compatible; MSIE 6.0; Windows NT 5.1; SV1)"
149.255.255.250 - - [04/May/2014:23:17:47 +0200] "POST /forum_attac.php3?id_article=710&retour=cikk HTTP/1.1" 404 292 "http://attac.zpok.hu/forum_attac.php3?id_article=710&retour=cikk" "Mozilla/4.0 (compatible; MSIE 6.0; Windows NT 5.1; SV1)"
95.120.6.215 - - [04/May/2014:23:18:12 +0200] "-" 408 - "-" "-"
46.105.105.227 - - [04/May/2014:23:18:15 +0200] "-" 408 - "-" "-"
46.105.105.227 - - [04/May/2014:23:18:15 +0200] "-" 408 - "-" "-"
195.56.55.225 - - [04/May/2014:23:18:40 +0200] "GET /test.html HTTP/1.1" 200 56 "-" "monit/4.6"
195.56.55.225 - - [04/May/2014:23:20:42 +0200] "GET /test.html HTTP/1.1" 200 56 "-" "monit/4.6"
46.105.105.227 - - [04/May/2014:23:20:52 +0200] "-" 408 - "-" "-"
120.210.194.2 - - [04/May/2014:23:22:17 +0200] "POST /forum_attac.php3?id_article=710&retour=cikk HTTP/1.0" 404 280 "http://attac.zpok.hu/forum_attac.php3?id_article=710&retour=cikk" "Mozilla/4.0 (compatible; MSIE 6.0; Windows NT 5.1; SV1)"
119.31.123.207 - - [04/May/2014:23:22:18 +0200] "POST /forum_attac.php3?id_article=710&retour=cikk HTTP/1.1" 404 292 "http://attac.zpok.hu/forum_attac.php3?id_article=710&retour=cikk" "Mozilla/4.0 (compatible; MSIE 6.0; Windows NT 5.1; SV1)"
58.20.50.198 - - [04/May/2014:23:22:19 +0200] "POST /forum_attac.php3?id_article=710&retour=cikk HTTP/1.0" 404 280 "http://attac.zpok.hu/forum_attac.php3?id_article=710&retour=cikk" "Mozilla/4.0 (compatible; MSIE 6.0; Windows NT 5.1; SV1)"
50.74.241.186 - - [04/May/2014:23:22:45 +0200] "-" 408 - "-" "-"
195.56.55.225 - - [04/May/2014:23:22:45 +0200] "GET /test.html HTTP/1.1" 200 56 "-" "monit/4.6"
66.249.75.183 - - [04/May/2014:23:24:18 +0200] "GET / HTTP/1.1" 200 1155 "-" "DoCoMo/2.0 N905i(c100;TB;W24H16) (compatible; Googlebot-Mobile/2.1; +http://www.google.com/bot.html)"
195.56.55.225 - - [04/May/2014:23:24:47 +0200] "GET /test.html HTTP/1.1" 200 56 "-" "monit/4.6"
195.56.55.225 - - [04/May/2014:23:26:50 +0200] "GET /test.html HTTP/1.1" 200 56 "-" "monit/4.6"
54.226.75.239 - - [04/May/2014:23:27:26 +0200] "POST /forum_attac.php3?id_article=710&retour=cikk HTTP/1.1" 404 292 "http://attac.zpok.hu/forum_attac.php3?id_article=710&retour=cikk" "Mozilla/4.0 (compatible; MSIE 6.0; Windows NT 5.1; SV1)"
210.14.138.102 - - [04/May/2014:23:27:28 +0200] "POST /forum_attac.php3?id_article=710&retour=cikk HTTP/1.0" 404 280 "http://attac.zpok.hu/forum_attac.php3?id_article=710&retour=cikk" "Mozilla/4.0 (compatible; MSIE 6.0; Windows NT 5.1; SV1)"
37.239.46.26 - - [04/May/2014:23:27:29 +0200] "POST /forum_attac.php3?id_article=710&retour=cikk HTTP/1.1" 404 292 "http://attac.zpok.hu/forum_attac.php3?id_article=710&retour=cikk" "Mozilla/4.0 (compatible; MSIE 6.0; Windows NT 5.1; SV1)"
195.56.55.225 - - [04/May/2014:23:28:53 +0200] "GET /test.html HTTP/1.1" 200 56 "-" "monit/4.6"
195.56.55.225 - - [04/May/2014:23:30:57 +0200] "GET /test.html HTTP/1.1" 200 56 "-" "monit/4.6"
219.93.183.102 - - [04/May/2014:23:32:32 +0200] "POST /forum_attac.php3?id_article=710&retour=cikk HTTP/1.1" 404 292 "http://attac.zpok.hu/forum_attac.php3?id_article=710&retour=cikk" "Mozilla/4.0 (compatible; MSIE 6.0; Windows NT 5.1; SV1)"
109.61.2.166 - - [04/May/2014:23:32:55 +0200] "-" 408 - "-" "-"
195.56.55.225 - - [04/May/2014:23:33:00 +0200] "GET /test.html HTTP/1.1" 200 56 "-" "monit/4.6"
208.115.111.71 - - [04/May/2014:23:34:11 +0200] "GET /cikk.php3?id_article=486 HTTP/1.1" 404 285 "-" "Mozilla/5.0 (compatible; DotBot/1.1; http://www.opensiteexplorer.org/dotbot, help@moz.com)"
91.232.96.36 - - [04/May/2014:23:34:57 +0200] "GET /forum_attac.php3?id_article=983&retour=cikk.php3%3Fid_article%3D983 HTTP/1.1" 404 292 "-" "Mozilla/4.0 (compatible; MSIE 6.0; Windows NT 5.1; SV1)"
195.56.55.225 - - [04/May/2014:23:35:02 +0200] "GET /test.html HTTP/1.1" 200 56 "-" "monit/4.6"
157.55.33.37 - - [04/May/2014:23:35:17 +0200] "GET /robots.txt HTTP/1.1" 404 295 "-" "Mozilla/5.0 (compatible; bingbot/2.0; +http://www.bing.com/bingbot.htm)"
157.55.33.37 - - [04/May/2014:23:36:09 +0200] "GET / HTTP/1.1" 200 1155 "-" "Mozilla/5.0 (compatible; bingbot/2.0; +http://www.bing.com/bingbot.htm)"
195.56.55.225 - - [04/May/2014:23:37:04 +0200] "GET /test.html HTTP/1.1" 200 56 "-" "monit/4.6"
195.56.55.225 - - [04/May/2014:23:39:06 +0200] "GET /test.html HTTP/1.1" 200 56 "-" "monit/4.6"
195.56.55.225 - - [04/May/2014:23:41:09 +0200] "GET /test.html HTTP/1.1" 200 56 "-" "monit/4.6"
195.56.55.225 - - [04/May/2014:23:43:12 +0200] "GET /test.html HTTP/1.1" 200 56 "-" "monit/4.6"
66.249.78.218 - - [04/May/2014:23:43:48 +0200] "GET /cikkek.php3?id_rubrique=48 HTTP/1.1" 404 287 "-" "Mozilla/5.0 (compatible; Googlebot/2.1; +http://www.google.com/bot.html)"
91.115.31.132 - - [04/May/2014:23:45:14 +0200] "-" 408 - "-" "-"
195.56.55.225 - - [04/May/2014:23:45:15 +0200] "GET /test.html HTTP/1.1" 200 56 "-" "monit/4.6"
213.55.100.194 - - [04/May/2014:23:45:41 +0200] "POST /forum_attac.php3?id_article=710&retour=cikk HTTP/1.1" 404 292 "http://attac.zpok.hu/forum_attac.php3?id_article=710&retour=cikk" "Mozilla/4.0 (compatible; MSIE 6.0; Windows NT 5.1; SV1)"
37.239.46.42 - - [04/May/2014:23:45:42 +0200] "POST /forum_attac.php3?id_article=710&retour=cikk HTTP/1.1" 404 292 "http://attac.zpok.hu/forum_attac.php3?id_article=710&retour=cikk" "Mozilla/4.0 (compatible; MSIE 6.0; Windows NT 5.1; SV1)"
195.56.55.225 - - [04/May/2014:23:47:17 +0200] "GET /test.html HTTP/1.1" 200 56 "-" "monit/4.6"
91.115.31.132 - - [04/May/2014:23:47:26 +0200] "-" 408 - "-" "-"
94.228.34.203 - - [04/May/2014:23:48:04 +0200] "GET /?feed=atom HTTP/1.1" 304 - "-" "magpie-crawler/1.1 (U; Linux amd64; en-GB; +http://www.brandwatch.net)"
37.239.46.10 - - [04/May/2014:23:48:40 +0200] "POST /forum_attac.php3?id_article=710&retour=cikk HTTP/1.1" 404 292 "http://attac.zpok.hu/forum_attac.php3?id_article=710&retour=cikk" "Mozilla/4.0 (compatible; MSIE 6.0; Windows NT 5.1; SV1)"
66.249.78.218 - - [04/May/2014:23:48:40 +0200] "GET /cikkek.php3?id_rubrique=35 HTTP/1.1" 404 287 "-" "Mozilla/5.0 (compatible; Googlebot/2.1; +http://www.google.com/bot.html)"
121.14.9.75 - - [04/May/2014:23:48:48 +0200] "POST /forum_attac.php3?id_article=710&retour=cikk HTTP/1.1" 404 292 "http://attac.zpok.hu/forum_attac.php3?id_article=710&retour=cikk" "Mozilla/4.0 (compatible; MSIE 6.0; Windows NT 5.1; SV1)"
195.56.55.225 - - [04/May/2014:23:49:19 +0200] "GET /test.html HTTP/1.1" 200 56 "-" "monit/4.6"
151.0.85.101 - - [04/May/2014:23:50:15 +0200] "-" 408 - "-" "-"
195.56.55.225 - - [04/May/2014:23:51:22 +0200] "GET /test.html HTTP/1.1" 200 56 "-" "monit/4.6"
151.0.85.101 - - [04/May/2014:23:52:57 +0200] "-" 408 - "-" "-"
151.0.85.101 - - [04/May/2014:23:52:57 +0200] "-" 408 - "-" "-"
151.0.85.101 - - [04/May/2014:23:52:57 +0200] "-" 408 - "-" "-"
151.0.85.101 - - [04/May/2014:23:52:57 +0200] "-" 408 - "-" "-"
151.0.85.101 - - [04/May/2014:23:52:57 +0200] "-" 408 - "-" "-"
151.0.85.101 - - [04/May/2014:23:52:57 +0200] "-" 408 - "-" "-"
195.56.55.225 - - [04/May/2014:23:53:24 +0200] "GET /test.html HTTP/1.1" 200 56 "-" "monit/4.6"
195.56.55.225 - - [04/May/2014:23:55:27 +0200] "GET /test.html HTTP/1.1" 200 56 "-" "monit/4.6"
195.56.55.225 - - [04/May/2014:23:57:31 +0200] "GET /test.html HTTP/1.1" 200 56 "-" "monit/4.6"
212.154.154.220 - - [04/May/2014:23:58:11 +0200] "POST /forum_attac.php3?id_article=710&retour=cikk HTTP/1.1" 404 292 "http://attac.zpok.hu/forum_attac.php3?id_article=710&retour=cikk" "Mozilla/4.0 (compatible; MSIE 6.0; Windows NT 5.1; SV1)"
213.160.134.125 - - [04/May/2014:23:58:12 +0200] "POST /forum_attac.php3?id_article=710&retour=cikk HTTP/1.1" 404 292 "http://attac.zpok.hu/forum_attac.php3?id_article=710&retour=cikk" "Mozilla/4.0 (compatible; MSIE 6.0; Windows NT 5.1; SV1)"
195.56.55.225 - - [04/May/2014:23:59:33 +0200] "GET /test.html HTTP/1.1" 200 56 "-" "monit/4.6"
195.56.55.225 - - [05/May/2014:00:01:36 +0200] "GET /test.html HTTP/1.1" 200 56 "-" "monit/4.6"
195.56.55.225 - - [05/May/2014:00:03:39 +0200] "GET /test.html HTTP/1.1" 200 56 "-" "monit/4.6"
91.232.96.36 - - [05/May/2014:00:04:53 +0200] "GET /forum_attac.php3?id_article=983&retour=cikk.php3%3Fid_article%3D983 HTTP/1.1" 404 292 "-" "Mozilla/4.0 (compatible; MSIE 6.0; Windows NT 5.1; SV1)"
195.56.55.225 - - [05/May/2014:00:05:41 +0200] "GET /test.html HTTP/1.1" 200 56 "-" "monit/4.6"
195.56.55.225 - - [05/May/2014:00:07:44 +0200] "GET /test.html HTTP/1.1" 200 56 "-" "monit/4.6"
178.255.215.65 - - [05/May/2014:00:09:30 +0200] "GET /robots.txt HTTP/1.1" 404 290 "-" "Mozilla/5.0 (compatible; Exabot/3.0; +http://www.exabot.com/go/robot)"
178.255.215.65 - - [05/May/2014:00:09:30 +0200] "GET / HTTP/1.1" 304 - "-" "Mozilla/5.0 (compatible; Exabot/3.0; +http://www.exabot.com/go/robot)"
219.93.183.102 - - [05/May/2014:00:09:39 +0200] "POST /forum_attac.php3?id_article=710&retour=cikk HTTP/1.1" 404 292 "http://attac.zpok.hu/forum_attac.php3?id_article=710&retour=cikk" "Mozilla/4.0 (compatible; MSIE 6.0; Windows NT 5.1; SV1)"
195.56.55.225 - - [05/May/2014:00:09:46 +0200] "GET /test.html HTTP/1.1" 200 56 "-" "monit/4.6"
195.56.55.225 - - [05/May/2014:00:11:49 +0200] "GET /test.html HTTP/1.1" 200 56 "-" "monit/4.6"
195.56.55.225 - - [05/May/2014:00:13:51 +0200] "GET /test.html HTTP/1.1" 200 56 "-" "monit/4.6"
82.221.105.6 - - [05/May/2014:00:13:52 +0200] "GET / HTTP/1.1" 200 1155 "-" "-"
82.221.105.6 - - [05/May/2014:00:13:52 +0200] "GET /robots.txt HTTP/1.1" 404 286 "-" "-"
219.93.183.102 - - [05/May/2014:00:14:06 +0200] "POST /forum_attac.php3?id_article=710&retour=cikk HTTP/1.1" 404 292 "http://attac.zpok.hu/forum_attac.php3?id_article=710&retour=cikk" "Mozilla/4.0 (compatible; MSIE 6.0; Windows NT 5.1; SV1)"
37.239.46.18 - - [05/May/2014:00:14:10 +0200] "POST /forum_attac.php3?id_article=710&retour=cikk HTTP/1.1" 404 292 "http://attac.zpok.hu/forum_attac.php3?id_article=710&retour=cikk" "Mozilla/4.0 (compatible; MSIE 6.0; Windows NT 5.1; SV1)"
119.31.123.207 - - [05/May/2014:00:15:36 +0200] "POST /forum_attac.php3?id_article=710&retour=cikk HTTP/1.1" 404 292 "http://attac.zpok.hu/forum_attac.php3?id_article=710&retour=cikk" "Mozilla/4.0 (compatible; MSIE 6.0; Windows NT 5.1; SV1)"
195.56.55.225 - - [05/May/2014:00:15:54 +0200] "GET /test.html HTTP/1.1" 200 56 "-" "monit/4.6"
195.56.55.225 - - [05/May/2014:00:17:58 +0200] "GET /test.html HTTP/1.1" 200 56 "-" "monit/4.6"
46.105.105.227 - - [05/May/2014:00:18:13 +0200] "-" 408 - "-" "-"
118.175.9.242 - - [05/May/2014:00:18:38 +0200] "POST /forum_attac.php3?id_article=710&retour=cikk HTTP/1.1" 404 292 "http://attac.zpok.hu/forum_attac.php3?id_article=710&retour=cikk" "Mozilla/4.0 (compatible; MSIE 6.0; Windows NT 5.1; SV1)"
219.93.183.102 - - [05/May/2014:00:18:41 +0200] "POST /forum_attac.php3?id_article=710&retour=cikk HTTP/1.1" 404 292 "http://attac.zpok.hu/forum_attac.php3?id_article=710&retour=cikk" "Mozilla/4.0 (compatible; MSIE 6.0; Windows NT 5.1; SV1)"
195.56.55.225 - - [05/May/2014:00:20:00 +0200] "GET /test.html HTTP/1.1" 200 56 "-" "monit/4.6"
58.20.127.26 - - [05/May/2014:00:20:39 +0200] "POST /forum_attac.php3?id_article=710&retour=cikk HTTP/1.0" 404 280 "http://attac.zpok.hu/forum_attac.php3?id_article=710&retour=cikk" "Mozilla/4.0 (compatible; MSIE 6.0; Windows NT 5.1; SV1)"
113.106.94.57 - - [05/May/2014:00:20:45 +0200] "POST /forum_attac.php3?id_article=710&retour=cikk HTTP/1.1" 404 292 "http://attac.zpok.hu/forum_attac.php3?id_article=710&retour=cikk" "Mozilla/4.0 (compatible; MSIE 6.0; Windows NT 5.1; SV1)"
195.56.55.225 - - [05/May/2014:00:22:03 +0200] "GET /test.html HTTP/1.1" 200 56 "-" "monit/4.6"
195.70.55.211 - - [05/May/2014:00:23:56 +0200] "HEAD / HTTP/1.1" 200 0 "-" "libwww-perl/5.834"
195.56.55.225 - - [05/May/2014:00:24:06 +0200] "GET /test.html HTTP/1.1" 200 56 "-" "monit/4.6"
72.14.199.132 - - [05/May/2014:00:25:41 +0200] "GET / HTTP/1.1" 200 1155 "-" "Feedfetcher-Google; (+http://www.google.com/feedfetcher.html; 1 subscribers; feed-id=849169264004692768)"
195.56.55.225 - - [05/May/2014:00:26:09 +0200] "GET /test.html HTTP/1.1" 200 56 "-" "monit/4.6"
195.56.55.225 - - [05/May/2014:00:28:11 +0200] "GET /test.html HTTP/1.1" 200 56 "-" "monit/4.6"
66.249.78.218 - - [05/May/2014:00:28:40 +0200] "GET /cikk.php3?id_article=340 HTTP/1.1" 404 285 "-" "Mozilla/5.0 (compatible; Googlebot/2.1; +http://www.google.com/bot.html)"
180.150.157.104 - - [05/May/2014:00:29:20 +0200] "POST /forum_attac.php3?id_article=710&retour=cikk HTTP/1.1" 404 292 "http://attac.zpok.hu/forum_attac.php3?id_article=710&retour=cikk" "Mozilla/4.0 (compatible; MSIE 6.0; Windows NT 5.1; SV1)"
37.239.46.26 - - [05/May/2014:00:29:21 +0200] "POST /forum_attac.php3?id_article=710&retour=cikk HTTP/1.1" 404 292 "http://attac.zpok.hu/forum_attac.php3?id_article=710&retour=cikk" "Mozilla/4.0 (compatible; MSIE 6.0; Windows NT 5.1; SV1)"
58.20.50.198 - - [05/May/2014:00:29:22 +0200] "POST /forum_attac.php3?id_article=710&retour=cikk HTTP/1.0" 404 280 "http://attac.zpok.hu/forum_attac.php3?id_article=710&retour=cikk" "Mozilla/4.0 (compatible; MSIE 6.0; Windows NT 5.1; SV1)"
195.56.55.225 - - [05/May/2014:00:30:13 +0200] "GET /test.html HTTP/1.1" 200 56 "-" "monit/4.6"
37.58.100.148 - - [05/May/2014:00:30:38 +0200] "GET /cikk.php3?id_article=693 HTTP/1.1" 404 285 "-" "Mozilla/5.0 (compatible; AhrefsBot/5.0; +http://ahrefs.com/robot/)"
195.56.55.225 - - [05/May/2014:00:32:15 +0200] "GET /test.html HTTP/1.1" 200 56 "-" "monit/4.6"
195.56.55.225 - - [05/May/2014:00:34:18 +0200] "GET /test.html HTTP/1.1" 200 56 "-" "monit/4.6"
91.232.96.36 - - [05/May/2014:00:34:59 +0200] "GET /forum_attac.php3?id_article=983&retour=cikk.php3%3Fid_article%3D983 HTTP/1.1" 404 292 "-" "Mozilla/4.0 (compatible; MSIE 6.0; Windows NT 5.1; SV1)"
195.56.55.225 - - [05/May/2014:00:36:20 +0200] "GET /test.html HTTP/1.1" 200 56 "-" "monit/4.6"
195.56.55.225 - - [05/May/2014:00:38:23 +0200] "GET /test.html HTTP/1.1" 200 56 "-" "monit/4.6"
195.56.55.225 - - [05/May/2014:00:40:26 +0200] "GET /test.html HTTP/1.1" 200 56 "-" "monit/4.6"
37.239.46.10 - - [05/May/2014:00:41:09 +0200] "POST /forum_attac.php3?id_article=710&retour=cikk HTTP/1.1" 404 292 "http://attac.zpok.hu/forum_attac.php3?id_article=710&retour=cikk" "Mozilla/4.0 (compatible; MSIE 6.0; Windows NT 5.1; SV1)"
212.154.154.220 - - [05/May/2014:00:41:09 +0200] "POST /forum_attac.php3?id_article=710&retour=cikk HTTP/1.1" 404 292 "http://attac.zpok.hu/forum_attac.php3?id_article=710&retour=cikk" "Mozilla/4.0 (compatible; MSIE 6.0; Windows NT 5.1; SV1)"
109.163.228.240 - - [05/May/2014:00:41:16 +0200] "POST /forum_attac.php3?id_article=710&retour=cikk HTTP/1.1" 404 292 "-" "Mozilla/4.0 (compatible; MSIE 6.0; Windows NT 5.1; SV1)"
58.20.127.26 - - [05/May/2014:00:41:58 +0200] "POST /forum_attac.php3?id_article=710&retour=cikk HTTP/1.0" 404 280 "http://attac.zpok.hu/forum_attac.php3?id_article=710&retour=cikk" "Mozilla/4.0 (compatible; MSIE 6.0; Windows NT 5.1; SV1)"
212.154.154.220 - - [05/May/2014:00:41:58 +0200] "POST /forum_attac.php3?id_article=710&retour=cikk HTTP/1.1" 404 292 "http://attac.zpok.hu/forum_attac.php3?id_article=710&retour=cikk" "Mozilla/4.0 (compatible; MSIE 6.0; Windows NT 5.1; SV1)"
180.153.32.93 - - [05/May/2014:00:42:00 +0200] "POST /forum_attac.php3?id_article=710&retour=cikk HTTP/1.0" 404 280 "http://attac.zpok.hu/forum_attac.php3?id_article=710&retour=cikk" "Mozilla/4.0 (compatible; MSIE 6.0; Windows NT 5.1; SV1)"
195.56.55.225 - - [05/May/2014:00:42:29 +0200] "GET /test.html HTTP/1.1" 200 56 "-" "monit/4.6"
195.56.55.225 - - [05/May/2014:00:44:32 +0200] "GET /test.html HTTP/1.1" 200 56 "-" "monit/4.6"
195.56.55.225 - - [05/May/2014:00:46:35 +0200] "GET /test.html HTTP/1.1" 200 56 "-" "monit/4.6"
5.204.12.22 - - [05/May/2014:00:47:53 +0200] "-" 408 - "-" "-"
123.125.244.209 - - [05/May/2014:00:47:58 +0200] "GET / HTTP/1.1" 200 1155 "-" "Mozilla/4.0 (compatible; MSIE 6.0; Windows NT 5.1; SV1; iCafeMedia; .NET CLR 2.0.50727; CIBA)"
195.56.55.225 - - [05/May/2014:00:48:38 +0200] "GET /test.html HTTP/1.1" 200 56 "-" "monit/4.6"
123.125.244.210 - - [05/May/2014:00:50:26 +0200] "GET / HTTP/1.1" 200 1155 "-" "Mozilla/4.0 (compatible; MSIE 6.0; Windows NT 5.1; SV1; iCafeMedia; .NET CLR 2.0.50727; CIBA)"
195.56.55.225 - - [05/May/2014:00:50:41 +0200] "GET /test.html HTTP/1.1" 200 56 "-" "monit/4.6"
117.79.238.18 - - [05/May/2014:00:52:26 +0200] "POST /forum_attac.php3?id_article=710&retour=cikk HTTP/1.0" 404 280 "http://attac.zpok.hu/forum_attac.php3?id_article=710&retour=cikk" "Mozilla/4.0 (compatible; MSIE 6.0; Windows NT 5.1; SV1)"
200.85.23.134 - - [05/May/2014:00:52:27 +0200] "GET / HTTP/1.1" 200 1155 "http://semalt.semalt.com/crawler.php?u=http://mail.zpok.hu" "Mozilla/5.0 (Windows NT 6.1; WOW64) AppleWebKit/537.36 (KHTML, like Gecko) Chrome/32.0.1700.107 Safari/537.36"
211.151.50.179 - - [05/May/2014:00:52:27 +0200] "POST /forum_attac.php3?id_article=710&retour=cikk HTTP/1.0" 404 280 "http://attac.zpok.hu/forum_attac.php3?id_article=710&retour=cikk" "Mozilla/4.0 (compatible; MSIE 6.0; Windows NT 5.1; SV1)"
195.56.55.225 - - [05/May/2014:00:52:44 +0200] "GET /test.html HTTP/1.1" 200 56 "-" "monit/4.6"
195.56.55.225 - - [05/May/2014:00:54:47 +0200] "GET /test.html HTTP/1.1" 200 56 "-" "monit/4.6"
195.56.55.225 - - [05/May/2014:00:56:49 +0200] "GET /test.html HTTP/1.1" 200 56 "-" "monit/4.6"
119.31.123.207 - - [05/May/2014:00:58:22 +0200] "POST /forum_attac.php3?id_article=710&retour=cikk HTTP/1.1" 404 292 "http://attac.zpok.hu/forum_attac.php3?id_article=710&retour=cikk" "Mozilla/4.0 (compatible; MSIE 6.0; Windows NT 5.1; SV1)"
195.56.55.225 - - [05/May/2014:00:58:52 +0200] "GET /test.html HTTP/1.1" 200 56 "-" "monit/4.6"
195.56.55.225 - - [05/May/2014:01:00:56 +0200] "GET /test.html HTTP/1.1" 200 56 "-" "monit/4.6"
195.56.55.225 - - [05/May/2014:01:02:59 +0200] "GET /test.html HTTP/1.1" 200 56 "-" "monit/4.6"
37.239.46.26 - - [05/May/2014:01:03:08 +0200] "POST /forum_attac.php3?id_article=710&retour=cikk HTTP/1.1" 404 292 "http://attac.zpok.hu/forum_attac.php3?id_article=710&retour=cikk" "Mozilla/4.0 (compatible; MSIE 6.0; Windows NT 5.1; SV1)"
91.232.96.36 - - [05/May/2014:01:04:52 +0200] "GET /forum_attac.php3?id_article=983&retour=cikk.php3%3Fid_article%3D983 HTTP/1.1" 404 292 "-" "Mozilla/4.0 (compatible; MSIE 6.0; Windows NT 5.1; SV1)"
195.56.55.225 - - [05/May/2014:01:05:02 +0200] "GET /test.html HTTP/1.1" 200 56 "-" "monit/4.6"
208.115.113.87 - - [05/May/2014:01:05:03 +0200] "GET /robots.txt HTTP/1.1" 404 293 "-" "Mozilla/5.0 (compatible; DotBot/1.1; http://www.opensiteexplorer.org/dotbot, help@moz.com)"
208.115.113.87 - - [05/May/2014:01:05:05 +0200] "GET /robots.txt HTTP/1.1" 404 299 "-" "Mozilla/5.0 (compatible; DotBot/1.1; http://www.opensiteexplorer.org/dotbot, help@moz.com)"
195.56.55.225 - - [05/May/2014:01:07:05 +0200] "GET /test.html HTTP/1.1" 200 56 "-" "monit/4.6"
195.56.55.225 - - [05/May/2014:01:09:07 +0200] "GET /test.html HTTP/1.1" 200 56 "-" "monit/4.6"
219.93.183.102 - - [05/May/2014:01:09:25 +0200] "POST /forum_attac.php3?id_article=710&retour=cikk HTTP/1.1" 404 292 "http://attac.zpok.hu/forum_attac.php3?id_article=710&retour=cikk" "Mozilla/4.0 (compatible; MSIE 6.0; Windows NT 5.1; SV1)"
149.255.255.242 - - [05/May/2014:01:09:26 +0200] "POST /forum_attac.php3?id_article=710&retour=cikk HTTP/1.1" 404 292 "http://attac.zpok.hu/forum_attac.php3?id_article=710&retour=cikk" "Mozilla/4.0 (compatible; MSIE 6.0; Windows NT 5.1; SV1)"
37.239.46.2 - - [05/May/2014:01:09:28 +0200] "POST /forum_attac.php3?id_article=710&retour=cikk HTTP/1.1" 404 292 "http://attac.zpok.hu/forum_attac.php3?id_article=710&retour=cikk" "Mozilla/4.0 (compatible; MSIE 6.0; Windows NT 5.1; SV1)"
46.105.105.227 - - [05/May/2014:01:09:46 +0200] "-" 408 - "-" "-"
195.56.55.225 - - [05/May/2014:01:11:32 +0200] "GET /test.html HTTP/1.1" 200 56 "-" "monit/4.6"
46.105.105.227 - - [05/May/2014:01:12:50 +0200] "-" 408 - "-" "-"
195.56.55.225 - - [05/May/2014:01:13:35 +0200] "GET /test.html HTTP/1.1" 200 56 "-" "monit/4.6"
195.56.55.225 - - [05/May/2014:01:15:37 +0200] "GET /test.html HTTP/1.1" 200 56 "-" "monit/4.6"
195.56.55.225 - - [05/May/2014:01:17:40 +0200] "GET /test.html HTTP/1.1" 200 56 "-" "monit/4.6"
157.55.35.39 - - [05/May/2014:01:19:24 +0200] "GET /robots.txt HTTP/1.1" 404 285 "-" "Mozilla/5.0 (compatible; bingbot/2.0; +http://www.bing.com/bingbot.htm)"
195.56.55.225 - - [05/May/2014:01:19:42 +0200] "GET /test.html HTTP/1.1" 200 56 "-" "monit/4.6"
195.56.55.225 - - [05/May/2014:01:21:45 +0200] "GET /test.html HTTP/1.1" 200 56 "-" "monit/4.6"
195.56.55.225 - - [05/May/2014:01:23:47 +0200] "GET /test.html HTTP/1.1" 200 56 "-" "monit/4.6"
157.55.34.74 - - [05/May/2014:01:24:08 +0200] "GET /robots.txt HTTP/1.1" 404 296 "-" "Mozilla/5.0 (compatible; bingbot/2.0; +http://www.bing.com/bingbot.htm)"
157.55.34.74 - - [05/May/2014:01:24:09 +0200] "GET / HTTP/1.1" 200 1155 "-" "Mozilla/5.0 (compatible; bingbot/2.0; +http://www.bing.com/bingbot.htm)"
195.56.55.225 - - [05/May/2014:01:25:51 +0200] "GET /test.html HTTP/1.1" 200 56 "-" "monit/4.6"
118.97.95.182 - - [05/May/2014:01:25:59 +0200] "POST /forum_attac.php3?id_article=710&retour=cikk HTTP/1.0" 404 280 "http://attac.zpok.hu/forum_attac.php3?id_article=710&retour=cikk" "Mozilla/4.0 (compatible; MSIE 6.0; Windows NT 5.1; SV1)"
195.56.55.225 - - [05/May/2014:01:27:54 +0200] "GET /test.html HTTP/1.1" 200 56 "-" "monit/4.6"
195.56.55.225 - - [05/May/2014:01:29:58 +0200] "GET /test.html HTTP/1.1" 200 56 "-" "monit/4.6"
195.56.55.225 - - [05/May/2014:01:32:03 +0200] "GET /test.html HTTP/1.1" 200 56 "-" "monit/4.6"
195.56.55.225 - - [05/May/2014:01:34:05 +0200] "GET /test.html HTTP/1.1" 200 56 "-" "monit/4.6"
91.232.96.36 - - [05/May/2014:01:34:42 +0200] "GET /forum_attac.php3?id_article=983&retour=cikk.php3%3Fid_article%3D983 HTTP/1.1" 404 292 "-" "Mozilla/4.0 (compatible; MSIE 6.0; Windows NT 5.1; SV1)"
149.255.255.250 - - [05/May/2014:01:35:50 +0200] "POST /forum_attac.php3?id_article=710&retour=cikk HTTP/1.1" 404 292 "http://attac.zpok.hu/forum_attac.php3?id_article=710&retour=cikk" "Mozilla/4.0 (compatible; MSIE 6.0; Windows NT 5.1; SV1)"
177.159.234.43 - - [05/May/2014:01:35:52 +0200] "POST /forum_attac.php3?id_article=710&retour=cikk HTTP/1.0" 404 280 "http://attac.zpok.hu/forum_attac.php3?id_article=710&retour=cikk" "Mozilla/4.0 (compatible; MSIE 6.0; Windows NT 5.1; SV1)"
180.153.32.93 - - [05/May/2014:01:35:53 +0200] "POST /forum_attac.php3?id_article=710&retour=cikk HTTP/1.0" 404 280 "http://attac.zpok.hu/forum_attac.php3?id_article=710&retour=cikk" "Mozilla/4.0 (compatible; MSIE 6.0; Windows NT 5.1; SV1)"
195.56.55.225 - - [05/May/2014:01:36:08 +0200] "GET /test.html HTTP/1.1" 200 56 "-" "monit/4.6"
157.55.35.90 - - [05/May/2014:01:36:48 +0200] "GET /robots.txt HTTP/1.1" 404 286 "-" "Mozilla/5.0 (compatible; bingbot/2.0; +http://www.bing.com/bingbot.htm)"
195.56.55.225 - - [05/May/2014:01:38:10 +0200] "GET /test.html HTTP/1.1" 200 56 "-" "monit/4.6"
195.56.55.225 - - [05/May/2014:01:40:12 +0200] "GET /test.html HTTP/1.1" 200 56 "-" "monit/4.6"
157.55.35.39 - - [05/May/2014:01:42:08 +0200] "GET / HTTP/1.1" 200 1155 "-" "Mozilla/5.0 (compatible; bingbot/2.0; +http://www.bing.com/bingbot.htm)"
195.56.55.225 - - [05/May/2014:01:42:14 +0200] "GET /test.html HTTP/1.1" 200 56 "-" "monit/4.6"
195.56.55.225 - - [05/May/2014:01:44:16 +0200] "GET /test.html HTTP/1.1" 200 56 "-" "monit/4.6"
157.55.35.90 - - [05/May/2014:01:45:31 +0200] "GET / HTTP/1.1" 200 1155 "-" "Mozilla/5.0 (compatible; bingbot/2.0; +http://www.bing.com/bingbot.htm)"
149.255.255.242 - - [05/May/2014:01:45:50 +0200] "POST /forum_attac.php3?id_article=710&retour=cikk HTTP/1.1" 404 292 "http://attac.zpok.hu/forum_attac.php3?id_article=710&retour=cikk" "Mozilla/4.0 (compatible; MSIE 6.0; Windows NT 5.1; SV1)"
195.56.55.225 - - [05/May/2014:01:46:18 +0200] "GET /test.html HTTP/1.1" 200 56 "-" "monit/4.6"
183.223.29.115 - - [05/May/2014:01:48:05 +0200] "-" 408 - "-" "-"
195.56.55.225 - - [05/May/2014:01:48:21 +0200] "GET /test.html HTTP/1.1" 200 56 "-" "monit/4.6"
195.56.55.225 - - [05/May/2014:01:50:23 +0200] "GET /test.html HTTP/1.1" 200 56 "-" "monit/4.6"
213.160.134.125 - - [05/May/2014:01:50:47 +0200] "POST /forum_attac.php3?id_article=710&retour=cikk HTTP/1.1" 404 292 "http://attac.zpok.hu/forum_attac.php3?id_article=710&retour=cikk" "Mozilla/4.0 (compatible; MSIE 6.0; Windows NT 5.1; SV1)"
124.121.36.66 - - [05/May/2014:01:50:50 +0200] "POST /forum_attac.php3?id_article=710&retour=cikk HTTP/1.1" 404 292 "http://attac.zpok.hu/forum_attac.php3?id_article=710&retour=cikk" "Mozilla/4.0 (compatible; MSIE 6.0; Windows NT 5.1; SV1)"
195.56.55.225 - - [05/May/2014:01:52:25 +0200] "GET /test.html HTTP/1.1" 200 56 "-" "monit/4.6"
195.56.55.225 - - [05/May/2014:01:54:28 +0200] "GET /test.html HTTP/1.1" 200 56 "-" "monit/4.6"
37.236.167.250 - - [05/May/2014:01:55:30 +0200] "POST /forum_attac.php3?id_article=710&retour=cikk HTTP/1.1" 404 292 "http://attac.zpok.hu/forum_attac.php3?id_article=710&retour=cikk" "Mozilla/4.0 (compatible; MSIE 6.0; Windows NT 5.1; SV1)"
195.56.55.225 - - [05/May/2014:01:56:31 +0200] "GET /test.html HTTP/1.1" 200 56 "-" "monit/4.6"
195.56.55.225 - - [05/May/2014:01:58:34 +0200] "GET /test.html HTTP/1.1" 200 56 "-" "monit/4.6"
195.56.55.225 - - [05/May/2014:02:00:36 +0200] "GET /test.html HTTP/1.1" 200 56 "-" "monit/4.6"
157.55.35.36 - - [05/May/2014:02:00:41 +0200] "GET /robots.txt HTTP/1.1" 404 288 "-" "Mozilla/5.0 (compatible; bingbot/2.0; +http://www.bing.com/bingbot.htm)"
157.55.35.36 - - [05/May/2014:02:01:32 +0200] "GET / HTTP/1.1" 200 1155 "-" "Mozilla/5.0 (compatible; bingbot/2.0; +http://www.bing.com/bingbot.htm)"
195.56.55.225 - - [05/May/2014:02:02:38 +0200] "GET /test.html HTTP/1.1" 200 56 "-" "monit/4.6"
195.56.55.225 - - [05/May/2014:02:04:40 +0200] "GET /test.html HTTP/1.1" 200 56 "-" "monit/4.6"
91.232.96.36 - - [05/May/2014:02:04:53 +0200] "GET /forum_attac.php3?id_article=983&retour=cikk.php3%3Fid_article%3D983 HTTP/1.1" 404 292 "-" "Mozilla/4.0 (compatible; MSIE 6.0; Windows NT 5.1; SV1)"
219.66.21.31 - - [05/May/2014:02:06:29 +0200] "-" 408 - "-" "-"
195.56.55.225 - - [05/May/2014:02:06:42 +0200] "GET /test.html HTTP/1.1" 200 56 "-" "monit/4.6"
37.58.100.162 - - [05/May/2014:02:07:04 +0200] "GET /cikk.php3?id_article=257 HTTP/1.1" 404 285 "-" "Mozilla/5.0 (compatible; AhrefsBot/5.0; +http://ahrefs.com/robot/)"
195.56.55.225 - - [05/May/2014:02:08:44 +0200] "GET /test.html HTTP/1.1" 200 56 "-" "monit/4.6"
189.146.130.39 - - [05/May/2014:02:10:22 +0200] "-" 408 - "-" "-"
195.56.55.225 - - [05/May/2014:02:10:47 +0200] "GET /test.html HTTP/1.1" 200 56 "-" "monit/4.6"
195.56.55.225 - - [05/May/2014:02:12:50 +0200] "GET /test.html HTTP/1.1" 200 56 "-" "monit/4.6"
195.56.55.225 - - [05/May/2014:02:14:54 +0200] "GET /test.html HTTP/1.1" 200 56 "-" "monit/4.6"
195.56.55.225 - - [05/May/2014:02:16:56 +0200] "GET /test.html HTTP/1.1" 200 56 "-" "monit/4.6"
160.40.51.28 - - [05/May/2014:02:17:57 +0200] "GET /robots.txt HTTP/1.1" 404 296 "-" "BUbiNG (+http://law.di.unimi.it/BUbiNG.html)"
195.56.55.225 - - [05/May/2014:02:18:58 +0200] "GET /test.html HTTP/1.1" 200 56 "-" "monit/4.6"
160.40.51.28 - - [05/May/2014:02:19:08 +0200] "GET / HTTP/1.1" 200 1155 "-" "BUbiNG (+http://law.di.unimi.it/BUbiNG.html)"
180.76.6.14 - - [05/May/2014:02:20:45 +0200] "GET / HTTP/1.1" 200 1155 "-" "Mozilla/5.0 (compatible; Baiduspider/2.0; +http://www.baidu.com/search/spider.html)"
195.56.55.225 - - [05/May/2014:02:21:00 +0200] "GET /test.html HTTP/1.1" 200 56 "-" "monit/4.6"
195.56.55.225 - - [05/May/2014:02:23:02 +0200] "GET /test.html HTTP/1.1" 200 56 "-" "monit/4.6"
195.56.55.225 - - [05/May/2014:02:25:05 +0200] "GET /test.html HTTP/1.1" 200 56 "-" "monit/4.6"
195.56.55.225 - - [05/May/2014:02:27:08 +0200] "GET /test.html HTTP/1.1" 200 56 "-" "monit/4.6"
120.203.124.31 - - [05/May/2014:02:28:23 +0200] "-" 408 - "-" "-"
195.56.55.225 - - [05/May/2014:02:29:11 +0200] "GET /test.html HTTP/1.1" 200 56 "-" "monit/4.6"
195.56.55.225 - - [05/May/2014:02:31:13 +0200] "GET /test.html HTTP/1.1" 200 56 "-" "monit/4.6"
195.56.55.225 - - [05/May/2014:02:33:16 +0200] "GET /test.html HTTP/1.1" 200 56 "-" "monit/4.6"
91.232.96.36 - - [05/May/2014:02:34:55 +0200] "GET /forum_attac.php3?id_article=983&retour=cikk.php3%3Fid_article%3D983 HTTP/1.1" 404 292 "-" "Mozilla/4.0 (compatible; MSIE 6.0; Windows NT 5.1; SV1)"
195.56.55.225 - - [05/May/2014:02:35:18 +0200] "GET /test.html HTTP/1.1" 200 56 "-" "monit/4.6"
195.56.55.225 - - [05/May/2014:02:37:20 +0200] "GET /test.html HTTP/1.1" 200 56 "-" "monit/4.6"
180.76.6.56 - - [05/May/2014:02:38:23 +0200] "GET / HTTP/1.1" 200 1155 "-" "Mozilla/5.0 (compatible; Baiduspider/2.0; +http://www.baidu.com/search/spider.html)"
195.56.55.225 - - [05/May/2014:02:39:22 +0200] "GET /test.html HTTP/1.1" 200 56 "-" "monit/4.6"
195.56.55.225 - - [05/May/2014:02:41:24 +0200] "GET /test.html HTTP/1.1" 200 56 "-" "monit/4.6"
157.55.33.124 - - [05/May/2014:02:43:02 +0200] "GET / HTTP/1.1" 200 1155 "-" "Mozilla/5.0 (compatible; bingbot/2.0; +http://www.bing.com/bingbot.htm)"
195.56.55.225 - - [05/May/2014:02:43:26 +0200] "GET /test.html HTTP/1.1" 200 56 "-" "monit/4.6"
195.56.55.225 - - [05/May/2014:02:45:29 +0200] "GET /test.html HTTP/1.1" 200 56 "-" "monit/4.6"
195.56.55.225 - - [05/May/2014:02:47:32 +0200] "GET /test.html HTTP/1.1" 200 56 "-" "monit/4.6"
208.115.113.87 - - [05/May/2014:02:47:55 +0200] "GET /index.shtml?apc=--1knm15408&x=15408 HTTP/1.1" 404 300 "-" "Mozilla/5.0 (compatible; DotBot/1.1; http://www.opensiteexplorer.org/dotbot, help@moz.com)"
208.115.113.87 - - [05/May/2014:02:48:06 +0200] "GET /page7.php HTTP/1.1" 404 292 "-" "Mozilla/5.0 (compatible; DotBot/1.1; http://www.opensiteexplorer.org/dotbot, help@moz.com)"
195.56.55.225 - - [05/May/2014:02:49:34 +0200] "GET /test.html HTTP/1.1" 200 56 "-" "monit/4.6"
195.56.55.225 - - [05/May/2014:02:51:37 +0200] "GET /test.html HTTP/1.1" 200 56 "-" "monit/4.6"
195.56.55.225 - - [05/May/2014:02:53:41 +0200] "GET /test.html HTTP/1.1" 200 56 "-" "monit/4.6"
195.56.55.225 - - [05/May/2014:02:55:44 +0200] "GET /test.html HTTP/1.1" 200 56 "-" "monit/4.6"
195.56.55.225 - - [05/May/2014:02:57:47 +0200] "GET /test.html HTTP/1.1" 200 56 "-" "monit/4.6"
66.249.78.218 - - [05/May/2014:02:59:07 +0200] "GET /cikk.php3?id_article=591 HTTP/1.1" 404 285 "-" "Mozilla/5.0 (compatible; Googlebot/2.1; +http://www.google.com/bot.html)"
195.56.55.225 - - [05/May/2014:02:59:50 +0200] "GET /test.html HTTP/1.1" 200 56 "-" "monit/4.6"
119.31.123.207 - - [05/May/2014:03:01:01 +0200] "POST /forum_attac.php3?id_article=710&retour=cikk HTTP/1.1" 404 292 "http://attac.zpok.hu/forum_attac.php3?id_article=710&retour=cikk" "Mozilla/4.0 (compatible; MSIE 6.0; Windows NT 5.1; SV1)"
218.207.195.221 - - [05/May/2014:03:01:03 +0200] "POST /forum_attac.php3?id_article=710&retour=cikk HTTP/1.1" 404 292 "http://attac.zpok.hu/forum_attac.php3?id_article=710&retour=cikk" "Mozilla/4.0 (compatible; MSIE 6.0; Windows NT 5.1; SV1)"
195.56.55.225 - - [05/May/2014:03:01:52 +0200] "GET /test.html HTTP/1.1" 200 56 "-" "monit/4.6"
38.111.147.84 - - [05/May/2014:03:03:24 +0200] "-" 408 - "-" "-"
195.56.55.225 - - [05/May/2014:03:03:55 +0200] "GET /test.html HTTP/1.1" 200 56 "-" "monit/4.6"
91.232.96.36 - - [05/May/2014:03:04:54 +0200] "GET /forum_attac.php3?id_article=983&retour=cikk.php3%3Fid_article%3D983 HTTP/1.1" 404 292 "-" "Mozilla/4.0 (compatible; MSIE 6.0; Windows NT 5.1; SV1)"
195.56.55.225 - - [05/May/2014:03:05:57 +0200] "GET /test.html HTTP/1.1" 200 56 "-" "monit/4.6"
195.56.55.225 - - [05/May/2014:03:07:59 +0200] "GET /test.html HTTP/1.1" 200 56 "-" "monit/4.6"
110.78.162.238 - - [05/May/2014:03:09:58 +0200] "POST /forum_attac.php3?id_article=710&retour=cikk HTTP/1.1" 404 292 "http://attac.zpok.hu/forum_attac.php3?id_article=710&retour=cikk" "Mozilla/4.0 (compatible; MSIE 6.0; Windows NT 5.1; SV1)"
37.239.46.18 - - [05/May/2014:03:09:59 +0200] "POST /forum_attac.php3?id_article=710&retour=cikk HTTP/1.1" 404 292 "http://attac.zpok.hu/forum_attac.php3?id_article=710&retour=cikk" "Mozilla/4.0 (compatible; MSIE 6.0; Windows NT 5.1; SV1)"
195.56.55.225 - - [05/May/2014:03:10:02 +0200] "GET /test.html HTTP/1.1" 200 56 "-" "monit/4.6"
195.56.55.225 - - [05/May/2014:03:12:04 +0200] "GET /test.html HTTP/1.1" 200 56 "-" "monit/4.6"
195.56.55.225 - - [05/May/2014:03:14:07 +0200] "GET /test.html HTTP/1.1" 200 56 "-" "monit/4.6"
37.58.100.71 - - [05/May/2014:03:15:30 +0200] "GET / HTTP/1.1" 200 1155 "-" "Mozilla/5.0 (compatible; AhrefsBot/5.0; +http://ahrefs.com/robot/)"
195.56.55.225 - - [05/May/2014:03:16:10 +0200] "GET /test.html HTTP/1.1" 200 56 "-" "monit/4.6"
65.55.215.44 - - [05/May/2014:03:17:27 +0200] "GET /robots.txt HTTP/1.1" 404 286 "-" "msnbot-media/1.1 (+http://search.msn.com/msnbot.htm)"
65.55.215.44 - - [05/May/2014:03:17:27 +0200] "GET /IMG/arton527.jpg HTTP/1.1" 404 292 "-" "msnbot-media/1.1 (+http://search.msn.com/msnbot.htm)"
195.56.55.225 - - [05/May/2014:03:18:12 +0200] "GET /test.html HTTP/1.1" 200 56 "-" "monit/4.6"
195.56.55.225 - - [05/May/2014:03:20:15 +0200] "GET /test.html HTTP/1.1" 200 56 "-" "monit/4.6"
195.56.55.225 - - [05/May/2014:03:22:17 +0200] "GET /test.html HTTP/1.1" 200 56 "-" "monit/4.6"
195.56.55.225 - - [05/May/2014:03:24:20 +0200] "GET /test.html HTTP/1.1" 200 56 "-" "monit/4.6"
72.14.199.132 - - [05/May/2014:03:25:40 +0200] "GET / HTTP/1.1" 200 1155 "-" "Feedfetcher-Google; (+http://www.google.com/feedfetcher.html; 1 subscribers; feed-id=849169264004692768)"
195.56.55.225 - - [05/May/2014:03:26:22 +0200] "GET /test.html HTTP/1.1" 200 56 "-" "monit/4.6"
119.39.32.42 - - [05/May/2014:03:27:37 +0200] "POST /forum_attac.php3?id_article=710&retour=cikk HTTP/1.0" 404 280 "http://attac.zpok.hu/forum_attac.php3?id_article=710&retour=cikk" "Mozilla/4.0 (compatible; MSIE 6.0; Windows NT 5.1; SV1)"
118.97.95.185 - - [05/May/2014:03:27:39 +0200] "POST /forum_attac.php3?id_article=710&retour=cikk HTTP/1.0" 404 280 "http://attac.zpok.hu/forum_attac.php3?id_article=710&retour=cikk" "Mozilla/4.0 (compatible; MSIE 6.0; Windows NT 5.1; SV1)"
195.56.55.225 - - [05/May/2014:03:28:26 +0200] "GET /test.html HTTP/1.1" 200 56 "-" "monit/4.6"
195.56.55.225 - - [05/May/2014:03:30:29 +0200] "GET /test.html HTTP/1.1" 200 56 "-" "monit/4.6"
157.55.35.117 - - [05/May/2014:03:32:05 +0200] "GET /robots.txt HTTP/1.1" 404 299 "-" "Mozilla/5.0 (compatible; bingbot/2.0; +http://www.bing.com/bingbot.htm)"
157.55.35.117 - - [05/May/2014:03:32:29 +0200] "GET / HTTP/1.1" 200 1155 "-" "Mozilla/5.0 (compatible; bingbot/2.0; +http://www.bing.com/bingbot.htm)"
195.56.55.225 - - [05/May/2014:03:32:32 +0200] "GET /test.html HTTP/1.1" 200 56 "-" "monit/4.6"
195.56.55.225 - - [05/May/2014:03:34:34 +0200] "GET /test.html HTTP/1.1" 200 56 "-" "monit/4.6"
123.125.219.67 - - [05/May/2014:03:34:49 +0200] "GET /w00tw00t.at.blackhats.romanian.anti-sec:) HTTP/1.1" 404 317 "-" "ZmEu"
123.125.219.67 - - [05/May/2014:03:34:49 +0200] "GET /w00tw00t.at.blackhats.romanian.anti-sec:) HTTP/1.1" 404 317 "-" "ZmEu"
123.125.219.67 - - [05/May/2014:03:34:49 +0200] "GET /phpMyAdmin/scripts/setup.php HTTP/1.1" 404 304 "-" "ZmEu"
