66.249.78.240 - - [05/May/2014:22:22:13 +0200] "GET /www.bicusa.org/lac/idb/espan_putting.pdf HTTP/1.1" 404 318 "-" "Googlebot/2.1 (+http://www.google.com/bot.html)"
195.56.55.225 - - [05/May/2014:22:24:09 +0200] "GET /test.html HTTP/1.1" 200 56 "-" "monit/4.6"
188.6.164.4 - - [05/May/2014:22:25:05 +0200] "-" 408 - "-" "-"
66.249.78.218 - - [05/May/2014:22:25:25 +0200] "GET /cikk.php3?id_article=889 HTTP/1.1" 404 285 "-" "Googlebot/2.1 (+http://www.google.com/bot.html)"
195.56.55.225 - - [05/May/2014:22:26:12 +0200] "GET /test.html HTTP/1.1" 200 56 "-" "monit/4.6"
66.249.78.95 - - [05/May/2014:22:27:10 +0200] "GET / HTTP/1.1" 200 1155 "-" "Mozilla/5.0 (compatible; Googlebot/2.1; +http://www.google.com/bot.html)"
195.56.55.225 - - [05/May/2014:22:28:14 +0200] "GET /test.html HTTP/1.1" 200 56 "-" "monit/4.6"
180.150.157.104 - - [05/May/2014:22:29:36 +0200] "POST /forum_attac.php3?id_article=710&retour=cikk HTTP/1.1" 404 292 "http://attac.zpok.hu/forum_attac.php3?id_article=710&retour=cikk" "Mozilla/4.0 (compatible; MSIE 6.0; Windows NT 5.1; SV1)"
149.255.255.242 - - [05/May/2014:22:29:37 +0200] "POST /forum_attac.php3?id_article=710&retour=cikk HTTP/1.1" 404 292 "http://attac.zpok.hu/forum_attac.php3?id_article=710&retour=cikk" "Mozilla/4.0 (compatible; MSIE 6.0; Windows NT 5.1; SV1)"
95.138.195.27 - - [05/May/2014:22:30:14 +0200] "-" 408 - "-" "-"
195.56.55.225 - - [05/May/2014:22:30:16 +0200] "GET /test.html HTTP/1.1" 200 56 "-" "monit/4.6"
37.239.46.2 - - [05/May/2014:22:30:47 +0200] "POST /forum_attac.php3?id_article=710&retour=cikk HTTP/1.1" 404 292 "http://attac.zpok.hu/forum_attac.php3?id_article=710&retour=cikk" "Mozilla/4.0 (compatible; MSIE 6.0; Windows NT 5.1; SV1)"
91.232.96.36 - - [05/May/2014:22:30:56 +0200] "GET /forum_attac.php3?id_article=983&retour=cikk.php3%3Fid_article%3D983 HTTP/1.1" 404 292 "-" "Mozilla/4.0 (compatible; MSIE 6.0; Windows NT 5.1; SV1)"
195.56.55.225 - - [05/May/2014:22:32:18 +0200] "GET /test.html HTTP/1.1" 200 56 "-" "monit/4.6"
195.56.55.225 - - [05/May/2014:22:34:20 +0200] "GET /test.html HTTP/1.1" 200 56 "-" "monit/4.6"
66.249.78.240 - - [05/May/2014:22:36:16 +0200] "GET /www.bankwatch.org/k2r4/studies/surrey_report.pdf HTTP/1.1" 404 326 "-" "Googlebot/2.1 (+http://www.google.com/bot.html)"
195.56.55.225 - - [05/May/2014:22:36:22 +0200] "GET /test.html HTTP/1.1" 200 56 "-" "monit/4.6"
116.213.211.139 - - [05/May/2014:22:38:13 +0200] "POST /forum_attac.php3?id_article=710&retour=cikk HTTP/1.0" 404 280 "http://attac.zpok.hu/forum_attac.php3?id_article=710&retour=cikk" "Mozilla/4.0 (compatible; MSIE 6.0; Windows NT 5.1; SV1)"
37.239.46.2 - - [05/May/2014:22:38:14 +0200] "POST /forum_attac.php3?id_article=710&retour=cikk HTTP/1.1" 404 292 "http://attac.zpok.hu/forum_attac.php3?id_article=710&retour=cikk" "Mozilla/4.0 (compatible; MSIE 6.0; Windows NT 5.1; SV1)"
37.239.46.42 - - [05/May/2014:22:38:15 +0200] "POST /forum_attac.php3?id_article=710&retour=cikk HTTP/1.1" 404 292 "http://attac.zpok.hu/forum_attac.php3?id_article=710&retour=cikk" "Mozilla/4.0 (compatible; MSIE 6.0; Windows NT 5.1; SV1)"
195.56.55.225 - - [05/May/2014:22:38:25 +0200] "GET /test.html HTTP/1.1" 200 56 "-" "monit/4.6"
195.56.55.225 - - [05/May/2014:22:40:27 +0200] "GET /test.html HTTP/1.1" 200 56 "-" "monit/4.6"
195.56.55.225 - - [05/May/2014:22:42:29 +0200] "GET /test.html HTTP/1.1" 200 56 "-" "monit/4.6"
66.249.78.240 - - [05/May/2014:22:42:41 +0200] "GET /www.brettonwoodsproject.org/briefings/econ/dbn/dbn2.pdf HTTP/1.1" 404 333 "-" "Googlebot/2.1 (+http://www.google.com/bot.html)"
213.46.102.26 - - [05/May/2014:22:44:08 +0200] "-" 408 - "-" "-"
213.46.102.26 - - [05/May/2014:22:44:08 +0200] "-" 408 - "-" "-"
195.56.55.225 - - [05/May/2014:22:44:31 +0200] "GET /test.html HTTP/1.1" 200 56 "-" "monit/4.6"
213.46.102.26 - - [05/May/2014:22:44:42 +0200] "-" 408 - "-" "-"
213.46.102.26 - - [05/May/2014:22:45:22 +0200] "-" 408 - "-" "-"
213.46.102.26 - - [05/May/2014:22:45:22 +0200] "-" 408 - "-" "-"
195.56.55.225 - - [05/May/2014:22:46:33 +0200] "GET /test.html HTTP/1.1" 200 56 "-" "monit/4.6"
84.224.127.25 - - [05/May/2014:22:46:37 +0200] "-" 408 - "-" "-"
89.135.66.157 - - [05/May/2014:22:47:17 +0200] "GET /article.php3?id_article=823 HTTP/1.1" 404 288 "http://index.hu/tudomany/tortenelem/kisbarnaki88/" "Opera/9.80 (Windows NT 6.1; Edition Next) Presto/2.12.378 Version/12.50"
89.135.66.157 - - [05/May/2014:22:47:17 +0200] "GET /favicon.ico HTTP/1.1" 404 287 "http://attac.zpok.hu/article.php3?id_article=823" "Opera/9.80 (Windows NT 6.1; Edition Next) Presto/2.12.378 Version/12.50"
91.232.96.36 - - [05/May/2014:22:47:47 +0200] "GET /forum_attac.php3?id_article=983&retour=cikk.php3%3Fid_article%3D983 HTTP/1.1" 404 292 "-" "Mozilla/4.0 (compatible; MSIE 6.0; Windows NT 5.1; SV1)"
195.56.55.225 - - [05/May/2014:22:48:36 +0200] "GET /test.html HTTP/1.1" 200 56 "-" "monit/4.6"
119.31.123.207 - - [05/May/2014:22:48:38 +0200] "POST /forum_attac.php3?id_article=710&retour=cikk HTTP/1.1" 404 292 "http://attac.zpok.hu/forum_attac.php3?id_article=710&retour=cikk" "Mozilla/4.0 (compatible; MSIE 6.0; Windows NT 5.1; SV1)"
37.239.46.42 - - [05/May/2014:22:48:39 +0200] "POST /forum_attac.php3?id_article=710&retour=cikk HTTP/1.1" 404 292 "http://attac.zpok.hu/forum_attac.php3?id_article=710&retour=cikk" "Mozilla/4.0 (compatible; MSIE 6.0; Windows NT 5.1; SV1)"
195.56.55.225 - - [05/May/2014:22:50:40 +0200] "GET /test.html HTTP/1.1" 200 56 "-" "monit/4.6"
213.46.102.26 - - [05/May/2014:22:50:40 +0200] "-" 408 - "-" "-"
213.46.102.26 - - [05/May/2014:22:50:40 +0200] "-" 408 - "-" "-"
213.46.102.26 - - [05/May/2014:22:50:40 +0200] "-" 408 - "-" "-"
213.46.102.26 - - [05/May/2014:22:50:40 +0200] "-" 408 - "-" "-"
213.46.102.26 - - [05/May/2014:22:50:40 +0200] "-" 408 - "-" "-"
213.46.102.26 - - [05/May/2014:22:50:40 +0200] "-" 408 - "-" "-"
213.46.102.26 - - [05/May/2014:22:50:40 +0200] "-" 408 - "-" "-"
213.46.102.26 - - [05/May/2014:22:50:40 +0200] "-" 408 - "-" "-"
213.46.102.26 - - [05/May/2014:22:50:40 +0200] "-" 408 - "-" "-"
195.56.55.225 - - [05/May/2014:22:52:42 +0200] "GET /test.html HTTP/1.1" 200 56 "-" "monit/4.6"
195.56.55.225 - - [05/May/2014:22:54:45 +0200] "GET /test.html HTTP/1.1" 200 56 "-" "monit/4.6"
213.46.102.26 - - [05/May/2014:22:55:29 +0200] "-" 408 - "-" "-"
202.46.52.35 - - [05/May/2014:22:56:12 +0200] "GET / HTTP/1.1" 200 1155 "-" "Mozilla/4.0 (compatible; MSIE 7.0; Windows NT 6.0)"
195.56.55.225 - - [05/May/2014:22:56:47 +0200] "GET /test.html HTTP/1.1" 200 56 "-" "monit/4.6"
119.63.193.132 - - [05/May/2014:22:56:55 +0200] "GET / HTTP/1.1" 200 1155 "-" "Mozilla/4.0 (compatible; MSIE 7.0; Windows NT 6.0)"
195.56.55.225 - - [05/May/2014:22:58:50 +0200] "GET /test.html HTTP/1.1" 200 56 "-" "monit/4.6"
66.249.78.240 - - [05/May/2014:22:59:54 +0200] "GET /www.bicusa.org/publications.htm HTTP/1.1" 404 309 "-" "Googlebot/2.1 (+http://www.google.com/bot.html)"
195.56.55.225 - - [05/May/2014:23:00:53 +0200] "GET /test.html HTTP/1.1" 200 56 "-" "monit/4.6"
120.198.230.11 - - [05/May/2014:23:02:12 +0200] "POST /forum_attac.php3?id_article=710&retour=cikk HTTP/1.1" 404 292 "http://attac.zpok.hu/forum_attac.php3?id_article=710&retour=cikk" "Mozilla/4.0 (compatible; MSIE 6.0; Windows NT 5.1; SV1)"
195.56.55.225 - - [05/May/2014:23:02:55 +0200] "GET /test.html HTTP/1.1" 200 56 "-" "monit/4.6"
91.232.96.36 - - [05/May/2014:23:03:32 +0200] "GET /forum_attac.php3?id_article=983&retour=cikk.php3%3Fid_article%3D983 HTTP/1.1" 404 292 "-" "Mozilla/4.0 (compatible; MSIE 6.0; Windows NT 5.1; SV1)"
195.56.55.225 - - [05/May/2014:23:04:57 +0200] "GET /test.html HTTP/1.1" 200 56 "-" "monit/4.6"
195.56.55.225 - - [05/May/2014:23:06:59 +0200] "GET /test.html HTTP/1.1" 200 56 "-" "monit/4.6"
208.115.111.71 - - [05/May/2014:23:07:24 +0200] "GET /robots.txt HTTP/1.1" 404 286 "-" "Mozilla/5.0 (compatible; DotBot/1.1; http://www.opensiteexplorer.org/dotbot, help@moz.com)"
112.172.129.242 - - [05/May/2014:23:08:06 +0200] "POST /forum_attac.php3?id_article=710&retour=cikk HTTP/1.1" 404 292 "http://attac.zpok.hu/forum_attac.php3?id_article=710&retour=cikk" "Mozilla/4.0 (compatible; MSIE 6.0; Windows NT 5.1; SV1)"
202.137.230.220 - - [05/May/2014:23:08:54 +0200] "POST /forum_attac.php3?id_article=710&retour=cikk HTTP/1.1" 404 292 "http://attac.zpok.hu/forum_attac.php3?id_article=710&retour=cikk" "Mozilla/4.0 (compatible; MSIE 6.0; Windows NT 5.1; SV1)"
89.108.121.107 - - [05/May/2014:23:08:55 +0200] "POST /forum_attac.php3?id_article=710&retour=cikk HTTP/1.1" 404 292 "http://attac.zpok.hu/forum_attac.php3?id_article=710&retour=cikk" "Mozilla/4.0 (compatible; MSIE 6.0; Windows NT 5.1; SV1)"
195.56.55.225 - - [05/May/2014:23:09:01 +0200] "GET /test.html HTTP/1.1" 200 56 "-" "monit/4.6"
37.236.167.250 - - [05/May/2014:23:10:08 +0200] "POST /forum_attac.php3?id_article=710&retour=cikk HTTP/1.1" 404 292 "http://attac.zpok.hu/forum_attac.php3?id_article=710&retour=cikk" "Mozilla/4.0 (compatible; MSIE 6.0; Windows NT 5.1; SV1)"
37.239.46.18 - - [05/May/2014:23:10:13 +0200] "POST /forum_attac.php3?id_article=710&retour=cikk HTTP/1.1" 404 292 "http://attac.zpok.hu/forum_attac.php3?id_article=710&retour=cikk" "Mozilla/4.0 (compatible; MSIE 6.0; Windows NT 5.1; SV1)"
149.255.255.250 - - [05/May/2014:23:10:14 +0200] "POST /forum_attac.php3?id_article=710&retour=cikk HTTP/1.1" 404 292 "http://attac.zpok.hu/forum_attac.php3?id_article=710&retour=cikk" "Mozilla/4.0 (compatible; MSIE 6.0; Windows NT 5.1; SV1)"
195.56.55.225 - - [05/May/2014:23:11:04 +0200] "GET /test.html HTTP/1.1" 200 56 "-" "monit/4.6"
37.239.46.42 - - [05/May/2014:23:12:47 +0200] "POST /forum_attac.php3?id_article=710&retour=cikk HTTP/1.1" 404 292 "http://attac.zpok.hu/forum_attac.php3?id_article=710&retour=cikk" "Mozilla/4.0 (compatible; MSIE 6.0; Windows NT 5.1; SV1)"
212.154.154.220 - - [05/May/2014:23:12:48 +0200] "POST /forum_attac.php3?id_article=710&retour=cikk HTTP/1.1" 404 292 "http://attac.zpok.hu/forum_attac.php3?id_article=710&retour=cikk" "Mozilla/4.0 (compatible; MSIE 6.0; Windows NT 5.1; SV1)"
195.56.55.225 - - [05/May/2014:23:13:07 +0200] "GET /test.html HTTP/1.1" 200 56 "-" "monit/4.6"
195.56.55.225 - - [05/May/2014:23:15:09 +0200] "GET /test.html HTTP/1.1" 200 56 "-" "monit/4.6"
195.56.55.225 - - [05/May/2014:23:17:12 +0200] "GET /test.html HTTP/1.1" 200 56 "-" "monit/4.6"
195.56.55.225 - - [05/May/2014:23:19:15 +0200] "GET /test.html HTTP/1.1" 200 56 "-" "monit/4.6"
91.232.96.36 - - [05/May/2014:23:19:45 +0200] "GET /forum_attac.php3?id_article=983&retour=cikk.php3%3Fid_article%3D983 HTTP/1.1" 404 292 "-" "Mozilla/4.0 (compatible; MSIE 6.0; Windows NT 5.1; SV1)"
120.198.230.11 - - [05/May/2014:23:20:34 +0200] "POST /forum_attac.php3?id_article=710&retour=cikk HTTP/1.1" 404 292 "http://attac.zpok.hu/forum_attac.php3?id_article=710&retour=cikk" "Mozilla/4.0 (compatible; MSIE 6.0; Windows NT 5.1; SV1)"
121.14.9.75 - - [05/May/2014:23:20:44 +0200] "POST /forum_attac.php3?id_article=710&retour=cikk HTTP/1.1" 404 292 "http://attac.zpok.hu/forum_attac.php3?id_article=710&retour=cikk" "Mozilla/4.0 (compatible; MSIE 6.0; Windows NT 5.1; SV1)"
195.56.55.225 - - [05/May/2014:23:21:17 +0200] "GET /test.html HTTP/1.1" 200 56 "-" "monit/4.6"
213.46.102.26 - - [05/May/2014:23:22:08 +0200] "-" 408 - "-" "-"
213.46.102.26 - - [05/May/2014:23:22:08 +0200] "-" 408 - "-" "-"
213.46.102.26 - - [05/May/2014:23:22:08 +0200] "-" 408 - "-" "-"
213.46.102.26 - - [05/May/2014:23:22:08 +0200] "-" 408 - "-" "-"
213.46.102.26 - - [05/May/2014:23:22:08 +0200] "-" 408 - "-" "-"
213.46.102.26 - - [05/May/2014:23:22:08 +0200] "-" 408 - "-" "-"
213.46.102.26 - - [05/May/2014:23:22:08 +0200] "-" 408 - "-" "-"
195.56.55.225 - - [05/May/2014:23:23:19 +0200] "GET /test.html HTTP/1.1" 200 56 "-" "monit/4.6"
195.56.55.225 - - [05/May/2014:23:25:21 +0200] "GET /test.html HTTP/1.1" 200 56 "-" "monit/4.6"
128.120.156.26 - - [05/May/2014:23:25:32 +0200] "-" 408 - "-" "-"
195.56.55.225 - - [05/May/2014:23:27:24 +0200] "GET /test.html HTTP/1.1" 200 56 "-" "monit/4.6"
85.214.106.58 - - [05/May/2014:23:29:15 +0200] "/index.php?option=com_jce&task=plugin&plugin=imgmanager&file=imgmanager&version=1576&cid=20 HTTP/1.1" 400 - "-" "-"
195.56.55.225 - - [05/May/2014:23:29:27 +0200] "GET /test.html HTTP/1.1" 200 56 "-" "monit/4.6"
24.139.205.185 - - [05/May/2014:23:29:42 +0200] "-" 408 - "-" "-"
195.56.55.225 - - [05/May/2014:23:31:29 +0200] "GET /test.html HTTP/1.1" 200 56 "-" "monit/4.6"
195.56.55.225 - - [05/May/2014:23:33:32 +0200] "GET /test.html HTTP/1.1" 200 56 "-" "monit/4.6"
195.56.55.225 - - [05/May/2014:23:35:34 +0200] "GET /test.html HTTP/1.1" 200 56 "-" "monit/4.6"
37.236.167.250 - - [05/May/2014:23:35:52 +0200] "POST /forum_attac.php3?id_article=710&retour=cikk HTTP/1.1" 404 292 "http://attac.zpok.hu/forum_attac.php3?id_article=710&retour=cikk" "Mozilla/4.0 (compatible; MSIE 6.0; Windows NT 5.1; SV1)"
219.93.183.102 - - [05/May/2014:23:35:54 +0200] "POST /forum_attac.php3?id_article=710&retour=cikk HTTP/1.1" 404 292 "http://attac.zpok.hu/forum_attac.php3?id_article=710&retour=cikk" "Mozilla/4.0 (compatible; MSIE 6.0; Windows NT 5.1; SV1)"
91.232.96.36 - - [05/May/2014:23:36:02 +0200] "GET /forum_attac.php3?id_article=983&retour=cikk.php3%3Fid_article%3D983 HTTP/1.1" 404 292 "-" "Mozilla/4.0 (compatible; MSIE 6.0; Windows NT 5.1; SV1)"
37.239.46.2 - - [05/May/2014:23:36:08 +0200] "POST /forum_attac.php3?id_article=710&retour=cikk HTTP/1.1" 404 292 "http://attac.zpok.hu/forum_attac.php3?id_article=710&retour=cikk" "Mozilla/4.0 (compatible; MSIE 6.0; Windows NT 5.1; SV1)"
211.151.50.179 - - [05/May/2014:23:36:10 +0200] "POST /forum_attac.php3?id_article=710&retour=cikk HTTP/1.0" 404 280 "http://attac.zpok.hu/forum_attac.php3?id_article=710&retour=cikk" "Mozilla/4.0 (compatible; MSIE 6.0; Windows NT 5.1; SV1)"
119.39.32.42 - - [05/May/2014:23:36:12 +0200] "POST /forum_attac.php3?id_article=710&retour=cikk HTTP/1.0" 404 280 "http://attac.zpok.hu/forum_attac.php3?id_article=710&retour=cikk" "Mozilla/4.0 (compatible; MSIE 6.0; Windows NT 5.1; SV1)"
208.115.111.71 - - [05/May/2014:23:36:43 +0200] "GET /breve.php3?id_breve=172 HTTP/1.1" 404 286 "-" "Mozilla/5.0 (compatible; DotBot/1.1; http://www.opensiteexplorer.org/dotbot, help@moz.com)"
31.163.233.234 - - [05/May/2014:23:37:13 +0200] "POST /forum_attac.php3?id_article=948&id_forum=122663&retour=cikk.php3%3Fid_article%3D948 HTTP/1.1" 404 292 "http://attac.zpok.hu/forum_attac.php3?id_article=948&id_forum=122663&retour=cikk.php3%3Fid_article%3D948" "Mozilla/4.0 (compatible; MSIE 6.0; Windows NT 5.1; SV1)"
195.56.55.225 - - [05/May/2014:23:37:37 +0200] "GET /test.html HTTP/1.1" 200 56 "-" "monit/4.6"
195.56.55.225 - - [05/May/2014:23:39:40 +0200] "GET /test.html HTTP/1.1" 200 56 "-" "monit/4.6"
58.20.127.26 - - [05/May/2014:23:40:02 +0200] "POST /forum_attac.php3?id_article=710&retour=cikk HTTP/1.0" 404 280 "http://attac.zpok.hu/forum_attac.php3?id_article=710&retour=cikk" "Mozilla/4.0 (compatible; MSIE 6.0; Windows NT 5.1; SV1)"
212.154.154.220 - - [05/May/2014:23:40:03 +0200] "POST /forum_attac.php3?id_article=710&retour=cikk HTTP/1.1" 404 292 "http://attac.zpok.hu/forum_attac.php3?id_article=710&retour=cikk" "Mozilla/4.0 (compatible; MSIE 6.0; Windows NT 5.1; SV1)"
195.56.55.225 - - [05/May/2014:23:41:43 +0200] "GET /test.html HTTP/1.1" 200 56 "-" "monit/4.6"
195.56.55.225 - - [05/May/2014:23:43:45 +0200] "GET /test.html HTTP/1.1" 200 56 "-" "monit/4.6"
213.46.102.26 - - [05/May/2014:23:44:46 +0200] "-" 408 - "-" "-"
195.56.55.225 - - [05/May/2014:23:45:47 +0200] "GET /test.html HTTP/1.1" 200 56 "-" "monit/4.6"
195.56.55.225 - - [05/May/2014:23:47:50 +0200] "GET /test.html HTTP/1.1" 200 56 "-" "monit/4.6"
195.56.55.225 - - [05/May/2014:23:49:53 +0200] "GET /test.html HTTP/1.1" 200 56 "-" "monit/4.6"
91.120.77.58 - - [05/May/2014:23:50:42 +0200] "GET / HTTP/1.1" 200 1155 "-" "Mozilla/5.0 (compatible; MSIE 10.0; Windows Phone 8.0; Trident/6.0; IEMobile/10.0; ARM; Touch; NOKIA; Lumia 520)"
91.120.77.58 - - [05/May/2014:23:50:52 +0200] "GET / HTTP/1.1" 200 1155 "-" "Mozilla/5.0 (compatible; MSIE 10.0; Windows Phone 8.0; Trident/6.0; IEMobile/10.0; ARM; Touch; NOKIA; Lumia 520)"
91.120.77.58 - - [05/May/2014:23:51:24 +0200] "-" 408 - "-" "-"
195.56.55.225 - - [05/May/2014:23:51:55 +0200] "GET /test.html HTTP/1.1" 200 56 "-" "monit/4.6"
91.232.96.36 - - [05/May/2014:23:52:05 +0200] "GET /forum_attac.php3?id_article=983&retour=cikk.php3%3Fid_article%3D983 HTTP/1.1" 404 292 "-" "Mozilla/4.0 (compatible; MSIE 6.0; Windows NT 5.1; SV1)"
46.105.105.227 - - [05/May/2014:23:53:34 +0200] "-" 408 - "-" "-"
195.56.55.225 - - [05/May/2014:23:53:58 +0200] "GET /test.html HTTP/1.1" 200 56 "-" "monit/4.6"
195.56.55.225 - - [05/May/2014:23:56:02 +0200] "GET /test.html HTTP/1.1" 200 56 "-" "monit/4.6"
46.105.105.227 - - [05/May/2014:23:56:22 +0200] "-" 408 - "-" "-"
195.56.55.225 - - [05/May/2014:23:58:04 +0200] "GET /test.html HTTP/1.1" 200 56 "-" "monit/4.6"
219.141.225.11 - - [05/May/2014:23:59:59 +0200] "POST /forum_attac.php3?id_article=710&retour=cikk HTTP/1.1" 404 292 "http://attac.zpok.hu/forum_attac.php3?id_article=710&retour=cikk" "Mozilla/4.0 (compatible; MSIE 6.0; Windows NT 5.1; SV1)"
37.239.46.42 - - [06/May/2014:00:00:00 +0200] "POST /forum_attac.php3?id_article=710&retour=cikk HTTP/1.1" 404 292 "http://attac.zpok.hu/forum_attac.php3?id_article=710&retour=cikk" "Mozilla/4.0 (compatible; MSIE 6.0; Windows NT 5.1; SV1)"
119.31.123.207 - - [06/May/2014:00:00:01 +0200] "POST /forum_attac.php3?id_article=710&retour=cikk HTTP/1.1" 404 292 "http://attac.zpok.hu/forum_attac.php3?id_article=710&retour=cikk" "Mozilla/4.0 (compatible; MSIE 6.0; Windows NT 5.1; SV1)"
195.56.55.225 - - [06/May/2014:00:00:06 +0200] "GET /test.html HTTP/1.1" 200 56 "-" "monit/4.6"
195.56.55.225 - - [06/May/2014:00:02:09 +0200] "GET /test.html HTTP/1.1" 200 56 "-" "monit/4.6"
211.151.50.179 - - [06/May/2014:00:03:04 +0200] "POST /forum_attac.php3?id_article=710&retour=cikk HTTP/1.0" 404 280 "http://attac.zpok.hu/forum_attac.php3?id_article=710&retour=cikk" "Mozilla/4.0 (compatible; MSIE 6.0; Windows NT 5.1; SV1)"
195.56.55.225 - - [06/May/2014:00:04:11 +0200] "GET /test.html HTTP/1.1" 200 56 "-" "monit/4.6"
85.95.254.207 - - [06/May/2014:00:04:50 +0200] "GET /phpTest/zologize/axa.php HTTP/1.1" 404 300 "-" "-"
85.95.254.207 - - [06/May/2014:00:04:50 +0200] "GET /phpMyAdmin/scripts/setup.php HTTP/1.1" 404 304 "-" "-"
85.95.254.207 - - [06/May/2014:00:04:50 +0200] "GET /pma/scripts/setup.php HTTP/1.1" 404 297 "-" "-"
85.95.254.207 - - [06/May/2014:00:04:50 +0200] "GET /myadmin/scripts/setup.php HTTP/1.1" 404 301 "-" "-"
213.160.134.125 - - [06/May/2014:00:05:54 +0200] "POST /forum_attac.php3?id_article=710&retour=cikk HTTP/1.1" 404 292 "http://attac.zpok.hu/forum_attac.php3?id_article=710&retour=cikk" "Mozilla/4.0 (compatible; MSIE 6.0; Windows NT 5.1; SV1)"
218.244.235.169 - - [06/May/2014:00:05:58 +0200] "POST /forum_attac.php3?id_article=710&retour=cikk HTTP/1.1" 404 292 "http://attac.zpok.hu/forum_attac.php3?id_article=710&retour=cikk" "Mozilla/4.0 (compatible; MSIE 6.0; Windows NT 5.1; SV1)"
110.78.162.238 - - [06/May/2014:00:06:01 +0200] "POST /forum_attac.php3?id_article=710&retour=cikk HTTP/1.1" 404 292 "http://attac.zpok.hu/forum_attac.php3?id_article=710&retour=cikk" "Mozilla/4.0 (compatible; MSIE 6.0; Windows NT 5.1; SV1)"
118.175.9.242 - - [06/May/2014:00:06:01 +0200] "POST /forum_attac.php3?id_article=710&retour=cikk HTTP/1.1" 404 292 "http://attac.zpok.hu/forum_attac.php3?id_article=710&retour=cikk" "Mozilla/4.0 (compatible; MSIE 6.0; Windows NT 5.1; SV1)"
95.168.217.24 - - [06/May/2014:00:06:05 +0200] "POST /forum_attac.php3?id_article=710&retour=cikk HTTP/1.0" 404 280 "http://attac.zpok.hu/forum_attac.php3?id_article=710&retour=cikk" "Mozilla/4.0 (compatible; MSIE 6.0; Windows NT 5.1; SV1)"
195.56.55.225 - - [06/May/2014:00:06:13 +0200] "GET /test.html HTTP/1.1" 200 56 "-" "monit/4.6"
195.56.55.225 - - [06/May/2014:00:08:15 +0200] "GET /test.html HTTP/1.1" 200 56 "-" "monit/4.6"
157.55.35.104 - - [06/May/2014:00:08:16 +0200] "GET / HTTP/1.1" 200 1155 "-" "Mozilla/5.0 (compatible; bingbot/2.0; +http://www.bing.com/bingbot.htm)"
91.232.96.36 - - [06/May/2014:00:08:24 +0200] "GET /forum_attac.php3?id_article=983&retour=cikk.php3%3Fid_article%3D983 HTTP/1.1" 404 292 "-" "Mozilla/4.0 (compatible; MSIE 6.0; Windows NT 5.1; SV1)"
195.70.55.211 - - [06/May/2014:00:08:58 +0200] "HEAD / HTTP/1.1" 200 0 "-" "libwww-perl/5.834"
68.106.250.214 - - [06/May/2014:00:09:10 +0200] "-" 408 - "-" "-"
66.249.78.40 - - [06/May/2014:00:09:20 +0200] "GET /robots.txt HTTP/1.1" 404 285 "-" "Mozilla/5.0 (compatible; Googlebot/2.1; +http://www.google.com/bot.html)"
66.249.78.40 - - [06/May/2014:00:09:20 +0200] "GET / HTTP/1.1" 200 1155 "-" "SAMSUNG-SGH-E250/1.0 Profile/MIDP-2.0 Configuration/CLDC-1.1 UP.Browser/6.2.3.3.c.1.101 (GUI) MMP/2.0 (compatible; Googlebot-Mobile/2.1; +http://www.google.com/bot.html)"
110.78.162.238 - - [06/May/2014:00:09:43 +0200] "POST /forum_attac.php3?id_article=710&retour=cikk HTTP/1.1" 404 292 "http://attac.zpok.hu/forum_attac.php3?id_article=710&retour=cikk" "Mozilla/4.0 (compatible; MSIE 6.0; Windows NT 5.1; SV1)"
208.115.111.74 - - [06/May/2014:00:10:11 +0200] "GET /robots.txt HTTP/1.1" 404 290 "-" "Mozilla/5.0 (compatible; DotBot/1.1; http://www.opensiteexplorer.org/dotbot, help@moz.com)"
195.56.55.225 - - [06/May/2014:00:10:18 +0200] "GET /test.html HTTP/1.1" 200 56 "-" "monit/4.6"
195.56.55.225 - - [06/May/2014:00:12:20 +0200] "GET /test.html HTTP/1.1" 200 56 "-" "monit/4.6"
213.55.100.194 - - [06/May/2014:00:13:32 +0200] "POST /forum_attac.php3?id_article=710&retour=cikk HTTP/1.1" 404 292 "http://attac.zpok.hu/forum_attac.php3?id_article=710&retour=cikk" "Mozilla/4.0 (compatible; MSIE 6.0; Windows NT 5.1; SV1)"
212.154.154.220 - - [06/May/2014:00:13:33 +0200] "POST /forum_attac.php3?id_article=710&retour=cikk HTTP/1.1" 404 292 "http://attac.zpok.hu/forum_attac.php3?id_article=710&retour=cikk" "Mozilla/4.0 (compatible; MSIE 6.0; Windows NT 5.1; SV1)"
195.56.55.225 - - [06/May/2014:00:14:23 +0200] "GET /test.html HTTP/1.1" 200 56 "-" "monit/4.6"
195.56.55.225 - - [06/May/2014:00:16:28 +0200] "GET /test.html HTTP/1.1" 200 56 "-" "monit/4.6"
195.56.55.225 - - [06/May/2014:00:18:40 +0200] "GET /test.html HTTP/1.1" 200 56 "-" "monit/4.6"
195.56.55.225 - - [06/May/2014:00:20:42 +0200] "GET /test.html HTTP/1.1" 200 56 "-" "monit/4.6"
66.249.78.84 - - [06/May/2014:00:21:15 +0200] "GET /robots.txt HTTP/1.1" 404 295 "-" "Mozilla/5.0 (compatible; Googlebot/2.1; +http://www.google.com/bot.html)"
66.249.78.84 - - [06/May/2014:00:21:15 +0200] "GET / HTTP/1.1" 200 1155 "-" "SAMSUNG-SGH-E250/1.0 Profile/MIDP-2.0 Configuration/CLDC-1.1 UP.Browser/6.2.3.3.c.1.101 (GUI) MMP/2.0 (compatible; Googlebot-Mobile/2.1; +http://www.google.com/bot.html)"
37.239.46.18 - - [06/May/2014:00:22:36 +0200] "POST /forum_attac.php3?id_article=710&retour=cikk HTTP/1.1" 404 292 "http://attac.zpok.hu/forum_attac.php3?id_article=710&retour=cikk" "Mozilla/4.0 (compatible; MSIE 6.0; Windows NT 5.1; SV1)"
212.154.154.220 - - [06/May/2014:00:22:37 +0200] "POST /forum_attac.php3?id_article=710&retour=cikk HTTP/1.1" 404 292 "http://attac.zpok.hu/forum_attac.php3?id_article=710&retour=cikk" "Mozilla/4.0 (compatible; MSIE 6.0; Windows NT 5.1; SV1)"
195.56.55.225 - - [06/May/2014:00:22:45 +0200] "GET /test.html HTTP/1.1" 200 56 "-" "monit/4.6"
91.232.96.36 - - [06/May/2014:00:24:34 +0200] "GET /forum_attac.php3?id_article=983&retour=cikk.php3%3Fid_article%3D983 HTTP/1.1" 404 292 "-" "Mozilla/4.0 (compatible; MSIE 6.0; Windows NT 5.1; SV1)"
195.56.55.225 - - [06/May/2014:00:24:47 +0200] "GET /test.html HTTP/1.1" 200 56 "-" "monit/4.6"
72.14.199.132 - - [06/May/2014:00:25:41 +0200] "GET / HTTP/1.1" 200 1155 "-" "Feedfetcher-Google; (+http://www.google.com/feedfetcher.html; 1 subscribers; feed-id=849169264004692768)"
195.56.55.225 - - [06/May/2014:00:26:49 +0200] "GET /test.html HTTP/1.1" 200 56 "-" "monit/4.6"
195.56.55.225 - - [06/May/2014:00:28:51 +0200] "GET /test.html HTTP/1.1" 200 56 "-" "monit/4.6"
66.249.78.207 - - [06/May/2014:00:29:07 +0200] "GET /robots.txt HTTP/1.1" 404 290 "-" "Mozilla/5.0 (compatible; Googlebot/2.1; +http://www.google.com/bot.html)"
66.249.78.207 - - [06/May/2014:00:29:07 +0200] "GET /sites/csalan.mindworks.hu/files/Kulcskerdes2006%2002-2.pdf HTTP/1.1" 404 336 "-" "Mozilla/5.0 (compatible; Googlebot/2.1; +http://www.google.com/bot.html)"
195.56.55.225 - - [06/May/2014:00:30:53 +0200] "GET /test.html HTTP/1.1" 200 56 "-" "monit/4.6"
184.191.231.67 - - [06/May/2014:00:30:58 +0200] "-" 408 - "-" "-"
184.191.231.67 - - [06/May/2014:00:30:58 +0200] "-" 408 - "-" "-"
37.239.46.18 - - [06/May/2014:00:32:19 +0200] "POST /forum_attac.php3?id_article=710&retour=cikk HTTP/1.1" 404 292 "http://attac.zpok.hu/forum_attac.php3?id_article=710&retour=cikk" "Mozilla/4.0 (compatible; MSIE 6.0; Windows NT 5.1; SV1)"
37.236.167.250 - - [06/May/2014:00:32:20 +0200] "POST /forum_attac.php3?id_article=710&retour=cikk HTTP/1.1" 404 292 "http://attac.zpok.hu/forum_attac.php3?id_article=710&retour=cikk" "Mozilla/4.0 (compatible; MSIE 6.0; Windows NT 5.1; SV1)"
195.56.55.225 - - [06/May/2014:00:32:55 +0200] "GET /test.html HTTP/1.1" 200 56 "-" "monit/4.6"
66.249.78.234 - - [06/May/2014:00:33:10 +0200] "GET /robots.txt HTTP/1.1" 404 291 "-" "Mozilla/5.0 (compatible; Googlebot/2.1; +http://www.google.com/bot.html)"
66.249.78.234 - - [06/May/2014:00:33:10 +0200] "GET / HTTP/1.1" 200 1155 "-" "SAMSUNG-SGH-E250/1.0 Profile/MIDP-2.0 Configuration/CLDC-1.1 UP.Browser/6.2.3.3.c.1.101 (GUI) MMP/2.0 (compatible; Googlebot-Mobile/2.1; +http://www.google.com/bot.html)"
66.249.78.218 - - [06/May/2014:00:33:53 +0200] "GET /article.php3?id_article=131 HTTP/1.1" 404 288 "-" "Mozilla/5.0 (compatible; Googlebot/2.1; +http://www.google.com/bot.html)"
195.56.55.225 - - [06/May/2014:00:34:58 +0200] "GET /test.html HTTP/1.1" 200 56 "-" "monit/4.6"
157.55.33.88 - - [06/May/2014:00:35:36 +0200] "GET / HTTP/1.1" 200 1155 "-" "Mozilla/5.0 (compatible; bingbot/2.0; +http://www.bing.com/bingbot.htm)"
84.85.74.170 - - [06/May/2014:00:36:18 +0200] "GET /Magyar Színház HTTP/1.1" 400 365 "-" "-"
195.56.55.225 - - [06/May/2014:00:37:01 +0200] "GET /test.html HTTP/1.1" 200 56 "-" "monit/4.6"
195.56.55.225 - - [06/May/2014:00:39:04 +0200] "GET /test.html HTTP/1.1" 200 56 "-" "monit/4.6"
157.55.33.40 - - [06/May/2014:00:39:55 +0200] "GET /robots.txt HTTP/1.1" 404 288 "-" "Mozilla/5.0 (compatible; bingbot/2.0; +http://www.bing.com/bingbot.htm)"
91.232.96.36 - - [06/May/2014:00:40:36 +0200] "GET /forum_attac.php3?id_article=983&retour=cikk.php3%3Fid_article%3D983 HTTP/1.1" 404 292 "-" "Mozilla/4.0 (compatible; MSIE 6.0; Windows NT 5.1; SV1)"
195.56.55.225 - - [06/May/2014:00:41:06 +0200] "GET /test.html HTTP/1.1" 200 56 "-" "monit/4.6"
123.125.19.44 - - [06/May/2014:00:41:22 +0200] "POST /forum_attac.php3?id_article=710&retour=cikk HTTP/1.1" 404 292 "http://attac.zpok.hu/forum_attac.php3?id_article=710&retour=cikk" "Mozilla/4.0 (compatible; MSIE 6.0; Windows NT 5.1; SV1)"
157.55.33.40 - - [06/May/2014:00:41:23 +0200] "GET / HTTP/1.1" 200 1155 "-" "Mozilla/5.0 (compatible; bingbot/2.0; +http://www.bing.com/bingbot.htm)"
116.213.211.139 - - [06/May/2014:00:41:24 +0200] "POST /forum_attac.php3?id_article=710&retour=cikk HTTP/1.0" 404 280 "http://attac.zpok.hu/forum_attac.php3?id_article=710&retour=cikk" "Mozilla/4.0 (compatible; MSIE 6.0; Windows NT 5.1; SV1)"
195.56.55.225 - - [06/May/2014:00:43:08 +0200] "GET /test.html HTTP/1.1" 200 56 "-" "monit/4.6"
66.249.78.92 - - [06/May/2014:00:45:06 +0200] "GET / HTTP/1.1" 200 1155 "-" "SAMSUNG-SGH-E250/1.0 Profile/MIDP-2.0 Configuration/CLDC-1.1 UP.Browser/6.2.3.3.c.1.101 (GUI) MMP/2.0 (compatible; Googlebot-Mobile/2.1; +http://www.google.com/bot.html)"
195.56.55.225 - - [06/May/2014:00:45:10 +0200] "GET /test.html HTTP/1.1" 200 56 "-" "monit/4.6"
219.93.183.102 - - [06/May/2014:00:45:44 +0200] "POST /forum_attac.php3?id_article=710&retour=cikk HTTP/1.1" 404 292 "http://attac.zpok.hu/forum_attac.php3?id_article=710&retour=cikk" "Mozilla/4.0 (compatible; MSIE 6.0; Windows NT 5.1; SV1)"
66.249.75.154 - - [06/May/2014:00:45:45 +0200] "GET / HTTP/1.1" 200 1155 "-" "DoCoMo/2.0 N905i(c100;TB;W24H16) (compatible; Googlebot-Mobile/2.1; +http://www.google.com/bot.html)"
58.20.127.100 - - [06/May/2014:00:45:46 +0200] "POST /forum_attac.php3?id_article=710&retour=cikk HTTP/1.0" 404 280 "http://attac.zpok.hu/forum_attac.php3?id_article=710&retour=cikk" "Mozilla/4.0 (compatible; MSIE 6.0; Windows NT 5.1; SV1)"
65.55.52.88 - - [06/May/2014:00:46:24 +0200] "GET /robots.txt HTTP/1.1" 404 293 "-" "Mozilla/5.0 (compatible; bingbot/2.0; +http://www.bing.com/bingbot.htm)"
195.56.55.225 - - [06/May/2014:00:47:12 +0200] "GET /test.html HTTP/1.1" 200 56 "-" "monit/4.6"
65.55.52.88 - - [06/May/2014:00:47:19 +0200] "GET / HTTP/1.1" 200 1155 "-" "Mozilla/5.0 (compatible; bingbot/2.0; +http://www.bing.com/bingbot.htm)"
65.55.52.88 - - [06/May/2014:00:48:16 +0200] "GET / HTTP/1.1" 200 1155 "-" "Mozilla/5.0 (compatible; bingbot/2.0; +http://www.bing.com/bingbot.htm)"
157.55.32.26 - - [06/May/2014:00:48:27 +0200] "GET /robots.txt HTTP/1.1" 404 288 "-" "Mozilla/5.0 (compatible; bingbot/2.0; +http://www.bing.com/bingbot.htm)"
218.104.148.195 - - [06/May/2014:00:48:39 +0200] "POST /forum_attac.php3?id_article=710&retour=cikk HTTP/1.0" 404 280 "http://attac.zpok.hu/forum_attac.php3?id_article=710&retour=cikk" "Mozilla/4.0 (compatible; MSIE 6.0; Windows NT 5.1; SV1)"
37.239.46.18 - - [06/May/2014:00:48:40 +0200] "POST /forum_attac.php3?id_article=710&retour=cikk HTTP/1.1" 404 292 "http://attac.zpok.hu/forum_attac.php3?id_article=710&retour=cikk" "Mozilla/4.0 (compatible; MSIE 6.0; Windows NT 5.1; SV1)"
195.56.55.225 - - [06/May/2014:00:49:15 +0200] "GET /test.html HTTP/1.1" 200 56 "-" "monit/4.6"
157.55.32.26 - - [06/May/2014:00:49:17 +0200] "GET / HTTP/1.1" 200 1155 "-" "Mozilla/5.0 (compatible; bingbot/2.0; +http://www.bing.com/bingbot.htm)"
160.40.51.28 - - [06/May/2014:00:49:36 +0200] "GET /robots.txt HTTP/1.1" 404 286 "-" "BUbiNG (+http://law.di.unimi.it/BUbiNG.html)"
46.105.105.227 - - [06/May/2014:00:50:05 +0200] "-" 408 - "-" "-"
46.105.105.227 - - [06/May/2014:00:50:05 +0200] "-" 408 - "-" "-"
160.40.51.28 - - [06/May/2014:00:50:25 +0200] "GET / HTTP/1.1" 200 1155 "-" "BUbiNG (+http://law.di.unimi.it/BUbiNG.html)"
195.56.55.225 - - [06/May/2014:00:51:18 +0200] "GET /test.html HTTP/1.1" 200 56 "-" "monit/4.6"
195.56.55.225 - - [06/May/2014:00:53:21 +0200] "GET /test.html HTTP/1.1" 200 56 "-" "monit/4.6"
195.56.55.225 - - [06/May/2014:00:55:24 +0200] "GET /test.html HTTP/1.1" 200 56 "-" "monit/4.6"
66.249.75.14 - - [06/May/2014:00:56:23 +0200] "GET / HTTP/1.1" 200 1155 "-" "DoCoMo/2.0 N905i(c100;TB;W24H16) (compatible; Googlebot-Mobile/2.1; +http://www.google.com/bot.html)"
91.232.96.36 - - [06/May/2014:00:57:02 +0200] "GET /forum_attac.php3?id_article=983&retour=cikk.php3%3Fid_article%3D983 HTTP/1.1" 404 292 "-" "Mozilla/4.0 (compatible; MSIE 6.0; Windows NT 5.1; SV1)"
195.56.55.225 - - [06/May/2014:00:57:26 +0200] "GET /test.html HTTP/1.1" 200 56 "-" "monit/4.6"
195.56.55.225 - - [06/May/2014:00:59:32 +0200] "GET /test.html HTTP/1.1" 200 56 "-" "monit/4.6"
37.239.46.10 - - [06/May/2014:01:01:20 +0200] "POST /forum_attac.php3?id_article=710&retour=cikk HTTP/1.1" 404 292 "http://attac.zpok.hu/forum_attac.php3?id_article=710&retour=cikk" "Mozilla/4.0 (compatible; MSIE 6.0; Windows NT 5.1; SV1)"
195.56.55.225 - - [06/May/2014:01:01:46 +0200] "GET /test.html HTTP/1.1" 200 56 "-" "monit/4.6"
195.56.55.225 - - [06/May/2014:01:03:48 +0200] "GET /test.html HTTP/1.1" 200 56 "-" "monit/4.6"
58.20.127.90 - - [06/May/2014:01:04:54 +0200] "POST /forum_attac.php3?id_article=710&retour=cikk HTTP/1.0" 404 280 "http://attac.zpok.hu/forum_attac.php3?id_article=710&retour=cikk" "Mozilla/4.0 (compatible; MSIE 6.0; Windows NT 5.1; SV1)"
37.239.46.26 - - [06/May/2014:01:04:54 +0200] "POST /forum_attac.php3?id_article=710&retour=cikk HTTP/1.1" 404 292 "http://attac.zpok.hu/forum_attac.php3?id_article=710&retour=cikk" "Mozilla/4.0 (compatible; MSIE 6.0; Windows NT 5.1; SV1)"
218.244.235.169 - - [06/May/2014:01:04:56 +0200] "POST /forum_attac.php3?id_article=710&retour=cikk HTTP/1.1" 404 292 "http://attac.zpok.hu/forum_attac.php3?id_article=710&retour=cikk" "Mozilla/4.0 (compatible; MSIE 6.0; Windows NT 5.1; SV1)"
195.56.55.225 - - [06/May/2014:01:05:51 +0200] "GET /test.html HTTP/1.1" 200 56 "-" "monit/4.6"
149.255.255.250 - - [06/May/2014:01:06:49 +0200] "POST /forum_attac.php3?id_article=710&retour=cikk HTTP/1.1" 404 292 "http://attac.zpok.hu/forum_attac.php3?id_article=710&retour=cikk" "Mozilla/4.0 (compatible; MSIE 6.0; Windows NT 5.1; SV1)"
58.20.127.90 - - [06/May/2014:01:06:50 +0200] "POST /forum_attac.php3?id_article=710&retour=cikk HTTP/1.0" 404 280 "http://attac.zpok.hu/forum_attac.php3?id_article=710&retour=cikk" "Mozilla/4.0 (compatible; MSIE 6.0; Windows NT 5.1; SV1)"
66.249.75.22 - - [06/May/2014:01:07:02 +0200] "GET / HTTP/1.1" 200 1155 "-" "DoCoMo/2.0 N905i(c100;TB;W24H16) (compatible; Googlebot-Mobile/2.1; +http://www.google.com/bot.html)"
195.56.55.225 - - [06/May/2014:01:07:54 +0200] "GET /test.html HTTP/1.1" 200 56 "-" "monit/4.6"
37.239.46.2 - - [06/May/2014:01:08:01 +0200] "POST /forum_attac.php3?id_article=710&retour=cikk HTTP/1.1" 404 292 "http://attac.zpok.hu/forum_attac.php3?id_article=710&retour=cikk" "Mozilla/4.0 (compatible; MSIE 6.0; Windows NT 5.1; SV1)"
149.255.255.250 - - [06/May/2014:01:08:02 +0200] "POST /forum_attac.php3?id_article=710&retour=cikk HTTP/1.1" 404 292 "http://attac.zpok.hu/forum_attac.php3?id_article=710&retour=cikk" "Mozilla/4.0 (compatible; MSIE 6.0; Windows NT 5.1; SV1)"
123.125.19.44 - - [06/May/2014:01:08:03 +0200] "POST /forum_attac.php3?id_article=710&retour=cikk HTTP/1.1" 404 292 "http://attac.zpok.hu/forum_attac.php3?id_article=710&retour=cikk" "Mozilla/4.0 (compatible; MSIE 6.0; Windows NT 5.1; SV1)"
195.56.55.225 - - [06/May/2014:01:09:56 +0200] "GET /test.html HTTP/1.1" 200 56 "-" "monit/4.6"
89.221.48.125 - - [06/May/2014:01:10:58 +0200] "POST /forum_attac.php3?id_article=710&retour=cikk HTTP/1.1" 404 292 "http://attac.zpok.hu/forum_attac.php3?id_article=710&retour=cikk" "Mozilla/4.0 (compatible; MSIE 6.0; Windows NT 5.1; SV1)"
212.154.154.220 - - [06/May/2014:01:11:02 +0200] "POST /forum_attac.php3?id_article=710&retour=cikk HTTP/1.1" 404 292 "http://attac.zpok.hu/forum_attac.php3?id_article=710&retour=cikk" "Mozilla/4.0 (compatible; MSIE 6.0; Windows NT 5.1; SV1)"
37.239.46.18 - - [06/May/2014:01:11:03 +0200] "POST /forum_attac.php3?id_article=710&retour=cikk HTTP/1.1" 404 292 "http://attac.zpok.hu/forum_attac.php3?id_article=710&retour=cikk" "Mozilla/4.0 (compatible; MSIE 6.0; Windows NT 5.1; SV1)"
195.56.55.225 - - [06/May/2014:01:11:58 +0200] "GET /test.html HTTP/1.1" 200 56 "-" "monit/4.6"
91.232.96.36 - - [06/May/2014:01:13:29 +0200] "GET /forum_attac.php3?id_article=983&retour=cikk.php3%3Fid_article%3D983 HTTP/1.1" 404 292 "-" "Mozilla/4.0 (compatible; MSIE 6.0; Windows NT 5.1; SV1)"
195.56.55.225 - - [06/May/2014:01:14:00 +0200] "GET /test.html HTTP/1.1" 200 56 "-" "monit/4.6"
27.38.167.48 - - [06/May/2014:01:14:26 +0200] "-" 408 - "-" "-"
27.38.167.48 - - [06/May/2014:01:15:17 +0200] "-" 408 - "-" "-"
195.56.55.225 - - [06/May/2014:01:16:02 +0200] "GET /test.html HTTP/1.1" 200 56 "-" "monit/4.6"
195.56.55.225 - - [06/May/2014:01:18:04 +0200] "GET /test.html HTTP/1.1" 200 56 "-" "monit/4.6"
157.55.33.254 - - [06/May/2014:01:18:38 +0200] "GET /robots.txt HTTP/1.1" 404 290 "-" "Mozilla/5.0 (compatible; bingbot/2.0; +http://www.bing.com/bingbot.htm)"
195.56.55.225 - - [06/May/2014:01:20:07 +0200] "GET /test.html HTTP/1.1" 200 56 "-" "monit/4.6"
195.56.55.225 - - [06/May/2014:01:22:09 +0200] "GET /test.html HTTP/1.1" 200 56 "-" "monit/4.6"
195.56.55.225 - - [06/May/2014:01:24:12 +0200] "GET /test.html HTTP/1.1" 200 56 "-" "monit/4.6"
157.55.33.254 - - [06/May/2014:01:24:43 +0200] "GET /rovatok.php3?id_rubrique=1 HTTP/1.1" 404 292 "-" "Mozilla/5.0 (compatible; bingbot/2.0; +http://www.bing.com/bingbot.htm)"
5.255.253.60 - - [06/May/2014:01:25:51 +0200] "GET /robots.txt HTTP/1.1" 404 290 "-" "Mozilla/5.0 (compatible; YandexBot/3.0; +http://yandex.com/bots)"
5.255.253.60 - - [06/May/2014:01:25:53 +0200] "GET / HTTP/1.1" 200 1155 "-" "Mozilla/5.0 (compatible; YandexBot/3.0; +http://yandex.com/bots)"
195.56.55.225 - - [06/May/2014:01:26:15 +0200] "GET /test.html HTTP/1.1" 200 56 "-" "monit/4.6"
195.56.55.225 - - [06/May/2014:01:28:18 +0200] "GET /test.html HTTP/1.1" 200 56 "-" "monit/4.6"
157.55.35.41 - - [06/May/2014:01:29:36 +0200] "GET /robots.txt HTTP/1.1" 404 291 "-" "Mozilla/5.0 (compatible; bingbot/2.0; +http://www.bing.com/bingbot.htm)"
91.232.96.36 - - [06/May/2014:01:29:42 +0200] "GET /forum_attac.php3?id_article=983&retour=cikk.php3%3Fid_article%3D983 HTTP/1.1" 404 292 "-" "Mozilla/4.0 (compatible; MSIE 6.0; Windows NT 5.1; SV1)"
157.55.35.41 - - [06/May/2014:01:30:16 +0200] "GET / HTTP/1.1" 200 1155 "-" "Mozilla/5.0 (compatible; bingbot/2.0; +http://www.bing.com/bingbot.htm)"
195.56.55.225 - - [06/May/2014:01:30:20 +0200] "GET /test.html HTTP/1.1" 200 56 "-" "monit/4.6"
120.198.230.11 - - [06/May/2014:01:30:25 +0200] "POST /forum_attac.php3?id_article=710&retour=cikk HTTP/1.1" 404 292 "http://attac.zpok.hu/forum_attac.php3?id_article=710&retour=cikk" "Mozilla/4.0 (compatible; MSIE 6.0; Windows NT 5.1; SV1)"
37.239.46.26 - - [06/May/2014:01:30:26 +0200] "POST /forum_attac.php3?id_article=710&retour=cikk HTTP/1.1" 404 292 "http://attac.zpok.hu/forum_attac.php3?id_article=710&retour=cikk" "Mozilla/4.0 (compatible; MSIE 6.0; Windows NT 5.1; SV1)"
218.104.148.195 - - [06/May/2014:01:30:27 +0200] "POST /forum_attac.php3?id_article=710&retour=cikk HTTP/1.0" 404 280 "http://attac.zpok.hu/forum_attac.php3?id_article=710&retour=cikk" "Mozilla/4.0 (compatible; MSIE 6.0; Windows NT 5.1; SV1)"
119.31.123.207 - - [06/May/2014:01:31:39 +0200] "POST /forum_attac.php3?id_article=710&retour=cikk HTTP/1.1" 404 292 "http://attac.zpok.hu/forum_attac.php3?id_article=710&retour=cikk" "Mozilla/4.0 (compatible; MSIE 6.0; Windows NT 5.1; SV1)"
119.188.46.42 - - [06/May/2014:01:31:41 +0200] "POST /forum_attac.php3?id_article=710&retour=cikk HTTP/1.0" 404 280 "http://attac.zpok.hu/forum_attac.php3?id_article=710&retour=cikk" "Mozilla/4.0 (compatible; MSIE 6.0; Windows NT 5.1; SV1)"
37.239.46.26 - - [06/May/2014:01:31:42 +0200] "POST /forum_attac.php3?id_article=710&retour=cikk HTTP/1.1" 404 292 "http://attac.zpok.hu/forum_attac.php3?id_article=710&retour=cikk" "Mozilla/4.0 (compatible; MSIE 6.0; Windows NT 5.1; SV1)"
195.56.55.225 - - [06/May/2014:01:32:22 +0200] "GET /test.html HTTP/1.1" 200 56 "-" "monit/4.6"
123.125.19.44 - - [06/May/2014:01:34:11 +0200] "POST /forum_attac.php3?id_article=710&retour=cikk HTTP/1.1" 404 292 "http://attac.zpok.hu/forum_attac.php3?id_article=710&retour=cikk" "Mozilla/4.0 (compatible; MSIE 6.0; Windows NT 5.1; SV1)"
195.56.55.225 - - [06/May/2014:01:34:25 +0200] "GET /test.html HTTP/1.1" 200 56 "-" "monit/4.6"
212.154.154.220 - - [06/May/2014:01:35:15 +0200] "POST /forum_attac.php3?id_article=710&retour=cikk HTTP/1.1" 404 292 "http://attac.zpok.hu/forum_attac.php3?id_article=710&retour=cikk" "Mozilla/4.0 (compatible; MSIE 6.0; Windows NT 5.1; SV1)"
195.56.55.225 - - [06/May/2014:01:36:28 +0200] "GET /test.html HTTP/1.1" 200 56 "-" "monit/4.6"
195.56.55.225 - - [06/May/2014:01:38:30 +0200] "GET /test.html HTTP/1.1" 200 56 "-" "monit/4.6"
195.56.55.225 - - [06/May/2014:01:40:33 +0200] "GET /test.html HTTP/1.1" 200 56 "-" "monit/4.6"
157.55.35.91 - - [06/May/2014:01:40:39 +0200] "GET /robots.txt HTTP/1.1" 404 286 "-" "Mozilla/5.0 (compatible; bingbot/2.0; +http://www.bing.com/bingbot.htm)"
157.55.35.91 - - [06/May/2014:01:40:42 +0200] "GET /cikk.php3?id_article=779 HTTP/1.1" 404 285 "-" "Mozilla/5.0 (compatible; bingbot/2.0; +http://www.bing.com/bingbot.htm)"
116.213.211.139 - - [06/May/2014:01:41:41 +0200] "POST /forum_attac.php3?id_article=710&retour=cikk HTTP/1.0" 404 280 "http://attac.zpok.hu/forum_attac.php3?id_article=710&retour=cikk" "Mozilla/4.0 (compatible; MSIE 6.0; Windows NT 5.1; SV1)"
195.56.55.225 - - [06/May/2014:01:42:36 +0200] "GET /test.html HTTP/1.1" 200 56 "-" "monit/4.6"
193.105.210.226 - - [06/May/2014:01:44:02 +0200] "-" 408 - "-" "-"
195.56.55.225 - - [06/May/2014:01:44:40 +0200] "GET /test.html HTTP/1.1" 200 56 "-" "monit/4.6"
46.105.105.227 - - [06/May/2014:01:45:29 +0200] "-" 408 - "-" "-"
46.105.105.227 - - [06/May/2014:01:45:29 +0200] "-" 408 - "-" "-"
91.232.96.36 - - [06/May/2014:01:45:52 +0200] "GET /forum_attac.php3?id_article=983&retour=cikk.php3%3Fid_article%3D983 HTTP/1.1" 404 292 "-" "Mozilla/4.0 (compatible; MSIE 6.0; Windows NT 5.1; SV1)"
195.56.55.225 - - [06/May/2014:01:46:43 +0200] "GET /test.html HTTP/1.1" 200 56 "-" "monit/4.6"
84.85.74.170 - - [06/May/2014:01:47:48 +0200] "GET /englishsite/index.shtml?conds[0][category........]=Egyes\xfcleti h\xedrek&iview=58&slice_id=777ad89538966d33b9d5fb7d0e49b91c&NmbFullBoxes=1&mlx=EN-ONLY HTTP/1.1" 400 365 "-" "-"
84.85.74.170 - - [06/May/2014:01:47:49 +0200] "GET /brandnewsite/index.shtml?conds[0][category........]=(fb OR elnokseg OR te)&iview=50&slice_id=35d4beaf32a03c618d6739d2ab3739ee&NmbFullBoxes=1000&sort[0][integer.........]=a HTTP/1.1" 400 365 "-" "-"
84.85.74.170 - - [06/May/2014:01:47:49 +0200] "GET /index.shtml?conds[0][category........]=(fb OR elnokseg OR te)&iview=50&slice_id=35d4beaf32a03c618d6739d2ab3739ee&NmbFullBoxes=1000&sort[0][integer.........]=a HTTP/1.1" 400 365 "-" "-"
84.85.74.170 - - [06/May/2014:01:47:52 +0200] "GET /brandnewsite/index.shtml?conds[0][category........]=EMLA 15&iview=92&slice_id=777ad89538966d33b9d5fb7d0e49b91c&NmbFullBoxes=1 HTTP/1.1" 400 365 "-" "-"
84.85.74.170 - - [06/May/2014:01:47:52 +0200] "GET /englishsite/index.shtml?conds[0][category.......1]=(fb OR elnokseg OR te)&iview=79&slice_id=35d4beaf32a03c618d6739d2ab3739ee&NmbFullBoxes=1000&sort[0][integer.........]=a&mlx=EN-ONLY HTTP/1.1" 400 365 "-" "-"
84.85.74.170 - - [06/May/2014:01:47:52 +0200] "GET /brandnewsite/index.shtml?conds[0][category........]=Egyes\xfcleti h\xedrek&iview=58&slice_id=777ad89538966d33b9d5fb7d0e49b91c&NmbFullBoxes=1 HTTP/1.1" 400 365 "-" "-"
84.85.74.170 - - [06/May/2014:01:47:53 +0200] "GET /index.shtml?conds[0][category........]=EMLA 15&iview=92&slice_id=777ad89538966d33b9d5fb7d0e49b91c&NmbFullBoxes=1 HTTP/1.1" 400 365 "-" "-"
84.85.74.170 - - [06/May/2014:01:47:56 +0200] "GET /index.shtml?conds[0][category........]=Egyes\xfcleti h\xedrek&iview=58&slice_id=777ad89538966d33b9d5fb7d0e49b91c&NmbFullBoxes=1 HTTP/1.1" 400 365 "-" "-"
195.56.55.225 - - [06/May/2014:01:48:46 +0200] "GET /test.html HTTP/1.1" 200 56 "-" "monit/4.6"
195.56.55.225 - - [06/May/2014:01:50:49 +0200] "GET /test.html HTTP/1.1" 200 56 "-" "monit/4.6"
195.56.55.225 - - [06/May/2014:01:52:51 +0200] "GET /test.html HTTP/1.1" 200 56 "-" "monit/4.6"
37.239.46.26 - - [06/May/2014:01:54:41 +0200] "POST /forum_attac.php3?id_article=710&retour=cikk HTTP/1.1" 404 292 "http://attac.zpok.hu/forum_attac.php3?id_article=710&retour=cikk" "Mozilla/4.0 (compatible; MSIE 6.0; Windows NT 5.1; SV1)"
118.97.95.185 - - [06/May/2014:01:54:42 +0200] "POST /forum_attac.php3?id_article=710&retour=cikk HTTP/1.0" 404 280 "http://attac.zpok.hu/forum_attac.php3?id_article=710&retour=cikk" "Mozilla/4.0 (compatible; MSIE 6.0; Windows NT 5.1; SV1)"
212.154.154.220 - - [06/May/2014:01:54:43 +0200] "POST /forum_attac.php3?id_article=710&retour=cikk HTTP/1.1" 404 292 "http://attac.zpok.hu/forum_attac.php3?id_article=710&retour=cikk" "Mozilla/4.0 (compatible; MSIE 6.0; Windows NT 5.1; SV1)"
195.56.55.225 - - [06/May/2014:01:54:53 +0200] "GET /test.html HTTP/1.1" 200 56 "-" "monit/4.6"
195.56.55.225 - - [06/May/2014:01:56:56 +0200] "GET /test.html HTTP/1.1" 200 56 "-" "monit/4.6"
37.239.46.42 - - [06/May/2014:01:58:08 +0200] "POST /forum_attac.php3?id_article=710&retour=cikk HTTP/1.1" 404 292 "http://attac.zpok.hu/forum_attac.php3?id_article=710&retour=cikk" "Mozilla/4.0 (compatible; MSIE 6.0; Windows NT 5.1; SV1)"
195.56.55.225 - - [06/May/2014:01:58:59 +0200] "GET /test.html HTTP/1.1" 200 56 "-" "monit/4.6"
116.255.202.72 - - [06/May/2014:01:59:09 +0200] "POST /forum_attac.php3?id_article=710&retour=cikk HTTP/1.0" 404 280 "http://attac.zpok.hu/forum_attac.php3?id_article=710&retour=cikk" "Mozilla/4.0 (compatible; MSIE 6.0; Windows NT 5.1; SV1)"
118.97.95.185 - - [06/May/2014:01:59:10 +0200] "POST /forum_attac.php3?id_article=710&retour=cikk HTTP/1.0" 404 280 "http://attac.zpok.hu/forum_attac.php3?id_article=710&retour=cikk" "Mozilla/4.0 (compatible; MSIE 6.0; Windows NT 5.1; SV1)"
208.115.111.74 - - [06/May/2014:01:59:30 +0200] "GET /tevekenysegunk/jeles_napok HTTP/1.1" 404 306 "-" "Mozilla/5.0 (compatible; DotBot/1.1; http://www.opensiteexplorer.org/dotbot, help@moz.com)"
195.56.55.225 - - [06/May/2014:02:01:02 +0200] "GET /test.html HTTP/1.1" 200 56 "-" "monit/4.6"
91.232.96.36 - - [06/May/2014:02:02:04 +0200] "GET /forum_attac.php3?id_article=983&retour=cikk.php3%3Fid_article%3D983 HTTP/1.1" 404 292 "-" "Mozilla/4.0 (compatible; MSIE 6.0; Windows NT 5.1; SV1)"
195.56.55.225 - - [06/May/2014:02:03:05 +0200] "GET /test.html HTTP/1.1" 200 56 "-" "monit/4.6"
37.239.46.2 - - [06/May/2014:02:04:13 +0200] "POST /forum_attac.php3?id_article=710&retour=cikk HTTP/1.1" 404 292 "http://attac.zpok.hu/forum_attac.php3?id_article=710&retour=cikk" "Mozilla/4.0 (compatible; MSIE 6.0; Windows NT 5.1; SV1)"
118.97.95.182 - - [06/May/2014:02:04:14 +0200] "POST /forum_attac.php3?id_article=710&retour=cikk HTTP/1.0" 404 280 "http://attac.zpok.hu/forum_attac.php3?id_article=710&retour=cikk" "Mozilla/4.0 (compatible; MSIE 6.0; Windows NT 5.1; SV1)"
212.154.154.220 - - [06/May/2014:02:04:14 +0200] "POST /forum_attac.php3?id_article=710&retour=cikk HTTP/1.1" 404 292 "http://attac.zpok.hu/forum_attac.php3?id_article=710&retour=cikk" "Mozilla/4.0 (compatible; MSIE 6.0; Windows NT 5.1; SV1)"
38.111.147.84 - - [06/May/2014:02:04:44 +0200] "-" 408 - "-" "-"
195.56.55.225 - - [06/May/2014:02:05:08 +0200] "GET /test.html HTTP/1.1" 200 56 "-" "monit/4.6"
195.56.55.225 - - [06/May/2014:02:07:10 +0200] "GET /test.html HTTP/1.1" 200 56 "-" "monit/4.6"
195.56.55.225 - - [06/May/2014:02:09:13 +0200] "GET /test.html HTTP/1.1" 200 56 "-" "monit/4.6"
37.236.167.250 - - [06/May/2014:02:10:08 +0200] "POST /forum_attac.php3?id_article=710&retour=cikk HTTP/1.1" 404 292 "http://attac.zpok.hu/forum_attac.php3?id_article=710&retour=cikk" "Mozilla/4.0 (compatible; MSIE 6.0; Windows NT 5.1; SV1)"
149.255.255.242 - - [06/May/2014:02:10:09 +0200] "POST /forum_attac.php3?id_article=710&retour=cikk HTTP/1.1" 404 292 "http://attac.zpok.hu/forum_attac.php3?id_article=710&retour=cikk" "Mozilla/4.0 (compatible; MSIE 6.0; Windows NT 5.1; SV1)"
118.97.95.185 - - [06/May/2014:02:10:10 +0200] "POST /forum_attac.php3?id_article=710&retour=cikk HTTP/1.0" 404 280 "http://attac.zpok.hu/forum_attac.php3?id_article=710&retour=cikk" "Mozilla/4.0 (compatible; MSIE 6.0; Windows NT 5.1; SV1)"
183.60.243.190 - - [06/May/2014:02:11:04 +0200] "GET / HTTP/1.1" 200 1155 "http://www.baidu.com" "Mozilla/5.0 (Windows NT 6.1; WOW64; rv:18.0) Gecko/20100101 Firefox/18.0"
183.60.243.190 - - [06/May/2014:02:11:05 +0200] "GET / HTTP/1.1" 200 1155 "http://www.baidu.com" "Mozilla/5.0 (Windows NT 6.1; WOW64; rv:18.0) Gecko/20100101 Firefox/18.0"
183.60.243.190 - - [06/May/2014:02:11:06 +0200] "HEAD / HTTP/1.1" 200 0 "-" "Mozilla/5.0 (Windows; U; Windows NT 5.0; en-US; rv:0.9.2) Gecko/20020508 Netscape6/6.1"
183.60.243.190 - - [06/May/2014:02:11:06 +0200] "GET /robots.txt HTTP/1.1" 404 286 "http://www.baidu.com" "Mozilla/5.0 (Windows NT 6.1; WOW64; rv:18.0) Gecko/20100101 Firefox/18.0"
183.60.243.190 - - [06/May/2014:02:11:06 +0200] "GET /static/js/common.js HTTP/1.1" 404 295 "http://www.baidu.com" "Mozilla/5.0 (Windows NT 6.1; WOW64; rv:18.0) Gecko/20100101 Firefox/18.0"
183.60.243.190 - - [06/May/2014:02:11:06 +0200] "GET /Providers/HtmlEditorProviders/Fck/fcklinkgallery.aspx HTTP/1.1" 404 329 "http://www.baidu.com" "Mozilla/5.0 (Windows NT 6.1; WOW64; rv:18.0) Gecko/20100101 Firefox/18.0"
183.60.243.190 - - [06/May/2014:02:11:06 +0200] "GET /do/reg.php HTTP/1.1" 404 286 "http://www.baidu.com" "Mozilla/5.0 (Windows NT 6.1; WOW64; rv:18.0) Gecko/20100101 Firefox/18.0"
183.60.243.190 - - [06/May/2014:02:11:06 +0200] "GET /ask HTTP/1.1" 404 279 "http://www.baidu.com" "Mozilla/5.0 (Windows NT 6.1; WOW64; rv:18.0) Gecko/20100101 Firefox/18.0"
183.60.243.190 - - [06/May/2014:02:11:06 +0200] "GET /lionsky_client/WebHtmlEditor/1_7_2006_1020/Theme/Office_Tinge/WebHtmlEditor.css HTTP/1.1" 404 355 "http://www.baidu.com" "Mozilla/5.0 (Windows NT 6.1; WOW64; rv:18.0) Gecko/20100101 Firefox/18.0"
183.60.243.190 - - [06/May/2014:02:11:06 +0200] "GET /admin/help/online_help_1.htm HTTP/1.1" 404 304 "http://www.baidu.com" "Mozilla/5.0 (Windows NT 6.1; WOW64; rv:18.0) Gecko/20100101 Firefox/18.0"
183.60.243.190 - - [06/May/2014:02:11:06 +0200] "GET /robots HTTP/1.1" 404 282 "http://www.baidu.com" "Mozilla/5.0 (Windows NT 6.1; WOW64; rv:18.0) Gecko/20100101 Firefox/18.0"
183.60.243.190 - - [06/May/2014:02:11:06 +0200] "GET /wp-content/themes/twentyten/style.css HTTP/1.1" 404 313 "http://www.baidu.com" "Mozilla/5.0 (Windows NT 6.1; WOW64; rv:18.0) Gecko/20100101 Firefox/18.0"
183.60.243.190 - - [06/May/2014:02:11:06 +0200] "GET /statics/js/ckeditor/plugins/capture/plugin.js HTTP/1.1" 404 321 "http://www.baidu.com" "Mozilla/5.0 (Windows NT 6.1; WOW64; rv:18.0) Gecko/20100101 Firefox/18.0"
183.60.243.190 - - [06/May/2014:02:11:07 +0200] "GET /digg.php HTTP/1.1" 404 284 "http://www.baidu.com" "Mozilla/5.0 (Windows NT 6.1; WOW64; rv:18.0) Gecko/20100101 Firefox/18.0"
183.60.243.190 - - [06/May/2014:02:11:07 +0200] "GET /licence.txt HTTP/1.1" 404 287 "http://www.baidu.com" "Mozilla/5.0 (Windows NT 6.1; WOW64; rv:18.0) Gecko/20100101 Firefox/18.0"
