200.196.45.7 - - [02/Jan/2021:01:20:37 +0100] "GET / HTTP/1.1" 200 1155 "-" "Mozilla/5.0 (Windows NT 10.0; WOW64) AppleWebKit/537.36 (KHTML, like Gecko) Chrome/51.0.2704.103 Safari/537.36"
195.56.55.225 - - [02/Jan/2021:01:20:49 +0100] "GET /test.html HTTP/1.1" 200 56 "-" "monit/4.6"
193.239.147.228 - - [02/Jan/2021:01:21:13 +0100] "GET /config/getuser?index=0 HTTP/1.1" 404 290 "-" "Mozilla/5.0 (X11; Ubuntu; Linux x86_64; rv:76.0) Gecko/20100101 Firefox/76.0"
100.2.164.202 - - [02/Jan/2021:01:22:34 +0100] "GET / HTTP/1.1" 200 1155 "-" "-"
100.2.164.202 - - [02/Jan/2021:01:22:34 +0100] "GET / HTTP/1.1" 200 1155 "-" "-"
195.56.55.225 - - [02/Jan/2021:01:22:54 +0100] "GET /test.html HTTP/1.1" 200 56 "-" "monit/4.6"
195.56.55.225 - - [02/Jan/2021:01:25:06 +0100] "GET /test.html HTTP/1.1" 200 56 "-" "monit/4.6"
195.56.55.225 - - [02/Jan/2021:01:27:09 +0100] "GET /test.html HTTP/1.1" 200 56 "-" "monit/4.6"
114.119.143.55 - - [02/Jan/2021:01:27:34 +0100] "GET /robots.txt HTTP/1.1" 404 283 "-" "(compatible;PetalBot;+https://aspiegel.com/petalbot)"
107.6.168.210 - - [02/Jan/2021:01:28:34 +0100] "GET / HTTP/1.1" 200 1155 "-" "Mozilla/5.0 (Windows NT 10.0; WOW64) AppleWebKit/537.36 (KHTML, like Gecko) Chrome/66.0.3359.117 Safari/537.36"
65.60.11.210 - - [02/Jan/2021:01:29:05 +0100] "GET / HTTP/1.1" 200 1155 "-" "Mozilla/5.0 (Windows NT 10.0; Win64; x64) AppleWebKit/537.36 (KHTML, like Gecko) Chrome/60.0.3112.113 Safari/537.36"
195.56.55.225 - - [02/Jan/2021:01:29:12 +0100] "GET /test.html HTTP/1.1" 200 56 "-" "monit/4.6"
195.56.55.225 - - [02/Jan/2021:01:31:15 +0100] "GET /test.html HTTP/1.1" 200 56 "-" "monit/4.6"
195.56.55.225 - - [02/Jan/2021:01:33:18 +0100] "GET /test.html HTTP/1.1" 200 56 "-" "monit/4.6"
112.216.188.187 - - [02/Jan/2021:01:34:50 +0100] "GET / HTTP/1.1" 200 1155 "-" "python-requests/2.18.4"
195.56.55.225 - - [02/Jan/2021:01:35:21 +0100] "GET /test.html HTTP/1.1" 200 56 "-" "monit/4.6"
54.36.148.243 - - [02/Jan/2021:01:36:42 +0100] "GET /robots.txt HTTP/1.1" 404 288 "-" "Mozilla/5.0 (compatible; AhrefsBot/6.1; +http://ahrefs.com/robot/)"
195.56.55.225 - - [02/Jan/2021:01:37:24 +0100] "GET /test.html HTTP/1.1" 200 56 "-" "monit/4.6"
139.162.145.250 - - [02/Jan/2021:01:39:05 +0100] "GET /bag2 HTTP/1.1" 404 280 "-" "Mozilla/4.0 (compatible; MSIE 8.0; Windows NT 6.0; Trident/4.0)"
195.56.55.225 - - [02/Jan/2021:01:39:28 +0100] "GET /test.html HTTP/1.1" 200 56 "-" "monit/4.6"
13.232.96.15 - - [02/Jan/2021:01:41:04 +0100] "GET /wp-login.php HTTP/1.1" 404 288 "-" "Mozilla/5.0 (Macintosh; Intel Mac OS X 10_9_0) AppleWebKit/537.36 (KHTML, like Gecko) Chrome/32.0.1664.3 Safari/537.36"
195.56.55.225 - - [02/Jan/2021:01:41:31 +0100] "GET /test.html HTTP/1.1" 200 56 "-" "monit/4.6"
157.245.129.23 - - [02/Jan/2021:01:42:36 +0100] "GET / HTTP/1.1" 200 1155 "-" "Mozilla/5.0 (Windows NT 10.0; Win64; x64) AppleWebKit/537.36 (KHTML, like Gecko) Chrome/83.0.4103.61 Safari/537.36"
157.245.129.23 - - [02/Jan/2021:01:42:37 +0100] "GET /favicon.ico HTTP/1.1" 404 287 "-" "Mozilla/5.0 (Windows NT 10.0; Win64; x64) AppleWebKit/537.36 (KHTML, like Gecko) Chrome/83.0.4103.61 Safari/537.36"
107.6.171.186 - - [02/Jan/2021:01:43:29 +0100] "GET / HTTP/1.1" 200 1155 "-" "Mozilla/5.0 (Windows NT 10.0; WOW64) AppleWebKit/537.36 (KHTML, like Gecko) Chrome/66.0.3359.117 Safari/537.36"
195.56.55.225 - - [02/Jan/2021:01:43:34 +0100] "GET /test.html HTTP/1.1" 200 56 "-" "monit/4.6"
129.226.189.243 - - [02/Jan/2021:01:43:41 +0100] "GET /maxigas/pick/painting/sime.jpg HTTP/1.1" 404 303 "-" "Python-urllib/3.8"
66.249.70.112 - - [02/Jan/2021:01:44:27 +0100] "GET /robots.txt HTTP/1.1" 404 283 "-" "Mozilla/5.0 (compatible; Googlebot/2.1; +http://www.google.com/bot.html)"
66.249.70.112 - - [02/Jan/2021:01:44:28 +0100] "GET /maxigas/pygnotes/fodor05osz_szinhaz1.rtf HTTP/1.1" 404 313 "-" "Mozilla/5.0 (Linux; Android 6.0.1; Nexus 5X Build/MMB29P) AppleWebKit/537.36 (KHTML, like Gecko) Chrome/87.0.4280.90 Mobile Safari/537.36 (compatible; Googlebot/2.1; +http://www.google.com/bot.html)"
195.56.55.225 - - [02/Jan/2021:01:45:37 +0100] "GET /test.html HTTP/1.1" 200 56 "-" "monit/4.6"
190.37.99.95 - - [02/Jan/2021:01:46:52 +0100] "GET / HTTP/1.1" 200 1155 "-" "Mozilla/5.0 (Windows NT 10.0; WOW64) AppleWebKit/537.36 (KHTML, like Gecko) Chrome/52.0.2743.116 Safari/537.36"
66.102.8.119 - - [02/Jan/2021:01:46:58 +0100] "GET / HTTP/1.1" 304 - "-" "FeedFetcher-Google; (+http://www.google.com/feedfetcher.html)"
95.107.160.19 - - [02/Jan/2021:01:47:13 +0100] "GET / HTTP/1.1" 200 1155 "-" "Mozilla/5.0 (Macintosh; Intel Mac OS X 10_11_6) AppleWebKit/601.7.7 (KHTML, like Gecko) Version/9.1.2 Safari/601.7.7"
195.56.55.225 - - [02/Jan/2021:01:47:40 +0100] "GET /test.html HTTP/1.1" 200 56 "-" "monit/4.6"
195.56.55.225 - - [02/Jan/2021:01:49:43 +0100] "GET /test.html HTTP/1.1" 200 56 "-" "monit/4.6"
195.56.55.225 - - [02/Jan/2021:01:51:46 +0100] "GET /test.html HTTP/1.1" 200 56 "-" "monit/4.6"
195.56.55.225 - - [02/Jan/2021:01:53:49 +0100] "GET /test.html HTTP/1.1" 200 56 "-" "monit/4.6"
66.249.64.89 - - [02/Jan/2021:01:54:17 +0100] "GET /robots.txt HTTP/1.1" 404 302 "-" "Mozilla/5.0 (compatible; Googlebot/2.1; +http://www.google.com/bot.html)"
66.249.64.89 - - [02/Jan/2021:01:54:17 +0100] "GET /event/2017/11/08/week/all/all/1 HTTP/1.1" 404 323 "-" "Mozilla/5.0 (Linux; Android 6.0.1; Nexus 5X Build/MMB29P) AppleWebKit/537.36 (KHTML, like Gecko) Chrome/87.0.4280.90 Mobile Safari/537.36 (compatible; Googlebot/2.1; +http://www.google.com/bot.html)"
66.249.64.84 - - [02/Jan/2021:01:54:19 +0100] "GET /filmtext/2004-2005/Osz/Egyetemes3/Schrader-Bresson.pdf HTTP/1.1" 404 331 "-" "Mozilla/5.0 (Linux; Android 6.0.1; Nexus 5X Build/MMB29P) AppleWebKit/537.36 (KHTML, like Gecko) Chrome/87.0.4280.90 Mobile Safari/537.36 (compatible; Googlebot/2.1; +http://www.google.com/bot.html)"
195.56.55.225 - - [02/Jan/2021:01:55:52 +0100] "GET /test.html HTTP/1.1" 200 56 "-" "monit/4.6"
157.55.39.37 - - [02/Jan/2021:01:56:38 +0100] "GET /robots.txt HTTP/1.1" 404 283 "-" "Mozilla/5.0 (compatible; bingbot/2.0; +http://www.bing.com/bingbot.htm)"
207.46.13.9 - - [02/Jan/2021:01:56:40 +0100] "GET /robots.txt HTTP/1.1" 404 283 "-" "Mozilla/5.0 (compatible; bingbot/2.0; +http://www.bing.com/bingbot.htm)"
209.17.96.10 - - [02/Jan/2021:01:57:55 +0100] "GET / HTTP/1.1" 200 1155 "-" "Mozilla/5.0 (compatible; Nimbostratus-Bot/v1.3.2; http://cloudsystemnetworks.com)"
195.56.55.225 - - [02/Jan/2021:01:57:55 +0100] "GET /test.html HTTP/1.1" 200 56 "-" "monit/4.6"
158.69.182.98 - - [02/Jan/2021:01:58:05 +0100] "GET / HTTP/1.1" 200 1155 "-" "Java/1.6.0_04"
195.56.55.225 - - [02/Jan/2021:01:59:59 +0100] "GET /test.html HTTP/1.1" 200 56 "-" "monit/4.6"
195.56.55.225 - - [02/Jan/2021:02:02:02 +0100] "GET /test.html HTTP/1.1" 200 56 "-" "monit/4.6"
195.56.55.225 - - [02/Jan/2021:02:04:05 +0100] "GET /test.html HTTP/1.1" 200 56 "-" "monit/4.6"
66.249.64.87 - - [02/Jan/2021:02:04:06 +0100] "GET /event/2019/08/02/week/all/all/1 HTTP/1.1" 404 323 "-" "Mozilla/5.0 (Linux; Android 6.0.1; Nexus 5X Build/MMB29P) AppleWebKit/537.36 (KHTML, like Gecko) Chrome/87.0.4280.90 Mobile Safari/537.36 (compatible; Googlebot/2.1; +http://www.google.com/bot.html)"
195.56.55.225 - - [02/Jan/2021:02:06:08 +0100] "GET /test.html HTTP/1.1" 200 56 "-" "monit/4.6"
66.249.64.88 - - [02/Jan/2021:02:06:56 +0100] "GET /event/2017/06/07/day/all/all HTTP/1.1" 404 320 "-" "Mozilla/5.0 (Linux; Android 6.0.1; Nexus 5X Build/MMB29P) AppleWebKit/537.36 (KHTML, like Gecko) Chrome/87.0.4280.90 Mobile Safari/537.36 (compatible; Googlebot/2.1; +http://www.google.com/bot.html)"
195.56.55.225 - - [02/Jan/2021:02:08:13 +0100] "GET /test.html HTTP/1.1" 200 56 "-" "monit/4.6"
195.56.55.225 - - [02/Jan/2021:02:10:16 +0100] "GET /test.html HTTP/1.1" 200 56 "-" "monit/4.6"
195.56.55.225 - - [02/Jan/2021:02:12:19 +0100] "GET /test.html HTTP/1.1" 200 56 "-" "monit/4.6"
66.249.70.112 - - [02/Jan/2021:02:14:19 +0100] "GET /robots.txt HTTP/1.1" 404 295 "-" "Mozilla/5.0 (compatible; Googlebot/2.1; +http://www.google.com/bot.html)"
66.249.64.62 - - [02/Jan/2021:02:14:19 +0100] "GET /robots.txt HTTP/1.1" 404 298 "-" "Mozilla/5.0 (compatible; Googlebot/2.1; +http://www.google.com/bot.html)"
66.249.70.110 - - [02/Jan/2021:02:14:19 +0100] "GET /polgarhaboru.htm HTTP/1.1" 404 301 "-" "Mozilla/5.0 (Linux; Android 6.0.1; Nexus 5X Build/MMB29P) AppleWebKit/537.36 (KHTML, like Gecko) Chrome/87.0.4280.90 Mobile Safari/537.36 (compatible; Googlebot/2.1; +http://www.google.com/bot.html)"
66.249.64.60 - - [02/Jan/2021:02:14:20 +0100] "GET /event/2018/11/18/day/all/all HTTP/1.1" 404 316 "-" "Mozilla/5.0 (Linux; Android 6.0.1; Nexus 5X Build/MMB29P) AppleWebKit/537.36 (KHTML, like Gecko) Chrome/87.0.4280.90 Mobile Safari/537.36 (compatible; Googlebot/2.1; +http://www.google.com/bot.html)"
195.56.55.225 - - [02/Jan/2021:02:14:22 +0100] "GET /test.html HTTP/1.1" 200 56 "-" "monit/4.6"
13.48.53.51 - - [02/Jan/2021:02:14:30 +0100] "GET /wp-login.php HTTP/1.1" 404 289 "-" "Mozilla/5.0 (Windows NT 6.2) AppleWebKit/537.36 (KHTML, like Gecko) Chrome/28.0.1467.0 Safari/537.36"
195.56.55.225 - - [02/Jan/2021:02:16:25 +0100] "GET /test.html HTTP/1.1" 200 56 "-" "monit/4.6"
209.17.97.98 - - [02/Jan/2021:02:17:15 +0100] "GET / HTTP/1.1" 200 1155 "-" "Mozilla/5.0 (compatible; Nimbostratus-Bot/v1.3.2; http://cloudsystemnetworks.com)"
195.56.55.225 - - [02/Jan/2021:02:18:29 +0100] "GET /test.html HTTP/1.1" 200 56 "-" "monit/4.6"
195.56.55.225 - - [02/Jan/2021:02:20:32 +0100] "GET /test.html HTTP/1.1" 200 56 "-" "monit/4.6"
195.56.55.225 - - [02/Jan/2021:02:22:35 +0100] "GET /test.html HTTP/1.1" 200 56 "-" "monit/4.6"
66.249.64.89 - - [02/Jan/2021:02:24:16 +0100] "GET /event/2019/04/01/week/all/all HTTP/1.1" 404 321 "-" "Mozilla/5.0 (Linux; Android 6.0.1; Nexus 5X Build/MMB29P) AppleWebKit/537.36 (KHTML, like Gecko) Chrome/87.0.4280.90 Mobile Safari/537.36 (compatible; Googlebot/2.1; +http://www.google.com/bot.html)"
66.249.64.60 - - [02/Jan/2021:02:24:18 +0100] "GET /event/2017/07/04/month/all/all HTTP/1.1" 404 318 "-" "Mozilla/5.0 (Linux; Android 6.0.1; Nexus 5X Build/MMB29P) AppleWebKit/537.36 (KHTML, like Gecko) Chrome/87.0.4280.90 Mobile Safari/537.36 (compatible; Googlebot/2.1; +http://www.google.com/bot.html)"
52.64.20.252 - - [02/Jan/2021:02:24:20 +0100] "GET /wp-login.php HTTP/1.1" 404 289 "-" "Mozilla/5.0 (Windows NT 5.1) AppleWebKit/537.36 (KHTML, like Gecko) Chrome/35.0.2117.157 Safari/537.36"
195.56.55.225 - - [02/Jan/2021:02:24:41 +0100] "GET /test.html HTTP/1.1" 200 56 "-" "monit/4.6"
195.56.55.225 - - [02/Jan/2021:02:26:46 +0100] "GET /test.html HTTP/1.1" 200 56 "-" "monit/4.6"
98.109.124.114 - - [02/Jan/2021:02:27:28 +0100] "-" 408 - "-" "-"
195.56.55.225 - - [02/Jan/2021:02:28:49 +0100] "GET /test.html HTTP/1.1" 200 56 "-" "monit/4.6"
195.56.55.225 - - [02/Jan/2021:02:30:52 +0100] "GET /test.html HTTP/1.1" 200 56 "-" "monit/4.6"
195.56.55.225 - - [02/Jan/2021:02:32:55 +0100] "GET /test.html HTTP/1.1" 200 56 "-" "monit/4.6"
66.249.64.62 - - [02/Jan/2021:02:34:27 +0100] "GET /event/2010/10/21/day/all/all HTTP/1.1" 404 316 "-" "Mozilla/5.0 (Linux; Android 6.0.1; Nexus 5X Build/MMB29P) AppleWebKit/537.36 (KHTML, like Gecko) Chrome/87.0.4280.90 Mobile Safari/537.36 (compatible; Googlebot/2.1; +http://www.google.com/bot.html)"
66.249.64.87 - - [02/Jan/2021:02:34:28 +0100] "GET /event/2019/06/04/table/all/all HTTP/1.1" 404 322 "-" "Mozilla/5.0 (Linux; Android 6.0.1; Nexus 5X Build/MMB29P) AppleWebKit/537.36 (KHTML, like Gecko) Chrome/87.0.4280.90 Mobile Safari/537.36 (compatible; Googlebot/2.1; +http://www.google.com/bot.html)"
13.53.64.97 - - [02/Jan/2021:02:34:28 +0100] "GET /wp-login.php HTTP/1.1" 404 289 "-" "Mozilla/5.0 (X11; Linux x86_64) AppleWebKit/537.36 (KHTML, like Gecko) Chrome/41.0.2227.0 Safari/537.36"
195.56.55.225 - - [02/Jan/2021:02:34:58 +0100] "GET /test.html HTTP/1.1" 200 56 "-" "monit/4.6"
66.249.64.62 - - [02/Jan/2021:02:36:34 +0100] "GET /event/2009/01/03/day/all/all HTTP/1.1" 404 316 "-" "Mozilla/5.0 (Linux; Android 6.0.1; Nexus 5X Build/MMB29P) AppleWebKit/537.36 (KHTML, like Gecko) Chrome/87.0.4280.90 Mobile Safari/537.36 (compatible; Googlebot/2.1; +http://www.google.com/bot.html)"
195.56.55.225 - - [02/Jan/2021:02:37:01 +0100] "GET /test.html HTTP/1.1" 200 56 "-" "monit/4.6"
195.56.55.225 - - [02/Jan/2021:02:39:04 +0100] "GET /test.html HTTP/1.1" 200 56 "-" "monit/4.6"
195.56.55.225 - - [02/Jan/2021:02:41:07 +0100] "GET /test.html HTTP/1.1" 200 56 "-" "monit/4.6"
195.56.55.225 - - [02/Jan/2021:02:43:10 +0100] "GET /test.html HTTP/1.1" 200 56 "-" "monit/4.6"
78.191.82.198 - - [02/Jan/2021:02:44:05 +0100] "GET / HTTP/1.1" 200 1155 "-" "Mozilla/5.0 (Macintosh; Intel Mac OS X 10_11_6) AppleWebKit/601.7.7 (KHTML, like Gecko) Version/9.1.2 Safari/601.7.7"
66.249.64.89 - - [02/Jan/2021:02:44:37 +0100] "GET /event/2008/08/16/week/all/all HTTP/1.1" 404 321 "-" "Mozilla/5.0 (Linux; Android 6.0.1; Nexus 5X Build/MMB29P) AppleWebKit/537.36 (KHTML, like Gecko) Chrome/87.0.4280.90 Mobile Safari/537.36 (compatible; Googlebot/2.1; +http://www.google.com/bot.html)"
66.249.64.33 - - [02/Jan/2021:02:44:38 +0100] "GET /event/2008/10/21/day/all/all HTTP/1.1" 404 316 "-" "Mozilla/5.0 (Linux; Android 6.0.1; Nexus 5X Build/MMB29P) AppleWebKit/537.36 (KHTML, like Gecko) Chrome/87.0.4280.90 Mobile Safari/537.36 (compatible; Googlebot/2.1; +http://www.google.com/bot.html)"
195.56.55.225 - - [02/Jan/2021:02:45:14 +0100] "GET /test.html HTTP/1.1" 200 56 "-" "monit/4.6"
195.56.55.225 - - [02/Jan/2021:02:47:17 +0100] "GET /test.html HTTP/1.1" 200 56 "-" "monit/4.6"
195.56.55.225 - - [02/Jan/2021:02:49:20 +0100] "GET /test.html HTTP/1.1" 200 56 "-" "monit/4.6"
172.105.89.161 - - [02/Jan/2021:02:50:32 +0100] "GET /0bef HTTP/1.0" 404 264 "-" "-"
172.105.89.161 - - [02/Jan/2021:02:50:41 +0100] "GET /0bef HTTP/1.0" 404 264 "-" "-"
195.56.55.225 - - [02/Jan/2021:02:51:23 +0100] "GET /test.html HTTP/1.1" 200 56 "-" "monit/4.6"
218.210.36.142 - - [02/Jan/2021:02:52:00 +0100] "GET / HTTP/1.1" 200 1155 "-" "Mozilla/5.0"
195.56.55.225 - - [02/Jan/2021:02:53:26 +0100] "GET /test.html HTTP/1.1" 200 56 "-" "monit/4.6"
66.249.64.62 - - [02/Jan/2021:02:54:32 +0100] "GET /event/2017/07/04/day/all/all HTTP/1.1" 404 316 "-" "Mozilla/5.0 (Linux; Android 6.0.1; Nexus 5X Build/MMB29P) AppleWebKit/537.36 (KHTML, like Gecko) Chrome/87.0.4280.90 Mobile Safari/537.36 (compatible; Googlebot/2.1; +http://www.google.com/bot.html)"
195.56.55.225 - - [02/Jan/2021:02:55:29 +0100] "GET /test.html HTTP/1.1" 200 56 "-" "monit/4.6"
195.56.55.225 - - [02/Jan/2021:02:57:32 +0100] "GET /test.html HTTP/1.1" 200 56 "-" "monit/4.6"
13.53.208.18 - - [02/Jan/2021:02:58:25 +0100] "GET /wp-login.php HTTP/1.1" 404 289 "-" "Mozilla/5.0 (Windows NT 6.1; WOW64) AppleWebKit/537.36 (KHTML, like Gecko) Chrome/41.0.2227.0 Safari/537.36"
195.56.55.225 - - [02/Jan/2021:02:59:35 +0100] "GET /test.html HTTP/1.1" 200 56 "-" "monit/4.6"
52.52.190.187 - - [02/Jan/2021:03:01:29 +0100] "GET /wp-login.php HTTP/1.1" 404 288 "-" "Mozilla/5.0 (Windows NT 6.1; WOW64) AppleWebKit/537.36 (KHTML, like Gecko) Chrome/29.0.1547.62 Safari/537.36"
195.56.55.225 - - [02/Jan/2021:03:01:39 +0100] "GET /test.html HTTP/1.1" 200 56 "-" "monit/4.6"
195.56.55.225 - - [02/Jan/2021:03:03:42 +0100] "GET /test.html HTTP/1.1" 200 56 "-" "monit/4.6"
66.249.64.33 - - [02/Jan/2021:03:04:50 +0100] "GET /event/2009/04/10/day/all/all HTTP/1.1" 404 316 "-" "Mozilla/5.0 (Linux; Android 6.0.1; Nexus 5X Build/MMB29P) AppleWebKit/537.36 (KHTML, like Gecko) Chrome/87.0.4280.90 Mobile Safari/537.36 (compatible; Googlebot/2.1; +http://www.google.com/bot.html)"
66.249.64.62 - - [02/Jan/2021:03:04:56 +0100] "GET /event/2008/09/18/table/all/all HTTP/1.1" 404 318 "-" "Mozilla/5.0 (Linux; Android 6.0.1; Nexus 5X Build/MMB29P) AppleWebKit/537.36 (KHTML, like Gecko) Chrome/87.0.4280.90 Mobile Safari/537.36 (compatible; Googlebot/2.1; +http://www.google.com/bot.html)"
195.56.55.225 - - [02/Jan/2021:03:05:47 +0100] "GET /test.html HTTP/1.1" 200 56 "-" "monit/4.6"
108.163.220.2 - - [02/Jan/2021:03:05:58 +0100] "GET / HTTP/1.1" 200 1155 "-" "Mozilla/5.0 (Windows NT 10.0; WOW64) AppleWebKit/537.36 (KHTML, like Gecko) Chrome/66.0.3359.117 Safari/537.36"
66.249.64.33 - - [02/Jan/2021:03:07:26 +0100] "GET /event/2009/03/20/day/all/all HTTP/1.1" 404 316 "-" "Mozilla/5.0 (Linux; Android 6.0.1; Nexus 5X Build/MMB29P) AppleWebKit/537.36 (KHTML, like Gecko) Chrome/87.0.4280.90 Mobile Safari/537.36 (compatible; Googlebot/2.1; +http://www.google.com/bot.html)"
195.56.55.225 - - [02/Jan/2021:03:07:50 +0100] "GET /test.html HTTP/1.1" 200 56 "-" "monit/4.6"
195.56.55.225 - - [02/Jan/2021:03:09:53 +0100] "GET /test.html HTTP/1.1" 200 56 "-" "monit/4.6"
173.231.59.200 - - [02/Jan/2021:03:11:41 +0100] "GET /robots.txt HTTP/1.1" 404 286 "-" "Mozilla/5.0 (compatible; Adsbot/3.1)"
173.231.59.200 - - [02/Jan/2021:03:11:48 +0100] "GET / HTTP/1.1" 200 1155 "-" "Mozilla/5.0 (compatible; Adsbot/3.1)"
195.56.55.225 - - [02/Jan/2021:03:11:56 +0100] "GET /test.html HTTP/1.1" 200 56 "-" "monit/4.6"
198.143.155.122 - - [02/Jan/2021:03:13:02 +0100] "GET / HTTP/1.1" 200 1155 "-" "Mozilla/5.0 (Windows NT 10.0; Win64; x64) AppleWebKit/537.36 (KHTML, like Gecko) Chrome/60.0.3112.113 Safari/537.36"
195.56.55.225 - - [02/Jan/2021:03:13:59 +0100] "GET /test.html HTTP/1.1" 200 56 "-" "monit/4.6"
66.249.64.62 - - [02/Jan/2021:03:14:50 +0100] "GET /event/2008/09/20/week/all/all/1 HTTP/1.1" 404 319 "-" "Mozilla/5.0 (Linux; Android 6.0.1; Nexus 5X Build/MMB29P) AppleWebKit/537.36 (KHTML, like Gecko) Chrome/87.0.4280.90 Mobile Safari/537.36 (compatible; Googlebot/2.1; +http://www.google.com/bot.html)"
66.249.64.60 - - [02/Jan/2021:03:14:51 +0100] "GET /event/2018/08/28/table/all/all HTTP/1.1" 404 318 "-" "Mozilla/5.0 (Linux; Android 6.0.1; Nexus 5X Build/MMB29P) AppleWebKit/537.36 (KHTML, like Gecko) Chrome/87.0.4280.90 Mobile Safari/537.36 (compatible; Googlebot/2.1; +http://www.google.com/bot.html)"
66.249.64.62 - - [02/Jan/2021:03:14:51 +0100] "GET /event/2018/08/28/table/all/all HTTP/1.1" 404 318 "-" "Mozilla/5.0 (Linux; Android 6.0.1; Nexus 5X Build/MMB29P) AppleWebKit/537.36 (KHTML, like Gecko) Chrome/87.0.4280.90 Mobile Safari/537.36 (compatible; Googlebot/2.1; +http://www.google.com/bot.html)"
195.56.55.225 - - [02/Jan/2021:03:16:02 +0100] "GET /test.html HTTP/1.1" 200 56 "-" "monit/4.6"
195.56.55.225 - - [02/Jan/2021:03:18:05 +0100] "GET /test.html HTTP/1.1" 200 56 "-" "monit/4.6"
34.236.202.207 - - [02/Jan/2021:03:18:56 +0100] "GET /wp-login.php HTTP/1.1" 404 288 "-" "Mozilla/5.0 (Windows NT 6.1; WOW64) AppleWebKit/537.36 (KHTML, like Gecko) Chrome/27.0.1453.93 Safari/537.36"
18.229.73.207 - - [02/Jan/2021:03:19:48 +0100] "GET /wp-login.php HTTP/1.1" 404 288 "-" "Mozilla/5.0 (X11; CrOS i686 4319.74.0) AppleWebKit/537.36 (KHTML, like Gecko) Chrome/29.0.1547.57 Safari/537.36"
195.56.55.225 - - [02/Jan/2021:03:20:08 +0100] "GET /test.html HTTP/1.1" 200 56 "-" "monit/4.6"
195.56.55.225 - - [02/Jan/2021:03:22:12 +0100] "GET /test.html HTTP/1.1" 200 56 "-" "monit/4.6"
195.56.55.225 - - [02/Jan/2021:03:24:20 +0100] "GET /test.html HTTP/1.1" 200 56 "-" "monit/4.6"
66.249.64.87 - - [02/Jan/2021:03:24:37 +0100] "GET /event/2009/11/10/week/all/all HTTP/1.1" 404 321 "-" "Mozilla/5.0 (Linux; Android 6.0.1; Nexus 5X Build/MMB29P) AppleWebKit/537.36 (KHTML, like Gecko) Chrome/87.0.4280.90 Mobile Safari/537.36 (compatible; Googlebot/2.1; +http://www.google.com/bot.html)"
66.249.64.89 - - [02/Jan/2021:03:24:38 +0100] "GET /event/2017/11/08/day/all/all HTTP/1.1" 404 320 "-" "Mozilla/5.0 (Linux; Android 6.0.1; Nexus 5X Build/MMB29P) AppleWebKit/537.36 (KHTML, like Gecko) Chrome/87.0.4280.90 Mobile Safari/537.36 (compatible; Googlebot/2.1; +http://www.google.com/bot.html)"
220.133.186.214 - - [02/Jan/2021:03:24:54 +0100] "GET / HTTP/1.1" 200 1155 "-" "Mozilla/5.0"
195.56.55.225 - - [02/Jan/2021:03:26:23 +0100] "GET /test.html HTTP/1.1" 200 56 "-" "monit/4.6"
195.56.55.225 - - [02/Jan/2021:03:28:27 +0100] "GET /test.html HTTP/1.1" 200 56 "-" "monit/4.6"
195.56.55.225 - - [02/Jan/2021:03:30:30 +0100] "GET /test.html HTTP/1.1" 200 56 "-" "monit/4.6"
177.139.53.251 - - [02/Jan/2021:03:30:54 +0100] "GET / HTTP/1.1" 200 1155 "-" "Mozilla/5.0 (Macintosh; Intel Mac OS X 10_11_6) AppleWebKit/601.7.7 (KHTML, like Gecko) Version/9.1.2 Safari/601.7.7"
177.139.53.251 - - [02/Jan/2021:03:30:54 +0100] "GET / HTTP/1.1" 200 1155 "-" "Mozilla/5.0 (Macintosh; Intel Mac OS X 10_11_6) AppleWebKit/601.7.7 (KHTML, like Gecko) Version/9.1.2 Safari/601.7.7"
195.56.55.225 - - [02/Jan/2021:03:32:33 +0100] "GET /test.html HTTP/1.1" 200 56 "-" "monit/4.6"
107.6.168.242 - - [02/Jan/2021:03:32:35 +0100] "GET / HTTP/1.1" 200 1155 "-" "Mozilla/5.0 (Windows NT 10.0; WOW64) AppleWebKit/537.36 (KHTML, like Gecko) Chrome/66.0.3359.117 Safari/537.36"
43.229.62.95 - - [02/Jan/2021:03:34:14 +0100] "GET / HTTP/1.0" 200 1155 "-" "masscan/1.0 (https://github.com/robertdavidgraham/masscan)"
195.56.55.225 - - [02/Jan/2021:03:34:36 +0100] "GET /test.html HTTP/1.1" 200 56 "-" "monit/4.6"
66.249.64.88 - - [02/Jan/2021:03:34:36 +0100] "GET /event/2010/12/03/month/all/all HTTP/1.1" 404 322 "-" "Mozilla/5.0 (Linux; Android 6.0.1; Nexus 5X Build/MMB29P) AppleWebKit/537.36 (KHTML, like Gecko) Chrome/87.0.4280.90 Mobile Safari/537.36 (compatible; Googlebot/2.1; +http://www.google.com/bot.html)"
66.249.64.88 - - [02/Jan/2021:03:34:37 +0100] "GET /event/2009/03/10/table/all/all HTTP/1.1" 404 322 "-" "Mozilla/5.0 (Linux; Android 6.0.1; Nexus 5X Build/MMB29P) AppleWebKit/537.36 (KHTML, like Gecko) Chrome/87.0.4280.90 Mobile Safari/537.36 (compatible; Googlebot/2.1; +http://www.google.com/bot.html)"
195.56.55.225 - - [02/Jan/2021:03:36:39 +0100] "GET /test.html HTTP/1.1" 200 56 "-" "monit/4.6"
195.56.55.225 - - [02/Jan/2021:03:38:42 +0100] "GET /test.html HTTP/1.1" 200 56 "-" "monit/4.6"
195.56.55.225 - - [02/Jan/2021:03:40:45 +0100] "GET /test.html HTTP/1.1" 200 56 "-" "monit/4.6"
195.56.55.225 - - [02/Jan/2021:03:42:48 +0100] "GET /test.html HTTP/1.1" 200 56 "-" "monit/4.6"
66.249.64.87 - - [02/Jan/2021:03:44:47 +0100] "GET /event/2017/08/18/month/all/all HTTP/1.1" 404 322 "-" "Mozilla/5.0 (Linux; Android 6.0.1; Nexus 5X Build/MMB29P) AppleWebKit/537.36 (KHTML, like Gecko) Chrome/87.0.4280.90 Mobile Safari/537.36 (compatible; Googlebot/2.1; +http://www.google.com/bot.html)"
66.249.64.88 - - [02/Jan/2021:03:44:48 +0100] "GET /event/2009/12/13/month/all/all HTTP/1.1" 404 322 "-" "Mozilla/5.0 (Linux; Android 6.0.1; Nexus 5X Build/MMB29P) AppleWebKit/537.36 (KHTML, like Gecko) Chrome/87.0.4280.90 Mobile Safari/537.36 (compatible; Googlebot/2.1; +http://www.google.com/bot.html)"
195.56.55.225 - - [02/Jan/2021:03:44:51 +0100] "GET /test.html HTTP/1.1" 200 56 "-" "monit/4.6"
107.6.168.242 - - [02/Jan/2021:03:46:45 +0100] "GET / HTTP/1.1" 200 1155 "-" "Mozilla/5.0 (Windows NT 10.0; WOW64) AppleWebKit/537.36 (KHTML, like Gecko) Chrome/66.0.3359.117 Safari/537.36"
195.56.55.225 - - [02/Jan/2021:03:46:55 +0100] "GET /test.html HTTP/1.1" 200 56 "-" "monit/4.6"
114.119.149.254 - - [02/Jan/2021:03:48:21 +0100] "GET /robots.txt HTTP/1.1" 404 295 "-" "(compatible;PetalBot;+https://aspiegel.com/petalbot)"
195.56.55.225 - - [02/Jan/2021:03:48:58 +0100] "GET /test.html HTTP/1.1" 200 56 "-" "monit/4.6"
195.56.55.225 - - [02/Jan/2021:03:51:01 +0100] "GET /test.html HTTP/1.1" 200 56 "-" "monit/4.6"
195.56.55.225 - - [02/Jan/2021:03:53:04 +0100] "GET /test.html HTTP/1.1" 200 56 "-" "monit/4.6"
66.249.64.60 - - [02/Jan/2021:03:54:46 +0100] "GET /event/2009/04/30/table/all/all HTTP/1.1" 404 318 "-" "Mozilla/5.0 (Linux; Android 6.0.1; Nexus 5X Build/MMB29P) AppleWebKit/537.36 (KHTML, like Gecko) Chrome/87.0.4280.90 Mobile Safari/537.36 (compatible; Googlebot/2.1; +http://www.google.com/bot.html)"
195.56.55.225 - - [02/Jan/2021:03:55:07 +0100] "GET /test.html HTTP/1.1" 200 56 "-" "monit/4.6"
195.56.55.225 - - [02/Jan/2021:03:57:10 +0100] "GET /test.html HTTP/1.1" 200 56 "-" "monit/4.6"
195.56.55.225 - - [02/Jan/2021:03:59:13 +0100] "GET /test.html HTTP/1.1" 200 56 "-" "monit/4.6"
180.70.20.109 - - [02/Jan/2021:04:01:08 +0100] "GET / HTTP/1.1" 200 1155 "-" "Mozilla/5.0"
195.56.55.225 - - [02/Jan/2021:04:01:17 +0100] "GET /test.html HTTP/1.1" 200 56 "-" "monit/4.6"
195.56.55.225 - - [02/Jan/2021:04:03:22 +0100] "GET /test.html HTTP/1.1" 200 56 "-" "monit/4.6"
66.249.64.60 - - [02/Jan/2021:04:04:51 +0100] "GET /event/2019/01/20/day/all/all HTTP/1.1" 404 316 "-" "Mozilla/5.0 (Linux; Android 6.0.1; Nexus 5X Build/MMB29P) AppleWebKit/537.36 (KHTML, like Gecko) Chrome/87.0.4280.90 Mobile Safari/537.36 (compatible; Googlebot/2.1; +http://www.google.com/bot.html)"
66.249.64.88 - - [02/Jan/2021:04:04:52 +0100] "GET /event/2017/09/22/day/all/all HTTP/1.1" 404 320 "-" "Mozilla/5.0 (Linux; Android 6.0.1; Nexus 5X Build/MMB29P) AppleWebKit/537.36 (KHTML, like Gecko) Chrome/87.0.4280.90 Mobile Safari/537.36 (compatible; Googlebot/2.1; +http://www.google.com/bot.html)"
195.56.55.225 - - [02/Jan/2021:04:05:25 +0100] "GET /test.html HTTP/1.1" 200 56 "-" "monit/4.6"
195.56.55.225 - - [02/Jan/2021:04:07:28 +0100] "GET /test.html HTTP/1.1" 200 56 "-" "monit/4.6"
217.64.98.135 - - [02/Jan/2021:04:08:30 +0100] "-" 408 - "-" "-"
195.56.55.225 - - [02/Jan/2021:04:09:31 +0100] "GET /test.html HTTP/1.1" 200 56 "-" "monit/4.6"
141.98.10.138 - - [02/Jan/2021:04:11:30 +0100] "GET / HTTP/1.1" 200 1155 "-" "Mozilla/5.0 (Windows NT 10.0; Win64; x64; rv:55.0) Gecko/20100101 Firefox/55.0"
195.56.55.225 - - [02/Jan/2021:04:11:34 +0100] "GET /test.html HTTP/1.1" 200 56 "-" "monit/4.6"
141.98.10.138 - - [02/Jan/2021:04:12:44 +0100] "GET / HTTP/1.1" 200 1155 "-" "Mozilla/5.0 (Windows NT 10.0; Win64; x64; rv:55.0) Gecko/20100101 Firefox/55.0"
195.56.55.225 - - [02/Jan/2021:04:13:37 +0100] "GET /test.html HTTP/1.1" 200 56 "-" "monit/4.6"
66.249.64.62 - - [02/Jan/2021:04:15:10 +0100] "GET /event/2019/01/10/day/all/all HTTP/1.1" 404 316 "-" "Mozilla/5.0 (Linux; Android 6.0.1; Nexus 5X Build/MMB29P) AppleWebKit/537.36 (KHTML, like Gecko) Chrome/87.0.4280.90 Mobile Safari/537.36 (compatible; Googlebot/2.1; +http://www.google.com/bot.html)"
66.249.64.60 - - [02/Jan/2021:04:15:11 +0100] "GET /event/2009/04/10/week/all/all HTTP/1.1" 404 317 "-" "Mozilla/5.0 (Linux; Android 6.0.1; Nexus 5X Build/MMB29P) AppleWebKit/537.36 (KHTML, like Gecko) Chrome/87.0.4280.90 Mobile Safari/537.36 (compatible; Googlebot/2.1; +http://www.google.com/bot.html)"
195.56.55.225 - - [02/Jan/2021:04:15:40 +0100] "GET /test.html HTTP/1.1" 200 56 "-" "monit/4.6"
195.56.55.225 - - [02/Jan/2021:04:17:44 +0100] "GET /test.html HTTP/1.1" 200 56 "-" "monit/4.6"
195.56.55.225 - - [02/Jan/2021:04:19:47 +0100] "GET /test.html HTTP/1.1" 200 56 "-" "monit/4.6"
192.241.225.48 - - [02/Jan/2021:04:21:11 +0100] "GET /actuator/health HTTP/1.1" 404 291 "-" "Mozilla/5.0 zgrab/0.x"
195.56.55.225 - - [02/Jan/2021:04:21:51 +0100] "GET /test.html HTTP/1.1" 200 56 "-" "monit/4.6"
195.56.55.225 - - [02/Jan/2021:04:23:58 +0100] "GET /test.html HTTP/1.1" 200 56 "-" "monit/4.6"
66.249.64.62 - - [02/Jan/2021:04:25:19 +0100] "GET /event/2009/04/14/day/all/all HTTP/1.1" 404 316 "-" "Mozilla/5.0 (Linux; Android 6.0.1; Nexus 5X Build/MMB29P) AppleWebKit/537.36 (KHTML, like Gecko) Chrome/87.0.4280.90 Mobile Safari/537.36 (compatible; Googlebot/2.1; +http://www.google.com/bot.html)"
195.56.55.225 - - [02/Jan/2021:04:26:01 +0100] "GET /test.html HTTP/1.1" 200 56 "-" "monit/4.6"
64.31.8.10 - - [02/Jan/2021:04:27:47 +0100] "GET http://example.com/ HTTP/1.1" 200 1155 "-" "Go-http-client/1.1"
195.56.55.225 - - [02/Jan/2021:04:28:08 +0100] "GET /test.html HTTP/1.1" 200 56 "-" "monit/4.6"
66.249.70.108 - - [02/Jan/2021:04:28:35 +0100] "GET /pgt/ HTTP/1.1" 404 277 "-" "Mozilla/5.0 (Linux; Android 6.0.1; Nexus 5X Build/MMB29P) AppleWebKit/537.36 (KHTML, like Gecko) Chrome/87.0.4280.90 Mobile Safari/537.36 (compatible; Googlebot/2.1; +http://www.google.com/bot.html)"
195.56.55.225 - - [02/Jan/2021:04:30:11 +0100] "GET /test.html HTTP/1.1" 200 56 "-" "monit/4.6"
195.56.55.225 - - [02/Jan/2021:04:32:14 +0100] "GET /test.html HTTP/1.1" 200 56 "-" "monit/4.6"
195.56.55.225 - - [02/Jan/2021:04:34:17 +0100] "GET /test.html HTTP/1.1" 200 56 "-" "monit/4.6"
66.249.64.62 - - [02/Jan/2021:04:35:10 +0100] "GET /event/2018/12/27/day/all/all HTTP/1.1" 404 316 "-" "Mozilla/5.0 (Linux; Android 6.0.1; Nexus 5X Build/MMB29P) AppleWebKit/537.36 (KHTML, like Gecko) Chrome/87.0.4280.90 Mobile Safari/537.36 (compatible; Googlebot/2.1; +http://www.google.com/bot.html)"
66.249.64.88 - - [02/Jan/2021:04:35:11 +0100] "GET /event/2017/11/17/table/all/all HTTP/1.1" 404 322 "-" "Mozilla/5.0 (Linux; Android 6.0.1; Nexus 5X Build/MMB29P) AppleWebKit/537.36 (KHTML, like Gecko) Chrome/87.0.4280.90 Mobile Safari/537.36 (compatible; Googlebot/2.1; +http://www.google.com/bot.html)"
195.56.55.225 - - [02/Jan/2021:04:36:20 +0100] "GET /test.html HTTP/1.1" 200 56 "-" "monit/4.6"
195.56.55.225 - - [02/Jan/2021:04:38:23 +0100] "GET /test.html HTTP/1.1" 200 56 "-" "monit/4.6"
195.56.55.225 - - [02/Jan/2021:04:40:26 +0100] "GET /test.html HTTP/1.1" 200 56 "-" "monit/4.6"
195.56.55.225 - - [02/Jan/2021:04:42:29 +0100] "GET /test.html HTTP/1.1" 200 56 "-" "monit/4.6"
195.56.55.225 - - [02/Jan/2021:04:44:32 +0100] "GET /test.html HTTP/1.1" 200 56 "-" "monit/4.6"
66.249.64.89 - - [02/Jan/2021:04:45:15 +0100] "GET /event/2018/01/22/day/all/all/1 HTTP/1.1" 404 322 "-" "Mozilla/5.0 (Linux; Android 6.0.1; Nexus 5X Build/MMB29P) AppleWebKit/537.36 (KHTML, like Gecko) Chrome/87.0.4280.90 Mobile Safari/537.36 (compatible; Googlebot/2.1; +http://www.google.com/bot.html)"
195.56.55.225 - - [02/Jan/2021:04:46:36 +0100] "GET /test.html HTTP/1.1" 200 56 "-" "monit/4.6"
34.241.77.13 - - [02/Jan/2021:04:47:47 +0100] "GET /wp-login.php HTTP/1.1" 404 288 "-" "Mozilla/5.0 (Windows NT 6.3; Win64; x64) AppleWebKit/537.36 (KHTML, like Gecko) Chrome/37.0.2049.0 Safari/537.36"
195.56.55.225 - - [02/Jan/2021:04:48:41 +0100] "GET /test.html HTTP/1.1" 200 56 "-" "monit/4.6"
195.56.55.225 - - [02/Jan/2021:04:50:44 +0100] "GET /test.html HTTP/1.1" 200 56 "-" "monit/4.6"
198.143.129.162 - - [02/Jan/2021:04:52:10 +0100] "GET / HTTP/1.1" 200 1155 "-" "Mozilla/5.0 (Windows NT 10.0; WOW64) AppleWebKit/537.36 (KHTML, like Gecko) Chrome/66.0.3359.117 Safari/537.36"
107.6.180.154 - - [02/Jan/2021:04:52:45 +0100] "GET / HTTP/1.1" 200 1155 "-" "Mozilla/5.0 (Windows NT 10.0; WOW64) AppleWebKit/537.36 (KHTML, like Gecko) Chrome/66.0.3359.117 Safari/537.36"
195.56.55.225 - - [02/Jan/2021:04:52:47 +0100] "GET /test.html HTTP/1.1" 200 56 "-" "monit/4.6"
195.56.55.225 - - [02/Jan/2021:04:54:50 +0100] "GET /test.html HTTP/1.1" 200 56 "-" "monit/4.6"
52.15.212.3 - - [02/Jan/2021:04:55:09 +0100] "GET /wp-login.php HTTP/1.1" 404 289 "-" "Mozilla/5.0 (Windows NT 6.2; Win64; x64) AppleWebKit/537.36 (KHTML, like Gecko) Chrome/32.0.1667.0 Safari/537.36"
66.249.64.89 - - [02/Jan/2021:04:55:16 +0100] "GET /event/2018/07/11/day/all/all HTTP/1.1" 404 320 "-" "Mozilla/5.0 (Linux; Android 6.0.1; Nexus 5X Build/MMB29P) AppleWebKit/537.36 (KHTML, like Gecko) Chrome/87.0.4280.90 Mobile Safari/537.36 (compatible; Googlebot/2.1; +http://www.google.com/bot.html)"
66.249.64.87 - - [02/Jan/2021:04:55:17 +0100] "GET /event/2017/07/08/day/all/all HTTP/1.1" 404 320 "-" "Mozilla/5.0 (Linux; Android 6.0.1; Nexus 5X Build/MMB29P) AppleWebKit/537.36 (KHTML, like Gecko) Chrome/87.0.4280.90 Mobile Safari/537.36 (compatible; Googlebot/2.1; +http://www.google.com/bot.html)"
207.46.13.4 - - [02/Jan/2021:04:55:33 +0100] "GET /robots.txt HTTP/1.1" 404 286 "-" "Mozilla/5.0 (compatible; bingbot/2.0; +http://www.bing.com/bingbot.htm)"
13.66.139.118 - - [02/Jan/2021:04:55:42 +0100] "GET / HTTP/1.1" 200 1155 "-" "Mozilla/5.0 (compatible; bingbot/2.0; +http://www.bing.com/bingbot.htm)"
195.56.55.225 - - [02/Jan/2021:04:56:53 +0100] "GET /test.html HTTP/1.1" 200 56 "-" "monit/4.6"
66.102.8.117 - - [02/Jan/2021:04:57:39 +0100] "GET / HTTP/1.1" 304 - "-" "FeedFetcher-Google; (+http://www.google.com/feedfetcher.html)"
195.56.55.225 - - [02/Jan/2021:04:58:56 +0100] "GET /test.html HTTP/1.1" 200 56 "-" "monit/4.6"
195.56.55.225 - - [02/Jan/2021:05:00:59 +0100] "GET /test.html HTTP/1.1" 200 56 "-" "monit/4.6"
208.115.198.74 - - [02/Jan/2021:05:02:47 +0100] "HEAD /robots.txt HTTP/1.0" 404 0 "-" "-"
195.56.55.225 - - [02/Jan/2021:05:03:02 +0100] "GET /test.html HTTP/1.1" 200 56 "-" "monit/4.6"
13.58.56.77 - - [02/Jan/2021:05:03:44 +0100] "GET /wp-login.php HTTP/1.1" 404 288 "-" "Mozilla/5.0 (Windows NT 5.1) AppleWebKit/537.36 (KHTML, like Gecko) Chrome/35.0.3319.102 Safari/537.36"
208.115.198.74 - - [02/Jan/2021:05:03:51 +0100] "HEAD /robots.txt HTTP/1.0" 404 0 "-" "-"
195.56.55.225 - - [02/Jan/2021:05:05:05 +0100] "GET /test.html HTTP/1.1" 200 56 "-" "monit/4.6"
66.249.64.62 - - [02/Jan/2021:05:05:38 +0100] "GET /event/2018/11/29/week/all/all HTTP/1.1" 404 317 "-" "Mozilla/5.0 (Linux; Android 6.0.1; Nexus 5X Build/MMB29P) AppleWebKit/537.36 (KHTML, like Gecko) Chrome/87.0.4280.90 Mobile Safari/537.36 (compatible; Googlebot/2.1; +http://www.google.com/bot.html)"
66.249.64.33 - - [02/Jan/2021:05:05:39 +0100] "GET /event/2009/06/22/day/all/all/1 HTTP/1.1" 404 318 "-" "Mozilla/5.0 (Linux; Android 6.0.1; Nexus 5X Build/MMB29P) AppleWebKit/537.36 (KHTML, like Gecko) Chrome/87.0.4280.90 Mobile Safari/537.36 (compatible; Googlebot/2.1; +http://www.google.com/bot.html)"
195.56.55.225 - - [02/Jan/2021:05:07:09 +0100] "GET /test.html HTTP/1.1" 200 56 "-" "monit/4.6"
195.56.55.225 - - [02/Jan/2021:05:09:12 +0100] "GET /test.html HTTP/1.1" 200 56 "-" "monit/4.6"
125.168.126.134 - - [02/Jan/2021:05:10:19 +0100] "GET / HTTP/1.1" 200 1155 "-" "Mozilla/5.0 (Macintosh; Intel Mac OS X 10_11_6) AppleWebKit/601.7.7 (KHTML, like Gecko) Version/9.1.2 Safari/601.7.7"
195.56.55.225 - - [02/Jan/2021:05:11:15 +0100] "GET /test.html HTTP/1.1" 200 56 "-" "monit/4.6"
195.56.55.225 - - [02/Jan/2021:05:13:18 +0100] "GET /test.html HTTP/1.1" 200 56 "-" "monit/4.6"
13.53.208.18 - - [02/Jan/2021:05:13:48 +0100] "GET /wp-login.php HTTP/1.1" 404 289 "-" "Mozilla/5.0 (X11; OpenBSD i386) AppleWebKit/537.36 (KHTML, like Gecko) Chrome/36.0.1985.125 Safari/537.36"
66.249.64.60 - - [02/Jan/2021:05:15:08 +0100] "GET /event/2019/02/18/table/all/all HTTP/1.1" 404 318 "-" "Mozilla/5.0 (Linux; Android 6.0.1; Nexus 5X Build/MMB29P) AppleWebKit/537.36 (KHTML, like Gecko) Chrome/87.0.4280.90 Mobile Safari/537.36 (compatible; Googlebot/2.1; +http://www.google.com/bot.html)"
66.249.64.60 - - [02/Jan/2021:05:15:09 +0100] "GET /event/2018/03/04/month/all/all HTTP/1.1" 404 318 "-" "Mozilla/5.0 (Linux; Android 6.0.1; Nexus 5X Build/MMB29P) AppleWebKit/537.36 (KHTML, like Gecko) Chrome/87.0.4280.90 Mobile Safari/537.36 (compatible; Googlebot/2.1; +http://www.google.com/bot.html)"
195.56.55.225 - - [02/Jan/2021:05:15:21 +0100] "GET /test.html HTTP/1.1" 200 56 "-" "monit/4.6"
195.56.55.225 - - [02/Jan/2021:05:17:24 +0100] "GET /test.html HTTP/1.1" 200 56 "-" "monit/4.6"
46.249.140.31 - - [02/Jan/2021:05:17:31 +0100] "-" 408 - "-" "-"
46.249.140.31 - - [02/Jan/2021:05:18:13 +0100] "-" 408 - "-" "-"
46.249.140.31 - - [02/Jan/2021:05:18:13 +0100] "-" 408 - "-" "-"
91.199.118.137 - - [02/Jan/2021:05:18:15 +0100] "CONNECT cdn.jsdelivr.net:443 HTTP/1.1" 405 316 "-" "Go-http-client/1.1"
91.199.118.137 - - [02/Jan/2021:05:18:15 +0100] "CONNECT cdn.jsdelivr.net:443 HTTP/1.1" 405 316 "-" "Go-http-client/1.1"
91.199.118.137 - - [02/Jan/2021:05:18:16 +0100] "CONNECT cdn.jsdelivr.net:443 HTTP/1.1" 405 316 "-" "Go-http-client/1.1"
91.199.118.137 - - [02/Jan/2021:05:18:22 +0100] "CONNECT cdn.jsdelivr.net:443 HTTP/1.1" 405 316 "-" "Go-http-client/1.1"
91.199.118.137 - - [02/Jan/2021:05:18:22 +0100] "CONNECT cdn.jsdelivr.net:443 HTTP/1.1" 405 316 "-" "Go-http-client/1.1"
91.199.118.137 - - [02/Jan/2021:05:18:23 +0100] "CONNECT cdn.jsdelivr.net:443 HTTP/1.1" 405 316 "-" "Go-http-client/1.1"
195.56.55.225 - - [02/Jan/2021:05:19:27 +0100] "GET /test.html HTTP/1.1" 200 56 "-" "monit/4.6"
34.78.227.165 - - [02/Jan/2021:05:20:16 +0100] "GET / HTTP/1.1" 200 1155 "-" "python-requests/2.25.1"
195.56.55.225 - - [02/Jan/2021:05:21:30 +0100] "GET /test.html HTTP/1.1" 200 56 "-" "monit/4.6"
195.56.55.225 - - [02/Jan/2021:05:23:34 +0100] "GET /test.html HTTP/1.1" 200 56 "-" "monit/4.6"
66.249.64.33 - - [02/Jan/2021:05:25:28 +0100] "GET /event/2008/07/21/table/all/all HTTP/1.1" 404 318 "-" "Mozilla/5.0 (Linux; Android 6.0.1; Nexus 5X Build/MMB29P) AppleWebKit/537.36 (KHTML, like Gecko) Chrome/87.0.4280.90 Mobile Safari/537.36 (compatible; Googlebot/2.1; +http://www.google.com/bot.html)"
66.249.64.60 - - [02/Jan/2021:05:25:29 +0100] "GET /event/2009/01/28/day/all/all HTTP/1.1" 404 316 "-" "Mozilla/5.0 (Linux; Android 6.0.1; Nexus 5X Build/MMB29P) AppleWebKit/537.36 (KHTML, like Gecko) Chrome/87.0.4280.90 Mobile Safari/537.36 (compatible; Googlebot/2.1; +http://www.google.com/bot.html)"
195.56.55.225 - - [02/Jan/2021:05:25:40 +0100] "GET /test.html HTTP/1.1" 200 56 "-" "monit/4.6"
195.56.55.225 - - [02/Jan/2021:05:27:44 +0100] "GET /test.html HTTP/1.1" 200 56 "-" "monit/4.6"
52.15.212.3 - - [02/Jan/2021:05:28:13 +0100] "GET /wp-login.php HTTP/1.1" 404 289 "-" "Mozilla/5.0 (Windows NT 6.4; WOW64) AppleWebKit/537.36 (KHTML, like Gecko) Chrome/41.0.2225.0 Safari/537.36"
195.56.55.225 - - [02/Jan/2021:05:29:47 +0100] "GET /test.html HTTP/1.1" 200 56 "-" "monit/4.6"
35.187.190.226 - - [02/Jan/2021:05:30:12 +0100] "GET / HTTP/1.1" 200 1155 "-" "python-requests/2.25.1"
195.56.55.225 - - [02/Jan/2021:05:31:50 +0100] "GET /test.html HTTP/1.1" 200 56 "-" "monit/4.6"
195.56.55.225 - - [02/Jan/2021:05:33:56 +0100] "GET /test.html HTTP/1.1" 200 56 "-" "monit/4.6"
66.249.64.62 - - [02/Jan/2021:05:35:35 +0100] "GET /event/2010/10/24/day/all/all HTTP/1.1" 404 316 "-" "Mozilla/5.0 (Linux; Android 6.0.1; Nexus 5X Build/MMB29P) AppleWebKit/537.36 (KHTML, like Gecko) Chrome/87.0.4280.90 Mobile Safari/537.36 (compatible; Googlebot/2.1; +http://www.google.com/bot.html)"
66.249.64.60 - - [02/Jan/2021:05:35:36 +0100] "GET /event/2010/08/27/day/all/all HTTP/1.1" 404 316 "-" "Mozilla/5.0 (Linux; Android 6.0.1; Nexus 5X Build/MMB29P) AppleWebKit/537.36 (KHTML, like Gecko) Chrome/87.0.4280.90 Mobile Safari/537.36 (compatible; Googlebot/2.1; +http://www.google.com/bot.html)"
195.56.55.225 - - [02/Jan/2021:05:35:59 +0100] "GET /test.html HTTP/1.1" 200 56 "-" "monit/4.6"
46.249.140.31 - - [02/Jan/2021:05:37:15 +0100] "-" 408 - "-" "-"
195.56.55.225 - - [02/Jan/2021:05:38:02 +0100] "GET /test.html HTTP/1.1" 200 56 "-" "monit/4.6"
195.56.55.225 - - [02/Jan/2021:05:40:05 +0100] "GET /test.html HTTP/1.1" 200 56 "-" "monit/4.6"
195.56.55.225 - - [02/Jan/2021:05:42:08 +0100] "GET /test.html HTTP/1.1" 200 56 "-" "monit/4.6"
195.56.55.225 - - [02/Jan/2021:05:44:11 +0100] "GET /test.html HTTP/1.1" 200 56 "-" "monit/4.6"
107.6.180.154 - - [02/Jan/2021:05:44:13 +0100] "GET / HTTP/1.1" 200 1155 "-" "Mozilla/5.0 (Windows NT 10.0; WOW64) AppleWebKit/537.36 (KHTML, like Gecko) Chrome/66.0.3359.117 Safari/537.36"
66.249.64.62 - - [02/Jan/2021:05:45:37 +0100] "GET /event/2009/06/22/table/all/all HTTP/1.1" 404 318 "-" "Mozilla/5.0 (Linux; Android 6.0.1; Nexus 5X Build/MMB29P) AppleWebKit/537.36 (KHTML, like Gecko) Chrome/87.0.4280.90 Mobile Safari/537.36 (compatible; Googlebot/2.1; +http://www.google.com/bot.html)"
195.56.55.225 - - [02/Jan/2021:05:46:15 +0100] "GET /test.html HTTP/1.1" 200 56 "-" "monit/4.6"
104.236.56.29 - - [02/Jan/2021:05:46:37 +0100] "HEAD /icons/apache_pb.gif HTTP/1.0" 404 0 "-" "Mozilla/5.0 (compatible; NetcraftSurveyAgent/1.0; +info@netcraft.com)"
195.56.55.225 - - [02/Jan/2021:05:48:18 +0100] "GET /test.html HTTP/1.1" 200 56 "-" "monit/4.6"
195.56.55.225 - - [02/Jan/2021:05:50:21 +0100] "GET /test.html HTTP/1.1" 200 56 "-" "monit/4.6"
103.78.208.100 - - [02/Jan/2021:05:50:48 +0100] "GET / HTTP/1.0" 200 1155 "-" "masscan/1.0 (https://github.com/robertdavidgraham/masscan)"
66.249.64.62 - - [02/Jan/2021:05:51:36 +0100] "GET /event/2009/04/30/week/all/all HTTP/1.1" 404 317 "-" "Mozilla/5.0 (Linux; Android 6.0.1; Nexus 5X Build/MMB29P) AppleWebKit/537.36 (KHTML, like Gecko) Chrome/87.0.4280.90 Mobile Safari/537.36 (compatible; Googlebot/2.1; +http://www.google.com/bot.html)"
195.56.55.225 - - [02/Jan/2021:05:52:24 +0100] "GET /test.html HTTP/1.1" 200 56 "-" "monit/4.6"
209.17.97.122 - - [02/Jan/2021:05:52:51 +0100] "GET / HTTP/1.1" 200 1155 "-" "Mozilla/5.0 (compatible; Nimbostratus-Bot/v1.3.2; http://cloudsystemnetworks.com)"
209.17.97.122 - - [02/Jan/2021:05:52:51 +0100] "GET / HTTP/1.1" 200 1155 "-" "Mozilla/5.0 (compatible; Nimbostratus-Bot/v1.3.2; http://cloudsystemnetworks.com)"
195.56.55.225 - - [02/Jan/2021:05:54:27 +0100] "GET /test.html HTTP/1.1" 200 56 "-" "monit/4.6"
134.122.7.61 - - [02/Jan/2021:05:55:20 +0100] "GET /config/getuser?index=0 HTTP/1.1" 404 290 "-" "Mozilla/5.0 (X11; Ubuntu; Linux x86_64; rv:76.0) Gecko/20100101 Firefox/76.0"
209.17.97.18 - - [02/Jan/2021:05:55:36 +0100] "GET / HTTP/1.1" 200 1155 "-" "Mozilla/5.0 (compatible; Nimbostratus-Bot/v1.3.2; http://cloudsystemnetworks.com)"
66.249.64.62 - - [02/Jan/2021:05:55:49 +0100] "GET /event/2010/10/13/table/all/all HTTP/1.1" 404 318 "-" "Mozilla/5.0 (Linux; Android 6.0.1; Nexus 5X Build/MMB29P) AppleWebKit/537.36 (KHTML, like Gecko) Chrome/87.0.4280.90 Mobile Safari/537.36 (compatible; Googlebot/2.1; +http://www.google.com/bot.html)"
66.249.64.85 - - [02/Jan/2021:05:55:50 +0100] "GET /robots.txt HTTP/1.1" 404 287 "-" "Mozilla/5.0 (compatible; Googlebot/2.1; +http://www.google.com/bot.html)"
66.249.64.86 - - [02/Jan/2021:05:55:50 +0100] "GET /virtualvisualvulgar/szolid%20galeria/pages/20041118%20014.htm HTTP/1.1" 404 334 "-" "Mozilla/5.0 (Linux; Android 6.0.1; Nexus 5X Build/MMB29P) AppleWebKit/537.36 (KHTML, like Gecko) Chrome/87.0.4280.90 Mobile Safari/537.36 (compatible; Googlebot/2.1; +http://www.google.com/bot.html)"
195.56.55.225 - - [02/Jan/2021:05:56:31 +0100] "GET /test.html HTTP/1.1" 200 56 "-" "monit/4.6"
195.56.55.225 - - [02/Jan/2021:05:58:34 +0100] "GET /test.html HTTP/1.1" 200 56 "-" "monit/4.6"
195.56.55.225 - - [02/Jan/2021:06:00:37 +0100] "GET /test.html HTTP/1.1" 200 56 "-" "monit/4.6"
195.56.55.225 - - [02/Jan/2021:06:02:40 +0100] "GET /test.html HTTP/1.1" 200 56 "-" "monit/4.6"
195.56.55.225 - - [02/Jan/2021:06:04:43 +0100] "GET /test.html HTTP/1.1" 200 56 "-" "monit/4.6"
66.249.64.88 - - [02/Jan/2021:06:05:58 +0100] "GET /event/2017/07/08/table/all/all HTTP/1.1" 404 322 "-" "Mozilla/5.0 (Linux; Android 6.0.1; Nexus 5X Build/MMB29P) AppleWebKit/537.36 (KHTML, like Gecko) Chrome/87.0.4280.90 Mobile Safari/537.36 (compatible; Googlebot/2.1; +http://www.google.com/bot.html)"
66.249.64.87 - - [02/Jan/2021:06:05:58 +0100] "GET /event/2010/12/01/table/all/all HTTP/1.1" 404 322 "-" "Mozilla/5.0 (Linux; Android 6.0.1; Nexus 5X Build/MMB29P) AppleWebKit/537.36 (KHTML, like Gecko) Chrome/87.0.4280.90 Mobile Safari/537.36 (compatible; Googlebot/2.1; +http://www.google.com/bot.html)"
195.56.55.225 - - [02/Jan/2021:06:06:46 +0100] "GET /test.html HTTP/1.1" 200 56 "-" "monit/4.6"
195.56.55.225 - - [02/Jan/2021:06:08:51 +0100] "GET /test.html HTTP/1.1" 200 56 "-" "monit/4.6"
5.255.231.195 - - [02/Jan/2021:06:09:43 +0100] "GET /robots.txt HTTP/1.1" 404 283 "-" "Mozilla/5.0 (compatible; YandexBot/3.0; +http://yandex.com/bots)"
5.255.231.195 - - [02/Jan/2021:06:09:47 +0100] "GET /maxigas/blog/keen4title.gif HTTP/1.1" 404 300 "-" "Mozilla/5.0 (compatible; YandexImages/3.0; +http://yandex.com/bots)"
195.56.55.225 - - [02/Jan/2021:06:10:56 +0100] "GET /test.html HTTP/1.1" 200 56 "-" "monit/4.6"
198.143.175.42 - - [02/Jan/2021:06:11:27 +0100] "GET / HTTP/1.1" 200 1155 "-" "Mozilla/5.0 (Windows NT 10.0; WOW64) AppleWebKit/537.36 (KHTML, like Gecko) Chrome/66.0.3359.117 Safari/537.36"
195.56.55.225 - - [02/Jan/2021:06:12:59 +0100] "GET /test.html HTTP/1.1" 200 56 "-" "monit/4.6"
195.56.55.225 - - [02/Jan/2021:06:15:03 +0100] "GET /test.html HTTP/1.1" 200 56 "-" "monit/4.6"
66.249.64.60 - - [02/Jan/2021:06:15:57 +0100] "GET /event/2018/12/26/table/all/all HTTP/1.1" 404 318 "-" "Mozilla/5.0 (Linux; Android 6.0.1; Nexus 5X Build/MMB29P) AppleWebKit/537.36 (KHTML, like Gecko) Chrome/87.0.4280.90 Mobile Safari/537.36 (compatible; Googlebot/2.1; +http://www.google.com/bot.html)"
66.249.64.62 - - [02/Jan/2021:06:15:58 +0100] "GET /event/2017/03/31/week/all/all HTTP/1.1" 404 317 "-" "Mozilla/5.0 (Linux; Android 6.0.1; Nexus 5X Build/MMB29P) AppleWebKit/537.36 (KHTML, like Gecko) Chrome/87.0.4280.90 Mobile Safari/537.36 (compatible; Googlebot/2.1; +http://www.google.com/bot.html)"
195.56.55.225 - - [02/Jan/2021:06:17:05 +0100] "GET /test.html HTTP/1.1" 200 56 "-" "monit/4.6"
195.56.55.225 - - [02/Jan/2021:06:19:09 +0100] "GET /test.html HTTP/1.1" 200 56 "-" "monit/4.6"
54.36.148.74 - - [02/Jan/2021:06:19:53 +0100] "GET /robots.txt HTTP/1.1" 404 295 "-" "Mozilla/5.0 (compatible; AhrefsBot/6.1; +http://ahrefs.com/robot/)"
195.56.55.225 - - [02/Jan/2021:06:21:13 +0100] "GET /test.html HTTP/1.1" 200 56 "-" "monit/4.6"
195.56.55.225 - - [02/Jan/2021:06:23:17 +0100] "GET /test.html HTTP/1.1" 200 56 "-" "monit/4.6"
195.56.55.225 - - [02/Jan/2021:06:25:27 +0100] "GET /test.html HTTP/1.1" 200 56 "-" "monit/4.6"
66.249.64.88 - - [02/Jan/2021:06:25:57 +0100] "GET /event/2019/12/07/day/all/all HTTP/1.1" 404 320 "-" "Mozilla/5.0 (Linux; Android 6.0.1; Nexus 5X Build/MMB29P) AppleWebKit/537.36 (KHTML, like Gecko) Chrome/87.0.4280.90 Mobile Safari/537.36 (compatible; Googlebot/2.1; +http://www.google.com/bot.html)"
66.249.64.33 - - [02/Jan/2021:06:25:58 +0100] "GET /event/2010/02/15/table/all/all HTTP/1.1" 404 318 "-" "Mozilla/5.0 (Linux; Android 6.0.1; Nexus 5X Build/MMB29P) AppleWebKit/537.36 (KHTML, like Gecko) Chrome/87.0.4280.90 Mobile Safari/537.36 (compatible; Googlebot/2.1; +http://www.google.com/bot.html)"
195.56.55.225 - - [02/Jan/2021:06:27:30 +0100] "GET /test.html HTTP/1.1" 200 56 "-" "monit/4.6"
195.56.55.225 - - [02/Jan/2021:06:29:35 +0100] "GET /test.html HTTP/1.1" 200 56 "-" "monit/4.6"
195.56.55.225 - - [02/Jan/2021:06:31:38 +0100] "GET /test.html HTTP/1.1" 200 56 "-" "monit/4.6"
195.56.55.225 - - [02/Jan/2021:06:33:41 +0100] "GET /test.html HTTP/1.1" 200 56 "-" "monit/4.6"
195.56.55.225 - - [02/Jan/2021:06:35:44 +0100] "GET /test.html HTTP/1.1" 200 56 "-" "monit/4.6"
66.249.64.88 - - [02/Jan/2021:06:35:48 +0100] "GET /event/2008/08/10/day/all/all/1 HTTP/1.1" 404 322 "-" "Mozilla/5.0 (Linux; Android 6.0.1; Nexus 5X Build/MMB29P) AppleWebKit/537.36 (KHTML, like Gecko) Chrome/87.0.4280.90 Mobile Safari/537.36 (compatible; Googlebot/2.1; +http://www.google.com/bot.html)"
66.249.64.60 - - [02/Jan/2021:06:35:49 +0100] "GET /event/2008/03/02/day/all/all HTTP/1.1" 404 316 "-" "Mozilla/5.0 (Linux; Android 6.0.1; Nexus 5X Build/MMB29P) AppleWebKit/537.36 (KHTML, like Gecko) Chrome/87.0.4280.90 Mobile Safari/537.36 (compatible; Googlebot/2.1; +http://www.google.com/bot.html)"
195.56.55.225 - - [02/Jan/2021:06:37:47 +0100] "GET /test.html HTTP/1.1" 200 56 "-" "monit/4.6"
195.56.55.225 - - [02/Jan/2021:06:39:51 +0100] "GET /test.html HTTP/1.1" 200 56 "-" "monit/4.6"
195.56.55.225 - - [02/Jan/2021:06:41:54 +0100] "GET /test.html HTTP/1.1" 200 56 "-" "monit/4.6"
123.30.145.49 - - [02/Jan/2021:06:42:18 +0100] "GET /login HTTP/1.0" 404 265 "-" "-"
123.30.145.49 - - [02/Jan/2021:06:42:19 +0100] "GET /manager/html HTTP/1.0" 404 272 "-" "-"
195.56.55.225 - - [02/Jan/2021:06:43:59 +0100] "GET /test.html HTTP/1.1" 200 56 "-" "monit/4.6"
54.36.149.95 - - [02/Jan/2021:06:44:19 +0100] "GET /robots.txt HTTP/1.1" 404 287 "-" "Mozilla/5.0 (compatible; AhrefsBot/6.1; +http://ahrefs.com/robot/)"
195.56.55.225 - - [02/Jan/2021:06:46:02 +0100] "GET /test.html HTTP/1.1" 200 56 "-" "monit/4.6"
66.249.64.87 - - [02/Jan/2021:06:46:07 +0100] "GET /event/2017/09/05/table/all/all HTTP/1.1" 404 322 "-" "Mozilla/5.0 (Linux; Android 6.0.1; Nexus 5X Build/MMB29P) AppleWebKit/537.36 (KHTML, like Gecko) Chrome/87.0.4280.90 Mobile Safari/537.36 (compatible; Googlebot/2.1; +http://www.google.com/bot.html)"
66.249.64.33 - - [02/Jan/2021:06:46:08 +0100] "GET /event/2008/09/20/day/all/all HTTP/1.1" 404 316 "-" "Mozilla/5.0 (Linux; Android 6.0.1; Nexus 5X Build/MMB29P) AppleWebKit/537.36 (KHTML, like Gecko) Chrome/87.0.4280.90 Mobile Safari/537.36 (compatible; Googlebot/2.1; +http://www.google.com/bot.html)"
195.56.55.225 - - [02/Jan/2021:06:48:05 +0100] "GET /test.html HTTP/1.1" 200 56 "-" "monit/4.6"
195.56.55.225 - - [02/Jan/2021:06:50:08 +0100] "GET /test.html HTTP/1.1" 200 56 "-" "monit/4.6"
195.56.55.225 - - [02/Jan/2021:06:52:11 +0100] "GET /test.html HTTP/1.1" 200 56 "-" "monit/4.6"
195.56.55.225 - - [02/Jan/2021:06:54:14 +0100] "GET /test.html HTTP/1.1" 200 56 "-" "monit/4.6"
66.249.64.88 - - [02/Jan/2021:06:56:07 +0100] "GET /event/2016/09/25/table/all/all HTTP/1.1" 404 322 "-" "Mozilla/5.0 (Linux; Android 6.0.1; Nexus 5X Build/MMB29P) AppleWebKit/537.36 (KHTML, like Gecko) Chrome/87.0.4280.90 Mobile Safari/537.36 (compatible; Googlebot/2.1; +http://www.google.com/bot.html)"
66.249.70.112 - - [02/Jan/2021:06:56:08 +0100] "GET /gal/ug5/index.php HTTP/1.1" 404 290 "-" "Mozilla/5.0 (Linux; Android 6.0.1; Nexus 5X Build/MMB29P) AppleWebKit/537.36 (KHTML, like Gecko) Chrome/87.0.4280.90 Mobile Safari/537.36 (compatible; Googlebot/2.1; +http://www.google.com/bot.html)"
195.56.55.225 - - [02/Jan/2021:06:56:19 +0100] "GET /test.html HTTP/1.1" 200 56 "-" "monit/4.6"
195.56.55.225 - - [02/Jan/2021:06:58:22 +0100] "GET /test.html HTTP/1.1" 200 56 "-" "monit/4.6"
107.6.162.34 - - [02/Jan/2021:06:59:51 +0100] "GET / HTTP/1.1" 200 1155 "-" "Mozilla/5.0 (Windows NT 10.0; WOW64) AppleWebKit/537.36 (KHTML, like Gecko) Chrome/66.0.3359.117 Safari/537.36"
195.56.55.225 - - [02/Jan/2021:07:00:25 +0100] "GET /test.html HTTP/1.1" 200 56 "-" "monit/4.6"
195.56.55.225 - - [02/Jan/2021:07:02:28 +0100] "GET /test.html HTTP/1.1" 200 56 "-" "monit/4.6"
195.56.55.225 - - [02/Jan/2021:07:04:31 +0100] "GET /test.html HTTP/1.1" 200 56 "-" "monit/4.6"
