45.229.54.78 - - [08/Jan/2021:12:22:01 +0100] "POST /GponForm/diag_Form?images/ HTTP/1.1" 404 290 "-" "Hello, World"
45.229.54.78 - - [08/Jan/2021:12:22:05 +0100] "/tmp/gpon80&ipv=0" 501 - "-" "-"
195.56.55.225 - - [08/Jan/2021:12:22:24 +0100] "GET /test.html HTTP/1.1" 200 56 "-" "monit/4.6"
66.249.64.87 - - [08/Jan/2021:12:24:33 +0100] "GET /event/2008/05/05/week/all/all/1 HTTP/1.1" 404 323 "-" "Mozilla/5.0 (Linux; Android 6.0.1; Nexus 5X Build/MMB29P) AppleWebKit/537.36 (KHTML, like Gecko) Chrome/87.0.4280.90 Mobile Safari/537.36 (compatible; Googlebot/2.1; +http://www.google.com/bot.html)"
66.249.64.60 - - [08/Jan/2021:12:24:34 +0100] "GET /event/2008/07/27/week/all/all HTTP/1.1" 404 317 "-" "Mozilla/5.0 (Linux; Android 6.0.1; Nexus 5X Build/MMB29P) AppleWebKit/537.36 (KHTML, like Gecko) Chrome/87.0.4280.90 Mobile Safari/537.36 (compatible; Googlebot/2.1; +http://www.google.com/bot.html)"
195.56.55.225 - - [08/Jan/2021:12:24:49 +0100] "GET /test.html HTTP/1.1" 200 56 "-" "monit/4.6"
195.56.55.225 - - [08/Jan/2021:12:26:53 +0100] "GET /test.html HTTP/1.1" 200 56 "-" "monit/4.6"
195.56.55.225 - - [08/Jan/2021:12:28:56 +0100] "GET /test.html HTTP/1.1" 200 56 "-" "monit/4.6"
195.56.55.225 - - [08/Jan/2021:12:31:00 +0100] "GET /test.html HTTP/1.1" 200 56 "-" "monit/4.6"
195.56.55.225 - - [08/Jan/2021:12:33:07 +0100] "GET /test.html HTTP/1.1" 200 56 "-" "monit/4.6"
108.163.220.2 - - [08/Jan/2021:12:33:48 +0100] "GET / HTTP/1.1" 200 1155 "-" "Mozilla/5.0 (Windows NT 10.0; WOW64) AppleWebKit/537.36 (KHTML, like Gecko) Chrome/66.0.3359.117 Safari/537.36"
66.249.64.60 - - [08/Jan/2021:12:34:41 +0100] "GET /event/2016/04/12/week/all/all/1 HTTP/1.1" 404 319 "-" "Mozilla/5.0 (Linux; Android 6.0.1; Nexus 5X Build/MMB29P) AppleWebKit/537.36 (KHTML, like Gecko) Chrome/87.0.4280.90 Mobile Safari/537.36 (compatible; Googlebot/2.1; +http://www.google.com/bot.html)"
195.56.55.225 - - [08/Jan/2021:12:35:10 +0100] "GET /test.html HTTP/1.1" 200 56 "-" "monit/4.6"
195.56.55.225 - - [08/Jan/2021:12:37:13 +0100] "GET /test.html HTTP/1.1" 200 56 "-" "monit/4.6"
76.64.206.33 - - [08/Jan/2021:12:38:10 +0100] "GET / HTTP/1.1" 200 1155 "-" "Mozilla/5.0 (Windows NT 10.0; WOW64) AppleWebKit/537.36 (KHTML, like Gecko) Chrome/52.0.2743.116 Safari/537.36"
209.17.96.114 - - [08/Jan/2021:12:38:55 +0100] "GET / HTTP/1.1" 200 1155 "-" "Mozilla/5.0 (compatible; Nimbostratus-Bot/v1.3.2; http://cloudsystemnetworks.com)"
195.56.55.225 - - [08/Jan/2021:12:39:16 +0100] "GET /test.html HTTP/1.1" 200 56 "-" "monit/4.6"
149.28.250.19 - - [08/Jan/2021:12:40:37 +0100] "GET /.env HTTP/1.1" 404 280 "-" "IDBTE4M CODE87"
149.28.250.19 - - [08/Jan/2021:12:40:37 +0100] "POST / HTTP/1.1" 405 310 "-" "IDBTE4M CODE87"
195.56.55.225 - - [08/Jan/2021:12:41:20 +0100] "GET /test.html HTTP/1.1" 200 56 "-" "monit/4.6"
195.56.55.225 - - [08/Jan/2021:12:43:23 +0100] "GET /test.html HTTP/1.1" 200 56 "-" "monit/4.6"
66.249.64.89 - - [08/Jan/2021:12:44:41 +0100] "GET /event/2009/02/14/day/all/all HTTP/1.1" 404 320 "-" "Mozilla/5.0 (Linux; Android 6.0.1; Nexus 5X Build/MMB29P) AppleWebKit/537.36 (KHTML, like Gecko) Chrome/87.0.4280.90 Mobile Safari/537.36 (compatible; Googlebot/2.1; +http://www.google.com/bot.html)"
195.56.55.225 - - [08/Jan/2021:12:45:28 +0100] "GET /test.html HTTP/1.1" 200 56 "-" "monit/4.6"
128.14.133.58 - - [08/Jan/2021:12:46:33 +0100] "GET / HTTP/1.1" 200 1155 "-" "Mozilla/5.0 (Windows NT 10.0; Win64; x64) AppleWebKit/537.36 (KHTML, like Gecko) Chrome/60.0.3112.113 Safari/537.36"
195.56.55.225 - - [08/Jan/2021:12:47:31 +0100] "GET /test.html HTTP/1.1" 200 56 "-" "monit/4.6"
195.56.55.225 - - [08/Jan/2021:12:49:34 +0100] "GET /test.html HTTP/1.1" 200 56 "-" "monit/4.6"
195.56.55.225 - - [08/Jan/2021:12:51:37 +0100] "GET /test.html HTTP/1.1" 200 56 "-" "monit/4.6"
195.56.55.225 - - [08/Jan/2021:12:53:40 +0100] "GET /test.html HTTP/1.1" 200 56 "-" "monit/4.6"
66.249.64.88 - - [08/Jan/2021:12:54:50 +0100] "GET /event/2017/06/07/day/all/all HTTP/1.1" 404 320 "-" "Mozilla/5.0 (Linux; Android 6.0.1; Nexus 5X Build/MMB29P) AppleWebKit/537.36 (KHTML, like Gecko) Chrome/87.0.4280.90 Mobile Safari/537.36 (compatible; Googlebot/2.1; +http://www.google.com/bot.html)"
66.249.64.60 - - [08/Jan/2021:12:54:51 +0100] "GET /event/2009/09/18/table/all/all HTTP/1.1" 404 318 "-" "Mozilla/5.0 (Linux; Android 6.0.1; Nexus 5X Build/MMB29P) AppleWebKit/537.36 (KHTML, like Gecko) Chrome/87.0.4280.90 Mobile Safari/537.36 (compatible; Googlebot/2.1; +http://www.google.com/bot.html)"
167.114.175.39 - - [08/Jan/2021:12:55:17 +0100] "GET / HTTP/1.1" 200 1155 "-" "Mozilla/5.0 (Macintosh; Intel Mac OS X 10_15_7) AppleWebKit/537.36 (KHTML, like Gecko) Chrome/85.0.4183.121 Safari/537.36"
195.56.55.225 - - [08/Jan/2021:12:55:43 +0100] "GET /test.html HTTP/1.1" 200 56 "-" "monit/4.6"
195.56.55.225 - - [08/Jan/2021:12:57:46 +0100] "GET /test.html HTTP/1.1" 200 56 "-" "monit/4.6"
74.50.136.70 - - [08/Jan/2021:12:59:11 +0100] "GET / HTTP/1.1" 200 1155 "-" "Mozilla/5.0 (Windows NT 6.1; WOW64) AppleWebKit/537.36 (KHTML, like Gecko) Chrome/51.0.2704.103 Safari/537.36"
195.56.55.225 - - [08/Jan/2021:12:59:50 +0100] "GET /test.html HTTP/1.1" 200 56 "-" "monit/4.6"
195.56.55.225 - - [08/Jan/2021:13:01:54 +0100] "GET /test.html HTTP/1.1" 200 56 "-" "monit/4.6"
195.56.55.225 - - [08/Jan/2021:13:03:57 +0100] "GET /test.html HTTP/1.1" 200 56 "-" "monit/4.6"
66.249.64.33 - - [08/Jan/2021:13:05:01 +0100] "GET /event/2018/11/18/day/all/all HTTP/1.1" 404 316 "-" "Mozilla/5.0 (Linux; Android 6.0.1; Nexus 5X Build/MMB29P) AppleWebKit/537.36 (KHTML, like Gecko) Chrome/87.0.4280.90 Mobile Safari/537.36 (compatible; Googlebot/2.1; +http://www.google.com/bot.html)"
66.249.64.89 - - [08/Jan/2021:13:05:03 +0100] "GET /event/2008/10/26/table/all/all HTTP/1.1" 404 322 "-" "Mozilla/5.0 (Linux; Android 6.0.1; Nexus 5X Build/MMB29P) AppleWebKit/537.36 (KHTML, like Gecko) Chrome/87.0.4280.90 Mobile Safari/537.36 (compatible; Googlebot/2.1; +http://www.google.com/bot.html)"
195.56.55.225 - - [08/Jan/2021:13:06:00 +0100] "GET /test.html HTTP/1.1" 200 56 "-" "monit/4.6"
195.56.55.225 - - [08/Jan/2021:13:08:03 +0100] "GET /test.html HTTP/1.1" 200 56 "-" "monit/4.6"
94.102.49.193 - - [08/Jan/2021:13:08:54 +0100] "GET / HTTP/1.1" 200 1155 "-" "Mozilla/5.0 (Windows NT 6.1) AppleWebKit/537.36 (KHTML, like Gecko) Chrome/41.0.2228.0 Safari/537.36"
94.102.49.193 - - [08/Jan/2021:13:09:05 +0100] "GET /robots.txt HTTP/1.1" 404 294 "-" "-"
195.56.55.225 - - [08/Jan/2021:13:10:07 +0100] "GET /test.html HTTP/1.1" 200 56 "-" "monit/4.6"
91.104.86.45 - - [08/Jan/2021:13:11:51 +0100] "-" 408 - "-" "-"
195.56.55.225 - - [08/Jan/2021:13:12:10 +0100] "GET /test.html HTTP/1.1" 200 56 "-" "monit/4.6"
195.56.55.225 - - [08/Jan/2021:13:14:13 +0100] "GET /test.html HTTP/1.1" 200 56 "-" "monit/4.6"
66.249.64.89 - - [08/Jan/2021:13:14:59 +0100] "GET /event/2019/04/20/week/all/all/1 HTTP/1.1" 404 323 "-" "Mozilla/5.0 (Linux; Android 6.0.1; Nexus 5X Build/MMB29P) AppleWebKit/537.36 (KHTML, like Gecko) Chrome/87.0.4280.90 Mobile Safari/537.36 (compatible; Googlebot/2.1; +http://www.google.com/bot.html)"
66.249.64.33 - - [08/Jan/2021:13:15:01 +0100] "GET /event/2018/10/28/week/all/all/1 HTTP/1.1" 404 319 "-" "Mozilla/5.0 (Linux; Android 6.0.1; Nexus 5X Build/MMB29P) AppleWebKit/537.36 (KHTML, like Gecko) Chrome/87.0.4280.90 Mobile Safari/537.36 (compatible; Googlebot/2.1; +http://www.google.com/bot.html)"
195.56.55.225 - - [08/Jan/2021:13:16:16 +0100] "GET /test.html HTTP/1.1" 200 56 "-" "monit/4.6"
195.56.55.225 - - [08/Jan/2021:13:18:20 +0100] "GET /test.html HTTP/1.1" 200 56 "-" "monit/4.6"
195.56.55.225 - - [08/Jan/2021:13:20:24 +0100] "GET /test.html HTTP/1.1" 200 56 "-" "monit/4.6"
209.17.96.130 - - [08/Jan/2021:13:20:44 +0100] "GET / HTTP/1.1" 200 1155 "-" "Mozilla/5.0 (compatible; Nimbostratus-Bot/v1.3.2; http://cloudsystemnetworks.com)"
195.56.55.225 - - [08/Jan/2021:13:22:27 +0100] "GET /test.html HTTP/1.1" 200 56 "-" "monit/4.6"
195.56.55.225 - - [08/Jan/2021:13:24:36 +0100] "GET /test.html HTTP/1.1" 200 56 "-" "monit/4.6"
66.249.64.33 - - [08/Jan/2021:13:25:01 +0100] "GET /event/2018/12/28/day/all/all HTTP/1.1" 404 316 "-" "Mozilla/5.0 (Linux; Android 6.0.1; Nexus 5X Build/MMB29P) AppleWebKit/537.36 (KHTML, like Gecko) Chrome/87.0.4280.90 Mobile Safari/537.36 (compatible; Googlebot/2.1; +http://www.google.com/bot.html)"
66.249.64.62 - - [08/Jan/2021:13:25:03 +0100] "GET /event/2008/09/18/day/all/all HTTP/1.1" 404 316 "-" "Mozilla/5.0 (Linux; Android 6.0.1; Nexus 5X Build/MMB29P) AppleWebKit/537.36 (KHTML, like Gecko) Chrome/87.0.4280.90 Mobile Safari/537.36 (compatible; Googlebot/2.1; +http://www.google.com/bot.html)"
71.6.165.200 - - [08/Jan/2021:13:26:38 +0100] "GET / HTTP/1.1" 200 1155 "-" "Mozilla/5.0 (Windows NT 6.1) AppleWebKit/537.36 (KHTML, like Gecko) Chrome/41.0.2228.0 Safari/537.36"
195.56.55.225 - - [08/Jan/2021:13:26:40 +0100] "GET /test.html HTTP/1.1" 200 56 "-" "monit/4.6"
71.6.165.200 - - [08/Jan/2021:13:26:43 +0100] "GET /robots.txt HTTP/1.1" 404 295 "-" "-"
71.6.165.200 - - [08/Jan/2021:13:26:45 +0100] "GET /sitemap.xml HTTP/1.1" 404 296 "-" "-"
71.6.165.200 - - [08/Jan/2021:13:26:48 +0100] "GET /.well-known/security.txt HTTP/1.1" 404 309 "-" "-"
71.6.165.200 - - [08/Jan/2021:13:26:50 +0100] "GET /favicon.ico HTTP/1.1" 404 296 "-" "Mozilla/5.0 (Macintosh; Intel Mac OS X 10.15; rv:80.0) Gecko/20100101 Firefox/80.0"
195.56.55.225 - - [08/Jan/2021:13:28:48 +0100] "GET /test.html HTTP/1.1" 200 56 "-" "monit/4.6"
195.56.55.225 - - [08/Jan/2021:13:30:51 +0100] "GET /test.html HTTP/1.1" 200 56 "-" "monit/4.6"
77.74.30.233 - - [08/Jan/2021:13:31:28 +0100] "GET / HTTP/1.1" 200 1155 "-" "Mozilla/5.0 (Windows NT 10.0; WOW64) AppleWebKit/537.36 (KHTML, like Gecko) Chrome/52.0.2743.116 Safari/537.36"
195.56.55.225 - - [08/Jan/2021:13:32:54 +0100] "GET /test.html HTTP/1.1" 200 56 "-" "monit/4.6"
195.56.55.225 - - [08/Jan/2021:13:34:57 +0100] "GET /test.html HTTP/1.1" 200 56 "-" "monit/4.6"
66.249.64.33 - - [08/Jan/2021:13:35:11 +0100] "GET /event/2010/10/07/table/all/all HTTP/1.1" 404 318 "-" "Mozilla/5.0 (Linux; Android 6.0.1; Nexus 5X Build/MMB29P) AppleWebKit/537.36 (KHTML, like Gecko) Chrome/87.0.4280.90 Mobile Safari/537.36 (compatible; Googlebot/2.1; +http://www.google.com/bot.html)"
66.249.64.62 - - [08/Jan/2021:13:35:12 +0100] "GET /event/2017/07/04/month/all/all HTTP/1.1" 404 318 "-" "Mozilla/5.0 (Linux; Android 6.0.1; Nexus 5X Build/MMB29P) AppleWebKit/537.36 (KHTML, like Gecko) Chrome/87.0.4280.90 Mobile Safari/537.36 (compatible; Googlebot/2.1; +http://www.google.com/bot.html)"
195.56.55.225 - - [08/Jan/2021:13:37:00 +0100] "GET /test.html HTTP/1.1" 200 56 "-" "monit/4.6"
195.56.55.225 - - [08/Jan/2021:13:39:04 +0100] "GET /test.html HTTP/1.1" 200 56 "-" "monit/4.6"
195.56.55.225 - - [08/Jan/2021:13:41:07 +0100] "GET /test.html HTTP/1.1" 200 56 "-" "monit/4.6"
195.56.55.225 - - [08/Jan/2021:13:43:10 +0100] "GET /test.html HTTP/1.1" 200 56 "-" "monit/4.6"
61.219.11.153 - - [08/Jan/2021:13:43:55 +0100] "\x01\x02\x03\x04" 501 - "-" "-"
61.219.11.153 - - [08/Jan/2021:13:43:55 +0100] "\x01\x02\x03\x04" 501 - "-" "-"
66.249.64.33 - - [08/Jan/2021:13:45:10 +0100] "GET /event/2008/12/26/day/all/all HTTP/1.1" 404 316 "-" "Mozilla/5.0 (Linux; Android 6.0.1; Nexus 5X Build/MMB29P) AppleWebKit/537.36 (KHTML, like Gecko) Chrome/87.0.4280.90 Mobile Safari/537.36 (compatible; Googlebot/2.1; +http://www.google.com/bot.html)"
66.249.64.60 - - [08/Jan/2021:13:45:11 +0100] "GET /event/2017/03/27/table/all/all HTTP/1.1" 404 318 "-" "Mozilla/5.0 (Linux; Android 6.0.1; Nexus 5X Build/MMB29P) AppleWebKit/537.36 (KHTML, like Gecko) Chrome/87.0.4280.90 Mobile Safari/537.36 (compatible; Googlebot/2.1; +http://www.google.com/bot.html)"
66.249.64.60 - - [08/Jan/2021:13:45:11 +0100] "GET /event/2009/01/02/day/all/all/1 HTTP/1.1" 404 318 "-" "Mozilla/5.0 (Linux; Android 6.0.1; Nexus 5X Build/MMB29P) AppleWebKit/537.36 (KHTML, like Gecko) Chrome/87.0.4280.90 Mobile Safari/537.36 (compatible; Googlebot/2.1; +http://www.google.com/bot.html)"
195.56.55.225 - - [08/Jan/2021:13:45:14 +0100] "GET /test.html HTTP/1.1" 200 56 "-" "monit/4.6"
195.56.55.225 - - [08/Jan/2021:13:47:17 +0100] "GET /test.html HTTP/1.1" 200 56 "-" "monit/4.6"
195.56.55.225 - - [08/Jan/2021:13:49:21 +0100] "GET /test.html HTTP/1.1" 200 56 "-" "monit/4.6"
195.56.55.225 - - [08/Jan/2021:13:51:25 +0100] "GET /test.html HTTP/1.1" 200 56 "-" "monit/4.6"
94.102.49.193 - - [08/Jan/2021:13:51:26 +0100] "GET / HTTP/1.1" 200 1155 "-" "Mozilla/5.0 (Windows NT 6.1) AppleWebKit/537.36 (KHTML, like Gecko) Chrome/41.0.2228.0 Safari/537.36"
94.102.49.193 - - [08/Jan/2021:13:51:29 +0100] "GET /robots.txt HTTP/1.1" 404 286 "-" "-"
94.102.49.193 - - [08/Jan/2021:13:51:32 +0100] "GET /sitemap.xml HTTP/1.1" 404 287 "-" "-"
149.28.250.19 - - [08/Jan/2021:13:51:33 +0100] "GET /.env HTTP/1.1" 404 280 "-" "IDBTE4M CODE87"
149.28.250.19 - - [08/Jan/2021:13:51:34 +0100] "POST / HTTP/1.1" 405 310 "-" "IDBTE4M CODE87"
94.102.49.193 - - [08/Jan/2021:13:51:34 +0100] "GET /.well-known/security.txt HTTP/1.1" 404 300 "-" "-"
94.102.49.193 - - [08/Jan/2021:13:51:37 +0100] "GET /favicon.ico HTTP/1.1" 404 287 "-" "Mozilla/5.0 (Macintosh; Intel Mac OS X 10.15; rv:80.0) Gecko/20100101 Firefox/80.0"
195.56.55.225 - - [08/Jan/2021:13:53:28 +0100] "GET /test.html HTTP/1.1" 200 56 "-" "monit/4.6"
209.141.60.195 - - [08/Jan/2021:13:53:40 +0100] "GET /config/getuser?index=0 HTTP/1.1" 404 290 "-" "Mozilla/5.0 (X11; Ubuntu; Linux x86_64; rv:76.0) Gecko/20100101 Firefox/76.0"
66.249.64.62 - - [08/Jan/2021:13:55:10 +0100] "GET /event/2008/05/06/week/all/all/1 HTTP/1.1" 404 319 "-" "Mozilla/5.0 (Linux; Android 6.0.1; Nexus 5X Build/MMB29P) AppleWebKit/537.36 (KHTML, like Gecko) Chrome/87.0.4280.90 Mobile Safari/537.36 (compatible; Googlebot/2.1; +http://www.google.com/bot.html)"
66.249.64.88 - - [08/Jan/2021:13:55:11 +0100] "GET /event/2019/12/07/table/all/all HTTP/1.1" 404 322 "-" "Mozilla/5.0 (Linux; Android 6.0.1; Nexus 5X Build/MMB29P) AppleWebKit/537.36 (KHTML, like Gecko) Chrome/87.0.4280.90 Mobile Safari/537.36 (compatible; Googlebot/2.1; +http://www.google.com/bot.html)"
209.17.97.58 - - [08/Jan/2021:13:55:22 +0100] "GET / HTTP/1.1" 200 1155 "-" "Mozilla/5.0 (compatible; Nimbostratus-Bot/v1.3.2; http://cloudsystemnetworks.com)"
195.56.55.225 - - [08/Jan/2021:13:55:31 +0100] "GET /test.html HTTP/1.1" 200 56 "-" "monit/4.6"
66.249.64.87 - - [08/Jan/2021:13:55:47 +0100] "GET /event/2009/02/05/month/all/all HTTP/1.1" 404 322 "-" "Mozilla/5.0 (Linux; Android 6.0.1; Nexus 5X Build/MMB29P) AppleWebKit/537.36 (KHTML, like Gecko) Chrome/87.0.4280.90 Mobile Safari/537.36 (compatible; Googlebot/2.1; +http://www.google.com/bot.html)"
195.56.55.225 - - [08/Jan/2021:13:57:34 +0100] "GET /test.html HTTP/1.1" 200 56 "-" "monit/4.6"
188.156.235.151 - - [08/Jan/2021:13:59:23 +0100] "-" 408 - "-" "-"
195.56.55.225 - - [08/Jan/2021:13:59:40 +0100] "GET /test.html HTTP/1.1" 200 56 "-" "monit/4.6"
195.56.55.225 - - [08/Jan/2021:14:01:43 +0100] "GET /test.html HTTP/1.1" 200 56 "-" "monit/4.6"
94.199.51.195 - - [08/Jan/2021:14:02:21 +0100] "HEAD / HTTP/1.1" 200 0 "-" "libwww-perl/5.834"
195.56.55.225 - - [08/Jan/2021:14:03:46 +0100] "GET /test.html HTTP/1.1" 200 56 "-" "monit/4.6"
66.102.8.121 - - [08/Jan/2021:14:04:02 +0100] "GET / HTTP/1.1" 304 - "-" "FeedFetcher-Google; (+http://www.google.com/feedfetcher.html)"
66.249.64.88 - - [08/Jan/2021:14:05:06 +0100] "GET /event/2019/04/01/week/all/all HTTP/1.1" 404 321 "-" "Mozilla/5.0 (Linux; Android 6.0.1; Nexus 5X Build/MMB29P) AppleWebKit/537.36 (KHTML, like Gecko) Chrome/87.0.4280.90 Mobile Safari/537.36 (compatible; Googlebot/2.1; +http://www.google.com/bot.html)"
195.56.55.225 - - [08/Jan/2021:14:05:50 +0100] "GET /test.html HTTP/1.1" 200 56 "-" "monit/4.6"
195.56.55.225 - - [08/Jan/2021:14:07:53 +0100] "GET /test.html HTTP/1.1" 200 56 "-" "monit/4.6"
195.56.55.225 - - [08/Jan/2021:14:09:57 +0100] "GET /test.html HTTP/1.1" 200 56 "-" "monit/4.6"
209.17.97.2 - - [08/Jan/2021:14:11:06 +0100] "GET / HTTP/1.1" 200 1155 "-" "Mozilla/5.0 (compatible; Nimbostratus-Bot/v1.3.2; http://cloudsystemnetworks.com)"
37.46.150.7 - - [08/Jan/2021:14:11:50 +0100] "HEAD / HTTP/1.0" 200 0 "-" "-"
195.56.55.225 - - [08/Jan/2021:14:12:00 +0100] "GET /test.html HTTP/1.1" 200 56 "-" "monit/4.6"
195.56.55.225 - - [08/Jan/2021:14:14:03 +0100] "GET /test.html HTTP/1.1" 200 56 "-" "monit/4.6"
66.249.64.60 - - [08/Jan/2021:14:15:00 +0100] "GET /event/2016/08/14/week/all/all HTTP/1.1" 404 317 "-" "Mozilla/5.0 (Linux; Android 6.0.1; Nexus 5X Build/MMB29P) AppleWebKit/537.36 (KHTML, like Gecko) Chrome/87.0.4280.90 Mobile Safari/537.36 (compatible; Googlebot/2.1; +http://www.google.com/bot.html)"
66.249.64.33 - - [08/Jan/2021:14:15:02 +0100] "GET /event/2018/04/09/day/all/all HTTP/1.1" 404 316 "-" "Mozilla/5.0 (Linux; Android 6.0.1; Nexus 5X Build/MMB29P) AppleWebKit/537.36 (KHTML, like Gecko) Chrome/87.0.4280.90 Mobile Safari/537.36 (compatible; Googlebot/2.1; +http://www.google.com/bot.html)"
209.17.96.242 - - [08/Jan/2021:14:15:09 +0100] "GET / HTTP/1.1" 200 1155 "-" "Mozilla/5.0 (compatible; Nimbostratus-Bot/v1.3.2; http://cloudsystemnetworks.com)"
195.56.55.225 - - [08/Jan/2021:14:16:06 +0100] "GET /test.html HTTP/1.1" 200 56 "-" "monit/4.6"
84.236.24.182 - - [08/Jan/2021:14:16:19 +0100] "-" 408 - "-" "-"
84.236.24.182 - - [08/Jan/2021:14:16:19 +0100] "-" 408 - "-" "-"
195.56.55.225 - - [08/Jan/2021:14:18:10 +0100] "GET /test.html HTTP/1.1" 200 56 "-" "monit/4.6"
195.56.55.225 - - [08/Jan/2021:14:20:12 +0100] "GET /test.html HTTP/1.1" 200 56 "-" "monit/4.6"
107.6.168.210 - - [08/Jan/2021:14:22:07 +0100] "GET / HTTP/1.1" 200 1155 "-" "Mozilla/5.0 (Windows NT 10.0; WOW64) AppleWebKit/537.36 (KHTML, like Gecko) Chrome/66.0.3359.117 Safari/537.36"
195.56.55.225 - - [08/Jan/2021:14:22:15 +0100] "GET /test.html HTTP/1.1" 200 56 "-" "monit/4.6"
195.56.55.225 - - [08/Jan/2021:14:24:47 +0100] "GET /test.html HTTP/1.1" 200 56 "-" "monit/4.6"
66.249.64.33 - - [08/Jan/2021:14:25:02 +0100] "GET /event/2019/01/06/table/all/all HTTP/1.1" 404 318 "-" "Mozilla/5.0 (Linux; Android 6.0.1; Nexus 5X Build/MMB29P) AppleWebKit/537.36 (KHTML, like Gecko) Chrome/87.0.4280.90 Mobile Safari/537.36 (compatible; Googlebot/2.1; +http://www.google.com/bot.html)"
66.249.64.62 - - [08/Jan/2021:14:25:03 +0100] "GET /event/2019/01/10/table/all/all HTTP/1.1" 404 318 "-" "Mozilla/5.0 (Linux; Android 6.0.1; Nexus 5X Build/MMB29P) AppleWebKit/537.36 (KHTML, like Gecko) Chrome/87.0.4280.90 Mobile Safari/537.36 (compatible; Googlebot/2.1; +http://www.google.com/bot.html)"
66.249.64.62 - - [08/Jan/2021:14:25:03 +0100] "GET /event/2019/01/10/table/all/all HTTP/1.1" 404 318 "-" "Mozilla/5.0 (Linux; Android 6.0.1; Nexus 5X Build/MMB29P) AppleWebKit/537.36 (KHTML, like Gecko) Chrome/87.0.4280.90 Mobile Safari/537.36 (compatible; Googlebot/2.1; +http://www.google.com/bot.html)"
195.56.55.225 - - [08/Jan/2021:14:26:51 +0100] "GET /test.html HTTP/1.1" 200 56 "-" "monit/4.6"
195.56.55.225 - - [08/Jan/2021:14:28:55 +0100] "GET /test.html HTTP/1.1" 200 56 "-" "monit/4.6"
195.56.55.225 - - [08/Jan/2021:14:30:58 +0100] "GET /test.html HTTP/1.1" 200 56 "-" "monit/4.6"
172.93.102.236 - - [08/Jan/2021:14:31:11 +0100] "HEAD /robots.txt HTTP/1.0" 404 0 "-" "-"
172.93.102.236 - - [08/Jan/2021:14:31:25 +0100] "HEAD /robots.txt HTTP/1.0" 404 0 "-" "-"
195.56.55.225 - - [08/Jan/2021:14:33:01 +0100] "GET /test.html HTTP/1.1" 200 56 "-" "monit/4.6"
195.56.55.225 - - [08/Jan/2021:14:35:04 +0100] "GET /test.html HTTP/1.1" 200 56 "-" "monit/4.6"
66.249.64.62 - - [08/Jan/2021:14:35:11 +0100] "GET /event/2009/04/10/table/all/all HTTP/1.1" 404 318 "-" "Mozilla/5.0 (Linux; Android 6.0.1; Nexus 5X Build/MMB29P) AppleWebKit/537.36 (KHTML, like Gecko) Chrome/87.0.4280.90 Mobile Safari/537.36 (compatible; Googlebot/2.1; +http://www.google.com/bot.html)"
66.249.64.88 - - [08/Jan/2021:14:35:12 +0100] "GET /event/2010/09/04/day/all/all HTTP/1.1" 404 320 "-" "Mozilla/5.0 (Linux; Android 6.0.1; Nexus 5X Build/MMB29P) AppleWebKit/537.36 (KHTML, like Gecko) Chrome/87.0.4280.90 Mobile Safari/537.36 (compatible; Googlebot/2.1; +http://www.google.com/bot.html)"
66.249.70.112 - - [08/Jan/2021:14:35:13 +0100] "GET /virtualvisualvulgar/centrum/pages/20041107%20014.htm HTTP/1.1" 404 323 "-" "Mozilla/5.0 (Linux; Android 6.0.1; Nexus 5X Build/MMB29P) AppleWebKit/537.36 (KHTML, like Gecko) Chrome/87.0.4280.90 Mobile Safari/537.36 (compatible; Googlebot/2.1; +http://www.google.com/bot.html)"
195.56.55.225 - - [08/Jan/2021:14:37:09 +0100] "GET /test.html HTTP/1.1" 200 56 "-" "monit/4.6"
45.130.240.226 - - [08/Jan/2021:14:39:10 +0100] "-" 408 - "-" "-"
195.56.55.225 - - [08/Jan/2021:14:39:12 +0100] "GET /test.html HTTP/1.1" 200 56 "-" "monit/4.6"
195.56.55.225 - - [08/Jan/2021:14:41:15 +0100] "GET /test.html HTTP/1.1" 200 56 "-" "monit/4.6"
195.56.55.225 - - [08/Jan/2021:14:43:18 +0100] "GET /test.html HTTP/1.1" 200 56 "-" "monit/4.6"
13.66.139.122 - - [08/Jan/2021:14:44:17 +0100] "GET / HTTP/1.1" 200 1155 "-" "Mozilla/5.0 (compatible; bingbot/2.0; +http://www.bing.com/bingbot.htm)"
213.163.48.2 - - [08/Jan/2021:14:44:49 +0100] "-" 408 - "-" "-"
195.56.55.225 - - [08/Jan/2021:14:45:21 +0100] "GET /test.html HTTP/1.1" 200 56 "-" "monit/4.6"
66.249.64.87 - - [08/Jan/2021:14:45:23 +0100] "GET /event/2008/05/07/table/all/all HTTP/1.1" 404 322 "-" "Mozilla/5.0 (Linux; Android 6.0.1; Nexus 5X Build/MMB29P) AppleWebKit/537.36 (KHTML, like Gecko) Chrome/87.0.4280.90 Mobile Safari/537.36 (compatible; Googlebot/2.1; +http://www.google.com/bot.html)"
190.94.138.47 - - [08/Jan/2021:14:46:24 +0100] "GET / HTTP/1.1" 200 1155 "-" "Mozilla/5.0 (Windows NT 10.0; WOW64) AppleWebKit/537.36 (KHTML, like Gecko) Chrome/51.0.2704.103 Safari/537.36"
195.56.55.225 - - [08/Jan/2021:14:47:24 +0100] "GET /test.html HTTP/1.1" 200 56 "-" "monit/4.6"
195.56.55.225 - - [08/Jan/2021:14:49:27 +0100] "GET /test.html HTTP/1.1" 200 56 "-" "monit/4.6"
195.56.55.225 - - [08/Jan/2021:14:51:32 +0100] "GET /test.html HTTP/1.1" 200 56 "-" "monit/4.6"
195.56.55.225 - - [08/Jan/2021:14:53:35 +0100] "GET /test.html HTTP/1.1" 200 56 "-" "monit/4.6"
66.249.64.88 - - [08/Jan/2021:14:55:22 +0100] "GET /event/2008/08/04/day/all/all HTTP/1.1" 404 320 "-" "Mozilla/5.0 (Linux; Android 6.0.1; Nexus 5X Build/MMB29P) AppleWebKit/537.36 (KHTML, like Gecko) Chrome/87.0.4280.90 Mobile Safari/537.36 (compatible; Googlebot/2.1; +http://www.google.com/bot.html)"
195.56.55.225 - - [08/Jan/2021:14:55:38 +0100] "GET /test.html HTTP/1.1" 200 56 "-" "monit/4.6"
195.56.55.225 - - [08/Jan/2021:14:57:41 +0100] "GET /test.html HTTP/1.1" 200 56 "-" "monit/4.6"
195.56.55.225 - - [08/Jan/2021:14:59:45 +0100] "GET /test.html HTTP/1.1" 200 56 "-" "monit/4.6"
195.56.55.225 - - [08/Jan/2021:15:01:48 +0100] "GET /test.html HTTP/1.1" 200 56 "-" "monit/4.6"
209.17.96.242 - - [08/Jan/2021:15:02:43 +0100] "GET / HTTP/1.1" 200 1155 "-" "Mozilla/5.0 (compatible; Nimbostratus-Bot/v1.3.2; http://cloudsystemnetworks.com)"
195.56.55.225 - - [08/Jan/2021:15:03:51 +0100] "GET /test.html HTTP/1.1" 200 56 "-" "monit/4.6"
66.249.64.89 - - [08/Jan/2021:15:05:21 +0100] "GET /event/2019/12/06/day/all/all HTTP/1.1" 404 320 "-" "Mozilla/5.0 (Linux; Android 6.0.1; Nexus 5X Build/MMB29P) AppleWebKit/537.36 (KHTML, like Gecko) Chrome/87.0.4280.90 Mobile Safari/537.36 (compatible; Googlebot/2.1; +http://www.google.com/bot.html)"
66.249.64.62 - - [08/Jan/2021:15:05:23 +0100] "GET /event/2009/05/16/day/all/all/1 HTTP/1.1" 404 318 "-" "Mozilla/5.0 (Linux; Android 6.0.1; Nexus 5X Build/MMB29P) AppleWebKit/537.36 (KHTML, like Gecko) Chrome/87.0.4280.90 Mobile Safari/537.36 (compatible; Googlebot/2.1; +http://www.google.com/bot.html)"
195.56.55.225 - - [08/Jan/2021:15:05:55 +0100] "GET /test.html HTTP/1.1" 200 56 "-" "monit/4.6"
195.56.55.225 - - [08/Jan/2021:15:07:59 +0100] "GET /test.html HTTP/1.1" 200 56 "-" "monit/4.6"
66.249.70.114 - - [08/Jan/2021:15:08:12 +0100] "GET /robots.txt HTTP/1.1" 404 295 "-" "Mozilla/5.0 (compatible; Googlebot/2.1; +http://www.google.com/bot.html)"
66.249.70.112 - - [08/Jan/2021:15:08:13 +0100] "GET /vilagrol_almodunk.htm HTTP/1.1" 404 306 "-" "Mozilla/5.0 (Linux; Android 6.0.1; Nexus 5X Build/MMB29P) AppleWebKit/537.36 (KHTML, like Gecko) Chrome/87.0.4280.90 Mobile Safari/537.36 (compatible; Googlebot/2.1; +http://www.google.com/bot.html)"
195.56.55.225 - - [08/Jan/2021:15:10:04 +0100] "GET /test.html HTTP/1.1" 200 56 "-" "monit/4.6"
195.56.55.225 - - [08/Jan/2021:15:12:08 +0100] "GET /test.html HTTP/1.1" 200 56 "-" "monit/4.6"
195.56.55.225 - - [08/Jan/2021:15:14:11 +0100] "GET /test.html HTTP/1.1" 200 56 "-" "monit/4.6"
66.249.64.33 - - [08/Jan/2021:15:15:01 +0100] "GET /event/2009/01/29/table/all/all HTTP/1.1" 404 318 "-" "Mozilla/5.0 (Linux; Android 6.0.1; Nexus 5X Build/MMB29P) AppleWebKit/537.36 (KHTML, like Gecko) Chrome/87.0.4280.90 Mobile Safari/537.36 (compatible; Googlebot/2.1; +http://www.google.com/bot.html)"
66.249.64.87 - - [08/Jan/2021:15:15:03 +0100] "GET /event/2019/06/04/table/all/all HTTP/1.1" 404 322 "-" "Mozilla/5.0 (Linux; Android 6.0.1; Nexus 5X Build/MMB29P) AppleWebKit/537.36 (KHTML, like Gecko) Chrome/87.0.4280.90 Mobile Safari/537.36 (compatible; Googlebot/2.1; +http://www.google.com/bot.html)"
195.56.55.225 - - [08/Jan/2021:15:16:14 +0100] "GET /test.html HTTP/1.1" 200 56 "-" "monit/4.6"
195.56.55.225 - - [08/Jan/2021:15:18:17 +0100] "GET /test.html HTTP/1.1" 200 56 "-" "monit/4.6"
195.56.55.225 - - [08/Jan/2021:15:20:21 +0100] "GET /test.html HTTP/1.1" 200 56 "-" "monit/4.6"
195.56.55.225 - - [08/Jan/2021:15:22:24 +0100] "GET /test.html HTTP/1.1" 200 56 "-" "monit/4.6"
94.102.49.193 - - [08/Jan/2021:15:22:32 +0100] "GET / HTTP/1.1" 200 1155 "-" "Mozilla/5.0 (Windows NT 6.1) AppleWebKit/537.36 (KHTML, like Gecko) Chrome/41.0.2228.0 Safari/537.36"
94.102.49.193 - - [08/Jan/2021:15:22:33 +0100] "GET /robots.txt HTTP/1.1" 404 296 "-" "-"
195.56.55.225 - - [08/Jan/2021:15:24:33 +0100] "GET /test.html HTTP/1.1" 200 56 "-" "monit/4.6"
66.249.64.62 - - [08/Jan/2021:15:25:12 +0100] "GET /event/2018/05/21/table/all/all HTTP/1.1" 404 318 "-" "Mozilla/5.0 (Linux; Android 6.0.1; Nexus 5X Build/MMB29P) AppleWebKit/537.36 (KHTML, like Gecko) Chrome/87.0.4280.90 Mobile Safari/537.36 (compatible; Googlebot/2.1; +http://www.google.com/bot.html)"
66.249.64.62 - - [08/Jan/2021:15:25:13 +0100] "GET /event/2010/08/06/table/all/all HTTP/1.1" 404 318 "-" "Mozilla/5.0 (Linux; Android 6.0.1; Nexus 5X Build/MMB29P) AppleWebKit/537.36 (KHTML, like Gecko) Chrome/87.0.4280.90 Mobile Safari/537.36 (compatible; Googlebot/2.1; +http://www.google.com/bot.html)"
195.56.55.225 - - [08/Jan/2021:15:26:36 +0100] "GET /test.html HTTP/1.1" 200 56 "-" "monit/4.6"
192.241.222.233 - - [08/Jan/2021:15:27:17 +0100] "GET /manager/text/list HTTP/1.1" 404 293 "-" "Mozilla/5.0 zgrab/0.x"
198.143.185.10 - - [08/Jan/2021:15:27:39 +0100] "GET / HTTP/1.1" 200 1155 "-" "Mozilla/5.0 (Windows NT 10.0; WOW64) AppleWebKit/537.36 (KHTML, like Gecko) Chrome/66.0.3359.117 Safari/537.36"
195.56.55.225 - - [08/Jan/2021:15:28:39 +0100] "GET /test.html HTTP/1.1" 200 56 "-" "monit/4.6"
195.56.55.225 - - [08/Jan/2021:15:30:43 +0100] "GET /test.html HTTP/1.1" 200 56 "-" "monit/4.6"
195.56.55.225 - - [08/Jan/2021:15:32:46 +0100] "GET /test.html HTTP/1.1" 200 56 "-" "monit/4.6"
195.56.55.225 - - [08/Jan/2021:15:34:52 +0100] "GET /test.html HTTP/1.1" 200 56 "-" "monit/4.6"
66.249.64.62 - - [08/Jan/2021:15:35:23 +0100] "GET /event/2009/01/03/day/all/all HTTP/1.1" 404 316 "-" "Mozilla/5.0 (Linux; Android 6.0.1; Nexus 5X Build/MMB29P) AppleWebKit/537.36 (KHTML, like Gecko) Chrome/87.0.4280.90 Mobile Safari/537.36 (compatible; Googlebot/2.1; +http://www.google.com/bot.html)"
66.249.64.62 - - [08/Jan/2021:15:35:24 +0100] "GET /event/2010/10/21/day/all/all HTTP/1.1" 404 316 "-" "Mozilla/5.0 (Linux; Android 6.0.1; Nexus 5X Build/MMB29P) AppleWebKit/537.36 (KHTML, like Gecko) Chrome/87.0.4280.90 Mobile Safari/537.36 (compatible; Googlebot/2.1; +http://www.google.com/bot.html)"
195.56.55.225 - - [08/Jan/2021:15:36:57 +0100] "GET /test.html HTTP/1.1" 200 56 "-" "monit/4.6"
195.56.55.225 - - [08/Jan/2021:15:39:00 +0100] "GET /test.html HTTP/1.1" 200 56 "-" "monit/4.6"
195.56.55.225 - - [08/Jan/2021:15:41:04 +0100] "GET /test.html HTTP/1.1" 200 56 "-" "monit/4.6"
195.56.55.225 - - [08/Jan/2021:15:43:07 +0100] "GET /test.html HTTP/1.1" 200 56 "-" "monit/4.6"
66.249.64.62 - - [08/Jan/2021:15:44:28 +0100] "GET /event/2010/02/28/list/all/all HTTP/1.1" 404 317 "-" "Mozilla/5.0 (Linux; Android 6.0.1; Nexus 5X Build/MMB29P) AppleWebKit/537.36 (KHTML, like Gecko) Chrome/87.0.4280.90 Mobile Safari/537.36 (compatible; Googlebot/2.1; +http://www.google.com/bot.html)"
195.56.55.225 - - [08/Jan/2021:15:45:10 +0100] "GET /test.html HTTP/1.1" 200 56 "-" "monit/4.6"
66.249.64.87 - - [08/Jan/2021:15:45:31 +0100] "GET /event/2019/07/15/month/all/all HTTP/1.1" 404 322 "-" "Mozilla/5.0 (Linux; Android 6.0.1; Nexus 5X Build/MMB29P) AppleWebKit/537.36 (KHTML, like Gecko) Chrome/87.0.4280.90 Mobile Safari/537.36 (compatible; Googlebot/2.1; +http://www.google.com/bot.html)"
66.249.64.33 - - [08/Jan/2021:15:45:31 +0100] "GET /event/2017/07/04/day/all/all HTTP/1.1" 404 316 "-" "Mozilla/5.0 (Linux; Android 6.0.1; Nexus 5X Build/MMB29P) AppleWebKit/537.36 (KHTML, like Gecko) Chrome/87.0.4280.90 Mobile Safari/537.36 (compatible; Googlebot/2.1; +http://www.google.com/bot.html)"
195.56.55.225 - - [08/Jan/2021:15:47:14 +0100] "GET /test.html HTTP/1.1" 200 56 "-" "monit/4.6"
195.56.55.225 - - [08/Jan/2021:15:49:17 +0100] "GET /test.html HTTP/1.1" 200 56 "-" "monit/4.6"
107.6.162.34 - - [08/Jan/2021:15:49:42 +0100] "GET / HTTP/1.1" 200 1155 "-" "Mozilla/5.0 (Windows NT 10.0; WOW64) AppleWebKit/537.36 (KHTML, like Gecko) Chrome/66.0.3359.117 Safari/537.36"
195.56.55.225 - - [08/Jan/2021:15:51:21 +0100] "GET /test.html HTTP/1.1" 200 56 "-" "monit/4.6"
195.56.55.225 - - [08/Jan/2021:15:53:24 +0100] "GET /test.html HTTP/1.1" 200 56 "-" "monit/4.6"
195.56.55.225 - - [08/Jan/2021:15:55:29 +0100] "GET /test.html HTTP/1.1" 200 56 "-" "monit/4.6"
66.249.64.33 - - [08/Jan/2021:15:55:42 +0100] "GET /event/2008/09/18/table/all/all HTTP/1.1" 404 318 "-" "Mozilla/5.0 (Linux; Android 6.0.1; Nexus 5X Build/MMB29P) AppleWebKit/537.36 (KHTML, like Gecko) Chrome/87.0.4280.90 Mobile Safari/537.36 (compatible; Googlebot/2.1; +http://www.google.com/bot.html)"
66.249.64.33 - - [08/Jan/2021:15:55:44 +0100] "GET /event/2008/10/21/day/all/all HTTP/1.1" 404 316 "-" "Mozilla/5.0 (Linux; Android 6.0.1; Nexus 5X Build/MMB29P) AppleWebKit/537.36 (KHTML, like Gecko) Chrome/87.0.4280.90 Mobile Safari/537.36 (compatible; Googlebot/2.1; +http://www.google.com/bot.html)"
195.56.55.225 - - [08/Jan/2021:15:57:32 +0100] "GET /test.html HTTP/1.1" 200 56 "-" "monit/4.6"
195.56.55.225 - - [08/Jan/2021:15:59:35 +0100] "GET /test.html HTTP/1.1" 200 56 "-" "monit/4.6"
195.56.55.225 - - [08/Jan/2021:16:01:38 +0100] "GET /test.html HTTP/1.1" 200 56 "-" "monit/4.6"
195.56.55.225 - - [08/Jan/2021:16:03:41 +0100] "GET /test.html HTTP/1.1" 200 56 "-" "monit/4.6"
46.249.148.43 - - [08/Jan/2021:16:04:19 +0100] "-" 408 - "-" "-"
46.249.148.43 - - [08/Jan/2021:16:04:19 +0100] "-" 408 - "-" "-"
66.249.64.60 - - [08/Jan/2021:16:05:33 +0100] "GET /event/2009/03/20/day/all/all HTTP/1.1" 404 316 "-" "Mozilla/5.0 (Linux; Android 6.0.1; Nexus 5X Build/MMB29P) AppleWebKit/537.36 (KHTML, like Gecko) Chrome/87.0.4280.90 Mobile Safari/537.36 (compatible; Googlebot/2.1; +http://www.google.com/bot.html)"
195.56.55.225 - - [08/Jan/2021:16:05:45 +0100] "GET /test.html HTTP/1.1" 200 56 "-" "monit/4.6"
167.99.215.147 - - [08/Jan/2021:16:06:13 +0100] "POST /boaform/admin/formLogin HTTP/1.1" 404 299 "http://195.56.55.226:80/admin/login.asp" "Mozilla/5.0 (X11; Ubuntu; Linux x86_64; rv:71.0) Gecko/20100101 Firefox/71.0"
195.56.55.225 - - [08/Jan/2021:16:07:51 +0100] "GET /test.html HTTP/1.1" 200 56 "-" "monit/4.6"
209.17.96.186 - - [08/Jan/2021:16:08:01 +0100] "GET / HTTP/1.1" 200 1155 "-" "Mozilla/5.0 (compatible; Nimbostratus-Bot/v1.3.2; http://cloudsystemnetworks.com)"
195.56.55.225 - - [08/Jan/2021:16:09:54 +0100] "GET /test.html HTTP/1.1" 200 56 "-" "monit/4.6"
209.17.96.82 - - [08/Jan/2021:16:10:38 +0100] "GET / HTTP/1.1" 200 1155 "-" "Mozilla/5.0 (compatible; Nimbostratus-Bot/v1.3.2; http://cloudsystemnetworks.com)"
195.56.55.225 - - [08/Jan/2021:16:11:58 +0100] "GET /test.html HTTP/1.1" 200 56 "-" "monit/4.6"
195.56.55.225 - - [08/Jan/2021:16:14:01 +0100] "GET /test.html HTTP/1.1" 200 56 "-" "monit/4.6"
66.249.64.88 - - [08/Jan/2021:16:15:41 +0100] "GET /event/2008/08/16/week/all/all HTTP/1.1" 404 321 "-" "Mozilla/5.0 (Linux; Android 6.0.1; Nexus 5X Build/MMB29P) AppleWebKit/537.36 (KHTML, like Gecko) Chrome/87.0.4280.90 Mobile Safari/537.36 (compatible; Googlebot/2.1; +http://www.google.com/bot.html)"
195.56.55.225 - - [08/Jan/2021:16:16:05 +0100] "GET /test.html HTTP/1.1" 200 56 "-" "monit/4.6"
195.56.55.225 - - [08/Jan/2021:16:18:08 +0100] "GET /test.html HTTP/1.1" 200 56 "-" "monit/4.6"
195.56.55.225 - - [08/Jan/2021:16:20:11 +0100] "GET /test.html HTTP/1.1" 200 56 "-" "monit/4.6"
195.56.55.225 - - [08/Jan/2021:16:22:14 +0100] "GET /test.html HTTP/1.1" 200 56 "-" "monit/4.6"
157.55.39.2 - - [08/Jan/2021:16:23:31 +0100] "GET /robots.txt HTTP/1.1" 404 286 "-" "Mozilla/5.0 (compatible; bingbot/2.0; +http://www.bing.com/bingbot.htm)"
157.55.39.132 - - [08/Jan/2021:16:23:34 +0100] "GET / HTTP/1.1" 304 - "-" "Mozilla/5.0 (compatible; bingbot/2.0; +http://www.bing.com/bingbot.htm)"
195.56.55.225 - - [08/Jan/2021:16:24:44 +0100] "GET /test.html HTTP/1.1" 200 56 "-" "monit/4.6"
66.249.64.60 - - [08/Jan/2021:16:25:42 +0100] "GET /event/2018/08/28/table/all/all HTTP/1.1" 404 318 "-" "Mozilla/5.0 (Linux; Android 6.0.1; Nexus 5X Build/MMB29P) AppleWebKit/537.36 (KHTML, like Gecko) Chrome/87.0.4280.90 Mobile Safari/537.36 (compatible; Googlebot/2.1; +http://www.google.com/bot.html)"
195.56.55.225 - - [08/Jan/2021:16:26:52 +0100] "GET /test.html HTTP/1.1" 200 56 "-" "monit/4.6"
94.102.49.193 - - [08/Jan/2021:16:29:13 +0100] "GET / HTTP/1.1" 200 1155 "-" "Mozilla/5.0 (Windows NT 6.1) AppleWebKit/537.36 (KHTML, like Gecko) Chrome/41.0.2228.0 Safari/537.36"
94.102.49.193 - - [08/Jan/2021:16:29:15 +0100] "GET /robots.txt HTTP/1.1" 404 286 "-" "-"
94.102.49.193 - - [08/Jan/2021:16:29:20 +0100] "GET /sitemap.xml HTTP/1.1" 404 287 "-" "-"
94.102.49.193 - - [08/Jan/2021:16:29:25 +0100] "GET /.well-known/security.txt HTTP/1.1" 404 300 "-" "-"
94.102.49.193 - - [08/Jan/2021:16:29:30 +0100] "GET /favicon.ico HTTP/1.1" 404 287 "-" "Mozilla/5.0 (Macintosh; Intel Mac OS X 10.15; rv:80.0) Gecko/20100101 Firefox/80.0"
198.143.175.42 - - [08/Jan/2021:16:29:39 +0100] "GET / HTTP/1.1" 200 1155 "-" "Mozilla/5.0 (Windows NT 10.0; WOW64) AppleWebKit/537.36 (KHTML, like Gecko) Chrome/66.0.3359.117 Safari/537.36"
195.56.55.225 - - [08/Jan/2021:16:29:39 +0100] "GET /test.html HTTP/1.1" 200 56 "-" "monit/4.6"
209.17.96.194 - - [08/Jan/2021:16:30:46 +0100] "GET / HTTP/1.1" 200 1155 "-" "Mozilla/5.0 (compatible; Nimbostratus-Bot/v1.3.2; http://cloudsystemnetworks.com)"
195.56.55.225 - - [08/Jan/2021:16:31:42 +0100] "GET /test.html HTTP/1.1" 200 56 "-" "monit/4.6"
195.56.55.225 - - [08/Jan/2021:16:33:46 +0100] "GET /test.html HTTP/1.1" 200 56 "-" "monit/4.6"
195.56.55.225 - - [08/Jan/2021:16:35:49 +0100] "GET /test.html HTTP/1.1" 200 56 "-" "monit/4.6"
66.249.64.87 - - [08/Jan/2021:16:35:51 +0100] "GET /event/2017/11/08/day/all/all HTTP/1.1" 404 320 "-" "Mozilla/5.0 (Linux; Android 6.0.1; Nexus 5X Build/MMB29P) AppleWebKit/537.36 (KHTML, like Gecko) Chrome/87.0.4280.90 Mobile Safari/537.36 (compatible; Googlebot/2.1; +http://www.google.com/bot.html)"
66.249.64.89 - - [08/Jan/2021:16:35:52 +0100] "GET /event/2009/11/10/week/all/all HTTP/1.1" 404 321 "-" "Mozilla/5.0 (Linux; Android 6.0.1; Nexus 5X Build/MMB29P) AppleWebKit/537.36 (KHTML, like Gecko) Chrome/87.0.4280.90 Mobile Safari/537.36 (compatible; Googlebot/2.1; +http://www.google.com/bot.html)"
195.56.55.225 - - [08/Jan/2021:16:37:52 +0100] "GET /test.html HTTP/1.1" 200 56 "-" "monit/4.6"
176.63.9.192 - - [08/Jan/2021:16:39:05 +0100] "-" 408 - "-" "-"
195.56.55.225 - - [08/Jan/2021:16:39:56 +0100] "GET /test.html HTTP/1.1" 200 56 "-" "monit/4.6"
195.56.55.225 - - [08/Jan/2021:16:41:59 +0100] "GET /test.html HTTP/1.1" 200 56 "-" "monit/4.6"
193.118.53.194 - - [08/Jan/2021:16:42:53 +0100] "GET / HTTP/1.1" 200 1155 "-" "Mozilla/5.0 (Windows NT 10.0; Win64; x64) AppleWebKit/537.36 (KHTML, like Gecko) Chrome/60.0.3112.113 Safari/537.36"
195.56.55.225 - - [08/Jan/2021:16:44:02 +0100] "GET /test.html HTTP/1.1" 200 56 "-" "monit/4.6"
66.249.64.60 - - [08/Jan/2021:16:45:51 +0100] "GET /event/2008/09/20/week/all/all/1 HTTP/1.1" 404 319 "-" "Mozilla/5.0 (Linux; Android 6.0.1; Nexus 5X Build/MMB29P) AppleWebKit/537.36 (KHTML, like Gecko) Chrome/87.0.4280.90 Mobile Safari/537.36 (compatible; Googlebot/2.1; +http://www.google.com/bot.html)"
195.56.55.225 - - [08/Jan/2021:16:46:06 +0100] "GET /test.html HTTP/1.1" 200 56 "-" "monit/4.6"
66.249.64.60 - - [08/Jan/2021:16:47:10 +0100] "GET /event/2010/02/22/list/all/all HTTP/1.1" 404 317 "-" "Mozilla/5.0 (Linux; Android 6.0.1; Nexus 5X Build/MMB29P) AppleWebKit/537.36 (KHTML, like Gecko) Chrome/87.0.4280.90 Mobile Safari/537.36 (compatible; Googlebot/2.1; +http://www.google.com/bot.html)"
195.56.55.225 - - [08/Jan/2021:16:48:11 +0100] "GET /test.html HTTP/1.1" 200 56 "-" "monit/4.6"
66.249.64.33 - - [08/Jan/2021:16:48:57 +0100] "GET /event/2010/02/22/month/all/all HTTP/1.1" 404 318 "-" "Mozilla/5.0 (Linux; Android 6.0.1; Nexus 5X Build/MMB29P) AppleWebKit/537.36 (KHTML, like Gecko) Chrome/87.0.4280.90 Mobile Safari/537.36 (compatible; Googlebot/2.1; +http://www.google.com/bot.html)"
195.56.55.225 - - [08/Jan/2021:16:50:14 +0100] "GET /test.html HTTP/1.1" 200 56 "-" "monit/4.6"
66.249.64.62 - - [08/Jan/2021:16:51:46 +0100] "GET /event/2010/02/22/day/all/all HTTP/1.1" 404 316 "-" "Mozilla/5.0 (Linux; Android 6.0.1; Nexus 5X Build/MMB29P) AppleWebKit/537.36 (KHTML, like Gecko) Chrome/87.0.4280.90 Mobile Safari/537.36 (compatible; Googlebot/2.1; +http://www.google.com/bot.html)"
195.56.55.225 - - [08/Jan/2021:16:52:17 +0100] "GET /test.html HTTP/1.1" 200 56 "-" "monit/4.6"
66.249.64.60 - - [08/Jan/2021:16:53:03 +0100] "GET /event/2010/02/15/week/all/all/1 HTTP/1.1" 404 319 "-" "Mozilla/5.0 (Linux; Android 6.0.1; Nexus 5X Build/MMB29P) AppleWebKit/537.36 (KHTML, like Gecko) Chrome/87.0.4280.90 Mobile Safari/537.36 (compatible; Googlebot/2.1; +http://www.google.com/bot.html)"
195.56.55.225 - - [08/Jan/2021:16:54:20 +0100] "GET /test.html HTTP/1.1" 200 56 "-" "monit/4.6"
66.249.64.87 - - [08/Jan/2021:16:55:51 +0100] "GET /event/2009/03/10/table/all/all HTTP/1.1" 404 322 "-" "Mozilla/5.0 (Linux; Android 6.0.1; Nexus 5X Build/MMB29P) AppleWebKit/537.36 (KHTML, like Gecko) Chrome/87.0.4280.90 Mobile Safari/537.36 (compatible; Googlebot/2.1; +http://www.google.com/bot.html)"
195.56.55.225 - - [08/Jan/2021:16:56:23 +0100] "GET /test.html HTTP/1.1" 200 56 "-" "monit/4.6"
94.102.49.193 - - [08/Jan/2021:16:57:37 +0100] "GET / HTTP/1.1" 200 1155 "-" "Mozilla/5.0 (Windows NT 6.1) AppleWebKit/537.36 (KHTML, like Gecko) Chrome/41.0.2228.0 Safari/537.36"
94.102.49.193 - - [08/Jan/2021:16:57:44 +0100] "GET /robots.txt HTTP/1.1" 404 287 "-" "-"
94.102.49.193 - - [08/Jan/2021:16:57:47 +0100] "GET /sitemap.xml HTTP/1.1" 404 288 "-" "-"
94.102.49.193 - - [08/Jan/2021:16:57:49 +0100] "GET /.well-known/security.txt HTTP/1.1" 404 301 "-" "-"
94.102.49.193 - - [08/Jan/2021:16:58:11 +0100] "GET /favicon.ico HTTP/1.1" 404 288 "-" "Mozilla/5.0 (Macintosh; Intel Mac OS X 10.15; rv:80.0) Gecko/20100101 Firefox/80.0"
195.56.55.225 - - [08/Jan/2021:16:58:26 +0100] "GET /test.html HTTP/1.1" 200 56 "-" "monit/4.6"
107.6.168.242 - - [08/Jan/2021:16:59:56 +0100] "GET / HTTP/1.1" 200 1155 "-" "Mozilla/5.0 (Windows NT 10.0; WOW64) AppleWebKit/537.36 (KHTML, like Gecko) Chrome/66.0.3359.117 Safari/537.36"
195.56.55.225 - - [08/Jan/2021:17:00:29 +0100] "GET /test.html HTTP/1.1" 200 56 "-" "monit/4.6"
195.56.55.225 - - [08/Jan/2021:17:02:32 +0100] "GET /test.html HTTP/1.1" 200 56 "-" "monit/4.6"
80.99.90.139 - - [08/Jan/2021:17:03:25 +0100] "-" 408 - "-" "-"
198.143.155.122 - - [08/Jan/2021:17:04:01 +0100] "GET / HTTP/1.1" 200 1155 "-" "Mozilla/5.0 (Windows NT 10.0; Win64; x64) AppleWebKit/537.36 (KHTML, like Gecko) Chrome/60.0.3112.113 Safari/537.36"
80.99.90.139 - - [08/Jan/2021:17:04:19 +0100] "-" 408 - "-" "-"
80.99.90.139 - - [08/Jan/2021:17:04:19 +0100] "-" 408 - "-" "-"
82.149.204.250 - - [08/Jan/2021:17:04:19 +0100] "GET / HTTP/1.1" 200 1155 "-" "Mozilla/5.0 (Windows NT 5.1; rv:9.0.1) Gecko/20100101 Firefox/9.0.1"
82.149.204.250 - - [08/Jan/2021:17:04:19 +0100] "GET / HTTP/1.1" 200 1155 "-" "Mozilla/5.0 (Windows NT 5.1; rv:9.0.1) Gecko/20100101 Firefox/9.0.1"
82.149.204.250 - - [08/Jan/2021:17:04:19 +0100] "GET http://www.msftncsi.com/ncsi.txt HTTP/1.1" 404 287 "http://195.56.55.225/" "Mozilla/5.0 (Windows NT 5.1; rv:9.0.1) Gecko/20100101 Firefox/9.0.1"
82.149.204.250 - - [08/Jan/2021:17:04:20 +0100] "GET http://www.msftncsi.com/ncsi.txt HTTP/1.1" 404 287 "http://195.56.55.226/" "Mozilla/5.0 (Windows NT 5.1; rv:9.0.1) Gecko/20100101 Firefox/9.0.1"
82.149.204.250 - - [08/Jan/2021:17:04:20 +0100] "GET /HNAP1/ HTTP/1.1" 404 282 "http://195.56.55.225/" "Mozilla/5.0 (Windows NT 5.1; rv:9.0.1) Gecko/20100101 Firefox/9.0.1"
82.149.204.250 - - [08/Jan/2021:17:04:20 +0100] "GET /HNAP1/ HTTP/1.1" 404 282 "http://195.56.55.226/" "Mozilla/5.0 (Windows NT 5.1; rv:9.0.1) Gecko/20100101 Firefox/9.0.1"
82.149.204.250 - - [08/Jan/2021:17:04:20 +0100] "GET /hudson/script HTTP/1.1" 404 289 "http://195.56.55.225/" "Mozilla/5.0 (Windows NT 5.1; rv:9.0.1) Gecko/20100101 Firefox/9.0.1"
82.149.204.250 - - [08/Jan/2021:17:04:20 +0100] "GET /hudson/script HTTP/1.1" 404 289 "http://195.56.55.226/" "Mozilla/5.0 (Windows NT 5.1; rv:9.0.1) Gecko/20100101 Firefox/9.0.1"
82.149.204.250 - - [08/Jan/2021:17:04:20 +0100] "GET /script HTTP/1.1" 404 282 "http://195.56.55.225/" "Mozilla/5.0 (Windows NT 5.1; rv:9.0.1) Gecko/20100101 Firefox/9.0.1"
82.149.204.250 - - [08/Jan/2021:17:04:20 +0100] "GET /script HTTP/1.1" 404 282 "http://195.56.55.226/" "Mozilla/5.0 (Windows NT 5.1; rv:9.0.1) Gecko/20100101 Firefox/9.0.1"
82.149.204.250 - - [08/Jan/2021:17:04:20 +0100] "GET /sqlite/main.php HTTP/1.1" 404 291 "http://195.56.55.226/" "Mozilla/5.0 (Windows NT 5.1; rv:9.0.1) Gecko/20100101 Firefox/9.0.1"
82.149.204.250 - - [08/Jan/2021:17:04:20 +0100] "GET /sqlitemanager/main.php HTTP/1.1" 404 298 "http://195.56.55.226/" "Mozilla/5.0 (Windows NT 5.1; rv:9.0.1) Gecko/20100101 Firefox/9.0.1"
82.149.204.250 - - [08/Jan/2021:17:04:20 +0100] "GET /SQLiteManager/main.php HTTP/1.1" 404 298 "http://195.56.55.226/" "Mozilla/5.0 (Windows NT 5.1; rv:9.0.1) Gecko/20100101 Firefox/9.0.1"
82.149.204.250 - - [08/Jan/2021:17:04:20 +0100] "GET /sqlite/main.php HTTP/1.1" 404 291 "http://195.56.55.225/" "Mozilla/5.0 (Windows NT 5.1; rv:9.0.1) Gecko/20100101 Firefox/9.0.1"
82.149.204.250 - - [08/Jan/2021:17:04:21 +0100] "GET /SQLite/main.php HTTP/1.1" 404 291 "http://195.56.55.226/" "Mozilla/5.0 (Windows NT 5.1; rv:9.0.1) Gecko/20100101 Firefox/9.0.1"
82.149.204.250 - - [08/Jan/2021:17:04:21 +0100] "GET /sqlitemanager/main.php HTTP/1.1" 404 298 "http://195.56.55.225/" "Mozilla/5.0 (Windows NT 5.1; rv:9.0.1) Gecko/20100101 Firefox/9.0.1"
82.149.204.250 - - [08/Jan/2021:17:04:21 +0100] "GET /SQLiteManager/main.php HTTP/1.1" 404 298 "http://195.56.55.225/" "Mozilla/5.0 (Windows NT 5.1; rv:9.0.1) Gecko/20100101 Firefox/9.0.1"
82.149.204.250 - - [08/Jan/2021:17:04:21 +0100] "GET /SQlite/main.php HTTP/1.1" 404 291 "http://195.56.55.226/" "Mozilla/5.0 (Windows NT 5.1; rv:9.0.1) Gecko/20100101 Firefox/9.0.1"
82.149.204.250 - - [08/Jan/2021:17:04:21 +0100] "GET /SQLite/main.php HTTP/1.1" 404 291 "http://195.56.55.225/" "Mozilla/5.0 (Windows NT 5.1; rv:9.0.1) Gecko/20100101 Firefox/9.0.1"
82.149.204.250 - - [08/Jan/2021:17:04:21 +0100] "GET /main.php HTTP/1.1" 404 284 "http://195.56.55.226/" "Mozilla/5.0 (Windows NT 5.1; rv:9.0.1) Gecko/20100101 Firefox/9.0.1"
82.149.204.250 - - [08/Jan/2021:17:04:21 +0100] "GET /test/sqlite/SQLiteManager-1.2.0/SQLiteManager-1.2.0/main.php HTTP/1.1" 404 336 "http://195.56.55.226/" "Mozilla/5.0 (Windows NT 5.1; rv:9.0.1) Gecko/20100101 Firefox/9.0.1"
82.149.204.250 - - [08/Jan/2021:17:04:21 +0100] "GET /SQlite/main.php HTTP/1.1" 404 291 "http://195.56.55.225/" "Mozilla/5.0 (Windows NT 5.1; rv:9.0.1) Gecko/20100101 Firefox/9.0.1"
82.149.204.250 - - [08/Jan/2021:17:04:21 +0100] "GET /SQLiteManager-1.2.4/main.php HTTP/1.1" 404 304 "http://195.56.55.226/" "Mozilla/5.0 (Windows NT 5.1; rv:9.0.1) Gecko/20100101 Firefox/9.0.1"
82.149.204.250 - - [08/Jan/2021:17:04:21 +0100] "GET /main.php HTTP/1.1" 404 284 "http://195.56.55.225/" "Mozilla/5.0 (Windows NT 5.1; rv:9.0.1) Gecko/20100101 Firefox/9.0.1"
82.149.204.250 - - [08/Jan/2021:17:04:21 +0100] "GET /test/sqlite/SQLiteManager-1.2.0/SQLiteManager-1.2.0/main.php HTTP/1.1" 404 336 "http://195.56.55.225/" "Mozilla/5.0 (Windows NT 5.1; rv:9.0.1) Gecko/20100101 Firefox/9.0.1"
82.149.204.250 - - [08/Jan/2021:17:04:21 +0100] "GET /agSearch/SQlite/main.php HTTP/1.1" 404 300 "http://195.56.55.226/" "Mozilla/5.0 (Windows NT 5.1; rv:9.0.1) Gecko/20100101 Firefox/9.0.1"
82.149.204.250 - - [08/Jan/2021:17:04:21 +0100] "GET /phpmyadmin/ HTTP/1.1" 404 287 "http://195.56.55.226/" "Mozilla/5.0 (Windows NT 5.1; rv:9.0.1) Gecko/20100101 Firefox/9.0.1"
82.149.204.250 - - [08/Jan/2021:17:04:21 +0100] "GET /SQLiteManager-1.2.4/main.php HTTP/1.1" 404 304 "http://195.56.55.225/" "Mozilla/5.0 (Windows NT 5.1; rv:9.0.1) Gecko/20100101 Firefox/9.0.1"
82.149.204.250 - - [08/Jan/2021:17:04:22 +0100] "GET /phpMyAdmin/ HTTP/1.1" 404 287 "http://195.56.55.226/" "Mozilla/5.0 (Windows NT 5.1; rv:9.0.1) Gecko/20100101 Firefox/9.0.1"
82.149.204.250 - - [08/Jan/2021:17:04:22 +0100] "GET /agSearch/SQlite/main.php HTTP/1.1" 404 300 "http://195.56.55.225/" "Mozilla/5.0 (Windows NT 5.1; rv:9.0.1) Gecko/20100101 Firefox/9.0.1"
82.149.204.250 - - [08/Jan/2021:17:04:22 +0100] "GET /PMA/ HTTP/1.1" 404 280 "http://195.56.55.226/" "Mozilla/5.0 (Windows NT 5.1; rv:9.0.1) Gecko/20100101 Firefox/9.0.1"
82.149.204.250 - - [08/Jan/2021:17:04:22 +0100] "GET /phpmyadmin/ HTTP/1.1" 404 287 "http://195.56.55.225/" "Mozilla/5.0 (Windows NT 5.1; rv:9.0.1) Gecko/20100101 Firefox/9.0.1"
82.149.204.250 - - [08/Jan/2021:17:04:22 +0100] "GET /pma/ HTTP/1.1" 404 280 "http://195.56.55.226/" "Mozilla/5.0 (Windows NT 5.1; rv:9.0.1) Gecko/20100101 Firefox/9.0.1"
82.149.204.250 - - [08/Jan/2021:17:04:22 +0100] "GET /phpMyAdmin/ HTTP/1.1" 404 287 "http://195.56.55.225/" "Mozilla/5.0 (Windows NT 5.1; rv:9.0.1) Gecko/20100101 Firefox/9.0.1"
82.149.204.250 - - [08/Jan/2021:17:04:22 +0100] "GET /admin/ HTTP/1.1" 404 282 "http://195.56.55.226/" "Mozilla/5.0 (Windows NT 5.1; rv:9.0.1) Gecko/20100101 Firefox/9.0.1"
82.149.204.250 - - [08/Jan/2021:17:04:22 +0100] "GET /PMA/ HTTP/1.1" 404 280 "http://195.56.55.225/" "Mozilla/5.0 (Windows NT 5.1; rv:9.0.1) Gecko/20100101 Firefox/9.0.1"
82.149.204.250 - - [08/Jan/2021:17:04:22 +0100] "GET /pma/ HTTP/1.1" 404 280 "http://195.56.55.225/" "Mozilla/5.0 (Windows NT 5.1; rv:9.0.1) Gecko/20100101 Firefox/9.0.1"
82.149.204.250 - - [08/Jan/2021:17:04:22 +0100] "GET /admin/ HTTP/1.1" 404 282 "http://195.56.55.225/" "Mozilla/5.0 (Windows NT 5.1; rv:9.0.1) Gecko/20100101 Firefox/9.0.1"
82.149.204.250 - - [08/Jan/2021:17:04:22 +0100] "GET /dbadmin/ HTTP/1.1" 404 284 "http://195.56.55.225/" "Mozilla/5.0 (Windows NT 5.1; rv:9.0.1) Gecko/20100101 Firefox/9.0.1"
82.149.204.250 - - [08/Jan/2021:17:04:23 +0100] "GET /mysql/ HTTP/1.1" 404 282 "http://195.56.55.225/" "Mozilla/5.0 (Windows NT 5.1; rv:9.0.1) Gecko/20100101 Firefox/9.0.1"
82.149.204.250 - - [08/Jan/2021:17:04:23 +0100] "GET /myadmin/ HTTP/1.1" 404 284 "http://195.56.55.225/" "Mozilla/5.0 (Windows NT 5.1; rv:9.0.1) Gecko/20100101 Firefox/9.0.1"
82.149.204.250 - - [08/Jan/2021:17:04:23 +0100] "GET /openserver/phpmyadmin/ HTTP/1.1" 404 298 "http://195.56.55.225/" "Mozilla/5.0 (Windows NT 5.1; rv:9.0.1) Gecko/20100101 Firefox/9.0.1"
82.149.204.250 - - [08/Jan/2021:17:04:23 +0100] "GET /phpmyadmin2/ HTTP/1.1" 404 288 "http://195.56.55.225/" "Mozilla/5.0 (Windows NT 5.1; rv:9.0.1) Gecko/20100101 Firefox/9.0.1"
82.149.204.250 - - [08/Jan/2021:17:04:23 +0100] "GET /phpMyAdmin2/ HTTP/1.1" 404 288 "http://195.56.55.225/" "Mozilla/5.0 (Windows NT 5.1; rv:9.0.1) Gecko/20100101 Firefox/9.0.1"
82.149.204.250 - - [08/Jan/2021:17:04:23 +0100] "GET /phpMyAdmin-2/ HTTP/1.1" 404 289 "http://195.56.55.225/" "Mozilla/5.0 (Windows NT 5.1; rv:9.0.1) Gecko/20100101 Firefox/9.0.1"
82.149.204.250 - - [08/Jan/2021:17:04:23 +0100] "GET /php-my-admin/ HTTP/1.1" 404 289 "http://195.56.55.225/" "Mozilla/5.0 (Windows NT 5.1; rv:9.0.1) Gecko/20100101 Firefox/9.0.1"
82.149.204.250 - - [08/Jan/2021:17:04:24 +0100] "GET /phpMyAdmin-2.2.3/ HTTP/1.1" 404 293 "http://195.56.55.225/" "Mozilla/5.0 (Windows NT 5.1; rv:9.0.1) Gecko/20100101 Firefox/9.0.1"
82.149.204.250 - - [08/Jan/2021:17:04:24 +0100] "GET /phpMyAdmin-2.2.6/ HTTP/1.1" 404 293 "http://195.56.55.225/" "Mozilla/5.0 (Windows NT 5.1; rv:9.0.1) Gecko/20100101 Firefox/9.0.1"
82.149.204.250 - - [08/Jan/2021:17:04:24 +0100] "GET /phpMyAdmin-2.5.1/ HTTP/1.1" 404 293 "http://195.56.55.225/" "Mozilla/5.0 (Windows NT 5.1; rv:9.0.1) Gecko/20100101 Firefox/9.0.1"
82.149.204.250 - - [08/Jan/2021:17:04:24 +0100] "GET /phpMyAdmin-2.5.4/ HTTP/1.1" 404 293 "http://195.56.55.225/" "Mozilla/5.0 (Windows NT 5.1; rv:9.0.1) Gecko/20100101 Firefox/9.0.1"
82.149.204.250 - - [08/Jan/2021:17:04:24 +0100] "GET /phpMyAdmin-2.5.5-rc1/ HTTP/1.1" 404 297 "http://195.56.55.225/" "Mozilla/5.0 (Windows NT 5.1; rv:9.0.1) Gecko/20100101 Firefox/9.0.1"
82.149.204.250 - - [08/Jan/2021:17:04:24 +0100] "GET /phpMyAdmin-2.5.5-rc2/ HTTP/1.1" 404 297 "http://195.56.55.225/" "Mozilla/5.0 (Windows NT 5.1; rv:9.0.1) Gecko/20100101 Firefox/9.0.1"
