34.230.156.67 - - [04/May/2021:16:04:30 +0200] "GET / HTTP/1.1" 200 1155 "-" "Mozilla/5.0 (Windows NT 6.1) AppleWebKit/537.36 (KHTML, like Gecko) Chrome/41.0.2228.0 Safari/537.36"
34.230.156.67 - - [04/May/2021:16:04:31 +0200] "GET /wp-login.php HTTP/1.1" 404 289 "-" "Mozilla/5.0 (Windows NT 6.1) AppleWebKit/537.36 (KHTML, like Gecko) Chrome/41.0.2228.0 Safari/537.36"
34.230.156.67 - - [04/May/2021:16:04:31 +0200] "GET /wp-login.php HTTP/1.1" 404 294 "-" "Mozilla/5.0 (Windows NT 6.1) AppleWebKit/537.36 (KHTML, like Gecko) Chrome/41.0.2228.0 Safari/537.36"
34.230.156.67 - - [04/May/2021:16:04:31 +0200] "GET /wordpress/wp-login.php HTTP/1.1" 404 299 "-" "Mozilla/5.0 (Windows NT 6.1) AppleWebKit/537.36 (KHTML, like Gecko) Chrome/41.0.2228.0 Safari/537.36"
34.230.156.67 - - [04/May/2021:16:04:31 +0200] "GET /blog/wp-login.php HTTP/1.1" 404 294 "-" "Mozilla/5.0 (Windows NT 6.1) AppleWebKit/537.36 (KHTML, like Gecko) Chrome/41.0.2228.0 Safari/537.36"
34.230.156.67 - - [04/May/2021:16:04:32 +0200] "GET /wp/wp-login.php HTTP/1.1" 404 292 "-" "Mozilla/5.0 (Windows NT 6.1) AppleWebKit/537.36 (KHTML, like Gecko) Chrome/41.0.2228.0 Safari/537.36"
52.42.79.222 - - [04/May/2021:16:04:39 +0200] "GET / HTTP/1.1" 200 1155 "-" "Mozilla/5.0 (Macintosh; Intel Mac OS X 10_10_1) AppleWebKit/537.36 (KHTML, like Gecko) Chrome/37.0.2062.124 Safari/537.36"
52.42.79.222 - - [04/May/2021:16:04:40 +0200] "GET /wp-login.php HTTP/1.1" 404 289 "-" "Mozilla/5.0 (Macintosh; Intel Mac OS X 10_10_1) AppleWebKit/537.36 (KHTML, like Gecko) Chrome/37.0.2062.124 Safari/537.36"
52.42.79.222 - - [04/May/2021:16:04:40 +0200] "GET /wp-login.php HTTP/1.1" 404 294 "-" "Mozilla/5.0 (Macintosh; Intel Mac OS X 10_10_1) AppleWebKit/537.36 (KHTML, like Gecko) Chrome/37.0.2062.124 Safari/537.36"
52.42.79.222 - - [04/May/2021:16:04:41 +0200] "GET /wordpress/wp-login.php HTTP/1.1" 404 299 "-" "Mozilla/5.0 (Macintosh; Intel Mac OS X 10_10_1) AppleWebKit/537.36 (KHTML, like Gecko) Chrome/37.0.2062.124 Safari/537.36"
52.42.79.222 - - [04/May/2021:16:04:41 +0200] "GET /blog/wp-login.php HTTP/1.1" 404 294 "-" "Mozilla/5.0 (Macintosh; Intel Mac OS X 10_10_1) AppleWebKit/537.36 (KHTML, like Gecko) Chrome/37.0.2062.124 Safari/537.36"
52.42.79.222 - - [04/May/2021:16:04:42 +0200] "GET /wp/wp-login.php HTTP/1.1" 404 292 "-" "Mozilla/5.0 (Macintosh; Intel Mac OS X 10_10_1) AppleWebKit/537.36 (KHTML, like Gecko) Chrome/37.0.2062.124 Safari/537.36"
13.232.96.15 - - [04/May/2021:16:04:42 +0200] "GET / HTTP/1.1" 200 1155 "-" "Mozilla/5.0 (Windows NT 6.1) AppleWebKit/537.36 (KHTML, like Gecko) Chrome/27.0.1453.93 Safari/537.36"
13.232.96.15 - - [04/May/2021:16:04:42 +0200] "GET /wp-login.php HTTP/1.1" 404 289 "-" "Mozilla/5.0 (Windows NT 6.1) AppleWebKit/537.36 (KHTML, like Gecko) Chrome/27.0.1453.93 Safari/537.36"
13.232.96.15 - - [04/May/2021:16:04:43 +0200] "GET /wp-login.php HTTP/1.1" 404 294 "-" "Mozilla/5.0 (Windows NT 6.1) AppleWebKit/537.36 (KHTML, like Gecko) Chrome/27.0.1453.93 Safari/537.36"
13.232.96.15 - - [04/May/2021:16:04:43 +0200] "GET /wordpress/wp-login.php HTTP/1.1" 404 299 "-" "Mozilla/5.0 (Windows NT 6.1) AppleWebKit/537.36 (KHTML, like Gecko) Chrome/27.0.1453.93 Safari/537.36"
34.230.156.67 - - [04/May/2021:16:04:43 +0200] "GET / HTTP/1.1" 200 1155 "-" "Mozilla/5.0 (Windows NT 6.1; WOW64) AppleWebKit/537.36 (KHTML, like Gecko) Chrome/29.0.1547.62 Safari/537.36"
13.232.96.15 - - [04/May/2021:16:04:43 +0200] "GET /blog/wp-login.php HTTP/1.1" 404 294 "-" "Mozilla/5.0 (Windows NT 6.1) AppleWebKit/537.36 (KHTML, like Gecko) Chrome/27.0.1453.93 Safari/537.36"
34.230.156.67 - - [04/May/2021:16:04:43 +0200] "GET /wp-login.php HTTP/1.1" 404 289 "-" "Mozilla/5.0 (Windows NT 6.1; WOW64) AppleWebKit/537.36 (KHTML, like Gecko) Chrome/29.0.1547.62 Safari/537.36"
13.232.96.15 - - [04/May/2021:16:04:44 +0200] "GET /wp/wp-login.php HTTP/1.1" 404 292 "-" "Mozilla/5.0 (Windows NT 6.1) AppleWebKit/537.36 (KHTML, like Gecko) Chrome/27.0.1453.93 Safari/537.36"
34.230.156.67 - - [04/May/2021:16:04:44 +0200] "GET /wp-login.php HTTP/1.1" 404 294 "-" "Mozilla/5.0 (Windows NT 6.1; WOW64) AppleWebKit/537.36 (KHTML, like Gecko) Chrome/29.0.1547.62 Safari/537.36"
34.230.156.67 - - [04/May/2021:16:04:44 +0200] "GET /wordpress/wp-login.php HTTP/1.1" 404 299 "-" "Mozilla/5.0 (Windows NT 6.1; WOW64) AppleWebKit/537.36 (KHTML, like Gecko) Chrome/29.0.1547.62 Safari/537.36"
52.192.73.251 - - [04/May/2021:16:04:44 +0200] "GET / HTTP/1.1" 200 1155 "-" "Mozilla/5.0 (Macintosh; Intel Mac OS X 10_9_3) AppleWebKit/537.36 (KHTML, like Gecko) Chrome/35.0.1916.47 Safari/537.36"
34.230.156.67 - - [04/May/2021:16:04:44 +0200] "GET /blog/wp-login.php HTTP/1.1" 404 294 "-" "Mozilla/5.0 (Windows NT 6.1; WOW64) AppleWebKit/537.36 (KHTML, like Gecko) Chrome/29.0.1547.62 Safari/537.36"
34.203.37.48 - - [04/May/2021:16:04:44 +0200] "GET / HTTP/1.1" 200 1155 "-" "Mozilla/5.0 (Windows NT 6.1; WOW64) AppleWebKit/537.36 (KHTML, like Gecko) Chrome/41.0.2227.0 Safari/537.36"
34.230.156.67 - - [04/May/2021:16:04:44 +0200] "GET /wp/wp-login.php HTTP/1.1" 404 292 "-" "Mozilla/5.0 (Windows NT 6.1; WOW64) AppleWebKit/537.36 (KHTML, like Gecko) Chrome/29.0.1547.62 Safari/537.36"
13.233.73.212 - - [04/May/2021:16:04:45 +0200] "GET / HTTP/1.1" 200 1155 "-" "Mozilla/5.0 (Macintosh; Intel Mac OS X 10_9_0) AppleWebKit/537.36 (KHTML, like Gecko) Chrome/32.0.1664.3 Safari/537.36"
34.203.37.48 - - [04/May/2021:16:04:45 +0200] "GET /wp-login.php HTTP/1.1" 404 288 "-" "Mozilla/5.0 (Windows NT 6.1; WOW64) AppleWebKit/537.36 (KHTML, like Gecko) Chrome/41.0.2227.0 Safari/537.36"
52.192.73.251 - - [04/May/2021:16:04:45 +0200] "GET /wp-login.php HTTP/1.1" 404 289 "-" "Mozilla/5.0 (Macintosh; Intel Mac OS X 10_9_3) AppleWebKit/537.36 (KHTML, like Gecko) Chrome/35.0.1916.47 Safari/537.36"
13.233.73.212 - - [04/May/2021:16:04:45 +0200] "GET /wp-login.php HTTP/1.1" 404 289 "-" "Mozilla/5.0 (Macintosh; Intel Mac OS X 10_9_0) AppleWebKit/537.36 (KHTML, like Gecko) Chrome/32.0.1664.3 Safari/537.36"
34.203.37.48 - - [04/May/2021:16:04:45 +0200] "GET /wp-login.php HTTP/1.1" 404 293 "-" "Mozilla/5.0 (Windows NT 6.1; WOW64) AppleWebKit/537.36 (KHTML, like Gecko) Chrome/41.0.2227.0 Safari/537.36"
13.233.73.212 - - [04/May/2021:16:04:45 +0200] "GET /wp-login.php HTTP/1.1" 404 294 "-" "Mozilla/5.0 (Macintosh; Intel Mac OS X 10_9_0) AppleWebKit/537.36 (KHTML, like Gecko) Chrome/32.0.1664.3 Safari/537.36"
34.203.37.48 - - [04/May/2021:16:04:45 +0200] "GET /wordpress/wp-login.php HTTP/1.1" 404 298 "-" "Mozilla/5.0 (Windows NT 6.1; WOW64) AppleWebKit/537.36 (KHTML, like Gecko) Chrome/41.0.2227.0 Safari/537.36"
52.192.73.251 - - [04/May/2021:16:04:45 +0200] "GET /wp-login.php HTTP/1.1" 404 294 "-" "Mozilla/5.0 (Macintosh; Intel Mac OS X 10_9_3) AppleWebKit/537.36 (KHTML, like Gecko) Chrome/35.0.1916.47 Safari/537.36"
13.233.73.212 - - [04/May/2021:16:04:46 +0200] "GET /wordpress/wp-login.php HTTP/1.1" 404 299 "-" "Mozilla/5.0 (Macintosh; Intel Mac OS X 10_9_0) AppleWebKit/537.36 (KHTML, like Gecko) Chrome/32.0.1664.3 Safari/537.36"
34.203.37.48 - - [04/May/2021:16:04:46 +0200] "GET /blog/wp-login.php HTTP/1.1" 404 293 "-" "Mozilla/5.0 (Windows NT 6.1; WOW64) AppleWebKit/537.36 (KHTML, like Gecko) Chrome/41.0.2227.0 Safari/537.36"
13.233.73.212 - - [04/May/2021:16:04:46 +0200] "GET /blog/wp-login.php HTTP/1.1" 404 294 "-" "Mozilla/5.0 (Macintosh; Intel Mac OS X 10_9_0) AppleWebKit/537.36 (KHTML, like Gecko) Chrome/32.0.1664.3 Safari/537.36"
34.203.37.48 - - [04/May/2021:16:04:46 +0200] "GET /wp/wp-login.php HTTP/1.1" 404 291 "-" "Mozilla/5.0 (Windows NT 6.1; WOW64) AppleWebKit/537.36 (KHTML, like Gecko) Chrome/41.0.2227.0 Safari/537.36"
52.192.73.251 - - [04/May/2021:16:04:46 +0200] "GET /wordpress/wp-login.php HTTP/1.1" 404 299 "-" "Mozilla/5.0 (Macintosh; Intel Mac OS X 10_9_3) AppleWebKit/537.36 (KHTML, like Gecko) Chrome/35.0.1916.47 Safari/537.36"
13.233.73.212 - - [04/May/2021:16:04:46 +0200] "GET /wp/wp-login.php HTTP/1.1" 404 292 "-" "Mozilla/5.0 (Macintosh; Intel Mac OS X 10_9_0) AppleWebKit/537.36 (KHTML, like Gecko) Chrome/32.0.1664.3 Safari/537.36"
52.192.73.251 - - [04/May/2021:16:04:46 +0200] "GET /blog/wp-login.php HTTP/1.1" 404 294 "-" "Mozilla/5.0 (Macintosh; Intel Mac OS X 10_9_3) AppleWebKit/537.36 (KHTML, like Gecko) Chrome/35.0.1916.47 Safari/537.36"
52.192.73.251 - - [04/May/2021:16:04:47 +0200] "GET /wp/wp-login.php HTTP/1.1" 404 292 "-" "Mozilla/5.0 (Macintosh; Intel Mac OS X 10_9_3) AppleWebKit/537.36 (KHTML, like Gecko) Chrome/35.0.1916.47 Safari/537.36"
13.233.73.212 - - [04/May/2021:16:04:54 +0200] "GET / HTTP/1.1" 200 1155 "-" "Mozilla/5.0 (Macintosh; Intel Mac OS X 10_9_2) AppleWebKit/537.36 (KHTML, like Gecko) Chrome/36.0.1944.0 Safari/537.36"
13.233.73.212 - - [04/May/2021:16:04:55 +0200] "GET /wp-login.php HTTP/1.1" 404 288 "-" "Mozilla/5.0 (Macintosh; Intel Mac OS X 10_9_2) AppleWebKit/537.36 (KHTML, like Gecko) Chrome/36.0.1944.0 Safari/537.36"
13.233.73.212 - - [04/May/2021:16:04:55 +0200] "GET /wp-login.php HTTP/1.1" 404 293 "-" "Mozilla/5.0 (Macintosh; Intel Mac OS X 10_9_2) AppleWebKit/537.36 (KHTML, like Gecko) Chrome/36.0.1944.0 Safari/537.36"
13.233.73.212 - - [04/May/2021:16:04:56 +0200] "GET /wordpress/wp-login.php HTTP/1.1" 404 298 "-" "Mozilla/5.0 (Macintosh; Intel Mac OS X 10_9_2) AppleWebKit/537.36 (KHTML, like Gecko) Chrome/36.0.1944.0 Safari/537.36"
13.233.73.212 - - [04/May/2021:16:04:56 +0200] "GET /blog/wp-login.php HTTP/1.1" 404 293 "-" "Mozilla/5.0 (Macintosh; Intel Mac OS X 10_9_2) AppleWebKit/537.36 (KHTML, like Gecko) Chrome/36.0.1944.0 Safari/537.36"
13.233.73.212 - - [04/May/2021:16:04:56 +0200] "GET /wp/wp-login.php HTTP/1.1" 404 291 "-" "Mozilla/5.0 (Macintosh; Intel Mac OS X 10_9_2) AppleWebKit/537.36 (KHTML, like Gecko) Chrome/36.0.1944.0 Safari/537.36"
3.0.115.255 - - [04/May/2021:16:04:58 +0200] "GET / HTTP/1.1" 200 1155 "-" "Mozilla/5.0 (Windows NT 5.1) AppleWebKit/537.36 (KHTML, like Gecko) Chrome/35.0.2309.372 Safari/537.36"
3.0.115.255 - - [04/May/2021:16:04:59 +0200] "GET /wp-login.php HTTP/1.1" 404 289 "-" "Mozilla/5.0 (Windows NT 5.1) AppleWebKit/537.36 (KHTML, like Gecko) Chrome/35.0.2309.372 Safari/537.36"
3.0.115.255 - - [04/May/2021:16:05:00 +0200] "GET /wp-login.php HTTP/1.1" 404 294 "-" "Mozilla/5.0 (Windows NT 5.1) AppleWebKit/537.36 (KHTML, like Gecko) Chrome/35.0.2309.372 Safari/537.36"
13.232.96.15 - - [04/May/2021:16:05:00 +0200] "GET / HTTP/1.1" 200 1155 "-" "Mozilla/5.0 (Macintosh; Intel Mac OS X 10_10_1) AppleWebKit/537.36 (KHTML, like Gecko) Chrome/41.0.2227.1 Safari/537.36"
13.232.96.15 - - [04/May/2021:16:05:00 +0200] "GET /wp-login.php HTTP/1.1" 404 289 "-" "Mozilla/5.0 (Macintosh; Intel Mac OS X 10_10_1) AppleWebKit/537.36 (KHTML, like Gecko) Chrome/41.0.2227.1 Safari/537.36"
3.0.115.255 - - [04/May/2021:16:05:00 +0200] "GET /wordpress/wp-login.php HTTP/1.1" 404 299 "-" "Mozilla/5.0 (Windows NT 5.1) AppleWebKit/537.36 (KHTML, like Gecko) Chrome/35.0.2309.372 Safari/537.36"
3.0.115.255 - - [04/May/2021:16:05:01 +0200] "GET /blog/wp-login.php HTTP/1.1" 404 294 "-" "Mozilla/5.0 (Windows NT 5.1) AppleWebKit/537.36 (KHTML, like Gecko) Chrome/35.0.2309.372 Safari/537.36"
13.232.96.15 - - [04/May/2021:16:05:01 +0200] "GET /wp-login.php HTTP/1.1" 404 294 "-" "Mozilla/5.0 (Macintosh; Intel Mac OS X 10_10_1) AppleWebKit/537.36 (KHTML, like Gecko) Chrome/41.0.2227.1 Safari/537.36"
13.232.96.15 - - [04/May/2021:16:05:01 +0200] "GET /wordpress/wp-login.php HTTP/1.1" 404 299 "-" "Mozilla/5.0 (Macintosh; Intel Mac OS X 10_10_1) AppleWebKit/537.36 (KHTML, like Gecko) Chrome/41.0.2227.1 Safari/537.36"
3.0.115.255 - - [04/May/2021:16:05:01 +0200] "GET /wp/wp-login.php HTTP/1.1" 404 292 "-" "Mozilla/5.0 (Windows NT 5.1) AppleWebKit/537.36 (KHTML, like Gecko) Chrome/35.0.2309.372 Safari/537.36"
13.232.96.15 - - [04/May/2021:16:05:01 +0200] "GET /blog/wp-login.php HTTP/1.1" 404 294 "-" "Mozilla/5.0 (Macintosh; Intel Mac OS X 10_10_1) AppleWebKit/537.36 (KHTML, like Gecko) Chrome/41.0.2227.1 Safari/537.36"
13.232.96.15 - - [04/May/2021:16:05:02 +0200] "GET /wp/wp-login.php HTTP/1.1" 404 292 "-" "Mozilla/5.0 (Macintosh; Intel Mac OS X 10_10_1) AppleWebKit/537.36 (KHTML, like Gecko) Chrome/41.0.2227.1 Safari/537.36"
52.15.212.3 - - [04/May/2021:16:05:24 +0200] "GET / HTTP/1.1" 200 1155 "-" "Mozilla/5.0 (Windows NT 6.1; WOW64) AppleWebKit/537.36 (KHTML, like Gecko) Chrome/36.0.1985.67 Safari/537.36"
52.15.212.3 - - [04/May/2021:16:05:24 +0200] "GET /wp-login.php HTTP/1.1" 404 289 "-" "Mozilla/5.0 (Windows NT 6.1; WOW64) AppleWebKit/537.36 (KHTML, like Gecko) Chrome/36.0.1985.67 Safari/537.36"
52.15.212.3 - - [04/May/2021:16:05:24 +0200] "GET /wp-login.php HTTP/1.1" 404 294 "-" "Mozilla/5.0 (Windows NT 6.1; WOW64) AppleWebKit/537.36 (KHTML, like Gecko) Chrome/36.0.1985.67 Safari/537.36"
52.15.212.3 - - [04/May/2021:16:05:25 +0200] "GET /wordpress/wp-login.php HTTP/1.1" 404 299 "-" "Mozilla/5.0 (Windows NT 6.1; WOW64) AppleWebKit/537.36 (KHTML, like Gecko) Chrome/36.0.1985.67 Safari/537.36"
52.15.212.3 - - [04/May/2021:16:05:25 +0200] "GET /blog/wp-login.php HTTP/1.1" 404 294 "-" "Mozilla/5.0 (Windows NT 6.1; WOW64) AppleWebKit/537.36 (KHTML, like Gecko) Chrome/36.0.1985.67 Safari/537.36"
52.15.212.3 - - [04/May/2021:16:05:25 +0200] "GET /wp/wp-login.php HTTP/1.1" 404 292 "-" "Mozilla/5.0 (Windows NT 6.1; WOW64) AppleWebKit/537.36 (KHTML, like Gecko) Chrome/36.0.1985.67 Safari/537.36"
13.209.28.104 - - [04/May/2021:16:05:40 +0200] "GET / HTTP/1.1" 200 1155 "-" "Mozilla/5.0 (Windows NT 6.2) AppleWebKit/537.36 (KHTML, like Gecko) Chrome/28.0.1467.0 Safari/537.36"
13.209.28.104 - - [04/May/2021:16:05:40 +0200] "GET /wp-login.php HTTP/1.1" 404 289 "-" "Mozilla/5.0 (Windows NT 6.2) AppleWebKit/537.36 (KHTML, like Gecko) Chrome/28.0.1467.0 Safari/537.36"
13.209.28.104 - - [04/May/2021:16:05:41 +0200] "GET /wp-login.php HTTP/1.1" 404 294 "-" "Mozilla/5.0 (Windows NT 6.2) AppleWebKit/537.36 (KHTML, like Gecko) Chrome/28.0.1467.0 Safari/537.36"
13.209.28.104 - - [04/May/2021:16:05:42 +0200] "GET /wordpress/wp-login.php HTTP/1.1" 404 299 "-" "Mozilla/5.0 (Windows NT 6.2) AppleWebKit/537.36 (KHTML, like Gecko) Chrome/28.0.1467.0 Safari/537.36"
13.209.28.104 - - [04/May/2021:16:05:43 +0200] "GET /blog/wp-login.php HTTP/1.1" 404 294 "-" "Mozilla/5.0 (Windows NT 6.2) AppleWebKit/537.36 (KHTML, like Gecko) Chrome/28.0.1467.0 Safari/537.36"
13.209.28.104 - - [04/May/2021:16:05:43 +0200] "GET /wp/wp-login.php HTTP/1.1" 404 292 "-" "Mozilla/5.0 (Windows NT 6.2) AppleWebKit/537.36 (KHTML, like Gecko) Chrome/28.0.1467.0 Safari/537.36"
195.56.55.225 - - [04/May/2021:16:06:01 +0200] "GET /test.html HTTP/1.1" 200 56 "-" "monit/4.6"
54.250.87.247 - - [04/May/2021:16:06:10 +0200] "GET / HTTP/1.1" 200 1155 "-" "Mozilla/5.0 (Windows NT 5.1) AppleWebKit/537.36 (KHTML, like Gecko) Chrome/35.0.2309.372 Safari/537.36"
54.250.87.247 - - [04/May/2021:16:06:10 +0200] "GET /wp-login.php HTTP/1.1" 404 287 "-" "Mozilla/5.0 (Windows NT 5.1) AppleWebKit/537.36 (KHTML, like Gecko) Chrome/35.0.2309.372 Safari/537.36"
54.250.87.247 - - [04/May/2021:16:06:11 +0200] "GET /wp-login.php HTTP/1.1" 404 292 "-" "Mozilla/5.0 (Windows NT 5.1) AppleWebKit/537.36 (KHTML, like Gecko) Chrome/35.0.2309.372 Safari/537.36"
54.250.87.247 - - [04/May/2021:16:06:12 +0200] "GET /wordpress/wp-login.php HTTP/1.1" 404 297 "-" "Mozilla/5.0 (Windows NT 5.1) AppleWebKit/537.36 (KHTML, like Gecko) Chrome/35.0.2309.372 Safari/537.36"
54.250.87.247 - - [04/May/2021:16:06:12 +0200] "GET /blog/wp-login.php HTTP/1.1" 404 292 "-" "Mozilla/5.0 (Windows NT 5.1) AppleWebKit/537.36 (KHTML, like Gecko) Chrome/35.0.2309.372 Safari/537.36"
54.250.87.247 - - [04/May/2021:16:06:13 +0200] "GET /wp/wp-login.php HTTP/1.1" 404 290 "-" "Mozilla/5.0 (Windows NT 5.1) AppleWebKit/537.36 (KHTML, like Gecko) Chrome/35.0.2309.372 Safari/537.36"
35.178.16.1 - - [04/May/2021:16:06:13 +0200] "GET / HTTP/1.1" 200 1155 "-" "Mozilla/5.0 (Windows NT 10.0) AppleWebKit/537.36 (KHTML, like Gecko) Chrome/40.0.2214.93 Safari/537.36"
35.178.16.1 - - [04/May/2021:16:06:13 +0200] "GET /wp-login.php HTTP/1.1" 404 289 "-" "Mozilla/5.0 (Windows NT 10.0) AppleWebKit/537.36 (KHTML, like Gecko) Chrome/40.0.2214.93 Safari/537.36"
35.178.16.1 - - [04/May/2021:16:06:13 +0200] "GET /wp-login.php HTTP/1.1" 404 294 "-" "Mozilla/5.0 (Windows NT 10.0) AppleWebKit/537.36 (KHTML, like Gecko) Chrome/40.0.2214.93 Safari/537.36"
35.178.16.1 - - [04/May/2021:16:06:13 +0200] "GET /wordpress/wp-login.php HTTP/1.1" 404 299 "-" "Mozilla/5.0 (Windows NT 10.0) AppleWebKit/537.36 (KHTML, like Gecko) Chrome/40.0.2214.93 Safari/537.36"
35.178.16.1 - - [04/May/2021:16:06:13 +0200] "GET /blog/wp-login.php HTTP/1.1" 404 294 "-" "Mozilla/5.0 (Windows NT 10.0) AppleWebKit/537.36 (KHTML, like Gecko) Chrome/40.0.2214.93 Safari/537.36"
35.178.16.1 - - [04/May/2021:16:06:13 +0200] "GET /wp/wp-login.php HTTP/1.1" 404 292 "-" "Mozilla/5.0 (Windows NT 10.0) AppleWebKit/537.36 (KHTML, like Gecko) Chrome/40.0.2214.93 Safari/537.36"
52.52.190.187 - - [04/May/2021:16:06:18 +0200] "GET / HTTP/1.1" 200 1155 "-" "Mozilla/5.0 (X11; OpenBSD i386) AppleWebKit/537.36 (KHTML, like Gecko) Chrome/36.0.1985.125 Safari/537.36"
52.52.190.187 - - [04/May/2021:16:06:18 +0200] "GET /wp-login.php HTTP/1.1" 404 288 "-" "Mozilla/5.0 (X11; OpenBSD i386) AppleWebKit/537.36 (KHTML, like Gecko) Chrome/36.0.1985.125 Safari/537.36"
52.52.190.187 - - [04/May/2021:16:06:19 +0200] "GET /wp-login.php HTTP/1.1" 404 293 "-" "Mozilla/5.0 (X11; OpenBSD i386) AppleWebKit/537.36 (KHTML, like Gecko) Chrome/36.0.1985.125 Safari/537.36"
52.52.190.187 - - [04/May/2021:16:06:19 +0200] "GET /wordpress/wp-login.php HTTP/1.1" 404 298 "-" "Mozilla/5.0 (X11; OpenBSD i386) AppleWebKit/537.36 (KHTML, like Gecko) Chrome/36.0.1985.125 Safari/537.36"
52.52.190.187 - - [04/May/2021:16:06:19 +0200] "GET /blog/wp-login.php HTTP/1.1" 404 293 "-" "Mozilla/5.0 (X11; OpenBSD i386) AppleWebKit/537.36 (KHTML, like Gecko) Chrome/36.0.1985.125 Safari/537.36"
52.52.190.187 - - [04/May/2021:16:06:20 +0200] "GET /wp/wp-login.php HTTP/1.1" 404 291 "-" "Mozilla/5.0 (X11; OpenBSD i386) AppleWebKit/537.36 (KHTML, like Gecko) Chrome/36.0.1985.125 Safari/537.36"
13.124.222.242 - - [04/May/2021:16:06:28 +0200] "GET / HTTP/1.1" 200 1155 "-" "Mozilla/5.0 (Windows NT 6.1; WOW64) AppleWebKit/537.36 (KHTML, like Gecko) Chrome/36.0.1985.67 Safari/537.36"
18.231.94.162 - - [04/May/2021:16:06:28 +0200] "GET / HTTP/1.1" 200 1155 "-" "Mozilla/5.0 (X11; Linux x86_64) AppleWebKit/537.36 (KHTML, like Gecko) Chrome/41.0.2227.0 Safari/537.36"
18.231.94.162 - - [04/May/2021:16:06:28 +0200] "GET /wp-login.php HTTP/1.1" 404 289 "-" "Mozilla/5.0 (X11; Linux x86_64) AppleWebKit/537.36 (KHTML, like Gecko) Chrome/41.0.2227.0 Safari/537.36"
13.124.222.242 - - [04/May/2021:16:06:28 +0200] "GET /wp-login.php HTTP/1.1" 404 287 "-" "Mozilla/5.0 (Windows NT 6.1; WOW64) AppleWebKit/537.36 (KHTML, like Gecko) Chrome/36.0.1985.67 Safari/537.36"
18.231.94.162 - - [04/May/2021:16:06:29 +0200] "GET /wp-login.php HTTP/1.1" 404 294 "-" "Mozilla/5.0 (X11; Linux x86_64) AppleWebKit/537.36 (KHTML, like Gecko) Chrome/41.0.2227.0 Safari/537.36"
13.124.222.242 - - [04/May/2021:16:06:29 +0200] "GET /wp-login.php HTTP/1.1" 404 292 "-" "Mozilla/5.0 (Windows NT 6.1; WOW64) AppleWebKit/537.36 (KHTML, like Gecko) Chrome/36.0.1985.67 Safari/537.36"
18.231.94.162 - - [04/May/2021:16:06:29 +0200] "GET /wordpress/wp-login.php HTTP/1.1" 404 299 "-" "Mozilla/5.0 (X11; Linux x86_64) AppleWebKit/537.36 (KHTML, like Gecko) Chrome/41.0.2227.0 Safari/537.36"
13.124.222.242 - - [04/May/2021:16:06:30 +0200] "GET /wordpress/wp-login.php HTTP/1.1" 404 297 "-" "Mozilla/5.0 (Windows NT 6.1; WOW64) AppleWebKit/537.36 (KHTML, like Gecko) Chrome/36.0.1985.67 Safari/537.36"
18.231.94.162 - - [04/May/2021:16:06:30 +0200] "GET /blog/wp-login.php HTTP/1.1" 404 294 "-" "Mozilla/5.0 (X11; Linux x86_64) AppleWebKit/537.36 (KHTML, like Gecko) Chrome/41.0.2227.0 Safari/537.36"
18.231.94.162 - - [04/May/2021:16:06:30 +0200] "GET /wp/wp-login.php HTTP/1.1" 404 292 "-" "Mozilla/5.0 (X11; Linux x86_64) AppleWebKit/537.36 (KHTML, like Gecko) Chrome/41.0.2227.0 Safari/537.36"
13.124.222.242 - - [04/May/2021:16:06:30 +0200] "GET /blog/wp-login.php HTTP/1.1" 404 292 "-" "Mozilla/5.0 (Windows NT 6.1; WOW64) AppleWebKit/537.36 (KHTML, like Gecko) Chrome/36.0.1985.67 Safari/537.36"
13.124.222.242 - - [04/May/2021:16:06:31 +0200] "GET /wp/wp-login.php HTTP/1.1" 404 290 "-" "Mozilla/5.0 (Windows NT 6.1; WOW64) AppleWebKit/537.36 (KHTML, like Gecko) Chrome/36.0.1985.67 Safari/537.36"
3.8.12.221 - - [04/May/2021:16:06:43 +0200] "GET / HTTP/1.1" 200 1155 "-" "Mozilla/5.0 (X11; Linux x86_64) AppleWebKit/537.36 (KHTML, like Gecko) Chrome/41.0.2227.0 Safari/537.36"
3.8.12.221 - - [04/May/2021:16:06:43 +0200] "GET /wp-login.php HTTP/1.1" 404 289 "-" "Mozilla/5.0 (X11; Linux x86_64) AppleWebKit/537.36 (KHTML, like Gecko) Chrome/41.0.2227.0 Safari/537.36"
3.8.12.221 - - [04/May/2021:16:06:43 +0200] "GET /wp-login.php HTTP/1.1" 404 294 "-" "Mozilla/5.0 (X11; Linux x86_64) AppleWebKit/537.36 (KHTML, like Gecko) Chrome/41.0.2227.0 Safari/537.36"
3.8.12.221 - - [04/May/2021:16:06:43 +0200] "GET /wordpress/wp-login.php HTTP/1.1" 404 299 "-" "Mozilla/5.0 (X11; Linux x86_64) AppleWebKit/537.36 (KHTML, like Gecko) Chrome/41.0.2227.0 Safari/537.36"
3.8.12.221 - - [04/May/2021:16:06:43 +0200] "GET /blog/wp-login.php HTTP/1.1" 404 294 "-" "Mozilla/5.0 (X11; Linux x86_64) AppleWebKit/537.36 (KHTML, like Gecko) Chrome/41.0.2227.0 Safari/537.36"
3.8.12.221 - - [04/May/2021:16:06:44 +0200] "GET /wp/wp-login.php HTTP/1.1" 404 292 "-" "Mozilla/5.0 (X11; Linux x86_64) AppleWebKit/537.36 (KHTML, like Gecko) Chrome/41.0.2227.0 Safari/537.36"
34.203.37.48 - - [04/May/2021:16:06:52 +0200] "GET / HTTP/1.1" 200 1155 "-" "Mozilla/5.0 (Macintosh; Intel Mac OS X 10_9_0) AppleWebKit/537.36 (KHTML, like Gecko) Chrome/32.0.1664.3 Safari/537.36"
34.203.37.48 - - [04/May/2021:16:06:52 +0200] "GET /wp-login.php HTTP/1.1" 404 288 "-" "Mozilla/5.0 (Macintosh; Intel Mac OS X 10_9_0) AppleWebKit/537.36 (KHTML, like Gecko) Chrome/32.0.1664.3 Safari/537.36"
34.236.55.223 - - [04/May/2021:16:06:52 +0200] "GET / HTTP/1.1" 200 1155 "-" "Mozilla/5.0 (X11; Linux x86_64) AppleWebKit/537.36 (KHTML, like Gecko) Chrome/41.0.2227.0 Safari/537.36"
34.203.37.48 - - [04/May/2021:16:06:52 +0200] "GET /wp-login.php HTTP/1.1" 404 293 "-" "Mozilla/5.0 (Macintosh; Intel Mac OS X 10_9_0) AppleWebKit/537.36 (KHTML, like Gecko) Chrome/32.0.1664.3 Safari/537.36"
34.236.55.223 - - [04/May/2021:16:06:52 +0200] "GET /wp-login.php HTTP/1.1" 404 289 "-" "Mozilla/5.0 (X11; Linux x86_64) AppleWebKit/537.36 (KHTML, like Gecko) Chrome/41.0.2227.0 Safari/537.36"
34.203.37.48 - - [04/May/2021:16:06:52 +0200] "GET /wordpress/wp-login.php HTTP/1.1" 404 298 "-" "Mozilla/5.0 (Macintosh; Intel Mac OS X 10_9_0) AppleWebKit/537.36 (KHTML, like Gecko) Chrome/32.0.1664.3 Safari/537.36"
34.203.37.48 - - [04/May/2021:16:06:53 +0200] "GET /blog/wp-login.php HTTP/1.1" 404 293 "-" "Mozilla/5.0 (Macintosh; Intel Mac OS X 10_9_0) AppleWebKit/537.36 (KHTML, like Gecko) Chrome/32.0.1664.3 Safari/537.36"
34.236.55.223 - - [04/May/2021:16:06:53 +0200] "GET /wp-login.php HTTP/1.1" 404 294 "-" "Mozilla/5.0 (X11; Linux x86_64) AppleWebKit/537.36 (KHTML, like Gecko) Chrome/41.0.2227.0 Safari/537.36"
34.203.37.48 - - [04/May/2021:16:06:53 +0200] "GET /wp/wp-login.php HTTP/1.1" 404 291 "-" "Mozilla/5.0 (Macintosh; Intel Mac OS X 10_9_0) AppleWebKit/537.36 (KHTML, like Gecko) Chrome/32.0.1664.3 Safari/537.36"
34.236.55.223 - - [04/May/2021:16:06:53 +0200] "GET /wordpress/wp-login.php HTTP/1.1" 404 299 "-" "Mozilla/5.0 (X11; Linux x86_64) AppleWebKit/537.36 (KHTML, like Gecko) Chrome/41.0.2227.0 Safari/537.36"
34.236.55.223 - - [04/May/2021:16:06:53 +0200] "GET /blog/wp-login.php HTTP/1.1" 404 294 "-" "Mozilla/5.0 (X11; Linux x86_64) AppleWebKit/537.36 (KHTML, like Gecko) Chrome/41.0.2227.0 Safari/537.36"
34.236.55.223 - - [04/May/2021:16:06:53 +0200] "GET /wp/wp-login.php HTTP/1.1" 404 292 "-" "Mozilla/5.0 (X11; Linux x86_64) AppleWebKit/537.36 (KHTML, like Gecko) Chrome/41.0.2227.0 Safari/537.36"
35.181.112.20 - - [04/May/2021:16:06:58 +0200] "GET / HTTP/1.1" 200 1155 "-" "Mozilla/5.0 (X11; CrOS i686 4319.74.0) AppleWebKit/537.36 (KHTML, like Gecko) Chrome/29.0.1547.57 Safari/537.36"
35.181.112.20 - - [04/May/2021:16:06:58 +0200] "GET /wp-login.php HTTP/1.1" 404 288 "-" "Mozilla/5.0 (X11; CrOS i686 4319.74.0) AppleWebKit/537.36 (KHTML, like Gecko) Chrome/29.0.1547.57 Safari/537.36"
35.181.112.20 - - [04/May/2021:16:06:58 +0200] "GET /wp-login.php HTTP/1.1" 404 293 "-" "Mozilla/5.0 (X11; CrOS i686 4319.74.0) AppleWebKit/537.36 (KHTML, like Gecko) Chrome/29.0.1547.57 Safari/537.36"
35.181.112.20 - - [04/May/2021:16:06:58 +0200] "GET /wordpress/wp-login.php HTTP/1.1" 404 298 "-" "Mozilla/5.0 (X11; CrOS i686 4319.74.0) AppleWebKit/537.36 (KHTML, like Gecko) Chrome/29.0.1547.57 Safari/537.36"
35.181.112.20 - - [04/May/2021:16:06:58 +0200] "GET /blog/wp-login.php HTTP/1.1" 404 293 "-" "Mozilla/5.0 (X11; CrOS i686 4319.74.0) AppleWebKit/537.36 (KHTML, like Gecko) Chrome/29.0.1547.57 Safari/537.36"
35.181.112.20 - - [04/May/2021:16:06:58 +0200] "GET /wp/wp-login.php HTTP/1.1" 404 291 "-" "Mozilla/5.0 (X11; CrOS i686 4319.74.0) AppleWebKit/537.36 (KHTML, like Gecko) Chrome/29.0.1547.57 Safari/537.36"
18.231.94.162 - - [04/May/2021:16:07:00 +0200] "GET / HTTP/1.1" 200 1155 "-" "Mozilla/5.0 (Windows NT 6.2; WOW64) AppleWebKit/537.36 (KHTML, like Gecko) Chrome/27.0.1453.93 Safari/537.36"
18.231.94.162 - - [04/May/2021:16:07:00 +0200] "GET /wp-login.php HTTP/1.1" 404 289 "-" "Mozilla/5.0 (Windows NT 6.2; WOW64) AppleWebKit/537.36 (KHTML, like Gecko) Chrome/27.0.1453.93 Safari/537.36"
18.231.94.162 - - [04/May/2021:16:07:01 +0200] "GET /wp-login.php HTTP/1.1" 404 294 "-" "Mozilla/5.0 (Windows NT 6.2; WOW64) AppleWebKit/537.36 (KHTML, like Gecko) Chrome/27.0.1453.93 Safari/537.36"
18.231.94.162 - - [04/May/2021:16:07:02 +0200] "GET /wordpress/wp-login.php HTTP/1.1" 404 299 "-" "Mozilla/5.0 (Windows NT 6.2; WOW64) AppleWebKit/537.36 (KHTML, like Gecko) Chrome/27.0.1453.93 Safari/537.36"
18.231.94.162 - - [04/May/2021:16:07:02 +0200] "GET /blog/wp-login.php HTTP/1.1" 404 294 "-" "Mozilla/5.0 (Windows NT 6.2; WOW64) AppleWebKit/537.36 (KHTML, like Gecko) Chrome/27.0.1453.93 Safari/537.36"
18.231.94.162 - - [04/May/2021:16:07:03 +0200] "GET /wp/wp-login.php HTTP/1.1" 404 292 "-" "Mozilla/5.0 (Windows NT 6.2; WOW64) AppleWebKit/537.36 (KHTML, like Gecko) Chrome/27.0.1453.93 Safari/537.36"
52.52.190.187 - - [04/May/2021:16:07:05 +0200] "GET / HTTP/1.1" 200 1155 "-" "Mozilla/5.0 (Windows NT 4.0; WOW64) AppleWebKit/537.36 (KHTML, like Gecko) Chrome/37.0.2049.0 Safari/537.36"
52.52.190.187 - - [04/May/2021:16:07:05 +0200] "GET /wp-login.php HTTP/1.1" 404 288 "-" "Mozilla/5.0 (Windows NT 4.0; WOW64) AppleWebKit/537.36 (KHTML, like Gecko) Chrome/37.0.2049.0 Safari/537.36"
52.52.190.187 - - [04/May/2021:16:07:05 +0200] "GET /wp-login.php HTTP/1.1" 404 293 "-" "Mozilla/5.0 (Windows NT 4.0; WOW64) AppleWebKit/537.36 (KHTML, like Gecko) Chrome/37.0.2049.0 Safari/537.36"
52.52.190.187 - - [04/May/2021:16:07:06 +0200] "GET /wordpress/wp-login.php HTTP/1.1" 404 298 "-" "Mozilla/5.0 (Windows NT 4.0; WOW64) AppleWebKit/537.36 (KHTML, like Gecko) Chrome/37.0.2049.0 Safari/537.36"
52.52.190.187 - - [04/May/2021:16:07:06 +0200] "GET /blog/wp-login.php HTTP/1.1" 404 293 "-" "Mozilla/5.0 (Windows NT 4.0; WOW64) AppleWebKit/537.36 (KHTML, like Gecko) Chrome/37.0.2049.0 Safari/537.36"
52.52.190.187 - - [04/May/2021:16:07:06 +0200] "GET /wp/wp-login.php HTTP/1.1" 404 291 "-" "Mozilla/5.0 (Windows NT 4.0; WOW64) AppleWebKit/537.36 (KHTML, like Gecko) Chrome/37.0.2049.0 Safari/537.36"
52.52.190.187 - - [04/May/2021:16:07:19 +0200] "GET / HTTP/1.1" 200 1155 "-" "Mozilla/5.0 (Windows NT 4.0; WOW64) AppleWebKit/537.36 (KHTML, like Gecko) Chrome/37.0.2049.0 Safari/537.36"
52.52.190.187 - - [04/May/2021:16:07:19 +0200] "GET /wp-login.php HTTP/1.1" 404 289 "-" "Mozilla/5.0 (Windows NT 4.0; WOW64) AppleWebKit/537.36 (KHTML, like Gecko) Chrome/37.0.2049.0 Safari/537.36"
52.52.190.187 - - [04/May/2021:16:07:20 +0200] "GET /wp-login.php HTTP/1.1" 404 294 "-" "Mozilla/5.0 (Windows NT 4.0; WOW64) AppleWebKit/537.36 (KHTML, like Gecko) Chrome/37.0.2049.0 Safari/537.36"
52.52.190.187 - - [04/May/2021:16:07:20 +0200] "GET /wordpress/wp-login.php HTTP/1.1" 404 299 "-" "Mozilla/5.0 (Windows NT 4.0; WOW64) AppleWebKit/537.36 (KHTML, like Gecko) Chrome/37.0.2049.0 Safari/537.36"
52.52.190.187 - - [04/May/2021:16:07:20 +0200] "GET /blog/wp-login.php HTTP/1.1" 404 294 "-" "Mozilla/5.0 (Windows NT 4.0; WOW64) AppleWebKit/537.36 (KHTML, like Gecko) Chrome/37.0.2049.0 Safari/537.36"
52.52.190.187 - - [04/May/2021:16:07:21 +0200] "GET /wp/wp-login.php HTTP/1.1" 404 292 "-" "Mozilla/5.0 (Windows NT 4.0; WOW64) AppleWebKit/537.36 (KHTML, like Gecko) Chrome/37.0.2049.0 Safari/537.36"
35.181.112.20 - - [04/May/2021:16:07:23 +0200] "GET / HTTP/1.1" 200 1155 "-" "Mozilla/5.0 (Windows NT 5.1) AppleWebKit/537.36 (KHTML, like Gecko) Chrome/34.0.1866.237 Safari/537.36"
35.181.112.20 - - [04/May/2021:16:07:23 +0200] "GET /wp-login.php HTTP/1.1" 404 289 "-" "Mozilla/5.0 (Windows NT 5.1) AppleWebKit/537.36 (KHTML, like Gecko) Chrome/34.0.1866.237 Safari/537.36"
35.181.112.20 - - [04/May/2021:16:07:23 +0200] "GET /wp-login.php HTTP/1.1" 404 294 "-" "Mozilla/5.0 (Windows NT 5.1) AppleWebKit/537.36 (KHTML, like Gecko) Chrome/34.0.1866.237 Safari/537.36"
35.181.112.20 - - [04/May/2021:16:07:23 +0200] "GET /wordpress/wp-login.php HTTP/1.1" 404 299 "-" "Mozilla/5.0 (Windows NT 5.1) AppleWebKit/537.36 (KHTML, like Gecko) Chrome/34.0.1866.237 Safari/537.36"
35.181.112.20 - - [04/May/2021:16:07:23 +0200] "GET /blog/wp-login.php HTTP/1.1" 404 294 "-" "Mozilla/5.0 (Windows NT 5.1) AppleWebKit/537.36 (KHTML, like Gecko) Chrome/34.0.1866.237 Safari/537.36"
35.181.112.20 - - [04/May/2021:16:07:23 +0200] "GET /wp/wp-login.php HTTP/1.1" 404 292 "-" "Mozilla/5.0 (Windows NT 5.1) AppleWebKit/537.36 (KHTML, like Gecko) Chrome/34.0.1866.237 Safari/537.36"
13.124.222.242 - - [04/May/2021:16:07:48 +0200] "GET / HTTP/1.1" 200 1155 "-" "Mozilla/5.0 (Windows NT 6.2; WOW64) AppleWebKit/537.36 (KHTML, like Gecko) Chrome/30.0.1599.17 Safari/537.36"
13.124.222.242 - - [04/May/2021:16:07:48 +0200] "GET /wp-login.php HTTP/1.1" 404 289 "-" "Mozilla/5.0 (Windows NT 6.2; WOW64) AppleWebKit/537.36 (KHTML, like Gecko) Chrome/30.0.1599.17 Safari/537.36"
13.124.222.242 - - [04/May/2021:16:07:49 +0200] "GET /wp-login.php HTTP/1.1" 404 294 "-" "Mozilla/5.0 (Windows NT 6.2; WOW64) AppleWebKit/537.36 (KHTML, like Gecko) Chrome/30.0.1599.17 Safari/537.36"
13.124.222.242 - - [04/May/2021:16:07:50 +0200] "GET /wordpress/wp-login.php HTTP/1.1" 404 299 "-" "Mozilla/5.0 (Windows NT 6.2; WOW64) AppleWebKit/537.36 (KHTML, like Gecko) Chrome/30.0.1599.17 Safari/537.36"
13.124.222.242 - - [04/May/2021:16:07:51 +0200] "GET /blog/wp-login.php HTTP/1.1" 404 294 "-" "Mozilla/5.0 (Windows NT 6.2; WOW64) AppleWebKit/537.36 (KHTML, like Gecko) Chrome/30.0.1599.17 Safari/537.36"
13.124.222.242 - - [04/May/2021:16:07:51 +0200] "GET /wp/wp-login.php HTTP/1.1" 404 292 "-" "Mozilla/5.0 (Windows NT 6.2; WOW64) AppleWebKit/537.36 (KHTML, like Gecko) Chrome/30.0.1599.17 Safari/537.36"
52.30.16.188 - - [04/May/2021:16:08:03 +0200] "GET / HTTP/1.1" 200 1155 "-" "Mozilla/5.0 (Windows NT 6.2; WOW64) AppleWebKit/537.36 (KHTML, like Gecko) Chrome/30.0.1599.17 Safari/537.36"
52.30.16.188 - - [04/May/2021:16:08:03 +0200] "GET /wp-login.php HTTP/1.1" 404 288 "-" "Mozilla/5.0 (Windows NT 6.2; WOW64) AppleWebKit/537.36 (KHTML, like Gecko) Chrome/30.0.1599.17 Safari/537.36"
52.30.16.188 - - [04/May/2021:16:08:03 +0200] "GET /wp-login.php HTTP/1.1" 404 293 "-" "Mozilla/5.0 (Windows NT 6.2; WOW64) AppleWebKit/537.36 (KHTML, like Gecko) Chrome/30.0.1599.17 Safari/537.36"
52.30.16.188 - - [04/May/2021:16:08:03 +0200] "GET /wordpress/wp-login.php HTTP/1.1" 404 298 "-" "Mozilla/5.0 (Windows NT 6.2; WOW64) AppleWebKit/537.36 (KHTML, like Gecko) Chrome/30.0.1599.17 Safari/537.36"
52.30.16.188 - - [04/May/2021:16:08:04 +0200] "GET /blog/wp-login.php HTTP/1.1" 404 293 "-" "Mozilla/5.0 (Windows NT 6.2; WOW64) AppleWebKit/537.36 (KHTML, like Gecko) Chrome/30.0.1599.17 Safari/537.36"
52.30.16.188 - - [04/May/2021:16:08:04 +0200] "GET /wp/wp-login.php HTTP/1.1" 404 291 "-" "Mozilla/5.0 (Windows NT 6.2; WOW64) AppleWebKit/537.36 (KHTML, like Gecko) Chrome/30.0.1599.17 Safari/537.36"
195.56.55.225 - - [04/May/2021:16:08:04 +0200] "GET /test.html HTTP/1.1" 200 56 "-" "monit/4.6"
34.251.241.226 - - [04/May/2021:16:08:21 +0200] "GET / HTTP/1.1" 200 1155 "-" "Mozilla/5.0 (Windows NT 6.2; Win64; x64) AppleWebKit/537.36 (KHTML, like Gecko) Chrome/32.0.1667.0 Safari/537.36"
34.251.241.226 - - [04/May/2021:16:08:21 +0200] "GET /wp-login.php HTTP/1.1" 404 288 "-" "Mozilla/5.0 (Windows NT 6.2; Win64; x64) AppleWebKit/537.36 (KHTML, like Gecko) Chrome/32.0.1667.0 Safari/537.36"
34.251.241.226 - - [04/May/2021:16:08:21 +0200] "GET /wp-login.php HTTP/1.1" 404 293 "-" "Mozilla/5.0 (Windows NT 6.2; Win64; x64) AppleWebKit/537.36 (KHTML, like Gecko) Chrome/32.0.1667.0 Safari/537.36"
34.251.241.226 - - [04/May/2021:16:08:21 +0200] "GET /wordpress/wp-login.php HTTP/1.1" 404 298 "-" "Mozilla/5.0 (Windows NT 6.2; Win64; x64) AppleWebKit/537.36 (KHTML, like Gecko) Chrome/32.0.1667.0 Safari/537.36"
34.251.241.226 - - [04/May/2021:16:08:21 +0200] "GET /blog/wp-login.php HTTP/1.1" 404 293 "-" "Mozilla/5.0 (Windows NT 6.2; Win64; x64) AppleWebKit/537.36 (KHTML, like Gecko) Chrome/32.0.1667.0 Safari/537.36"
34.251.241.226 - - [04/May/2021:16:08:22 +0200] "GET /wp/wp-login.php HTTP/1.1" 404 291 "-" "Mozilla/5.0 (Windows NT 6.2; Win64; x64) AppleWebKit/537.36 (KHTML, like Gecko) Chrome/32.0.1667.0 Safari/537.36"
34.215.69.55 - - [04/May/2021:16:08:25 +0200] "GET / HTTP/1.1" 200 1155 "-" "Mozilla/5.0 (Windows NT 6.1; WOW64) AppleWebKit/537.36 (KHTML, like Gecko) Chrome/36.0.1985.67 Safari/537.36"
34.215.69.55 - - [04/May/2021:16:08:25 +0200] "GET /wp-login.php HTTP/1.1" 404 289 "-" "Mozilla/5.0 (Windows NT 6.1; WOW64) AppleWebKit/537.36 (KHTML, like Gecko) Chrome/36.0.1985.67 Safari/537.36"
34.215.69.55 - - [04/May/2021:16:08:26 +0200] "GET /wp-login.php HTTP/1.1" 404 294 "-" "Mozilla/5.0 (Windows NT 6.1; WOW64) AppleWebKit/537.36 (KHTML, like Gecko) Chrome/36.0.1985.67 Safari/537.36"
34.215.69.55 - - [04/May/2021:16:08:26 +0200] "GET /wordpress/wp-login.php HTTP/1.1" 404 299 "-" "Mozilla/5.0 (Windows NT 6.1; WOW64) AppleWebKit/537.36 (KHTML, like Gecko) Chrome/36.0.1985.67 Safari/537.36"
34.215.69.55 - - [04/May/2021:16:08:27 +0200] "GET /blog/wp-login.php HTTP/1.1" 404 294 "-" "Mozilla/5.0 (Windows NT 6.1; WOW64) AppleWebKit/537.36 (KHTML, like Gecko) Chrome/36.0.1985.67 Safari/537.36"
34.215.69.55 - - [04/May/2021:16:08:27 +0200] "GET /wp/wp-login.php HTTP/1.1" 404 292 "-" "Mozilla/5.0 (Windows NT 6.1; WOW64) AppleWebKit/537.36 (KHTML, like Gecko) Chrome/36.0.1985.67 Safari/537.36"
13.58.56.77 - - [04/May/2021:16:08:29 +0200] "GET / HTTP/1.1" 200 1155 "-" "Mozilla/5.0 (Windows NT 5.1) AppleWebKit/537.36 (KHTML, like Gecko) Chrome/41.0.2224.3 Safari/537.36"
13.58.56.77 - - [04/May/2021:16:08:29 +0200] "GET /wp-login.php HTTP/1.1" 404 289 "-" "Mozilla/5.0 (Windows NT 5.1) AppleWebKit/537.36 (KHTML, like Gecko) Chrome/41.0.2224.3 Safari/537.36"
13.58.56.77 - - [04/May/2021:16:08:30 +0200] "GET /wp-login.php HTTP/1.1" 404 294 "-" "Mozilla/5.0 (Windows NT 5.1) AppleWebKit/537.36 (KHTML, like Gecko) Chrome/41.0.2224.3 Safari/537.36"
13.58.56.77 - - [04/May/2021:16:08:30 +0200] "GET /wordpress/wp-login.php HTTP/1.1" 404 299 "-" "Mozilla/5.0 (Windows NT 5.1) AppleWebKit/537.36 (KHTML, like Gecko) Chrome/41.0.2224.3 Safari/537.36"
13.58.56.77 - - [04/May/2021:16:08:30 +0200] "GET /blog/wp-login.php HTTP/1.1" 404 294 "-" "Mozilla/5.0 (Windows NT 5.1) AppleWebKit/537.36 (KHTML, like Gecko) Chrome/41.0.2224.3 Safari/537.36"
13.58.56.77 - - [04/May/2021:16:08:30 +0200] "GET /wp/wp-login.php HTTP/1.1" 404 292 "-" "Mozilla/5.0 (Windows NT 5.1) AppleWebKit/537.36 (KHTML, like Gecko) Chrome/41.0.2224.3 Safari/537.36"
18.229.73.207 - - [04/May/2021:16:08:46 +0200] "GET / HTTP/1.1" 200 1155 "-" "Mozilla/5.0 (Windows NT 6.1) AppleWebKit/537.36 (KHTML, like Gecko) Chrome/27.0.1453.93 Safari/537.36"
18.229.73.207 - - [04/May/2021:16:08:46 +0200] "GET /wp-login.php HTTP/1.1" 404 288 "-" "Mozilla/5.0 (Windows NT 6.1) AppleWebKit/537.36 (KHTML, like Gecko) Chrome/27.0.1453.93 Safari/537.36"
18.229.73.207 - - [04/May/2021:16:08:47 +0200] "GET /wp-login.php HTTP/1.1" 404 293 "-" "Mozilla/5.0 (Windows NT 6.1) AppleWebKit/537.36 (KHTML, like Gecko) Chrome/27.0.1453.93 Safari/537.36"
18.229.73.207 - - [04/May/2021:16:08:47 +0200] "GET /wordpress/wp-login.php HTTP/1.1" 404 298 "-" "Mozilla/5.0 (Windows NT 6.1) AppleWebKit/537.36 (KHTML, like Gecko) Chrome/27.0.1453.93 Safari/537.36"
18.229.73.207 - - [04/May/2021:16:08:48 +0200] "GET /blog/wp-login.php HTTP/1.1" 404 293 "-" "Mozilla/5.0 (Windows NT 6.1) AppleWebKit/537.36 (KHTML, like Gecko) Chrome/27.0.1453.93 Safari/537.36"
18.229.73.207 - - [04/May/2021:16:08:48 +0200] "GET /wp/wp-login.php HTTP/1.1" 404 291 "-" "Mozilla/5.0 (Windows NT 6.1) AppleWebKit/537.36 (KHTML, like Gecko) Chrome/27.0.1453.93 Safari/537.36"
3.8.68.2 - - [04/May/2021:16:08:51 +0200] "GET / HTTP/1.1" 200 1155 "-" "Mozilla/5.0 (Windows NT 5.1) AppleWebKit/537.36 (KHTML, like Gecko) Chrome/34.0.1866.237 Safari/537.36"
3.8.68.2 - - [04/May/2021:16:08:51 +0200] "GET /wp-login.php HTTP/1.1" 404 289 "-" "Mozilla/5.0 (Windows NT 5.1) AppleWebKit/537.36 (KHTML, like Gecko) Chrome/34.0.1866.237 Safari/537.36"
3.8.68.2 - - [04/May/2021:16:08:51 +0200] "GET /wp-login.php HTTP/1.1" 404 294 "-" "Mozilla/5.0 (Windows NT 5.1) AppleWebKit/537.36 (KHTML, like Gecko) Chrome/34.0.1866.237 Safari/537.36"
35.181.87.238 - - [04/May/2021:16:08:51 +0200] "GET / HTTP/1.1" 200 1155 "-" "Mozilla/5.0 (Windows NT 5.1) AppleWebKit/537.36 (KHTML, like Gecko) Chrome/36.0.1985.67 Safari/537.36"
3.8.68.2 - - [04/May/2021:16:08:51 +0200] "GET /wordpress/wp-login.php HTTP/1.1" 404 299 "-" "Mozilla/5.0 (Windows NT 5.1) AppleWebKit/537.36 (KHTML, like Gecko) Chrome/34.0.1866.237 Safari/537.36"
35.181.87.238 - - [04/May/2021:16:08:51 +0200] "GET /wp-login.php HTTP/1.1" 404 289 "-" "Mozilla/5.0 (Windows NT 5.1) AppleWebKit/537.36 (KHTML, like Gecko) Chrome/36.0.1985.67 Safari/537.36"
35.181.87.238 - - [04/May/2021:16:08:51 +0200] "GET /wp-login.php HTTP/1.1" 404 294 "-" "Mozilla/5.0 (Windows NT 5.1) AppleWebKit/537.36 (KHTML, like Gecko) Chrome/36.0.1985.67 Safari/537.36"
3.8.68.2 - - [04/May/2021:16:08:51 +0200] "GET /blog/wp-login.php HTTP/1.1" 404 294 "-" "Mozilla/5.0 (Windows NT 5.1) AppleWebKit/537.36 (KHTML, like Gecko) Chrome/34.0.1866.237 Safari/537.36"
35.181.87.238 - - [04/May/2021:16:08:51 +0200] "GET /wordpress/wp-login.php HTTP/1.1" 404 299 "-" "Mozilla/5.0 (Windows NT 5.1) AppleWebKit/537.36 (KHTML, like Gecko) Chrome/36.0.1985.67 Safari/537.36"
3.8.68.2 - - [04/May/2021:16:08:51 +0200] "GET /wp/wp-login.php HTTP/1.1" 404 292 "-" "Mozilla/5.0 (Windows NT 5.1) AppleWebKit/537.36 (KHTML, like Gecko) Chrome/34.0.1866.237 Safari/537.36"
35.181.87.238 - - [04/May/2021:16:08:51 +0200] "GET /blog/wp-login.php HTTP/1.1" 404 294 "-" "Mozilla/5.0 (Windows NT 5.1) AppleWebKit/537.36 (KHTML, like Gecko) Chrome/36.0.1985.67 Safari/537.36"
35.181.87.238 - - [04/May/2021:16:08:51 +0200] "GET /wp/wp-login.php HTTP/1.1" 404 292 "-" "Mozilla/5.0 (Windows NT 5.1) AppleWebKit/537.36 (KHTML, like Gecko) Chrome/36.0.1985.67 Safari/537.36"
103.133.110.78 - - [04/May/2021:16:08:58 +0200] "GET /.env HTTP/1.1" 404 280 "-" "Mozilla/5.0 (X11; Linux x86_64) AppleWebKit/537.36 (KHTML, like Gecko) Chrome/81.0.4044.129 Safari/537.36"
103.133.110.78 - - [04/May/2021:16:09:00 +0200] "POST / HTTP/1.1" 405 310 "-" "Mozilla/5.0 (X11; Linux x86_64) AppleWebKit/537.36 (KHTML, like Gecko) Chrome/81.0.4044.129 Safari/537.36"
34.236.18.197 - - [04/May/2021:16:09:03 +0200] "GET / HTTP/1.1" 200 1155 "-" "Mozilla/5.0 (Windows NT 6.2; WOW64) AppleWebKit/537.36 (KHTML, like Gecko) Chrome/30.0.1599.17 Safari/537.36"
34.236.18.197 - - [04/May/2021:16:09:03 +0200] "GET /wp-login.php HTTP/1.1" 404 287 "-" "Mozilla/5.0 (Windows NT 6.2; WOW64) AppleWebKit/537.36 (KHTML, like Gecko) Chrome/30.0.1599.17 Safari/537.36"
34.236.18.197 - - [04/May/2021:16:09:04 +0200] "GET /wp-login.php HTTP/1.1" 404 292 "-" "Mozilla/5.0 (Windows NT 6.2; WOW64) AppleWebKit/537.36 (KHTML, like Gecko) Chrome/30.0.1599.17 Safari/537.36"
34.236.18.197 - - [04/May/2021:16:09:04 +0200] "GET /wordpress/wp-login.php HTTP/1.1" 404 297 "-" "Mozilla/5.0 (Windows NT 6.2; WOW64) AppleWebKit/537.36 (KHTML, like Gecko) Chrome/30.0.1599.17 Safari/537.36"
34.236.18.197 - - [04/May/2021:16:09:05 +0200] "GET /blog/wp-login.php HTTP/1.1" 404 292 "-" "Mozilla/5.0 (Windows NT 6.2; WOW64) AppleWebKit/537.36 (KHTML, like Gecko) Chrome/30.0.1599.17 Safari/537.36"
34.236.18.197 - - [04/May/2021:16:09:05 +0200] "GET /wp/wp-login.php HTTP/1.1" 404 290 "-" "Mozilla/5.0 (Windows NT 6.2; WOW64) AppleWebKit/537.36 (KHTML, like Gecko) Chrome/30.0.1599.17 Safari/537.36"
52.192.73.251 - - [04/May/2021:16:09:19 +0200] "GET / HTTP/1.1" 200 1155 "-" "Mozilla/5.0 (X11; Linux x86_64) AppleWebKit/537.36 (KHTML, like Gecko) Chrome/33.0.1750.517 Safari/537.36"
52.192.73.251 - - [04/May/2021:16:09:19 +0200] "GET /wp-login.php HTTP/1.1" 404 288 "-" "Mozilla/5.0 (X11; Linux x86_64) AppleWebKit/537.36 (KHTML, like Gecko) Chrome/33.0.1750.517 Safari/537.36"
52.192.73.251 - - [04/May/2021:16:09:21 +0200] "GET /wp-login.php HTTP/1.1" 404 293 "-" "Mozilla/5.0 (X11; Linux x86_64) AppleWebKit/537.36 (KHTML, like Gecko) Chrome/33.0.1750.517 Safari/537.36"
52.192.73.251 - - [04/May/2021:16:09:21 +0200] "GET /wordpress/wp-login.php HTTP/1.1" 404 298 "-" "Mozilla/5.0 (X11; Linux x86_64) AppleWebKit/537.36 (KHTML, like Gecko) Chrome/33.0.1750.517 Safari/537.36"
52.192.73.251 - - [04/May/2021:16:09:22 +0200] "GET /blog/wp-login.php HTTP/1.1" 404 293 "-" "Mozilla/5.0 (X11; Linux x86_64) AppleWebKit/537.36 (KHTML, like Gecko) Chrome/33.0.1750.517 Safari/537.36"
52.192.73.251 - - [04/May/2021:16:09:22 +0200] "GET /wp/wp-login.php HTTP/1.1" 404 291 "-" "Mozilla/5.0 (X11; Linux x86_64) AppleWebKit/537.36 (KHTML, like Gecko) Chrome/33.0.1750.517 Safari/537.36"
18.229.73.207 - - [04/May/2021:16:09:24 +0200] "GET / HTTP/1.1" 200 1155 "-" "Mozilla/5.0 (X11; CrOS i686 4319.74.0) AppleWebKit/537.36 (KHTML, like Gecko) Chrome/29.0.1547.57 Safari/537.36"
18.229.73.207 - - [04/May/2021:16:09:25 +0200] "GET /wp-login.php HTTP/1.1" 404 289 "-" "Mozilla/5.0 (X11; CrOS i686 4319.74.0) AppleWebKit/537.36 (KHTML, like Gecko) Chrome/29.0.1547.57 Safari/537.36"
18.229.73.207 - - [04/May/2021:16:09:25 +0200] "GET /wp-login.php HTTP/1.1" 404 294 "-" "Mozilla/5.0 (X11; CrOS i686 4319.74.0) AppleWebKit/537.36 (KHTML, like Gecko) Chrome/29.0.1547.57 Safari/537.36"
18.229.73.207 - - [04/May/2021:16:09:26 +0200] "GET /wordpress/wp-login.php HTTP/1.1" 404 299 "-" "Mozilla/5.0 (X11; CrOS i686 4319.74.0) AppleWebKit/537.36 (KHTML, like Gecko) Chrome/29.0.1547.57 Safari/537.36"
18.229.73.207 - - [04/May/2021:16:09:26 +0200] "GET /blog/wp-login.php HTTP/1.1" 404 294 "-" "Mozilla/5.0 (X11; CrOS i686 4319.74.0) AppleWebKit/537.36 (KHTML, like Gecko) Chrome/29.0.1547.57 Safari/537.36"
18.229.73.207 - - [04/May/2021:16:09:27 +0200] "GET /wp/wp-login.php HTTP/1.1" 404 292 "-" "Mozilla/5.0 (X11; CrOS i686 4319.74.0) AppleWebKit/537.36 (KHTML, like Gecko) Chrome/29.0.1547.57 Safari/537.36"
13.58.56.77 - - [04/May/2021:16:09:35 +0200] "GET / HTTP/1.1" 200 1155 "-" "Mozilla/5.0 (Windows NT 6.1) AppleWebKit/537.36 (KHTML, like Gecko) Chrome/28.0.1468.0 Safari/537.36"
13.58.56.77 - - [04/May/2021:16:09:35 +0200] "GET /wp-login.php HTTP/1.1" 404 289 "-" "Mozilla/5.0 (Windows NT 6.1) AppleWebKit/537.36 (KHTML, like Gecko) Chrome/28.0.1468.0 Safari/537.36"
13.58.56.77 - - [04/May/2021:16:09:36 +0200] "GET /wp-login.php HTTP/1.1" 404 294 "-" "Mozilla/5.0 (Windows NT 6.1) AppleWebKit/537.36 (KHTML, like Gecko) Chrome/28.0.1468.0 Safari/537.36"
52.64.20.252 - - [04/May/2021:16:09:36 +0200] "GET / HTTP/1.1" 200 1155 "-" "Mozilla/5.0 (Windows NT 6.1) AppleWebKit/537.36 (KHTML, like Gecko) Chrome/41.0.2228.0 Safari/537.36"
13.58.56.77 - - [04/May/2021:16:09:36 +0200] "GET /wordpress/wp-login.php HTTP/1.1" 404 299 "-" "Mozilla/5.0 (Windows NT 6.1) AppleWebKit/537.36 (KHTML, like Gecko) Chrome/28.0.1468.0 Safari/537.36"
13.58.56.77 - - [04/May/2021:16:09:36 +0200] "GET /blog/wp-login.php HTTP/1.1" 404 294 "-" "Mozilla/5.0 (Windows NT 6.1) AppleWebKit/537.36 (KHTML, like Gecko) Chrome/28.0.1468.0 Safari/537.36"
52.52.190.187 - - [04/May/2021:16:09:36 +0200] "GET / HTTP/1.1" 200 1155 "-" "Mozilla/5.0 (Windows NT 6.2; WOW64) AppleWebKit/537.36 (KHTML, like Gecko) Chrome/27.0.1500.55 Safari/537.36"
52.64.20.252 - - [04/May/2021:16:09:36 +0200] "GET /wp-login.php HTTP/1.1" 404 289 "-" "Mozilla/5.0 (Windows NT 6.1) AppleWebKit/537.36 (KHTML, like Gecko) Chrome/41.0.2228.0 Safari/537.36"
13.58.56.77 - - [04/May/2021:16:09:37 +0200] "GET /wp/wp-login.php HTTP/1.1" 404 292 "-" "Mozilla/5.0 (Windows NT 6.1) AppleWebKit/537.36 (KHTML, like Gecko) Chrome/28.0.1468.0 Safari/537.36"
52.52.190.187 - - [04/May/2021:16:09:37 +0200] "GET /wp-login.php HTTP/1.1" 404 289 "-" "Mozilla/5.0 (Windows NT 6.2; WOW64) AppleWebKit/537.36 (KHTML, like Gecko) Chrome/27.0.1500.55 Safari/537.36"
52.52.190.187 - - [04/May/2021:16:09:37 +0200] "GET /wp-login.php HTTP/1.1" 404 294 "-" "Mozilla/5.0 (Windows NT 6.2; WOW64) AppleWebKit/537.36 (KHTML, like Gecko) Chrome/27.0.1500.55 Safari/537.36"
52.64.20.252 - - [04/May/2021:16:09:38 +0200] "GET /wp-login.php HTTP/1.1" 404 294 "-" "Mozilla/5.0 (Windows NT 6.1) AppleWebKit/537.36 (KHTML, like Gecko) Chrome/41.0.2228.0 Safari/537.36"
52.52.190.187 - - [04/May/2021:16:09:38 +0200] "GET /wordpress/wp-login.php HTTP/1.1" 404 299 "-" "Mozilla/5.0 (Windows NT 6.2; WOW64) AppleWebKit/537.36 (KHTML, like Gecko) Chrome/27.0.1500.55 Safari/537.36"
52.52.190.187 - - [04/May/2021:16:09:38 +0200] "GET /blog/wp-login.php HTTP/1.1" 404 294 "-" "Mozilla/5.0 (Windows NT 6.2; WOW64) AppleWebKit/537.36 (KHTML, like Gecko) Chrome/27.0.1500.55 Safari/537.36"
52.64.20.252 - - [04/May/2021:16:09:38 +0200] "GET /wordpress/wp-login.php HTTP/1.1" 404 299 "-" "Mozilla/5.0 (Windows NT 6.1) AppleWebKit/537.36 (KHTML, like Gecko) Chrome/41.0.2228.0 Safari/537.36"
52.52.190.187 - - [04/May/2021:16:09:38 +0200] "GET /wp/wp-login.php HTTP/1.1" 404 292 "-" "Mozilla/5.0 (Windows NT 6.2; WOW64) AppleWebKit/537.36 (KHTML, like Gecko) Chrome/27.0.1500.55 Safari/537.36"
52.64.20.252 - - [04/May/2021:16:09:39 +0200] "GET /blog/wp-login.php HTTP/1.1" 404 294 "-" "Mozilla/5.0 (Windows NT 6.1) AppleWebKit/537.36 (KHTML, like Gecko) Chrome/41.0.2228.0 Safari/537.36"
52.64.20.252 - - [04/May/2021:16:09:39 +0200] "GET /wp/wp-login.php HTTP/1.1" 404 292 "-" "Mozilla/5.0 (Windows NT 6.1) AppleWebKit/537.36 (KHTML, like Gecko) Chrome/41.0.2228.0 Safari/537.36"
66.249.72.238 - - [04/May/2021:16:09:45 +0200] "GET /robots.txt HTTP/1.1" 404 295 "-" "Mozilla/5.0 (compatible; Googlebot/2.1; +http://www.google.com/bot.html)"
66.249.72.242 - - [04/May/2021:16:09:45 +0200] "GET /kompasz/keretegyezmeny_a_nemzeti_kisebbsegek_vedelm HTTP/1.1" 404 336 "-" "Mozilla/5.0 (Linux; Android 6.0.1; Nexus 5X Build/MMB29P) AppleWebKit/537.36 (KHTML, like Gecko) Chrome/90.0.4430.84 Mobile Safari/537.36 (compatible; Googlebot/2.1; +http://www.google.com/bot.html)"
195.56.55.225 - - [04/May/2021:16:10:07 +0200] "GET /test.html HTTP/1.1" 200 56 "-" "monit/4.6"
13.124.222.242 - - [04/May/2021:16:10:10 +0200] "GET / HTTP/1.1" 200 1155 "-" "Mozilla/5.0 (Windows NT 6.1) AppleWebKit/537.36 (KHTML, like Gecko) Chrome/28.0.1468.0 Safari/537.36"
13.124.222.242 - - [04/May/2021:16:10:11 +0200] "GET /wp-login.php HTTP/1.1" 404 288 "-" "Mozilla/5.0 (Windows NT 6.1) AppleWebKit/537.36 (KHTML, like Gecko) Chrome/28.0.1468.0 Safari/537.36"
13.124.222.242 - - [04/May/2021:16:10:12 +0200] "GET /wp-login.php HTTP/1.1" 404 293 "-" "Mozilla/5.0 (Windows NT 6.1) AppleWebKit/537.36 (KHTML, like Gecko) Chrome/28.0.1468.0 Safari/537.36"
13.124.222.242 - - [04/May/2021:16:10:12 +0200] "GET /wordpress/wp-login.php HTTP/1.1" 404 298 "-" "Mozilla/5.0 (Windows NT 6.1) AppleWebKit/537.36 (KHTML, like Gecko) Chrome/28.0.1468.0 Safari/537.36"
13.124.222.242 - - [04/May/2021:16:10:13 +0200] "GET /blog/wp-login.php HTTP/1.1" 404 293 "-" "Mozilla/5.0 (Windows NT 6.1) AppleWebKit/537.36 (KHTML, like Gecko) Chrome/28.0.1468.0 Safari/537.36"
13.124.222.242 - - [04/May/2021:16:10:14 +0200] "GET /wp/wp-login.php HTTP/1.1" 404 291 "-" "Mozilla/5.0 (Windows NT 6.1) AppleWebKit/537.36 (KHTML, like Gecko) Chrome/28.0.1468.0 Safari/537.36"
34.203.37.48 - - [04/May/2021:16:10:15 +0200] "GET / HTTP/1.1" 200 1155 "-" "Mozilla/5.0 (Windows NT 6.2; Win64; x64) AppleWebKit/537.36 (KHTML, like Gecko) Chrome/32.0.1667.0 Safari/537.36"
34.203.37.48 - - [04/May/2021:16:10:15 +0200] "GET /wp-login.php HTTP/1.1" 404 289 "-" "Mozilla/5.0 (Windows NT 6.2; Win64; x64) AppleWebKit/537.36 (KHTML, like Gecko) Chrome/32.0.1667.0 Safari/537.36"
34.203.37.48 - - [04/May/2021:16:10:15 +0200] "GET /wp-login.php HTTP/1.1" 404 294 "-" "Mozilla/5.0 (Windows NT 6.2; Win64; x64) AppleWebKit/537.36 (KHTML, like Gecko) Chrome/32.0.1667.0 Safari/537.36"
34.203.37.48 - - [04/May/2021:16:10:16 +0200] "GET /wordpress/wp-login.php HTTP/1.1" 404 299 "-" "Mozilla/5.0 (Windows NT 6.2; Win64; x64) AppleWebKit/537.36 (KHTML, like Gecko) Chrome/32.0.1667.0 Safari/537.36"
34.203.37.48 - - [04/May/2021:16:10:16 +0200] "GET /blog/wp-login.php HTTP/1.1" 404 294 "-" "Mozilla/5.0 (Windows NT 6.2; Win64; x64) AppleWebKit/537.36 (KHTML, like Gecko) Chrome/32.0.1667.0 Safari/537.36"
34.203.37.48 - - [04/May/2021:16:10:16 +0200] "GET /wp/wp-login.php HTTP/1.1" 404 292 "-" "Mozilla/5.0 (Windows NT 6.2; Win64; x64) AppleWebKit/537.36 (KHTML, like Gecko) Chrome/32.0.1667.0 Safari/537.36"
