3.8.68.2 - - [04/May/2021:16:00:16 +0200] "GET /wp-login.php HTTP/1.1" 404 289 "-" "Mozilla/5.0 (Windows NT 6.1) AppleWebKit/537.36 (KHTML, like Gecko) Chrome/41.0.2228.0 Safari/537.36"
3.8.68.2 - - [04/May/2021:16:00:16 +0200] "GET /wp-login.php HTTP/1.1" 404 294 "-" "Mozilla/5.0 (Windows NT 6.1) AppleWebKit/537.36 (KHTML, like Gecko) Chrome/41.0.2228.0 Safari/537.36"
13.209.28.104 - - [04/May/2021:16:00:16 +0200] "GET / HTTP/1.1" 200 1155 "-" "Mozilla/5.0 (X11; OpenBSD i386) AppleWebKit/537.36 (KHTML, like Gecko) Chrome/36.0.1985.125 Safari/537.36"
3.8.68.2 - - [04/May/2021:16:00:16 +0200] "GET /wordpress/wp-login.php HTTP/1.1" 404 299 "-" "Mozilla/5.0 (Windows NT 6.1) AppleWebKit/537.36 (KHTML, like Gecko) Chrome/41.0.2228.0 Safari/537.36"
3.8.68.2 - - [04/May/2021:16:00:16 +0200] "GET /blog/wp-login.php HTTP/1.1" 404 294 "-" "Mozilla/5.0 (Windows NT 6.1) AppleWebKit/537.36 (KHTML, like Gecko) Chrome/41.0.2228.0 Safari/537.36"
3.8.68.2 - - [04/May/2021:16:00:16 +0200] "GET /wp/wp-login.php HTTP/1.1" 404 292 "-" "Mozilla/5.0 (Windows NT 6.1) AppleWebKit/537.36 (KHTML, like Gecko) Chrome/41.0.2228.0 Safari/537.36"
13.209.28.104 - - [04/May/2021:16:00:16 +0200] "GET /wp-login.php HTTP/1.1" 404 288 "-" "Mozilla/5.0 (X11; OpenBSD i386) AppleWebKit/537.36 (KHTML, like Gecko) Chrome/36.0.1985.125 Safari/537.36"
13.209.28.104 - - [04/May/2021:16:00:17 +0200] "GET /wp-login.php HTTP/1.1" 404 293 "-" "Mozilla/5.0 (X11; OpenBSD i386) AppleWebKit/537.36 (KHTML, like Gecko) Chrome/36.0.1985.125 Safari/537.36"
13.209.28.104 - - [04/May/2021:16:00:18 +0200] "GET /wordpress/wp-login.php HTTP/1.1" 404 298 "-" "Mozilla/5.0 (X11; OpenBSD i386) AppleWebKit/537.36 (KHTML, like Gecko) Chrome/36.0.1985.125 Safari/537.36"
13.209.28.104 - - [04/May/2021:16:00:18 +0200] "GET /blog/wp-login.php HTTP/1.1" 404 293 "-" "Mozilla/5.0 (X11; OpenBSD i386) AppleWebKit/537.36 (KHTML, like Gecko) Chrome/36.0.1985.125 Safari/537.36"
13.209.28.104 - - [04/May/2021:16:00:19 +0200] "GET /wp/wp-login.php HTTP/1.1" 404 291 "-" "Mozilla/5.0 (X11; OpenBSD i386) AppleWebKit/537.36 (KHTML, like Gecko) Chrome/36.0.1985.125 Safari/537.36"
34.86.35.22 - - [04/May/2021:16:00:28 +0200] "GET / HTTP/1.1" 200 1155 "-" "Expanse, a Palo Alto Networks company, searches across the global IPv4 space multiple times per day to identify customers&#39; presences on the Internet. If you would like to be excluded from our scans, please send IP addresses/domains to: scaninfo@paloaltonetworks.com"
18.136.72.135 - - [04/May/2021:16:00:33 +0200] "GET / HTTP/1.1" 200 1155 "-" "Mozilla/5.0 (X11; Linux x86_64) AppleWebKit/537.36 (KHTML, like Gecko) Chrome/41.0.2227.0 Safari/537.36"
18.136.72.135 - - [04/May/2021:16:00:34 +0200] "GET /wp-login.php HTTP/1.1" 404 289 "-" "Mozilla/5.0 (X11; Linux x86_64) AppleWebKit/537.36 (KHTML, like Gecko) Chrome/41.0.2227.0 Safari/537.36"
18.136.72.135 - - [04/May/2021:16:00:35 +0200] "GET /wp-login.php HTTP/1.1" 404 294 "-" "Mozilla/5.0 (X11; Linux x86_64) AppleWebKit/537.36 (KHTML, like Gecko) Chrome/41.0.2227.0 Safari/537.36"
18.136.72.135 - - [04/May/2021:16:00:35 +0200] "GET /wordpress/wp-login.php HTTP/1.1" 404 299 "-" "Mozilla/5.0 (X11; Linux x86_64) AppleWebKit/537.36 (KHTML, like Gecko) Chrome/41.0.2227.0 Safari/537.36"
18.136.72.135 - - [04/May/2021:16:00:36 +0200] "GET /blog/wp-login.php HTTP/1.1" 404 294 "-" "Mozilla/5.0 (X11; Linux x86_64) AppleWebKit/537.36 (KHTML, like Gecko) Chrome/41.0.2227.0 Safari/537.36"
18.136.72.135 - - [04/May/2021:16:00:36 +0200] "GET /wp/wp-login.php HTTP/1.1" 404 292 "-" "Mozilla/5.0 (X11; Linux x86_64) AppleWebKit/537.36 (KHTML, like Gecko) Chrome/41.0.2227.0 Safari/537.36"
52.64.20.252 - - [04/May/2021:16:00:48 +0200] "GET / HTTP/1.1" 200 1155 "-" "Mozilla/5.0 (Windows NT 5.1) AppleWebKit/537.36 (KHTML, like Gecko) Chrome/31.0.1650.16 Safari/537.36"
13.236.114.230 - - [04/May/2021:16:00:48 +0200] "GET / HTTP/1.1" 200 1155 "-" "Mozilla/5.0 (Windows NT 5.1) AppleWebKit/537.36 (KHTML, like Gecko) Chrome/34.0.1847.116 Safari/537.36 Mozilla/5.0 (iPad; U; CPU OS 3_2 like Mac OS X; en-us) AppleWebKit/531.21.10 (KHTML, like Gecko) Version/4.0.4 Mobile/7B334b Safari/531.21.10"
52.64.20.252 - - [04/May/2021:16:00:48 +0200] "GET /wp-login.php HTTP/1.1" 404 289 "-" "Mozilla/5.0 (Windows NT 5.1) AppleWebKit/537.36 (KHTML, like Gecko) Chrome/31.0.1650.16 Safari/537.36"
13.236.114.230 - - [04/May/2021:16:00:48 +0200] "GET /wp-login.php HTTP/1.1" 404 288 "-" "Mozilla/5.0 (Windows NT 5.1) AppleWebKit/537.36 (KHTML, like Gecko) Chrome/34.0.1847.116 Safari/537.36 Mozilla/5.0 (iPad; U; CPU OS 3_2 like Mac OS X; en-us) AppleWebKit/531.21.10 (KHTML, like Gecko) Version/4.0.4 Mobile/7B334b Safari/531.21.10"
13.236.114.230 - - [04/May/2021:16:00:49 +0200] "GET / HTTP/1.1" 200 1155 "-" "Mozilla/5.0 (Windows NT 5.1) AppleWebKit/537.36 (KHTML, like Gecko) Chrome/35.0.2309.372 Safari/537.36"
52.64.20.252 - - [04/May/2021:16:00:49 +0200] "GET /wp-login.php HTTP/1.1" 404 294 "-" "Mozilla/5.0 (Windows NT 5.1) AppleWebKit/537.36 (KHTML, like Gecko) Chrome/31.0.1650.16 Safari/537.36"
13.236.114.230 - - [04/May/2021:16:00:49 +0200] "GET /wp-login.php HTTP/1.1" 404 289 "-" "Mozilla/5.0 (Windows NT 5.1) AppleWebKit/537.36 (KHTML, like Gecko) Chrome/35.0.2309.372 Safari/537.36"
13.236.114.230 - - [04/May/2021:16:00:49 +0200] "GET /wp-login.php HTTP/1.1" 404 293 "-" "Mozilla/5.0 (Windows NT 5.1) AppleWebKit/537.36 (KHTML, like Gecko) Chrome/34.0.1847.116 Safari/537.36 Mozilla/5.0 (iPad; U; CPU OS 3_2 like Mac OS X; en-us) AppleWebKit/531.21.10 (KHTML, like Gecko) Version/4.0.4 Mobile/7B334b Safari/531.21.10"
34.209.105.222 - - [04/May/2021:16:00:50 +0200] "GET / HTTP/1.1" 200 1155 "-" "Mozilla/5.0 (Windows NT 4.0; WOW64) AppleWebKit/537.36 (KHTML, like Gecko) Chrome/37.0.2049.0 Safari/537.36"
52.64.20.252 - - [04/May/2021:16:00:50 +0200] "GET /wordpress/wp-login.php HTTP/1.1" 404 299 "-" "Mozilla/5.0 (Windows NT 5.1) AppleWebKit/537.36 (KHTML, like Gecko) Chrome/31.0.1650.16 Safari/537.36"
13.236.114.230 - - [04/May/2021:16:00:50 +0200] "GET /wordpress/wp-login.php HTTP/1.1" 404 298 "-" "Mozilla/5.0 (Windows NT 5.1) AppleWebKit/537.36 (KHTML, like Gecko) Chrome/34.0.1847.116 Safari/537.36 Mozilla/5.0 (iPad; U; CPU OS 3_2 like Mac OS X; en-us) AppleWebKit/531.21.10 (KHTML, like Gecko) Version/4.0.4 Mobile/7B334b Safari/531.21.10"
34.209.105.222 - - [04/May/2021:16:00:50 +0200] "GET /wp-login.php HTTP/1.1" 404 289 "-" "Mozilla/5.0 (Windows NT 4.0; WOW64) AppleWebKit/537.36 (KHTML, like Gecko) Chrome/37.0.2049.0 Safari/537.36"
13.236.114.230 - - [04/May/2021:16:00:50 +0200] "GET /wp-login.php HTTP/1.1" 404 294 "-" "Mozilla/5.0 (Windows NT 5.1) AppleWebKit/537.36 (KHTML, like Gecko) Chrome/35.0.2309.372 Safari/537.36"
52.64.20.252 - - [04/May/2021:16:00:51 +0200] "GET /blog/wp-login.php HTTP/1.1" 404 294 "-" "Mozilla/5.0 (Windows NT 5.1) AppleWebKit/537.36 (KHTML, like Gecko) Chrome/31.0.1650.16 Safari/537.36"
13.236.114.230 - - [04/May/2021:16:00:51 +0200] "GET /blog/wp-login.php HTTP/1.1" 404 293 "-" "Mozilla/5.0 (Windows NT 5.1) AppleWebKit/537.36 (KHTML, like Gecko) Chrome/34.0.1847.116 Safari/537.36 Mozilla/5.0 (iPad; U; CPU OS 3_2 like Mac OS X; en-us) AppleWebKit/531.21.10 (KHTML, like Gecko) Version/4.0.4 Mobile/7B334b Safari/531.21.10"
34.209.105.222 - - [04/May/2021:16:00:51 +0200] "GET /wp-login.php HTTP/1.1" 404 294 "-" "Mozilla/5.0 (Windows NT 4.0; WOW64) AppleWebKit/537.36 (KHTML, like Gecko) Chrome/37.0.2049.0 Safari/537.36"
13.236.114.230 - - [04/May/2021:16:00:51 +0200] "GET /wordpress/wp-login.php HTTP/1.1" 404 299 "-" "Mozilla/5.0 (Windows NT 5.1) AppleWebKit/537.36 (KHTML, like Gecko) Chrome/35.0.2309.372 Safari/537.36"
52.64.20.252 - - [04/May/2021:16:00:51 +0200] "GET /wp/wp-login.php HTTP/1.1" 404 292 "-" "Mozilla/5.0 (Windows NT 5.1) AppleWebKit/537.36 (KHTML, like Gecko) Chrome/31.0.1650.16 Safari/537.36"
13.236.114.230 - - [04/May/2021:16:00:51 +0200] "GET /wp/wp-login.php HTTP/1.1" 404 291 "-" "Mozilla/5.0 (Windows NT 5.1) AppleWebKit/537.36 (KHTML, like Gecko) Chrome/34.0.1847.116 Safari/537.36 Mozilla/5.0 (iPad; U; CPU OS 3_2 like Mac OS X; en-us) AppleWebKit/531.21.10 (KHTML, like Gecko) Version/4.0.4 Mobile/7B334b Safari/531.21.10"
34.209.105.222 - - [04/May/2021:16:00:51 +0200] "GET /wordpress/wp-login.php HTTP/1.1" 404 299 "-" "Mozilla/5.0 (Windows NT 4.0; WOW64) AppleWebKit/537.36 (KHTML, like Gecko) Chrome/37.0.2049.0 Safari/537.36"
13.236.114.230 - - [04/May/2021:16:00:52 +0200] "GET /blog/wp-login.php HTTP/1.1" 404 294 "-" "Mozilla/5.0 (Windows NT 5.1) AppleWebKit/537.36 (KHTML, like Gecko) Chrome/35.0.2309.372 Safari/537.36"
34.209.105.222 - - [04/May/2021:16:00:52 +0200] "GET /blog/wp-login.php HTTP/1.1" 404 294 "-" "Mozilla/5.0 (Windows NT 4.0; WOW64) AppleWebKit/537.36 (KHTML, like Gecko) Chrome/37.0.2049.0 Safari/537.36"
34.209.105.222 - - [04/May/2021:16:00:52 +0200] "GET /wp/wp-login.php HTTP/1.1" 404 292 "-" "Mozilla/5.0 (Windows NT 4.0; WOW64) AppleWebKit/537.36 (KHTML, like Gecko) Chrome/37.0.2049.0 Safari/537.36"
13.236.114.230 - - [04/May/2021:16:00:52 +0200] "GET /wp/wp-login.php HTTP/1.1" 404 292 "-" "Mozilla/5.0 (Windows NT 5.1) AppleWebKit/537.36 (KHTML, like Gecko) Chrome/35.0.2309.372 Safari/537.36"
34.96.130.25 - - [04/May/2021:16:00:55 +0200] "GET / HTTP/1.1" 200 1155 "-" "Expanse, a Palo Alto Networks company, searches across the global IPv4 space multiple times per day to identify customers&#39; presences on the Internet. If you would like to be excluded from our scans, please send IP addresses/domains to: scaninfo@paloaltonetworks.com"
52.15.212.3 - - [04/May/2021:16:01:01 +0200] "GET / HTTP/1.1" 200 1155 "-" "Mozilla/5.0 (Windows NT 6.1) AppleWebKit/537.36 (KHTML, like Gecko) Chrome/28.0.1468.0 Safari/537.36"
52.15.212.3 - - [04/May/2021:16:01:01 +0200] "GET /wp-login.php HTTP/1.1" 404 289 "-" "Mozilla/5.0 (Windows NT 6.1) AppleWebKit/537.36 (KHTML, like Gecko) Chrome/28.0.1468.0 Safari/537.36"
52.15.212.3 - - [04/May/2021:16:01:01 +0200] "GET /wp-login.php HTTP/1.1" 404 294 "-" "Mozilla/5.0 (Windows NT 6.1) AppleWebKit/537.36 (KHTML, like Gecko) Chrome/28.0.1468.0 Safari/537.36"
52.15.212.3 - - [04/May/2021:16:01:02 +0200] "GET /wordpress/wp-login.php HTTP/1.1" 404 299 "-" "Mozilla/5.0 (Windows NT 6.1) AppleWebKit/537.36 (KHTML, like Gecko) Chrome/28.0.1468.0 Safari/537.36"
52.15.212.3 - - [04/May/2021:16:01:02 +0200] "GET /blog/wp-login.php HTTP/1.1" 404 294 "-" "Mozilla/5.0 (Windows NT 6.1) AppleWebKit/537.36 (KHTML, like Gecko) Chrome/28.0.1468.0 Safari/537.36"
52.15.212.3 - - [04/May/2021:16:01:02 +0200] "GET /wp/wp-login.php HTTP/1.1" 404 292 "-" "Mozilla/5.0 (Windows NT 6.1) AppleWebKit/537.36 (KHTML, like Gecko) Chrome/28.0.1468.0 Safari/537.36"
13.209.28.104 - - [04/May/2021:16:01:14 +0200] "GET / HTTP/1.1" 200 1155 "-" "Mozilla/5.0 (X11; Linux x86_64) AppleWebKit/537.36 (KHTML, like Gecko) Chrome/34.0.1847.137 Safari/4E423F"
13.209.28.104 - - [04/May/2021:16:01:15 +0200] "GET /wp-login.php HTTP/1.1" 404 288 "-" "Mozilla/5.0 (X11; Linux x86_64) AppleWebKit/537.36 (KHTML, like Gecko) Chrome/34.0.1847.137 Safari/4E423F"
13.209.28.104 - - [04/May/2021:16:01:16 +0200] "GET /wp-login.php HTTP/1.1" 404 293 "-" "Mozilla/5.0 (X11; Linux x86_64) AppleWebKit/537.36 (KHTML, like Gecko) Chrome/34.0.1847.137 Safari/4E423F"
13.209.28.104 - - [04/May/2021:16:01:16 +0200] "GET /wordpress/wp-login.php HTTP/1.1" 404 298 "-" "Mozilla/5.0 (X11; Linux x86_64) AppleWebKit/537.36 (KHTML, like Gecko) Chrome/34.0.1847.137 Safari/4E423F"
13.209.28.104 - - [04/May/2021:16:01:17 +0200] "GET /blog/wp-login.php HTTP/1.1" 404 293 "-" "Mozilla/5.0 (X11; Linux x86_64) AppleWebKit/537.36 (KHTML, like Gecko) Chrome/34.0.1847.137 Safari/4E423F"
13.209.28.104 - - [04/May/2021:16:01:17 +0200] "GET /wp/wp-login.php HTTP/1.1" 404 291 "-" "Mozilla/5.0 (X11; Linux x86_64) AppleWebKit/537.36 (KHTML, like Gecko) Chrome/34.0.1847.137 Safari/4E423F"
13.124.222.242 - - [04/May/2021:16:01:25 +0200] "GET / HTTP/1.1" 200 1155 "-" "Mozilla/5.0 (Windows NT 5.1) AppleWebKit/537.36 (KHTML, like Gecko) Chrome/34.0.1847.116 Safari/537.36 Mozilla/5.0 (iPad; U; CPU OS 3_2 like Mac OS X; en-us) AppleWebKit/531.21.10 (KHTML, like Gecko) Version/4.0.4 Mobile/7B334b Safari/531.21.10"
13.124.222.242 - - [04/May/2021:16:01:26 +0200] "GET /wp-login.php HTTP/1.1" 404 289 "-" "Mozilla/5.0 (Windows NT 5.1) AppleWebKit/537.36 (KHTML, like Gecko) Chrome/34.0.1847.116 Safari/537.36 Mozilla/5.0 (iPad; U; CPU OS 3_2 like Mac OS X; en-us) AppleWebKit/531.21.10 (KHTML, like Gecko) Version/4.0.4 Mobile/7B334b Safari/531.21.10"
13.124.222.242 - - [04/May/2021:16:01:27 +0200] "GET /wp-login.php HTTP/1.1" 404 294 "-" "Mozilla/5.0 (Windows NT 5.1) AppleWebKit/537.36 (KHTML, like Gecko) Chrome/34.0.1847.116 Safari/537.36 Mozilla/5.0 (iPad; U; CPU OS 3_2 like Mac OS X; en-us) AppleWebKit/531.21.10 (KHTML, like Gecko) Version/4.0.4 Mobile/7B334b Safari/531.21.10"
13.124.222.242 - - [04/May/2021:16:01:27 +0200] "GET /wordpress/wp-login.php HTTP/1.1" 404 299 "-" "Mozilla/5.0 (Windows NT 5.1) AppleWebKit/537.36 (KHTML, like Gecko) Chrome/34.0.1847.116 Safari/537.36 Mozilla/5.0 (iPad; U; CPU OS 3_2 like Mac OS X; en-us) AppleWebKit/531.21.10 (KHTML, like Gecko) Version/4.0.4 Mobile/7B334b Safari/531.21.10"
13.124.222.242 - - [04/May/2021:16:01:28 +0200] "GET /blog/wp-login.php HTTP/1.1" 404 294 "-" "Mozilla/5.0 (Windows NT 5.1) AppleWebKit/537.36 (KHTML, like Gecko) Chrome/34.0.1847.116 Safari/537.36 Mozilla/5.0 (iPad; U; CPU OS 3_2 like Mac OS X; en-us) AppleWebKit/531.21.10 (KHTML, like Gecko) Version/4.0.4 Mobile/7B334b Safari/531.21.10"
13.124.222.242 - - [04/May/2021:16:01:28 +0200] "GET /wp/wp-login.php HTTP/1.1" 404 292 "-" "Mozilla/5.0 (Windows NT 5.1) AppleWebKit/537.36 (KHTML, like Gecko) Chrome/34.0.1847.116 Safari/537.36 Mozilla/5.0 (iPad; U; CPU OS 3_2 like Mac OS X; en-us) AppleWebKit/531.21.10 (KHTML, like Gecko) Version/4.0.4 Mobile/7B334b Safari/531.21.10"
52.64.20.252 - - [04/May/2021:16:01:52 +0200] "GET / HTTP/1.1" 200 1155 "-" "Mozilla/5.0 (Macintosh; Intel Mac OS X 10_10_1) AppleWebKit/537.36 (KHTML, like Gecko) Chrome/41.0.2227.1 Safari/537.36"
52.64.20.252 - - [04/May/2021:16:01:53 +0200] "GET /wp-login.php HTTP/1.1" 404 289 "-" "Mozilla/5.0 (Macintosh; Intel Mac OS X 10_10_1) AppleWebKit/537.36 (KHTML, like Gecko) Chrome/41.0.2227.1 Safari/537.36"
52.64.20.252 - - [04/May/2021:16:01:54 +0200] "GET /wp-login.php HTTP/1.1" 404 294 "-" "Mozilla/5.0 (Macintosh; Intel Mac OS X 10_10_1) AppleWebKit/537.36 (KHTML, like Gecko) Chrome/41.0.2227.1 Safari/537.36"
52.64.20.252 - - [04/May/2021:16:01:54 +0200] "GET /wordpress/wp-login.php HTTP/1.1" 404 299 "-" "Mozilla/5.0 (Macintosh; Intel Mac OS X 10_10_1) AppleWebKit/537.36 (KHTML, like Gecko) Chrome/41.0.2227.1 Safari/537.36"
195.56.55.225 - - [04/May/2021:16:01:55 +0200] "GET /test.html HTTP/1.1" 200 56 "-" "monit/4.6"
52.64.20.252 - - [04/May/2021:16:01:55 +0200] "GET /blog/wp-login.php HTTP/1.1" 404 294 "-" "Mozilla/5.0 (Macintosh; Intel Mac OS X 10_10_1) AppleWebKit/537.36 (KHTML, like Gecko) Chrome/41.0.2227.1 Safari/537.36"
52.60.189.115 - - [04/May/2021:16:01:56 +0200] "GET / HTTP/1.1" 200 1155 "-" "Mozilla/5.0 (Windows NT 6.1) AppleWebKit/537.36 (KHTML, like Gecko) Chrome/41.0.2228.0 Safari/537.36"
52.64.20.252 - - [04/May/2021:16:01:56 +0200] "GET /wp/wp-login.php HTTP/1.1" 404 292 "-" "Mozilla/5.0 (Macintosh; Intel Mac OS X 10_10_1) AppleWebKit/537.36 (KHTML, like Gecko) Chrome/41.0.2227.1 Safari/537.36"
52.60.189.115 - - [04/May/2021:16:01:56 +0200] "GET /wp-login.php HTTP/1.1" 404 289 "-" "Mozilla/5.0 (Windows NT 6.1) AppleWebKit/537.36 (KHTML, like Gecko) Chrome/41.0.2228.0 Safari/537.36"
52.60.189.115 - - [04/May/2021:16:01:56 +0200] "GET /wp-login.php HTTP/1.1" 404 294 "-" "Mozilla/5.0 (Windows NT 6.1) AppleWebKit/537.36 (KHTML, like Gecko) Chrome/41.0.2228.0 Safari/537.36"
52.60.189.115 - - [04/May/2021:16:01:56 +0200] "GET /wordpress/wp-login.php HTTP/1.1" 404 299 "-" "Mozilla/5.0 (Windows NT 6.1) AppleWebKit/537.36 (KHTML, like Gecko) Chrome/41.0.2228.0 Safari/537.36"
52.60.189.115 - - [04/May/2021:16:01:57 +0200] "GET /blog/wp-login.php HTTP/1.1" 404 294 "-" "Mozilla/5.0 (Windows NT 6.1) AppleWebKit/537.36 (KHTML, like Gecko) Chrome/41.0.2228.0 Safari/537.36"
52.60.189.115 - - [04/May/2021:16:01:57 +0200] "GET /wp/wp-login.php HTTP/1.1" 404 292 "-" "Mozilla/5.0 (Windows NT 6.1) AppleWebKit/537.36 (KHTML, like Gecko) Chrome/41.0.2228.0 Safari/537.36"
66.240.192.138 - - [04/May/2021:16:01:58 +0200] "GET / HTTP/1.1" 200 1155 "-" "Mozilla/5.0 (Windows NT 6.1) AppleWebKit/537.36 (KHTML, like Gecko) Chrome/41.0.2228.0 Safari/537.36"
66.240.192.138 - - [04/May/2021:16:01:59 +0200] "GET /robots.txt HTTP/1.1" 404 287 "-" "-"
66.240.192.138 - - [04/May/2021:16:02:02 +0200] "GET /sitemap.xml HTTP/1.1" 404 288 "-" "-"
66.240.192.138 - - [04/May/2021:16:02:02 +0200] "GET /.well-known/security.txt HTTP/1.1" 404 301 "-" "-"
66.240.192.138 - - [04/May/2021:16:02:03 +0200] "GET /favicon.ico HTTP/1.1" 404 288 "-" "Mozilla/5.0 (Macintosh; Intel Mac OS X 10.15; rv:80.0) Gecko/20100101 Firefox/80.0"
35.178.16.1 - - [04/May/2021:16:02:03 +0200] "GET / HTTP/1.1" 200 1155 "-" "Mozilla/5.0 (Macintosh; Intel Mac OS X 10_9_0) AppleWebKit/537.36 (KHTML, like Gecko) Chrome/32.0.1664.3 Safari/537.36"
35.178.16.1 - - [04/May/2021:16:02:03 +0200] "GET /wp-login.php HTTP/1.1" 404 288 "-" "Mozilla/5.0 (Macintosh; Intel Mac OS X 10_9_0) AppleWebKit/537.36 (KHTML, like Gecko) Chrome/32.0.1664.3 Safari/537.36"
35.178.16.1 - - [04/May/2021:16:02:03 +0200] "GET /wp-login.php HTTP/1.1" 404 293 "-" "Mozilla/5.0 (Macintosh; Intel Mac OS X 10_9_0) AppleWebKit/537.36 (KHTML, like Gecko) Chrome/32.0.1664.3 Safari/537.36"
35.178.16.1 - - [04/May/2021:16:02:03 +0200] "GET /wordpress/wp-login.php HTTP/1.1" 404 298 "-" "Mozilla/5.0 (Macintosh; Intel Mac OS X 10_9_0) AppleWebKit/537.36 (KHTML, like Gecko) Chrome/32.0.1664.3 Safari/537.36"
35.178.16.1 - - [04/May/2021:16:02:04 +0200] "GET /blog/wp-login.php HTTP/1.1" 404 293 "-" "Mozilla/5.0 (Macintosh; Intel Mac OS X 10_9_0) AppleWebKit/537.36 (KHTML, like Gecko) Chrome/32.0.1664.3 Safari/537.36"
35.178.16.1 - - [04/May/2021:16:02:04 +0200] "GET /wp/wp-login.php HTTP/1.1" 404 291 "-" "Mozilla/5.0 (Macintosh; Intel Mac OS X 10_9_0) AppleWebKit/537.36 (KHTML, like Gecko) Chrome/32.0.1664.3 Safari/537.36"
66.240.192.138 - - [04/May/2021:16:02:10 +0200] "\x03\xdbS\x91`" 501 - "-" "-"
35.183.60.188 - - [04/May/2021:16:02:12 +0200] "GET / HTTP/1.1" 200 1155 "-" "Mozilla/5.0 (Windows NT 6.1; WOW64) AppleWebKit/537.36 (KHTML, like Gecko) Chrome/31.0.1623.0 Safari/537.36"
35.183.60.188 - - [04/May/2021:16:02:12 +0200] "GET /wp-login.php HTTP/1.1" 404 288 "-" "Mozilla/5.0 (Windows NT 6.1; WOW64) AppleWebKit/537.36 (KHTML, like Gecko) Chrome/31.0.1623.0 Safari/537.36"
34.77.163.42 - - [04/May/2021:16:02:12 +0200] "GET / HTTP/1.1" 200 1155 "-" "python-requests/2.25.1"
35.183.60.188 - - [04/May/2021:16:02:12 +0200] "GET /wp-login.php HTTP/1.1" 404 293 "-" "Mozilla/5.0 (Windows NT 6.1; WOW64) AppleWebKit/537.36 (KHTML, like Gecko) Chrome/31.0.1623.0 Safari/537.36"
35.183.60.188 - - [04/May/2021:16:02:13 +0200] "GET /wordpress/wp-login.php HTTP/1.1" 404 298 "-" "Mozilla/5.0 (Windows NT 6.1; WOW64) AppleWebKit/537.36 (KHTML, like Gecko) Chrome/31.0.1623.0 Safari/537.36"
35.183.60.188 - - [04/May/2021:16:02:13 +0200] "GET /blog/wp-login.php HTTP/1.1" 404 293 "-" "Mozilla/5.0 (Windows NT 6.1; WOW64) AppleWebKit/537.36 (KHTML, like Gecko) Chrome/31.0.1623.0 Safari/537.36"
35.183.60.188 - - [04/May/2021:16:02:13 +0200] "GET /wp/wp-login.php HTTP/1.1" 404 291 "-" "Mozilla/5.0 (Windows NT 6.1; WOW64) AppleWebKit/537.36 (KHTML, like Gecko) Chrome/31.0.1623.0 Safari/537.36"
52.52.190.187 - - [04/May/2021:16:02:14 +0200] "GET / HTTP/1.1" 200 1155 "-" "Mozilla/5.0 (Macintosh; Intel Mac OS X 10_10_1) AppleWebKit/537.36 (KHTML, like Gecko) Chrome/41.0.2227.1 Safari/537.36"
34.241.77.13 - - [04/May/2021:16:02:14 +0200] "GET / HTTP/1.1" 200 1155 "-" "Mozilla/5.0 (Windows NT 5.1) AppleWebKit/537.36 (KHTML, like Gecko) Chrome/41.0.2224.3 Safari/537.36"
52.52.190.187 - - [04/May/2021:16:02:14 +0200] "GET /wp-login.php HTTP/1.1" 404 288 "-" "Mozilla/5.0 (Macintosh; Intel Mac OS X 10_10_1) AppleWebKit/537.36 (KHTML, like Gecko) Chrome/41.0.2227.1 Safari/537.36"
34.241.77.13 - - [04/May/2021:16:02:14 +0200] "GET /wp-login.php HTTP/1.1" 404 288 "-" "Mozilla/5.0 (Windows NT 5.1) AppleWebKit/537.36 (KHTML, like Gecko) Chrome/41.0.2224.3 Safari/537.36"
34.241.77.13 - - [04/May/2021:16:02:14 +0200] "GET /wp-login.php HTTP/1.1" 404 293 "-" "Mozilla/5.0 (Windows NT 5.1) AppleWebKit/537.36 (KHTML, like Gecko) Chrome/41.0.2224.3 Safari/537.36"
34.241.77.13 - - [04/May/2021:16:02:15 +0200] "GET /wordpress/wp-login.php HTTP/1.1" 404 298 "-" "Mozilla/5.0 (Windows NT 5.1) AppleWebKit/537.36 (KHTML, like Gecko) Chrome/41.0.2224.3 Safari/537.36"
34.241.77.13 - - [04/May/2021:16:02:15 +0200] "GET /blog/wp-login.php HTTP/1.1" 404 293 "-" "Mozilla/5.0 (Windows NT 5.1) AppleWebKit/537.36 (KHTML, like Gecko) Chrome/41.0.2224.3 Safari/537.36"
52.52.190.187 - - [04/May/2021:16:02:15 +0200] "GET /wp-login.php HTTP/1.1" 404 293 "-" "Mozilla/5.0 (Macintosh; Intel Mac OS X 10_10_1) AppleWebKit/537.36 (KHTML, like Gecko) Chrome/41.0.2227.1 Safari/537.36"
34.241.77.13 - - [04/May/2021:16:02:15 +0200] "GET /wp/wp-login.php HTTP/1.1" 404 291 "-" "Mozilla/5.0 (Windows NT 5.1) AppleWebKit/537.36 (KHTML, like Gecko) Chrome/41.0.2224.3 Safari/537.36"
52.52.190.187 - - [04/May/2021:16:02:16 +0200] "GET /wordpress/wp-login.php HTTP/1.1" 404 298 "-" "Mozilla/5.0 (Macintosh; Intel Mac OS X 10_10_1) AppleWebKit/537.36 (KHTML, like Gecko) Chrome/41.0.2227.1 Safari/537.36"
52.52.190.187 - - [04/May/2021:16:02:16 +0200] "GET /blog/wp-login.php HTTP/1.1" 404 293 "-" "Mozilla/5.0 (Macintosh; Intel Mac OS X 10_10_1) AppleWebKit/537.36 (KHTML, like Gecko) Chrome/41.0.2227.1 Safari/537.36"
52.52.190.187 - - [04/May/2021:16:02:16 +0200] "GET /wp/wp-login.php HTTP/1.1" 404 291 "-" "Mozilla/5.0 (Macintosh; Intel Mac OS X 10_10_1) AppleWebKit/537.36 (KHTML, like Gecko) Chrome/41.0.2227.1 Safari/537.36"
34.251.241.226 - - [04/May/2021:16:02:21 +0200] "GET / HTTP/1.1" 200 1155 "-" "Mozilla/5.0 (Windows NT 6.3; WOW64) AppleWebKit/537.36 (KHTML, like Gecko) Chrome/41.0.2225.0 Safari/537.36"
34.251.241.226 - - [04/May/2021:16:02:21 +0200] "GET /wp-login.php HTTP/1.1" 404 288 "-" "Mozilla/5.0 (Windows NT 6.3; WOW64) AppleWebKit/537.36 (KHTML, like Gecko) Chrome/41.0.2225.0 Safari/537.36"
34.251.241.226 - - [04/May/2021:16:02:21 +0200] "GET / HTTP/1.1" 200 1155 "-" "Mozilla/5.0 (X11; Linux x86_64) AppleWebKit/537.36 (KHTML, like Gecko) Chrome/41.0.2227.0 Safari/537.36"
34.251.241.226 - - [04/May/2021:16:02:21 +0200] "GET /wp-login.php HTTP/1.1" 404 293 "-" "Mozilla/5.0 (Windows NT 6.3; WOW64) AppleWebKit/537.36 (KHTML, like Gecko) Chrome/41.0.2225.0 Safari/537.36"
34.251.241.226 - - [04/May/2021:16:02:21 +0200] "GET /wp-login.php HTTP/1.1" 404 289 "-" "Mozilla/5.0 (X11; Linux x86_64) AppleWebKit/537.36 (KHTML, like Gecko) Chrome/41.0.2227.0 Safari/537.36"
34.251.241.226 - - [04/May/2021:16:02:21 +0200] "GET /wordpress/wp-login.php HTTP/1.1" 404 298 "-" "Mozilla/5.0 (Windows NT 6.3; WOW64) AppleWebKit/537.36 (KHTML, like Gecko) Chrome/41.0.2225.0 Safari/537.36"
34.251.241.226 - - [04/May/2021:16:02:21 +0200] "GET /blog/wp-login.php HTTP/1.1" 404 293 "-" "Mozilla/5.0 (Windows NT 6.3; WOW64) AppleWebKit/537.36 (KHTML, like Gecko) Chrome/41.0.2225.0 Safari/537.36"
34.251.241.226 - - [04/May/2021:16:02:21 +0200] "GET /wp-login.php HTTP/1.1" 404 294 "-" "Mozilla/5.0 (X11; Linux x86_64) AppleWebKit/537.36 (KHTML, like Gecko) Chrome/41.0.2227.0 Safari/537.36"
34.251.241.226 - - [04/May/2021:16:02:21 +0200] "GET /wp/wp-login.php HTTP/1.1" 404 291 "-" "Mozilla/5.0 (Windows NT 6.3; WOW64) AppleWebKit/537.36 (KHTML, like Gecko) Chrome/41.0.2225.0 Safari/537.36"
34.251.241.226 - - [04/May/2021:16:02:21 +0200] "GET /wordpress/wp-login.php HTTP/1.1" 404 299 "-" "Mozilla/5.0 (X11; Linux x86_64) AppleWebKit/537.36 (KHTML, like Gecko) Chrome/41.0.2227.0 Safari/537.36"
34.251.241.226 - - [04/May/2021:16:02:22 +0200] "GET /blog/wp-login.php HTTP/1.1" 404 294 "-" "Mozilla/5.0 (X11; Linux x86_64) AppleWebKit/537.36 (KHTML, like Gecko) Chrome/41.0.2227.0 Safari/537.36"
34.251.241.226 - - [04/May/2021:16:02:22 +0200] "GET /wp/wp-login.php HTTP/1.1" 404 292 "-" "Mozilla/5.0 (X11; Linux x86_64) AppleWebKit/537.36 (KHTML, like Gecko) Chrome/41.0.2227.0 Safari/537.36"
13.233.73.212 - - [04/May/2021:16:02:25 +0200] "GET / HTTP/1.1" 200 1155 "-" "Mozilla/5.0 (Windows NT 5.1) AppleWebKit/537.36 (KHTML, like Gecko) Chrome/41.0.2224.3 Safari/537.36"
13.233.73.212 - - [04/May/2021:16:02:25 +0200] "GET /wp-login.php HTTP/1.1" 404 288 "-" "Mozilla/5.0 (Windows NT 5.1) AppleWebKit/537.36 (KHTML, like Gecko) Chrome/41.0.2224.3 Safari/537.36"
13.233.73.212 - - [04/May/2021:16:02:26 +0200] "GET /wp-login.php HTTP/1.1" 404 293 "-" "Mozilla/5.0 (Windows NT 5.1) AppleWebKit/537.36 (KHTML, like Gecko) Chrome/41.0.2224.3 Safari/537.36"
34.230.156.67 - - [04/May/2021:16:02:26 +0200] "GET / HTTP/1.1" 200 1155 "-" "Mozilla/5.0 (Windows NT 4.0; WOW64) AppleWebKit/537.36 (KHTML, like Gecko) Chrome/37.0.2049.0 Safari/537.36"
13.233.73.212 - - [04/May/2021:16:02:26 +0200] "GET /wordpress/wp-login.php HTTP/1.1" 404 298 "-" "Mozilla/5.0 (Windows NT 5.1) AppleWebKit/537.36 (KHTML, like Gecko) Chrome/41.0.2224.3 Safari/537.36"
34.230.156.67 - - [04/May/2021:16:02:26 +0200] "GET /wp-login.php HTTP/1.1" 404 289 "-" "Mozilla/5.0 (Windows NT 4.0; WOW64) AppleWebKit/537.36 (KHTML, like Gecko) Chrome/37.0.2049.0 Safari/537.36"
13.233.73.212 - - [04/May/2021:16:02:26 +0200] "GET /blog/wp-login.php HTTP/1.1" 404 293 "-" "Mozilla/5.0 (Windows NT 5.1) AppleWebKit/537.36 (KHTML, like Gecko) Chrome/41.0.2224.3 Safari/537.36"
34.230.156.67 - - [04/May/2021:16:02:27 +0200] "GET /wp-login.php HTTP/1.1" 404 294 "-" "Mozilla/5.0 (Windows NT 4.0; WOW64) AppleWebKit/537.36 (KHTML, like Gecko) Chrome/37.0.2049.0 Safari/537.36"
13.233.73.212 - - [04/May/2021:16:02:27 +0200] "GET /wp/wp-login.php HTTP/1.1" 404 291 "-" "Mozilla/5.0 (Windows NT 5.1) AppleWebKit/537.36 (KHTML, like Gecko) Chrome/41.0.2224.3 Safari/537.36"
34.230.156.67 - - [04/May/2021:16:02:27 +0200] "GET /wordpress/wp-login.php HTTP/1.1" 404 299 "-" "Mozilla/5.0 (Windows NT 4.0; WOW64) AppleWebKit/537.36 (KHTML, like Gecko) Chrome/37.0.2049.0 Safari/537.36"
34.230.156.67 - - [04/May/2021:16:02:27 +0200] "GET /blog/wp-login.php HTTP/1.1" 404 294 "-" "Mozilla/5.0 (Windows NT 4.0; WOW64) AppleWebKit/537.36 (KHTML, like Gecko) Chrome/37.0.2049.0 Safari/537.36"
34.230.156.67 - - [04/May/2021:16:02:27 +0200] "GET /wp/wp-login.php HTTP/1.1" 404 292 "-" "Mozilla/5.0 (Windows NT 4.0; WOW64) AppleWebKit/537.36 (KHTML, like Gecko) Chrome/37.0.2049.0 Safari/537.36"
162.142.125.56 - - [04/May/2021:16:02:28 +0200] "GET / HTTP/1.1" 200 1155 "-" "-"
162.142.125.56 - - [04/May/2021:16:02:28 +0200] "GET / HTTP/1.1" 200 1155 "-" "Mozilla/5.0 (compatible; CensysInspect/1.1; +https://about.censys.io/)"
52.192.73.251 - - [04/May/2021:16:02:28 +0200] "GET / HTTP/1.1" 200 1155 "-" "Mozilla/5.0 (Windows NT 6.1; WOW64) AppleWebKit/537.36 (KHTML, like Gecko) Chrome/29.0.1547.62 Safari/537.36"
52.192.73.251 - - [04/May/2021:16:02:29 +0200] "GET /wp-login.php HTTP/1.1" 404 289 "-" "Mozilla/5.0 (Windows NT 6.1; WOW64) AppleWebKit/537.36 (KHTML, like Gecko) Chrome/29.0.1547.62 Safari/537.36"
52.192.73.251 - - [04/May/2021:16:02:30 +0200] "GET /wp-login.php HTTP/1.1" 404 294 "-" "Mozilla/5.0 (Windows NT 6.1; WOW64) AppleWebKit/537.36 (KHTML, like Gecko) Chrome/29.0.1547.62 Safari/537.36"
52.192.73.251 - - [04/May/2021:16:02:30 +0200] "GET /wordpress/wp-login.php HTTP/1.1" 404 299 "-" "Mozilla/5.0 (Windows NT 6.1; WOW64) AppleWebKit/537.36 (KHTML, like Gecko) Chrome/29.0.1547.62 Safari/537.36"
54.176.188.51 - - [04/May/2021:16:02:31 +0200] "GET / HTTP/1.1" 200 1155 "-" "Mozilla/5.0 (Windows NT 6.3; Win64; x64) AppleWebKit/537.36 (KHTML, like Gecko) Chrome/37.0.2049.0 Safari/537.36"
52.192.73.251 - - [04/May/2021:16:02:31 +0200] "GET /blog/wp-login.php HTTP/1.1" 404 294 "-" "Mozilla/5.0 (Windows NT 6.1; WOW64) AppleWebKit/537.36 (KHTML, like Gecko) Chrome/29.0.1547.62 Safari/537.36"
54.176.188.51 - - [04/May/2021:16:02:31 +0200] "GET /wp-login.php HTTP/1.1" 404 288 "-" "Mozilla/5.0 (Windows NT 6.3; Win64; x64) AppleWebKit/537.36 (KHTML, like Gecko) Chrome/37.0.2049.0 Safari/537.36"
52.192.73.251 - - [04/May/2021:16:02:32 +0200] "GET /wp/wp-login.php HTTP/1.1" 404 292 "-" "Mozilla/5.0 (Windows NT 6.1; WOW64) AppleWebKit/537.36 (KHTML, like Gecko) Chrome/29.0.1547.62 Safari/537.36"
54.176.188.51 - - [04/May/2021:16:02:32 +0200] "GET /wp-login.php HTTP/1.1" 404 293 "-" "Mozilla/5.0 (Windows NT 6.3; Win64; x64) AppleWebKit/537.36 (KHTML, like Gecko) Chrome/37.0.2049.0 Safari/537.36"
54.176.188.51 - - [04/May/2021:16:02:32 +0200] "GET /wordpress/wp-login.php HTTP/1.1" 404 298 "-" "Mozilla/5.0 (Windows NT 6.3; Win64; x64) AppleWebKit/537.36 (KHTML, like Gecko) Chrome/37.0.2049.0 Safari/537.36"
54.176.188.51 - - [04/May/2021:16:02:33 +0200] "GET /blog/wp-login.php HTTP/1.1" 404 293 "-" "Mozilla/5.0 (Windows NT 6.3; Win64; x64) AppleWebKit/537.36 (KHTML, like Gecko) Chrome/37.0.2049.0 Safari/537.36"
54.176.188.51 - - [04/May/2021:16:02:33 +0200] "GET /wp/wp-login.php HTTP/1.1" 404 291 "-" "Mozilla/5.0 (Windows NT 6.3; Win64; x64) AppleWebKit/537.36 (KHTML, like Gecko) Chrome/37.0.2049.0 Safari/537.36"
34.236.55.223 - - [04/May/2021:16:02:34 +0200] "GET / HTTP/1.1" 200 1155 "-" "Mozilla/5.0 (Windows NT 6.2; WOW64) AppleWebKit/537.36 (KHTML, like Gecko) Chrome/30.0.1599.17 Safari/537.36"
34.236.55.223 - - [04/May/2021:16:02:34 +0200] "GET /wp-login.php HTTP/1.1" 404 289 "-" "Mozilla/5.0 (Windows NT 6.2; WOW64) AppleWebKit/537.36 (KHTML, like Gecko) Chrome/30.0.1599.17 Safari/537.36"
34.236.55.223 - - [04/May/2021:16:02:35 +0200] "GET /wp-login.php HTTP/1.1" 404 294 "-" "Mozilla/5.0 (Windows NT 6.2; WOW64) AppleWebKit/537.36 (KHTML, like Gecko) Chrome/30.0.1599.17 Safari/537.36"
34.236.55.223 - - [04/May/2021:16:02:35 +0200] "GET /wordpress/wp-login.php HTTP/1.1" 404 299 "-" "Mozilla/5.0 (Windows NT 6.2; WOW64) AppleWebKit/537.36 (KHTML, like Gecko) Chrome/30.0.1599.17 Safari/537.36"
34.236.55.223 - - [04/May/2021:16:02:35 +0200] "GET /blog/wp-login.php HTTP/1.1" 404 294 "-" "Mozilla/5.0 (Windows NT 6.2; WOW64) AppleWebKit/537.36 (KHTML, like Gecko) Chrome/30.0.1599.17 Safari/537.36"
34.236.55.223 - - [04/May/2021:16:02:36 +0200] "GET /wp/wp-login.php HTTP/1.1" 404 292 "-" "Mozilla/5.0 (Windows NT 6.2; WOW64) AppleWebKit/537.36 (KHTML, like Gecko) Chrome/30.0.1599.17 Safari/537.36"
13.53.64.97 - - [04/May/2021:16:02:37 +0200] "GET / HTTP/1.1" 200 1155 "-" "Mozilla/5.0 (Windows NT 6.2; WOW64) AppleWebKit/537.36 (KHTML, like Gecko) Chrome/27.0.1500.55 Safari/537.36"
13.53.64.97 - - [04/May/2021:16:02:37 +0200] "GET /wp-login.php HTTP/1.1" 404 287 "-" "Mozilla/5.0 (Windows NT 6.2; WOW64) AppleWebKit/537.36 (KHTML, like Gecko) Chrome/27.0.1500.55 Safari/537.36"
13.53.64.97 - - [04/May/2021:16:02:37 +0200] "GET /wp-login.php HTTP/1.1" 404 292 "-" "Mozilla/5.0 (Windows NT 6.2; WOW64) AppleWebKit/537.36 (KHTML, like Gecko) Chrome/27.0.1500.55 Safari/537.36"
13.53.64.97 - - [04/May/2021:16:02:37 +0200] "GET /wordpress/wp-login.php HTTP/1.1" 404 297 "-" "Mozilla/5.0 (Windows NT 6.2; WOW64) AppleWebKit/537.36 (KHTML, like Gecko) Chrome/27.0.1500.55 Safari/537.36"
13.53.64.97 - - [04/May/2021:16:02:37 +0200] "GET /blog/wp-login.php HTTP/1.1" 404 292 "-" "Mozilla/5.0 (Windows NT 6.2; WOW64) AppleWebKit/537.36 (KHTML, like Gecko) Chrome/27.0.1500.55 Safari/537.36"
13.53.64.97 - - [04/May/2021:16:02:38 +0200] "GET /wp/wp-login.php HTTP/1.1" 404 290 "-" "Mozilla/5.0 (Windows NT 6.2; WOW64) AppleWebKit/537.36 (KHTML, like Gecko) Chrome/27.0.1500.55 Safari/537.36"
52.192.73.251 - - [04/May/2021:16:02:45 +0200] "GET / HTTP/1.1" 200 1155 "-" "Mozilla/5.0 (Windows NT 6.2; WOW64) AppleWebKit/537.36 (KHTML, like Gecko) Chrome/27.0.1500.55 Safari/537.36"
52.192.73.251 - - [04/May/2021:16:02:46 +0200] "GET /wp-login.php HTTP/1.1" 404 289 "-" "Mozilla/5.0 (Windows NT 6.2; WOW64) AppleWebKit/537.36 (KHTML, like Gecko) Chrome/27.0.1500.55 Safari/537.36"
52.192.73.251 - - [04/May/2021:16:02:47 +0200] "GET /wp-login.php HTTP/1.1" 404 294 "-" "Mozilla/5.0 (Windows NT 6.2; WOW64) AppleWebKit/537.36 (KHTML, like Gecko) Chrome/27.0.1500.55 Safari/537.36"
52.192.73.251 - - [04/May/2021:16:02:47 +0200] "GET /wordpress/wp-login.php HTTP/1.1" 404 299 "-" "Mozilla/5.0 (Windows NT 6.2; WOW64) AppleWebKit/537.36 (KHTML, like Gecko) Chrome/27.0.1500.55 Safari/537.36"
52.192.73.251 - - [04/May/2021:16:02:48 +0200] "GET /blog/wp-login.php HTTP/1.1" 404 294 "-" "Mozilla/5.0 (Windows NT 6.2; WOW64) AppleWebKit/537.36 (KHTML, like Gecko) Chrome/27.0.1500.55 Safari/537.36"
52.192.73.251 - - [04/May/2021:16:02:48 +0200] "GET /wp/wp-login.php HTTP/1.1" 404 292 "-" "Mozilla/5.0 (Windows NT 6.2; WOW64) AppleWebKit/537.36 (KHTML, like Gecko) Chrome/27.0.1500.55 Safari/537.36"
18.231.94.162 - - [04/May/2021:16:02:57 +0200] "GET / HTTP/1.1" 200 1155 "-" "Mozilla/5.0 (Windows NT 6.1; WOW64) AppleWebKit/537.36 (KHTML, like Gecko) Chrome/41.0.2227.0 Safari/537.36"
18.231.94.162 - - [04/May/2021:16:02:58 +0200] "GET /wp-login.php HTTP/1.1" 404 289 "-" "Mozilla/5.0 (Windows NT 6.1; WOW64) AppleWebKit/537.36 (KHTML, like Gecko) Chrome/41.0.2227.0 Safari/537.36"
18.231.94.162 - - [04/May/2021:16:02:58 +0200] "GET /wp-login.php HTTP/1.1" 404 294 "-" "Mozilla/5.0 (Windows NT 6.1; WOW64) AppleWebKit/537.36 (KHTML, like Gecko) Chrome/41.0.2227.0 Safari/537.36"
18.136.72.135 - - [04/May/2021:16:02:58 +0200] "GET / HTTP/1.1" 200 1155 "-" "Mozilla/5.0 (Windows NT 6.1) AppleWebKit/537.36 (KHTML, like Gecko) Chrome/27.0.1453.93 Safari/537.36"
18.231.94.162 - - [04/May/2021:16:02:59 +0200] "GET /wordpress/wp-login.php HTTP/1.1" 404 299 "-" "Mozilla/5.0 (Windows NT 6.1; WOW64) AppleWebKit/537.36 (KHTML, like Gecko) Chrome/41.0.2227.0 Safari/537.36"
18.136.72.135 - - [04/May/2021:16:02:59 +0200] "GET /wp-login.php HTTP/1.1" 404 288 "-" "Mozilla/5.0 (Windows NT 6.1) AppleWebKit/537.36 (KHTML, like Gecko) Chrome/27.0.1453.93 Safari/537.36"
18.231.94.162 - - [04/May/2021:16:02:59 +0200] "GET /blog/wp-login.php HTTP/1.1" 404 294 "-" "Mozilla/5.0 (Windows NT 6.1; WOW64) AppleWebKit/537.36 (KHTML, like Gecko) Chrome/41.0.2227.0 Safari/537.36"
18.231.94.162 - - [04/May/2021:16:03:00 +0200] "GET /wp/wp-login.php HTTP/1.1" 404 292 "-" "Mozilla/5.0 (Windows NT 6.1; WOW64) AppleWebKit/537.36 (KHTML, like Gecko) Chrome/41.0.2227.0 Safari/537.36"
18.136.72.135 - - [04/May/2021:16:03:00 +0200] "GET /wp-login.php HTTP/1.1" 404 293 "-" "Mozilla/5.0 (Windows NT 6.1) AppleWebKit/537.36 (KHTML, like Gecko) Chrome/27.0.1453.93 Safari/537.36"
18.136.72.135 - - [04/May/2021:16:03:00 +0200] "GET /wordpress/wp-login.php HTTP/1.1" 404 298 "-" "Mozilla/5.0 (Windows NT 6.1) AppleWebKit/537.36 (KHTML, like Gecko) Chrome/27.0.1453.93 Safari/537.36"
18.136.72.135 - - [04/May/2021:16:03:01 +0200] "GET /blog/wp-login.php HTTP/1.1" 404 293 "-" "Mozilla/5.0 (Windows NT 6.1) AppleWebKit/537.36 (KHTML, like Gecko) Chrome/27.0.1453.93 Safari/537.36"
18.136.72.135 - - [04/May/2021:16:03:01 +0200] "GET /wp/wp-login.php HTTP/1.1" 404 291 "-" "Mozilla/5.0 (Windows NT 6.1) AppleWebKit/537.36 (KHTML, like Gecko) Chrome/27.0.1453.93 Safari/537.36"
34.230.156.67 - - [04/May/2021:16:03:10 +0200] "GET / HTTP/1.1" 200 1155 "-" "Mozilla/5.0 (Windows NT 6.1) AppleWebKit/537.36 (KHTML, like Gecko) Chrome/28.0.1468.0 Safari/537.36"
34.230.156.67 - - [04/May/2021:16:03:11 +0200] "GET /wp-login.php HTTP/1.1" 404 289 "-" "Mozilla/5.0 (Windows NT 6.1) AppleWebKit/537.36 (KHTML, like Gecko) Chrome/28.0.1468.0 Safari/537.36"
34.230.156.67 - - [04/May/2021:16:03:11 +0200] "GET /wp-login.php HTTP/1.1" 404 294 "-" "Mozilla/5.0 (Windows NT 6.1) AppleWebKit/537.36 (KHTML, like Gecko) Chrome/28.0.1468.0 Safari/537.36"
34.230.156.67 - - [04/May/2021:16:03:11 +0200] "GET /wordpress/wp-login.php HTTP/1.1" 404 299 "-" "Mozilla/5.0 (Windows NT 6.1) AppleWebKit/537.36 (KHTML, like Gecko) Chrome/28.0.1468.0 Safari/537.36"
34.230.156.67 - - [04/May/2021:16:03:12 +0200] "GET /blog/wp-login.php HTTP/1.1" 404 294 "-" "Mozilla/5.0 (Windows NT 6.1) AppleWebKit/537.36 (KHTML, like Gecko) Chrome/28.0.1468.0 Safari/537.36"
34.230.156.67 - - [04/May/2021:16:03:12 +0200] "GET /wp/wp-login.php HTTP/1.1" 404 292 "-" "Mozilla/5.0 (Windows NT 6.1) AppleWebKit/537.36 (KHTML, like Gecko) Chrome/28.0.1468.0 Safari/537.36"
34.236.202.207 - - [04/May/2021:16:03:18 +0200] "GET / HTTP/1.1" 200 1155 "-" "Mozilla/5.0 (Windows NT 6.2; WOW64) AppleWebKit/537.36 (KHTML, like Gecko) Chrome/27.0.1500.55 Safari/537.36"
34.236.202.207 - - [04/May/2021:16:03:18 +0200] "GET /wp-login.php HTTP/1.1" 404 289 "-" "Mozilla/5.0 (Windows NT 6.2; WOW64) AppleWebKit/537.36 (KHTML, like Gecko) Chrome/27.0.1500.55 Safari/537.36"
34.236.202.207 - - [04/May/2021:16:03:19 +0200] "GET /wp-login.php HTTP/1.1" 404 294 "-" "Mozilla/5.0 (Windows NT 6.2; WOW64) AppleWebKit/537.36 (KHTML, like Gecko) Chrome/27.0.1500.55 Safari/537.36"
34.236.202.207 - - [04/May/2021:16:03:19 +0200] "GET /wordpress/wp-login.php HTTP/1.1" 404 299 "-" "Mozilla/5.0 (Windows NT 6.2; WOW64) AppleWebKit/537.36 (KHTML, like Gecko) Chrome/27.0.1500.55 Safari/537.36"
34.236.202.207 - - [04/May/2021:16:03:20 +0200] "GET /blog/wp-login.php HTTP/1.1" 404 294 "-" "Mozilla/5.0 (Windows NT 6.2; WOW64) AppleWebKit/537.36 (KHTML, like Gecko) Chrome/27.0.1500.55 Safari/537.36"
34.236.202.207 - - [04/May/2021:16:03:20 +0200] "GET /wp/wp-login.php HTTP/1.1" 404 292 "-" "Mozilla/5.0 (Windows NT 6.2; WOW64) AppleWebKit/537.36 (KHTML, like Gecko) Chrome/27.0.1500.55 Safari/537.36"
52.52.190.187 - - [04/May/2021:16:03:29 +0200] "GET / HTTP/1.1" 200 1155 "-" "Mozilla/5.0 (Windows NT 6.3; WOW64) AppleWebKit/537.36 (KHTML, like Gecko) Chrome/41.0.2226.0 Safari/537.36"
52.52.190.187 - - [04/May/2021:16:03:30 +0200] "GET /wp-login.php HTTP/1.1" 404 289 "-" "Mozilla/5.0 (Windows NT 6.3; WOW64) AppleWebKit/537.36 (KHTML, like Gecko) Chrome/41.0.2226.0 Safari/537.36"
52.52.190.187 - - [04/May/2021:16:03:31 +0200] "GET /wp-login.php HTTP/1.1" 404 294 "-" "Mozilla/5.0 (Windows NT 6.3; WOW64) AppleWebKit/537.36 (KHTML, like Gecko) Chrome/41.0.2226.0 Safari/537.36"
52.52.190.187 - - [04/May/2021:16:03:31 +0200] "GET /wordpress/wp-login.php HTTP/1.1" 404 299 "-" "Mozilla/5.0 (Windows NT 6.3; WOW64) AppleWebKit/537.36 (KHTML, like Gecko) Chrome/41.0.2226.0 Safari/537.36"
54.178.182.46 - - [04/May/2021:16:03:31 +0200] "GET / HTTP/1.1" 200 1155 "-" "Mozilla/5.0 (X11; Linux x86_64) AppleWebKit/537.36 (KHTML, like Gecko) Chrome/33.0.1750.517 Safari/537.36"
52.52.190.187 - - [04/May/2021:16:03:31 +0200] "GET /blog/wp-login.php HTTP/1.1" 404 294 "-" "Mozilla/5.0 (Windows NT 6.3; WOW64) AppleWebKit/537.36 (KHTML, like Gecko) Chrome/41.0.2226.0 Safari/537.36"
54.178.182.46 - - [04/May/2021:16:03:32 +0200] "GET /wp-login.php HTTP/1.1" 404 289 "-" "Mozilla/5.0 (X11; Linux x86_64) AppleWebKit/537.36 (KHTML, like Gecko) Chrome/33.0.1750.517 Safari/537.36"
52.52.190.187 - - [04/May/2021:16:03:32 +0200] "GET /wp/wp-login.php HTTP/1.1" 404 292 "-" "Mozilla/5.0 (Windows NT 6.3; WOW64) AppleWebKit/537.36 (KHTML, like Gecko) Chrome/41.0.2226.0 Safari/537.36"
54.178.182.46 - - [04/May/2021:16:03:33 +0200] "GET /wp-login.php HTTP/1.1" 404 294 "-" "Mozilla/5.0 (X11; Linux x86_64) AppleWebKit/537.36 (KHTML, like Gecko) Chrome/33.0.1750.517 Safari/537.36"
54.178.182.46 - - [04/May/2021:16:03:33 +0200] "GET /wordpress/wp-login.php HTTP/1.1" 404 299 "-" "Mozilla/5.0 (X11; Linux x86_64) AppleWebKit/537.36 (KHTML, like Gecko) Chrome/33.0.1750.517 Safari/537.36"
54.178.182.46 - - [04/May/2021:16:03:34 +0200] "GET /blog/wp-login.php HTTP/1.1" 404 294 "-" "Mozilla/5.0 (X11; Linux x86_64) AppleWebKit/537.36 (KHTML, like Gecko) Chrome/33.0.1750.517 Safari/537.36"
54.178.182.46 - - [04/May/2021:16:03:34 +0200] "GET /wp/wp-login.php HTTP/1.1" 404 292 "-" "Mozilla/5.0 (X11; Linux x86_64) AppleWebKit/537.36 (KHTML, like Gecko) Chrome/33.0.1750.517 Safari/537.36"
13.233.73.212 - - [04/May/2021:16:03:46 +0200] "GET / HTTP/1.1" 200 1155 "-" "Mozilla/5.0 (Macintosh; Intel Mac OS X 10_9_3) AppleWebKit/537.36 (KHTML, like Gecko) Chrome/35.0.1916.47 Safari/537.36"
13.233.73.212 - - [04/May/2021:16:03:46 +0200] "GET /wp-login.php HTTP/1.1" 404 289 "-" "Mozilla/5.0 (Macintosh; Intel Mac OS X 10_9_3) AppleWebKit/537.36 (KHTML, like Gecko) Chrome/35.0.1916.47 Safari/537.36"
13.233.73.212 - - [04/May/2021:16:03:47 +0200] "GET /wp-login.php HTTP/1.1" 404 294 "-" "Mozilla/5.0 (Macintosh; Intel Mac OS X 10_9_3) AppleWebKit/537.36 (KHTML, like Gecko) Chrome/35.0.1916.47 Safari/537.36"
3.8.68.2 - - [04/May/2021:16:03:47 +0200] "GET / HTTP/1.1" 200 1155 "-" "Mozilla/5.0 (Windows NT 6.1) AppleWebKit/537.36 (KHTML, like Gecko) Chrome/27.0.1453.93 Safari/537.36"
3.8.68.2 - - [04/May/2021:16:03:47 +0200] "GET /wp-login.php HTTP/1.1" 404 289 "-" "Mozilla/5.0 (Windows NT 6.1) AppleWebKit/537.36 (KHTML, like Gecko) Chrome/27.0.1453.93 Safari/537.36"
13.233.73.212 - - [04/May/2021:16:03:47 +0200] "GET /wordpress/wp-login.php HTTP/1.1" 404 299 "-" "Mozilla/5.0 (Macintosh; Intel Mac OS X 10_9_3) AppleWebKit/537.36 (KHTML, like Gecko) Chrome/35.0.1916.47 Safari/537.36"
3.8.68.2 - - [04/May/2021:16:03:47 +0200] "GET /wp-login.php HTTP/1.1" 404 294 "-" "Mozilla/5.0 (Windows NT 6.1) AppleWebKit/537.36 (KHTML, like Gecko) Chrome/27.0.1453.93 Safari/537.36"
3.8.68.2 - - [04/May/2021:16:03:47 +0200] "GET /wordpress/wp-login.php HTTP/1.1" 404 299 "-" "Mozilla/5.0 (Windows NT 6.1) AppleWebKit/537.36 (KHTML, like Gecko) Chrome/27.0.1453.93 Safari/537.36"
3.8.68.2 - - [04/May/2021:16:03:47 +0200] "GET /blog/wp-login.php HTTP/1.1" 404 294 "-" "Mozilla/5.0 (Windows NT 6.1) AppleWebKit/537.36 (KHTML, like Gecko) Chrome/27.0.1453.93 Safari/537.36"
3.8.68.2 - - [04/May/2021:16:03:47 +0200] "GET /wp/wp-login.php HTTP/1.1" 404 292 "-" "Mozilla/5.0 (Windows NT 6.1) AppleWebKit/537.36 (KHTML, like Gecko) Chrome/27.0.1453.93 Safari/537.36"
13.233.73.212 - - [04/May/2021:16:03:47 +0200] "GET /blog/wp-login.php HTTP/1.1" 404 294 "-" "Mozilla/5.0 (Macintosh; Intel Mac OS X 10_9_3) AppleWebKit/537.36 (KHTML, like Gecko) Chrome/35.0.1916.47 Safari/537.36"
13.58.56.77 - - [04/May/2021:16:03:47 +0200] "GET / HTTP/1.1" 200 1155 "-" "Mozilla/5.0 (Windows NT 6.4; WOW64) AppleWebKit/537.36 (KHTML, like Gecko) Chrome/41.0.2225.0 Safari/537.36"
13.58.56.77 - - [04/May/2021:16:03:48 +0200] "GET /wp-login.php HTTP/1.1" 404 289 "-" "Mozilla/5.0 (Windows NT 6.4; WOW64) AppleWebKit/537.36 (KHTML, like Gecko) Chrome/41.0.2225.0 Safari/537.36"
13.233.73.212 - - [04/May/2021:16:03:48 +0200] "GET /wp/wp-login.php HTTP/1.1" 404 292 "-" "Mozilla/5.0 (Macintosh; Intel Mac OS X 10_9_3) AppleWebKit/537.36 (KHTML, like Gecko) Chrome/35.0.1916.47 Safari/537.36"
13.58.56.77 - - [04/May/2021:16:03:48 +0200] "GET /wp-login.php HTTP/1.1" 404 294 "-" "Mozilla/5.0 (Windows NT 6.4; WOW64) AppleWebKit/537.36 (KHTML, like Gecko) Chrome/41.0.2225.0 Safari/537.36"
13.58.56.77 - - [04/May/2021:16:03:48 +0200] "GET /wordpress/wp-login.php HTTP/1.1" 404 299 "-" "Mozilla/5.0 (Windows NT 6.4; WOW64) AppleWebKit/537.36 (KHTML, like Gecko) Chrome/41.0.2225.0 Safari/537.36"
13.58.56.77 - - [04/May/2021:16:03:49 +0200] "GET /blog/wp-login.php HTTP/1.1" 404 294 "-" "Mozilla/5.0 (Windows NT 6.4; WOW64) AppleWebKit/537.36 (KHTML, like Gecko) Chrome/41.0.2225.0 Safari/537.36"
13.58.56.77 - - [04/May/2021:16:03:49 +0200] "GET /wp/wp-login.php HTTP/1.1" 404 292 "-" "Mozilla/5.0 (Windows NT 6.4; WOW64) AppleWebKit/537.36 (KHTML, like Gecko) Chrome/41.0.2225.0 Safari/537.36"
13.232.96.15 - - [04/May/2021:16:03:57 +0200] "GET / HTTP/1.1" 200 1155 "-" "Mozilla/5.0 (Windows NT 6.1; WOW64) AppleWebKit/537.36 (KHTML, like Gecko) Chrome/36.0.1985.67 Safari/537.36"
13.232.96.15 - - [04/May/2021:16:03:57 +0200] "GET /wp-login.php HTTP/1.1" 404 289 "-" "Mozilla/5.0 (Windows NT 6.1; WOW64) AppleWebKit/537.36 (KHTML, like Gecko) Chrome/36.0.1985.67 Safari/537.36"
13.232.96.15 - - [04/May/2021:16:03:58 +0200] "GET /wp-login.php HTTP/1.1" 404 294 "-" "Mozilla/5.0 (Windows NT 6.1; WOW64) AppleWebKit/537.36 (KHTML, like Gecko) Chrome/36.0.1985.67 Safari/537.36"
195.56.55.225 - - [04/May/2021:16:03:58 +0200] "GET /test.html HTTP/1.1" 200 56 "-" "monit/4.6"
13.232.96.15 - - [04/May/2021:16:03:58 +0200] "GET /wordpress/wp-login.php HTTP/1.1" 404 299 "-" "Mozilla/5.0 (Windows NT 6.1; WOW64) AppleWebKit/537.36 (KHTML, like Gecko) Chrome/36.0.1985.67 Safari/537.36"
13.232.96.15 - - [04/May/2021:16:03:58 +0200] "GET /blog/wp-login.php HTTP/1.1" 404 294 "-" "Mozilla/5.0 (Windows NT 6.1; WOW64) AppleWebKit/537.36 (KHTML, like Gecko) Chrome/36.0.1985.67 Safari/537.36"
13.232.96.15 - - [04/May/2021:16:03:58 +0200] "GET /wp/wp-login.php HTTP/1.1" 404 292 "-" "Mozilla/5.0 (Windows NT 6.1; WOW64) AppleWebKit/537.36 (KHTML, like Gecko) Chrome/36.0.1985.67 Safari/537.36"
13.48.53.51 - - [04/May/2021:16:04:01 +0200] "GET / HTTP/1.1" 200 1155 "-" "Mozilla/5.0 (Windows NT 6.2; Win64; x64) AppleWebKit/537.36 (KHTML, like Gecko) Chrome/32.0.1667.0 Safari/537.36"
13.48.53.51 - - [04/May/2021:16:04:01 +0200] "GET /wp-login.php HTTP/1.1" 404 289 "-" "Mozilla/5.0 (Windows NT 6.2; Win64; x64) AppleWebKit/537.36 (KHTML, like Gecko) Chrome/32.0.1667.0 Safari/537.36"
13.48.53.51 - - [04/May/2021:16:04:02 +0200] "GET /wp-login.php HTTP/1.1" 404 294 "-" "Mozilla/5.0 (Windows NT 6.2; Win64; x64) AppleWebKit/537.36 (KHTML, like Gecko) Chrome/32.0.1667.0 Safari/537.36"
13.48.53.51 - - [04/May/2021:16:04:02 +0200] "GET /wordpress/wp-login.php HTTP/1.1" 404 299 "-" "Mozilla/5.0 (Windows NT 6.2; Win64; x64) AppleWebKit/537.36 (KHTML, like Gecko) Chrome/32.0.1667.0 Safari/537.36"
13.48.53.51 - - [04/May/2021:16:04:02 +0200] "GET /blog/wp-login.php HTTP/1.1" 404 294 "-" "Mozilla/5.0 (Windows NT 6.2; Win64; x64) AppleWebKit/537.36 (KHTML, like Gecko) Chrome/32.0.1667.0 Safari/537.36"
13.48.53.51 - - [04/May/2021:16:04:02 +0200] "GET /wp/wp-login.php HTTP/1.1" 404 292 "-" "Mozilla/5.0 (Windows NT 6.2; Win64; x64) AppleWebKit/537.36 (KHTML, like Gecko) Chrome/32.0.1667.0 Safari/537.36"
54.250.87.247 - - [04/May/2021:16:04:19 +0200] "GET / HTTP/1.1" 200 1155 "-" "Mozilla/5.0 (Windows NT 5.1) AppleWebKit/537.36 (KHTML, like Gecko) Chrome/35.0.2309.372 Safari/537.36"
54.250.87.247 - - [04/May/2021:16:04:19 +0200] "GET /wp-login.php HTTP/1.1" 404 289 "-" "Mozilla/5.0 (Windows NT 5.1) AppleWebKit/537.36 (KHTML, like Gecko) Chrome/35.0.2309.372 Safari/537.36"
52.60.189.115 - - [04/May/2021:16:04:20 +0200] "GET / HTTP/1.1" 200 1155 "-" "Mozilla/5.0 (Windows NT 6.2; WOW64) AppleWebKit/537.36 (KHTML, like Gecko) Chrome/27.0.1453.93 Safari/537.36"
52.60.189.115 - - [04/May/2021:16:04:20 +0200] "GET /wp-login.php HTTP/1.1" 404 289 "-" "Mozilla/5.0 (Windows NT 6.2; WOW64) AppleWebKit/537.36 (KHTML, like Gecko) Chrome/27.0.1453.93 Safari/537.36"
54.250.87.247 - - [04/May/2021:16:04:20 +0200] "GET /wp-login.php HTTP/1.1" 404 294 "-" "Mozilla/5.0 (Windows NT 5.1) AppleWebKit/537.36 (KHTML, like Gecko) Chrome/35.0.2309.372 Safari/537.36"
52.60.189.115 - - [04/May/2021:16:04:21 +0200] "GET /wp-login.php HTTP/1.1" 404 294 "-" "Mozilla/5.0 (Windows NT 6.2; WOW64) AppleWebKit/537.36 (KHTML, like Gecko) Chrome/27.0.1453.93 Safari/537.36"
54.250.87.247 - - [04/May/2021:16:04:21 +0200] "GET /wordpress/wp-login.php HTTP/1.1" 404 299 "-" "Mozilla/5.0 (Windows NT 5.1) AppleWebKit/537.36 (KHTML, like Gecko) Chrome/35.0.2309.372 Safari/537.36"
52.60.189.115 - - [04/May/2021:16:04:21 +0200] "GET /wordpress/wp-login.php HTTP/1.1" 404 299 "-" "Mozilla/5.0 (Windows NT 6.2; WOW64) AppleWebKit/537.36 (KHTML, like Gecko) Chrome/27.0.1453.93 Safari/537.36"
52.60.189.115 - - [04/May/2021:16:04:21 +0200] "GET /blog/wp-login.php HTTP/1.1" 404 294 "-" "Mozilla/5.0 (Windows NT 6.2; WOW64) AppleWebKit/537.36 (KHTML, like Gecko) Chrome/27.0.1453.93 Safari/537.36"
54.250.87.247 - - [04/May/2021:16:04:22 +0200] "GET /blog/wp-login.php HTTP/1.1" 404 294 "-" "Mozilla/5.0 (Windows NT 5.1) AppleWebKit/537.36 (KHTML, like Gecko) Chrome/35.0.2309.372 Safari/537.36"
52.60.189.115 - - [04/May/2021:16:04:22 +0200] "GET /wp/wp-login.php HTTP/1.1" 404 292 "-" "Mozilla/5.0 (Windows NT 6.2; WOW64) AppleWebKit/537.36 (KHTML, like Gecko) Chrome/27.0.1453.93 Safari/537.36"
54.250.87.247 - - [04/May/2021:16:04:22 +0200] "GET /wp/wp-login.php HTTP/1.1" 404 292 "-" "Mozilla/5.0 (Windows NT 5.1) AppleWebKit/537.36 (KHTML, like Gecko) Chrome/35.0.2309.372 Safari/537.36"
35.181.87.238 - - [04/May/2021:16:04:26 +0200] "GET / HTTP/1.1" 200 1155 "-" "Mozilla/5.0 (Windows NT 6.2; Win64; x64) AppleWebKit/537.36 (KHTML, like Gecko) Chrome/32.0.1667.0 Safari/537.36"
35.181.87.238 - - [04/May/2021:16:04:26 +0200] "GET /wp-login.php HTTP/1.1" 404 288 "-" "Mozilla/5.0 (Windows NT 6.2; Win64; x64) AppleWebKit/537.36 (KHTML, like Gecko) Chrome/32.0.1667.0 Safari/537.36"
35.181.87.238 - - [04/May/2021:16:04:26 +0200] "GET /wp-login.php HTTP/1.1" 404 293 "-" "Mozilla/5.0 (Windows NT 6.2; Win64; x64) AppleWebKit/537.36 (KHTML, like Gecko) Chrome/32.0.1667.0 Safari/537.36"
35.181.87.238 - - [04/May/2021:16:04:26 +0200] "GET /wordpress/wp-login.php HTTP/1.1" 404 298 "-" "Mozilla/5.0 (Windows NT 6.2; Win64; x64) AppleWebKit/537.36 (KHTML, like Gecko) Chrome/32.0.1667.0 Safari/537.36"
35.181.87.238 - - [04/May/2021:16:04:27 +0200] "GET /blog/wp-login.php HTTP/1.1" 404 293 "-" "Mozilla/5.0 (Windows NT 6.2; Win64; x64) AppleWebKit/537.36 (KHTML, like Gecko) Chrome/32.0.1667.0 Safari/537.36"
35.181.87.238 - - [04/May/2021:16:04:27 +0200] "GET /wp/wp-login.php HTTP/1.1" 404 291 "-" "Mozilla/5.0 (Windows NT 6.2; Win64; x64) AppleWebKit/537.36 (KHTML, like Gecko) Chrome/32.0.1667.0 Safari/537.36"
