134.122.126.20 - - [05/Dec/2022:21:16:58 +0100] "GET /wordpress/wp-login.php HTTP/1.1" 404 301 "http://hosting5.deja.hu" "Mozilla/5.0 (Windows NT 6.1; WOW64) AppleWebKit/537.36 (KHTML, like Gecko) Chrome/41.0.2227.0 Safari/537.36"
134.122.126.20 - - [05/Dec/2022:21:16:58 +0100] "GET /blog/wp-login.php HTTP/1.1" 404 296 "http://hosting5.deja.hu" "Mozilla/5.0 (Windows NT 6.1; WOW64) AppleWebKit/537.36 (KHTML, like Gecko) Chrome/41.0.2227.0 Safari/537.36"
134.122.126.20 - - [05/Dec/2022:21:16:59 +0100] "GET /wp/wp-login.php HTTP/1.1" 404 294 "http://hosting5.deja.hu" "Mozilla/5.0 (Windows NT 6.1; WOW64) AppleWebKit/537.36 (KHTML, like Gecko) Chrome/41.0.2227.0 Safari/537.36"
198.235.24.24 - - [05/Dec/2022:21:17:01 +0100] "GET / HTTP/1.1" 200 1155 "-" "Expanse, a Palo Alto Networks company, searches across the global IPv4 space multiple times per day to identify customers' presences on the Internet. If you would like to be excluded from our scans, please send IP addresses/domains to: scaninfo@paloaltonetworks.com"
193.224.64.4 - - [05/Dec/2022:21:17:17 +0100] "GET /robots.txt HTTP/1.0" 404 278 "-" "Mozilla/5.0 (compatible; OSZKbot/3.3 (OSZKBOT,oszkbot) +http://mekosztaly.oszk.hu/mia) on behalf of the National Szechenyi Library"
193.224.64.4 - - [05/Dec/2022:21:17:17 +0100] "GET / HTTP/1.0" 200 1155 "-" "Mozilla/5.0 (compatible; OSZKbot/3.3 (OSZKBOT,oszkbot) +http://mekosztaly.oszk.hu/mia) on behalf of the National Szechenyi Library"
193.224.64.4 - - [05/Dec/2022:21:17:18 +0100] "GET /favicon.ico HTTP/1.0" 404 279 "http://korosklub.zpok.hu/" "Mozilla/5.0 (compatible; OSZKbot/3.3 (OSZKBOT,oszkbot) +http://mekosztaly.oszk.hu/mia) on behalf of the National Szechenyi Library"
195.56.55.225 - - [05/Dec/2022:21:18:04 +0100] "GET /test.html HTTP/1.1" 200 56 "-" "monit/4.6"
113.125.51.198 - - [05/Dec/2022:21:19:37 +0100] "GET / HTTP/1.1" 200 1155 "-" "Mozilla/5.0 (iPhone; CPU iPhone OS 13_2_3 like Mac OS X) AppleWebKit/605.1.15 (KHTML, like Gecko) Version/13.0.3 Mobile/15E148 Safari/604.1"
182.43.148.98 - - [05/Dec/2022:21:19:46 +0100] "GET / HTTP/1.1" 200 1155 "-" "Mozilla/5.0 (iPhone; CPU iPhone OS 13_2_3 like Mac OS X) AppleWebKit/605.1.15 (KHTML, like Gecko) Version/13.0.3 Mobile/15E148 Safari/604.1"
195.56.55.225 - - [05/Dec/2022:21:20:07 +0100] "GET /test.html HTTP/1.1" 200 56 "-" "monit/4.6"
104.152.52.158 - - [05/Dec/2022:21:20:45 +0100] "GET / HTTP/1.0" 200 1155 "-" "masscan/1.3 (https://github.com/robertdavidgraham/masscan)"
104.152.52.158 - - [05/Dec/2022:21:20:48 +0100] "GET / HTTP/1.0" 200 1155 "-" "masscan/1.3 (https://github.com/robertdavidgraham/masscan)"
193.224.64.4 - - [05/Dec/2022:21:21:15 +0100] "GET /robots.txt HTTP/1.0" 404 272 "-" "Mozilla/5.0 (compatible; OSZKbot/3.3 (OSZKBOT,oszkbot) +http://mekosztaly.oszk.hu/mia) on behalf of the National Szechenyi Library"
195.56.55.225 - - [05/Dec/2022:21:22:10 +0100] "GET /test.html HTTP/1.1" 200 56 "-" "monit/4.6"
195.56.55.225 - - [05/Dec/2022:21:24:16 +0100] "GET /test.html HTTP/1.1" 200 56 "-" "monit/4.6"
77.88.9.140 - - [05/Dec/2022:21:24:30 +0100] "GET /robots.txt HTTP/1.1" 404 286 "-" "Mozilla/5.0 (compatible; YandexBot/3.0; +http://yandex.com/bots)"
77.88.9.140 - - [05/Dec/2022:21:24:33 +0100] "GET / HTTP/1.1" 200 1155 "-" "Mozilla/5.0 (compatible; YandexBot/3.0; +http://yandex.com/bots)"
195.56.55.225 - - [05/Dec/2022:21:26:19 +0100] "GET /test.html HTTP/1.1" 200 56 "-" "monit/4.6"
193.224.64.4 - - [05/Dec/2022:21:26:36 +0100] "GET /robots.txt HTTP/1.0" 404 286 "-" "Mozilla/5.0 (compatible; OSZKbot/3.3 (OSZKBOT,oszkbot) +http://mekosztaly.oszk.hu/mia) on behalf of the National Szechenyi Library"
193.224.64.4 - - [05/Dec/2022:21:26:36 +0100] "GET /robots.txt HTTP/1.0" 404 283 "-" "Mozilla/5.0 (compatible; OSZKbot/3.3 (OSZKBOT,oszkbot) +http://mekosztaly.oszk.hu/mia) on behalf of the National Szechenyi Library"
193.224.64.4 - - [05/Dec/2022:21:26:36 +0100] "GET / HTTP/1.0" 200 1155 "-" "Mozilla/5.0 (compatible; OSZKbot/3.3 (OSZKBOT,oszkbot) +http://mekosztaly.oszk.hu/mia) on behalf of the National Szechenyi Library"
193.224.64.4 - - [05/Dec/2022:21:26:36 +0100] "GET / HTTP/1.0" 200 1155 "-" "Mozilla/5.0 (compatible; OSZKbot/3.3 (OSZKBOT,oszkbot) +http://mekosztaly.oszk.hu/mia) on behalf of the National Szechenyi Library"
193.224.64.4 - - [05/Dec/2022:21:26:37 +0100] "GET /favicon.ico HTTP/1.0" 404 287 "http://lehetmasapolitika.zpok.hu/" "Mozilla/5.0 (compatible; OSZKbot/3.3 (OSZKBOT,oszkbot) +http://mekosztaly.oszk.hu/mia) on behalf of the National Szechenyi Library"
193.224.64.4 - - [05/Dec/2022:21:26:37 +0100] "GET /favicon.ico HTTP/1.0" 404 284 "http://lehetmasavilag.zpok.hu/" "Mozilla/5.0 (compatible; OSZKbot/3.3 (OSZKBOT,oszkbot) +http://mekosztaly.oszk.hu/mia) on behalf of the National Szechenyi Library"
193.224.64.4 - - [05/Dec/2022:21:27:35 +0100] "GET /robots.txt HTTP/1.0" 404 274 "-" "Mozilla/5.0 (compatible; OSZKbot/3.3 (OSZKBOT,oszkbot) +http://mekosztaly.oszk.hu/mia) on behalf of the National Szechenyi Library"
193.224.64.4 - - [05/Dec/2022:21:27:36 +0100] "GET / HTTP/1.0" 200 1155 "-" "Mozilla/5.0 (compatible; OSZKbot/3.3 (OSZKBOT,oszkbot) +http://mekosztaly.oszk.hu/mia) on behalf of the National Szechenyi Library"
193.224.64.4 - - [05/Dec/2022:21:27:36 +0100] "GET /favicon.ico HTTP/1.0" 404 275 "http://leveg.zpok.hu/" "Mozilla/5.0 (compatible; OSZKbot/3.3 (OSZKBOT,oszkbot) +http://mekosztaly.oszk.hu/mia) on behalf of the National Szechenyi Library"
195.56.55.225 - - [05/Dec/2022:21:28:22 +0100] "GET /test.html HTTP/1.1" 200 56 "-" "monit/4.6"
195.56.55.225 - - [05/Dec/2022:21:30:25 +0100] "GET /test.html HTTP/1.1" 200 56 "-" "monit/4.6"
195.56.55.225 - - [05/Dec/2022:21:32:28 +0100] "GET /test.html HTTP/1.1" 200 56 "-" "monit/4.6"
195.56.55.225 - - [05/Dec/2022:21:34:33 +0100] "GET /test.html HTTP/1.1" 200 56 "-" "monit/4.6"
193.224.64.4 - - [05/Dec/2022:21:36:11 +0100] "GET /robots.txt HTTP/1.0" 404 273 "-" "Mozilla/5.0 (compatible; OSZKbot/3.3 (OSZKBOT,oszkbot) +http://mekosztaly.oszk.hu/mia) on behalf of the National Szechenyi Library"
195.56.55.225 - - [05/Dec/2022:21:36:36 +0100] "GET /test.html HTTP/1.1" 200 56 "-" "monit/4.6"
195.56.55.225 - - [05/Dec/2022:21:38:39 +0100] "GET /test.html HTTP/1.1" 200 56 "-" "monit/4.6"
195.56.55.225 - - [05/Dec/2022:21:40:42 +0100] "GET /test.html HTTP/1.1" 200 56 "-" "monit/4.6"
193.224.64.4 - - [05/Dec/2022:21:41:09 +0100] "GET /robots.txt HTTP/1.0" 404 273 "-" "Mozilla/5.0 (compatible; OSZKbot/3.3 (OSZKBOT,oszkbot) +http://mekosztaly.oszk.hu/mia) on behalf of the National Szechenyi Library"
193.224.64.4 - - [05/Dec/2022:21:41:10 +0100] "GET / HTTP/1.0" 200 1155 "-" "Mozilla/5.0 (compatible; OSZKbot/3.3 (OSZKBOT,oszkbot) +http://mekosztaly.oszk.hu/mia) on behalf of the National Szechenyi Library"
193.224.64.4 - - [05/Dec/2022:21:41:10 +0100] "GET /favicon.ico HTTP/1.0" 404 274 "http://mcse.zpok.hu/" "Mozilla/5.0 (compatible; OSZKbot/3.3 (OSZKBOT,oszkbot) +http://mekosztaly.oszk.hu/mia) on behalf of the National Szechenyi Library"
195.56.55.225 - - [05/Dec/2022:21:42:48 +0100] "GET /test.html HTTP/1.1" 200 56 "-" "monit/4.6"
195.56.55.225 - - [05/Dec/2022:21:44:51 +0100] "GET /test.html HTTP/1.1" 200 56 "-" "monit/4.6"
195.56.55.225 - - [05/Dec/2022:21:46:54 +0100] "GET /test.html HTTP/1.1" 200 56 "-" "monit/4.6"
193.224.64.4 - - [05/Dec/2022:21:47:24 +0100] "GET /robots.txt HTTP/1.0" 404 276 "-" "Mozilla/5.0 (compatible; OSZKbot/3.3 (OSZKBOT,oszkbot) +http://mekosztaly.oszk.hu/mia) on behalf of the National Szechenyi Library"
193.224.64.4 - - [05/Dec/2022:21:47:25 +0100] "GET / HTTP/1.0" 200 1155 "-" "Mozilla/5.0 (compatible; OSZKbot/3.3 (OSZKBOT,oszkbot) +http://mekosztaly.oszk.hu/mia) on behalf of the National Szechenyi Library"
193.224.64.4 - - [05/Dec/2022:21:47:25 +0100] "GET /favicon.ico HTTP/1.0" 404 277 "http://mirrors.zpok.hu/" "Mozilla/5.0 (compatible; OSZKbot/3.3 (OSZKBOT,oszkbot) +http://mekosztaly.oszk.hu/mia) on behalf of the National Szechenyi Library"
193.224.64.4 - - [05/Dec/2022:21:48:48 +0100] "GET /robots.txt HTTP/1.0" 404 272 "-" "Mozilla/5.0 (compatible; OSZKbot/3.3 (OSZKBOT,oszkbot) +http://mekosztaly.oszk.hu/mia) on behalf of the National Szechenyi Library"
195.56.55.225 - - [05/Dec/2022:21:48:57 +0100] "GET /test.html HTTP/1.1" 200 56 "-" "monit/4.6"
193.224.64.4 - - [05/Dec/2022:21:49:02 +0100] "GET /robots.txt HTTP/1.0" 404 276 "-" "Mozilla/5.0 (compatible; OSZKbot/3.3 (OSZKBOT,oszkbot) +http://mekosztaly.oszk.hu/mia) on behalf of the National Szechenyi Library"
193.224.64.4 - - [05/Dec/2022:21:49:03 +0100] "GET / HTTP/1.0" 200 1155 "-" "Mozilla/5.0 (compatible; OSZKbot/3.3 (OSZKBOT,oszkbot) +http://mekosztaly.oszk.hu/mia) on behalf of the National Szechenyi Library"
193.224.64.4 - - [05/Dec/2022:21:49:03 +0100] "GET /favicon.ico HTTP/1.0" 404 277 "http://mmepecs.zpok.hu/" "Mozilla/5.0 (compatible; OSZKbot/3.3 (OSZKBOT,oszkbot) +http://mekosztaly.oszk.hu/mia) on behalf of the National Szechenyi Library"
195.56.55.225 - - [05/Dec/2022:21:51:00 +0100] "GET /test.html HTTP/1.1" 200 56 "-" "monit/4.6"
195.56.55.225 - - [05/Dec/2022:21:53:03 +0100] "GET /test.html HTTP/1.1" 200 56 "-" "monit/4.6"
193.224.64.4 - - [05/Dec/2022:21:53:17 +0100] "GET /robots.txt HTTP/1.0" 404 277 "-" "Mozilla/5.0 (compatible; OSZKbot/3.3 (OSZKBOT,oszkbot) +http://mekosztaly.oszk.hu/mia) on behalf of the National Szechenyi Library"
195.56.55.225 - - [05/Dec/2022:21:55:06 +0100] "GET /test.html HTTP/1.1" 200 56 "-" "monit/4.6"
195.56.55.225 - - [05/Dec/2022:21:57:09 +0100] "GET /test.html HTTP/1.1" 200 56 "-" "monit/4.6"
195.56.55.225 - - [05/Dec/2022:21:59:13 +0100] "GET /test.html HTTP/1.1" 200 56 "-" "monit/4.6"
193.224.64.4 - - [05/Dec/2022:21:59:30 +0100] "GET /robots.txt HTTP/1.0" 404 273 "-" "Mozilla/5.0 (compatible; OSZKbot/3.3 (OSZKBOT,oszkbot) +http://mekosztaly.oszk.hu/mia) on behalf of the National Szechenyi Library"
193.224.64.4 - - [05/Dec/2022:21:59:51 +0100] "GET /robots.txt HTTP/1.0" 404 281 "-" "Mozilla/5.0 (compatible; OSZKbot/3.3 (OSZKBOT,oszkbot) +http://mekosztaly.oszk.hu/mia) on behalf of the National Szechenyi Library"
193.224.64.4 - - [05/Dec/2022:21:59:51 +0100] "GET / HTTP/1.0" 200 1155 "-" "Mozilla/5.0 (compatible; OSZKbot/3.3 (OSZKBOT,oszkbot) +http://mekosztaly.oszk.hu/mia) on behalf of the National Szechenyi Library"
193.224.64.4 - - [05/Dec/2022:21:59:51 +0100] "GET /favicon.ico HTTP/1.0" 404 282 "http://napkollektor.zpok.hu/" "Mozilla/5.0 (compatible; OSZKbot/3.3 (OSZKBOT,oszkbot) +http://mekosztaly.oszk.hu/mia) on behalf of the National Szechenyi Library"
195.56.55.225 - - [05/Dec/2022:22:01:16 +0100] "GET /test.html HTTP/1.1" 200 56 "-" "monit/4.6"
195.56.55.225 - - [05/Dec/2022:22:03:19 +0100] "GET /test.html HTTP/1.1" 200 56 "-" "monit/4.6"
195.56.55.225 - - [05/Dec/2022:22:05:22 +0100] "GET /test.html HTTP/1.1" 200 56 "-" "monit/4.6"
193.224.64.4 - - [05/Dec/2022:22:07:18 +0100] "GET /robots.txt HTTP/1.0" 404 273 "-" "Mozilla/5.0 (compatible; OSZKbot/3.3 (OSZKBOT,oszkbot) +http://mekosztaly.oszk.hu/mia) on behalf of the National Szechenyi Library"
193.224.64.4 - - [05/Dec/2022:22:07:19 +0100] "GET / HTTP/1.0" 200 1155 "-" "Mozilla/5.0 (compatible; OSZKbot/3.3 (OSZKBOT,oszkbot) +http://mekosztaly.oszk.hu/mia) on behalf of the National Szechenyi Library"
193.224.64.4 - - [05/Dec/2022:22:07:19 +0100] "GET /favicon.ico HTTP/1.0" 404 274 "http://nuke.zpok.hu/" "Mozilla/5.0 (compatible; OSZKbot/3.3 (OSZKBOT,oszkbot) +http://mekosztaly.oszk.hu/mia) on behalf of the National Szechenyi Library"
195.56.55.225 - - [05/Dec/2022:22:07:25 +0100] "GET /test.html HTTP/1.1" 200 56 "-" "monit/4.6"
193.224.64.4 - - [05/Dec/2022:22:08:08 +0100] "GET /robots.txt HTTP/1.0" 404 280 "-" "Mozilla/5.0 (compatible; OSZKbot/3.3 (OSZKBOT,oszkbot) +http://mekosztaly.oszk.hu/mia) on behalf of the National Szechenyi Library"
193.224.64.4 - - [05/Dec/2022:22:08:09 +0100] "GET / HTTP/1.0" 200 1155 "-" "Mozilla/5.0 (compatible; OSZKbot/3.3 (OSZKBOT,oszkbot) +http://mekosztaly.oszk.hu/mia) on behalf of the National Szechenyi Library"
193.224.64.4 - - [05/Dec/2022:22:09:20 +0100] "GET /robots.txt HTTP/1.0" 404 274 "-" "Mozilla/5.0 (compatible; OSZKbot/3.3 (OSZKBOT,oszkbot) +http://mekosztaly.oszk.hu/mia) on behalf of the National Szechenyi Library"
193.224.64.4 - - [05/Dec/2022:22:09:21 +0100] "GET / HTTP/1.0" 200 1155 "-" "Mozilla/5.0 (compatible; OSZKbot/3.3 (OSZKBOT,oszkbot) +http://mekosztaly.oszk.hu/mia) on behalf of the National Szechenyi Library"
193.224.64.4 - - [05/Dec/2022:22:09:21 +0100] "GET /favicon.ico HTTP/1.0" 404 275 "http://okosz.zpok.hu/" "Mozilla/5.0 (compatible; OSZKbot/3.3 (OSZKBOT,oszkbot) +http://mekosztaly.oszk.hu/mia) on behalf of the National Szechenyi Library"
195.56.55.225 - - [05/Dec/2022:22:09:28 +0100] "GET /test.html HTTP/1.1" 200 56 "-" "monit/4.6"
195.56.55.225 - - [05/Dec/2022:22:11:31 +0100] "GET /test.html HTTP/1.1" 200 56 "-" "monit/4.6"
195.56.55.225 - - [05/Dec/2022:22:13:34 +0100] "GET /test.html HTTP/1.1" 200 56 "-" "monit/4.6"
195.56.55.225 - - [05/Dec/2022:22:15:37 +0100] "GET /test.html HTTP/1.1" 200 56 "-" "monit/4.6"
173.214.175.178 - - [05/Dec/2022:22:17:21 +0100] "CONNECT cloudflare.com:443 HTTP/1.1" 405 314 "-" "Go-http-client/1.1"
195.56.55.225 - - [05/Dec/2022:22:17:40 +0100] "GET /test.html HTTP/1.1" 200 56 "-" "monit/4.6"
193.224.64.4 - - [05/Dec/2022:22:18:18 +0100] "GET /robots.txt HTTP/1.0" 404 273 "-" "Mozilla/5.0 (compatible; OSZKbot/3.3 (OSZKBOT,oszkbot) +http://mekosztaly.oszk.hu/mia) on behalf of the National Szechenyi Library"
17.121.115.80 - - [05/Dec/2022:22:18:20 +0100] "GET /robots.txt HTTP/1.1" 404 283 "-" "Mozilla/5.0 (Macintosh; Intel Mac OS X 10_15_5) AppleWebKit/605.1.15 (KHTML, like Gecko) Version/13.1.1 Safari/605.1.15 (Applebot/0.1; +http://www.apple.com/go/applebot)"
17.121.115.80 - - [05/Dec/2022:22:18:20 +0100] "GET /pgt/pgk_pdf/pgk_racz_szilard.pdf HTTP/1.1" 404 305 "-" "Mozilla/5.0 (Macintosh; Intel Mac OS X 10_15_5) AppleWebKit/605.1.15 (KHTML, like Gecko) Version/13.1.1 Safari/605.1.15 (Applebot/0.1; +http://www.apple.com/go/applebot)"
64.227.128.87 - - [05/Dec/2022:22:18:33 +0100] "\x16\x03\x01" 501 - "-" "-"
64.227.128.87 - - [05/Dec/2022:22:18:33 +0100] "\x16\x03\x01" 501 - "-" "-"
64.227.128.87 - - [05/Dec/2022:22:18:34 +0100] "GET / HTTP/1.1" 200 1155 "-" "Mozilla/5.0 zgrab/0.x"
195.56.55.225 - - [05/Dec/2022:22:19:42 +0100] "GET /test.html HTTP/1.1" 200 56 "-" "monit/4.6"
157.55.39.37 - - [05/Dec/2022:22:20:29 +0100] "GET / HTTP/1.1" 200 1155 "-" "Mozilla/5.0 AppleWebKit/537.36 (KHTML, like Gecko; compatible; bingbot/2.0; +http://www.bing.com/bingbot.htm) Chrome/103.0.5060.134 Safari/537.36"
141.255.166.2 - - [05/Dec/2022:22:20:55 +0100] "POST /boaform/admin/formLogin HTTP/1.1" 404 299 "http://195.56.55.225:80/admin/login.asp" "Mozilla/5.0 (X11; Ubuntu; Linux x86_64; rv:71.0) Gecko/20100101 Firefox/71.0"
195.56.55.225 - - [05/Dec/2022:22:21:46 +0100] "GET /test.html HTTP/1.1" 200 56 "-" "monit/4.6"
195.56.55.225 - - [05/Dec/2022:22:23:52 +0100] "GET /test.html HTTP/1.1" 200 56 "-" "monit/4.6"
195.56.55.225 - - [05/Dec/2022:22:25:55 +0100] "GET /test.html HTTP/1.1" 200 56 "-" "monit/4.6"
195.56.55.225 - - [05/Dec/2022:22:27:58 +0100] "GET /test.html HTTP/1.1" 200 56 "-" "monit/4.6"
193.224.64.4 - - [05/Dec/2022:22:29:42 +0100] "GET /robots.txt HTTP/1.0" 404 272 "-" "Mozilla/5.0 (compatible; OSZKbot/3.3 (OSZKBOT,oszkbot) +http://mekosztaly.oszk.hu/mia) on behalf of the National Szechenyi Library"
195.56.55.225 - - [05/Dec/2022:22:30:01 +0100] "GET /test.html HTTP/1.1" 200 56 "-" "monit/4.6"
195.56.55.225 - - [05/Dec/2022:22:32:04 +0100] "GET /test.html HTTP/1.1" 200 56 "-" "monit/4.6"
195.56.55.225 - - [05/Dec/2022:22:34:07 +0100] "GET /test.html HTTP/1.1" 200 56 "-" "monit/4.6"
193.224.64.4 - - [05/Dec/2022:22:34:12 +0100] "GET /robots.txt HTTP/1.0" 404 272 "-" "Mozilla/5.0 (compatible; OSZKbot/3.3 (OSZKBOT,oszkbot) +http://mekosztaly.oszk.hu/mia) on behalf of the National Szechenyi Library"
193.224.64.4 - - [05/Dec/2022:22:34:13 +0100] "GET / HTTP/1.0" 200 1155 "-" "Mozilla/5.0 (compatible; OSZKbot/3.3 (OSZKBOT,oszkbot) +http://mekosztaly.oszk.hu/mia) on behalf of the National Szechenyi Library"
193.224.64.4 - - [05/Dec/2022:22:34:13 +0100] "GET /favicon.ico HTTP/1.0" 404 273 "http://rec.zpok.hu/" "Mozilla/5.0 (compatible; OSZKbot/3.3 (OSZKBOT,oszkbot) +http://mekosztaly.oszk.hu/mia) on behalf of the National Szechenyi Library"
66.249.89.33 - - [05/Dec/2022:22:35:37 +0100] "GET / HTTP/1.1" 304 - "-" "FeedFetcher-Google; (+http://www.google.com/feedfetcher.html)"
195.56.55.225 - - [05/Dec/2022:22:36:10 +0100] "GET /test.html HTTP/1.1" 200 56 "-" "monit/4.6"
195.56.55.225 - - [05/Dec/2022:22:38:13 +0100] "GET /test.html HTTP/1.1" 200 56 "-" "monit/4.6"
195.56.55.225 - - [05/Dec/2022:22:40:16 +0100] "GET /test.html HTTP/1.1" 200 56 "-" "monit/4.6"
141.255.166.2 - - [05/Dec/2022:22:41:19 +0100] "GET / HTTP/1.1" 200 1155 "-" "Hello World"
141.255.166.2 - - [05/Dec/2022:22:41:51 +0100] "GET / HTTP/1.1" 200 1155 "-" "Hello World"
195.56.55.225 - - [05/Dec/2022:22:42:19 +0100] "GET /test.html HTTP/1.1" 200 56 "-" "monit/4.6"
195.56.55.225 - - [05/Dec/2022:22:44:23 +0100] "GET /test.html HTTP/1.1" 200 56 "-" "monit/4.6"
195.56.55.225 - - [05/Dec/2022:22:46:27 +0100] "GET /test.html HTTP/1.1" 200 56 "-" "monit/4.6"
195.56.55.225 - - [05/Dec/2022:22:48:30 +0100] "GET /test.html HTTP/1.1" 200 56 "-" "monit/4.6"
193.224.64.4 - - [05/Dec/2022:22:48:44 +0100] "GET /robots.txt HTTP/1.0" 404 276 "-" "Mozilla/5.0 (compatible; OSZKbot/3.3 (OSZKBOT,oszkbot) +http://mekosztaly.oszk.hu/mia) on behalf of the National Szechenyi Library"
193.224.64.4 - - [05/Dec/2022:22:48:45 +0100] "GET / HTTP/1.0" 200 1155 "-" "Mozilla/5.0 (compatible; OSZKbot/3.3 (OSZKBOT,oszkbot) +http://mekosztaly.oszk.hu/mia) on behalf of the National Szechenyi Library"
193.224.64.4 - - [05/Dec/2022:22:48:45 +0100] "GET /favicon.ico HTTP/1.0" 404 277 "http://simonyi.zpok.hu/" "Mozilla/5.0 (compatible; OSZKbot/3.3 (OSZKBOT,oszkbot) +http://mekosztaly.oszk.hu/mia) on behalf of the National Szechenyi Library"
195.56.55.225 - - [05/Dec/2022:22:50:33 +0100] "GET /test.html HTTP/1.1" 200 56 "-" "monit/4.6"
195.56.55.225 - - [05/Dec/2022:22:52:36 +0100] "GET /test.html HTTP/1.1" 200 56 "-" "monit/4.6"
195.56.55.225 - - [05/Dec/2022:22:54:39 +0100] "GET /test.html HTTP/1.1" 200 56 "-" "monit/4.6"
195.56.55.225 - - [05/Dec/2022:22:56:42 +0100] "GET /test.html HTTP/1.1" 200 56 "-" "monit/4.6"
195.56.55.225 - - [05/Dec/2022:22:58:46 +0100] "GET /test.html HTTP/1.1" 200 56 "-" "monit/4.6"
114.119.148.106 - - [05/Dec/2022:22:59:14 +0100] "GET /robots.txt HTTP/1.1" 404 283 "-" "Mozilla/5.0 (compatible;PetalBot;+https://webmaster.petalsearch.com/site/petalbot)"
193.224.64.4 - - [05/Dec/2022:22:59:19 +0100] "GET /robots.txt HTTP/1.0" 404 273 "-" "Mozilla/5.0 (compatible; OSZKbot/3.3 (OSZKBOT,oszkbot) +http://mekosztaly.oszk.hu/mia) on behalf of the National Szechenyi Library"
193.224.64.4 - - [05/Dec/2022:22:59:19 +0100] "GET / HTTP/1.0" 200 1155 "-" "Mozilla/5.0 (compatible; OSZKbot/3.3 (OSZKBOT,oszkbot) +http://mekosztaly.oszk.hu/mia) on behalf of the National Szechenyi Library"
193.224.64.4 - - [05/Dec/2022:22:59:21 +0100] "GET /favicon.ico HTTP/1.0" 404 274 "http://suni.zpok.hu/" "Mozilla/5.0 (compatible; OSZKbot/3.3 (OSZKBOT,oszkbot) +http://mekosztaly.oszk.hu/mia) on behalf of the National Szechenyi Library"
193.224.64.4 - - [05/Dec/2022:23:00:03 +0100] "GET /robots.txt HTTP/1.0" 404 275 "-" "Mozilla/5.0 (compatible; OSZKbot/3.3 (OSZKBOT,oszkbot) +http://mekosztaly.oszk.hu/mia) on behalf of the National Szechenyi Library"
193.224.64.4 - - [05/Dec/2022:23:00:05 +0100] "GET / HTTP/1.0" 200 1155 "-" "Mozilla/5.0 (compatible; OSZKbot/3.3 (OSZKBOT,oszkbot) +http://mekosztaly.oszk.hu/mia) on behalf of the National Szechenyi Library"
193.224.64.4 - - [05/Dec/2022:23:00:05 +0100] "GET /favicon.ico HTTP/1.0" 404 276 "http://swartz.zpok.hu/" "Mozilla/5.0 (compatible; OSZKbot/3.3 (OSZKBOT,oszkbot) +http://mekosztaly.oszk.hu/mia) on behalf of the National Szechenyi Library"
195.56.55.225 - - [05/Dec/2022:23:00:49 +0100] "GET /test.html HTTP/1.1" 200 56 "-" "monit/4.6"
195.56.55.225 - - [05/Dec/2022:23:02:52 +0100] "GET /test.html HTTP/1.1" 200 56 "-" "monit/4.6"
195.56.55.225 - - [05/Dec/2022:23:04:56 +0100] "GET /test.html HTTP/1.1" 200 56 "-" "monit/4.6"
193.224.64.4 - - [05/Dec/2022:23:05:30 +0100] "GET /robots.txt HTTP/1.0" 404 280 "-" "Mozilla/5.0 (compatible; OSZKbot/3.3 (OSZKBOT,oszkbot) +http://mekosztaly.oszk.hu/mia) on behalf of the National Szechenyi Library"
193.224.64.4 - - [05/Dec/2022:23:05:39 +0100] "GET /robots.txt HTTP/1.0" 404 279 "-" "Mozilla/5.0 (compatible; OSZKbot/3.3 (OSZKBOT,oszkbot) +http://mekosztaly.oszk.hu/mia) on behalf of the National Szechenyi Library"
193.224.64.4 - - [05/Dec/2022:23:05:39 +0100] "GET /robots.txt HTTP/1.0" 404 279 "-" "Mozilla/5.0 (compatible; OSZKbot/3.3 (OSZKBOT,oszkbot) +http://mekosztaly.oszk.hu/mia) on behalf of the National Szechenyi Library"
195.56.55.225 - - [05/Dec/2022:23:06:59 +0100] "GET /test.html HTTP/1.1" 200 56 "-" "monit/4.6"
198.235.24.184 - - [05/Dec/2022:23:07:46 +0100] "GET / HTTP/1.1" 200 1155 "-" "Expanse, a Palo Alto Networks company, searches across the global IPv4 space multiple times per day to identify customers' presences on the Internet. If you would like to be excluded from our scans, please send IP addresses/domains to: scaninfo@paloaltonetworks.com"
195.56.55.225 - - [05/Dec/2022:23:09:02 +0100] "GET /test.html HTTP/1.1" 200 56 "-" "monit/4.6"
193.224.64.4 - - [05/Dec/2022:23:11:00 +0100] "GET /robots.txt HTTP/1.0" 404 277 "-" "Mozilla/5.0 (compatible; OSZKbot/3.3 (OSZKBOT,oszkbot) +http://mekosztaly.oszk.hu/mia) on behalf of the National Szechenyi Library"
195.56.55.225 - - [05/Dec/2022:23:11:05 +0100] "GET /test.html HTTP/1.1" 200 56 "-" "monit/4.6"
193.224.64.4 - - [05/Dec/2022:23:11:39 +0100] "GET /robots.txt HTTP/1.0" 404 271 "-" "Mozilla/5.0 (compatible; OSZKbot/3.3 (OSZKBOT,oszkbot) +http://mekosztaly.oszk.hu/mia) on behalf of the National Szechenyi Library"
193.224.64.4 - - [05/Dec/2022:23:11:40 +0100] "GET / HTTP/1.0" 200 1155 "-" "Mozilla/5.0 (compatible; OSZKbot/3.3 (OSZKBOT,oszkbot) +http://mekosztaly.oszk.hu/mia) on behalf of the National Szechenyi Library"
193.224.64.4 - - [05/Dec/2022:23:11:40 +0100] "GET /favicon.ico HTTP/1.0" 404 272 "http://te.zpok.hu/" "Mozilla/5.0 (compatible; OSZKbot/3.3 (OSZKBOT,oszkbot) +http://mekosztaly.oszk.hu/mia) on behalf of the National Szechenyi Library"
195.56.55.225 - - [05/Dec/2022:23:13:10 +0100] "GET /test.html HTTP/1.1" 200 56 "-" "monit/4.6"
193.224.64.4 - - [05/Dec/2022:23:14:07 +0100] "GET /robots.txt HTTP/1.0" 404 274 "-" "Mozilla/5.0 (compatible; OSZKbot/3.3 (OSZKBOT,oszkbot) +http://mekosztaly.oszk.hu/mia) on behalf of the National Szechenyi Library"
193.224.64.4 - - [05/Dec/2022:23:14:08 +0100] "GET / HTTP/1.0" 200 1155 "-" "Mozilla/5.0 (compatible; OSZKbot/3.3 (OSZKBOT,oszkbot) +http://mekosztaly.oszk.hu/mia) on behalf of the National Szechenyi Library"
195.56.55.225 - - [05/Dec/2022:23:15:14 +0100] "GET /test.html HTTP/1.1" 200 56 "-" "monit/4.6"
195.56.55.225 - - [05/Dec/2022:23:17:18 +0100] "GET /test.html HTTP/1.1" 200 56 "-" "monit/4.6"
195.56.55.225 - - [05/Dec/2022:23:19:22 +0100] "GET /test.html HTTP/1.1" 200 56 "-" "monit/4.6"
105.112.212.145 - - [05/Dec/2022:23:20:32 +0100] "GET /owa/auth/logon.aspx?replaceCurrent=1&url=http%3A%2F%2Fowa.zpok.hu%2Fowa%2F HTTP/1.1" 404 293 "-" "Mozilla/5.0 (Windows NT 10.0; WOW64; rv:47.0) Gecko/20100101 Firefox/47.0"
105.112.212.145 - - [05/Dec/2022:23:20:35 +0100] "GET /owa/auth/logon.aspx?replaceCurrent=1&url=http%3A%2F%2Fowa.mail.zpok.hu%2Fowa%2F HTTP/1.1" 404 294 "-" "Mozilla/5.0 (Windows NT 10.0; WOW64; rv:47.0) Gecko/20100101 Firefox/47.0"
105.112.212.145 - - [05/Dec/2022:23:20:35 +0100] "GET / HTTP/1.1" 200 1155 "-" "Mozilla/5.0 (Windows NT 10.0; WOW64; rv:47.0) Gecko/20100101 Firefox/47.0"
205.210.31.131 - - [05/Dec/2022:23:20:38 +0100] "GET / HTTP/1.1" 200 1155 "-" "Expanse, a Palo Alto Networks company, searches across the global IPv4 space multiple times per day to identify customers' presences on the Internet. If you would like to be excluded from our scans, please send IP addresses/domains to: scaninfo@paloaltonetworks.com"
195.56.55.225 - - [05/Dec/2022:23:21:25 +0100] "GET /test.html HTTP/1.1" 200 56 "-" "monit/4.6"
84.21.172.205 - - [05/Dec/2022:23:21:33 +0100] "GET / HTTP/1.1" 200 1155 "-" "Linux Gnu (cow)"
17.121.113.133 - - [05/Dec/2022:23:23:24 +0100] "GET /favicon.ico HTTP/1.1" 404 284 "-" "Mozilla/5.0 (Macintosh; Intel Mac OS X 10_15_5) AppleWebKit/605.1.15 (KHTML, like Gecko) Version/13.1.1 Safari/605.1.15 (Applebot/0.1; +http://www.apple.com/go/applebot)"
195.56.55.225 - - [05/Dec/2022:23:23:28 +0100] "GET /test.html HTTP/1.1" 200 56 "-" "monit/4.6"
193.224.64.4 - - [05/Dec/2022:23:23:53 +0100] "GET /robots.txt HTTP/1.0" 404 283 "-" "Mozilla/5.0 (compatible; OSZKbot/3.3 (OSZKBOT,oszkbot) +http://mekosztaly.oszk.hu/mia) on behalf of the National Szechenyi Library"
193.224.64.4 - - [05/Dec/2022:23:23:53 +0100] "GET / HTTP/1.0" 200 1155 "-" "Mozilla/5.0 (compatible; OSZKbot/3.3 (OSZKBOT,oszkbot) +http://mekosztaly.oszk.hu/mia) on behalf of the National Szechenyi Library"
193.224.64.4 - - [05/Dec/2022:23:23:53 +0100] "GET /favicon.ico HTTP/1.0" 404 284 "http://tudatosvasarlo.zpok.hu/" "Mozilla/5.0 (compatible; OSZKbot/3.3 (OSZKBOT,oszkbot) +http://mekosztaly.oszk.hu/mia) on behalf of the National Szechenyi Library"
195.56.55.225 - - [05/Dec/2022:23:25:31 +0100] "GET /test.html HTTP/1.1" 200 56 "-" "monit/4.6"
195.56.55.225 - - [05/Dec/2022:23:27:35 +0100] "GET /test.html HTTP/1.1" 200 56 "-" "monit/4.6"
193.224.64.4 - - [05/Dec/2022:23:29:06 +0100] "GET /robots.txt HTTP/1.0" 404 272 "-" "Mozilla/5.0 (compatible; OSZKbot/3.3 (OSZKBOT,oszkbot) +http://mekosztaly.oszk.hu/mia) on behalf of the National Szechenyi Library"
195.56.55.225 - - [05/Dec/2022:23:29:38 +0100] "GET /test.html HTTP/1.1" 200 56 "-" "monit/4.6"
185.151.48.221 - - [05/Dec/2022:23:31:29 +0100] "GET /style.php?sig=rename HTTP/1.1" 404 288 "-" "Mozilla/5.0 (Windows NT 10.0; Win64; x64) AppleWebKit/537.36 (KHTML, like Gecko) Chrome/87.0.4280.141 Safari/537.36"
185.151.48.221 - - [05/Dec/2022:23:31:29 +0100] "GET /wp-admin/style.php?sig=rename HTTP/1.1" 404 297 "-" "Mozilla/5.0 (Windows NT 10.0; Win64; x64) AppleWebKit/537.36 (KHTML, like Gecko) Chrome/89.0.4389.114 Safari/537.36"
185.151.48.221 - - [05/Dec/2022:23:31:29 +0100] "GET /style.php?sig=rename HTTP/1.1" 404 288 "-" "Mozilla/5.0 (Linux; Android 9; Redmi Note 7) AppleWebKit/537.36 (KHTML, like Gecko) Chrome/84.0.4147.111 Mobile Safari/537.36"
185.151.48.221 - - [05/Dec/2022:23:31:29 +0100] "GET /wp-admin/style.php?sig=rename HTTP/1.1" 404 297 "-" "-"
195.56.55.225 - - [05/Dec/2022:23:31:41 +0100] "GET /test.html HTTP/1.1" 200 56 "-" "monit/4.6"
205.210.31.133 - - [05/Dec/2022:23:31:43 +0100] "GET / HTTP/1.1" 200 1155 "-" "Expanse, a Palo Alto Networks company, searches across the global IPv4 space multiple times per day to identify customers' presences on the Internet. If you would like to be excluded from our scans, please send IP addresses/domains to: scaninfo@paloaltonetworks.com"
136.243.228.193 - - [05/Dec/2022:23:33:09 +0100] "GET /sitemap.xml HTTP/1.1" 404 287 "-" "Mozilla/5.0 (compatible; DataForSeoBot/1.0; +https://dataforseo.com/dataforseo-bot)"
195.56.55.225 - - [05/Dec/2022:23:33:44 +0100] "GET /test.html HTTP/1.1" 200 56 "-" "monit/4.6"
205.210.31.153 - - [05/Dec/2022:23:34:10 +0100] "GET / HTTP/1.1" 200 1155 "-" "Expanse, a Palo Alto Networks company, searches across the global IPv4 space multiple times per day to identify customers' presences on the Internet. If you would like to be excluded from our scans, please send IP addresses/domains to: scaninfo@paloaltonetworks.com"
17.121.113.173 - - [05/Dec/2022:23:35:44 +0100] "GET /favicon.ico HTTP/1.1" 404 296 "-" "Mozilla/5.0 (Macintosh; Intel Mac OS X 10_15_5) AppleWebKit/605.1.15 (KHTML, like Gecko) Version/13.1.1 Safari/605.1.15 (Applebot/0.1; +http://www.apple.com/go/applebot)"
195.56.55.225 - - [05/Dec/2022:23:35:47 +0100] "GET /test.html HTTP/1.1" 200 56 "-" "monit/4.6"
195.56.55.225 - - [05/Dec/2022:23:37:50 +0100] "GET /test.html HTTP/1.1" 200 56 "-" "monit/4.6"
170.64.134.170 - - [05/Dec/2022:23:39:05 +0100] "\x16\x03\x01" 501 - "-" "-"
170.64.134.170 - - [05/Dec/2022:23:39:06 +0100] "\x16\x03\x01" 501 - "-" "-"
170.64.134.170 - - [05/Dec/2022:23:39:06 +0100] "GET / HTTP/1.1" 200 1155 "-" "Mozilla/5.0 zgrab/0.x"
195.56.55.225 - - [05/Dec/2022:23:39:53 +0100] "GET /test.html HTTP/1.1" 200 56 "-" "monit/4.6"
195.56.55.225 - - [05/Dec/2022:23:41:56 +0100] "GET /test.html HTTP/1.1" 200 56 "-" "monit/4.6"
92.118.39.29 - - [05/Dec/2022:23:42:08 +0100] "GET / HTTP/1.1" 200 1155 "-" "-"
87.236.176.233 - - [05/Dec/2022:23:43:58 +0100] "GET / HTTP/1.1" 200 1155 "-" "Mozilla/5.0 (compatible; InternetMeasurement/1.0; +https://internet-measurement.com/)"
195.56.55.225 - - [05/Dec/2022:23:43:59 +0100] "GET /test.html HTTP/1.1" 200 56 "-" "monit/4.6"
195.56.55.225 - - [05/Dec/2022:23:46:02 +0100] "GET /test.html HTTP/1.1" 200 56 "-" "monit/4.6"
193.224.64.4 - - [05/Dec/2022:23:46:46 +0100] "GET /robots.txt HTTP/1.0" 404 271 "-" "Mozilla/5.0 (compatible; OSZKbot/3.3 (OSZKBOT,oszkbot) +http://mekosztaly.oszk.hu/mia) on behalf of the National Szechenyi Library"
195.56.55.225 - - [05/Dec/2022:23:48:05 +0100] "GET /test.html HTTP/1.1" 200 56 "-" "monit/4.6"
54.204.209.245 - - [05/Dec/2022:23:48:50 +0100] "GET / HTTP/1.1" 200 1155 "-" "Mozilla/5.0 (Windows NT 6.2;en-US) AppleWebKit/537.32.36 (KHTML, live Gecko) Chrome/51.0.3025.80 Safari/537.32"
195.56.55.225 - - [05/Dec/2022:23:50:08 +0100] "GET /test.html HTTP/1.1" 200 56 "-" "monit/4.6"
195.56.55.225 - - [05/Dec/2022:23:52:11 +0100] "GET /test.html HTTP/1.1" 200 56 "-" "monit/4.6"
195.56.55.225 - - [05/Dec/2022:23:54:15 +0100] "GET /test.html HTTP/1.1" 200 56 "-" "monit/4.6"
216.244.66.203 - - [05/Dec/2022:23:55:09 +0100] "GET /robots.txt HTTP/1.1" 404 295 "-" "Mozilla/5.0 (compatible; DotBot/1.2; +https://opensiteexplorer.org/dotbot; help@moz.com)"
193.224.64.4 - - [05/Dec/2022:23:55:42 +0100] "GET /robots.txt HTTP/1.0" 404 275 "-" "Mozilla/5.0 (compatible; OSZKbot/3.3 (OSZKBOT,oszkbot) +http://mekosztaly.oszk.hu/mia) on behalf of the National Szechenyi Library"
193.224.64.4 - - [05/Dec/2022:23:55:42 +0100] "GET / HTTP/1.0" 200 1155 "-" "Mozilla/5.0 (compatible; OSZKbot/3.3 (OSZKBOT,oszkbot) +http://mekosztaly.oszk.hu/mia) on behalf of the National Szechenyi Library"
195.56.55.225 - - [05/Dec/2022:23:56:18 +0100] "GET /test.html HTTP/1.1" 200 56 "-" "monit/4.6"
195.56.55.225 - - [05/Dec/2022:23:58:21 +0100] "GET /test.html HTTP/1.1" 200 56 "-" "monit/4.6"
193.224.64.4 - - [05/Dec/2022:23:58:24 +0100] "GET /robots.txt HTTP/1.0" 404 282 "-" "Mozilla/5.0 (compatible; OSZKbot/3.3 (OSZKBOT,oszkbot) +http://mekosztaly.oszk.hu/mia) on behalf of the National Szechenyi Library"
193.224.64.4 - - [05/Dec/2022:23:58:24 +0100] "GET / HTTP/1.0" 200 1155 "-" "Mozilla/5.0 (compatible; OSZKbot/3.3 (OSZKBOT,oszkbot) +http://mekosztaly.oszk.hu/mia) on behalf of the National Szechenyi Library"
84.21.172.205 - - [05/Dec/2022:23:58:51 +0100] "GET / HTTP/1.1" 200 1155 "-" "Linux Gnu (cow)"
195.56.55.225 - - [06/Dec/2022:00:00:24 +0100] "GET /test.html HTTP/1.1" 200 56 "-" "monit/4.6"
195.56.55.225 - - [06/Dec/2022:00:02:27 +0100] "GET /test.html HTTP/1.1" 200 56 "-" "monit/4.6"
195.56.55.225 - - [06/Dec/2022:00:04:30 +0100] "GET /test.html HTTP/1.1" 200 56 "-" "monit/4.6"
195.56.55.225 - - [06/Dec/2022:00:06:33 +0100] "GET /test.html HTTP/1.1" 200 56 "-" "monit/4.6"
195.56.55.225 - - [06/Dec/2022:00:08:36 +0100] "GET /test.html HTTP/1.1" 200 56 "-" "monit/4.6"
193.224.64.4 - - [06/Dec/2022:00:09:56 +0100] "GET /robots.txt HTTP/1.0" 404 273 "-" "Mozilla/5.0 (compatible; OSZKbot/3.3 (OSZKBOT,oszkbot) +http://mekosztaly.oszk.hu/mia) on behalf of the National Szechenyi Library"
195.56.55.225 - - [06/Dec/2022:00:10:39 +0100] "GET /test.html HTTP/1.1" 200 56 "-" "monit/4.6"
195.56.55.225 - - [06/Dec/2022:00:12:42 +0100] "GET /test.html HTTP/1.1" 200 56 "-" "monit/4.6"
193.224.64.4 - - [06/Dec/2022:00:13:22 +0100] "GET /robots.txt HTTP/1.0" 404 279 "-" "Mozilla/5.0 (compatible; OSZKbot/3.3 (OSZKBOT,oszkbot) +http://mekosztaly.oszk.hu/mia) on behalf of the National Szechenyi Library"
193.224.64.4 - - [06/Dec/2022:00:13:22 +0100] "GET / HTTP/1.0" 200 1155 "-" "Mozilla/5.0 (compatible; OSZKbot/3.3 (OSZKBOT,oszkbot) +http://mekosztaly.oszk.hu/mia) on behalf of the National Szechenyi Library"
193.224.64.4 - - [06/Dec/2022:00:13:22 +0100] "GET /favicon.ico HTTP/1.0" 404 280 "http://zoldovezet.zpok.hu/" "Mozilla/5.0 (compatible; OSZKbot/3.3 (OSZKBOT,oszkbot) +http://mekosztaly.oszk.hu/mia) on behalf of the National Szechenyi Library"
92.118.39.29 - - [06/Dec/2022:00:14:36 +0100] "GET / HTTP/1.1" 200 1155 "-" "-"
195.56.55.225 - - [06/Dec/2022:00:14:45 +0100] "GET /test.html HTTP/1.1" 200 56 "-" "monit/4.6"
195.56.55.225 - - [06/Dec/2022:00:16:48 +0100] "GET /test.html HTTP/1.1" 200 56 "-" "monit/4.6"
195.56.55.225 - - [06/Dec/2022:00:18:52 +0100] "GET /test.html HTTP/1.1" 200 56 "-" "monit/4.6"
195.56.55.225 - - [06/Dec/2022:00:20:54 +0100] "GET /test.html HTTP/1.1" 200 56 "-" "monit/4.6"
189.85.40.246 - - [06/Dec/2022:00:22:07 +0100] "POST /GponForm/diag_Form?images/ HTTP/1.1" 404 290 "-" "Hello, World"
189.85.40.246 - - [06/Dec/2022:00:22:08 +0100] "sh+/tmp/gpon80&ipv=0" 501 - "-" "-"
195.56.55.225 - - [06/Dec/2022:00:22:57 +0100] "GET /test.html HTTP/1.1" 200 56 "-" "monit/4.6"
216.244.66.203 - - [06/Dec/2022:00:24:20 +0100] "GET /aggregator/categories/2 HTTP/1.1" 404 308 "-" "Mozilla/5.0 (compatible; DotBot/1.2; +https://opensiteexplorer.org/dotbot; help@moz.com)"
193.224.64.4 - - [06/Dec/2022:00:24:38 +0100] "GET /robots.txt HTTP/1.0" 404 274 "-" "Mozilla/5.0 (compatible; OSZKbot/3.3 (OSZKBOT,oszkbot) +http://mekosztaly.oszk.hu/mia) on behalf of the National Szechenyi Library"
193.224.64.4 - - [06/Dec/2022:00:24:38 +0100] "GET / HTTP/1.0" 200 1155 "-" "Mozilla/5.0 (compatible; OSZKbot/3.3 (OSZKBOT,oszkbot) +http://mekosztaly.oszk.hu/mia) on behalf of the National Szechenyi Library"
193.224.64.4 - - [06/Dec/2022:00:24:39 +0100] "GET /favicon.ico HTTP/1.0" 404 275 "http://attac.zpok.hu/" "Mozilla/5.0 (compatible; OSZKbot/3.3 (OSZKBOT,oszkbot) +http://mekosztaly.oszk.hu/mia) on behalf of the National Szechenyi Library"
195.56.55.225 - - [06/Dec/2022:00:25:00 +0100] "GET /test.html HTTP/1.1" 200 56 "-" "monit/4.6"
195.56.55.225 - - [06/Dec/2022:00:27:04 +0100] "GET /test.html HTTP/1.1" 200 56 "-" "monit/4.6"
195.56.55.225 - - [06/Dec/2022:00:29:08 +0100] "GET /test.html HTTP/1.1" 200 56 "-" "monit/4.6"
77.88.9.140 - - [06/Dec/2022:00:29:54 +0100] "GET /robots.txt HTTP/1.1" 404 291 "-" "Mozilla/5.0 (compatible; YandexBot/3.0; +http://yandex.com/bots)"
77.88.9.140 - - [06/Dec/2022:00:29:58 +0100] "GET / HTTP/1.1" 200 1155 "-" "Mozilla/5.0 (compatible; YandexBot/3.0; +http://yandex.com/bots)"
77.88.9.140 - - [06/Dec/2022:00:30:53 +0100] "GET /robots.txt HTTP/1.1" 404 286 "-" "Mozilla/5.0 (compatible; YandexBot/3.0; +http://yandex.com/bots)"
77.88.9.140 - - [06/Dec/2022:00:30:57 +0100] "GET / HTTP/1.1" 200 1155 "-" "Mozilla/5.0 (compatible; YandexBot/3.0; +http://yandex.com/bots)"
195.56.55.225 - - [06/Dec/2022:00:31:11 +0100] "GET /test.html HTTP/1.1" 200 56 "-" "monit/4.6"
193.224.64.4 - - [06/Dec/2022:00:32:56 +0100] "GET / HTTP/1.0" 200 1155 "-" "Mozilla/5.0 (compatible; OSZKbot/3.3 (OSZKBOT,oszkbot) +http://mekosztaly.oszk.hu/mia) on behalf of the National Szechenyi Library"
193.224.64.4 - - [06/Dec/2022:00:32:56 +0100] "GET /favicon.ico HTTP/1.0" 404 273 "http://bme.zpok.hu/" "Mozilla/5.0 (compatible; OSZKbot/3.3 (OSZKBOT,oszkbot) +http://mekosztaly.oszk.hu/mia) on behalf of the National Szechenyi Library"
195.56.55.225 - - [06/Dec/2022:00:33:14 +0100] "GET /test.html HTTP/1.1" 200 56 "-" "monit/4.6"
141.255.166.2 - - [06/Dec/2022:00:34:47 +0100] "POST /boaform/admin/formLogin HTTP/1.1" 404 299 "http://195.56.55.226:80/admin/login.asp" "Mozilla/5.0 (X11; Ubuntu; Linux x86_64; rv:71.0) Gecko/20100101 Firefox/71.0"
195.56.55.225 - - [06/Dec/2022:00:35:17 +0100] "GET /test.html HTTP/1.1" 200 56 "-" "monit/4.6"
205.210.31.15 - - [06/Dec/2022:00:36:06 +0100] "GET / HTTP/1.1" 200 1155 "-" "Expanse, a Palo Alto Networks company, searches across the global IPv4 space multiple times per day to identify customers' presences on the Internet. If you would like to be excluded from our scans, please send IP addresses/domains to: scaninfo@paloaltonetworks.com"
195.56.55.225 - - [06/Dec/2022:00:37:20 +0100] "GET /test.html HTTP/1.1" 200 56 "-" "monit/4.6"
40.77.167.43 - - [06/Dec/2022:00:38:12 +0100] "GET / HTTP/1.1" 200 1155 "-" "Mozilla/5.0 AppleWebKit/537.36 (KHTML, like Gecko; compatible; bingbot/2.0; +http://www.bing.com/bingbot.htm) Chrome/103.0.5060.134 Safari/537.36"
195.56.55.225 - - [06/Dec/2022:00:39:23 +0100] "GET /test.html HTTP/1.1" 200 56 "-" "monit/4.6"
141.255.166.2 - - [06/Dec/2022:00:40:04 +0100] "POST /boaform/admin/formLogin HTTP/1.1" 404 299 "http://195.56.55.225:80/admin/login.asp" "Mozilla/5.0 (X11; Ubuntu; Linux x86_64; rv:71.0) Gecko/20100101 Firefox/71.0"
195.56.55.225 - - [06/Dec/2022:00:41:26 +0100] "GET /test.html HTTP/1.1" 200 56 "-" "monit/4.6"
195.56.55.225 - - [06/Dec/2022:00:43:29 +0100] "GET /test.html HTTP/1.1" 200 56 "-" "monit/4.6"
34.140.248.32 - - [06/Dec/2022:00:45:21 +0100] "GET / HTTP/1.1" 200 1155 "-" "python-requests/2.28.1"
195.56.55.225 - - [06/Dec/2022:00:45:32 +0100] "GET /test.html HTTP/1.1" 200 56 "-" "monit/4.6"
193.224.64.4 - - [06/Dec/2022:00:46:11 +0100] "GET /robots.txt HTTP/1.0" 404 272 "-" "Mozilla/5.0 (compatible; OSZKbot/3.3 (OSZKBOT,oszkbot) +http://mekosztaly.oszk.hu/mia) on behalf of the National Szechenyi Library"
193.224.64.4 - - [06/Dec/2022:00:46:11 +0100] "GET / HTTP/1.0" 200 1155 "-" "Mozilla/5.0 (compatible; OSZKbot/3.3 (OSZKBOT,oszkbot) +http://mekosztaly.oszk.hu/mia) on behalf of the National Szechenyi Library"
193.224.64.4 - - [06/Dec/2022:00:46:12 +0100] "GET /favicon.ico HTTP/1.0" 404 273 "http://dei.zpok.hu/" "Mozilla/5.0 (compatible; OSZKbot/3.3 (OSZKBOT,oszkbot) +http://mekosztaly.oszk.hu/mia) on behalf of the National Szechenyi Library"
195.56.55.225 - - [06/Dec/2022:00:47:35 +0100] "GET /test.html HTTP/1.1" 200 56 "-" "monit/4.6"
193.224.64.4 - - [06/Dec/2022:00:49:30 +0100] "GET / HTTP/1.0" 200 1155 "-" "Mozilla/5.0 (compatible; OSZKbot/3.3 (OSZKBOT,oszkbot) +http://mekosztaly.oszk.hu/mia) on behalf of the National Szechenyi Library"
193.224.64.4 - - [06/Dec/2022:00:49:30 +0100] "GET /favicon.ico HTTP/1.0" 404 275 "http://dombi.zpok.hu/" "Mozilla/5.0 (compatible; OSZKbot/3.3 (OSZKBOT,oszkbot) +http://mekosztaly.oszk.hu/mia) on behalf of the National Szechenyi Library"
195.56.55.225 - - [06/Dec/2022:00:49:38 +0100] "GET /test.html HTTP/1.1" 200 56 "-" "monit/4.6"
193.224.64.4 - - [06/Dec/2022:00:50:37 +0100] "GET /favicon.ico HTTP/1.0" 404 276 "http://droppa.zpok.hu/" "Mozilla/5.0 (compatible; OSZKbot/3.3 (OSZKBOT,oszkbot) +http://mekosztaly.oszk.hu/mia) on behalf of the National Szechenyi Library"
141.255.166.2 - - [06/Dec/2022:00:51:31 +0100] "GET / HTTP/1.1" 200 1155 "-" "Hello World"
195.56.55.225 - - [06/Dec/2022:00:51:41 +0100] "GET /test.html HTTP/1.1" 200 56 "-" "monit/4.6"
193.224.64.4 - - [06/Dec/2022:00:52:17 +0100] "GET /favicon.ico HTTP/1.0" 404 275 "http://eddsz.zpok.hu/" "Mozilla/5.0 (compatible; OSZKbot/3.3 (OSZKBOT,oszkbot) +http://mekosztaly.oszk.hu/mia) on behalf of the National Szechenyi Library"
185.191.171.9 - - [06/Dec/2022:00:52:39 +0100] "GET /robots.txt HTTP/1.1" 404 298 "-" "Mozilla/5.0 (compatible; SemrushBot/7~bl; +http://www.semrush.com/bot.html)"
185.191.171.26 - - [06/Dec/2022:00:52:40 +0100] "GET / HTTP/1.1" 200 1155 "-" "Mozilla/5.0 (compatible; SemrushBot/7~bl; +http://www.semrush.com/bot.html)"
114.119.141.2 - - [06/Dec/2022:00:53:31 +0100] "GET /robots.txt HTTP/1.1" 404 286 "-" "Mozilla/5.0 (compatible;PetalBot;+https://webmaster.petalsearch.com/site/petalbot)"
195.56.55.225 - - [06/Dec/2022:00:53:45 +0100] "GET /test.html HTTP/1.1" 200 56 "-" "monit/4.6"
195.56.55.225 - - [06/Dec/2022:00:55:48 +0100] "GET /test.html HTTP/1.1" 200 56 "-" "monit/4.6"
193.224.64.4 - - [06/Dec/2022:00:55:56 +0100] "GET /robots.txt HTTP/1.0" 404 273 "-" "Mozilla/5.0 (compatible; OSZKbot/3.3 (OSZKBOT,oszkbot) +http://mekosztaly.oszk.hu/mia) on behalf of the National Szechenyi Library"
193.224.64.4 - - [06/Dec/2022:00:55:57 +0100] "GET / HTTP/1.0" 200 1155 "-" "Mozilla/5.0 (compatible; OSZKbot/3.3 (OSZKBOT,oszkbot) +http://mekosztaly.oszk.hu/mia) on behalf of the National Szechenyi Library"
193.224.64.4 - - [06/Dec/2022:00:55:57 +0100] "GET /favicon.ico HTTP/1.0" 404 274 "http://eszf.zpok.hu/" "Mozilla/5.0 (compatible; OSZKbot/3.3 (OSZKBOT,oszkbot) +http://mekosztaly.oszk.hu/mia) on behalf of the National Szechenyi Library"
193.224.64.4 - - [06/Dec/2022:00:56:07 +0100] "GET /robots.txt HTTP/1.0" 404 272 "-" "Mozilla/5.0 (compatible; OSZKbot/3.3 (OSZKBOT,oszkbot) +http://mekosztaly.oszk.hu/mia) on behalf of the National Szechenyi Library"
193.224.64.4 - - [06/Dec/2022:00:56:07 +0100] "GET /robots.txt HTTP/1.0" 404 271 "-" "Mozilla/5.0 (compatible; OSZKbot/3.3 (OSZKBOT,oszkbot) +http://mekosztaly.oszk.hu/mia) on behalf of the National Szechenyi Library"
193.224.64.4 - - [06/Dec/2022:00:56:07 +0100] "GET / HTTP/1.0" 200 1155 "-" "Mozilla/5.0 (compatible; OSZKbot/3.3 (OSZKBOT,oszkbot) +http://mekosztaly.oszk.hu/mia) on behalf of the National Szechenyi Library"
193.224.64.4 - - [06/Dec/2022:00:56:07 +0100] "GET / HTTP/1.0" 200 1155 "-" "Mozilla/5.0 (compatible; OSZKbot/3.3 (OSZKBOT,oszkbot) +http://mekosztaly.oszk.hu/mia) on behalf of the National Szechenyi Library"
195.56.55.225 - - [06/Dec/2022:00:57:51 +0100] "GET /test.html HTTP/1.1" 200 56 "-" "monit/4.6"
195.56.55.225 - - [06/Dec/2022:00:59:54 +0100] "GET /test.html HTTP/1.1" 200 56 "-" "monit/4.6"
195.56.55.225 - - [06/Dec/2022:01:01:57 +0100] "GET /test.html HTTP/1.1" 200 56 "-" "monit/4.6"
195.56.55.225 - - [06/Dec/2022:01:04:00 +0100] "GET /test.html HTTP/1.1" 200 56 "-" "monit/4.6"
195.56.55.225 - - [06/Dec/2022:01:06:03 +0100] "GET /test.html HTTP/1.1" 200 56 "-" "monit/4.6"
141.255.166.2 - - [06/Dec/2022:01:06:52 +0100] "GET / HTTP/1.1" 200 1155 "-" "Hello World"
195.56.55.225 - - [06/Dec/2022:01:08:06 +0100] "GET /test.html HTTP/1.1" 200 56 "-" "monit/4.6"
195.56.55.225 - - [06/Dec/2022:01:10:09 +0100] "GET /test.html HTTP/1.1" 200 56 "-" "monit/4.6"
205.210.31.141 - - [06/Dec/2022:01:10:28 +0100] "GET / HTTP/1.1" 200 1155 "-" "Expanse, a Palo Alto Networks company, searches across the global IPv4 space multiple times per day to identify customers' presences on the Internet. If you would like to be excluded from our scans, please send IP addresses/domains to: scaninfo@paloaltonetworks.com"
195.56.55.225 - - [06/Dec/2022:01:12:12 +0100] "GET /test.html HTTP/1.1" 200 56 "-" "monit/4.6"
195.56.55.225 - - [06/Dec/2022:01:14:16 +0100] "GET /test.html HTTP/1.1" 200 56 "-" "monit/4.6"
193.224.64.4 - - [06/Dec/2022:01:16:14 +0100] "GET / HTTP/1.0" 200 1155 "-" "Mozilla/5.0 (compatible; OSZKbot/3.3 (OSZKBOT,oszkbot) +http://mekosztaly.oszk.hu/mia) on behalf of the National Szechenyi Library"
193.224.64.4 - - [06/Dec/2022:01:16:15 +0100] "GET /favicon.ico HTTP/1.0" 404 278 "http://hosting2.deja.hu/" "Mozilla/5.0 (compatible; OSZKbot/3.3 (OSZKBOT,oszkbot) +http://mekosztaly.oszk.hu/mia) on behalf of the National Szechenyi Library"
195.56.55.225 - - [06/Dec/2022:01:16:19 +0100] "GET /test.html HTTP/1.1" 200 56 "-" "monit/4.6"
193.224.64.4 - - [06/Dec/2022:01:17:11 +0100] "GET /favicon.ico HTTP/1.0" 404 276 "http://humusz.zpok.hu/" "Mozilla/5.0 (compatible; OSZKbot/3.3 (OSZKBOT,oszkbot) +http://mekosztaly.oszk.hu/mia) on behalf of the National Szechenyi Library"
195.56.55.225 - - [06/Dec/2022:01:18:23 +0100] "GET /test.html HTTP/1.1" 200 56 "-" "monit/4.6"
195.56.55.225 - - [06/Dec/2022:01:20:26 +0100] "GET /test.html HTTP/1.1" 200 56 "-" "monit/4.6"
195.56.55.225 - - [06/Dec/2022:01:22:29 +0100] "GET /test.html HTTP/1.1" 200 56 "-" "monit/4.6"
195.56.55.225 - - [06/Dec/2022:01:24:33 +0100] "GET /test.html HTTP/1.1" 200 56 "-" "monit/4.6"
195.56.55.225 - - [06/Dec/2022:01:26:36 +0100] "GET /test.html HTTP/1.1" 200 56 "-" "monit/4.6"
205.210.31.5 - - [06/Dec/2022:01:26:37 +0100] "GET / HTTP/1.1" 200 1155 "-" "Expanse, a Palo Alto Networks company, searches across the global IPv4 space multiple times per day to identify customers' presences on the Internet. If you would like to be excluded from our scans, please send IP addresses/domains to: scaninfo@paloaltonetworks.com"
51.222.253.8 - - [06/Dec/2022:01:28:03 +0100] "GET /robots.txt HTTP/1.1" 404 286 "-" "Mozilla/5.0 (compatible; AhrefsBot/7.0; +http://ahrefs.com/robot/)"
195.56.55.225 - - [06/Dec/2022:01:28:39 +0100] "GET /test.html HTTP/1.1" 200 56 "-" "monit/4.6"
193.224.64.4 - - [06/Dec/2022:01:30:10 +0100] "GET /favicon.ico HTTP/1.0" 404 284 "http://kompasz.balzac.zpok.hu/" "Mozilla/5.0 (compatible; OSZKbot/3.3 (OSZKBOT,oszkbot) +http://mekosztaly.oszk.hu/mia) on behalf of the National Szechenyi Library"
195.56.55.225 - - [06/Dec/2022:01:30:42 +0100] "GET /test.html HTTP/1.1" 200 56 "-" "monit/4.6"
195.56.55.225 - - [06/Dec/2022:01:32:45 +0100] "GET /test.html HTTP/1.1" 200 56 "-" "monit/4.6"
66.249.89.36 - - [06/Dec/2022:01:33:43 +0100] "GET / HTTP/1.1" 304 - "-" "FeedFetcher-Google; (+http://www.google.com/feedfetcher.html)"
193.224.64.4 - - [06/Dec/2022:01:33:54 +0100] "GET / HTTP/1.0" 200 1155 "-" "Mozilla/5.0 (compatible; OSZKbot/3.3 (OSZKBOT,oszkbot) +http://mekosztaly.oszk.hu/mia) on behalf of the National Szechenyi Library"
193.224.64.4 - - [06/Dec/2022:01:33:55 +0100] "GET /favicon.ico HTTP/1.0" 404 273 "http://kut.zpok.hu/" "Mozilla/5.0 (compatible; OSZKbot/3.3 (OSZKBOT,oszkbot) +http://mekosztaly.oszk.hu/mia) on behalf of the National Szechenyi Library"
216.244.66.203 - - [06/Dec/2022:01:34:40 +0100] "GET /robots.txt HTTP/1.1" 404 283 "-" "Mozilla/5.0 (compatible; DotBot/1.2; +https://opensiteexplorer.org/dotbot; help@moz.com)"
195.56.55.225 - - [06/Dec/2022:01:34:48 +0100] "GET /test.html HTTP/1.1" 200 56 "-" "monit/4.6"
195.56.55.225 - - [06/Dec/2022:01:36:51 +0100] "GET /test.html HTTP/1.1" 200 56 "-" "monit/4.6"
195.56.55.225 - - [06/Dec/2022:01:38:54 +0100] "GET /test.html HTTP/1.1" 200 56 "-" "monit/4.6"
195.56.55.225 - - [06/Dec/2022:01:40:58 +0100] "GET /test.html HTTP/1.1" 200 56 "-" "monit/4.6"
193.224.64.4 - - [06/Dec/2022:01:40:58 +0100] "GET /robots.txt HTTP/1.0" 404 273 "-" "Mozilla/5.0 (compatible; OSZKbot/3.3 (OSZKBOT,oszkbot) +http://mekosztaly.oszk.hu/mia) on behalf of the National Szechenyi Library"
193.224.64.4 - - [06/Dec/2022:01:40:58 +0100] "GET / HTTP/1.0" 200 1155 "-" "Mozilla/5.0 (compatible; OSZKbot/3.3 (OSZKBOT,oszkbot) +http://mekosztaly.oszk.hu/mia) on behalf of the National Szechenyi Library"
193.224.64.4 - - [06/Dec/2022:01:40:58 +0100] "GET /favicon.ico HTTP/1.0" 404 274 "http://maat.deja.hu/" "Mozilla/5.0 (compatible; OSZKbot/3.3 (OSZKBOT,oszkbot) +http://mekosztaly.oszk.hu/mia) on behalf of the National Szechenyi Library"
193.224.64.4 - - [06/Dec/2022:01:42:51 +0100] "GET / HTTP/1.0" 200 1155 "-" "Mozilla/5.0 (compatible; OSZKbot/3.3 (OSZKBOT,oszkbot) +http://mekosztaly.oszk.hu/mia) on behalf of the National Szechenyi Library"
193.224.64.4 - - [06/Dec/2022:01:42:51 +0100] "GET /favicon.ico HTTP/1.0" 404 274 "http://mail.zpok.hu/" "Mozilla/5.0 (compatible; OSZKbot/3.3 (OSZKBOT,oszkbot) +http://mekosztaly.oszk.hu/mia) on behalf of the National Szechenyi Library"
195.56.55.225 - - [06/Dec/2022:01:43:01 +0100] "GET /test.html HTTP/1.1" 200 56 "-" "monit/4.6"
195.56.55.225 - - [06/Dec/2022:01:45:04 +0100] "GET /test.html HTTP/1.1" 200 56 "-" "monit/4.6"
91.233.21.70 - - [06/Dec/2022:01:45:50 +0100] "GET /.well-known/pki-validation/1094F44534EC963D957179D3EA8155D5.txt HTTP/1.1" 404 339 "-" "COMODO DCV"
91.233.21.70 - - [06/Dec/2022:01:45:50 +0100] "GET /.well-known/pki-validation/4BD26864C0929F15C9548DE61DDC15CA.txt HTTP/1.1" 404 341 "-" "COMODO DCV"
91.233.21.70 - - [06/Dec/2022:01:45:50 +0100] "GET /.well-known/pki-validation/8763F773876BE0ADE354DA3DEF17A766.txt HTTP/1.1" 404 342 "-" "COMODO DCV"
91.233.21.70 - - [06/Dec/2022:01:45:50 +0100] "GET /.well-known/pki-validation/EB9FA8984FEA09D43EF131E99B87B338.txt HTTP/1.1" 404 342 "-" "COMODO DCV"
91.233.21.70 - - [06/Dec/2022:01:45:51 +0100] "GET /.well-known/pki-validation/66AB57AC32FEA5B927F99B94AD8A570C.txt HTTP/1.1" 404 345 "-" "COMODO DCV"
91.233.21.70 - - [06/Dec/2022:01:45:51 +0100] "GET /.well-known/pki-validation/91B0E9DFE3108EDAD726132928C29156.txt HTTP/1.1" 404 346 "-" "COMODO DCV"
198.235.24.2 - - [06/Dec/2022:01:46:37 +0100] "GET / HTTP/1.1" 200 1155 "-" "Expanse, a Palo Alto Networks company, searches across the global IPv4 space multiple times per day to identify customers' presences on the Internet. If you would like to be excluded from our scans, please send IP addresses/domains to: scaninfo@paloaltonetworks.com"
216.244.66.203 - - [06/Dec/2022:01:46:47 +0100] "GET /indy/fnb/index.php HTTP/1.1" 404 291 "-" "Mozilla/5.0 (compatible; DotBot/1.2; +https://opensiteexplorer.org/dotbot; help@moz.com)"
195.56.55.225 - - [06/Dec/2022:01:47:07 +0100] "GET /test.html HTTP/1.1" 200 56 "-" "monit/4.6"
195.56.55.225 - - [06/Dec/2022:01:49:10 +0100] "GET /test.html HTTP/1.1" 200 56 "-" "monit/4.6"
195.56.55.225 - - [06/Dec/2022:01:51:13 +0100] "GET /test.html HTTP/1.1" 200 56 "-" "monit/4.6"
193.224.64.4 - - [06/Dec/2022:01:51:51 +0100] "GET / HTTP/1.0" 200 1155 "-" "Mozilla/5.0 (compatible; OSZKbot/3.3 (OSZKBOT,oszkbot) +http://mekosztaly.oszk.hu/mia) on behalf of the National Szechenyi Library"
193.224.64.4 - - [06/Dec/2022:01:51:51 +0100] "GET /favicon.ico HTTP/1.0" 404 273 "http://mme.zpok.hu/" "Mozilla/5.0 (compatible; OSZKbot/3.3 (OSZKBOT,oszkbot) +http://mekosztaly.oszk.hu/mia) on behalf of the National Szechenyi Library"
