89.134.182.14 - - [23/Apr/2012:16:19:43 +0200] "GET /favicon.ico HTTP/1.1" 404 - "-" "Mozilla/5.0 (Windows NT 5.1; rv:11.0) Gecko/20100101 Firefox/11.0"
89.134.182.14 - - [23/Apr/2012:16:19:44 +0200] "GET /aktivparty.html HTTP/1.1" 200 1528 "http://activparty.hu/" "Mozilla/5.0 (Windows NT 5.1; rv:11.0) Gecko/20100101 Firefox/11.0"
89.134.182.14 - - [23/Apr/2012:16:19:45 +0200] "GET /js/AC_RunActiveContent.js HTTP/1.1" 200 8321 "http://activparty.hu/aktivparty.html" "Mozilla/5.0 (Windows NT 5.1; rv:11.0) Gecko/20100101 Firefox/11.0"
89.134.182.14 - - [23/Apr/2012:16:19:46 +0200] "GET /activ_party.swf HTTP/1.1" 200 1771834 "http://activparty.hu/aktivparty.html" "Mozilla/5.0 (Windows NT 5.1; rv:11.0) Gecko/20100101 Firefox/11.0"
68.47.129.55 - - [23/Apr/2012:18:34:58 +0200] "GET /robots.txt HTTP/1.1" 404 - "-" "Mozilla/4.0 (compatible; MSIE 5.01; Windows NT 5.0)"
178.137.83.13 - - [23/Apr/2012:19:02:32 +0200] "GET /robots.txt HTTP/1.0" 404 - "-" "Mozilla/5.0 (compatible; MJ12bot/v1.4.2; http://www.majestic12.co.uk/bot.php?+)"
178.137.83.13 - - [23/Apr/2012:19:02:49 +0200] "GET / HTTP/1.1" 200 3021 "-" "Mozilla/5.0 (compatible; MJ12bot/v1.4.2; http://www.majestic12.co.uk/bot.php?+)"
178.137.83.13 - - [23/Apr/2012:19:02:51 +0200] "GET /robots.txt HTTP/1.0" 404 - "-" "Mozilla/5.0 (compatible; MJ12bot/v1.4.2; http://www.majestic12.co.uk/bot.php?+)"
178.137.83.13 - - [23/Apr/2012:19:02:56 +0200] "GET / HTTP/1.1" 200 3021 "-" "Mozilla/5.0 (compatible; MJ12bot/v1.4.2; http://www.majestic12.co.uk/bot.php?+)"
65.52.108.58 - - [23/Apr/2012:19:12:27 +0200] "GET /robots.txt HTTP/1.1" 404 - "-" "Mozilla/5.0 (compatible; bingbot/2.0; +http://www.bing.com/bingbot.htm)"
157.55.112.210 - - [23/Apr/2012:19:14:27 +0200] "GET /aktivparty.html HTTP/1.1" 200 1528 "-" "Mozilla/5.0 (Windows NT 6.1; WOW64) AppleWebKit/534+ (KHTML, like Gecko) BingPreview/1.0b"
157.55.112.210 - - [23/Apr/2012:19:14:28 +0200] "GET /js/AC_RunActiveContent.js HTTP/1.1" 200 8321 "http://www.activparty.hu/aktivparty.html" "Mozilla/5.0 (Windows NT 6.1; WOW64) AppleWebKit/534+ (KHTML, like Gecko) BingPreview/1.0b"
157.55.34.106 - - [23/Apr/2012:19:14:35 +0200] "GET /aktivparty.html HTTP/1.1" 200 1528 "-" "Mozilla/4.0 (compatible; MSIE 8.0; Windows NT 5.1; Trident/5.0; .NET CLR 3.5.30729; .NET CLR 3.0.30729; SV1; .NET CLR 1.1.4325; .NET CLR 2.0.50727; .NET CLR 3.0.30729; .NET CLR 3.5.30707; MS-RTC LM 8)"
157.55.34.106 - - [23/Apr/2012:19:14:35 +0200] "GET /js/AC_RunActiveContent.js HTTP/1.1" 200 8321 "http://www.activparty.hu/aktivparty.html" "Mozilla/4.0 (compatible; MSIE 8.0; Windows NT 5.1; Trident/5.0; .NET CLR 3.5.30729; .NET CLR 3.0.30729; SV1; .NET CLR 1.1.4325; .NET CLR 2.0.50727; .NET CLR 3.0.30729; .NET CLR 3.5.30707; MS-RTC LM 8)"
157.55.34.106 - - [23/Apr/2012:19:14:40 +0200] "GET /activ_party.swf HTTP/1.1" 200 1771834 "http://www.activparty.hu/aktivparty.html" "Mozilla/4.0 (compatible; MSIE 8.0; Windows NT 5.1; Trident/5.0; .NET CLR 3.5.30729; .NET CLR 3.0.30729; SV1; .NET CLR 1.1.4325; .NET CLR 2.0.50727; .NET CLR 3.0.30729; .NET CLR 3.5.30707; MS-RTC LM 8)"
95.108.248.30 - - [23/Apr/2012:20:36:44 +0200] "GET /robots.txt HTTP/1.1" 404 - "-" "Mozilla/5.0 (compatible; YandexBot/3.0; +http://yandex.com/bots)"
208.115.111.72 - - [23/Apr/2012:22:18:28 +0200] "GET /robots.txt HTTP/1.1" 404 - "-" "Mozilla/5.0 (compatible; Ezooms/1.0; ezooms.bot@gmail.com)"
119.63.196.81 - - [23/Apr/2012:22:31:21 +0200] "GET /robots.txt HTTP/1.1" 404 - "-" "Baiduspider+(+http://www.baidu.com/search/spider.htm)"
139.18.2.17 - - [23/Apr/2012:22:31:53 +0200] "GET /aktivparty.html HTTP/1.1" 200 1528 "-" "findlinks/2.5 (+http://wortschatz.uni-leipzig.de/findlinks/)"
208.115.111.72 - - [23/Apr/2012:22:40:42 +0200] "GET /aktivparty.html HTTP/1.1" 200 1528 "-" "Mozilla/5.0 (compatible; Ezooms/1.0; ezooms.bot@gmail.com)"
213.186.119.138 - - [24/Apr/2012:00:01:49 +0200] "GET / HTTP/1.1" 200 3021 "-" "Mozilla/5.0 (compatible; AhrefsBot/3.0; +http://ahrefs.com/robot/)"
95.108.248.30 - - [24/Apr/2012:02:37:41 +0200] "GET /aktivparty.html HTTP/1.1" 200 1528 "-" "Mozilla/5.0 (compatible; YandexBot/3.0; +http://yandex.com/bots)"
95.108.248.30 - - [24/Apr/2012:02:37:43 +0200] "GET /karaoke.html HTTP/1.1" 200 4266 "-" "Mozilla/5.0 (compatible; YandexBot/3.0; +http://yandex.com/bots)"
79.172.241.100 - - [24/Apr/2012:04:41:25 +0200] "GET / HTTP/1.1" 200 3021 "http://musorszervezes.lapozz.hu/" "Mozilla/5.0 (Windows; U; Windows NT 6.1; hu-HU; rv:1.9.2.10) Gecko/20100914 Firefox/3.6.10 ( .NET CLR 3.5.30729)"
87.97.40.214 - - [24/Apr/2012:04:50:18 +0200] "GET / HTTP/1.1" 200 3021 "-" "Mozilla/5.0 (Windows; U; Windows NT 5.1; hu; rv:1.7.8) Gecko/20050511 Firefox/1.0.4"
87.97.40.214 - - [24/Apr/2012:04:50:20 +0200] "GET /aktivparty.html HTTP/1.1" 200 1528 "-" "Mozilla/5.0 (Windows; U; Windows NT 5.1; hu; rv:1.7.8) Gecko/20050511 Firefox/1.0.4"
130.83.167.153 - - [24/Apr/2012:06:36:28 +0200] "GET / HTTP/1.1" 200 3021 "-" "findlinks/2.1.5 (+http://wortschatz.uni-leipzig.de/findlinks/)"
188.138.113.146 - - [24/Apr/2012:07:45:12 +0200] "HEAD / HTTP/1.0" 200 0 "-" "Mozilla/5.0 (Windows; U; MSIE 9.0; Windows NT 9.0; en-US)"
176.31.247.216 - - [24/Apr/2012:09:08:32 +0200] "GET /robots.txt HTTP/1.0" 404 - "-" "Mozilla/5.0 (compatible; MJ12bot/v1.4.2; http://www.majestic12.co.uk/bot.php?+)"
176.31.247.216 - - [24/Apr/2012:09:08:33 +0200] "GET /aktivparty.html HTTP/1.0" 200 1528 "-" "Mozilla/5.0 (compatible; MJ12bot/v1.4.2; http://www.majestic12.co.uk/bot.php?+)"
176.31.247.216 - - [24/Apr/2012:09:08:33 +0200] "GET /robots.txt HTTP/1.0" 404 - "-" "Mozilla/5.0 (compatible; MJ12bot/v1.4.2; http://www.majestic12.co.uk/bot.php?+)"
176.31.247.216 - - [24/Apr/2012:09:08:35 +0200] "GET /aktivparty.html HTTP/1.0" 200 1528 "-" "Mozilla/5.0 (compatible; MJ12bot/v1.4.2; http://www.majestic12.co.uk/bot.php?+)"
93.62.201.52 - - [24/Apr/2012:09:47:54 +0200] "GET /favicon.ico HTTP/1.1" 404 - "-" "Mozilla/5.0 (Windows NT 6.1; rv:11.0) Gecko/20100101 Firefox/11.0"
93.62.201.52 - - [24/Apr/2012:09:47:54 +0200] "GET /favicon.ico HTTP/1.1" 404 - "-" "Mozilla/5.0 (Windows NT 6.1; rv:11.0) Gecko/20100101 Firefox/11.0"
93.62.201.52 - - [24/Apr/2012:09:47:55 +0200] "GET /favicon.ico HTTP/1.1" 404 - "-" "Mozilla/5.0 (Windows NT 6.1; rv:11.0) Gecko/20100101 Firefox/11.0"
77.111.90.197 - - [24/Apr/2012:10:55:47 +0200] "GET / HTTP/1.1" 200 3021 "-" "Mozilla/5.0 (X11; U; Linux i686; en-US; rv:1.9.0.4) Gecko/2008111318 Ubuntu/8.10 (intrepid) Firefox/3.0.4"
69.28.58.15 - - [24/Apr/2012:11:37:39 +0200] "GET / HTTP/1.0" 200 3021 "http://activparty.hu/" "HuaweiSymantecSpider/1.0+DSE-support@huaweisymantec.com+(compatible; MSIE 7.0; Windows NT 5.1; Trident/4.0; .NET CLR 2.0.50727; .NET CLR 3.0.4506.2152; .NET CLR ; http://www.huaweisymantec.com/en/IRL/spider)"
93.62.201.52 - - [24/Apr/2012:13:45:45 +0200] "GET /activ_party.swf HTTP/1.1" 304 - "http://activparty.hu/aktivparty.html" "Mozilla/5.0 (Windows NT 6.1; rv:11.0) Gecko/20100101 Firefox/11.0"
123.125.71.14 - - [24/Apr/2012:14:21:20 +0200] "GET /robots.txt HTTP/1.1" 404 - "-" "Mozilla/5.0 (compatible; Baiduspider/2.0; +http://www.baidu.com/search/spider.html)"
92.249.171.19 - - [24/Apr/2012:18:12:30 +0200] "GET / HTTP/1.1" 200 3021 "http://rendezvenyszervezes.tlap.hu/" "Mozilla/5.0 (Windows NT 6.1; WOW64) AppleWebKit/535.19 (KHTML, like Gecko) Chrome/18.0.1025.162 Safari/535.19"
92.249.171.19 - - [24/Apr/2012:18:12:30 +0200] "GET /images/logo.gif HTTP/1.1" 200 2246 "http://activparty.hu/" "Mozilla/5.0 (Windows NT 6.1; WOW64) AppleWebKit/535.19 (KHTML, like Gecko) Chrome/18.0.1025.162 Safari/535.19"
92.249.171.19 - - [24/Apr/2012:18:12:30 +0200] "GET /images/belepes_off.gif HTTP/1.1" 200 772 "http://activparty.hu/" "Mozilla/5.0 (Windows NT 6.1; WOW64) AppleWebKit/535.19 (KHTML, like Gecko) Chrome/18.0.1025.162 Safari/535.19"
92.249.171.19 - - [24/Apr/2012:18:12:30 +0200] "GET /images/letoltes_off.gif HTTP/1.1" 200 821 "http://activparty.hu/" "Mozilla/5.0 (Windows NT 6.1; WOW64) AppleWebKit/535.19 (KHTML, like Gecko) Chrome/18.0.1025.162 Safari/535.19"
92.249.171.19 - - [24/Apr/2012:18:12:30 +0200] "GET /images/belepes_on.gif HTTP/1.1" 200 771 "http://activparty.hu/" "Mozilla/5.0 (Windows NT 6.1; WOW64) AppleWebKit/535.19 (KHTML, like Gecko) Chrome/18.0.1025.162 Safari/535.19"
92.249.171.19 - - [24/Apr/2012:18:12:30 +0200] "GET /images/letoltes_on.gif HTTP/1.1" 200 821 "http://activparty.hu/" "Mozilla/5.0 (Windows NT 6.1; WOW64) AppleWebKit/535.19 (KHTML, like Gecko) Chrome/18.0.1025.162 Safari/535.19"
92.249.171.19 - - [24/Apr/2012:18:12:30 +0200] "GET /favicon.ico HTTP/1.1" 404 - "-" "Mozilla/5.0 (Windows NT 6.1; WOW64) AppleWebKit/535.19 (KHTML, like Gecko) Chrome/18.0.1025.162 Safari/535.19"
92.249.171.19 - - [24/Apr/2012:18:12:34 +0200] "GET /aktivparty.html HTTP/1.1" 200 1528 "http://activparty.hu/" "Mozilla/5.0 (Windows NT 6.1; WOW64) AppleWebKit/535.19 (KHTML, like Gecko) Chrome/18.0.1025.162 Safari/535.19"
92.249.171.19 - - [24/Apr/2012:18:12:34 +0200] "GET /js/AC_RunActiveContent.js HTTP/1.1" 200 8321 "http://activparty.hu/aktivparty.html" "Mozilla/5.0 (Windows NT 6.1; WOW64) AppleWebKit/535.19 (KHTML, like Gecko) Chrome/18.0.1025.162 Safari/535.19"
92.249.171.19 - - [24/Apr/2012:18:12:34 +0200] "GET /favicon.ico HTTP/1.1" 404 - "-" "Mozilla/5.0 (Windows NT 6.1; WOW64) AppleWebKit/535.19 (KHTML, like Gecko) Chrome/18.0.1025.162 Safari/535.19"
92.249.171.19 - - [24/Apr/2012:18:12:35 +0200] "GET /activ_party.swf HTTP/1.1" 200 1771834 "http://activparty.hu/aktivparty.html" "Mozilla/5.0 (Windows NT 6.1; WOW64) AppleWebKit/535.19 (KHTML, like Gecko) Chrome/18.0.1025.162 Safari/535.19"
188.165.248.204 - - [24/Apr/2012:19:25:35 +0200] "GET /robots.txt HTTP/1.0" 404 - "-" "Mozilla/5.0 (compatible; MJ12bot/v1.4.2; http://www.majestic12.co.uk/bot.php?+)"
188.165.248.204 - - [24/Apr/2012:19:25:37 +0200] "GET / HTTP/1.0" 200 3021 "-" "Mozilla/5.0 (compatible; MJ12bot/v1.4.2; http://www.majestic12.co.uk/bot.php?+)"
188.165.248.204 - - [24/Apr/2012:19:25:38 +0200] "GET /robots.txt HTTP/1.0" 404 - "-" "Mozilla/5.0 (compatible; MJ12bot/v1.4.2; http://www.majestic12.co.uk/bot.php?+)"
188.165.248.204 - - [24/Apr/2012:19:25:40 +0200] "GET / HTTP/1.0" 200 3021 "-" "Mozilla/5.0 (compatible; MJ12bot/v1.4.2; http://www.majestic12.co.uk/bot.php?+)"
95.108.248.30 - - [25/Apr/2012:03:49:51 +0200] "GET /robots.txt HTTP/1.1" 404 - "-" "Mozilla/5.0 (compatible; YandexBot/3.0; +http://yandex.com/bots)"
77.20.4.67 - - [25/Apr/2012:06:34:07 +0200] "GET /robots.txt HTTP/1.1" 404 - "-" "findlinks/2.0.2 (+http://wortschatz.uni-leipzig.de/findlinks/)"
157.55.16.86 - - [25/Apr/2012:08:54:01 +0200] "GET /robots.txt HTTP/1.1" 404 - "-" "Mozilla/5.0 (compatible; bingbot/2.0; +http://www.bing.com/bingbot.htm)"
157.55.16.86 - - [25/Apr/2012:08:54:52 +0200] "GET / HTTP/1.1" 304 - "-" "Mozilla/5.0 (compatible; bingbot/2.0; +http://www.bing.com/bingbot.htm)"
68.47.129.55 - - [25/Apr/2012:08:57:09 +0200] "GET / HTTP/1.1" 200 3021 "-" "Mozilla/4.0 (compatible; MSIE 5.01; Windows NT 5.0)"
95.108.248.30 - - [25/Apr/2012:09:19:00 +0200] "GET /aktivparty.html HTTP/1.1" 200 1528 "-" "Mozilla/5.0 (compatible; YandexBot/3.0; +http://yandex.com/bots)"
157.55.16.86 - - [25/Apr/2012:11:49:16 +0200] "GET /robots.txt HTTP/1.1" 404 - "-" "Mozilla/5.0 (compatible; bingbot/2.0; +http://www.bing.com/bingbot.htm)"
157.55.16.86 - - [25/Apr/2012:11:50:17 +0200] "GET / HTTP/1.1" 304 - "-" "Mozilla/5.0 (compatible; bingbot/2.0; +http://www.bing.com/bingbot.htm)"
77.111.90.197 - - [25/Apr/2012:13:06:16 +0200] "GET / HTTP/1.1" 200 3021 "-" "Mozilla/5.0 (X11; U; Linux i686; en-US; rv:1.9.0.4) Gecko/2008111318 Ubuntu/8.10 (intrepid) Firefox/3.0.4"
139.18.2.17 - - [25/Apr/2012:14:20:11 +0200] "GET /aktivparty.html HTTP/1.1" 200 1528 "-" "findlinks/2.5 (+http://wortschatz.uni-leipzig.de/findlinks/)"
220.181.108.171 - - [25/Apr/2012:14:30:29 +0200] "GET / HTTP/1.1" 200 3021 "-" "Mozilla/5.0 (compatible; Baiduspider/2.0; +http://www.baidu.com/search/spider.html)"
199.21.99.83 - - [25/Apr/2012:17:31:54 +0200] "GET / HTTP/1.1" 200 3021 "-" "Mozilla/5.0 (compatible; YandexBot/3.0; +http://yandex.com/bots)"
195.111.2.33 - - [25/Apr/2012:17:38:37 +0200] "GET /robots.txt HTTP/1.1" 404 - "-" "Sztaki-kereso"
195.111.2.33 - - [25/Apr/2012:17:39:07 +0200] "GET / HTTP/1.1" 200 3021 "-" "Sztaki-kereso"
212.235.106.181 - - [25/Apr/2012:20:15:40 +0200] "GET / HTTP/1.0" 200 3021 "-" "Mozilla/5.0 (compatible; MJ12bot/v1.4.3; http://www.majestic12.co.uk/bot.php?+)"
72.47.228.17 - - [25/Apr/2012:20:29:33 +0200] "GET / HTTP/1.1" 200 3021 "http://www.google.com/" "MozillaXYZ/1.0"
95.108.248.30 - - [25/Apr/2012:21:22:36 +0200] "GET / HTTP/1.1" 200 3021 "-" "Mozilla/5.0 (compatible; YandexBot/3.0; +http://yandex.com/bots)"
213.138.101.10 - - [26/Apr/2012:00:06:05 +0200] "GET /robots.txt HTTP/1.0" 404 - "-" "Mozilla/5.0 (compatible; MJ12bot/v1.4.2; http://www.majestic12.co.uk/bot.php?+)"
213.138.101.10 - - [26/Apr/2012:00:06:07 +0200] "GET / HTTP/1.0" 200 3021 "-" "Mozilla/5.0 (compatible; MJ12bot/v1.4.2; http://www.majestic12.co.uk/bot.php?+)"
180.153.227.63 - - [26/Apr/2012:02:53:22 +0200] "GET / HTTP/1.1" 200 3021 "-" "Mozilla/4.0 (compatible; MSIE 6.0; Windows NT 5.1; SV1)"
195.111.2.33 - - [26/Apr/2012:05:00:21 +0200] "GET /aktivparty.html HTTP/1.1" 200 1528 "-" "Sztaki-kereso"
66.249.66.185 - - [26/Apr/2012:07:37:58 +0200] "GET /robots.txt HTTP/1.1" 404 - "-" "Mozilla/5.0 (compatible; Googlebot/2.1; +http://www.google.com/bot.html)"
66.249.71.148 - - [26/Apr/2012:07:37:59 +0200] "GET / HTTP/1.1" 304 - "-" "Mozilla/5.0 (compatible; Googlebot/2.1; +http://www.google.com/bot.html)"
77.75.77.11 - - [26/Apr/2012:08:21:38 +0200] "GET /robots.txt HTTP/1.1" 404 - "-" "SeznamBot/3.0 (+http://fulltext.sblog.cz/)"
77.75.77.11 - - [26/Apr/2012:08:21:38 +0200] "GET / HTTP/1.1" 200 3021 "-" "SeznamBot/3.0 (+http://fulltext.sblog.cz/)"
77.75.77.11 - - [26/Apr/2012:08:21:39 +0200] "GET /robots.txt HTTP/1.1" 404 - "-" "SeznamBot/3.0 (+http://fulltext.sblog.cz/)"
77.75.77.11 - - [26/Apr/2012:08:21:39 +0200] "GET /aktivparty.html HTTP/1.1" 200 1528 "-" "SeznamBot/3.0 (+http://fulltext.sblog.cz/)"
86.101.186.33 - - [26/Apr/2012:09:34:01 +0200] "GET / HTTP/1.1" 200 3021 "http://www.eucsoport.hu/tagjaink.php" "Mozilla/5.0 (Windows NT 6.1; WOW64) AppleWebKit/535.19 (KHTML, like Gecko) Chrome/18.0.1025.162 Safari/535.19"
86.101.186.33 - - [26/Apr/2012:09:34:01 +0200] "GET /images/logo.gif HTTP/1.1" 200 2246 "http://www.activparty.hu/" "Mozilla/5.0 (Windows NT 6.1; WOW64) AppleWebKit/535.19 (KHTML, like Gecko) Chrome/18.0.1025.162 Safari/535.19"
86.101.186.33 - - [26/Apr/2012:09:34:01 +0200] "GET /images/belepes_off.gif HTTP/1.1" 200 772 "http://www.activparty.hu/" "Mozilla/5.0 (Windows NT 6.1; WOW64) AppleWebKit/535.19 (KHTML, like Gecko) Chrome/18.0.1025.162 Safari/535.19"
86.101.186.33 - - [26/Apr/2012:09:34:01 +0200] "GET /images/letoltes_off.gif HTTP/1.1" 200 821 "http://www.activparty.hu/" "Mozilla/5.0 (Windows NT 6.1; WOW64) AppleWebKit/535.19 (KHTML, like Gecko) Chrome/18.0.1025.162 Safari/535.19"
86.101.186.33 - - [26/Apr/2012:09:34:01 +0200] "GET /images/belepes_on.gif HTTP/1.1" 200 771 "http://www.activparty.hu/" "Mozilla/5.0 (Windows NT 6.1; WOW64) AppleWebKit/535.19 (KHTML, like Gecko) Chrome/18.0.1025.162 Safari/535.19"
86.101.186.33 - - [26/Apr/2012:09:34:01 +0200] "GET /images/letoltes_on.gif HTTP/1.1" 200 821 "http://www.activparty.hu/" "Mozilla/5.0 (Windows NT 6.1; WOW64) AppleWebKit/535.19 (KHTML, like Gecko) Chrome/18.0.1025.162 Safari/535.19"
86.101.186.33 - - [26/Apr/2012:09:34:01 +0200] "GET /favicon.ico HTTP/1.1" 404 - "-" "Mozilla/5.0 (Windows NT 6.1; WOW64) AppleWebKit/535.19 (KHTML, like Gecko) Chrome/18.0.1025.162 Safari/535.19"
86.101.186.33 - - [26/Apr/2012:09:34:03 +0200] "GET /aktivparty.html HTTP/1.1" 200 1528 "http://www.activparty.hu/" "Mozilla/5.0 (Windows NT 6.1; WOW64) AppleWebKit/535.19 (KHTML, like Gecko) Chrome/18.0.1025.162 Safari/535.19"
86.101.186.33 - - [26/Apr/2012:09:34:03 +0200] "GET /js/AC_RunActiveContent.js HTTP/1.1" 200 8321 "http://www.activparty.hu/aktivparty.html" "Mozilla/5.0 (Windows NT 6.1; WOW64) AppleWebKit/535.19 (KHTML, like Gecko) Chrome/18.0.1025.162 Safari/535.19"
86.101.186.33 - - [26/Apr/2012:09:34:03 +0200] "GET /favicon.ico HTTP/1.1" 404 - "-" "Mozilla/5.0 (Windows NT 6.1; WOW64) AppleWebKit/535.19 (KHTML, like Gecko) Chrome/18.0.1025.162 Safari/535.19"
86.101.186.33 - - [26/Apr/2012:09:34:05 +0200] "GET /activ_party.swf HTTP/1.1" 200 1771834 "http://www.activparty.hu/aktivparty.html" "Mozilla/5.0 (Windows NT 6.1; WOW64) AppleWebKit/535.19 (KHTML, like Gecko) Chrome/18.0.1025.162 Safari/535.19"
89.134.182.14 - - [26/Apr/2012:10:53:41 +0200] "GET / HTTP/1.1" 200 3021 "-" "Mozilla/5.0 (Windows NT 5.1; rv:12.0) Gecko/20100101 Firefox/12.0"
89.134.182.14 - - [26/Apr/2012:10:53:42 +0200] "GET /images/logo.gif HTTP/1.1" 200 2246 "http://www.activparty.hu/" "Mozilla/5.0 (Windows NT 5.1; rv:12.0) Gecko/20100101 Firefox/12.0"
89.134.182.14 - - [26/Apr/2012:10:53:43 +0200] "GET /images/belepes_off.gif HTTP/1.1" 200 772 "http://www.activparty.hu/" "Mozilla/5.0 (Windows NT 5.1; rv:12.0) Gecko/20100101 Firefox/12.0"
89.134.182.14 - - [26/Apr/2012:10:53:43 +0200] "GET /images/letoltes_off.gif HTTP/1.1" 200 821 "http://www.activparty.hu/" "Mozilla/5.0 (Windows NT 5.1; rv:12.0) Gecko/20100101 Firefox/12.0"
89.134.182.14 - - [26/Apr/2012:10:53:44 +0200] "GET /images/belepes_on.gif HTTP/1.1" 200 771 "http://www.activparty.hu/" "Mozilla/5.0 (Windows NT 5.1; rv:12.0) Gecko/20100101 Firefox/12.0"
89.134.182.14 - - [26/Apr/2012:10:53:44 +0200] "GET /images/letoltes_on.gif HTTP/1.1" 200 821 "http://www.activparty.hu/" "Mozilla/5.0 (Windows NT 5.1; rv:12.0) Gecko/20100101 Firefox/12.0"
89.134.182.14 - - [26/Apr/2012:10:53:44 +0200] "GET /favicon.ico HTTP/1.1" 404 - "-" "Mozilla/5.0 (Windows NT 5.1; rv:12.0) Gecko/20100101 Firefox/12.0"
89.134.182.14 - - [26/Apr/2012:10:53:44 +0200] "GET /favicon.ico HTTP/1.1" 404 - "-" "Mozilla/5.0 (Windows NT 5.1; rv:12.0) Gecko/20100101 Firefox/12.0"
89.134.182.14 - - [26/Apr/2012:10:53:45 +0200] "GET /aktivparty.html HTTP/1.1" 200 1528 "http://www.activparty.hu/" "Mozilla/5.0 (Windows NT 5.1; rv:12.0) Gecko/20100101 Firefox/12.0"
89.134.182.14 - - [26/Apr/2012:10:53:45 +0200] "GET /js/AC_RunActiveContent.js HTTP/1.1" 200 8321 "http://www.activparty.hu/aktivparty.html" "Mozilla/5.0 (Windows NT 5.1; rv:12.0) Gecko/20100101 Firefox/12.0"
89.134.182.14 - - [26/Apr/2012:10:53:49 +0200] "GET /activ_party.swf HTTP/1.1" 200 1771834 "http://www.activparty.hu/aktivparty.html" "Mozilla/5.0 (Windows NT 5.1; rv:12.0) Gecko/20100101 Firefox/12.0"
94.199.180.228 - - [26/Apr/2012:17:04:43 +0200] "GET / HTTP/1.0" 200 3021 "http://karaoke.lap.hu" "PHPCrawl"
220.181.51.80 - - [26/Apr/2012:17:19:51 +0200] "GET / HTTP/1.1" 200 3021 "-" "Mozilla/5.0 (Windows NT 5.1; rv:6.0.2) Gecko/20100101 Firefox/6.0.2"
123.125.71.48 - - [26/Apr/2012:17:19:55 +0200] "GET /robots.txt HTTP/1.1" 404 - "-" "Mozilla/5.0 (compatible; Baiduspider/2.0; +http://www.baidu.com/search/spider.html)"
69.28.58.17 - - [26/Apr/2012:18:08:08 +0200] "GET /robots.txt HTTP/1.0" 404 - "http://activparty.hu/robots.txt" "HuaweiSymantecSpider/1.0+DSE-support@huaweisymantec.com+(compatible; MSIE 7.0; Windows NT 5.1; Trident/4.0; .NET CLR 2.0.50727; .NET CLR 3.0.4506.2152; .NET CLR ; http://www.huaweisymantec.com/en/IRL/spider)"
188.165.248.204 - - [26/Apr/2012:18:33:27 +0200] "GET /robots.txt HTTP/1.0" 404 - "-" "Mozilla/5.0 (compatible; MJ12bot/v1.4.2; http://www.majestic12.co.uk/bot.php?+)"
188.165.248.204 - - [26/Apr/2012:18:33:29 +0200] "GET / HTTP/1.0" 200 3021 "-" "Mozilla/5.0 (compatible; MJ12bot/v1.4.2; http://www.majestic12.co.uk/bot.php?+)"
188.165.248.204 - - [26/Apr/2012:18:33:29 +0200] "GET /robots.txt HTTP/1.0" 404 - "-" "Mozilla/5.0 (compatible; MJ12bot/v1.4.2; http://www.majestic12.co.uk/bot.php?+)"
188.165.248.204 - - [26/Apr/2012:18:33:31 +0200] "GET / HTTP/1.0" 200 3021 "-" "Mozilla/5.0 (compatible; MJ12bot/v1.4.2; http://www.majestic12.co.uk/bot.php?+)"
66.249.66.156 - - [26/Apr/2012:19:21:25 +0200] "GET /robots.txt HTTP/1.1" 404 - "-" "Mozilla/5.0 (compatible; Googlebot/2.1; +http://www.google.com/bot.html)"
66.249.66.156 - - [26/Apr/2012:19:21:25 +0200] "GET / HTTP/1.1" 200 3021 "-" "Mozilla/5.0 (compatible; Googlebot/2.1; +http://www.google.com/bot.html)"
180.76.5.95 - - [26/Apr/2012:19:30:11 +0200] "GET /robots.txt HTTP/1.1" 404 - "-" "Mozilla/5.0 (Windows NT 5.1; rv:6.0.2) Gecko/20100101 Firefox/6.0.2"
213.186.119.138 - - [26/Apr/2012:19:44:12 +0200] "GET / HTTP/1.1" 200 3021 "-" "Mozilla/5.0 (compatible; AhrefsBot/3.0; +http://ahrefs.com/robot/)"
95.108.248.30 - - [26/Apr/2012:20:08:39 +0200] "GET /robots.txt HTTP/1.1" 404 - "-" "Mozilla/5.0 (compatible; YandexBot/3.0; +http://yandex.com/bots)"
95.108.248.30 - - [26/Apr/2012:20:08:41 +0200] "GET / HTTP/1.1" 200 3021 "-" "Mozilla/5.0 (compatible; YandexBot/3.0; +http://yandex.com/bots)"
188.143.41.18 - - [26/Apr/2012:21:12:05 +0200] "GET / HTTP/1.1" 200 3021 "http://www.facebook.com/" "Mozilla/4.0 (compatible; MSIE 8.0; Windows NT 6.0; Trident/4.0; SIMBAR={56A8FFF3-11DD-4DE0-B37C-E85465022F77}; SLCC1; .NET CLR 2.0.50727; Media Center PC 5.0; InfoPath.2; .NET CLR 3.5.30729; .NET CLR 3.0.30618; .NET4.0C; BRI/2)"
69.171.247.7 - - [26/Apr/2012:21:12:05 +0200] "GET / HTTP/1.1" 206 3021 "-" "facebookexternalhit/1.1 (+http://www.facebook.com/externalhit_uatext.php)"
188.143.41.18 - - [26/Apr/2012:21:12:05 +0200] "GET /images/logo.gif HTTP/1.1" 200 2246 "http://www.activparty.hu/" "Mozilla/4.0 (compatible; MSIE 8.0; Windows NT 6.0; Trident/4.0; SIMBAR={56A8FFF3-11DD-4DE0-B37C-E85465022F77}; SLCC1; .NET CLR 2.0.50727; Media Center PC 5.0; InfoPath.2; .NET CLR 3.5.30729; .NET CLR 3.0.30618; .NET4.0C; BRI/2)"
188.143.41.18 - - [26/Apr/2012:21:12:05 +0200] "GET /images/belepes_off.gif HTTP/1.1" 200 772 "http://www.activparty.hu/" "Mozilla/4.0 (compatible; MSIE 8.0; Windows NT 6.0; Trident/4.0; SIMBAR={56A8FFF3-11DD-4DE0-B37C-E85465022F77}; SLCC1; .NET CLR 2.0.50727; Media Center PC 5.0; InfoPath.2; .NET CLR 3.5.30729; .NET CLR 3.0.30618; .NET4.0C; BRI/2)"
188.143.41.18 - - [26/Apr/2012:21:12:05 +0200] "GET /images/letoltes_off.gif HTTP/1.1" 200 821 "http://www.activparty.hu/" "Mozilla/4.0 (compatible; MSIE 8.0; Windows NT 6.0; Trident/4.0; SIMBAR={56A8FFF3-11DD-4DE0-B37C-E85465022F77}; SLCC1; .NET CLR 2.0.50727; Media Center PC 5.0; InfoPath.2; .NET CLR 3.5.30729; .NET CLR 3.0.30618; .NET4.0C; BRI/2)"
188.143.41.18 - - [26/Apr/2012:21:12:06 +0200] "GET /images/belepes_on.gif HTTP/1.1" 200 771 "http://www.activparty.hu/" "Mozilla/4.0 (compatible; MSIE 8.0; Windows NT 6.0; Trident/4.0; SIMBAR={56A8FFF3-11DD-4DE0-B37C-E85465022F77}; SLCC1; .NET CLR 2.0.50727; Media Center PC 5.0; InfoPath.2; .NET CLR 3.5.30729; .NET CLR 3.0.30618; .NET4.0C; BRI/2)"
188.143.41.18 - - [26/Apr/2012:21:12:06 +0200] "GET /images/letoltes_on.gif HTTP/1.1" 200 821 "http://www.activparty.hu/" "Mozilla/4.0 (compatible; MSIE 8.0; Windows NT 6.0; Trident/4.0; SIMBAR={56A8FFF3-11DD-4DE0-B37C-E85465022F77}; SLCC1; .NET CLR 2.0.50727; Media Center PC 5.0; InfoPath.2; .NET CLR 3.5.30729; .NET CLR 3.0.30618; .NET4.0C; BRI/2)"
188.143.41.18 - - [26/Apr/2012:21:12:06 +0200] "GET /favicon.ico HTTP/1.1" 404 - "-" "Mozilla/4.0 (compatible; MSIE 8.0; Windows NT 6.0; Trident/4.0; SIMBAR={56A8FFF3-11DD-4DE0-B37C-E85465022F77}; SLCC1; .NET CLR 2.0.50727; Media Center PC 5.0; InfoPath.2; .NET CLR 3.5.30729; .NET CLR 3.0.30618; .NET4.0C; BRI/2)"
188.143.41.18 - - [26/Apr/2012:21:12:11 +0200] "GET /aktivparty.html HTTP/1.1" 200 1528 "http://www.activparty.hu/" "Mozilla/4.0 (compatible; MSIE 8.0; Windows NT 6.0; Trident/4.0; SIMBAR={56A8FFF3-11DD-4DE0-B37C-E85465022F77}; SLCC1; .NET CLR 2.0.50727; Media Center PC 5.0; InfoPath.2; .NET CLR 3.5.30729; .NET CLR 3.0.30618; .NET4.0C; BRI/2)"
188.143.41.18 - - [26/Apr/2012:21:12:11 +0200] "GET /js/AC_RunActiveContent.js HTTP/1.1" 200 8321 "http://www.activparty.hu/aktivparty.html" "Mozilla/4.0 (compatible; MSIE 8.0; Windows NT 6.0; Trident/4.0; SIMBAR={56A8FFF3-11DD-4DE0-B37C-E85465022F77}; SLCC1; .NET CLR 2.0.50727; Media Center PC 5.0; InfoPath.2; .NET CLR 3.5.30729; .NET CLR 3.0.30618; .NET4.0C; BRI/2)"
188.143.41.18 - - [26/Apr/2012:21:12:12 +0200] "GET /activ_party.swf HTTP/1.1" 200 1771834 "http://www.activparty.hu/aktivparty.html" "Mozilla/4.0 (compatible; MSIE 8.0; Windows NT 6.0; Trident/4.0; SIMBAR={56A8FFF3-11DD-4DE0-B37C-E85465022F77}; SLCC1; .NET CLR 2.0.50727; Media Center PC 5.0; InfoPath.2; .NET CLR 3.5.30729; .NET CLR 3.0.30618; .NET4.0C; BRI/2)"
188.143.41.18 - - [26/Apr/2012:21:12:12 +0200] "GET /favicon.ico HTTP/1.1" 404 - "-" "Mozilla/4.0 (compatible; MSIE 8.0; Windows NT 6.0; Trident/4.0; SIMBAR={56A8FFF3-11DD-4DE0-B37C-E85465022F77}; SLCC1; .NET CLR 2.0.50727; Media Center PC 5.0; InfoPath.2; .NET CLR 3.5.30729; .NET CLR 3.0.30618; .NET4.0C; BRI/2)"
188.138.113.146 - - [26/Apr/2012:22:09:31 +0200] "HEAD /admin/FCKeditor/editor/images/anchor.gif HTTP/1.0" 404 - "-" "Mozilla/5.0 (Windows; U; MSIE 9.0; Windows NT 9.0; en-US)"
94.199.180.228 - - [26/Apr/2012:23:39:19 +0200] "GET / HTTP/1.0" 200 3021 "http://karaoke.lap.hu" "PHPCrawl"
50.17.175.211 - - [26/Apr/2012:23:55:30 +0200] "GET / HTTP/1.1" 200 3021 "http://seoresearch.com/check/?url=activparty.hu" "Mozilla/5.0 (Windows NT 6.1; WOW64) AppleWebKit/535.19 (KHTML, like Gecko) Chrome/18.0.1025.152 Safari/535.19"
157.55.16.86 - - [27/Apr/2012:00:44:06 +0200] "GET /robots.txt HTTP/1.1" 404 - "-" "Mozilla/5.0 (compatible; bingbot/2.0; +http://www.bing.com/bingbot.htm)"
157.55.16.86 - - [27/Apr/2012:00:45:07 +0200] "GET / HTTP/1.1" 200 3021 "-" "Mozilla/5.0 (compatible; bingbot/2.0; +http://www.bing.com/bingbot.htm)"
78.108.27.12 - - [27/Apr/2012:09:06:14 +0200] "GET / HTTP/1.1" 200 3021 "http://www.rendezvenyszervezes.ws/rendezvenyszervezes_budapest/II_kerulet/activ-partyszervez%C3%A9s-2.html" "Mozilla/5.0 (Windows NT 5.1) AppleWebKit/535.19 (KHTML, like Gecko) Chrome/18.0.1025.162 Safari/535.19"
78.108.27.12 - - [27/Apr/2012:09:06:15 +0200] "GET /images/logo.gif HTTP/1.1" 200 2246 "http://www.activparty.hu/" "Mozilla/5.0 (Windows NT 5.1) AppleWebKit/535.19 (KHTML, like Gecko) Chrome/18.0.1025.162 Safari/535.19"
78.108.27.12 - - [27/Apr/2012:09:06:15 +0200] "GET /images/belepes_off.gif HTTP/1.1" 200 772 "http://www.activparty.hu/" "Mozilla/5.0 (Windows NT 5.1) AppleWebKit/535.19 (KHTML, like Gecko) Chrome/18.0.1025.162 Safari/535.19"
78.108.27.12 - - [27/Apr/2012:09:06:15 +0200] "GET /images/letoltes_off.gif HTTP/1.1" 200 821 "http://www.activparty.hu/" "Mozilla/5.0 (Windows NT 5.1) AppleWebKit/535.19 (KHTML, like Gecko) Chrome/18.0.1025.162 Safari/535.19"
78.108.27.12 - - [27/Apr/2012:09:06:15 +0200] "GET /images/belepes_on.gif HTTP/1.1" 200 771 "http://www.activparty.hu/" "Mozilla/5.0 (Windows NT 5.1) AppleWebKit/535.19 (KHTML, like Gecko) Chrome/18.0.1025.162 Safari/535.19"
78.108.27.12 - - [27/Apr/2012:09:06:15 +0200] "GET /images/letoltes_on.gif HTTP/1.1" 200 821 "http://www.activparty.hu/" "Mozilla/5.0 (Windows NT 5.1) AppleWebKit/535.19 (KHTML, like Gecko) Chrome/18.0.1025.162 Safari/535.19"
78.108.27.12 - - [27/Apr/2012:09:06:15 +0200] "GET /favicon.ico HTTP/1.1" 404 - "-" "Mozilla/5.0 (Windows NT 5.1) AppleWebKit/535.19 (KHTML, like Gecko) Chrome/18.0.1025.162 Safari/535.19"
78.108.27.12 - - [27/Apr/2012:09:06:17 +0200] "GET /aktivparty.html HTTP/1.1" 200 1528 "http://www.activparty.hu/" "Mozilla/5.0 (Windows NT 5.1) AppleWebKit/535.19 (KHTML, like Gecko) Chrome/18.0.1025.162 Safari/535.19"
78.108.27.12 - - [27/Apr/2012:09:06:17 +0200] "GET /js/AC_RunActiveContent.js HTTP/1.1" 200 8321 "http://www.activparty.hu/aktivparty.html" "Mozilla/5.0 (Windows NT 5.1) AppleWebKit/535.19 (KHTML, like Gecko) Chrome/18.0.1025.162 Safari/535.19"
78.108.27.12 - - [27/Apr/2012:09:06:18 +0200] "GET /favicon.ico HTTP/1.1" 404 - "-" "Mozilla/5.0 (Windows NT 5.1) AppleWebKit/535.19 (KHTML, like Gecko) Chrome/18.0.1025.162 Safari/535.19"
78.108.27.12 - - [27/Apr/2012:09:06:20 +0200] "GET /activ_party.swf HTTP/1.1" 200 1771834 "http://www.activparty.hu/aktivparty.html" "Mozilla/5.0 (Windows NT 5.1) AppleWebKit/535.19 (KHTML, like Gecko) Chrome/18.0.1025.162 Safari/535.19"
119.63.196.17 - - [27/Apr/2012:09:30:18 +0200] "GET /robots.txt HTTP/1.1" 404 - "-" "Baiduspider+(+http://www.baidu.com/search/spider.htm)"
84.21.28.13 - - [27/Apr/2012:10:43:56 +0200] "GET / HTTP/1.1" 200 3021 "http://www.kreativkatalogus.hu/ugynokseg.php?search=1&pagingActualHit=10&dbSearchSubType=&dbSearchCompanyNameId=&dbSearchCompanyName=" "Mozilla/5.0 (compatible; MSIE 9.0; Windows NT 6.1; Trident/5.0)"
84.21.28.13 - - [27/Apr/2012:10:43:57 +0200] "GET /images/belepes_off.gif HTTP/1.1" 200 772 "http://www.activparty.hu/" "Mozilla/5.0 (compatible; MSIE 9.0; Windows NT 6.1; Trident/5.0)"
84.21.28.13 - - [27/Apr/2012:10:43:57 +0200] "GET /images/letoltes_off.gif HTTP/1.1" 200 821 "http://www.activparty.hu/" "Mozilla/5.0 (compatible; MSIE 9.0; Windows NT 6.1; Trident/5.0)"
84.21.28.13 - - [27/Apr/2012:10:43:57 +0200] "GET /images/logo.gif HTTP/1.1" 200 2246 "http://www.activparty.hu/" "Mozilla/5.0 (compatible; MSIE 9.0; Windows NT 6.1; Trident/5.0)"
84.21.28.13 - - [27/Apr/2012:10:43:57 +0200] "GET /images/belepes_on.gif HTTP/1.1" 200 771 "http://www.activparty.hu/" "Mozilla/5.0 (compatible; MSIE 9.0; Windows NT 6.1; Trident/5.0)"
84.21.28.13 - - [27/Apr/2012:10:43:57 +0200] "GET /images/letoltes_on.gif HTTP/1.1" 200 821 "http://www.activparty.hu/" "Mozilla/5.0 (compatible; MSIE 9.0; Windows NT 6.1; Trident/5.0)"
84.21.28.13 - - [27/Apr/2012:10:43:57 +0200] "GET /favicon.ico HTTP/1.1" 404 - "-" "Mozilla/5.0 (compatible; MSIE 9.0; Windows NT 6.1; Trident/5.0)"
84.21.28.13 - - [27/Apr/2012:10:43:58 +0200] "GET /aktivparty.html HTTP/1.1" 200 1528 "http://www.activparty.hu/" "Mozilla/5.0 (compatible; MSIE 9.0; Windows NT 6.1; Trident/5.0)"
84.21.28.13 - - [27/Apr/2012:10:43:58 +0200] "GET /js/AC_RunActiveContent.js HTTP/1.1" 200 8321 "http://www.activparty.hu/aktivparty.html" "Mozilla/5.0 (compatible; MSIE 9.0; Windows NT 6.1; Trident/5.0)"
84.21.28.13 - - [27/Apr/2012:10:44:01 +0200] "GET /activ_party.swf HTTP/1.1" 200 1771834 "http://www.activparty.hu/aktivparty.html" "Mozilla/5.0 (compatible; MSIE 9.0; Windows NT 6.1; Trident/5.0)"
84.21.28.13 - - [27/Apr/2012:10:44:01 +0200] "GET /favicon.ico HTTP/1.1" 404 - "-" "Mozilla/5.0 (compatible; MSIE 9.0; Windows NT 6.1; Trident/5.0)"
208.115.111.72 - - [27/Apr/2012:12:49:35 +0200] "GET /robots.txt HTTP/1.1" 404 - "-" "Mozilla/5.0 (compatible; Ezooms/1.0; ezooms.bot@gmail.com)"
208.115.111.72 - - [27/Apr/2012:13:05:48 +0200] "GET / HTTP/1.1" 200 3021 "-" "Mozilla/5.0 (compatible; Ezooms/1.0; ezooms.bot@gmail.com)"
119.63.196.30 - - [27/Apr/2012:13:19:46 +0200] "GET / HTTP/1.1" 200 3021 "-" "Mozilla/5.0 (compatible; Baiduspider/2.0; +http://www.baidu.com/search/spider.html)"
178.48.17.189 - - [27/Apr/2012:13:28:25 +0200] "GET / HTTP/1.1" 200 3021 "http://www.eucsoport.hu/tagjaink.php" "Mozilla/5.0 (Windows NT 5.1; rv:11.0) Gecko/20100101 Firefox/11.0"
178.48.17.189 - - [27/Apr/2012:13:28:25 +0200] "GET /images/logo.gif HTTP/1.1" 200 2246 "http://www.activparty.hu/" "Mozilla/5.0 (Windows NT 5.1; rv:11.0) Gecko/20100101 Firefox/11.0"
178.48.17.189 - - [27/Apr/2012:13:28:25 +0200] "GET /images/belepes_off.gif HTTP/1.1" 200 772 "http://www.activparty.hu/" "Mozilla/5.0 (Windows NT 5.1; rv:11.0) Gecko/20100101 Firefox/11.0"
178.48.17.189 - - [27/Apr/2012:13:28:25 +0200] "GET /images/letoltes_off.gif HTTP/1.1" 200 821 "http://www.activparty.hu/" "Mozilla/5.0 (Windows NT 5.1; rv:11.0) Gecko/20100101 Firefox/11.0"
178.48.17.189 - - [27/Apr/2012:13:28:25 +0200] "GET /images/belepes_on.gif HTTP/1.1" 200 771 "http://www.activparty.hu/" "Mozilla/5.0 (Windows NT 5.1; rv:11.0) Gecko/20100101 Firefox/11.0"
178.48.17.189 - - [27/Apr/2012:13:28:25 +0200] "GET /favicon.ico HTTP/1.1" 404 - "-" "Mozilla/5.0 (Windows NT 5.1; rv:11.0) Gecko/20100101 Firefox/11.0"
178.48.17.189 - - [27/Apr/2012:13:28:25 +0200] "GET /images/letoltes_on.gif HTTP/1.1" 200 821 "http://www.activparty.hu/" "Mozilla/5.0 (Windows NT 5.1; rv:11.0) Gecko/20100101 Firefox/11.0"
178.48.17.189 - - [27/Apr/2012:13:28:25 +0200] "GET /favicon.ico HTTP/1.1" 404 - "-" "Mozilla/5.0 (Windows NT 5.1; rv:11.0) Gecko/20100101 Firefox/11.0"
178.48.17.189 - - [27/Apr/2012:13:28:27 +0200] "GET /aktivparty.html HTTP/1.1" 200 1528 "http://www.activparty.hu/" "Mozilla/5.0 (Windows NT 5.1; rv:11.0) Gecko/20100101 Firefox/11.0"
178.48.17.189 - - [27/Apr/2012:13:28:27 +0200] "GET /js/AC_RunActiveContent.js HTTP/1.1" 200 8321 "http://www.activparty.hu/aktivparty.html" "Mozilla/5.0 (Windows NT 5.1; rv:11.0) Gecko/20100101 Firefox/11.0"
178.48.17.189 - - [27/Apr/2012:13:28:28 +0200] "GET /activ_party.swf HTTP/1.1" 200 1771834 "http://www.activparty.hu/aktivparty.html" "Mozilla/5.0 (Windows NT 5.1; rv:11.0) Gecko/20100101 Firefox/11.0"
178.48.17.189 - - [27/Apr/2012:13:29:49 +0200] "GET /elmenytrening.html HTTP/1.1" 200 2535 "http://www.activparty.hu/aktivparty.html" "Mozilla/5.0 (Windows NT 5.1; rv:11.0) Gecko/20100101 Firefox/11.0"
178.48.17.189 - - [27/Apr/2012:13:29:49 +0200] "GET /images/alap.jpg HTTP/1.1" 200 34327 "http://www.activparty.hu/elmenytrening.html" "Mozilla/5.0 (Windows NT 5.1; rv:11.0) Gecko/20100101 Firefox/11.0"
178.48.17.189 - - [27/Apr/2012:13:30:57 +0200] "GET /karaoke.html HTTP/1.1" 200 4266 "http://www.activparty.hu/aktivparty.html" "Mozilla/5.0 (Windows NT 5.1; rv:11.0) Gecko/20100101 Firefox/11.0"
178.48.17.189 - - [27/Apr/2012:13:30:57 +0200] "GET /images/karaoke.jpg HTTP/1.1" 200 25297 "http://www.activparty.hu/karaoke.html" "Mozilla/5.0 (Windows NT 5.1; rv:11.0) Gecko/20100101 Firefox/11.0"
178.48.17.189 - - [27/Apr/2012:13:33:29 +0200] "GET /casino.html HTTP/1.1" 200 2801 "http://www.activparty.hu/aktivparty.html" "Mozilla/5.0 (Windows NT 5.1; rv:11.0) Gecko/20100101 Firefox/11.0"
178.48.17.189 - - [27/Apr/2012:13:33:29 +0200] "GET /images/casino.jpg HTTP/1.1" 200 18223 "http://www.activparty.hu/casino.html" "Mozilla/5.0 (Windows NT 5.1; rv:11.0) Gecko/20100101 Firefox/11.0"
77.20.4.67 - - [27/Apr/2012:17:32:07 +0200] "GET / HTTP/1.1" 200 3021 "-" "findlinks/2.0.2 (+http://wortschatz.uni-leipzig.de/findlinks/)"
220.181.108.113 - - [27/Apr/2012:18:06:15 +0200] "GET / HTTP/1.1" 200 3021 "-" "Mozilla/5.0 (compatible; Baiduspider/2.0; +http://www.baidu.com/search/spider.html)"
96.2.31.16 - - [27/Apr/2012:18:56:53 +0200] "GET /robots.txt HTTP/1.0" 404 - "-" "Mozilla/5.0 (compatible; MJ12bot/v1.4.2; http://www.majestic12.co.uk/bot.php?+)"
96.2.31.16 - - [27/Apr/2012:18:56:56 +0200] "GET / HTTP/1.1" 200 3021 "-" "Mozilla/5.0 (compatible; MJ12bot/v1.4.2; http://www.majestic12.co.uk/bot.php?+)"
96.2.31.16 - - [27/Apr/2012:18:56:57 +0200] "GET /robots.txt HTTP/1.0" 404 - "-" "Mozilla/5.0 (compatible; MJ12bot/v1.4.2; http://www.majestic12.co.uk/bot.php?+)"
96.2.31.16 - - [27/Apr/2012:18:56:59 +0200] "GET / HTTP/1.1" 200 3021 "-" "Mozilla/5.0 (compatible; MJ12bot/v1.4.2; http://www.majestic12.co.uk/bot.php?+)"
119.63.196.31 - - [28/Apr/2012:06:28:13 +0200] "GET / HTTP/1.1" 200 3021 "-" "Mozilla/5.0 (compatible; Baiduspider/2.0; +http://www.baidu.com/search/spider.html)"
176.9.111.204 - - [28/Apr/2012:06:50:51 +0200] "GET / HTTP/1.1" 200 3021 "-" "Mozilla/4.0 (compatible; MSIE 7.0; Windows NT 5.1)"
46.4.120.2 - - [28/Apr/2012:08:07:44 +0200] "GET / HTTP/1.0" 200 3021 "-" "-"
46.4.120.2 - - [28/Apr/2012:08:07:44 +0200] "GET / HTTP/1.0" 200 3021 "-" "-"
46.4.120.2 - - [28/Apr/2012:08:07:44 +0200] "GET /images/logo.gif HTTP/1.1" 200 2246 "http://www.activparty.hu" "Mozilla/5.0 (Windows; U; Windows NT 5.1; en-US; rv:1.8.1.15) Gecko/20080623 Firefox/2.0.0.15"
46.4.120.2 - - [28/Apr/2012:08:07:44 +0200] "GET /images/belepes_off.gif HTTP/1.1" 200 772 "http://www.activparty.hu" "Mozilla/5.0 (Windows; U; Windows NT 5.1; en-US; rv:1.8.1.15) Gecko/20080623 Firefox/2.0.0.15"
46.4.120.2 - - [28/Apr/2012:08:07:44 +0200] "GET /images/letoltes_off.gif HTTP/1.1" 200 821 "http://www.activparty.hu" "Mozilla/5.0 (Windows; U; Windows NT 5.1; en-US; rv:1.8.1.15) Gecko/20080623 Firefox/2.0.0.15"
46.4.120.2 - - [28/Apr/2012:08:07:44 +0200] "HEAD / HTTP/1.1" 200 0 "-" "Visited by http://tools.geek-tools.org"
81.0.119.24 - - [28/Apr/2012:13:10:07 +0200] "GET /muieblackcat HTTP/1.1" 404 - "-" "-"
81.0.119.24 - - [28/Apr/2012:13:10:07 +0200] "GET / HTTP/1.1" 200 3021 "-" "-"
139.18.2.17 - - [28/Apr/2012:16:17:58 +0200] "GET /robots.txt HTTP/1.1" 404 - "-" "findlinks/2.5 (+http://wortschatz.uni-leipzig.de/findlinks/)"
220.181.108.170 - - [28/Apr/2012:16:24:06 +0200] "GET / HTTP/1.1" 200 3021 "-" "Mozilla/5.0 (compatible; Baiduspider/2.0; +http://www.baidu.com/search/spider.html)"
178.17.41.153 - - [28/Apr/2012:17:34:09 +0200] "GET / HTTP/1.0" 200 3021 "-" "Mozilla/5.0 (X11; Ubuntu; Linux x86_64; rv:10.0.2) Gecko/20100101 Firefox/10.0.2"
178.17.41.153 - - [28/Apr/2012:17:36:58 +0200] "GET /aktivparty.html HTTP/1.0" 200 1528 "-" "Mozilla/5.0 (X11; Ubuntu; Linux x86_64; rv:10.0.2) Gecko/20100101 Firefox/10.0.2"
213.186.122.2 - - [28/Apr/2012:18:27:51 +0200] "GET /robots.txt HTTP/1.1" 404 - "-" "Mozilla/5.0 (compatible; AhrefsBot/3.0; +http://ahrefs.com/robot/)"
213.93.87.91 - - [28/Apr/2012:19:10:08 +0200] "GET /robots.txt HTTP/1.0" 404 - "-" "Mozilla/5.0 (compatible; MJ12bot/v1.4.3; http://www.majestic12.co.uk/bot.php?+)"
213.93.87.91 - - [28/Apr/2012:19:10:09 +0200] "GET / HTTP/1.1" 200 3021 "-" "Mozilla/5.0 (compatible; MJ12bot/v1.4.3; http://www.majestic12.co.uk/bot.php?+)"
213.93.87.91 - - [28/Apr/2012:19:10:13 +0200] "GET /robots.txt HTTP/1.0" 404 - "-" "Mozilla/5.0 (compatible; MJ12bot/v1.4.3; http://www.majestic12.co.uk/bot.php?+)"
213.93.87.91 - - [28/Apr/2012:19:10:14 +0200] "GET / HTTP/1.1" 200 3021 "-" "Mozilla/5.0 (compatible; MJ12bot/v1.4.3; http://www.majestic12.co.uk/bot.php?+)"
46.185.71.246 - - [29/Apr/2012:00:34:01 +0200] "GET /robots.txt HTTP/1.0" 404 - "-" "Mozilla/5.0 (compatible; MJ12bot/v1.4.3; http://www.majestic12.co.uk/bot.php?+)"
46.185.71.246 - - [29/Apr/2012:00:34:04 +0200] "GET / HTTP/1.1" 200 3021 "-" "Mozilla/5.0 (compatible; MJ12bot/v1.4.3; http://www.majestic12.co.uk/bot.php?+)"
69.28.58.17 - - [29/Apr/2012:01:02:04 +0200] "GET /robots.txt HTTP/1.0" 404 - "http://activparty.hu/robots.txt" "HuaweiSymantecSpider/1.0+DSE-support@huaweisymantec.com+(compatible; MSIE 7.0; Windows NT 5.1; Trident/4.0; .NET CLR 2.0.50727; .NET CLR 3.0.4506.2152; .NET CLR ; http://www.huaweisymantec.com/en/IRL/spider)"
208.80.194.33 - - [29/Apr/2012:01:32:52 +0200] "GET / HTTP/1.0" 200 3021 "-" "Mozilla/4.0 (compatible; MSIE 6.0; Win32) Link Commander Lite 3.0"
180.76.6.21 - - [29/Apr/2012:02:04:23 +0200] "GET /robots.txt HTTP/1.1" 404 - "-" "Mozilla/5.0 (Windows NT 5.1; rv:6.0.2) Gecko/20100101 Firefox/6.0.2"
87.106.137.158 - - [29/Apr/2012:02:52:17 +0200] "GET / HTTP/1.1" 200 3021 "-" "Mozilla/4.0 (compatible; MSIE 6.0; Windows 98; Win 9x4.90)"
65.52.108.58 - - [29/Apr/2012:03:30:42 +0200] "GET /robots.txt HTTP/1.1" 404 - "-" "Mozilla/5.0 (compatible; bingbot/2.0; +http://www.bing.com/bingbot.htm)"
157.55.34.92 - - [29/Apr/2012:03:31:39 +0200] "GET /aktivparty.html HTTP/1.1" 200 1528 "-" "Mozilla/4.0 (compatible; MSIE 8.0; Windows NT 5.1; Trident/5.0; .NET CLR 3.5.30729; .NET CLR 3.0.30729; SV1; .NET CLR 1.1.4325; .NET CLR 2.0.50727; .NET CLR 3.0.30729; .NET CLR 3.5.30707; MS-RTC LM 8)"
65.52.108.58 - - [29/Apr/2012:03:31:39 +0200] "GET /aktivparty.html HTTP/1.1" 200 1528 "-" "Mozilla/5.0 (compatible; bingbot/2.0; +http://www.bing.com/bingbot.htm)"
157.55.34.92 - - [29/Apr/2012:03:31:40 +0200] "GET /js/AC_RunActiveContent.js HTTP/1.1" 200 8321 "http://www.activparty.hu/aktivparty.html" "Mozilla/4.0 (compatible; MSIE 8.0; Windows NT 5.1; Trident/5.0; .NET CLR 3.5.30729; .NET CLR 3.0.30729; SV1; .NET CLR 1.1.4325; .NET CLR 2.0.50727; .NET CLR 3.0.30729; .NET CLR 3.5.30707; MS-RTC LM 8)"
157.55.34.92 - - [29/Apr/2012:03:31:45 +0200] "GET /activ_party.swf HTTP/1.1" 200 1771834 "http://www.activparty.hu/aktivparty.html" "Mozilla/4.0 (compatible; MSIE 8.0; Windows NT 5.1; Trident/5.0; .NET CLR 3.5.30729; .NET CLR 3.0.30729; SV1; .NET CLR 1.1.4325; .NET CLR 2.0.50727; .NET CLR 3.0.30729; .NET CLR 3.5.30707; MS-RTC LM 8)"
38.101.148.126 - - [29/Apr/2012:05:59:50 +0200] "GET /robots.txt HTTP/1.1" 404 - "-" "Mozilla/5.0 (compatible; discobot/2.0; +http://discoveryengine.com/discobot.html)"
38.101.148.126 - - [29/Apr/2012:05:59:58 +0200] "GET / HTTP/1.1" 200 3021 "-" "Mozilla/5.0 (compatible; discobot/2.0; +http://discoveryengine.com/discobot.html)"
157.55.16.86 - - [29/Apr/2012:07:21:30 +0200] "GET /robots.txt HTTP/1.1" 404 - "-" "Mozilla/5.0 (compatible; bingbot/2.0; +http://www.bing.com/bingbot.htm)"
157.55.16.86 - - [29/Apr/2012:07:22:14 +0200] "GET /activ_party.swf HTTP/1.1" 200 1771834 "-" "Mozilla/5.0 (compatible; bingbot/2.0; +http://www.bing.com/bingbot.htm)"
174.129.237.157 - - [29/Apr/2012:08:27:11 +0200] "GET /robots.txt HTTP/1.0" 404 - "-" "ia_archiver (+http://www.alexa.com/site/help/webmasters; crawler@alexa.com)"
174.129.237.157 - - [29/Apr/2012:08:27:11 +0200] "GET / HTTP/1.0" 200 3021 "-" "ia_archiver (+http://www.alexa.com/site/help/webmasters; crawler@alexa.com)"
174.129.237.157 - - [29/Apr/2012:08:28:01 +0200] "GET /aktivparty.html HTTP/1.0" 200 1528 "-" "ia_archiver (+http://www.alexa.com/site/help/webmasters; crawler@alexa.com)"
220.181.108.184 - - [29/Apr/2012:09:48:49 +0200] "GET / HTTP/1.1" 200 3021 "-" "Mozilla/5.0 (compatible; Baiduspider/2.0; +http://www.baidu.com/search/spider.html)"
77.111.90.197 - - [29/Apr/2012:13:25:30 +0200] "GET / HTTP/1.1" 200 3021 "-" "Mozilla/5.0 (X11; U; Linux i686; en-US; rv:1.9.0.4) Gecko/2008111318 Ubuntu/8.10 (intrepid) Firefox/3.0.4"
95.108.248.30 - - [29/Apr/2012:15:08:06 +0200] "GET /robots.txt HTTP/1.1" 404 - "-" "Mozilla/5.0 (compatible; YandexBot/3.0; +http://yandex.com/bots)"
220.181.108.90 - - [29/Apr/2012:15:45:23 +0200] "GET / HTTP/1.1" 200 3021 "-" "Mozilla/5.0 (compatible; Baiduspider/2.0; +http://www.baidu.com/search/spider.html)"
130.83.167.153 - - [29/Apr/2012:16:37:49 +0200] "GET /aktivparty.html HTTP/1.1" 200 1528 "-" "findlinks/2.1.5 (+http://wortschatz.uni-leipzig.de/findlinks/)"
77.75.77.17 - - [29/Apr/2012:17:02:10 +0200] "GET /robots.txt HTTP/1.1" 404 - "-" "SeznamBot/3.0 (+http://fulltext.sblog.cz/)"
77.75.77.17 - - [29/Apr/2012:17:02:11 +0200] "GET /aktivparty.html HTTP/1.1" 200 1528 "-" "SeznamBot/3.0 (+http://fulltext.sblog.cz/)"
77.75.77.17 - - [29/Apr/2012:17:02:11 +0200] "GET /robots.txt HTTP/1.1" 404 - "-" "SeznamBot/3.0 (+http://fulltext.sblog.cz/)"
77.75.77.17 - - [29/Apr/2012:17:02:11 +0200] "GET / HTTP/1.1" 200 3021 "-" "SeznamBot/3.0 (+http://fulltext.sblog.cz/)"
123.125.71.21 - - [29/Apr/2012:17:07:49 +0200] "GET /robots.txt HTTP/1.1" 404 - "-" "Mozilla/5.0 (compatible; Baiduspider/2.0; +http://www.baidu.com/search/spider.html)"
95.108.248.30 - - [29/Apr/2012:17:36:40 +0200] "GET /aktivparty.html HTTP/1.1" 200 1528 "-" "Mozilla/5.0 (compatible; YandexBot/3.0; +http://yandex.com/bots)"
95.26.166.95 - - [29/Apr/2012:18:15:19 +0200] "GET / HTTP/1.0" 200 3021 "http://yandex.ru/yandsearch?text=activparty.hu" "Mozilla/4.0 (compatible; MSIE 6.0; Windows NT 5.1; SV1; InfoPath.1; .NET CLR 2.0.50727)"
188.165.248.204 - - [29/Apr/2012:19:27:25 +0200] "GET /robots.txt HTTP/1.0" 404 - "-" "Mozilla/5.0 (compatible; MJ12bot/v1.4.2; http://www.majestic12.co.uk/bot.php?+)"
188.165.248.204 - - [29/Apr/2012:19:27:28 +0200] "GET / HTTP/1.0" 200 3021 "-" "Mozilla/5.0 (compatible; MJ12bot/v1.4.2; http://www.majestic12.co.uk/bot.php?+)"
188.165.248.204 - - [29/Apr/2012:19:27:29 +0200] "GET /robots.txt HTTP/1.0" 404 - "-" "Mozilla/5.0 (compatible; MJ12bot/v1.4.2; http://www.majestic12.co.uk/bot.php?+)"
188.165.248.204 - - [29/Apr/2012:19:27:31 +0200] "GET / HTTP/1.0" 200 3021 "-" "Mozilla/5.0 (compatible; MJ12bot/v1.4.2; http://www.majestic12.co.uk/bot.php?+)"
77.20.4.67 - - [29/Apr/2012:20:47:08 +0200] "GET / HTTP/1.1" 200 3021 "-" "findlinks/2.0.2 (+http://wortschatz.uni-leipzig.de/findlinks/)"
66.249.66.116 - - [30/Apr/2012:08:46:10 +0200] "GET /robots.txt HTTP/1.1" 404 - "-" "Mozilla/5.0 (compatible; Googlebot/2.1; +http://www.google.com/bot.html)"
66.249.66.116 - - [30/Apr/2012:08:46:10 +0200] "GET / HTTP/1.1" 304 - "-" "Mozilla/5.0 (compatible; Googlebot/2.1; +http://www.google.com/bot.html)"
66.249.66.185 - - [30/Apr/2012:08:59:37 +0200] "GET /robots.txt HTTP/1.1" 404 - "-" "Mozilla/5.0 (compatible; Googlebot/2.1; +http://www.google.com/bot.html)"
66.249.66.185 - - [30/Apr/2012:08:59:37 +0200] "GET /aktivparty.html HTTP/1.1" 200 1528 "-" "Mozilla/5.0 (compatible; Googlebot/2.1; +http://www.google.com/bot.html)"
220.181.108.91 - - [30/Apr/2012:09:17:13 +0200] "GET / HTTP/1.1" 200 3021 "-" "Mozilla/5.0 (compatible; Baiduspider/2.0; +http://www.baidu.com/search/spider.html)"
157.55.16.86 - - [30/Apr/2012:10:37:35 +0200] "GET /robots.txt HTTP/1.1" 404 - "-" "Mozilla/5.0 (compatible; bingbot/2.0; +http://www.bing.com/bingbot.htm)"
46.139.171.213 - - [30/Apr/2012:11:00:16 +0200] "GET / HTTP/1.1" 200 3021 "http://karaoke.lap.hu/" "Mozilla/5.0 (Windows NT 5.1) AppleWebKit/535.19 (KHTML, like Gecko) Chrome/18.0.1025.162 Safari/535.19"
46.139.171.213 - - [30/Apr/2012:11:00:30 +0200] "GET /images/logo.gif HTTP/1.1" 200 2246 "http://activparty.hu/" "Mozilla/5.0 (Windows NT 5.1) AppleWebKit/535.19 (KHTML, like Gecko) Chrome/18.0.1025.162 Safari/535.19"
46.139.171.213 - - [30/Apr/2012:11:00:30 +0200] "GET /images/belepes_off.gif HTTP/1.1" 200 772 "http://activparty.hu/" "Mozilla/5.0 (Windows NT 5.1) AppleWebKit/535.19 (KHTML, like Gecko) Chrome/18.0.1025.162 Safari/535.19"
46.139.171.213 - - [30/Apr/2012:11:01:04 +0200] "GET /images/belepes_on.gif HTTP/1.1" 200 771 "http://activparty.hu/" "Mozilla/5.0 (Windows NT 5.1) AppleWebKit/535.19 (KHTML, like Gecko) Chrome/18.0.1025.162 Safari/535.19"
46.139.171.213 - - [30/Apr/2012:11:01:04 +0200] "GET /aktivparty.html HTTP/1.1" 200 1528 "http://activparty.hu/" "Mozilla/5.0 (Windows NT 5.1) AppleWebKit/535.19 (KHTML, like Gecko) Chrome/18.0.1025.162 Safari/535.19"
46.139.171.213 - - [30/Apr/2012:11:01:04 +0200] "GET /favicon.ico HTTP/1.1" 404 - "-" "Mozilla/5.0 (Windows NT 5.1) AppleWebKit/535.19 (KHTML, like Gecko) Chrome/18.0.1025.162 Safari/535.19"
46.139.171.213 - - [30/Apr/2012:11:01:18 +0200] "GET /js/AC_RunActiveContent.js HTTP/1.1" 200 8321 "http://activparty.hu/aktivparty.html" "Mozilla/5.0 (Windows NT 5.1) AppleWebKit/535.19 (KHTML, like Gecko) Chrome/18.0.1025.162 Safari/535.19"
46.139.171.213 - - [30/Apr/2012:11:01:41 +0200] "GET /favicon.ico HTTP/1.1" 404 - "-" "Mozilla/5.0 (Windows NT 5.1) AppleWebKit/535.19 (KHTML, like Gecko) Chrome/18.0.1025.162 Safari/535.19"
46.139.171.213 - - [30/Apr/2012:11:02:47 +0200] "GET /activ_party.swf HTTP/1.1" 200 425984 "http://activparty.hu/aktivparty.html" "Mozilla/5.0 (Windows NT 5.1) AppleWebKit/535.19 (KHTML, like Gecko) Chrome/18.0.1025.162 Safari/535.19"
119.63.196.38 - - [30/Apr/2012:11:37:49 +0200] "GET /robots.txt HTTP/1.1" 404 - "-" "Baiduspider+(+http://www.baidu.com/search/spider.htm)"
207.46.199.24 - - [30/Apr/2012:11:39:57 +0200] "GET / HTTP/1.1" 200 3021 "-" "Mozilla/5.0 (Windows NT 6.1; WOW64) AppleWebKit/534+ (KHTML, like Gecko) BingPreview/1.0b"
66.249.66.185 - - [30/Apr/2012:11:53:43 +0200] "GET /activ_party.swf HTTP/1.1" 200 1771834 "-" "Mozilla/5.0 (compatible; Googlebot/2.1; +http://www.google.com/bot.html)"
66.249.66.116 - - [30/Apr/2012:12:56:42 +0200] "GET /aktivparty.html HTTP/1.1" 304 - "-" "Mozilla/5.0 (iPhone; U; CPU iPhone OS 4_1 like Mac OS X; en-us) AppleWebKit/532.9 (KHTML, like Gecko) Version/4.0.5 Mobile/8B117 Safari/6531.22.7 (compatible; Googlebot-Mobile/2.1; +http://www.google.com/bot.html)"
157.55.16.86 - - [30/Apr/2012:18:23:15 +0200] "GET /robots.txt HTTP/1.1" 404 - "-" "Mozilla/5.0 (compatible; bingbot/2.0; +http://www.bing.com/bingbot.htm)"
96.2.31.16 - - [30/Apr/2012:19:44:17 +0200] "GET /robots.txt HTTP/1.0" 404 - "-" "Mozilla/5.0 (compatible; MJ12bot/v1.4.2; http://www.majestic12.co.uk/bot.php?+)"
96.2.31.16 - - [30/Apr/2012:19:44:20 +0200] "GET / HTTP/1.1" 200 3021 "-" "Mozilla/5.0 (compatible; MJ12bot/v1.4.2; http://www.majestic12.co.uk/bot.php?+)"
96.2.31.16 - - [30/Apr/2012:19:44:23 +0200] "GET /robots.txt HTTP/1.0" 404 - "-" "Mozilla/5.0 (compatible; MJ12bot/v1.4.2; http://www.majestic12.co.uk/bot.php?+)"
96.2.31.16 - - [30/Apr/2012:19:44:25 +0200] "GET / HTTP/1.1" 200 3021 "-" "Mozilla/5.0 (compatible; MJ12bot/v1.4.2; http://www.majestic12.co.uk/bot.php?+)"
77.20.154.156 - - [30/Apr/2012:20:35:20 +0200] "GET /robots.txt HTTP/1.1" 404 - "-" "findlinks/2.0.2 (+http://wortschatz.uni-leipzig.de/findlinks/)"
157.55.16.86 - - [30/Apr/2012:20:59:32 +0200] "GET /robots.txt HTTP/1.1" 404 - "-" "Mozilla/5.0 (compatible; bingbot/2.0; +http://www.bing.com/bingbot.htm)"
157.55.112.205 - - [30/Apr/2012:21:00:09 +0200] "GET / HTTP/1.1" 200 3021 "-" "Mozilla/5.0 (Windows NT 6.1; WOW64) AppleWebKit/534+ (KHTML, like Gecko) BingPreview/1.0b"
180.76.5.98 - - [30/Apr/2012:23:11:21 +0200] "GET / HTTP/1.1" 200 3021 "-" "Mozilla/5.0 (compatible; Baiduspider/2.0; +http://www.baidu.com/search/spider.html)"
208.80.194.30 - - [30/Apr/2012:23:19:17 +0200] "GET / HTTP/1.0" 200 3021 "-" "Mozilla/4.0 (compatible; MSIE 7.0; Windows NT 5.1; .NET CLR 1.0.3705; .NET CLR 1.1.4322; Media Center PC 4.0; .NET CLR 2.0.50727; .NET CLR 3.0.04506.30; IEMB3)"