157.55.16.86 - - [13/May/2012:05:20:03 +0200] "GET /robots.txt HTTP/1.1" 404 - "-" "Mozilla/5.0 (compatible; bingbot/2.0; +http://www.bing.com/bingbot.htm)"
157.55.16.86 - - [13/May/2012:05:20:44 +0200] "GET / HTTP/1.1" 304 - "-" "Mozilla/5.0 (compatible; bingbot/2.0; +http://www.bing.com/bingbot.htm)"
66.249.72.166 - - [13/May/2012:07:57:47 +0200] "GET /robots.txt HTTP/1.1" 404 - "-" "Mozilla/5.0 (compatible; Googlebot/2.1; +http://www.google.com/bot.html)"
66.249.72.166 - - [13/May/2012:07:57:47 +0200] "GET /info.php?=PHPE9568F35-D428-11d2-A769-00AA001ACF42 HTTP/1.1" 200 4453 "-" "Googlebot-Image/1.0"
220.181.108.163 - - [13/May/2012:11:56:16 +0200] "GET / HTTP/1.1" 200 3021 "-" "Mozilla/5.0 (compatible; Baiduspider/2.0; +http://www.baidu.com/search/spider.html)"
77.111.90.197 - - [13/May/2012:12:11:42 +0200] "GET / HTTP/1.1" 200 3021 "-" "Mozilla/5.0 (X11; U; Linux i686; en-US; rv:1.9.0.4) Gecko/2008111318 Ubuntu/8.10 (intrepid) Firefox/3.0.4"
123.125.71.103 - - [13/May/2012:18:03:58 +0200] "GET /robots.txt HTTP/1.1" 404 - "-" "Mozilla/5.0 (compatible; Baiduspider/2.0; +http://www.baidu.com/search/spider.html)"
95.27.0.150 - - [13/May/2012:19:56:15 +0200] "GET / HTTP/1.0" 200 3021 "http://yandex.ru/yandsearch?text=activparty.hu" "Mozilla/4.0 (compatible; MSIE 6.0; Windows NT 5.1; SV1; .NET CLR 2.0.50727)"
66.249.72.166 - - [13/May/2012:23:57:47 +0200] "GET /robots.txt HTTP/1.1" 404 - "-" "Mozilla/5.0 (compatible; Googlebot/2.1; +http://www.google.com/bot.html)"
66.249.72.166 - - [13/May/2012:23:57:47 +0200] "GET /aktivparty.html HTTP/1.1" 304 - "-" "Mozilla/5.0 (compatible; Googlebot/2.1; +http://www.google.com/bot.html)"
80.249.161.171 - - [14/May/2012:00:11:34 +0200] "HEAD / HTTP/1.1" 200 0 "-" "tlap.hu bot (link checker)"
199.187.122.98 - - [14/May/2012:02:40:45 +0200] "GET /robots.txt HTTP/1.1" 404 - "-" "Mozilla/4.0 (compatible; MSIE 6.0; Windows NT 5.1; SV1; .NET CLR 2.0.50727)"
95.108.150.235 - - [14/May/2012:02:41:10 +0200] "GET /robots.txt HTTP/1.1" 404 - "-" "Mozilla/5.0 (compatible; YandexBot/3.0; +http://yandex.com/bots)"
95.108.150.235 - - [14/May/2012:02:41:10 +0200] "GET /robots.txt HTTP/1.1" 404 - "-" "Mozilla/5.0 (compatible; YandexBot/3.0; +http://yandex.com/bots)"
95.108.150.235 - - [14/May/2012:02:41:11 +0200] "GET / HTTP/1.1" 200 3021 "-" "Mozilla/5.0 (compatible; YandexBot/3.0; +http://yandex.com/bots)"
95.108.150.235 - - [14/May/2012:02:41:11 +0200] "GET / HTTP/1.1" 200 3021 "-" "Mozilla/5.0 (compatible; YandexBot/3.0; +http://yandex.com/bots)"
95.108.150.235 - - [14/May/2012:02:41:12 +0200] "GET / HTTP/1.1" 200 3021 "-" "Mozilla/5.0 (compatible; YandexBot/3.0; +http://yandex.com/bots)"
95.108.150.235 - - [14/May/2012:02:41:12 +0200] "GET / HTTP/1.1" 200 3021 "-" "Mozilla/5.0 (compatible; YandexBot/3.0; +http://yandex.com/bots)"
199.187.122.98 - - [14/May/2012:02:41:52 +0200] "GET / HTTP/1.1" 200 3021 "-" "Mozilla/4.0 (compatible; MSIE 6.0; Windows NT 5.1; SV1; .NET CLR 2.0.50727)"
178.33.64.239 - - [14/May/2012:05:24:39 +0200] "GET /robots.txt HTTP/1.0" 404 - "-" "Mozilla/5.0 (compatible; MJ12bot/v1.4.3; http://www.majestic12.co.uk/bot.php?+)"
178.33.64.239 - - [14/May/2012:05:24:40 +0200] "GET / HTTP/1.0" 200 3021 "-" "Mozilla/5.0 (compatible; MJ12bot/v1.4.3; http://www.majestic12.co.uk/bot.php?+)"
178.33.64.239 - - [14/May/2012:05:24:41 +0200] "GET /robots.txt HTTP/1.0" 404 - "-" "Mozilla/5.0 (compatible; MJ12bot/v1.4.3; http://www.majestic12.co.uk/bot.php?+)"
178.33.64.239 - - [14/May/2012:05:24:42 +0200] "GET / HTTP/1.0" 200 3021 "-" "Mozilla/5.0 (compatible; MJ12bot/v1.4.3; http://www.majestic12.co.uk/bot.php?+)"
208.80.194.28 - - [14/May/2012:05:36:05 +0200] "GET / HTTP/1.0" 200 3021 "-" "Mozilla/4.0 (compatible; MSIE 6.0; Windows NT 5.1; SV1; MS-RTC LM 8)"
95.108.248.30 - - [14/May/2012:06:38:26 +0200] "GET /robots.txt HTTP/1.1" 404 - "-" "Mozilla/5.0 (compatible; YandexBot/3.0; +http://yandex.com/bots)"
69.64.46.38 - - [14/May/2012:06:51:46 +0200] "GET /robots.txt HTTP/1.0" 404 - "-" "Mozilla/5.0 (compatible; MJ12bot/v1.4.3; http://www.majestic12.co.uk/bot.php?+)"
69.64.46.38 - - [14/May/2012:06:51:48 +0200] "GET / HTTP/1.1" 200 3021 "-" "Mozilla/5.0 (compatible; MJ12bot/v1.4.3; http://www.majestic12.co.uk/bot.php?+)"
81.183.53.41 - - [14/May/2012:11:41:55 +0200] "GET / HTTP/1.1" 200 3021 "http://www.kreativkatalogus.hu/ugynokseg.php?search=1&pagingActualHit=10&dbSearchSubType=&dbSearchCompanyNameId=&dbSearchCompanyName=" "Mozilla/5.0 (Windows NT 6.1; WOW64; rv:8.0) Gecko/20100101 Firefox/8.0"
81.183.53.41 - - [14/May/2012:11:41:55 +0200] "GET /images/logo.gif HTTP/1.1" 200 2246 "http://www.activparty.hu/" "Mozilla/5.0 (Windows NT 6.1; WOW64; rv:8.0) Gecko/20100101 Firefox/8.0"
81.183.53.41 - - [14/May/2012:11:41:55 +0200] "GET /images/belepes_off.gif HTTP/1.1" 200 772 "http://www.activparty.hu/" "Mozilla/5.0 (Windows NT 6.1; WOW64; rv:8.0) Gecko/20100101 Firefox/8.0"
81.183.53.41 - - [14/May/2012:11:41:55 +0200] "GET /images/letoltes_off.gif HTTP/1.1" 200 821 "http://www.activparty.hu/" "Mozilla/5.0 (Windows NT 6.1; WOW64; rv:8.0) Gecko/20100101 Firefox/8.0"
81.183.53.41 - - [14/May/2012:11:41:55 +0200] "GET /images/belepes_on.gif HTTP/1.1" 200 771 "http://www.activparty.hu/" "Mozilla/5.0 (Windows NT 6.1; WOW64; rv:8.0) Gecko/20100101 Firefox/8.0"
81.183.53.41 - - [14/May/2012:11:41:55 +0200] "GET /images/letoltes_on.gif HTTP/1.1" 200 821 "http://www.activparty.hu/" "Mozilla/5.0 (Windows NT 6.1; WOW64; rv:8.0) Gecko/20100101 Firefox/8.0"
81.183.53.41 - - [14/May/2012:11:41:55 +0200] "GET /favicon.ico HTTP/1.1" 404 - "-" "Mozilla/5.0 (Windows NT 6.1; WOW64; rv:8.0) Gecko/20100101 Firefox/8.0"
81.183.53.41 - - [14/May/2012:11:41:55 +0200] "GET /favicon.ico HTTP/1.1" 404 - "-" "Mozilla/5.0 (Windows NT 6.1; WOW64; rv:8.0) Gecko/20100101 Firefox/8.0"
81.183.53.41 - - [14/May/2012:11:41:55 +0200] "GET /favicon.ico HTTP/1.1" 404 - "-" "Mozilla/5.0 (Windows NT 6.1; WOW64; rv:8.0) Gecko/20100101 Firefox/8.0"
81.183.53.41 - - [14/May/2012:11:41:57 +0200] "GET /aktivparty.html HTTP/1.1" 200 1528 "http://www.activparty.hu/" "Mozilla/5.0 (Windows NT 6.1; WOW64; rv:8.0) Gecko/20100101 Firefox/8.0"
81.183.53.41 - - [14/May/2012:11:41:57 +0200] "GET /js/AC_RunActiveContent.js HTTP/1.1" 200 8321 "http://www.activparty.hu/aktivparty.html" "Mozilla/5.0 (Windows NT 6.1; WOW64; rv:8.0) Gecko/20100101 Firefox/8.0"
81.183.53.41 - - [14/May/2012:11:41:59 +0200] "GET /activ_party.swf HTTP/1.1" 200 1771834 "http://www.activparty.hu/aktivparty.html" "Mozilla/5.0 (Windows NT 6.1; WOW64; rv:8.0) Gecko/20100101 Firefox/8.0"
95.108.248.30 - - [14/May/2012:17:25:42 +0200] "GET / HTTP/1.1" 200 3021 "-" "Mozilla/5.0 (compatible; YandexBot/3.0; +http://yandex.com/bots)"
173.203.69.37 - - [14/May/2012:17:40:46 +0200] "GET / HTTP/1.1" 200 3021 "-" "Mozilla/4.0 (compatible; MSIE 5.0; Windows NT; DigExt; DTS Agent"
72.30.142.252 - - [14/May/2012:20:13:00 +0200] "GET /robots.txt HTTP/1.0" 404 - "-" "Mozilla/5.0 (compatible; Yahoo! Slurp; http://help.yahoo.com/help/us/ysearch/slurp)"
72.30.142.252 - - [14/May/2012:20:13:01 +0200] "GET / HTTP/1.0" 200 3021 "-" "Mozilla/5.0 (compatible; Yahoo! Slurp; http://help.yahoo.com/help/us/ysearch/slurp)"
208.115.111.72 - - [15/May/2012:01:10:59 +0200] "GET /robots.txt HTTP/1.1" 404 - "-" "Mozilla/5.0 (compatible; Ezooms/1.0; ezooms.bot@gmail.com)"
208.115.111.72 - - [15/May/2012:01:22:04 +0200] "GET / HTTP/1.1" 200 3021 "-" "Mozilla/5.0 (compatible; Ezooms/1.0; ezooms.bot@gmail.com)"
173.203.69.37 - - [15/May/2012:02:07:17 +0200] "GET / HTTP/1.1" 200 3021 "-" "Mozilla/4.0 (compatible; MSIE 5.0; Windows NT; DigExt; DTS Agent"
139.18.2.209 - - [15/May/2012:03:35:17 +0200] "GET /aktivparty.html HTTP/1.1" 200 1528 "-" "findlinks/2.6 (+http://wortschatz.uni-leipzig.de/findlinks/)"
95.108.248.30 - - [15/May/2012:04:24:53 +0200] "GET / HTTP/1.1" 200 3021 "-" "Mozilla/5.0 (compatible; YandexBot/3.0; +http://yandex.com/bots)"
193.71.162.34 - - [15/May/2012:05:58:55 +0200] "GET /robots.txt HTTP/1.0" 404 - "-" "Mozilla/5.0 (compatible; MJ12bot/v1.4.2; http://www.majestic12.co.uk/bot.php?+)"
193.71.162.34 - - [15/May/2012:05:58:57 +0200] "GET / HTTP/1.1" 200 3021 "-" "Mozilla/5.0 (compatible; MJ12bot/v1.4.2; http://www.majestic12.co.uk/bot.php?+)"
193.71.162.34 - - [15/May/2012:05:58:57 +0200] "GET /robots.txt HTTP/1.0" 404 - "-" "Mozilla/5.0 (compatible; MJ12bot/v1.4.2; http://www.majestic12.co.uk/bot.php?+)"
193.71.162.34 - - [15/May/2012:05:58:59 +0200] "GET / HTTP/1.1" 200 3021 "-" "Mozilla/5.0 (compatible; MJ12bot/v1.4.2; http://www.majestic12.co.uk/bot.php?+)"
64.246.165.10 - - [15/May/2012:15:22:16 +0200] "GET /robots.txt HTTP/1.0" 404 - "-" "Mozilla/5.0 (Windows; U; Windows NT 5.1; en; rv:1.9.0.13) Gecko/2009073022 Firefox/3.5.2 (.NET CLR 3.5.30729) SurveyBot/2.3 (DomainTools)"
64.246.165.10 - - [15/May/2012:15:22:16 +0200] "GET / HTTP/1.1" 200 3021 "http://whois.domaintools.com/activparty.hu" "Mozilla/5.0 (Windows; U; Windows NT 5.1; en; rv:1.9.0.13) Gecko/2009073022 Firefox/3.5.2 (.NET CLR 3.5.30729) SurveyBot/2.3 (DomainTools)"
89.133.28.54 - - [15/May/2012:16:01:47 +0200] "GET / HTTP/1.1" 200 3021 "http://www.google.hu/url?sa=t&rct=j&q=&esrc=s&source=web&cd=1&ved=0CGYQFjAA&url=http%3A%2F%2Factivparty.hu%2F&ei=x2GyT8PWDY_BswaVrZXTBg&usg=AFQjCNHJ2fu-vrvk4eEbm2CjupAae2vLTw&sig2=lrTutKVwx3zHo5G8Auo6FA" "Mozilla/5.0 (Windows NT 6.1) AppleWebKit/535.19 (KHTML, like Gecko) Chrome/18.0.1025.168 Safari/535.19"
89.133.28.54 - - [15/May/2012:16:01:47 +0200] "GET /images/letoltes_off.gif HTTP/1.1" 200 821 "http://activparty.hu/" "Mozilla/5.0 (Windows NT 6.1) AppleWebKit/535.19 (KHTML, like Gecko) Chrome/18.0.1025.168 Safari/535.19"
89.133.28.54 - - [15/May/2012:16:01:47 +0200] "GET /images/logo.gif HTTP/1.1" 200 2246 "http://activparty.hu/" "Mozilla/5.0 (Windows NT 6.1) AppleWebKit/535.19 (KHTML, like Gecko) Chrome/18.0.1025.168 Safari/535.19"
89.133.28.54 - - [15/May/2012:16:01:47 +0200] "GET /images/belepes_off.gif HTTP/1.1" 200 772 "http://activparty.hu/" "Mozilla/5.0 (Windows NT 6.1) AppleWebKit/535.19 (KHTML, like Gecko) Chrome/18.0.1025.168 Safari/535.19"
89.133.28.54 - - [15/May/2012:16:01:48 +0200] "GET /images/letoltes_on.gif HTTP/1.1" 200 821 "http://activparty.hu/" "Mozilla/5.0 (Windows NT 6.1) AppleWebKit/535.19 (KHTML, like Gecko) Chrome/18.0.1025.168 Safari/535.19"
89.133.28.54 - - [15/May/2012:16:01:48 +0200] "GET /images/belepes_on.gif HTTP/1.1" 200 771 "http://activparty.hu/" "Mozilla/5.0 (Windows NT 6.1) AppleWebKit/535.19 (KHTML, like Gecko) Chrome/18.0.1025.168 Safari/535.19"
89.133.28.54 - - [15/May/2012:16:01:48 +0200] "GET /favicon.ico HTTP/1.1" 404 - "-" "Mozilla/5.0 (Windows NT 6.1) AppleWebKit/535.19 (KHTML, like Gecko) Chrome/18.0.1025.168 Safari/535.19"
89.133.28.54 - - [15/May/2012:16:01:50 +0200] "GET /aktivparty.html HTTP/1.1" 200 1528 "http://activparty.hu/" "Mozilla/5.0 (Windows NT 6.1) AppleWebKit/535.19 (KHTML, like Gecko) Chrome/18.0.1025.168 Safari/535.19"
89.133.28.54 - - [15/May/2012:16:01:50 +0200] "GET /js/AC_RunActiveContent.js HTTP/1.1" 200 8321 "http://activparty.hu/aktivparty.html" "Mozilla/5.0 (Windows NT 6.1) AppleWebKit/535.19 (KHTML, like Gecko) Chrome/18.0.1025.168 Safari/535.19"
89.133.28.54 - - [15/May/2012:16:01:51 +0200] "GET /favicon.ico HTTP/1.1" 404 - "-" "Mozilla/5.0 (Windows NT 6.1) AppleWebKit/535.19 (KHTML, like Gecko) Chrome/18.0.1025.168 Safari/535.19"
89.133.28.54 - - [15/May/2012:16:01:52 +0200] "GET /activ_party.swf HTTP/1.1" 200 1771834 "http://activparty.hu/aktivparty.html" "Mozilla/5.0 (Windows NT 6.1) AppleWebKit/535.19 (KHTML, like Gecko) Chrome/18.0.1025.168 Safari/535.19"
89.133.28.54 - - [15/May/2012:16:03:14 +0200] "GET /favicon.ico HTTP/1.1" 404 - "-" "Mozilla/5.0 (Windows NT 6.1) AppleWebKit/535.19 (KHTML, like Gecko) Chrome/18.0.1025.168 Safari/535.19"
89.133.28.54 - - [15/May/2012:16:03:16 +0200] "GET /favicon.ico HTTP/1.1" 404 - "-" "Mozilla/5.0 (Windows NT 6.1) AppleWebKit/535.19 (KHTML, like Gecko) Chrome/18.0.1025.168 Safari/535.19"
213.186.119.138 - - [15/May/2012:16:24:20 +0200] "GET / HTTP/1.1" 200 3021 "-" "Mozilla/5.0 (compatible; AhrefsBot/3.0; +http://ahrefs.com/robot/)"
77.75.77.11 - - [15/May/2012:17:12:18 +0200] "GET /robots.txt HTTP/1.1" 404 - "-" "SeznamBot/3.0 (+http://fulltext.sblog.cz/)"
77.75.77.11 - - [15/May/2012:17:12:18 +0200] "GET / HTTP/1.1" 200 3021 "-" "SeznamBot/3.0 (+http://fulltext.sblog.cz/)"
77.75.77.11 - - [15/May/2012:17:12:19 +0200] "GET /robots.txt HTTP/1.1" 404 - "-" "SeznamBot/3.0 (+http://fulltext.sblog.cz/)"
77.75.77.11 - - [15/May/2012:17:12:19 +0200] "GET /aktivparty.html HTTP/1.1" 200 1528 "-" "SeznamBot/3.0 (+http://fulltext.sblog.cz/)"
139.18.2.209 - - [16/May/2012:00:06:29 +0200] "GET /robots.txt HTTP/1.1" 404 - "-" "findlinks/2.6 (+http://wortschatz.uni-leipzig.de/findlinks/)"
157.55.16.86 - - [16/May/2012:04:43:12 +0200] "GET /robots.txt HTTP/1.1" 404 - "-" "Mozilla/5.0 (compatible; bingbot/2.0; +http://www.bing.com/bingbot.htm)"
157.55.16.86 - - [16/May/2012:04:44:12 +0200] "GET / HTTP/1.1" 304 - "-" "Mozilla/5.0 (compatible; bingbot/2.0; +http://www.bing.com/bingbot.htm)"
98.231.9.249 - - [16/May/2012:06:54:25 +0200] "GET /robots.txt HTTP/1.0" 404 - "-" "Mozilla/5.0 (compatible; MJ12bot/v1.4.2; http://www.majestic12.co.uk/bot.php?+)"
98.231.9.249 - - [16/May/2012:06:54:27 +0200] "GET / HTTP/1.1" 200 3021 "-" "Mozilla/5.0 (compatible; MJ12bot/v1.4.2; http://www.majestic12.co.uk/bot.php?+)"
98.231.9.249 - - [16/May/2012:06:54:28 +0200] "GET /robots.txt HTTP/1.0" 404 - "-" "Mozilla/5.0 (compatible; MJ12bot/v1.4.2; http://www.majestic12.co.uk/bot.php?+)"
98.231.9.249 - - [16/May/2012:06:54:30 +0200] "GET / HTTP/1.1" 200 3021 "-" "Mozilla/5.0 (compatible; MJ12bot/v1.4.2; http://www.majestic12.co.uk/bot.php?+)"
79.120.177.10 - - [16/May/2012:09:09:35 +0200] "GET / HTTP/1.1" 200 3021 "-" "Java/1.6.0_30"
220.181.51.79 - - [16/May/2012:10:25:47 +0200] "GET / HTTP/1.1" 200 3021 "-" "Mozilla/5.0 (Windows NT 5.1; rv:6.0.2) Gecko/20100101 Firefox/6.0.2"
123.125.71.42 - - [16/May/2012:10:31:52 +0200] "GET /robots.txt HTTP/1.1" 404 - "-" "Mozilla/5.0 (compatible; Baiduspider/2.0; +http://www.baidu.com/search/spider.html)"
151.0.120.82 - - [16/May/2012:10:33:05 +0200] "GET / HTTP/1.1" 200 3021 "http://karaoke.lap.hu/" "Mozilla/4.0 (compatible; MSIE 8.0; Windows NT 5.1; Trident/4.0; .NET CLR 1.1.4322; .NET CLR 2.0.50727; .NET CLR 3.0.4506.2152; .NET CLR 3.5.30729; .NET4.0C; BRI/2)"
151.0.120.82 - - [16/May/2012:10:33:05 +0200] "GET /images/logo.gif HTTP/1.1" 200 2246 "http://activparty.hu/" "Mozilla/4.0 (compatible; MSIE 8.0; Windows NT 5.1; Trident/4.0; .NET CLR 1.1.4322; .NET CLR 2.0.50727; .NET CLR 3.0.4506.2152; .NET CLR 3.5.30729; .NET4.0C; BRI/2)"
151.0.120.82 - - [16/May/2012:10:33:05 +0200] "GET /images/belepes_off.gif HTTP/1.1" 200 772 "http://activparty.hu/" "Mozilla/4.0 (compatible; MSIE 8.0; Windows NT 5.1; Trident/4.0; .NET CLR 1.1.4322; .NET CLR 2.0.50727; .NET CLR 3.0.4506.2152; .NET CLR 3.5.30729; .NET4.0C; BRI/2)"
151.0.120.82 - - [16/May/2012:10:33:05 +0200] "GET /images/letoltes_off.gif HTTP/1.1" 200 821 "http://activparty.hu/" "Mozilla/4.0 (compatible; MSIE 8.0; Windows NT 5.1; Trident/4.0; .NET CLR 1.1.4322; .NET CLR 2.0.50727; .NET CLR 3.0.4506.2152; .NET CLR 3.5.30729; .NET4.0C; BRI/2)"
151.0.120.82 - - [16/May/2012:10:33:05 +0200] "GET /favicon.ico HTTP/1.1" 404 - "-" "Mozilla/4.0 (compatible; MSIE 8.0; Windows NT 5.1; Trident/4.0; .NET CLR 1.1.4322; .NET CLR 2.0.50727; .NET CLR 3.0.4506.2152; .NET CLR 3.5.30729; .NET4.0C; BRI/2)"
151.0.120.82 - - [16/May/2012:10:33:05 +0200] "GET /images/letoltes_on.gif HTTP/1.1" 200 821 "http://activparty.hu/" "Mozilla/4.0 (compatible; MSIE 8.0; Windows NT 5.1; Trident/4.0; .NET CLR 1.1.4322; .NET CLR 2.0.50727; .NET CLR 3.0.4506.2152; .NET CLR 3.5.30729; .NET4.0C; BRI/2)"
151.0.120.82 - - [16/May/2012:10:33:05 +0200] "GET /images/belepes_on.gif HTTP/1.1" 200 771 "http://activparty.hu/" "Mozilla/4.0 (compatible; MSIE 8.0; Windows NT 5.1; Trident/4.0; .NET CLR 1.1.4322; .NET CLR 2.0.50727; .NET CLR 3.0.4506.2152; .NET CLR 3.5.30729; .NET4.0C; BRI/2)"
151.0.120.82 - - [16/May/2012:10:33:07 +0200] "GET /aktivparty.html HTTP/1.1" 200 1528 "http://activparty.hu/" "Mozilla/4.0 (compatible; MSIE 8.0; Windows NT 5.1; Trident/4.0; .NET CLR 1.1.4322; .NET CLR 2.0.50727; .NET CLR 3.0.4506.2152; .NET CLR 3.5.30729; .NET4.0C; BRI/2)"
151.0.120.82 - - [16/May/2012:10:33:07 +0200] "GET /js/AC_RunActiveContent.js HTTP/1.1" 200 8321 "http://activparty.hu/" "Mozilla/4.0 (compatible; MSIE 8.0; Windows NT 5.1; Trident/4.0; .NET CLR 1.1.4322; .NET CLR 2.0.50727; .NET CLR 3.0.4506.2152; .NET CLR 3.5.30729; .NET4.0C; BRI/2)"
151.0.120.82 - - [16/May/2012:10:34:21 +0200] "GET /activ_party.swf HTTP/1.1" 200 1771834 "http://activparty.hu/aktivparty.html" "Mozilla/4.0 (compatible; MSIE 8.0; Windows NT 5.1; Trident/4.0; .NET CLR 1.1.4322; .NET CLR 2.0.50727; .NET CLR 3.0.4506.2152; .NET CLR 3.5.30729; .NET4.0C; BRI/2)"
77.20.147.177 - - [16/May/2012:10:51:22 +0200] "GET /aktivparty.html HTTP/1.1" 200 1528 "-" "findlinks/2.0.2 (+http://wortschatz.uni-leipzig.de/findlinks/)"
220.181.108.79 - - [16/May/2012:11:40:20 +0200] "GET / HTTP/1.1" 200 3021 "-" "Mozilla/5.0 (compatible; Baiduspider/2.0; +http://www.baidu.com/search/spider.html)"
208.80.194.35 - - [16/May/2012:12:45:25 +0200] "GET / HTTP/1.0" 200 3021 "-" "Mozilla/4.0 (compatible; MSIE 7.0; Windows NT 5.1; Alexa Toolbar; .NET CLR 2.0.50727)"
213.186.119.144 - - [16/May/2012:13:42:51 +0200] "GET / HTTP/1.1" 200 3021 "-" "Mozilla/5.0 (compatible; AhrefsBot/3.0; +http://ahrefs.com/robot/)"
195.111.2.33 - - [16/May/2012:15:39:48 +0200] "GET /robots.txt HTTP/1.1" 404 - "-" "Sztaki-kereso"
169.128.252.225 - - [16/May/2012:20:05:30 +0200] "GET /images/karaoke.jpg HTTP/1.1" 304 - "-" "Mozilla/4.0 (compatible;)"
169.128.252.225 - - [16/May/2012:20:05:30 +0200] "GET /images/belepes_off.gif HTTP/1.1" 304 - "-" "Mozilla/4.0 (compatible;)"
199.19.249.196 - - [16/May/2012:20:05:35 +0200] "GET /aktivparty.html HTTP/1.1" 200 1528 "-" "Mozilla/4.0 (compatible; MSIE 7.0; Windows NT 5.1; InfoPath.1; .NET CLR 2.0.50727; .NET CLR 1.1.4322; MS-RTC LM 8; .NET CLR 3.0.4506.2152; .NET CLR 3.5.30729)"
169.128.252.225 - - [16/May/2012:20:05:35 +0200] "GET /aktivparty.html HTTP/1.1" 304 - "-" "Mozilla/4.0 (compatible;)"
169.128.252.225 - - [16/May/2012:20:05:40 +0200] "GET /js/AC_RunActiveContent.js HTTP/1.1" 304 - "-" "Mozilla/4.0 (compatible;)"
199.19.249.196 - - [16/May/2012:20:05:50 +0200] "GET /karaoke.html HTTP/1.1" 200 4266 "-" "Mozilla/4.0 (compatible; MSIE 7.0; Windows NT 5.1; InfoPath.1; .NET CLR 2.0.50727; .NET CLR 1.1.4322; MS-RTC LM 8; .NET CLR 3.0.4506.2152; .NET CLR 3.5.30729)"
169.128.252.225 - - [16/May/2012:20:05:50 +0200] "GET /karaoke.html HTTP/1.1" 304 - "-" "Mozilla/4.0 (compatible;)"
95.108.248.30 - - [16/May/2012:21:31:02 +0200] "GET /robots.txt HTTP/1.1" 404 - "-" "Mozilla/5.0 (compatible; YandexBot/3.0; +http://yandex.com/bots)"
95.108.248.30 - - [16/May/2012:21:31:04 +0200] "GET / HTTP/1.1" 304 - "-" "Mozilla/5.0 (compatible; YandexBot/3.0; +http://yandex.com/bots)"
66.219.58.42 - - [16/May/2012:21:42:22 +0200] "GET /robots.txt HTTP/1.1" 404 - "-" "MLBot (www.metadatalabs.com/mlbot)"
66.219.58.42 - - [16/May/2012:21:42:22 +0200] "GET / HTTP/1.1" 200 3021 "-" "MLBot (www.metadatalabs.com/mlbot)"
66.219.58.42 - - [16/May/2012:21:55:26 +0200] "GET /aktivparty.html HTTP/1.1" 200 1528 "-" "MLBot (www.metadatalabs.com/mlbot)"
199.101.132.132 - - [16/May/2012:22:07:49 +0200] "GET / HTTP/1.1" 200 3021 "http://www.google.com" "Mozilla/5.0 (compatible; Googlebot/2.1; +http://www.google.com/bot.html)"
212.235.106.181 - - [16/May/2012:22:55:41 +0200] "GET / HTTP/1.0" 200 3021 "-" "Mozilla/5.0 (compatible; MJ12bot/v1.4.3; http://www.majestic12.co.uk/bot.php?+)"
66.249.71.177 - - [16/May/2012:23:16:54 +0200] "GET /robots.txt HTTP/1.1" 404 - "-" "Mozilla/5.0 (compatible; Googlebot/2.1; +http://www.google.com/bot.html)"
66.249.71.177 - - [16/May/2012:23:16:54 +0200] "GET / HTTP/1.1" 200 3021 "-" "Mozilla/5.0 (compatible; Googlebot/2.1; +http://www.google.com/bot.html)"
66.249.71.177 - - [17/May/2012:00:36:25 +0200] "GET /casino.html HTTP/1.1" 200 2801 "-" "Mozilla/5.0 (compatible; Googlebot/2.1; +http://www.google.com/bot.html)"
157.55.16.86 - - [17/May/2012:01:07:01 +0200] "GET /robots.txt HTTP/1.1" 404 - "-" "Mozilla/5.0 (compatible; bingbot/2.0; +http://www.bing.com/bingbot.htm)"
157.56.229.246 - - [17/May/2012:01:07:52 +0200] "GET / HTTP/1.1" 200 3021 "-" "Mozilla/5.0 (Windows NT 6.1; WOW64) AppleWebKit/534+ (KHTML, like Gecko) BingPreview/1.0b"
157.55.16.86 - - [17/May/2012:01:07:57 +0200] "GET / HTTP/1.1" 304 - "-" "Mozilla/5.0 (compatible; bingbot/2.0; +http://www.bing.com/bingbot.htm)"
128.30.52.71 - - [17/May/2012:01:26:09 +0200] "GET / HTTP/1.1" 200 3021 "-" "W3C_Validator/1.3"
66.249.71.177 - - [17/May/2012:01:50:38 +0200] "GET /images/logo.gif HTTP/1.1" 200 2246 "-" "Googlebot-Image/1.0"
66.249.71.177 - - [17/May/2012:02:51:47 +0200] "GET /images/belepes_off.gif HTTP/1.1" 200 772 "-" "Googlebot-Image/1.0"
195.111.2.33 - - [17/May/2012:02:52:40 +0200] "GET /robots.txt HTTP/1.1" 404 - "-" "Sztaki-kereso"
66.249.71.177 - - [17/May/2012:03:00:38 +0200] "GET /images/letoltes_off.gif HTTP/1.1" 200 821 "-" "Googlebot-Image/1.0"
213.186.127.13 - - [17/May/2012:03:13:02 +0200] "GET /robots.txt HTTP/1.1" 404 - "-" "Mozilla/5.0 (compatible; AhrefsBot/2.0; +http://ahrefs.com/robot/)"
213.186.127.13 - - [17/May/2012:03:13:02 +0200] "GET /robots.txt HTTP/1.1" 404 - "-" "Mozilla/5.0 (compatible; AhrefsBot/2.0; +http://ahrefs.com/robot/)"
123.125.71.72 - - [17/May/2012:07:22:38 +0200] "GET /robots.txt HTTP/1.1" 404 - "-" "Mozilla/5.0 (compatible; Baiduspider/2.0; +http://www.baidu.com/search/spider.html)"
109.110.94.191 - - [17/May/2012:07:22:48 +0200] "GET /robots.txt HTTP/1.0" 404 - "-" "Mozilla/5.0 (compatible; MJ12bot/v1.4.3; http://www.majestic12.co.uk/bot.php?+)"
109.110.94.191 - - [17/May/2012:07:22:51 +0200] "GET / HTTP/1.1" 200 3021 "-" "Mozilla/5.0 (compatible; MJ12bot/v1.4.3; http://www.majestic12.co.uk/bot.php?+)"
109.110.94.191 - - [17/May/2012:07:22:52 +0200] "GET /robots.txt HTTP/1.0" 404 - "-" "Mozilla/5.0 (compatible; MJ12bot/v1.4.3; http://www.majestic12.co.uk/bot.php?+)"
109.110.94.191 - - [17/May/2012:07:22:56 +0200] "GET / HTTP/1.1" 200 3021 "-" "Mozilla/5.0 (compatible; MJ12bot/v1.4.3; http://www.majestic12.co.uk/bot.php?+)"
109.86.192.200 - - [17/May/2012:07:33:46 +0200] "GET /robots.txt HTTP/1.0" 404 - "-" "Mozilla/5.0 (compatible; MJ12bot/v1.4.3; http://www.majestic12.co.uk/bot.php?+)"
109.86.192.200 - - [17/May/2012:07:33:47 +0200] "GET / HTTP/1.0" 200 3021 "-" "Mozilla/5.0 (compatible; MJ12bot/v1.4.3; http://www.majestic12.co.uk/bot.php?+)"
66.249.71.177 - - [17/May/2012:10:01:06 +0200] "GET /karaoke.html HTTP/1.1" 304 - "-" "Mozilla/5.0 (compatible; Googlebot/2.1; +http://www.google.com/bot.html)"
79.120.177.10 - - [17/May/2012:10:21:03 +0200] "GET / HTTP/1.1" 200 3021 "-" "Java/1.6.0_30"
213.186.122.2 - - [17/May/2012:11:41:59 +0200] "GET /robots.txt HTTP/1.1" 404 - "-" "Mozilla/5.0 (compatible; AhrefsBot/3.0; +http://ahrefs.com/robot/)"
77.111.90.197 - - [17/May/2012:12:05:35 +0200] "GET / HTTP/1.1" 200 3021 "-" "Mozilla/5.0 (X11; U; Linux i686; en-US; rv:1.9.0.4) Gecko/2008111318 Ubuntu/8.10 (intrepid) Firefox/3.0.4"
195.111.2.33 - - [17/May/2012:20:13:08 +0200] "GET /aktivparty.html HTTP/1.1" 200 1528 "-" "Sztaki-kereso"
82.165.134.209 - - [17/May/2012:23:51:24 +0200] "GET /webcalendar/install/index.php HTTP/1.1" 404 - "-" "Mozilla/4.0 (compatible; MSIE 6.0; MSIE 5.5; Windows NT 5.1) Opera 7.01 [en]"
82.165.134.209 - - [18/May/2012:00:01:33 +0200] "GET /calendar/install/index.php HTTP/1.1" 404 - "-" "Mozilla/4.0 (compatible; MSIE 6.0; MSIE 5.5; Windows NT 5.1) Opera 7.01 [en]"
82.165.134.209 - - [18/May/2012:00:21:48 +0200] "GET /webcalendar/install/index.php HTTP/1.1" 404 - "-" "Mozilla/4.0 (compatible; MSIE 6.0; MSIE 5.5; Windows NT 5.1) Opera 7.01 [en]"
82.165.134.209 - - [18/May/2012:00:34:16 +0200] "GET /calendar/install/index.php HTTP/1.1" 404 - "-" "Mozilla/4.0 (compatible; MSIE 6.0; MSIE 5.5; Windows NT 5.1) Opera 7.01 [en]"
95.108.150.235 - - [18/May/2012:02:27:22 +0200] "GET /robots.txt HTTP/1.1" 404 - "-" "Mozilla/5.0 (compatible; YandexBot/3.0; +http://yandex.com/bots)"
95.108.150.235 - - [18/May/2012:02:27:22 +0200] "GET /robots.txt HTTP/1.1" 404 - "-" "Mozilla/5.0 (compatible; YandexBot/3.0; +http://yandex.com/bots)"
95.108.150.235 - - [18/May/2012:02:27:23 +0200] "GET / HTTP/1.1" 200 3021 "-" "Mozilla/5.0 (compatible; YandexBot/3.0; +http://yandex.com/bots)"
95.108.150.235 - - [18/May/2012:02:27:23 +0200] "GET / HTTP/1.1" 200 3021 "-" "Mozilla/5.0 (compatible; YandexBot/3.0; +http://yandex.com/bots)"
95.108.150.235 - - [18/May/2012:02:27:24 +0200] "GET / HTTP/1.1" 200 3021 "-" "Mozilla/5.0 (compatible; YandexBot/3.0; +http://yandex.com/bots)"
95.108.150.235 - - [18/May/2012:02:27:24 +0200] "GET / HTTP/1.1" 200 3021 "-" "Mozilla/5.0 (compatible; YandexBot/3.0; +http://yandex.com/bots)"
95.108.248.30 - - [18/May/2012:04:05:25 +0200] "GET /robots.txt HTTP/1.1" 404 - "-" "Mozilla/5.0 (compatible; YandexBot/3.0; +http://yandex.com/bots)"
83.233.186.82 - - [18/May/2012:06:20:08 +0200] "GET / HTTP/1.1" 200 3021 "-" "Mozilla/4.0 (CMS Crawler: http://www.cmscrawler.com)"
109.86.192.200 - - [18/May/2012:07:37:45 +0200] "GET /robots.txt HTTP/1.0" 404 - "-" "Mozilla/5.0 (compatible; MJ12bot/v1.4.3; http://www.majestic12.co.uk/bot.php?+)"
109.86.192.200 - - [18/May/2012:07:37:47 +0200] "GET / HTTP/1.0" 200 3021 "-" "Mozilla/5.0 (compatible; MJ12bot/v1.4.3; http://www.majestic12.co.uk/bot.php?+)"
109.86.192.200 - - [18/May/2012:07:37:48 +0200] "GET /robots.txt HTTP/1.0" 404 - "-" "Mozilla/5.0 (compatible; MJ12bot/v1.4.3; http://www.majestic12.co.uk/bot.php?+)"
109.86.192.200 - - [18/May/2012:07:37:49 +0200] "GET / HTTP/1.0" 200 3021 "-" "Mozilla/5.0 (compatible; MJ12bot/v1.4.3; http://www.majestic12.co.uk/bot.php?+)"
82.198.58.238 - - [18/May/2012:11:18:45 +0200] "GET / HTTP/1.1" 200 3021 "-" "Java/1.6.0_25"
82.198.58.238 - - [18/May/2012:11:18:45 +0200] "GET /aktivparty.html HTTP/1.1" 200 1528 "-" "Java/1.6.0_25"
82.198.58.238 - - [18/May/2012:11:18:45 +0200] "GET /js/AC_RunActiveContent.js HTTP/1.1" 200 8321 "-" "Java/1.6.0_25"
111.13.8.107 - - [18/May/2012:11:29:22 +0200] "GET / HTTP/1.0" 200 3021 "http://rendezvenyszervezes.tlap.hu/" "Mozilla/4.0"
95.108.248.30 - - [18/May/2012:12:13:52 +0200] "GET /aktivparty.html HTTP/1.1" 304 - "-" "Mozilla/5.0 (compatible; YandexBot/3.0; +http://yandex.com/bots)"
213.186.119.138 - - [18/May/2012:12:44:37 +0200] "GET / HTTP/1.1" 200 3021 "-" "Mozilla/5.0 (compatible; AhrefsBot/3.0; +http://ahrefs.com/robot/)"
69.28.58.17 - - [18/May/2012:15:20:50 +0200] "GET /robots.txt HTTP/1.0" 404 - "http://activparty.hu/robots.txt" "HuaweiSymantecSpider/1.0+DSE-support@huaweisymantec.com+(compatible; MSIE 7.0; Windows NT 5.1; Trident/4.0; .NET CLR 2.0.50727; .NET CLR 3.0.4506.2152; .NET CLR ; http://www.huaweisymantec.com/en/IRL/spider)"
213.186.119.138 - - [18/May/2012:16:09:50 +0200] "GET / HTTP/1.1" 200 3021 "-" "Mozilla/5.0 (compatible; AhrefsBot/3.0; +http://ahrefs.com/robot/)"
213.186.119.138 - - [18/May/2012:19:39:52 +0200] "GET / HTTP/1.1" 200 3021 "-" "Mozilla/5.0 (compatible; AhrefsBot/3.0; +http://ahrefs.com/robot/)"
95.108.248.30 - - [18/May/2012:19:53:00 +0200] "GET /activ_party.swf HTTP/1.1" 200 1771834 "-" "Mozilla/5.0 (compatible; YandexBot/3.0; +http://yandex.com/bots)"
157.55.48.251 - - [18/May/2012:20:10:36 +0200] "GET /robots.txt HTTP/1.1" 404 - "-" "Mozilla/5.0 (compatible; bingbot/2.0; +http://www.bing.com/bingbot.htm)"
157.55.48.251 - - [18/May/2012:20:11:31 +0200] "GET / HTTP/1.1" 200 3021 "-" "Mozilla/5.0 (compatible; bingbot/2.0; +http://www.bing.com/bingbot.htm)"
95.108.151.244 - - [19/May/2012:01:11:46 +0200] "GET /robots.txt HTTP/1.1" 404 - "-" "Mozilla/5.0 (compatible; YandexBot/3.0; +http://yandex.com/bots)"
95.108.151.244 - - [19/May/2012:01:11:47 +0200] "GET / HTTP/1.1" 200 3021 "-" "Mozilla/5.0 (compatible; YandexBot/3.0; +http://yandex.com/bots)"
95.108.151.244 - - [19/May/2012:01:11:48 +0200] "GET / HTTP/1.1" 200 3021 "-" "Mozilla/5.0 (compatible; YandexBot/3.0; +http://yandex.com/bots)"
199.187.122.98 - - [19/May/2012:02:46:45 +0200] "GET /robots.txt HTTP/1.1" 404 - "-" "Mozilla/4.0 (compatible; MSIE 6.0; Windows NT 5.1; SV1; .NET CLR 2.0.50727)"
77.20.4.67 - - [19/May/2012:04:43:41 +0200] "GET /robots.txt HTTP/1.1" 404 - "-" "findlinks/2.0.2 (+http://wortschatz.uni-leipzig.de/findlinks/)"
213.93.87.91 - - [19/May/2012:07:55:39 +0200] "GET /robots.txt HTTP/1.0" 404 - "-" "Mozilla/5.0 (compatible; MJ12bot/v1.4.3; http://www.majestic12.co.uk/bot.php?+)"
213.93.87.91 - - [19/May/2012:07:55:41 +0200] "GET / HTTP/1.1" 200 3021 "-" "Mozilla/5.0 (compatible; MJ12bot/v1.4.3; http://www.majestic12.co.uk/bot.php?+)"
213.93.87.91 - - [19/May/2012:07:55:44 +0200] "GET /robots.txt HTTP/1.0" 404 - "-" "Mozilla/5.0 (compatible; MJ12bot/v1.4.3; http://www.majestic12.co.uk/bot.php?+)"
213.93.87.91 - - [19/May/2012:07:55:45 +0200] "GET / HTTP/1.1" 200 3021 "-" "Mozilla/5.0 (compatible; MJ12bot/v1.4.3; http://www.majestic12.co.uk/bot.php?+)"
77.75.77.17 - - [19/May/2012:12:43:37 +0200] "GET /robots.txt HTTP/1.1" 404 - "-" "SeznamBot/3.0 (+http://fulltext.sblog.cz/)"
77.75.77.17 - - [19/May/2012:12:43:37 +0200] "GET / HTTP/1.1" 200 3021 "-" "SeznamBot/3.0 (+http://fulltext.sblog.cz/)"
77.75.77.17 - - [19/May/2012:12:43:38 +0200] "GET /robots.txt HTTP/1.1" 404 - "-" "SeznamBot/3.0 (+http://fulltext.sblog.cz/)"
77.75.77.17 - - [19/May/2012:12:43:38 +0200] "GET /aktivparty.html HTTP/1.1" 200 1528 "-" "SeznamBot/3.0 (+http://fulltext.sblog.cz/)"
38.107.179.236 - - [19/May/2012:14:35:17 +0200] "GET /robots.txt HTTP/1.1" 404 - "-" "CCBot/1.0 (+http://www.commoncrawl.org/bot.html)"
38.107.179.237 - - [19/May/2012:14:35:46 +0200] "GET / HTTP/1.1" 200 3021 "-" "CCBot/1.0 (+http://www.commoncrawl.org/bot.html)"
38.107.179.238 - - [19/May/2012:14:38:31 +0200] "GET /robots.txt HTTP/1.1" 404 - "-" "CCBot/1.0 (+http://www.commoncrawl.org/bot.html)"
38.107.179.239 - - [19/May/2012:14:39:02 +0200] "GET / HTTP/1.1" 200 3021 "-" "CCBot/1.0 (+http://www.commoncrawl.org/bot.html)"
38.107.179.240 - - [19/May/2012:14:39:28 +0200] "GET /aktivparty.html HTTP/1.1" 200 1528 "-" "CCBot/1.0 (+http://www.commoncrawl.org/bot.html)"
38.107.179.236 - - [19/May/2012:14:39:51 +0200] "GET /aktivparty.html HTTP/1.1" 200 1528 "-" "CCBot/1.0 (+http://www.commoncrawl.org/bot.html)"
111.13.8.107 - - [19/May/2012:15:23:49 +0200] "GET / HTTP/1.0" 200 3021 "http://karaoke.lap.hu" "Mozilla/4.0"
91.200.160.79 - - [19/May/2012:16:45:39 +0200] "GET / HTTP/1.1" 200 3021 "-" "Mozilla/4.0 (compatible; MSIE 5.0; Windows NT; DigExt; DTS Agent"
91.200.160.79 - - [20/May/2012:01:49:53 +0200] "GET / HTTP/1.1" 200 3021 "-" "Mozilla/4.0 (compatible; MSIE 5.0; Windows NT; DigExt; DTS Agent"
111.13.8.107 - - [20/May/2012:04:47:02 +0200] "GET / HTTP/1.0" 200 3021 "http://rendezvenyszervezes.tlap.hu/rendezvenyszervezok-budapesten/" "Mozilla/4.0"
77.20.147.177 - - [20/May/2012:05:15:08 +0200] "GET / HTTP/1.1" 200 3021 "-" "findlinks/2.0.2 (+http://wortschatz.uni-leipzig.de/findlinks/)"
95.108.248.30 - - [20/May/2012:05:47:19 +0200] "GET /robots.txt HTTP/1.1" 404 - "-" "Mozilla/5.0 (compatible; YandexBot/3.0; +http://yandex.com/bots)"
188.165.248.204 - - [20/May/2012:08:07:57 +0200] "GET /robots.txt HTTP/1.0" 404 - "-" "Mozilla/5.0 (compatible; MJ12bot/v1.4.3; http://www.majestic12.co.uk/bot.php?+)"
188.165.248.204 - - [20/May/2012:08:07:59 +0200] "GET / HTTP/1.0" 200 3021 "-" "Mozilla/5.0 (compatible; MJ12bot/v1.4.3; http://www.majestic12.co.uk/bot.php?+)"
188.165.248.204 - - [20/May/2012:08:08:00 +0200] "GET /robots.txt HTTP/1.0" 404 - "-" "Mozilla/5.0 (compatible; MJ12bot/v1.4.3; http://www.majestic12.co.uk/bot.php?+)"
188.165.248.204 - - [20/May/2012:08:08:02 +0200] "GET / HTTP/1.0" 200 3021 "-" "Mozilla/5.0 (compatible; MJ12bot/v1.4.3; http://www.majestic12.co.uk/bot.php?+)"
96.2.31.16 - - [20/May/2012:08:17:20 +0200] "GET /robots.txt HTTP/1.0" 404 - "-" "Mozilla/5.0 (compatible; MJ12bot/v1.4.3; http://www.majestic12.co.uk/bot.php?+)"
96.2.31.16 - - [20/May/2012:08:17:22 +0200] "GET / HTTP/1.1" 200 3021 "-" "Mozilla/5.0 (compatible; MJ12bot/v1.4.3; http://www.majestic12.co.uk/bot.php?+)"
66.249.72.210 - - [20/May/2012:12:50:12 +0200] "GET /robots.txt HTTP/1.1" 404 - "-" "Mozilla/5.0 (compatible; Googlebot/2.1; +http://www.google.com/bot.html)"
66.249.72.210 - - [20/May/2012:12:50:13 +0200] "GET / HTTP/1.1" 304 - "-" "Mozilla/5.0 (compatible; Googlebot/2.1; +http://www.google.com/bot.html)"
141.105.120.152 - - [20/May/2012:13:28:43 +0200] "GET /robots.txt HTTP/1.0" 404 - "-" "Mozilla/5.0 (compatible; OpenindexDeepSpider/Nutch-1.5-dev; +http://www.openindex.io/en/webmasters/spider.html)"
141.105.120.152 - - [20/May/2012:13:28:43 +0200] "GET / HTTP/1.0" 304 - "-" "Mozilla/5.0 (compatible; OpenindexDeepSpider/Nutch-1.5-dev; +http://www.openindex.io/en/webmasters/spider.html)"
169.128.252.225 - - [20/May/2012:13:39:09 +0200] "GET /activ_party.swf HTTP/1.1" 304 - "-" "Mozilla/4.0 (compatible;)"
95.108.248.30 - - [20/May/2012:15:01:47 +0200] "GET / HTTP/1.1" 200 3021 "-" "Mozilla/5.0 (compatible; YandexBot/3.0; +http://yandex.com/bots)"
157.55.48.251 - - [20/May/2012:23:38:28 +0200] "GET /robots.txt HTTP/1.1" 404 - "-" "Mozilla/5.0 (compatible; bingbot/2.0; +http://www.bing.com/bingbot.htm)"
157.55.48.251 - - [20/May/2012:23:39:29 +0200] "GET / HTTP/1.1" 200 3021 "-" "Mozilla/5.0 (compatible; bingbot/2.0; +http://www.bing.com/bingbot.htm)"
77.111.90.197 - - [21/May/2012:00:22:32 +0200] "GET / HTTP/1.1" 200 3021 "-" "Mozilla/5.0 (X11; U; Linux i686; en-US; rv:1.9.0.4) Gecko/2008111318 Ubuntu/8.10 (intrepid) Firefox/3.0.4"
83.233.186.82 - - [21/May/2012:00:32:43 +0200] "GET / HTTP/1.1" 200 3021 "-" "Mozilla/4.0 (CMS Crawler: http://www.cmscrawler.com)"
208.115.113.88 - - [21/May/2012:01:56:26 +0200] "GET /robots.txt HTTP/1.1" 404 - "-" "Mozilla/5.0 (compatible; Ezooms/1.0; ezooms.bot@gmail.com)"
208.115.113.88 - - [21/May/2012:02:19:58 +0200] "GET / HTTP/1.1" 200 3021 "-" "Mozilla/5.0 (compatible; Ezooms/1.0; ezooms.bot@gmail.com)"
111.13.8.107 - - [21/May/2012:06:21:06 +0200] "GET / HTTP/1.0" 200 3021 "http://rendezvenyszervezes.tlap.hu/rendezvenyszervezok-budapesten/" "Mozilla/4.0"
99.147.136.21 - - [21/May/2012:09:06:33 +0200] "GET /robots.txt HTTP/1.0" 404 - "-" "Mozilla/5.0 (compatible; MJ12bot/v1.4.3; http://www.majestic12.co.uk/bot.php?+)"
99.147.136.21 - - [21/May/2012:09:06:52 +0200] "GET / HTTP/1.1" 200 3021 "-" "Mozilla/5.0 (compatible; MJ12bot/v1.4.3; http://www.majestic12.co.uk/bot.php?+)"
99.147.136.21 - - [21/May/2012:09:07:09 +0200] "GET /robots.txt HTTP/1.0" 404 - "-" "Mozilla/5.0 (compatible; MJ12bot/v1.4.3; http://www.majestic12.co.uk/bot.php?+)"
99.147.136.21 - - [21/May/2012:09:07:26 +0200] "GET / HTTP/1.1" 200 3021 "-" "Mozilla/5.0 (compatible; MJ12bot/v1.4.3; http://www.majestic12.co.uk/bot.php?+)"
141.138.200.149 - - [21/May/2012:11:13:13 +0200] "GET /robots.txt HTTP/1.0" 404 - "-" "Mozilla"
141.138.200.149 - - [21/May/2012:11:13:13 +0200] "GET / HTTP/1.0" 200 3021 "-" "Mozilla/5.0 (compatible; MegaTagCloud.com/1.0; +http://www.megatagcloud.com/webmasters)"
69.28.58.15 - - [21/May/2012:11:23:43 +0200] "GET /robots.txt HTTP/1.0" 404 - "http://activparty.hu/robots.txt" "HuaweiSymantecSpider/1.0+DSE-support@huaweisymantec.com+(compatible; MSIE 7.0; Windows NT 5.1; Trident/4.0; .NET CLR 2.0.50727; .NET CLR 3.0.4506.2152; .NET CLR ; http://www.huaweisymantec.com/en/IRL/spider)"
111.13.8.107 - - [21/May/2012:13:14:15 +0200] "GET / HTTP/1.0" 200 3021 "http://rendezvenyszervezes.tlap.hu/rendezvenyszervezok-budapesten/" "Mozilla/5.0 (Windows; U; Windows NT 5.1; zh-CN; rv:1.9.1.2) Firefox/3.5.2"
157.55.16.86 - - [21/May/2012:15:37:50 +0200] "GET /robots.txt HTTP/1.1" 404 - "-" "Mozilla/5.0 (compatible; bingbot/2.0; +http://www.bing.com/bingbot.htm)"
86.101.68.5 - - [21/May/2012:16:26:16 +0200] "GET / HTTP/1.1" 200 3021 "http://www.google.hu/url?sa=t&rct=j&q=&esrc=s&source=web&cd=1&ved=0CGQQFjAA&url=http%3A%2F%2Factivparty.hu%2F&ei=h1C6T7vhCM2q-AafuYjGCg&usg=AFQjCNHJ2fu-vrvk4eEbm2CjupAae2vLTw&sig2=CGW6CQDa9PyqiX-IKpUFPQ" "Mozilla/5.0 (Windows NT 6.1; WOW64) AppleWebKit/536.5 (KHTML, like Gecko) Chrome/19.0.1084.46 Safari/536.5"
86.101.68.5 - - [21/May/2012:16:26:16 +0200] "GET /images/logo.gif HTTP/1.1" 200 2246 "http://activparty.hu/" "Mozilla/5.0 (Windows NT 6.1; WOW64) AppleWebKit/536.5 (KHTML, like Gecko) Chrome/19.0.1084.46 Safari/536.5"
86.101.68.5 - - [21/May/2012:16:26:16 +0200] "GET /images/belepes_off.gif HTTP/1.1" 200 772 "http://activparty.hu/" "Mozilla/5.0 (Windows NT 6.1; WOW64) AppleWebKit/536.5 (KHTML, like Gecko) Chrome/19.0.1084.46 Safari/536.5"
86.101.68.5 - - [21/May/2012:16:26:16 +0200] "GET /images/letoltes_off.gif HTTP/1.1" 200 821 "http://activparty.hu/" "Mozilla/5.0 (Windows NT 6.1; WOW64) AppleWebKit/536.5 (KHTML, like Gecko) Chrome/19.0.1084.46 Safari/536.5"
86.101.68.5 - - [21/May/2012:16:26:16 +0200] "GET /images/letoltes_on.gif HTTP/1.1" 200 821 "http://activparty.hu/" "Mozilla/5.0 (Windows NT 6.1; WOW64) AppleWebKit/536.5 (KHTML, like Gecko) Chrome/19.0.1084.46 Safari/536.5"
86.101.68.5 - - [21/May/2012:16:26:16 +0200] "GET /images/belepes_on.gif HTTP/1.1" 200 771 "http://activparty.hu/" "Mozilla/5.0 (Windows NT 6.1; WOW64) AppleWebKit/536.5 (KHTML, like Gecko) Chrome/19.0.1084.46 Safari/536.5"
86.101.68.5 - - [21/May/2012:16:26:17 +0200] "GET /favicon.ico HTTP/1.1" 404 - "-" "Mozilla/5.0 (Windows NT 6.1; WOW64) AppleWebKit/536.5 (KHTML, like Gecko) Chrome/19.0.1084.46 Safari/536.5"
86.101.68.5 - - [21/May/2012:16:26:18 +0200] "GET /aktivparty.html HTTP/1.1" 200 1528 "http://activparty.hu/" "Mozilla/5.0 (Windows NT 6.1; WOW64) AppleWebKit/536.5 (KHTML, like Gecko) Chrome/19.0.1084.46 Safari/536.5"
86.101.68.5 - - [21/May/2012:16:26:18 +0200] "GET /js/AC_RunActiveContent.js HTTP/1.1" 200 8321 "http://activparty.hu/aktivparty.html" "Mozilla/5.0 (Windows NT 6.1; WOW64) AppleWebKit/536.5 (KHTML, like Gecko) Chrome/19.0.1084.46 Safari/536.5"
86.101.68.5 - - [21/May/2012:16:26:19 +0200] "GET /favicon.ico HTTP/1.1" 404 - "-" "Mozilla/5.0 (Windows NT 6.1; WOW64) AppleWebKit/536.5 (KHTML, like Gecko) Chrome/19.0.1084.46 Safari/536.5"
86.101.68.5 - - [21/May/2012:16:26:19 +0200] "GET /activ_party.swf HTTP/1.1" 200 1771834 "http://activparty.hu/aktivparty.html" "Mozilla/5.0 (Windows NT 6.1; WOW64) AppleWebKit/536.5 (KHTML, like Gecko) Chrome/19.0.1084.46 Safari/536.5"
213.186.119.138 - - [21/May/2012:16:43:52 +0200] "GET / HTTP/1.1" 200 3021 "-" "Mozilla/5.0 (compatible; AhrefsBot/3.0; +http://ahrefs.com/robot/)"
213.186.119.138 - - [21/May/2012:16:43:52 +0200] "GET / HTTP/1.1" 200 3021 "-" "Mozilla/5.0 (compatible; AhrefsBot/3.0; +http://ahrefs.com/robot/)"
139.18.2.209 - - [21/May/2012:17:34:19 +0200] "GET /robots.txt HTTP/1.1" 404 - "-" "findlinks/2.6 (+http://wortschatz.uni-leipzig.de/findlinks/)"
80.56.168.98 - - [21/May/2012:18:16:47 +0200] "GET / HTTP/1.1" 200 3021 "-" "Java/1.6.0_24"
80.56.168.98 - - [21/May/2012:18:16:49 +0200] "GET /aktivparty.html HTTP/1.1" 200 1528 "-" "Java/1.6.0_24"
80.56.168.98 - - [21/May/2012:18:16:50 +0200] "GET /js/AC_RunActiveContent.js HTTP/1.1" 200 8321 "-" "Java/1.6.0_24"
89.123.33.95 - - [21/May/2012:18:41:07 +0200] "GET / HTTP/1.1" 200 3021 "-" "Java/1.6.0_04"
89.123.33.95 - - [21/May/2012:18:41:07 +0200] "GET /aktivparty.html HTTP/1.1" 200 1528 "-" "Java/1.6.0_04"
89.123.33.95 - - [21/May/2012:18:41:07 +0200] "GET /js/AC_RunActiveContent.js HTTP/1.1" 200 8321 "-" "Java/1.6.0_04"
91.120.152.29 - - [21/May/2012:20:36:15 +0200] "GET / HTTP/1.1" 200 3021 "http://karaoke.lap.hu/budapest/25632069" "Mozilla/5.0 (Windows NT 5.1; rv:10.0.2) Gecko/20100101 Firefox/10.0.2"
91.120.152.29 - - [21/May/2012:20:36:15 +0200] "GET /images/belepes_off.gif HTTP/1.1" 200 772 "http://activparty.hu/" "Mozilla/5.0 (Windows NT 5.1; rv:10.0.2) Gecko/20100101 Firefox/10.0.2"
91.120.152.29 - - [21/May/2012:20:36:15 +0200] "GET /images/logo.gif HTTP/1.1" 200 2246 "http://activparty.hu/" "Mozilla/5.0 (Windows NT 5.1; rv:10.0.2) Gecko/20100101 Firefox/10.0.2"
91.120.152.29 - - [21/May/2012:20:36:15 +0200] "GET /images/letoltes_off.gif HTTP/1.1" 200 821 "http://activparty.hu/" "Mozilla/5.0 (Windows NT 5.1; rv:10.0.2) Gecko/20100101 Firefox/10.0.2"
91.120.152.29 - - [21/May/2012:20:36:15 +0200] "GET /images/belepes_on.gif HTTP/1.1" 200 771 "http://activparty.hu/" "Mozilla/5.0 (Windows NT 5.1; rv:10.0.2) Gecko/20100101 Firefox/10.0.2"
91.120.152.29 - - [21/May/2012:20:36:15 +0200] "GET /images/letoltes_on.gif HTTP/1.1" 200 821 "http://activparty.hu/" "Mozilla/5.0 (Windows NT 5.1; rv:10.0.2) Gecko/20100101 Firefox/10.0.2"
91.120.152.29 - - [21/May/2012:20:36:15 +0200] "GET /favicon.ico HTTP/1.1" 404 - "-" "Mozilla/5.0 (Windows NT 5.1; rv:10.0.2) Gecko/20100101 Firefox/10.0.2"
91.120.152.29 - - [21/May/2012:20:36:15 +0200] "GET /favicon.ico HTTP/1.1" 404 - "-" "Mozilla/5.0 (Windows NT 5.1; rv:10.0.2) Gecko/20100101 Firefox/10.0.2"
91.120.152.29 - - [21/May/2012:20:36:17 +0200] "GET /aktivparty.html HTTP/1.1" 200 1528 "http://activparty.hu/" "Mozilla/5.0 (Windows NT 5.1; rv:10.0.2) Gecko/20100101 Firefox/10.0.2"
91.120.152.29 - - [21/May/2012:20:36:17 +0200] "GET /js/AC_RunActiveContent.js HTTP/1.1" 200 8321 "http://activparty.hu/aktivparty.html" "Mozilla/5.0 (Windows NT 5.1; rv:10.0.2) Gecko/20100101 Firefox/10.0.2"
91.120.152.29 - - [21/May/2012:20:36:26 +0200] "GET /activ_party.swf HTTP/1.1" 200 1771834 "http://activparty.hu/aktivparty.html" "Mozilla/5.0 (Windows NT 5.1; rv:10.0.2) Gecko/20100101 Firefox/10.0.2"
91.120.152.29 - - [21/May/2012:20:36:32 +0200] "GET /karaoke.html HTTP/1.1" 200 4266 "http://activparty.hu/aktivparty.html" "Mozilla/5.0 (Windows NT 5.1; rv:10.0.2) Gecko/20100101 Firefox/10.0.2"
91.120.152.29 - - [21/May/2012:20:36:33 +0200] "GET /images/karaoke.jpg HTTP/1.1" 200 25297 "http://activparty.hu/karaoke.html" "Mozilla/5.0 (Windows NT 5.1; rv:10.0.2) Gecko/20100101 Firefox/10.0.2"
157.55.48.251 - - [21/May/2012:20:42:54 +0200] "GET /robots.txt HTTP/1.1" 404 - "-" "Mozilla/5.0 (compatible; bingbot/2.0; +http://www.bing.com/bingbot.htm)"
157.55.48.251 - - [21/May/2012:20:43:33 +0200] "GET / HTTP/1.1" 200 3021 "-" "Mozilla/5.0 (compatible; bingbot/2.0; +http://www.bing.com/bingbot.htm)"
65.52.111.66 - - [21/May/2012:21:03:05 +0200] "GET / HTTP/1.1" 200 3021 "-" "Mozilla/4.0 (compatible; MSIE 7.0; Windows NT 5.2; SLCC1; .NET CLR 1.1.4322; .NET CLR 2.0.40607; .NET CLR 3.0.04506.648)"
66.249.72.210 - - [22/May/2012:00:11:29 +0200] "GET /robots.txt HTTP/1.1" 404 - "-" "Mozilla/5.0 (compatible; Googlebot/2.1; +http://www.google.com/bot.html)"
66.249.72.210 - - [22/May/2012:00:11:29 +0200] "GET /aktivparty.html HTTP/1.1" 304 - "-" "Mozilla/5.0 (iPhone; U; CPU iPhone OS 4_1 like Mac OS X; en-us) AppleWebKit/532.9 (KHTML, like Gecko) Version/4.0.5 Mobile/8B117 Safari/6531.22.7 (compatible; Googlebot-Mobile/2.1; +http://www.google.com/bot.html)"
66.219.58.45 - - [22/May/2012:00:44:20 +0200] "GET /robots.txt HTTP/1.1" 404 - "-" "MLBot (www.metadatalabs.com/mlbot)"
66.219.58.45 - - [22/May/2012:00:44:20 +0200] "GET / HTTP/1.1" 200 3021 "-" "MLBot (www.metadatalabs.com/mlbot)"
66.219.58.45 - - [22/May/2012:00:57:14 +0200] "GET /aktivparty.html HTTP/1.1" 200 1528 "-" "MLBot (www.metadatalabs.com/mlbot)"
89.123.33.170 - - [22/May/2012:02:55:57 +0200] "GET / HTTP/1.1" 200 3021 "-" "Java/1.6.0_04"
89.123.33.170 - - [22/May/2012:02:55:57 +0200] "GET /aktivparty.html HTTP/1.1" 200 1528 "-" "Java/1.6.0_04"
89.123.33.170 - - [22/May/2012:02:55:57 +0200] "GET /js/AC_RunActiveContent.js HTTP/1.1" 200 8321 "-" "Java/1.6.0_04"
123.125.71.47 - - [22/May/2012:04:59:28 +0200] "GET /robots.txt HTTP/1.1" 404 - "-" "Mozilla/5.0 (compatible; Baiduspider/2.0; +http://www.baidu.com/search/spider.html)"
123.125.71.94 - - [22/May/2012:04:59:28 +0200] "GET /robots.txt HTTP/1.1" 404 - "-" "Mozilla/5.0 (compatible; Baiduspider/2.0; +http://www.baidu.com/search/spider.html)"
95.108.150.235 - - [22/May/2012:06:26:35 +0200] "GET /robots.txt HTTP/1.1" 404 - "-" "Mozilla/5.0 (compatible; YandexBot/3.0; +http://yandex.com/bots)"
95.108.150.235 - - [22/May/2012:06:26:36 +0200] "GET / HTTP/1.1" 200 3021 "-" "Mozilla/5.0 (compatible; YandexBot/3.0; +http://yandex.com/bots)"
95.108.150.235 - - [22/May/2012:06:26:37 +0200] "GET / HTTP/1.1" 200 3021 "-" "Mozilla/5.0 (compatible; YandexBot/3.0; +http://yandex.com/bots)"
95.108.150.235 - - [22/May/2012:06:26:37 +0200] "GET /robots.txt HTTP/1.1" 404 - "-" "Mozilla/5.0 (compatible; YandexBot/3.0; +http://yandex.com/bots)"
95.108.150.235 - - [22/May/2012:06:26:38 +0200] "GET / HTTP/1.1" 200 3021 "-" "Mozilla/5.0 (compatible; YandexBot/3.0; +http://yandex.com/bots)"
95.108.150.235 - - [22/May/2012:06:26:39 +0200] "GET / HTTP/1.1" 200 3021 "-" "Mozilla/5.0 (compatible; YandexBot/3.0; +http://yandex.com/bots)"
62.219.132.115 - - [22/May/2012:07:36:48 +0200] "GET / HTTP/1.1" 200 3021 "http://www.we-globe.net/Weblab/SiteCommonGraveReport/www.activparty.hu/" "Mozilla/5.0 (Windows; U; Windows NT 5.1; fr; rv:1.9.0.8) Gecko/2009032609 Firefox/3.0.8"
66.249.72.210 - - [22/May/2012:08:26:04 +0200] "GET / HTTP/1.1" 200 3021 "-" "Mozilla/5.0 (iPhone; U; CPU iPhone OS 4_1 like Mac OS X; en-us) AppleWebKit/532.9 (KHTML, like Gecko) Version/4.0.5 Mobile/8B117 Safari/6531.22.7 (compatible; Googlebot-Mobile/2.1; +http://www.google.com/bot.html)"
66.249.72.210 - - [22/May/2012:08:34:45 +0200] "GET /images/belepes_off.gif HTTP/1.1" 200 772 "-" "Mozilla/5.0 (compatible; Googlebot/2.1; +http://www.google.com/bot.html)"
66.249.72.210 - - [22/May/2012:08:34:46 +0200] "GET /images/letoltes_on.gif HTTP/1.1" 200 821 "-" "Mozilla/5.0 (compatible; Googlebot/2.1; +http://www.google.com/bot.html)"
66.249.72.210 - - [22/May/2012:08:34:47 +0200] "GET /images/logo.gif HTTP/1.1" 200 2246 "-" "Mozilla/5.0 (compatible; Googlebot/2.1; +http://www.google.com/bot.html)"
66.249.72.210 - - [22/May/2012:08:34:49 +0200] "GET /images/belepes_on.gif HTTP/1.1" 200 771 "-" "Mozilla/5.0 (compatible; Googlebot/2.1; +http://www.google.com/bot.html)"
66.249.72.210 - - [22/May/2012:08:34:50 +0200] "GET /images/letoltes_off.gif HTTP/1.1" 200 821 "-" "Mozilla/5.0 (compatible; Googlebot/2.1; +http://www.google.com/bot.html)"
220.181.108.182 - - [22/May/2012:09:00:25 +0200] "GET / HTTP/1.1" 200 3021 "-" "Mozilla/5.0 (compatible; Baiduspider/2.0; +http://www.baidu.com/search/spider.html)"
188.165.248.204 - - [22/May/2012:10:08:29 +0200] "GET /robots.txt HTTP/1.0" 404 - "-" "Mozilla/5.0 (compatible; MJ12bot/v1.4.3; http://www.majestic12.co.uk/bot.php?+)"
188.165.248.204 - - [22/May/2012:10:08:31 +0200] "GET / HTTP/1.0" 200 3021 "-" "Mozilla/5.0 (compatible; MJ12bot/v1.4.3; http://www.majestic12.co.uk/bot.php?+)"
188.165.248.204 - - [22/May/2012:10:08:34 +0200] "GET /robots.txt HTTP/1.0" 404 - "-" "Mozilla/5.0 (compatible; MJ12bot/v1.4.3; http://www.majestic12.co.uk/bot.php?+)"
188.165.248.204 - - [22/May/2012:10:08:42 +0200] "GET / HTTP/1.0" 200 3021 "-" "Mozilla/5.0 (compatible; MJ12bot/v1.4.3; http://www.majestic12.co.uk/bot.php?+)"
220.181.108.153 - - [22/May/2012:10:19:46 +0200] "GET / HTTP/1.1" 200 3021 "-" "Mozilla/5.0 (compatible; Baiduspider/2.0; +http://www.baidu.com/search/spider.html)"
157.55.48.251 - - [22/May/2012:10:29:38 +0200] "GET /robots.txt HTTP/1.1" 404 - "-" "Mozilla/5.0 (compatible; bingbot/2.0; +http://www.bing.com/bingbot.htm)"
157.55.48.251 - - [22/May/2012:10:30:33 +0200] "GET / HTTP/1.1" 200 3021 "-" "Mozilla/5.0 (compatible; bingbot/2.0; +http://www.bing.com/bingbot.htm)"
213.186.120.196 - - [22/May/2012:12:17:46 +0200] "GET /robots.txt HTTP/1.1" 404 - "-" "Mozilla/5.0 (compatible; AhrefsBot/3.0; +http://ahrefs.com/robot/)"
213.186.120.196 - - [22/May/2012:12:17:46 +0200] "GET /robots.txt HTTP/1.1" 404 - "-" "Mozilla/5.0 (compatible; AhrefsBot/3.0; +http://ahrefs.com/robot/)"
65.52.108.58 - - [22/May/2012:17:01:21 +0200] "GET /robots.txt HTTP/1.1" 404 - "-" "Mozilla/5.0 (compatible; bingbot/2.0; +http://www.bing.com/bingbot.htm)"
157.55.112.199 - - [22/May/2012:17:02:18 +0200] "GET /aktivparty.html HTTP/1.1" 200 1528 "-" "Mozilla/5.0 (Windows NT 6.1; WOW64) AppleWebKit/534+ (KHTML, like Gecko) BingPreview/1.0b"
65.52.108.58 - - [22/May/2012:17:02:18 +0200] "GET /aktivparty.html HTTP/1.1" 200 1528 "-" "Mozilla/5.0 (compatible; bingbot/2.0; +http://www.bing.com/bingbot.htm)"
157.55.16.86 - - [22/May/2012:17:02:19 +0200] "GET /activ_party.swf HTTP/1.1" 200 1771834 "-" "Mozilla/5.0 (compatible; bingbot/2.0; +http://www.bing.com/bingbot.htm)"
157.55.112.199 - - [22/May/2012:17:02:19 +0200] "GET /js/AC_RunActiveContent.js HTTP/1.1" 200 8321 "http://www.activparty.hu/aktivparty.html" "Mozilla/5.0 (Windows NT 6.1; WOW64) AppleWebKit/534+ (KHTML, like Gecko) BingPreview/1.0b"
157.55.34.92 - - [22/May/2012:17:03:47 +0200] "GET /aktivparty.html HTTP/1.1" 200 1528 "-" "Mozilla/4.0 (compatible; MSIE 8.0; Windows NT 5.1; Trident/5.0; .NET CLR 3.5.30729; .NET CLR 3.0.30729; SV1; .NET CLR 1.1.4325; .NET CLR 2.0.50727; .NET CLR 3.0.30729; .NET CLR 3.5.30707; MS-RTC LM 8)"
157.55.34.92 - - [22/May/2012:17:03:55 +0200] "GET /js/AC_RunActiveContent.js HTTP/1.1" 200 8321 "http://www.activparty.hu/aktivparty.html" "Mozilla/4.0 (compatible; MSIE 8.0; Windows NT 5.1; Trident/5.0; .NET CLR 3.5.30729; .NET CLR 3.0.30729; SV1; .NET CLR 1.1.4325; .NET CLR 2.0.50727; .NET CLR 3.0.30729; .NET CLR 3.5.30707; MS-RTC LM 8)"
157.55.34.92 - - [22/May/2012:17:04:00 +0200] "GET /activ_party.swf HTTP/1.1" 200 1771834 "http://www.activparty.hu/aktivparty.html" "Mozilla/4.0 (compatible; MSIE 8.0; Windows NT 5.1; Trident/5.0; .NET CLR 3.5.30729; .NET CLR 3.0.30729; SV1; .NET CLR 1.1.4325; .NET CLR 2.0.50727; .NET CLR 3.0.30729; .NET CLR 3.5.30707; MS-RTC LM 8)"
157.55.48.251 - - [22/May/2012:17:35:28 +0200] "GET /robots.txt HTTP/1.1" 404 - "-" "Mozilla/5.0 (compatible; bingbot/2.0; +http://www.bing.com/bingbot.htm)"
