157.55.48.251 - - [10/Jul/2012:17:38:37 +0200] "GET /robots.txt HTTP/1.1" 404 - "-" "Mozilla/5.0 (compatible; bingbot/2.0; +http://www.bing.com/bingbot.htm)"
157.55.48.251 - - [10/Jul/2012:17:39:25 +0200] "GET / HTTP/1.1" 200 3021 "-" "Mozilla/5.0 (compatible; bingbot/2.0; +http://www.bing.com/bingbot.htm)"
123.125.71.51 - - [10/Jul/2012:19:39:19 +0200] "GET / HTTP/1.1" 200 3021 "-" "Mozilla/5.0 (compatible; Baiduspider/2.0; +http://www.baidu.com/search/spider.html)"
220.181.108.109 - - [10/Jul/2012:19:39:55 +0200] "GET / HTTP/1.1" 200 3021 "-" "Mozilla/5.0 (compatible; Baiduspider/2.0; +http://www.baidu.com/search/spider.html)"
178.154.210.252 - - [10/Jul/2012:20:29:28 +0200] "GET /robots.txt HTTP/1.1" 404 - "-" "Mozilla/5.0 (compatible; YandexBot/3.0; +http://yandex.com/bots)"
208.115.113.88 - - [10/Jul/2012:22:48:44 +0200] "GET /robots.txt HTTP/1.1" 404 - "-" "Mozilla/5.0 (compatible; Ezooms/1.0; ezooms.bot@gmail.com)"
178.154.210.252 - - [10/Jul/2012:22:49:18 +0200] "GET /aktivparty.html HTTP/1.1" 304 - "-" "Mozilla/5.0 (compatible; YandexBot/3.0; +http://yandex.com/bots)"
208.115.113.88 - - [11/Jul/2012:00:26:49 +0200] "GET /robots.txt HTTP/1.1" 404 - "-" "Mozilla/5.0 (compatible; Ezooms/1.0; ezooms.bot@gmail.com)"
208.115.113.88 - - [11/Jul/2012:02:45:20 +0200] "GET /aktivparty.html HTTP/1.1" 200 1528 "-" "Mozilla/5.0 (compatible; Ezooms/1.0; ezooms.bot@gmail.com)"
188.138.118.180 - - [11/Jul/2012:03:08:53 +0200] "GET /robots.txt HTTP/1.1" 404 - "-" "Linguee Bot (http://www.linguee.com/bot; bot@linguee.com)"
188.138.118.180 - - [11/Jul/2012:03:08:53 +0200] "GET / HTTP/1.1" 200 3021 "-" "Linguee Bot (http://www.linguee.com/bot; bot@linguee.com)"
188.138.118.180 - - [11/Jul/2012:03:08:55 +0200] "GET / HTTP/1.1" 200 3021 "-" "Linguee Bot (http://www.linguee.com/bot; bot@linguee.com)"
188.138.118.180 - - [11/Jul/2012:03:08:55 +0200] "GET /aktivparty.html HTTP/1.1" 200 1528 "-" "Linguee Bot (http://www.linguee.com/bot; bot@linguee.com)"
199.58.86.211 - - [11/Jul/2012:03:41:50 +0200] "GET /robots.txt HTTP/1.0" 404 - "-" "Mozilla/5.0 (compatible; MJ12bot/v1.4.3; http://www.majestic12.co.uk/bot.php?+)"
199.58.86.211 - - [11/Jul/2012:03:41:52 +0200] "GET / HTTP/1.0" 200 3021 "-" "Mozilla/5.0 (compatible; MJ12bot/v1.4.3; http://www.majestic12.co.uk/bot.php?+)"
77.111.90.197 - - [11/Jul/2012:06:20:24 +0200] "GET / HTTP/1.1" 200 3021 "-" "Mozilla/5.0 (X11; U; Linux i686; en-US; rv:1.9.0.4) Gecko/2008111318 Ubuntu/8.10 (intrepid) Firefox/3.0.4"
178.154.210.252 - - [11/Jul/2012:08:35:05 +0200] "GET /aktivparty.html HTTP/1.1" 200 1528 "-" "Mozilla/5.0 (compatible; YandexBot/3.0; +http://yandex.com/bots)"
119.63.196.52 - - [11/Jul/2012:10:21:17 +0200] "GET /robots.txt HTTP/1.1" 404 - "-" "Baiduspider+(+http://www.baidu.com/search/spider.htm)"
66.249.71.21 - - [11/Jul/2012:12:32:12 +0200] "GET /robots.txt HTTP/1.1" 404 - "-" "Mozilla/5.0 (compatible; Googlebot/2.1; +http://www.google.com/bot.html)"
66.249.71.21 - - [11/Jul/2012:12:32:12 +0200] "GET / HTTP/1.1" 200 3021 "-" "Mozilla/5.0 (iPhone; U; CPU iPhone OS 4_1 like Mac OS X; en-us) AppleWebKit/532.9 (KHTML, like Gecko) Version/4.0.5 Mobile/8B117 Safari/6531.22.7 (compatible; Googlebot-Mobile/2.1; +http://www.google.com/bot.html)"
206.253.226.18 - - [11/Jul/2012:12:51:53 +0200] "GET /robots.txt HTTP/1.1" 404 - "-" "Mozilla/5.0 (compatible; oBot/2.3.1; +http://filterdb.iss.net/crawler/)"
206.253.226.18 - - [11/Jul/2012:12:51:54 +0200] "GET /aktivparty.html HTTP/1.1" 200 1528 "-" "Mozilla/5.0 (compatible; oBot/2.3.1; +http://filterdb.iss.net/crawler/)"
206.253.226.18 - - [11/Jul/2012:12:51:54 +0200] "GET /activ_party.swf HTTP/1.1" 200 68218 "-" "Mozilla/5.0 (compatible; oBot/2.3.1; +http://filterdb.iss.net/crawler/)"
206.253.226.18 - - [11/Jul/2012:12:51:54 +0200] "GET / HTTP/1.1" 200 3021 "-" "Mozilla/5.0 (compatible; oBot/2.3.1; +http://filterdb.iss.net/crawler/)"
157.55.48.251 - - [11/Jul/2012:17:39:21 +0200] "GET /robots.txt HTTP/1.1" 404 - "-" "Mozilla/5.0 (compatible; bingbot/2.0; +http://www.bing.com/bingbot.htm)"
157.55.48.251 - - [11/Jul/2012:17:40:12 +0200] "GET / HTTP/1.1" 200 3021 "-" "Mozilla/5.0 (compatible; bingbot/2.0; +http://www.bing.com/bingbot.htm)"
85.25.95.50 - - [11/Jul/2012:20:41:09 +0200] "GET /aktivparty.html HTTP/1.1" 200 1528 "-" "Mozilla/4.0 (compatible; MSIE 6.0; Windows 98; Win 9x4.90)"
176.195.89.174 - - [11/Jul/2012:21:59:11 +0200] "GET / HTTP/1.0" 200 3021 "http://yandex.ru/yandsearch?text=activparty.hu&lr=213" "Mozilla/4.0 (compatible; MSIE 6.0; Windows NT 5.1; SV1)"
198.245.50.47 - - [11/Jul/2012:23:38:28 +0200] "GET /robots.txt HTTP/1.0" 404 - "-" "Mozilla/5.0 (compatible; MJ12bot/v1.4.3; http://www.majestic12.co.uk/bot.php?+)"
198.245.50.47 - - [11/Jul/2012:23:38:29 +0200] "GET / HTTP/1.0" 200 3021 "-" "Mozilla/5.0 (compatible; MJ12bot/v1.4.3; http://www.majestic12.co.uk/bot.php?+)"
198.245.50.47 - - [11/Jul/2012:23:38:30 +0200] "GET /robots.txt HTTP/1.0" 404 - "-" "Mozilla/5.0 (compatible; MJ12bot/v1.4.3; http://www.majestic12.co.uk/bot.php?+)"
198.245.50.47 - - [11/Jul/2012:23:38:32 +0200] "GET / HTTP/1.0" 200 3021 "-" "Mozilla/5.0 (compatible; MJ12bot/v1.4.3; http://www.majestic12.co.uk/bot.php?+)"
65.52.109.8 - - [12/Jul/2012:00:36:29 +0200] "GET /robots.txt HTTP/1.1" 404 - "-" "Mozilla/5.0 (compatible; bingbot/2.0; +http://www.bing.com/bingbot.htm)"
66.249.72.90 - - [12/Jul/2012:00:45:08 +0200] "GET /robots.txt HTTP/1.1" 404 - "-" "Mozilla/5.0 (compatible; Googlebot/2.1; +http://www.google.com/bot.html)"
66.249.72.90 - - [12/Jul/2012:00:45:09 +0200] "GET / HTTP/1.1" 200 3021 "-" "Mozilla/5.0 (compatible; Googlebot/2.1; +http://www.google.com/bot.html)"
207.46.199.26 - - [12/Jul/2012:00:58:19 +0200] "GET / HTTP/1.1" 200 3021 "-" "Mozilla/5.0 (Windows NT 6.1; WOW64) AppleWebKit/534+ (KHTML, like Gecko) BingPreview/1.0b"
85.25.152.28 - - [12/Jul/2012:03:11:06 +0200] "GET /- HTTP/1.1" 404 - "-" "Mozilla/4.0 (compatible; MSIE 6.0; Windows 98; Win 9x4.90)"
69.64.32.217 - - [12/Jul/2012:03:38:39 +0200] "GET / HTTP/1.1" 200 3021 "-" "Mozilla/4.0 (compatible; MSIE 6.0; Windows 98; Win 9x4.90)"
66.219.58.42 - - [12/Jul/2012:11:30:11 +0200] "GET /robots.txt HTTP/1.1" 404 - "-" "MLBot (www.metadatalabs.com/mlbot)"
66.219.58.42 - - [12/Jul/2012:11:30:11 +0200] "GET / HTTP/1.1" 200 3021 "-" "MLBot (www.metadatalabs.com/mlbot)"
66.219.58.42 - - [12/Jul/2012:11:35:02 +0200] "GET /aktivparty.html HTTP/1.1" 200 1528 "-" "MLBot (www.metadatalabs.com/mlbot)"
180.76.5.145 - - [12/Jul/2012:17:03:12 +0200] "GET /robots.txt HTTP/1.1" 404 - "-" "Mozilla/5.0 (compatible; Baiduspider/2.0; +http://www.baidu.com/search/spider.html)"
178.154.210.252 - - [12/Jul/2012:19:39:36 +0200] "GET /robots.txt HTTP/1.1" 404 - "-" "Mozilla/5.0 (compatible; YandexBot/3.0; +http://yandex.com/bots)"
178.154.210.252 - - [12/Jul/2012:19:39:38 +0200] "GET / HTTP/1.1" 200 3021 "-" "Mozilla/5.0 (compatible; YandexBot/3.0; +http://yandex.com/bots)"
208.115.111.72 - - [12/Jul/2012:21:51:59 +0200] "GET /robots.txt HTTP/1.1" 404 - "-" "Mozilla/5.0 (compatible; Ezooms/1.0; ezooms.bot@gmail.com)"
218.213.138.17 - - [12/Jul/2012:21:58:18 +0200] "GET /robots.txt HTTP/1.1" 404 - "-" "DoCoMo/2.0 P900i(c100;TB;W24H11) (compatible; ichiro/mobile goo; +http://search.goo.ne.jp/option/use/sub4/sub4-1/)"
218.213.138.17 - - [12/Jul/2012:21:58:22 +0200] "GET / HTTP/1.1" 200 3021 "-" "DoCoMo/2.0 P900i(c100;TB;W24H11) (compatible; ichiro/mobile goo; +http://search.goo.ne.jp/option/use/sub4/sub4-1/)"
208.115.111.72 - - [12/Jul/2012:22:08:09 +0200] "GET / HTTP/1.1" 200 3021 "-" "Mozilla/5.0 (compatible; Ezooms/1.0; ezooms.bot@gmail.com)"
123.125.71.15 - - [13/Jul/2012:07:30:59 +0200] "GET / HTTP/1.1" 200 3021 "-" "Mozilla/5.0 (compatible; Baiduspider/2.0; +http://www.baidu.com/search/spider.html)"
220.181.108.81 - - [13/Jul/2012:07:31:34 +0200] "GET / HTTP/1.1" 200 3021 "-" "Mozilla/5.0 (compatible; Baiduspider/2.0; +http://www.baidu.com/search/spider.html)"
65.52.109.8 - - [13/Jul/2012:11:01:42 +0200] "GET /robots.txt HTTP/1.1" 404 - "-" "Mozilla/5.0 (compatible; bingbot/2.0; +http://www.bing.com/bingbot.htm)"
65.52.109.8 - - [13/Jul/2012:11:02:27 +0200] "GET / HTTP/1.1" 304 - "-" "Mozilla/5.0 (compatible; bingbot/2.0; +http://www.bing.com/bingbot.htm)"
65.52.111.212 - - [13/Jul/2012:11:34:43 +0200] "GET / HTTP/1.1" 200 3021 "-" "Mozilla/5.0 (Windows NT 6.1; WOW64) AppleWebKit/534+ (KHTML, like Gecko) BingPreview/1.0b"
157.55.109.179 - - [13/Jul/2012:18:28:09 +0200] "GET /robots.txt HTTP/1.1" 404 - "-" "Mozilla/5.0 (compatible; bingbot/2.0; +http://www.bing.com/bingbot.htm)"
157.55.109.179 - - [13/Jul/2012:18:28:52 +0200] "GET / HTTP/1.1" 200 3021 "-" "Mozilla/5.0 (compatible; bingbot/2.0; +http://www.bing.com/bingbot.htm)"
208.115.113.88 - - [13/Jul/2012:21:23:40 +0200] "GET /robots.txt HTTP/1.1" 404 - "-" "Mozilla/5.0 (compatible; Ezooms/1.0; ezooms.bot@gmail.com)"
208.115.113.88 - - [13/Jul/2012:21:32:50 +0200] "GET / HTTP/1.1" 200 3021 "-" "Mozilla/5.0 (compatible; Ezooms/1.0; ezooms.bot@gmail.com)"
199.187.122.90 - - [13/Jul/2012:21:55:34 +0200] "GET /robots.txt HTTP/1.1" 404 - "-" "Mozilla/4.0 (compatible; MSIE 6.0; Windows NT 5.1; SV1; .NET CLR 2.0.50727)"
199.187.122.90 - - [13/Jul/2012:21:56:08 +0200] "GET / HTTP/1.1" 200 3021 "-" "Mozilla/4.0 (compatible; MSIE 6.0; Windows NT 5.1; SV1; .NET CLR 2.0.50727)"
95.131.48.107 - - [14/Jul/2012:00:10:24 +0200] "HEAD / HTTP/1.1" 200 0 "-" "tlap.hu bot (link checker)"
180.76.5.175 - - [14/Jul/2012:02:34:57 +0200] "GET / HTTP/1.1" 200 3021 "-" "Mozilla/5.0 (compatible; Baiduspider/2.0; +http://www.baidu.com/search/spider.html)"
64.22.106.82 - - [14/Jul/2012:03:22:47 +0200] "GET /robots.txt HTTP/1.0" 404 - "-" "Mozilla/5.0 (compatible; ProCogBot/1.0; +http://www.procog.com/spider.html)"
64.22.106.82 - - [14/Jul/2012:03:22:47 +0200] "GET / HTTP/1.0" 200 3021 "-" "Mozilla/5.0 (compatible; ProCogBot/1.0; +http://www.procog.com/spider.html)"
64.22.106.82 - - [14/Jul/2012:03:23:34 +0200] "GET /robots.txt HTTP/1.0" 404 - "-" "Mozilla/5.0 (compatible; ProCogBot/1.0; +http://www.procog.com/spider.html)"
64.22.106.82 - - [14/Jul/2012:03:23:34 +0200] "GET / HTTP/1.0" 200 3021 "-" "Mozilla/5.0 (compatible; ProCogBot/1.0; +http://www.procog.com/spider.html)"
182.118.22.224 - - [14/Jul/2012:06:31:55 +0200] "GET / HTTP/1.1" 200 3021 "http://195.56.55.225/" "Mozilla/5.0 (Windows; U; Windows NT 5.1; zh-CN; rv:1.8.0.11) Gecko/20070312 Firefox/1.5.0.11; CollapsarTEXT"
216.145.11.94 - - [14/Jul/2012:06:58:38 +0200] "GET /robots.txt HTTP/1.0" 404 - "-" "Mozilla/5.0 (Windows; U; Windows NT 5.1; en; rv:1.9.0.13) Gecko/2009073022 Firefox/3.5.2 (.NET CLR 3.5.30729) SurveyBot/2.3 (DomainTools)"
216.145.11.94 - - [14/Jul/2012:06:58:38 +0200] "GET / HTTP/1.1" 200 3021 "http://whois.domaintools.com/activparty.hu" "Mozilla/5.0 (Windows; U; Windows NT 5.1; en; rv:1.9.0.13) Gecko/2009073022 Firefox/3.5.2 (.NET CLR 3.5.30729) SurveyBot/2.3 (DomainTools)"
95.108.150.235 - - [14/Jul/2012:09:46:30 +0200] "GET /robots.txt HTTP/1.1" 404 - "-" "Mozilla/5.0 (compatible; YandexBot/3.0; +http://yandex.com/bots)"
95.108.150.235 - - [14/Jul/2012:09:46:30 +0200] "GET /robots.txt HTTP/1.1" 404 - "-" "Mozilla/5.0 (compatible; YandexBot/3.0; +http://yandex.com/bots)"
95.108.150.235 - - [14/Jul/2012:09:46:31 +0200] "GET / HTTP/1.1" 200 3021 "-" "Mozilla/5.0 (compatible; YandexBot/3.0; +http://yandex.com/bots)"
95.108.150.235 - - [14/Jul/2012:09:46:31 +0200] "GET / HTTP/1.1" 200 3021 "-" "Mozilla/5.0 (compatible; YandexBot/3.0; +http://yandex.com/bots)"
95.108.150.235 - - [14/Jul/2012:09:46:32 +0200] "GET / HTTP/1.1" 200 3021 "-" "Mozilla/5.0 (compatible; YandexBot/3.0; +http://yandex.com/bots)"
95.108.150.235 - - [14/Jul/2012:09:46:32 +0200] "GET / HTTP/1.1" 200 3021 "-" "Mozilla/5.0 (compatible; YandexBot/3.0; +http://yandex.com/bots)"
80.99.40.218 - - [14/Jul/2012:11:57:29 +0200] "GET / HTTP/1.1" 200 3021 "-" "Java/1.7.0_05"
80.99.40.218 - - [14/Jul/2012:11:57:30 +0200] "GET /aktivparty.html HTTP/1.1" 200 1528 "-" "Java/1.7.0_05"
80.99.40.218 - - [14/Jul/2012:11:57:30 +0200] "GET /js/AC_RunActiveContent.js HTTP/1.1" 200 8321 "-" "Java/1.7.0_05"
108.59.8.80 - - [14/Jul/2012:13:21:26 +0200] "GET /robots.txt HTTP/1.0" 404 - "-" "Mozilla/5.0 (compatible; MJ12bot/v1.4.3; http://www.majestic12.co.uk/bot.php?+)"
108.59.8.80 - - [14/Jul/2012:13:21:27 +0200] "GET / HTTP/1.0" 200 3021 "-" "Mozilla/5.0 (compatible; MJ12bot/v1.4.3; http://www.majestic12.co.uk/bot.php?+)"
119.63.196.19 - - [14/Jul/2012:14:08:45 +0200] "GET /robots.txt HTTP/1.1" 404 - "-" "Baiduspider+(+http://www.baidu.com/search/spider.htm)"
123.125.71.82 - - [14/Jul/2012:20:20:04 +0200] "GET /robots.txt HTTP/1.1" 404 - "-" "Mozilla/5.0 (Windows NT 5.1; rv:6.0.2) Gecko/20100101 Firefox/6.0.2"
220.181.108.153 - - [14/Jul/2012:20:21:02 +0200] "GET / HTTP/1.1" 200 3021 "-" "Mozilla/5.0 (compatible; Baiduspider/2.0; +http://www.baidu.com/search/spider.html)"
176.195.231.151 - - [14/Jul/2012:21:11:42 +0200] "GET / HTTP/1.0" 200 3021 "http://yandex.ru/yandsearch?text=activparty.hu&lr=213" "Mozilla/4.0 (compatible; MSIE 6.0; Windows NT 5.1; SV1; .NET CLR 2.0.50727; .NET CLR 3.0.04506.30)"
84.2.145.54 - - [14/Jul/2012:22:35:46 +0200] "GET / HTTP/1.1" 200 3021 "http://karaoke.lap.hu/budapest/25632069" "Mozilla/5.0 (Windows; U; Windows NT 6.1; hu; rv:1.9.2.13) Gecko/20101203 Firefox/3.6.13"
84.2.145.54 - - [14/Jul/2012:22:35:46 +0200] "GET /images/logo.gif HTTP/1.1" 200 2246 "http://activparty.hu/" "Mozilla/5.0 (Windows; U; Windows NT 6.1; hu; rv:1.9.2.13) Gecko/20101203 Firefox/3.6.13"
84.2.145.54 - - [14/Jul/2012:22:35:46 +0200] "GET /images/letoltes_off.gif HTTP/1.1" 200 821 "http://activparty.hu/" "Mozilla/5.0 (Windows; U; Windows NT 6.1; hu; rv:1.9.2.13) Gecko/20101203 Firefox/3.6.13"
84.2.145.54 - - [14/Jul/2012:22:35:46 +0200] "GET /images/belepes_off.gif HTTP/1.1" 200 772 "http://activparty.hu/" "Mozilla/5.0 (Windows; U; Windows NT 6.1; hu; rv:1.9.2.13) Gecko/20101203 Firefox/3.6.13"
84.2.145.54 - - [14/Jul/2012:22:35:46 +0200] "GET /images/belepes_on.gif HTTP/1.1" 200 771 "http://activparty.hu/" "Mozilla/5.0 (Windows; U; Windows NT 6.1; hu; rv:1.9.2.13) Gecko/20101203 Firefox/3.6.13"
84.2.145.54 - - [14/Jul/2012:22:35:46 +0200] "GET /images/letoltes_on.gif HTTP/1.1" 200 821 "http://activparty.hu/" "Mozilla/5.0 (Windows; U; Windows NT 6.1; hu; rv:1.9.2.13) Gecko/20101203 Firefox/3.6.13"
84.2.145.54 - - [14/Jul/2012:22:35:46 +0200] "GET /favicon.ico HTTP/1.1" 404 - "-" "Mozilla/5.0 (Windows; U; Windows NT 6.1; hu; rv:1.9.2.13) Gecko/20101203 Firefox/3.6.13"
84.2.145.54 - - [14/Jul/2012:22:35:46 +0200] "GET /favicon.ico HTTP/1.1" 404 - "-" "Mozilla/5.0 (Windows; U; Windows NT 6.1; hu; rv:1.9.2.13) Gecko/20101203 Firefox/3.6.13"
84.2.145.54 - - [14/Jul/2012:22:35:49 +0200] "GET /aktivparty.html HTTP/1.1" 200 1528 "http://activparty.hu/" "Mozilla/5.0 (Windows; U; Windows NT 6.1; hu; rv:1.9.2.13) Gecko/20101203 Firefox/3.6.13"
84.2.145.54 - - [14/Jul/2012:22:35:49 +0200] "GET /js/AC_RunActiveContent.js HTTP/1.1" 200 8321 "http://activparty.hu/aktivparty.html" "Mozilla/5.0 (Windows; U; Windows NT 6.1; hu; rv:1.9.2.13) Gecko/20101203 Firefox/3.6.13"
84.2.145.54 - - [14/Jul/2012:22:35:49 +0200] "GET /favicon.ico HTTP/1.1" 404 - "-" "Mozilla/5.0 (Windows; U; Windows NT 6.1; hu; rv:1.9.2.13) Gecko/20101203 Firefox/3.6.13"
84.2.145.54 - - [14/Jul/2012:22:35:49 +0200] "GET /activ_party.swf HTTP/1.1" 200 1771834 "http://activparty.hu/aktivparty.html" "Mozilla/5.0 (Windows; U; Windows NT 6.1; hu; rv:1.9.2.13) Gecko/20101203 Firefox/3.6.13"
205.209.190.116 - - [14/Jul/2012:23:47:44 +0200] "GET /robots.txt HTTP/1.0" 404 - "-" "Mozilla/5.0 (compatible; MJ12bot/v1.4.3; http://www.majestic12.co.uk/bot.php?+)"
205.209.190.116 - - [14/Jul/2012:23:47:50 +0200] "GET / HTTP/1.1" 200 3021 "-" "Mozilla/5.0 (compatible; MJ12bot/v1.4.3; http://www.majestic12.co.uk/bot.php?+)"
205.209.190.116 - - [14/Jul/2012:23:47:53 +0200] "GET /robots.txt HTTP/1.0" 404 - "-" "Mozilla/5.0 (compatible; MJ12bot/v1.4.3; http://www.majestic12.co.uk/bot.php?+)"
205.209.190.116 - - [14/Jul/2012:23:47:58 +0200] "GET / HTTP/1.1" 200 3021 "-" "Mozilla/5.0 (compatible; MJ12bot/v1.4.3; http://www.majestic12.co.uk/bot.php?+)"
123.125.71.39 - - [15/Jul/2012:00:31:01 +0200] "GET / HTTP/1.1" 200 3021 "-" "Mozilla/5.0 (compatible; Baiduspider/2.0; +http://www.baidu.com/search/spider.html)"
220.181.108.94 - - [15/Jul/2012:00:31:33 +0200] "GET / HTTP/1.1" 200 3021 "-" "Mozilla/5.0 (compatible; Baiduspider/2.0; +http://www.baidu.com/search/spider.html)"
180.76.5.96 - - [15/Jul/2012:01:01:11 +0200] "GET / HTTP/1.1" 200 3021 "-" "Mozilla/5.0 (compatible; Baiduspider/2.0; +http://www.baidu.com/search/spider.html)"
157.55.109.179 - - [15/Jul/2012:01:28:38 +0200] "GET /robots.txt HTTP/1.1" 404 - "-" "Mozilla/5.0 (compatible; bingbot/2.0; +http://www.bing.com/bingbot.htm)"
157.55.109.179 - - [15/Jul/2012:01:29:14 +0200] "GET / HTTP/1.1" 200 3021 "-" "Mozilla/5.0 (compatible; bingbot/2.0; +http://www.bing.com/bingbot.htm)"
66.249.72.213 - - [15/Jul/2012:03:39:22 +0200] "GET /robots.txt HTTP/1.1" 404 - "-" "Mozilla/5.0 (compatible; Googlebot/2.1; +http://www.google.com/bot.html)"
66.249.72.213 - - [15/Jul/2012:03:39:22 +0200] "GET /aktivparty.html HTTP/1.1" 304 - "-" "Mozilla/5.0 (compatible; Googlebot/2.1; +http://www.google.com/bot.html)"
77.111.90.197 - - [15/Jul/2012:05:09:39 +0200] "GET / HTTP/1.1" 200 3021 "-" "Mozilla/5.0 (X11; U; Linux i686; en-US; rv:1.9.0.4) Gecko/2008111318 Ubuntu/8.10 (intrepid) Firefox/3.0.4"
66.219.58.41 - - [15/Jul/2012:05:30:59 +0200] "GET /robots.txt HTTP/1.1" 404 - "-" "MLBot (www.metadatalabs.com/mlbot)"
66.219.58.41 - - [15/Jul/2012:05:30:59 +0200] "GET / HTTP/1.1" 200 3021 "-" "MLBot (www.metadatalabs.com/mlbot)"
178.154.210.252 - - [15/Jul/2012:07:18:32 +0200] "GET /robots.txt HTTP/1.1" 404 - "-" "Mozilla/5.0 (compatible; YandexBot/3.0; +http://yandex.com/bots)"
69.28.58.15 - - [15/Jul/2012:08:19:07 +0200] "GET / HTTP/1.0" 200 3021 "http://activparty.hu/" "HuaweiSymantecSpider/1.0+DSE-support@huaweisymantec.com+(compatible; MSIE 7.0; Windows NT 5.1; Trident/4.0; .NET CLR 2.0.50727; .NET CLR 3.0.4506.2152; .NET CLR ; http://www.huaweisymantec.com/en/IRL/spider)"
62.31.187.155 - - [15/Jul/2012:10:27:14 +0200] "GET /robots.txt HTTP/1.0" 404 - "-" "Mozilla/5.0 (compatible; MJ12bot/v1.4.3; http://www.majestic12.co.uk/bot.php?+)"
62.31.187.155 - - [15/Jul/2012:10:27:16 +0200] "GET / HTTP/1.0" 200 3021 "-" "Mozilla/5.0 (compatible; MJ12bot/v1.4.3; http://www.majestic12.co.uk/bot.php?+)"
178.154.210.252 - - [15/Jul/2012:13:20:14 +0200] "GET / HTTP/1.1" 200 3021 "-" "Mozilla/5.0 (compatible; YandexBot/3.0; +http://yandex.com/bots)"
84.224.140.27 - - [15/Jul/2012:15:03:48 +0200] "GET / HTTP/1.1" 200 3021 "http://karaoke.lap.hu/" "Mozilla/5.0 (Windows NT 6.1) AppleWebKit/536.11 (KHTML, like Gecko) Chrome/20.0.1132.57 Safari/536.11"
84.224.140.27 - - [15/Jul/2012:15:03:48 +0200] "GET /images/logo.gif HTTP/1.1" 200 2246 "http://activparty.hu/" "Mozilla/5.0 (Windows NT 6.1) AppleWebKit/536.11 (KHTML, like Gecko) Chrome/20.0.1132.57 Safari/536.11"
84.224.140.27 - - [15/Jul/2012:15:03:48 +0200] "GET /images/belepes_off.gif HTTP/1.1" 200 772 "http://activparty.hu/" "Mozilla/5.0 (Windows NT 6.1) AppleWebKit/536.11 (KHTML, like Gecko) Chrome/20.0.1132.57 Safari/536.11"
84.224.140.27 - - [15/Jul/2012:15:03:48 +0200] "GET /images/letoltes_off.gif HTTP/1.1" 200 821 "http://activparty.hu/" "Mozilla/5.0 (Windows NT 6.1) AppleWebKit/536.11 (KHTML, like Gecko) Chrome/20.0.1132.57 Safari/536.11"
84.224.140.27 - - [15/Jul/2012:15:03:48 +0200] "GET /images/belepes_on.gif HTTP/1.1" 200 771 "http://activparty.hu/" "Mozilla/5.0 (Windows NT 6.1) AppleWebKit/536.11 (KHTML, like Gecko) Chrome/20.0.1132.57 Safari/536.11"
84.224.140.27 - - [15/Jul/2012:15:03:48 +0200] "GET /images/letoltes_on.gif HTTP/1.1" 200 821 "http://activparty.hu/" "Mozilla/5.0 (Windows NT 6.1) AppleWebKit/536.11 (KHTML, like Gecko) Chrome/20.0.1132.57 Safari/536.11"
84.224.140.27 - - [15/Jul/2012:15:03:49 +0200] "GET /favicon.ico HTTP/1.1" 404 - "-" "Mozilla/5.0 (Windows NT 6.1) AppleWebKit/536.11 (KHTML, like Gecko) Chrome/20.0.1132.57 Safari/536.11"
220.181.127.18 - - [15/Jul/2012:21:17:37 +0200] "GET / HTTP/1.1" 200 3021 "http://www.activparty.hu/" "Mozilla/4.0 (compatible; MSIE 6.0; Windows NT 5.1)"
157.55.109.179 - - [16/Jul/2012:01:19:25 +0200] "GET /robots.txt HTTP/1.1" 404 - "-" "Mozilla/5.0 (compatible; bingbot/2.0; +http://www.bing.com/bingbot.htm)"
157.55.109.179 - - [16/Jul/2012:01:20:14 +0200] "GET / HTTP/1.1" 200 3021 "-" "Mozilla/5.0 (compatible; bingbot/2.0; +http://www.bing.com/bingbot.htm)"
66.249.72.90 - - [16/Jul/2012:01:33:43 +0200] "GET /robots.txt HTTP/1.1" 404 - "-" "Mozilla/5.0 (compatible; Googlebot/2.1; +http://www.google.com/bot.html)"
66.249.72.90 - - [16/Jul/2012:01:33:43 +0200] "GET / HTTP/1.1" 200 3021 "-" "Mozilla/5.0 (compatible; Googlebot/2.1; +http://www.google.com/bot.html)"
178.154.210.252 - - [16/Jul/2012:01:53:22 +0200] "GET / HTTP/1.1" 200 3021 "-" "Mozilla/5.0 (compatible; YandexBot/3.0; +http://yandex.com/bots)"
77.249.112.120 - - [16/Jul/2012:04:21:23 +0200] "GET / HTTP/1.1" 200 3021 "-" "Java/1.6.0_33"
77.249.112.120 - - [16/Jul/2012:04:21:23 +0200] "GET /aktivparty.html HTTP/1.1" 200 1528 "-" "Java/1.6.0_33"
77.249.112.120 - - [16/Jul/2012:04:21:24 +0200] "GET /js/AC_RunActiveContent.js HTTP/1.1" 200 8321 "-" "Java/1.6.0_33"
77.75.77.11 - - [16/Jul/2012:10:34:47 +0200] "GET /robots.txt HTTP/1.1" 404 - "-" "SeznamBot/3.0 (+http://fulltext.sblog.cz/)"
77.75.77.11 - - [16/Jul/2012:10:34:47 +0200] "GET / HTTP/1.1" 200 3021 "-" "SeznamBot/3.0 (+http://fulltext.sblog.cz/)"
65.52.109.8 - - [16/Jul/2012:11:18:47 +0200] "GET /robots.txt HTTP/1.1" 404 - "-" "Mozilla/5.0 (compatible; bingbot/2.0; +http://www.bing.com/bingbot.htm)"
178.154.210.252 - - [16/Jul/2012:15:29:35 +0200] "GET /robots.txt HTTP/1.1" 404 - "-" "Mozilla/5.0 (compatible; YandexBot/3.0; +http://yandex.com/bots)"
178.154.210.252 - - [16/Jul/2012:15:29:37 +0200] "GET / HTTP/1.1" 200 3021 "-" "Mozilla/5.0 (compatible; YandexBot/3.0; +http://yandex.com/bots)"
176.9.111.204 - - [16/Jul/2012:15:30:19 +0200] "GET / HTTP/1.1" 200 3021 "-" "Mozilla/4.0 (compatible; MSIE 7.0; Windows NT 5.1)"
65.52.109.8 - - [16/Jul/2012:17:02:36 +0200] "GET /robots.txt HTTP/1.1" 404 - "-" "Mozilla/5.0 (compatible; bingbot/2.0; +http://www.bing.com/bingbot.htm)"
176.74.192.86 - - [16/Jul/2012:18:04:59 +0200] "GET /robots.txt HTTP/1.0" 404 - "-" "-"
207.46.204.173 - - [16/Jul/2012:18:45:30 +0200] "GET / HTTP/1.1" 200 3021 "-" "Mozilla/5.0 (Windows NT 6.1; WOW64) AppleWebKit/534+ (KHTML, like Gecko) BingPreview/1.0b"
65.52.109.8 - - [16/Jul/2012:18:45:39 +0200] "GET / HTTP/1.1" 304 - "-" "Mozilla/5.0 (compatible; bingbot/2.0; +http://www.bing.com/bingbot.htm)"
157.55.109.179 - - [17/Jul/2012:01:57:04 +0200] "GET /robots.txt HTTP/1.1" 404 - "-" "Mozilla/5.0 (compatible; bingbot/2.0; +http://www.bing.com/bingbot.htm)"
157.55.109.179 - - [17/Jul/2012:01:57:47 +0200] "GET / HTTP/1.1" 200 3021 "-" "Mozilla/5.0 (compatible; bingbot/2.0; +http://www.bing.com/bingbot.htm)"
198.245.50.47 - - [17/Jul/2012:04:11:36 +0200] "GET /robots.txt HTTP/1.0" 404 - "-" "Mozilla/5.0 (compatible; MJ12bot/v1.4.3; http://www.majestic12.co.uk/bot.php?+)"
198.245.50.47 - - [17/Jul/2012:04:26:01 +0200] "GET /aktivparty.html HTTP/1.0" 200 1528 "-" "Mozilla/5.0 (compatible; MJ12bot/v1.4.3; http://www.majestic12.co.uk/bot.php?+)"
198.245.50.47 - - [17/Jul/2012:04:26:10 +0200] "GET /robots.txt HTTP/1.0" 404 - "-" "Mozilla/5.0 (compatible; MJ12bot/v1.4.3; http://www.majestic12.co.uk/bot.php?+)"
198.245.50.47 - - [17/Jul/2012:04:26:30 +0200] "GET /aktivparty.html HTTP/1.0" 200 1528 "-" "Mozilla/5.0 (compatible; MJ12bot/v1.4.3; http://www.majestic12.co.uk/bot.php?+)"
184.154.48.82 - - [17/Jul/2012:04:44:56 +0200] "GET /robots.txt HTTP/1.0" 404 - "-" "Mozilla/5.0 (compatible; MJ12bot/v1.4.3; http://www.majestic12.co.uk/bot.php?+)"
184.154.48.82 - - [17/Jul/2012:04:44:58 +0200] "GET / HTTP/1.0" 200 3021 "-" "Mozilla/5.0 (compatible; MJ12bot/v1.4.3; http://www.majestic12.co.uk/bot.php?+)"
66.226.74.198 - - [17/Jul/2012:07:15:15 +0200] "GET / HTTP/1.1" 200 3021 "-" "Mozilla/5.0 (Windows NT 6.1; rv:7.0.1) Gecko/20100101 Firefox/7.0.1"
220.181.108.187 - - [17/Jul/2012:10:54:22 +0200] "GET / HTTP/1.1" 200 3021 "-" "Mozilla/5.0 (compatible; Baiduspider/2.0; +http://www.baidu.com/search/spider.html)"
188.6.51.112 - - [17/Jul/2012:11:10:05 +0200] "GET / HTTP/1.1" 200 3021 "http://www.rendezvenyszervezes.ws/rendezvenyszervezes_budapest/II_kerulet/" "Mozilla/5.0 (Windows NT 6.1; rv:13.0) Gecko/20100101 Firefox/13.0.1"
188.6.51.112 - - [17/Jul/2012:11:10:05 +0200] "GET /images/belepes_off.gif HTTP/1.1" 200 772 "http://www.activparty.hu/" "Mozilla/5.0 (Windows NT 6.1; rv:13.0) Gecko/20100101 Firefox/13.0.1"
188.6.51.112 - - [17/Jul/2012:11:10:05 +0200] "GET /images/letoltes_off.gif HTTP/1.1" 200 821 "http://www.activparty.hu/" "Mozilla/5.0 (Windows NT 6.1; rv:13.0) Gecko/20100101 Firefox/13.0.1"
188.6.51.112 - - [17/Jul/2012:11:10:05 +0200] "GET /images/logo.gif HTTP/1.1" 200 2246 "http://www.activparty.hu/" "Mozilla/5.0 (Windows NT 6.1; rv:13.0) Gecko/20100101 Firefox/13.0.1"
188.6.51.112 - - [17/Jul/2012:11:10:06 +0200] "GET /images/belepes_on.gif HTTP/1.1" 200 771 "http://www.activparty.hu/" "Mozilla/5.0 (Windows NT 6.1; rv:13.0) Gecko/20100101 Firefox/13.0.1"
188.6.51.112 - - [17/Jul/2012:11:10:06 +0200] "GET /images/letoltes_on.gif HTTP/1.1" 200 821 "http://www.activparty.hu/" "Mozilla/5.0 (Windows NT 6.1; rv:13.0) Gecko/20100101 Firefox/13.0.1"
188.6.51.112 - - [17/Jul/2012:11:10:06 +0200] "GET /favicon.ico HTTP/1.1" 404 - "-" "Mozilla/5.0 (Windows NT 6.1; rv:13.0) Gecko/20100101 Firefox/13.0.1"
188.6.51.112 - - [17/Jul/2012:11:10:06 +0200] "GET /favicon.ico HTTP/1.1" 404 - "-" "Mozilla/5.0 (Windows NT 6.1; rv:13.0) Gecko/20100101 Firefox/13.0.1"
188.6.51.112 - - [17/Jul/2012:11:10:06 +0200] "GET /favicon.ico HTTP/1.1" 404 - "-" "Mozilla/5.0 (Windows NT 6.1; rv:13.0) Gecko/20100101 Firefox/13.0.1"
188.6.51.112 - - [17/Jul/2012:11:10:07 +0200] "GET /aktivparty.html HTTP/1.1" 200 1528 "http://www.activparty.hu/" "Mozilla/5.0 (Windows NT 6.1; rv:13.0) Gecko/20100101 Firefox/13.0.1"
188.6.51.112 - - [17/Jul/2012:11:10:07 +0200] "GET /js/AC_RunActiveContent.js HTTP/1.1" 200 8321 "http://www.activparty.hu/aktivparty.html" "Mozilla/5.0 (Windows NT 6.1; rv:13.0) Gecko/20100101 Firefox/13.0.1"
188.6.51.112 - - [17/Jul/2012:11:10:08 +0200] "GET /activ_party.swf HTTP/1.1" 200 1771834 "http://www.activparty.hu/aktivparty.html" "Mozilla/5.0 (Windows NT 6.1; rv:13.0) Gecko/20100101 Firefox/13.0.1"
176.9.111.204 - - [17/Jul/2012:15:39:52 +0200] "GET / HTTP/1.1" 200 3021 "-" "Mozilla/4.0 (compatible; MSIE 7.0; Windows NT 5.1)"
46.107.178.179 - - [17/Jul/2012:17:42:43 +0200] "GET /robots.txt HTTP/1.1" 404 - "-" "Mozilla/4.0 (compatible; MSIE 5.0; Windows NT; DigExt)"
176.195.14.71 - - [17/Jul/2012:19:02:18 +0200] "GET / HTTP/1.0" 200 3021 "http://yandex.ru/yandsearch?text=activparty.hu&lr=213" "Mozilla/4.0 (compatible; MSIE 7.0; Windows NT 5.1; .NET CLR 1.1.4322)"
64.22.106.82 - - [17/Jul/2012:21:29:40 +0200] "GET /robots.txt HTTP/1.0" 404 - "-" "Mozilla/5.0 (compatible; ProCogBot/1.0; +http://www.procog.com/spider.html)"
64.22.106.82 - - [17/Jul/2012:21:29:41 +0200] "GET / HTTP/1.0" 200 3021 "-" "Mozilla/5.0 (compatible; ProCogBot/1.0; +http://www.procog.com/spider.html)"
65.52.108.66 - - [17/Jul/2012:22:58:26 +0200] "GET /robots.txt HTTP/1.1" 404 - "-" "Mozilla/5.0 (compatible; bingbot/2.0; +http://www.bing.com/bingbot.htm)"
65.52.108.66 - - [17/Jul/2012:22:59:17 +0200] "GET / HTTP/1.1" 304 - "-" "Mozilla/5.0 (compatible; bingbot/2.0; +http://www.bing.com/bingbot.htm)"
198.245.50.47 - - [17/Jul/2012:23:58:55 +0200] "GET /robots.txt HTTP/1.0" 404 - "-" "Mozilla/5.0 (compatible; MJ12bot/v1.4.3; http://www.majestic12.co.uk/bot.php?+)"
198.245.50.47 - - [17/Jul/2012:23:58:57 +0200] "GET / HTTP/1.0" 200 3021 "-" "Mozilla/5.0 (compatible; MJ12bot/v1.4.3; http://www.majestic12.co.uk/bot.php?+)"
198.245.50.47 - - [17/Jul/2012:23:58:58 +0200] "GET /robots.txt HTTP/1.0" 404 - "-" "Mozilla/5.0 (compatible; MJ12bot/v1.4.3; http://www.majestic12.co.uk/bot.php?+)"
198.245.50.47 - - [17/Jul/2012:23:59:00 +0200] "GET / HTTP/1.0" 200 3021 "-" "Mozilla/5.0 (compatible; MJ12bot/v1.4.3; http://www.majestic12.co.uk/bot.php?+)"
157.55.109.179 - - [18/Jul/2012:02:23:48 +0200] "GET /robots.txt HTTP/1.1" 404 - "-" "Mozilla/5.0 (compatible; bingbot/2.0; +http://www.bing.com/bingbot.htm)"
157.55.109.179 - - [18/Jul/2012:02:24:46 +0200] "GET / HTTP/1.1" 200 3021 "-" "Mozilla/5.0 (compatible; bingbot/2.0; +http://www.bing.com/bingbot.htm)"
176.74.192.86 - - [18/Jul/2012:02:27:49 +0200] "GET /robots.txt HTTP/1.0" 404 - "-" "-"
77.111.90.197 - - [18/Jul/2012:07:58:23 +0200] "GET / HTTP/1.1" 200 3021 "-" "Mozilla/5.0 (X11; U; Linux i686; en-US; rv:1.9.0.4) Gecko/2008111318 Ubuntu/8.10 (intrepid) Firefox/3.0.4"
123.125.71.102 - - [18/Jul/2012:10:11:59 +0200] "GET /images/logo.gif HTTP/1.1" 200 2246 "http://image.baidu.com/i?ct=503316480&z=0&tn=baiduimagedetail" "Baiduspider-image+(+http://www.baidu.com/search/spider.htm)"
220.181.108.116 - - [18/Jul/2012:13:06:38 +0200] "GET / HTTP/1.1" 200 3021 "-" "Mozilla/5.0 (compatible; Baiduspider/2.0; +http://www.baidu.com/search/spider.html)"
38.125.95.250 - - [18/Jul/2012:18:25:47 +0200] "GET /robots.txt HTTP/1.0" 404 - "-" "Mozilla/5.0 (compatible; Hailoobot/1.2; +http://www.hailoo.com/spider.html)"
38.125.95.250 - - [18/Jul/2012:18:25:47 +0200] "GET / HTTP/1.0" 200 3021 "-" "Mozilla/5.0 (compatible; Hailoobot/1.2; +http://www.hailoo.com/spider.html)"
38.125.95.250 - - [18/Jul/2012:18:26:28 +0200] "GET /robots.txt HTTP/1.0" 404 - "-" "Mozilla/5.0 (compatible; Hailoobot/1.2; +http://www.hailoo.com/spider.html)"
38.125.95.250 - - [18/Jul/2012:18:26:29 +0200] "GET / HTTP/1.0" 200 3021 "-" "Mozilla/5.0 (compatible; Hailoobot/1.2; +http://www.hailoo.com/spider.html)"
220.181.108.104 - - [18/Jul/2012:19:07:44 +0200] "GET /aktivparty.html HTTP/1.1" 200 1528 "-" "Mozilla/5.0 (compatible; Baiduspider/2.0; +http://www.baidu.com/search/spider.html)"
207.46.13.148 - - [18/Jul/2012:19:33:58 +0200] "GET /robots.txt HTTP/1.1" 404 - "-" "Mozilla/5.0 (compatible; bingbot/2.0; +http://www.bing.com/bingbot.htm)"
207.46.13.148 - - [18/Jul/2012:19:48:54 +0200] "GET /activ_party.swf HTTP/1.1" 200 1771834 "-" "Mozilla/5.0 (compatible; bingbot/2.0; +http://www.bing.com/bingbot.htm)"
65.52.108.98 - - [18/Jul/2012:20:01:24 +0200] "GET /aktivparty.html HTTP/1.1" 200 1528 "-" "Mozilla/5.0 (compatible; bingbot/2.0; +http://www.bing.com/bingbot.htm)"
207.46.199.31 - - [18/Jul/2012:20:01:38 +0200] "GET /aktivparty.html HTTP/1.1" 200 1528 "-" "Mozilla/5.0 (Windows NT 6.1; WOW64) AppleWebKit/534+ (KHTML, like Gecko) BingPreview/1.0b"
207.46.199.31 - - [18/Jul/2012:20:01:39 +0200] "GET /js/AC_RunActiveContent.js HTTP/1.1" 200 8321 "http://www.activparty.hu/aktivparty.html" "Mozilla/5.0 (Windows NT 6.1; WOW64) AppleWebKit/534+ (KHTML, like Gecko) BingPreview/1.0b"
209.172.33.20 - - [18/Jul/2012:21:38:38 +0200] "GET /muieblackcat HTTP/1.1" 404 - "-" "-"
209.172.33.20 - - [18/Jul/2012:21:38:38 +0200] "GET //index.php HTTP/1.1" 404 - "-" "-"
209.172.33.20 - - [18/Jul/2012:21:38:39 +0200] "GET //admin/index.php HTTP/1.1" 404 - "-" "-"
209.172.33.20 - - [18/Jul/2012:21:38:39 +0200] "GET //admin/pma/index.php HTTP/1.1" 404 - "-" "-"
209.172.33.20 - - [18/Jul/2012:21:38:39 +0200] "GET //admin/phpmyadmin/index.php HTTP/1.1" 404 - "-" "-"
209.172.33.20 - - [18/Jul/2012:21:38:40 +0200] "GET //db/index.php HTTP/1.1" 404 - "-" "-"
209.172.33.20 - - [18/Jul/2012:21:38:40 +0200] "GET //dbadmin/index.php HTTP/1.1" 404 - "-" "-"
209.172.33.20 - - [18/Jul/2012:21:38:40 +0200] "GET //myadmin/index.php HTTP/1.1" 404 - "-" "-"
209.172.33.20 - - [18/Jul/2012:21:38:41 +0200] "GET //mysql/index.php HTTP/1.1" 404 - "-" "-"
209.172.33.20 - - [18/Jul/2012:21:38:41 +0200] "GET //mysqladmin/index.php HTTP/1.1" 404 - "-" "-"
209.172.33.20 - - [18/Jul/2012:21:38:41 +0200] "GET //typo3/phpmyadmin/index.php HTTP/1.1" 404 - "-" "-"
209.172.33.20 - - [18/Jul/2012:21:38:42 +0200] "GET //phpadmin/index.php HTTP/1.1" 404 - "-" "-"
209.172.33.20 - - [18/Jul/2012:21:38:42 +0200] "GET //phpMyAdmin/index.php HTTP/1.1" 404 - "-" "-"
209.172.33.20 - - [18/Jul/2012:21:38:42 +0200] "GET //phpmyadmin/index.php HTTP/1.1" 404 - "-" "-"
209.172.33.20 - - [18/Jul/2012:21:38:42 +0200] "GET //phpmyadmin1/index.php HTTP/1.1" 404 - "-" "-"
209.172.33.20 - - [18/Jul/2012:21:38:43 +0200] "GET //phpmyadmin2/index.php HTTP/1.1" 404 - "-" "-"
209.172.33.20 - - [18/Jul/2012:21:38:43 +0200] "GET //pma/index.php HTTP/1.1" 404 - "-" "-"
209.172.33.20 - - [18/Jul/2012:21:38:43 +0200] "GET //web/phpMyAdmin/index.php HTTP/1.1" 404 - "-" "-"
209.172.33.20 - - [18/Jul/2012:21:38:44 +0200] "GET //xampp/phpmyadmin/index.php HTTP/1.1" 404 - "-" "-"
209.172.33.20 - - [18/Jul/2012:21:38:44 +0200] "GET //web/index.php HTTP/1.1" 404 - "-" "-"
209.172.33.20 - - [18/Jul/2012:21:38:44 +0200] "GET //php-my-admin/index.php HTTP/1.1" 404 - "-" "-"
209.172.33.20 - - [18/Jul/2012:21:38:45 +0200] "GET //websql/index.php HTTP/1.1" 404 - "-" "-"
209.172.33.20 - - [18/Jul/2012:21:38:45 +0200] "GET //phpmyadmin/index.php HTTP/1.1" 404 - "-" "-"
209.172.33.20 - - [18/Jul/2012:21:38:45 +0200] "GET //phpMyAdmin/index.php HTTP/1.1" 404 - "-" "-"
209.172.33.20 - - [18/Jul/2012:21:38:45 +0200] "GET //phpMyAdmin-2/index.php HTTP/1.1" 404 - "-" "-"
209.172.33.20 - - [18/Jul/2012:21:38:46 +0200] "GET //php-my-admin/index.php HTTP/1.1" 404 - "-" "-"
209.172.33.20 - - [18/Jul/2012:21:38:46 +0200] "GET //phpMyAdmin-2.2.3/index.php HTTP/1.1" 404 - "-" "-"
209.172.33.20 - - [18/Jul/2012:21:38:46 +0200] "GET //phpMyAdmin-2.2.6/index.php HTTP/1.1" 404 - "-" "-"
209.172.33.20 - - [18/Jul/2012:21:38:46 +0200] "GET //phpMyAdmin-2.5.1/index.php HTTP/1.1" 404 - "-" "-"
209.172.33.20 - - [18/Jul/2012:21:38:47 +0200] "GET //phpMyAdmin-2.5.4/index.php HTTP/1.1" 404 - "-" "-"
209.172.33.20 - - [18/Jul/2012:21:38:47 +0200] "GET //phpMyAdmin-2.5.5-rc1/index.php HTTP/1.1" 404 - "-" "-"
209.172.33.20 - - [18/Jul/2012:21:38:47 +0200] "GET //phpMyAdmin-2.5.5-rc2/index.php HTTP/1.1" 404 - "-" "-"
209.172.33.20 - - [18/Jul/2012:21:38:48 +0200] "GET //phpMyAdmin-2.5.5/index.php HTTP/1.1" 404 - "-" "-"
209.172.33.20 - - [18/Jul/2012:21:38:48 +0200] "GET //phpMyAdmin-2.5.5-pl1/index.php HTTP/1.1" 404 - "-" "-"
209.172.33.20 - - [18/Jul/2012:21:38:49 +0200] "GET //phpMyAdmin-2.5.6-rc1/index.php HTTP/1.1" 404 - "-" "-"
209.172.33.20 - - [18/Jul/2012:21:38:49 +0200] "GET //phpMyAdmin-2.5.6-rc2/index.php HTTP/1.1" 404 - "-" "-"
209.172.33.20 - - [18/Jul/2012:21:38:49 +0200] "GET //phpMyAdmin-2.5.6/index.php HTTP/1.1" 404 - "-" "-"
209.172.33.20 - - [18/Jul/2012:21:38:50 +0200] "GET //phpMyAdmin-2.5.7/index.php HTTP/1.1" 404 - "-" "-"
209.172.33.20 - - [18/Jul/2012:21:38:50 +0200] "GET //phpMyAdmin-2.5.7-pl1/index.php HTTP/1.1" 404 - "-" "-"
157.55.109.179 - - [18/Jul/2012:21:53:30 +0200] "GET /robots.txt HTTP/1.1" 404 - "-" "Mozilla/5.0 (compatible; bingbot/2.0; +http://www.bing.com/bingbot.htm)"
157.55.109.179 - - [18/Jul/2012:21:54:16 +0200] "GET / HTTP/1.1" 200 3021 "-" "Mozilla/5.0 (compatible; bingbot/2.0; +http://www.bing.com/bingbot.htm)"
64.22.106.82 - - [19/Jul/2012:00:01:37 +0200] "GET /robots.txt HTTP/1.0" 404 - "-" "Mozilla/5.0 (compatible; ProCogBot/1.0; +http://www.procog.com/spider.html)"
64.22.106.82 - - [19/Jul/2012:00:01:38 +0200] "GET / HTTP/1.0" 200 3021 "-" "Mozilla/5.0 (compatible; ProCogBot/1.0; +http://www.procog.com/spider.html)"
123.125.71.89 - - [19/Jul/2012:01:39:38 +0200] "GET /robots.txt HTTP/1.1" 404 - "-" "Mozilla/5.0 (Windows NT 5.1; rv:6.0.2) Gecko/20100101 Firefox/6.0.2"
220.181.108.177 - - [19/Jul/2012:06:08:16 +0200] "GET / HTTP/1.1" 200 3021 "-" "Mozilla/5.0 (compatible; Baiduspider/2.0; +http://www.baidu.com/search/spider.html)"
80.121.102.11 - - [19/Jul/2012:06:55:29 +0200] "GET / HTTP/1.0" 200 3021 "-" "-"
80.99.40.218 - - [19/Jul/2012:07:01:32 +0200] "GET / HTTP/1.1" 200 3021 "-" "Java/1.7.0_05"
80.99.40.218 - - [19/Jul/2012:07:01:37 +0200] "GET /aktivparty.html HTTP/1.1" 200 1528 "-" "Java/1.7.0_05"
80.99.40.218 - - [19/Jul/2012:07:01:42 +0200] "GET /js/AC_RunActiveContent.js HTTP/1.1" 200 8321 "-" "Java/1.7.0_05"
178.255.215.73 - - [19/Jul/2012:11:07:58 +0200] "GET /robots.txt HTTP/1.1" 404 - "-" "Mozilla/5.0 (compatible; Exabot/3.0; +http://www.exabot.com/go/robot)"
178.255.215.73 - - [19/Jul/2012:11:07:59 +0200] "GET / HTTP/1.1" 304 - "-" "Mozilla/5.0 (compatible; Exabot/3.0; +http://www.exabot.com/go/robot)"
123.125.71.99 - - [19/Jul/2012:11:11:49 +0200] "GET /robots.txt HTTP/1.1" 404 - "-" "Mozilla/5.0 (Windows NT 5.1; rv:6.0.2) Gecko/20100101 Firefox/6.0.2"
83.233.186.82 - - [19/Jul/2012:15:52:31 +0200] "GET / HTTP/1.1" 200 3021 "-" "Mozilla/4.0 (CMS Crawler: http://www.cmscrawler.com)"
46.107.178.179 - - [19/Jul/2012:16:33:43 +0200] "GET /robots.txt HTTP/1.1" 404 - "-" "Mozilla/4.0 (compatible; MSIE 5.0; Windows NT; DigExt)"
157.55.110.45 - - [19/Jul/2012:18:43:59 +0200] "GET /robots.txt HTTP/1.1" 404 - "-" "Mozilla/5.0 (compatible; bingbot/2.0; +http://www.bing.com/bingbot.htm)"
157.55.110.45 - - [19/Jul/2012:18:44:51 +0200] "GET / HTTP/1.1" 200 3021 "-" "Mozilla/5.0 (compatible; bingbot/2.0; +http://www.bing.com/bingbot.htm)"
213.186.127.5 - - [19/Jul/2012:18:56:20 +0200] "GET /aktivparty.html HTTP/1.1" 200 1528 "-" "Mozilla/5.0 (compatible; AhrefsBot/3.1; +http://ahrefs.com/robot/)"
89.134.100.36 - - [19/Jul/2012:19:18:40 +0200] "GET / HTTP/1.1" 200 3021 "-" "Java/1.6.0_21"
89.134.100.36 - - [19/Jul/2012:19:18:40 +0200] "GET /aktivparty.html HTTP/1.1" 200 1528 "-" "Java/1.6.0_21"
89.134.100.36 - - [19/Jul/2012:19:18:40 +0200] "GET /js/AC_RunActiveContent.js HTTP/1.1" 200 8321 "-" "Java/1.6.0_21"
66.249.72.213 - - [19/Jul/2012:19:34:42 +0200] "GET /robots.txt HTTP/1.1" 404 - "-" "Mozilla/5.0 (compatible; Googlebot/2.1; +http://www.google.com/bot.html)"
66.249.72.213 - - [19/Jul/2012:19:34:42 +0200] "GET / HTTP/1.1" 200 3021 "-" "Mozilla/5.0 (compatible; Googlebot/2.1; +http://www.google.com/bot.html)"
77.75.77.17 - - [19/Jul/2012:21:04:17 +0200] "GET /robots.txt HTTP/1.1" 404 - "-" "SeznamBot/3.0 (+http://fulltext.sblog.cz/)"
77.75.77.17 - - [19/Jul/2012:21:04:17 +0200] "GET / HTTP/1.1" 304 - "-" "SeznamBot/3.0 (+http://fulltext.sblog.cz/)"
72.233.72.139 - - [19/Jul/2012:21:40:18 +0200] "GET / HTTP/1.1" 200 3021 "-" "Mozilla/5.0 (X11; U; Linux x86_64; en-US; rv:1.9.2.16) Gecko/20110323 Ubuntu/10.10 (maverick) Firefox/3.6.16"
213.186.127.28 - - [20/Jul/2012:00:56:17 +0200] "GET / HTTP/1.1" 200 3021 "-" "Mozilla/5.0 (compatible; AhrefsBot/3.1; +http://ahrefs.com/robot/)"
176.195.45.184 - - [20/Jul/2012:05:25:28 +0200] "GET / HTTP/1.0" 200 3021 "http://yandex.ru/yandsearch?text=activparty.hu&lr=213" "Mozilla/4.0 (compatible; MSIE 7.0; Windows NT 5.1; .NET CLR 1.1.4322; .NET CLR 2.0.50727; .NET CLR 3.0.4506.2152; .NET CLR 3.5.30729; InfoPath.2)"
66.249.72.90 - - [20/Jul/2012:10:33:41 +0200] "GET /robots.txt HTTP/1.1" 404 - "-" "Mozilla/5.0 (compatible; Googlebot/2.1; +http://www.google.com/bot.html)"
66.249.72.90 - - [20/Jul/2012:10:33:42 +0200] "GET / HTTP/1.1" 200 3021 "-" "Mozilla/5.0 (compatible; Googlebot/2.1; +http://www.google.com/bot.html)"
89.133.137.15 - - [20/Jul/2012:14:26:32 +0200] "GET / HTTP/1.1" 200 3021 "http://www.rendezvenyszervezes.ws/rendezvenyszervezes_budapest/II_kerulet/" "Mozilla/5.0 (Windows NT 6.1; WOW64) AppleWebKit/536.11 (KHTML, like Gecko) Chrome/20.0.1132.57 Safari/536.11"
89.133.137.15 - - [20/Jul/2012:14:26:33 +0200] "GET /images/logo.gif HTTP/1.1" 200 2246 "http://www.activparty.hu/" "Mozilla/5.0 (Windows NT 6.1; WOW64) AppleWebKit/536.11 (KHTML, like Gecko) Chrome/20.0.1132.57 Safari/536.11"
89.133.137.15 - - [20/Jul/2012:14:26:33 +0200] "GET /images/letoltes_off.gif HTTP/1.1" 200 821 "http://www.activparty.hu/" "Mozilla/5.0 (Windows NT 6.1; WOW64) AppleWebKit/536.11 (KHTML, like Gecko) Chrome/20.0.1132.57 Safari/536.11"
89.133.137.15 - - [20/Jul/2012:14:26:33 +0200] "GET /images/belepes_off.gif HTTP/1.1" 200 772 "http://www.activparty.hu/" "Mozilla/5.0 (Windows NT 6.1; WOW64) AppleWebKit/536.11 (KHTML, like Gecko) Chrome/20.0.1132.57 Safari/536.11"
89.133.137.15 - - [20/Jul/2012:14:26:33 +0200] "GET /favicon.ico HTTP/1.1" 404 - "-" "Mozilla/5.0 (Windows NT 6.1; WOW64) AppleWebKit/536.11 (KHTML, like Gecko) Chrome/20.0.1132.57 Safari/536.11"
89.133.137.15 - - [20/Jul/2012:14:26:33 +0200] "GET /images/belepes_on.gif HTTP/1.1" 200 771 "http://www.activparty.hu/" "Mozilla/5.0 (Windows NT 6.1; WOW64) AppleWebKit/536.11 (KHTML, like Gecko) Chrome/20.0.1132.57 Safari/536.11"
89.133.137.15 - - [20/Jul/2012:14:26:33 +0200] "GET /images/letoltes_on.gif HTTP/1.1" 200 821 "http://www.activparty.hu/" "Mozilla/5.0 (Windows NT 6.1; WOW64) AppleWebKit/536.11 (KHTML, like Gecko) Chrome/20.0.1132.57 Safari/536.11"
89.133.137.15 - - [20/Jul/2012:14:26:35 +0200] "GET /aktivparty.html HTTP/1.1" 200 1528 "http://www.activparty.hu/" "Mozilla/5.0 (Windows NT 6.1; WOW64) AppleWebKit/536.11 (KHTML, like Gecko) Chrome/20.0.1132.57 Safari/536.11"
89.133.137.15 - - [20/Jul/2012:14:26:35 +0200] "GET /js/AC_RunActiveContent.js HTTP/1.1" 200 8321 "http://www.activparty.hu/aktivparty.html" "Mozilla/5.0 (Windows NT 6.1; WOW64) AppleWebKit/536.11 (KHTML, like Gecko) Chrome/20.0.1132.57 Safari/536.11"
89.133.137.15 - - [20/Jul/2012:14:26:36 +0200] "GET /favicon.ico HTTP/1.1" 404 - "-" "Mozilla/5.0 (Windows NT 6.1; WOW64) AppleWebKit/536.11 (KHTML, like Gecko) Chrome/20.0.1132.57 Safari/536.11"
89.133.137.15 - - [20/Jul/2012:14:26:37 +0200] "GET /activ_party.swf HTTP/1.1" 200 1771834 "http://www.activparty.hu/aktivparty.html" "Mozilla/5.0 (Windows NT 6.1; WOW64) AppleWebKit/536.11 (KHTML, like Gecko) Chrome/20.0.1132.57 Safari/536.11"
89.134.100.36 - - [20/Jul/2012:16:10:36 +0200] "GET / HTTP/1.1" 200 3021 "-" "Java/1.6.0_21"
89.134.100.36 - - [20/Jul/2012:16:10:36 +0200] "GET /aktivparty.html HTTP/1.1" 200 1528 "-" "Java/1.6.0_21"
89.134.100.36 - - [20/Jul/2012:16:10:36 +0200] "GET /js/AC_RunActiveContent.js HTTP/1.1" 200 8321 "-" "Java/1.6.0_21"
157.55.110.45 - - [20/Jul/2012:18:39:32 +0200] "GET /robots.txt HTTP/1.1" 404 - "-" "Mozilla/5.0 (compatible; bingbot/2.0; +http://www.bing.com/bingbot.htm)"
157.55.110.45 - - [20/Jul/2012:18:40:24 +0200] "GET / HTTP/1.1" 200 3021 "-" "Mozilla/5.0 (compatible; bingbot/2.0; +http://www.bing.com/bingbot.htm)"
213.93.87.91 - - [21/Jul/2012:00:21:06 +0200] "GET /robots.txt HTTP/1.0" 404 - "-" "Mozilla/5.0 (compatible; MJ12bot/v1.4.3; http://www.majestic12.co.uk/bot.php?+)"
213.93.87.91 - - [21/Jul/2012:00:21:09 +0200] "GET / HTTP/1.1" 200 3021 "-" "Mozilla/5.0 (compatible; MJ12bot/v1.4.3; http://www.majestic12.co.uk/bot.php?+)"
213.93.87.91 - - [21/Jul/2012:00:21:09 +0200] "GET /robots.txt HTTP/1.0" 404 - "-" "Mozilla/5.0 (compatible; MJ12bot/v1.4.3; http://www.majestic12.co.uk/bot.php?+)"
213.93.87.91 - - [21/Jul/2012:00:21:11 +0200] "GET / HTTP/1.1" 200 3021 "-" "Mozilla/5.0 (compatible; MJ12bot/v1.4.3; http://www.majestic12.co.uk/bot.php?+)"
123.125.71.45 - - [21/Jul/2012:02:32:19 +0200] "GET / HTTP/1.1" 200 3021 "-" "Mozilla/5.0 (compatible; Baiduspider/2.0; +http://www.baidu.com/search/spider.html)"
220.181.108.117 - - [21/Jul/2012:02:32:56 +0200] "GET / HTTP/1.1" 200 3021 "-" "Mozilla/5.0 (compatible; Baiduspider/2.0; +http://www.baidu.com/search/spider.html)"
198.101.171.18 - - [21/Jul/2012:07:01:53 +0200] "GET /robots.txt HTTP/1.0" 404 - "-" "Punk Spider/PunkSPIDER-v0.1"
198.101.171.18 - - [21/Jul/2012:07:01:53 +0200] "GET / HTTP/1.0" 200 3021 "-" "Punk Spider/PunkSPIDER-v0.1"
212.7.194.137 - - [21/Jul/2012:12:31:49 +0200] "GET / HTTP/1.1" 200 3021 "-" "Mozilla/4.0 (compatible; MSIE 8.0; Windows NT 6.1; Trident/4.0)"
62.212.73.211 - - [21/Jul/2012:13:41:37 +0200] "GET /robots.txt HTTP/1.0" 404 - "-" "Mozilla/5.0 (compatible; MJ12bot/v1.4.3; http://www.majestic12.co.uk/bot.php?+)"
62.212.73.211 - - [21/Jul/2012:13:41:38 +0200] "GET / HTTP/1.0" 200 3021 "-" "Mozilla/5.0 (compatible; MJ12bot/v1.4.3; http://www.majestic12.co.uk/bot.php?+)"
178.154.210.252 - - [21/Jul/2012:13:57:20 +0200] "GET /robots.txt HTTP/1.1" 404 - "-" "Mozilla/5.0 (compatible; YandexBot/3.0; +http://yandex.com/bots)"
66.249.72.213 - - [21/Jul/2012:14:45:42 +0200] "GET /robots.txt HTTP/1.1" 404 - "-" "Mozilla/5.0 (compatible; Googlebot/2.1; +http://www.google.com/bot.html)"
66.249.72.213 - - [21/Jul/2012:14:45:43 +0200] "GET / HTTP/1.1" 200 3021 "-" "Mozilla/5.0 (iPhone; U; CPU iPhone OS 4_1 like Mac OS X; en-us) AppleWebKit/532.9 (KHTML, like Gecko) Version/4.0.5 Mobile/8B117 Safari/6531.22.7 (compatible; Googlebot-Mobile/2.1; +http://www.google.com/bot.html)"
178.154.210.252 - - [21/Jul/2012:15:35:50 +0200] "GET / HTTP/1.1" 200 3021 "-" "Mozilla/5.0 (compatible; YandexBot/3.0; +http://yandex.com/bots)"
157.55.110.45 - - [21/Jul/2012:17:49:21 +0200] "GET /robots.txt HTTP/1.1" 404 - "-" "Mozilla/5.0 (compatible; bingbot/2.0; +http://www.bing.com/bingbot.htm)"
157.55.110.45 - - [21/Jul/2012:17:50:14 +0200] "GET / HTTP/1.1" 200 3021 "-" "Mozilla/5.0 (compatible; bingbot/2.0; +http://www.bing.com/bingbot.htm)"
66.219.58.45 - - [22/Jul/2012:04:32:29 +0200] "GET /robots.txt HTTP/1.1" 404 - "-" "MLBot (www.metadatalabs.com/mlbot)"
66.219.58.45 - - [22/Jul/2012:04:32:29 +0200] "GET / HTTP/1.1" 200 3021 "-" "MLBot (www.metadatalabs.com/mlbot)"
66.219.58.45 - - [22/Jul/2012:04:45:24 +0200] "GET /aktivparty.html HTTP/1.1" 200 1528 "-" "MLBot (www.metadatalabs.com/mlbot)"
77.111.90.197 - - [22/Jul/2012:06:10:58 +0200] "GET / HTTP/1.1" 200 3021 "-" "Mozilla/5.0 (X11; U; Linux i686; en-US; rv:1.9.0.4) Gecko/2008111318 Ubuntu/8.10 (intrepid) Firefox/3.0.4"
178.255.215.73 - - [22/Jul/2012:08:16:06 +0200] "GET /robots.txt HTTP/1.1" 404 - "-" "Mozilla/5.0 (compatible; Exabot/3.0; +http://www.exabot.com/go/robot)"
178.255.215.73 - - [22/Jul/2012:08:16:06 +0200] "GET / HTTP/1.1" 200 3021 "-" "Mozilla/5.0 (compatible; Exabot/3.0; +http://www.exabot.com/go/robot)"
66.249.71.232 - - [22/Jul/2012:09:47:51 +0200] "GET /robots.txt HTTP/1.1" 404 - "-" "Mozilla/5.0 (compatible; Googlebot/2.1; +http://www.google.com/bot.html)"
66.249.71.232 - - [22/Jul/2012:09:47:51 +0200] "GET / HTTP/1.1" 200 3021 "-" "Mozilla/5.0 (compatible; Googlebot/2.1; +http://www.google.com/bot.html)"
208.115.113.88 - - [22/Jul/2012:11:23:53 +0200] "GET /robots.txt HTTP/1.1" 404 - "-" "Mozilla/5.0 (compatible; Ezooms/1.0; ezooms.bot@gmail.com)"
208.115.113.88 - - [22/Jul/2012:11:40:56 +0200] "GET /aktivparty.html HTTP/1.1" 200 1528 "-" "Mozilla/5.0 (compatible; Ezooms/1.0; ezooms.bot@gmail.com)"
208.115.113.88 - - [22/Jul/2012:17:33:08 +0200] "GET /robots.txt HTTP/1.1" 404 - "-" "Mozilla/5.0 (compatible; Ezooms/1.0; ezooms.bot@gmail.com)"
208.115.113.88 - - [22/Jul/2012:17:50:06 +0200] "GET /aktivparty.html HTTP/1.1" 200 1528 "-" "Mozilla/5.0 (compatible; Ezooms/1.0; ezooms.bot@gmail.com)"
157.55.110.45 - - [22/Jul/2012:18:24:58 +0200] "GET /robots.txt HTTP/1.1" 404 - "-" "Mozilla/5.0 (compatible; bingbot/2.0; +http://www.bing.com/bingbot.htm)"
157.55.110.45 - - [22/Jul/2012:18:25:45 +0200] "GET / HTTP/1.1" 200 3021 "-" "Mozilla/5.0 (compatible; bingbot/2.0; +http://www.bing.com/bingbot.htm)"
217.212.224.183 - - [22/Jul/2012:18:36:14 +0200] "GET /robots.txt HTTP/1.0" 404 - "-" "psbot/0.1 (+http://www.picsearch.com/bot.html)"
217.212.224.182 - - [22/Jul/2012:18:36:14 +0200] "GET / HTTP/1.0" 304 - "-" "psbot/0.1 (+http://www.picsearch.com/bot.html)"
213.186.120.196 - - [22/Jul/2012:21:20:00 +0200] "GET /robots.txt HTTP/1.1" 404 - "-" "Mozilla/5.0 (compatible; AhrefsBot/3.1; +http://ahrefs.com/robot/)"
213.186.120.196 - - [22/Jul/2012:21:20:00 +0200] "GET /robots.txt HTTP/1.1" 404 - "-" "Mozilla/5.0 (compatible; AhrefsBot/3.1; +http://ahrefs.com/robot/)"
213.186.120.196 - - [22/Jul/2012:21:23:53 +0200] "GET /robots.txt HTTP/1.1" 404 - "-" "Mozilla/5.0 (compatible; AhrefsBot/3.1; +http://ahrefs.com/robot/)"
213.186.120.196 - - [22/Jul/2012:21:23:53 +0200] "GET /robots.txt HTTP/1.1" 404 - "-" "Mozilla/5.0 (compatible; AhrefsBot/3.1; +http://ahrefs.com/robot/)"
173.236.21.106 - - [23/Jul/2012:00:11:22 +0200] "GET /robots.txt HTTP/1.0" 404 - "-" "Mozilla/5.0 (compatible; MJ12bot/v1.4.3; http://www.majestic12.co.uk/bot.php?+)"
173.236.21.106 - - [23/Jul/2012:00:11:23 +0200] "GET /aktivparty.html HTTP/1.0" 200 1528 "-" "Mozilla/5.0 (compatible; MJ12bot/v1.4.3; http://www.majestic12.co.uk/bot.php?+)"
173.236.21.106 - - [23/Jul/2012:00:11:24 +0200] "GET /robots.txt HTTP/1.0" 404 - "-" "Mozilla/5.0 (compatible; MJ12bot/v1.4.3; http://www.majestic12.co.uk/bot.php?+)"
173.236.21.106 - - [23/Jul/2012:00:11:27 +0200] "GET /aktivparty.html HTTP/1.0" 200 1528 "-" "Mozilla/5.0 (compatible; MJ12bot/v1.4.3; http://www.majestic12.co.uk/bot.php?+)"
83.233.186.82 - - [23/Jul/2012:00:58:54 +0200] "GET / HTTP/1.1" 200 3021 "-" "Mozilla/4.0 (CMS Crawler: http://www.cmscrawler.com)"
157.55.17.201 - - [23/Jul/2012:05:31:54 +0200] "GET /robots.txt HTTP/1.1" 404 - "-" "Mozilla/5.0 (compatible; bingbot/2.0; +http://www.bing.com/bingbot.htm)"
207.46.204.211 - - [23/Jul/2012:05:35:28 +0200] "GET / HTTP/1.1" 200 3021 "-" "Mozilla/5.0 (Windows NT 6.1; WOW64) AppleWebKit/534+ (KHTML, like Gecko) BingPreview/1.0b"
81.144.138.34 - - [23/Jul/2012:07:14:33 +0200] "GET /robots.txt HTTP/1.1" 404 - "-" "Wotbox/2.01 (+http://www.wotbox.com/bot/)"
81.144.138.34 - - [23/Jul/2012:07:14:44 +0200] "GET / HTTP/1.1" 200 3021 "-" "Wotbox/2.01 (+http://www.wotbox.com/bot/)"
81.144.138.34 - - [23/Jul/2012:07:14:50 +0200] "GET /aktivparty.html HTTP/1.1" 200 1528 "-" "Wotbox/2.01 (+http://www.wotbox.com/bot/)"
84.0.168.37 - - [23/Jul/2012:11:48:05 +0200] "GET / HTTP/1.1" 200 3021 "http://www.kreativkatalogus.hu/ugynokseg/reszletek.php?nodeId=1096" "Mozilla/5.0 (Windows NT 5.1) AppleWebKit/536.11 (KHTML, like Gecko) Chrome/20.0.1132.57 Safari/536.11"
