79.122.33.192 - - [20/Sep/2012:08:56:47 +0200] "GET /images/casino.jpg HTTP/1.1" 200 18223 "http://activparty.hu/casino.html" "Mozilla/5.0 (compatible; MSIE 9.0; Windows NT 6.1; WOW64; Trident/5.0)"
79.122.33.192 - - [20/Sep/2012:08:56:47 +0200] "GET /images/casino.jpg HTTP/1.1" 200 18223 "http://activparty.hu/casino.html" "Mozilla/5.0 (compatible; MSIE 9.0; Windows NT 6.1; WOW64; Trident/5.0)"
79.122.33.192 - - [20/Sep/2012:08:56:48 +0200] "GET /images/alap.jpg HTTP/1.1" 200 34327 "http://activparty.hu/casino.html" "Mozilla/5.0 (compatible; MSIE 9.0; Windows NT 6.1; WOW64; Trident/5.0)"
79.122.33.192 - - [20/Sep/2012:08:56:48 +0200] "GET /favicon.ico HTTP/1.1" 404 - "-" "Mozilla/5.0 (compatible; MSIE 9.0; Windows NT 6.1; WOW64; Trident/5.0)"
79.122.33.192 - - [20/Sep/2012:08:57:00 +0200] "GET /karaoke.html HTTP/1.1" 200 4266 "http://activparty.hu/activ_party.swf" "Mozilla/5.0 (compatible; MSIE 9.0; Windows NT 6.1; WOW64; Trident/5.0)"
79.122.33.192 - - [20/Sep/2012:08:57:00 +0200] "GET /images/karaoke.jpg HTTP/1.1" 200 25297 "http://activparty.hu/karaoke.html" "Mozilla/5.0 (compatible; MSIE 9.0; Windows NT 6.1; WOW64; Trident/5.0)"
123.125.71.114 - - [20/Sep/2012:12:37:28 +0200] "GET /robots.txt HTTP/1.1" 404 - "-" "Mozilla/5.0 (Windows NT 5.1; rv:6.0.2) Gecko/20100101 Firefox/6.0.2"
85.254.59.99 - - [20/Sep/2012:13:37:30 +0200] "GET / HTTP/1.1" 200 3021 "-" "Mozilla/4.0 (compatible; MSIE 6.0; Windows NT 5.0; .NET CLR 1.1.4322)"
66.249.66.71 - - [20/Sep/2012:18:18:55 +0200] "GET /robots.txt HTTP/1.1" 404 - "-" "Mozilla/5.0 (compatible; Googlebot/2.1; +http://www.google.com/bot.html)"
66.249.66.71 - - [20/Sep/2012:18:18:55 +0200] "GET / HTTP/1.1" 200 3021 "-" "Mozilla/5.0 (compatible; Googlebot/2.1; +http://www.google.com/bot.html)"
208.107.163.102 - - [20/Sep/2012:18:44:37 +0200] "GET /robots.txt HTTP/1.0" 404 - "-" "Mozilla/5.0 (compatible; MJ12bot/v1.4.3; http://www.majestic12.co.uk/bot.php?+)"
208.107.163.102 - - [20/Sep/2012:18:44:42 +0200] "GET / HTTP/1.1" 200 3021 "-" "Mozilla/5.0 (compatible; MJ12bot/v1.4.3; http://www.majestic12.co.uk/bot.php?+)"
208.107.163.102 - - [20/Sep/2012:18:44:47 +0200] "GET /robots.txt HTTP/1.0" 404 - "-" "Mozilla/5.0 (compatible; MJ12bot/v1.4.3; http://www.majestic12.co.uk/bot.php?+)"
208.107.163.102 - - [20/Sep/2012:18:44:52 +0200] "GET / HTTP/1.1" 200 3021 "-" "Mozilla/5.0 (compatible; MJ12bot/v1.4.3; http://www.majestic12.co.uk/bot.php?+)"
178.140.187.142 - - [20/Sep/2012:19:39:50 +0200] "GET / HTTP/1.0" 200 3021 "http://yandex.ru/yandsearch?text=activparty.hu&lr=213" "Mozilla/4.0 (compatible; MSIE 6.0; Windows NT 5.1; SV1)"
178.255.215.73 - - [20/Sep/2012:20:11:39 +0200] "GET /robots.txt HTTP/1.1" 404 - "-" "Mozilla/5.0 (compatible; Exabot/3.0; +http://www.exabot.com/go/robot)"
178.255.215.73 - - [20/Sep/2012:20:11:39 +0200] "GET / HTTP/1.1" 200 3021 "-" "Mozilla/5.0 (compatible; Exabot/3.0; +http://www.exabot.com/go/robot)"
178.154.210.252 - - [20/Sep/2012:20:29:37 +0200] "GET /robots.txt HTTP/1.1" 404 - "-" "Mozilla/5.0 (compatible; YandexBot/3.0; +http://yandex.com/bots)"
178.164.253.84 - - [21/Sep/2012:00:13:09 +0200] "GET / HTTP/1.1" 200 3021 "http://karaoke.lap.hu/" "Mozilla/5.0 (Macintosh; Intel Mac OS X 10.7; rv:15.0) Gecko/20100101 Firefox/15.0.1"
178.164.253.84 - - [21/Sep/2012:00:13:09 +0200] "GET /images/logo.gif HTTP/1.1" 200 2246 "http://activparty.hu/" "Mozilla/5.0 (Macintosh; Intel Mac OS X 10.7; rv:15.0) Gecko/20100101 Firefox/15.0.1"
178.164.253.84 - - [21/Sep/2012:00:13:09 +0200] "GET /images/letoltes_off.gif HTTP/1.1" 200 821 "http://activparty.hu/" "Mozilla/5.0 (Macintosh; Intel Mac OS X 10.7; rv:15.0) Gecko/20100101 Firefox/15.0.1"
178.164.253.84 - - [21/Sep/2012:00:13:09 +0200] "GET /images/belepes_off.gif HTTP/1.1" 200 772 "http://activparty.hu/" "Mozilla/5.0 (Macintosh; Intel Mac OS X 10.7; rv:15.0) Gecko/20100101 Firefox/15.0.1"
178.164.253.84 - - [21/Sep/2012:00:13:10 +0200] "GET /images/belepes_on.gif HTTP/1.1" 200 771 "http://activparty.hu/" "Mozilla/5.0 (Macintosh; Intel Mac OS X 10.7; rv:15.0) Gecko/20100101 Firefox/15.0.1"
178.164.253.84 - - [21/Sep/2012:00:13:10 +0200] "GET /images/letoltes_on.gif HTTP/1.1" 200 821 "http://activparty.hu/" "Mozilla/5.0 (Macintosh; Intel Mac OS X 10.7; rv:15.0) Gecko/20100101 Firefox/15.0.1"
178.164.253.84 - - [21/Sep/2012:00:13:10 +0200] "GET /favicon.ico HTTP/1.1" 404 - "-" "Mozilla/5.0 (Macintosh; Intel Mac OS X 10.7; rv:15.0) Gecko/20100101 Firefox/15.0.1"
178.164.253.84 - - [21/Sep/2012:00:13:10 +0200] "GET /favicon.ico HTTP/1.1" 404 - "-" "Mozilla/5.0 (Macintosh; Intel Mac OS X 10.7; rv:15.0) Gecko/20100101 Firefox/15.0.1"
178.140.187.142 - - [21/Sep/2012:00:19:50 +0200] "GET / HTTP/1.0" 200 3021 "http://yandex.ru/yandsearch?text=activparty.hu&lr=213" "Mozilla/4.0 (compatible; MSIE 6.0; Windows NT 5.1; SV1)"
178.140.187.142 - - [21/Sep/2012:03:17:05 +0200] "GET / HTTP/1.0" 200 3021 "http://yandex.ru/yandsearch?text=activparty.hu&lr=213" "Mozilla/4.0 (compatible; MSIE 7.0; Windows NT 5.1; .NET CLR 1.1.4322; .NET CLR 2.0.50727; InfoPath.2)"
178.154.210.252 - - [21/Sep/2012:04:53:11 +0200] "GET /aktivparty.html HTTP/1.1" 200 1528 "-" "Mozilla/5.0 (compatible; YandexBot/3.0; +http://yandex.com/bots)"
199.187.122.91 - - [21/Sep/2012:07:40:38 +0200] "GET /robots.txt HTTP/1.1" 404 - "-" "Mozilla/4.0 (compatible; MSIE 6.0; Windows NT 5.1; SV1; .NET CLR 2.0.50727)"
173.236.21.106 - - [21/Sep/2012:09:01:13 +0200] "GET /robots.txt HTTP/1.0" 404 - "-" "Mozilla/5.0 (compatible; MJ12bot/v1.4.3; http://www.majestic12.co.uk/bot.php?+)"
173.236.21.106 - - [21/Sep/2012:09:01:14 +0200] "GET /aktivparty.html HTTP/1.0" 200 1528 "-" "Mozilla/5.0 (compatible; MJ12bot/v1.4.3; http://www.majestic12.co.uk/bot.php?+)"
173.236.21.106 - - [21/Sep/2012:09:01:15 +0200] "GET /robots.txt HTTP/1.0" 404 - "-" "Mozilla/5.0 (compatible; MJ12bot/v1.4.3; http://www.majestic12.co.uk/bot.php?+)"
173.236.21.106 - - [21/Sep/2012:09:01:17 +0200] "GET /aktivparty.html HTTP/1.0" 200 1528 "-" "Mozilla/5.0 (compatible; MJ12bot/v1.4.3; http://www.majestic12.co.uk/bot.php?+)"
173.236.21.106 - - [21/Sep/2012:10:02:57 +0200] "GET /aktivparty.html HTTP/1.0" 200 1528 "-" "Mozilla/5.0 (compatible; MJ12bot/v1.4.3; http://www.majestic12.co.uk/bot.php?+)"
173.236.21.106 - - [21/Sep/2012:10:02:58 +0200] "GET /aktivparty.html HTTP/1.0" 200 1528 "-" "Mozilla/5.0 (compatible; MJ12bot/v1.4.3; http://www.majestic12.co.uk/bot.php?+)"
208.115.113.88 - - [21/Sep/2012:21:07:01 +0200] "GET /robots.txt HTTP/1.1" 404 - "-" "Mozilla/5.0 (compatible; Ezooms/1.0; ezooms.bot@gmail.com)"
208.115.113.88 - - [21/Sep/2012:21:33:33 +0200] "GET /aktivparty.html HTTP/1.1" 200 1528 "-" "Mozilla/5.0 (compatible; Ezooms/1.0; ezooms.bot@gmail.com)"
178.140.187.142 - - [21/Sep/2012:22:25:11 +0200] "GET / HTTP/1.0" 200 3021 "http://yandex.ru/yandsearch?text=activparty.hu&lr=213" "Mozilla/4.0 (compatible; MSIE 6.0; Windows NT 5.0)"
180.76.5.183 - - [21/Sep/2012:23:00:38 +0200] "GET /robots.txt HTTP/1.1" 404 - "-" "Mozilla/5.0 (compatible; Baiduspider/2.0; +http://www.baidu.com/search/spider.html)"
66.249.66.220 - - [22/Sep/2012:02:07:29 +0200] "GET /robots.txt HTTP/1.1" 404 - "-" "Mozilla/5.0 (compatible; Googlebot/2.1; +http://www.google.com/bot.html)"
66.249.66.220 - - [22/Sep/2012:02:07:29 +0200] "GET / HTTP/1.1" 200 3021 "-" "Mozilla/5.0 (compatible; Googlebot/2.1; +http://www.google.com/bot.html)"
213.186.120.196 - - [22/Sep/2012:03:14:47 +0200] "GET /robots.txt HTTP/1.1" 404 - "-" "Mozilla/5.0 (compatible; AhrefsBot/3.1; +http://ahrefs.com/robot/)"
213.186.120.196 - - [22/Sep/2012:03:14:47 +0200] "GET /robots.txt HTTP/1.1" 404 - "-" "Mozilla/5.0 (compatible; AhrefsBot/3.1; +http://ahrefs.com/robot/)"
178.154.210.252 - - [22/Sep/2012:09:27:11 +0200] "GET /robots.txt HTTP/1.1" 404 - "-" "Mozilla/5.0 (compatible; YandexBot/3.0; +http://yandex.com/bots)"
178.154.210.252 - - [22/Sep/2012:14:34:20 +0200] "GET / HTTP/1.1" 200 3021 "-" "Mozilla/5.0 (compatible; YandexBot/3.0; +http://yandex.com/bots)"
77.242.145.169 - - [22/Sep/2012:19:12:53 +0200] "GET / HTTP/1.1" 200 3021 "http://www.google.hu/url?sa=t&rct=j&q=www.activparty.hu&source=web&cd=1&ved=0CCwQFjAA&url=http%3A%2F%2Factivparty.hu%2F&ei=kfFdUO6SLIvIswam7YGYCw&usg=AFQjCNHJ2fu-vrvk4eEbm2CjupAae2vLTw" "Mozilla/5.0 (iPad; CPU OS 5_1_1 like Mac OS X) AppleWebKit/534.46 (KHTML, like Gecko) Version/5.1 Mobile/9B206 Safari/7534.48.3"
77.242.145.169 - - [22/Sep/2012:19:12:53 +0200] "GET /images/letoltes_off.gif HTTP/1.1" 200 821 "http://activparty.hu/" "Mozilla/5.0 (iPad; CPU OS 5_1_1 like Mac OS X) AppleWebKit/534.46 (KHTML, like Gecko) Version/5.1 Mobile/9B206 Safari/7534.48.3"
77.242.145.169 - - [22/Sep/2012:19:12:53 +0200] "GET /images/belepes_off.gif HTTP/1.1" 200 772 "http://activparty.hu/" "Mozilla/5.0 (iPad; CPU OS 5_1_1 like Mac OS X) AppleWebKit/534.46 (KHTML, like Gecko) Version/5.1 Mobile/9B206 Safari/7534.48.3"
77.242.145.169 - - [22/Sep/2012:19:12:53 +0200] "GET /images/logo.gif HTTP/1.1" 200 2246 "http://activparty.hu/" "Mozilla/5.0 (iPad; CPU OS 5_1_1 like Mac OS X) AppleWebKit/534.46 (KHTML, like Gecko) Version/5.1 Mobile/9B206 Safari/7534.48.3"
77.242.145.169 - - [22/Sep/2012:19:12:53 +0200] "GET /images/belepes_on.gif HTTP/1.1" 200 771 "http://activparty.hu/" "Mozilla/5.0 (iPad; CPU OS 5_1_1 like Mac OS X) AppleWebKit/534.46 (KHTML, like Gecko) Version/5.1 Mobile/9B206 Safari/7534.48.3"
77.242.145.169 - - [22/Sep/2012:19:12:53 +0200] "GET /images/letoltes_on.gif HTTP/1.1" 200 821 "http://activparty.hu/" "Mozilla/5.0 (iPad; CPU OS 5_1_1 like Mac OS X) AppleWebKit/534.46 (KHTML, like Gecko) Version/5.1 Mobile/9B206 Safari/7534.48.3"
77.242.145.169 - - [22/Sep/2012:19:12:57 +0200] "GET /aktivparty.html HTTP/1.1" 200 1528 "http://activparty.hu/" "Mozilla/5.0 (iPad; CPU OS 5_1_1 like Mac OS X) AppleWebKit/534.46 (KHTML, like Gecko) Version/5.1 Mobile/9B206 Safari/7534.48.3"
77.242.145.169 - - [22/Sep/2012:19:12:57 +0200] "GET /js/AC_RunActiveContent.js HTTP/1.1" 200 8321 "http://activparty.hu/aktivparty.html" "Mozilla/5.0 (iPad; CPU OS 5_1_1 like Mac OS X) AppleWebKit/534.46 (KHTML, like Gecko) Version/5.1 Mobile/9B206 Safari/7534.48.3"
66.249.72.248 - - [22/Sep/2012:20:13:36 +0200] "GET /robots.txt HTTP/1.1" 404 - "-" "Mozilla/5.0 (compatible; Googlebot/2.1; +http://www.google.com/bot.html)"
66.249.72.248 - - [22/Sep/2012:20:13:36 +0200] "GET / HTTP/1.1" 200 3021 "-" "Mozilla/5.0 (iPhone; U; CPU iPhone OS 4_1 like Mac OS X; en-us) AppleWebKit/532.9 (KHTML, like Gecko) Version/4.0.5 Mobile/8B117 Safari/6531.22.7 (compatible; Googlebot-Mobile/2.1; +http://www.google.com/bot.html)"
180.76.6.37 - - [22/Sep/2012:23:42:57 +0200] "GET /robots.txt HTTP/1.1" 404 - "-" "Mozilla/5.0 (compatible; Baiduspider/2.0; +http://www.baidu.com/search/spider.html)"
93.80.255.202 - - [23/Sep/2012:05:02:16 +0200] "GET / HTTP/1.0" 200 3021 "http://yandex.ru/yandsearch?text=activparty.hu&lr=213" "Mozilla/4.0 (compatible; MSIE 7.0; Windows NT 5.1; .NET CLR 2.0.50727)"
157.56.93.187 - - [23/Sep/2012:12:53:37 +0200] "GET /robots.txt HTTP/1.1" 404 - "-" "Mozilla/5.0 (compatible; bingbot/2.0; +http://www.bing.com/bingbot.htm)"
157.56.93.187 - - [23/Sep/2012:12:57:44 +0200] "GET / HTTP/1.1" 200 3021 "-" "Mozilla/5.0 (compatible; bingbot/2.0; +http://www.bing.com/bingbot.htm)"
157.56.93.187 - - [23/Sep/2012:17:02:21 +0200] "GET /robots.txt HTTP/1.1" 404 - "-" "Mozilla/5.0 (compatible; bingbot/2.0; +http://www.bing.com/bingbot.htm)"
157.56.93.187 - - [23/Sep/2012:17:03:14 +0200] "GET /activ_party.swf HTTP/1.1" 200 1771834 "-" "Mozilla/5.0 (compatible; bingbot/2.0; +http://www.bing.com/bingbot.htm)"
157.55.35.80 - - [23/Sep/2012:17:50:08 +0200] "GET /robots.txt HTTP/1.1" 404 - "-" "Mozilla/5.0 (compatible; bingbot/2.0; +http://www.bing.com/bingbot.htm)"
65.55.208.119 - - [23/Sep/2012:17:54:47 +0200] "GET /aktivparty.html HTTP/1.1" 200 1528 "-" "Mozilla/5.0 (Windows NT 6.1; WOW64) AppleWebKit/534+ (KHTML, like Gecko) BingPreview/1.0b"
157.56.92.156 - - [23/Sep/2012:17:55:07 +0200] "GET /aktivparty.html HTTP/1.1" 200 1528 "-" "Mozilla/4.0 (compatible; MSIE 8.0; Windows NT 5.1; Trident/5.0; .NET CLR 3.5.30729; .NET CLR 3.0.30729; SV1; .NET CLR 1.1.4325; .NET CLR 2.0.50727; .NET CLR 3.0.30729; .NET CLR 3.5.30707; MS-RTC LM 8)"
157.55.35.80 - - [23/Sep/2012:17:55:32 +0200] "GET /aktivparty.html HTTP/1.1" 200 1528 "-" "Mozilla/5.0 (compatible; bingbot/2.0; +http://www.bing.com/bingbot.htm)"
65.55.208.119 - - [23/Sep/2012:17:55:33 +0200] "GET /js/AC_RunActiveContent.js HTTP/1.1" 200 8321 "-" "Mozilla/5.0 (Windows NT 6.1; WOW64) AppleWebKit/534+ (KHTML, like Gecko) BingPreview/1.0b"
64.246.165.50 - - [23/Sep/2012:18:06:02 +0200] "GET /robots.txt HTTP/1.0" 404 - "-" "Mozilla/5.0 (Windows; U; Windows NT 5.1; en; rv:1.9.0.13) Gecko/2009073022 Firefox/3.5.2 (.NET CLR 3.5.30729) SurveyBot/2.3 (DomainTools)"
64.246.165.50 - - [23/Sep/2012:18:06:02 +0200] "GET / HTTP/1.1" 200 3021 "http://whois.domaintools.com/activparty.hu" "Mozilla/5.0 (Windows; U; Windows NT 5.1; en; rv:1.9.0.13) Gecko/2009073022 Firefox/3.5.2 (.NET CLR 3.5.30729) SurveyBot/2.3 (DomainTools)"
46.9.163.23 - - [23/Sep/2012:19:04:32 +0200] "GET /robots.txt HTTP/1.0" 404 - "-" "Mozilla/5.0 (compatible; MJ12bot/v1.4.3; http://www.majestic12.co.uk/bot.php?+)"
46.9.163.23 - - [23/Sep/2012:19:04:33 +0200] "GET / HTTP/1.1" 200 3021 "-" "Mozilla/5.0 (compatible; MJ12bot/v1.4.3; http://www.majestic12.co.uk/bot.php?+)"
46.9.163.23 - - [23/Sep/2012:19:04:34 +0200] "GET /robots.txt HTTP/1.0" 404 - "-" "Mozilla/5.0 (compatible; MJ12bot/v1.4.3; http://www.majestic12.co.uk/bot.php?+)"
46.9.163.23 - - [23/Sep/2012:19:04:36 +0200] "GET / HTTP/1.1" 200 3021 "-" "Mozilla/5.0 (compatible; MJ12bot/v1.4.3; http://www.majestic12.co.uk/bot.php?+)"
37.200.12.74 - - [23/Sep/2012:19:08:21 +0200] "GET /robots.txt HTTP/1.0" 404 - "-" "Mozilla/5.0 (compatible; MJ12bot/v1.4.3; http://www.majestic12.co.uk/bot.php?+)"
37.200.12.74 - - [23/Sep/2012:19:08:22 +0200] "GET / HTTP/1.1" 200 3021 "-" "Mozilla/5.0 (compatible; MJ12bot/v1.4.3; http://www.majestic12.co.uk/bot.php?+)"
37.200.12.74 - - [23/Sep/2012:19:08:23 +0200] "GET /robots.txt HTTP/1.0" 404 - "-" "Mozilla/5.0 (compatible; MJ12bot/v1.4.3; http://www.majestic12.co.uk/bot.php?+)"
37.200.12.74 - - [23/Sep/2012:19:08:25 +0200] "GET / HTTP/1.1" 200 3021 "-" "Mozilla/5.0 (compatible; MJ12bot/v1.4.3; http://www.majestic12.co.uk/bot.php?+)"
95.108.150.235 - - [23/Sep/2012:21:26:31 +0200] "GET /robots.txt HTTP/1.1" 404 - "-" "Mozilla/5.0 (compatible; YandexBot/3.0; +http://yandex.com/bots)"
95.108.150.235 - - [23/Sep/2012:21:26:32 +0200] "GET / HTTP/1.1" 200 3021 "-" "Mozilla/5.0 (compatible; YandexBot/3.0; +http://yandex.com/bots)"
95.108.150.235 - - [23/Sep/2012:21:26:33 +0200] "GET / HTTP/1.1" 200 3021 "-" "Mozilla/5.0 (compatible; YandexBot/3.0; +http://yandex.com/bots)"
95.108.150.235 - - [23/Sep/2012:21:26:36 +0200] "GET /robots.txt HTTP/1.1" 404 - "-" "Mozilla/5.0 (compatible; YandexBot/3.0; +http://yandex.com/bots)"
95.108.150.235 - - [23/Sep/2012:21:26:37 +0200] "GET / HTTP/1.1" 200 3021 "-" "Mozilla/5.0 (compatible; YandexBot/3.0; +http://yandex.com/bots)"
95.108.150.235 - - [23/Sep/2012:21:26:38 +0200] "GET / HTTP/1.1" 200 3021 "-" "Mozilla/5.0 (compatible; YandexBot/3.0; +http://yandex.com/bots)"
157.55.35.46 - - [23/Sep/2012:21:31:54 +0200] "GET /robots.txt HTTP/1.1" 404 - "-" "Mozilla/5.0 (compatible; bingbot/2.0; +http://www.bing.com/bingbot.htm)"
184.154.48.82 - - [23/Sep/2012:22:19:56 +0200] "GET /robots.txt HTTP/1.0" 404 - "-" "Mozilla/5.0 (compatible; MJ12bot/v1.4.3; http://www.majestic12.co.uk/bot.php?+)"
184.154.48.82 - - [23/Sep/2012:22:19:59 +0200] "GET / HTTP/1.0" 200 3021 "-" "Mozilla/5.0 (compatible; MJ12bot/v1.4.3; http://www.majestic12.co.uk/bot.php?+)"
65.55.208.170 - - [23/Sep/2012:22:22:32 +0200] "GET / HTTP/1.1" 200 3021 "-" "Mozilla/5.0 (Windows NT 6.1; WOW64) AppleWebKit/534+ (KHTML, like Gecko) BingPreview/1.0b"
157.55.35.46 - - [23/Sep/2012:22:22:39 +0200] "GET / HTTP/1.1" 304 - "-" "Mozilla/5.0 (compatible; bingbot/2.0; +http://www.bing.com/bingbot.htm)"
62.141.46.114 - - [24/Sep/2012:00:06:35 +0200] "GET / HTTP/1.1" 200 3021 "-" "Mozilla/4.0 (compatible; MSIE 5.0; Windows NT; DigExt; DTS Agent"
213.186.120.196 - - [24/Sep/2012:02:19:50 +0200] "GET /robots.txt HTTP/1.1" 404 - "-" "Mozilla/5.0 (compatible; AhrefsBot/3.1; +http://ahrefs.com/robot/)"
213.186.120.196 - - [24/Sep/2012:02:19:50 +0200] "GET /robots.txt HTTP/1.1" 404 - "-" "Mozilla/5.0 (compatible; AhrefsBot/3.1; +http://ahrefs.com/robot/)"
77.111.90.197 - - [24/Sep/2012:05:12:40 +0200] "GET / HTTP/1.1" 200 3021 "-" "Mozilla/5.0 (X11; U; Linux i686; en-US; rv:1.9.0.4) Gecko/2008111318 Ubuntu/8.10 (intrepid) Firefox/3.0.4"
123.125.71.12 - - [24/Sep/2012:06:58:54 +0200] "GET /robots.txt HTTP/1.1" 404 - "-" "Mozilla/5.0 (Windows NT 5.1; rv:6.0.2) Gecko/20100101 Firefox/6.0.2"
88.198.200.8 - - [24/Sep/2012:10:31:40 +0200] "GET /robots.txt HTTP/1.0" 404 - "-" "Mozilla/5.0 (compatible; MJ12bot/v1.4.3; http://www.majestic12.co.uk/bot.php?+)"
88.198.200.8 - - [24/Sep/2012:10:31:42 +0200] "GET / HTTP/1.0" 200 3021 "-" "Mozilla/5.0 (compatible; MJ12bot/v1.4.3; http://www.majestic12.co.uk/bot.php?+)"
178.154.210.252 - - [24/Sep/2012:14:45:16 +0200] "GET /robots.txt HTTP/1.1" 404 - "-" "Mozilla/5.0 (compatible; YandexBot/3.0; +http://yandex.com/bots)"
95.108.151.244 - - [24/Sep/2012:16:17:26 +0200] "GET /robots.txt HTTP/1.1" 404 - "-" "Mozilla/5.0 (compatible; YandexBot/3.0; +http://yandex.com/bots)"
95.108.151.244 - - [24/Sep/2012:16:17:27 +0200] "GET / HTTP/1.1" 200 3021 "-" "Mozilla/5.0 (compatible; YandexBot/3.0; +http://yandex.com/bots)"
95.108.151.244 - - [24/Sep/2012:16:17:28 +0200] "GET / HTTP/1.1" 200 3021 "-" "Mozilla/5.0 (compatible; YandexBot/3.0; +http://yandex.com/bots)"
178.154.210.252 - - [24/Sep/2012:17:27:03 +0200] "GET / HTTP/1.1" 200 3021 "-" "Mozilla/5.0 (compatible; YandexBot/3.0; +http://yandex.com/bots)"
46.107.193.29 - - [24/Sep/2012:18:32:02 +0200] "GET / HTTP/1.1" 200 3021 "http://karaoke.lap.hu/" "Mozilla/5.0 (Windows NT 5.1) AppleWebKit/537.1 (KHTML, like Gecko) Chrome/21.0.1180.89 Safari/537.1"
46.107.193.29 - - [24/Sep/2012:18:32:03 +0200] "GET /images/logo.gif HTTP/1.1" 200 2246 "http://activparty.hu/" "Mozilla/5.0 (Windows NT 5.1) AppleWebKit/537.1 (KHTML, like Gecko) Chrome/21.0.1180.89 Safari/537.1"
46.107.193.29 - - [24/Sep/2012:18:32:03 +0200] "GET /images/belepes_off.gif HTTP/1.1" 200 772 "http://activparty.hu/" "Mozilla/5.0 (Windows NT 5.1) AppleWebKit/537.1 (KHTML, like Gecko) Chrome/21.0.1180.89 Safari/537.1"
46.107.193.29 - - [24/Sep/2012:18:32:03 +0200] "GET /images/letoltes_off.gif HTTP/1.1" 200 821 "http://activparty.hu/" "Mozilla/5.0 (Windows NT 5.1) AppleWebKit/537.1 (KHTML, like Gecko) Chrome/21.0.1180.89 Safari/537.1"
46.107.193.29 - - [24/Sep/2012:18:32:03 +0200] "GET /images/belepes_on.gif HTTP/1.1" 200 771 "http://activparty.hu/" "Mozilla/5.0 (Windows NT 5.1) AppleWebKit/537.1 (KHTML, like Gecko) Chrome/21.0.1180.89 Safari/537.1"
46.107.193.29 - - [24/Sep/2012:18:32:03 +0200] "GET /images/letoltes_on.gif HTTP/1.1" 200 821 "http://activparty.hu/" "Mozilla/5.0 (Windows NT 5.1) AppleWebKit/537.1 (KHTML, like Gecko) Chrome/21.0.1180.89 Safari/537.1"
46.107.193.29 - - [24/Sep/2012:18:32:04 +0200] "GET /favicon.ico HTTP/1.1" 404 - "-" "Mozilla/5.0 (Windows NT 5.1) AppleWebKit/537.1 (KHTML, like Gecko) Chrome/21.0.1180.89 Safari/537.1"
46.107.193.29 - - [24/Sep/2012:18:32:04 +0200] "GET /favicon.ico HTTP/1.1" 404 - "-" "Mozilla/5.0 (Windows NT 5.1) AppleWebKit/537.1 (KHTML, like Gecko) Chrome/21.0.1180.89 Safari/537.1"
46.107.193.29 - - [24/Sep/2012:18:32:04 +0200] "GET /favicon.ico HTTP/1.1" 404 - "-" "Mozilla/5.0 (Windows NT 5.1) AppleWebKit/537.1 (KHTML, like Gecko) Chrome/21.0.1180.89 Safari/537.1"
46.107.193.29 - - [24/Sep/2012:18:32:05 +0200] "GET /favicon.ico HTTP/1.1" 404 - "-" "Mozilla/5.0 (Windows NT 5.1) AppleWebKit/537.1 (KHTML, like Gecko) Chrome/21.0.1180.89 Safari/537.1"
46.107.193.29 - - [24/Sep/2012:18:32:05 +0200] "GET /favicon.ico HTTP/1.1" 404 - "-" "Mozilla/5.0 (Windows NT 5.1) AppleWebKit/537.1 (KHTML, like Gecko) Chrome/21.0.1180.89 Safari/537.1"
46.107.193.29 - - [24/Sep/2012:18:32:05 +0200] "GET /favicon.ico HTTP/1.1" 404 - "-" "Mozilla/5.0 (Windows NT 5.1) AppleWebKit/537.1 (KHTML, like Gecko) Chrome/21.0.1180.89 Safari/537.1"
188.6.207.62 - - [24/Sep/2012:20:01:02 +0200] "GET / HTTP/1.1" 200 3021 "http://www.google.hu/url?sa=t&rct=j&q=&esrc=s&source=web&cd=1&ved=0CDEQFjAA&url=http%3A%2F%2Factivparty.hu%2F&ei=2Z9gUKefE8mG4gSbk4HgCQ&usg=AFQjCNHJ2fu-vrvk4eEbm2CjupAae2vLTw&sig2=2LDGhBCxFMnvXNO6_z2_fA&cad=rja" "Mozilla/5.0 (Windows NT 6.1; WOW64) AppleWebKit/537.1 (KHTML, like Gecko) Chrome/21.0.1180.89 Safari/537.1"
188.6.207.62 - - [24/Sep/2012:20:01:02 +0200] "GET /images/logo.gif HTTP/1.1" 200 2246 "http://activparty.hu/" "Mozilla/5.0 (Windows NT 6.1; WOW64) AppleWebKit/537.1 (KHTML, like Gecko) Chrome/21.0.1180.89 Safari/537.1"
188.6.207.62 - - [24/Sep/2012:20:01:02 +0200] "GET /images/belepes_off.gif HTTP/1.1" 200 772 "http://activparty.hu/" "Mozilla/5.0 (Windows NT 6.1; WOW64) AppleWebKit/537.1 (KHTML, like Gecko) Chrome/21.0.1180.89 Safari/537.1"
188.6.207.62 - - [24/Sep/2012:20:01:02 +0200] "GET /images/letoltes_off.gif HTTP/1.1" 200 821 "http://activparty.hu/" "Mozilla/5.0 (Windows NT 6.1; WOW64) AppleWebKit/537.1 (KHTML, like Gecko) Chrome/21.0.1180.89 Safari/537.1"
188.6.207.62 - - [24/Sep/2012:20:01:03 +0200] "GET /images/belepes_on.gif HTTP/1.1" 200 771 "http://activparty.hu/" "Mozilla/5.0 (Windows NT 6.1; WOW64) AppleWebKit/537.1 (KHTML, like Gecko) Chrome/21.0.1180.89 Safari/537.1"
188.6.207.62 - - [24/Sep/2012:20:01:03 +0200] "GET /images/letoltes_on.gif HTTP/1.1" 200 821 "http://activparty.hu/" "Mozilla/5.0 (Windows NT 6.1; WOW64) AppleWebKit/537.1 (KHTML, like Gecko) Chrome/21.0.1180.89 Safari/537.1"
188.6.207.62 - - [24/Sep/2012:20:01:03 +0200] "GET /favicon.ico HTTP/1.1" 404 - "-" "Mozilla/5.0 (Windows NT 6.1; WOW64) AppleWebKit/537.1 (KHTML, like Gecko) Chrome/21.0.1180.89 Safari/537.1"
188.6.207.62 - - [24/Sep/2012:20:01:05 +0200] "GET /aktivparty.html HTTP/1.1" 200 1528 "http://activparty.hu/" "Mozilla/5.0 (Windows NT 6.1; WOW64) AppleWebKit/537.1 (KHTML, like Gecko) Chrome/21.0.1180.89 Safari/537.1"
188.6.207.62 - - [24/Sep/2012:20:01:05 +0200] "GET /js/AC_RunActiveContent.js HTTP/1.1" 200 8321 "http://activparty.hu/aktivparty.html" "Mozilla/5.0 (Windows NT 6.1; WOW64) AppleWebKit/537.1 (KHTML, like Gecko) Chrome/21.0.1180.89 Safari/537.1"
188.6.207.62 - - [24/Sep/2012:20:01:05 +0200] "GET /favicon.ico HTTP/1.1" 404 - "-" "Mozilla/5.0 (Windows NT 6.1; WOW64) AppleWebKit/537.1 (KHTML, like Gecko) Chrome/21.0.1180.89 Safari/537.1"
188.6.207.62 - - [24/Sep/2012:20:01:07 +0200] "GET /activ_party.swf HTTP/1.1" 200 1771834 "http://activparty.hu/aktivparty.html" "Mozilla/5.0 (Windows NT 6.1; WOW64) AppleWebKit/537.1 (KHTML, like Gecko) Chrome/21.0.1180.89 Safari/537.1"
69.28.58.33 - - [24/Sep/2012:20:20:40 +0200] "GET /robots.txt HTTP/1.1" 404 - "-" "Wget/1.9+cvs-stable (Red Hat modified)"
178.255.215.73 - - [24/Sep/2012:22:01:35 +0200] "GET /robots.txt HTTP/1.1" 404 - "-" "Mozilla/5.0 (compatible; Exabot/3.0; +http://www.exabot.com/go/robot)"
178.255.215.73 - - [24/Sep/2012:22:01:35 +0200] "GET / HTTP/1.1" 200 3021 "-" "Mozilla/5.0 (compatible; Exabot/3.0; +http://www.exabot.com/go/robot)"
95.221.87.165 - - [25/Sep/2012:02:36:26 +0200] "GET / HTTP/1.0" 200 3021 "http://yandex.ru/yandsearch?text=activparty.hu&lr=213" "Mozilla/4.0 (compatible; MSIE 6.0; Windows NT 5.1; SV1; .NET CLR 1.1.4322)"
180.76.5.182 - - [25/Sep/2012:03:39:03 +0200] "GET /robots.txt HTTP/1.1" 404 - "-" "Mozilla/5.0 (compatible; Baiduspider/2.0; +http://www.baidu.com/search/spider.html)"
66.249.72.248 - - [25/Sep/2012:08:53:08 +0200] "GET /robots.txt HTTP/1.1" 404 - "-" "Mozilla/5.0 (compatible; Googlebot/2.1; +http://www.google.com/bot.html)"
66.249.72.248 - - [25/Sep/2012:08:53:08 +0200] "GET / HTTP/1.1" 200 3021 "-" "Mozilla/5.0 (compatible; Googlebot/2.1; +http://www.google.com/bot.html)"
65.55.52.117 - - [25/Sep/2012:09:00:07 +0200] "GET /robots.txt HTTP/1.1" 404 - "-" "Mozilla/5.0 (compatible; bingbot/2.0; +http://www.bing.com/bingbot.htm)"
178.154.210.252 - - [25/Sep/2012:09:05:43 +0200] "GET / HTTP/1.1" 200 3021 "-" "Mozilla/5.0 (compatible; YandexBot/3.0; +http://yandex.com/bots)"
65.55.52.117 - - [25/Sep/2012:09:08:29 +0200] "GET /aktivparty.html HTTP/1.1" 200 1528 "-" "Mozilla/5.0 (compatible; bingbot/2.0; +http://www.bing.com/bingbot.htm)"
94.75.245.17 - - [25/Sep/2012:12:41:01 +0200] "GET /wp-login.php HTTP/1.1" 404 - "-" "Mozilla/5.0 (Windows; U; Windows NT 6.1; en-US; rv:1.9.2.3) Gecko/20100401 Firefox/3.6.3"
178.255.215.73 - - [25/Sep/2012:17:59:14 +0200] "GET /robots.txt HTTP/1.1" 404 - "-" "Mozilla/5.0 (compatible; Exabot/3.0; +http://www.exabot.com/go/robot)"
178.255.215.73 - - [25/Sep/2012:17:59:14 +0200] "GET / HTTP/1.1" 304 - "-" "Mozilla/5.0 (compatible; Exabot/3.0; +http://www.exabot.com/go/robot)"
220.181.108.182 - - [25/Sep/2012:21:33:00 +0200] "GET / HTTP/1.1" 304 - "-" "Mozilla/5.0 (compatible; Baiduspider/2.0; +http://www.baidu.com/search/spider.html)"
213.186.120.196 - - [25/Sep/2012:22:17:55 +0200] "GET /robots.txt HTTP/1.1" 404 - "-" "Mozilla/5.0 (compatible; AhrefsBot/3.1; +http://ahrefs.com/robot/)"
213.186.120.196 - - [25/Sep/2012:22:17:55 +0200] "GET /robots.txt HTTP/1.1" 404 - "-" "Mozilla/5.0 (compatible; AhrefsBot/3.1; +http://ahrefs.com/robot/)"
66.249.66.220 - - [25/Sep/2012:23:34:36 +0200] "GET /robots.txt HTTP/1.1" 404 - "-" "Mozilla/5.0 (compatible; Googlebot/2.1; +http://www.google.com/bot.html)"
66.249.66.220 - - [25/Sep/2012:23:34:37 +0200] "GET /aktivparty.html HTTP/1.1" 304 - "-" "Mozilla/5.0 (iPhone; U; CPU iPhone OS 4_1 like Mac OS X; en-us) AppleWebKit/532.9 (KHTML, like Gecko) Version/4.0.5 Mobile/8B117 Safari/6531.22.7 (compatible; Googlebot-Mobile/2.1; +http://www.google.com/bot.html)"
66.249.72.2 - - [26/Sep/2012:02:11:28 +0200] "GET /robots.txt HTTP/1.1" 404 - "-" "Mozilla/5.0 (compatible; Googlebot/2.1; +http://www.google.com/bot.html)"
66.249.66.71 - - [26/Sep/2012:02:11:28 +0200] "GET / HTTP/1.1" 200 3021 "-" "Mozilla/5.0 (compatible; Googlebot/2.1; +http://www.google.com/bot.html)"
95.108.151.244 - - [26/Sep/2012:08:00:54 +0200] "GET /robots.txt HTTP/1.1" 404 - "-" "Mozilla/5.0 (compatible; YandexBot/3.0; +http://yandex.com/bots)"
95.108.151.244 - - [26/Sep/2012:08:00:55 +0200] "GET / HTTP/1.1" 200 3021 "-" "Mozilla/5.0 (compatible; YandexBot/3.0; +http://yandex.com/bots)"
95.108.151.244 - - [26/Sep/2012:08:00:55 +0200] "GET / HTTP/1.1" 200 3021 "-" "Mozilla/5.0 (compatible; YandexBot/3.0; +http://yandex.com/bots)"
178.154.210.252 - - [26/Sep/2012:11:37:07 +0200] "GET /robots.txt HTTP/1.1" 404 - "-" "Mozilla/5.0 (compatible; YandexBot/3.0; +http://yandex.com/bots)"
208.115.113.88 - - [26/Sep/2012:12:56:37 +0200] "GET /robots.txt HTTP/1.1" 404 - "-" "Mozilla/5.0 (compatible; Ezooms/1.0; ezooms.bot@gmail.com)"
180.76.5.153 - - [26/Sep/2012:13:31:29 +0200] "GET / HTTP/1.1" 200 3021 "-" "Mozilla/5.0 (compatible; Baiduspider/2.0; +http://www.baidu.com/search/spider.html)"
208.115.113.88 - - [26/Sep/2012:15:40:04 +0200] "GET /aktivparty.html HTTP/1.1" 200 1528 "-" "Mozilla/5.0 (compatible; Ezooms/1.0; ezooms.bot@gmail.com)"
84.236.96.207 - - [26/Sep/2012:19:18:08 +0200] "GET /elmenytrening.html HTTP/1.1" 200 2535 "http://www.google.hu/url?sa=t&rct=j&q=&esrc=s&source=web&cd=1&cad=rja&ved=0CBwQFjAA&url=http%3A%2F%2Fwww.activparty.hu%2Felmenytrening.html&ei=yzhjUMLkLM7ktQbs44GIDQ&usg=AFQjCNEN0IqrfEJ3b3IaNgZd0gjxhYWoAg&sig2=C14my9S5zWeGi2rlA2TwEg" "Mozilla/5.0 (Windows NT 6.1; WOW64) AppleWebKit/537.1 (KHTML, like Gecko) Chrome/21.0.1180.89 Safari/537.1"
84.236.96.207 - - [26/Sep/2012:19:18:08 +0200] "GET /images/alap.jpg HTTP/1.1" 200 34327 "http://www.activparty.hu/elmenytrening.html" "Mozilla/5.0 (Windows NT 6.1; WOW64) AppleWebKit/537.1 (KHTML, like Gecko) Chrome/21.0.1180.89 Safari/537.1"
84.236.96.207 - - [26/Sep/2012:19:18:08 +0200] "GET /favicon.ico HTTP/1.1" 404 - "-" "Mozilla/5.0 (Windows NT 6.1; WOW64) AppleWebKit/537.1 (KHTML, like Gecko) Chrome/21.0.1180.89 Safari/537.1"
93.219.72.201 - - [26/Sep/2012:19:19:13 +0200] "GET /robots.txt HTTP/1.0" 404 - "-" "Mozilla/5.0 (compatible; MJ12bot/v1.4.3; http://www.majestic12.co.uk/bot.php?+)"
93.219.72.201 - - [26/Sep/2012:19:19:16 +0200] "GET / HTTP/1.0" 200 3021 "-" "Mozilla/5.0 (compatible; MJ12bot/v1.4.3; http://www.majestic12.co.uk/bot.php?+)"
93.219.72.201 - - [26/Sep/2012:19:19:17 +0200] "GET /robots.txt HTTP/1.0" 404 - "-" "Mozilla/5.0 (compatible; MJ12bot/v1.4.3; http://www.majestic12.co.uk/bot.php?+)"
93.219.72.201 - - [26/Sep/2012:19:19:19 +0200] "GET / HTTP/1.0" 200 3021 "-" "Mozilla/5.0 (compatible; MJ12bot/v1.4.3; http://www.majestic12.co.uk/bot.php?+)"
66.249.66.220 - - [26/Sep/2012:20:40:31 +0200] "GET /robots.txt HTTP/1.1" 404 - "-" "Mozilla/5.0 (compatible; Googlebot/2.1; +http://www.google.com/bot.html)"
66.249.66.220 - - [26/Sep/2012:20:40:32 +0200] "GET / HTTP/1.1" 200 3021 "-" "Mozilla/5.0 (iPhone; U; CPU iPhone OS 4_1 like Mac OS X; en-us) AppleWebKit/532.9 (KHTML, like Gecko) Version/4.0.5 Mobile/8B117 Safari/6531.22.7 (compatible; Googlebot-Mobile/2.1; +http://www.google.com/bot.html)"
178.154.210.252 - - [26/Sep/2012:20:47:00 +0200] "GET / HTTP/1.1" 200 3021 "-" "Mozilla/5.0 (compatible; YandexBot/3.0; +http://yandex.com/bots)"
46.73.34.119 - - [26/Sep/2012:20:58:59 +0200] "GET / HTTP/1.0" 200 3021 "http://yandex.ru/yandsearch?text=activparty.hu&lr=213" "Mozilla/4.0 (compatible; MSIE 6.0; Windows NT 5.1; SV1; .NET CLR 2.0.50727)"
212.7.194.137 - - [26/Sep/2012:23:52:20 +0200] "GET / HTTP/1.1" 200 3021 "-" "Mozilla/4.0 (compatible; MSIE 8.0; Windows NT 6.1; Trident/4.0)"
180.76.5.181 - - [27/Sep/2012:03:41:42 +0200] "GET /robots.txt HTTP/1.1" 404 - "-" "Mozilla/5.0 (compatible; Baiduspider/2.0; +http://www.baidu.com/search/spider.html)"
192.31.21.179 - - [27/Sep/2012:05:46:19 +0200] "GET / HTTP/1.1" 200 3021 "-" "www.integromedb.org/Crawler"
152.66.93.57 - - [27/Sep/2012:08:45:23 +0200] "GET / HTTP/1.1" 200 3021 "http://karaoke.lap.hu/" "Mozilla/5.0 (compatible; MSIE 9.0; Windows NT 6.1; Trident/5.0)"
152.66.93.57 - - [27/Sep/2012:08:45:23 +0200] "GET /images/logo.gif HTTP/1.1" 200 2246 "http://activparty.hu/" "Mozilla/5.0 (compatible; MSIE 9.0; Windows NT 6.1; Trident/5.0)"
152.66.93.57 - - [27/Sep/2012:08:45:23 +0200] "GET /images/belepes_off.gif HTTP/1.1" 200 772 "http://activparty.hu/" "Mozilla/5.0 (compatible; MSIE 9.0; Windows NT 6.1; Trident/5.0)"
152.66.93.57 - - [27/Sep/2012:08:45:23 +0200] "GET /images/letoltes_off.gif HTTP/1.1" 200 821 "http://activparty.hu/" "Mozilla/5.0 (compatible; MSIE 9.0; Windows NT 6.1; Trident/5.0)"
152.66.93.57 - - [27/Sep/2012:08:45:23 +0200] "GET /images/belepes_on.gif HTTP/1.1" 200 771 "http://activparty.hu/" "Mozilla/5.0 (compatible; MSIE 9.0; Windows NT 6.1; Trident/5.0)"
152.66.93.57 - - [27/Sep/2012:08:45:23 +0200] "GET /images/letoltes_on.gif HTTP/1.1" 200 821 "http://activparty.hu/" "Mozilla/5.0 (compatible; MSIE 9.0; Windows NT 6.1; Trident/5.0)"
152.66.93.57 - - [27/Sep/2012:08:45:23 +0200] "GET /favicon.ico HTTP/1.1" 404 - "-" "Mozilla/5.0 (compatible; MSIE 9.0; Windows NT 6.1; Trident/5.0)"
152.66.93.57 - - [27/Sep/2012:08:45:25 +0200] "GET /aktivparty.html HTTP/1.1" 200 1528 "http://activparty.hu/" "Mozilla/5.0 (compatible; MSIE 9.0; Windows NT 6.1; Trident/5.0)"
152.66.93.57 - - [27/Sep/2012:08:45:25 +0200] "GET /js/AC_RunActiveContent.js HTTP/1.1" 200 8321 "http://activparty.hu/aktivparty.html" "Mozilla/5.0 (compatible; MSIE 9.0; Windows NT 6.1; Trident/5.0)"
152.66.93.57 - - [27/Sep/2012:08:45:28 +0200] "GET /activ_party.swf HTTP/1.1" 200 1771834 "http://activparty.hu/aktivparty.html" "Mozilla/5.0 (compatible; MSIE 9.0; Windows NT 6.1; Trident/5.0)"
152.66.93.57 - - [27/Sep/2012:08:45:28 +0200] "GET /favicon.ico HTTP/1.1" 404 - "-" "Mozilla/5.0 (compatible; MSIE 9.0; Windows NT 6.1; Trident/5.0)"
195.250.39.153 - - [27/Sep/2012:09:35:36 +0200] "GET / HTTP/1.0" 200 3021 "http://outdoorprogramok.lap.hu/outdoor_programszervezok/13768794" "Mozilla/4.0 (compatible; MSIE 8.0; Windows NT 6.1; Trident/4.0; SLCC2; .NET CLR 2.0.50727; .NET CLR 3.5.30729; .NET CLR 3.0.30729; Media Center PC 6.0)"
195.250.39.153 - - [27/Sep/2012:09:35:36 +0200] "GET /images/belepes_off.gif HTTP/1.0" 200 772 "http://activparty.hu/" "Mozilla/4.0 (compatible; MSIE 8.0; Windows NT 6.1; Trident/4.0; SLCC2; .NET CLR 2.0.50727; .NET CLR 3.5.30729; .NET CLR 3.0.30729; Media Center PC 6.0)"
195.250.39.153 - - [27/Sep/2012:09:35:36 +0200] "GET /images/logo.gif HTTP/1.0" 200 2246 "http://activparty.hu/" "Mozilla/4.0 (compatible; MSIE 8.0; Windows NT 6.1; Trident/4.0; SLCC2; .NET CLR 2.0.50727; .NET CLR 3.5.30729; .NET CLR 3.0.30729; Media Center PC 6.0)"
195.250.39.153 - - [27/Sep/2012:09:35:36 +0200] "GET /images/letoltes_off.gif HTTP/1.0" 200 821 "http://activparty.hu/" "Mozilla/4.0 (compatible; MSIE 8.0; Windows NT 6.1; Trident/4.0; SLCC2; .NET CLR 2.0.50727; .NET CLR 3.5.30729; .NET CLR 3.0.30729; Media Center PC 6.0)"
195.250.39.153 - - [27/Sep/2012:09:35:36 +0200] "GET /images/letoltes_on.gif HTTP/1.0" 200 821 "http://activparty.hu/" "Mozilla/4.0 (compatible; MSIE 8.0; Windows NT 6.1; Trident/4.0; SLCC2; .NET CLR 2.0.50727; .NET CLR 3.5.30729; .NET CLR 3.0.30729; Media Center PC 6.0)"
195.250.39.153 - - [27/Sep/2012:09:35:36 +0200] "GET /images/belepes_on.gif HTTP/1.0" 200 771 "http://activparty.hu/" "Mozilla/4.0 (compatible; MSIE 8.0; Windows NT 6.1; Trident/4.0; SLCC2; .NET CLR 2.0.50727; .NET CLR 3.5.30729; .NET CLR 3.0.30729; Media Center PC 6.0)"
195.250.39.153 - - [27/Sep/2012:09:35:36 +0200] "GET /favicon.ico HTTP/1.0" 404 - "-" "Mozilla/4.0 (compatible; MSIE 8.0; Windows NT 6.1; Trident/4.0; SLCC2; .NET CLR 2.0.50727; .NET CLR 3.5.30729; .NET CLR 3.0.30729; Media Center PC 6.0)"
195.250.39.153 - - [27/Sep/2012:09:35:38 +0200] "GET /aktivparty.html HTTP/1.0" 200 1528 "http://activparty.hu/" "Mozilla/4.0 (compatible; MSIE 8.0; Windows NT 6.1; Trident/4.0; SLCC2; .NET CLR 2.0.50727; .NET CLR 3.5.30729; .NET CLR 3.0.30729; Media Center PC 6.0)"
195.250.39.153 - - [27/Sep/2012:09:35:38 +0200] "GET /js/AC_RunActiveContent.js HTTP/1.0" 200 8321 "http://activparty.hu/aktivparty.html" "Mozilla/4.0 (compatible; MSIE 8.0; Windows NT 6.1; Trident/4.0; SLCC2; .NET CLR 2.0.50727; .NET CLR 3.5.30729; .NET CLR 3.0.30729; Media Center PC 6.0)"
195.250.39.153 - - [27/Sep/2012:09:35:40 +0200] "GET /activ_party.swf HTTP/1.0" 200 1771834 "http://activparty.hu/aktivparty.html" "Mozilla/4.0 (compatible; MSIE 8.0; Windows NT 6.1; Trident/4.0; SLCC2; .NET CLR 2.0.50727; .NET CLR 3.5.30729; .NET CLR 3.0.30729; Media Center PC 6.0)"
176.63.197.54 - - [27/Sep/2012:13:17:24 +0200] "GET / HTTP/1.1" 200 3021 "-" "Mozilla/5.0 (Windows NT 6.1; rv:15.0) Gecko/20100101 Firefox/15.0.1"
176.63.197.54 - - [27/Sep/2012:13:17:24 +0200] "GET /images/logo.gif HTTP/1.1" 200 2246 "http://www.activparty.hu/" "Mozilla/5.0 (Windows NT 6.1; rv:15.0) Gecko/20100101 Firefox/15.0.1"
176.63.197.54 - - [27/Sep/2012:13:17:24 +0200] "GET /images/letoltes_off.gif HTTP/1.1" 200 821 "http://www.activparty.hu/" "Mozilla/5.0 (Windows NT 6.1; rv:15.0) Gecko/20100101 Firefox/15.0.1"
176.63.197.54 - - [27/Sep/2012:13:17:24 +0200] "GET /images/belepes_off.gif HTTP/1.1" 200 772 "http://www.activparty.hu/" "Mozilla/5.0 (Windows NT 6.1; rv:15.0) Gecko/20100101 Firefox/15.0.1"
176.63.197.54 - - [27/Sep/2012:13:17:24 +0200] "GET /images/belepes_on.gif HTTP/1.1" 200 771 "http://www.activparty.hu/" "Mozilla/5.0 (Windows NT 6.1; rv:15.0) Gecko/20100101 Firefox/15.0.1"
176.63.197.54 - - [27/Sep/2012:13:17:24 +0200] "GET /images/letoltes_on.gif HTTP/1.1" 200 821 "http://www.activparty.hu/" "Mozilla/5.0 (Windows NT 6.1; rv:15.0) Gecko/20100101 Firefox/15.0.1"
176.63.197.54 - - [27/Sep/2012:13:17:24 +0200] "GET /favicon.ico HTTP/1.1" 404 - "-" "Mozilla/5.0 (Windows NT 6.1; rv:15.0) Gecko/20100101 Firefox/15.0.1"
176.63.197.54 - - [27/Sep/2012:13:17:26 +0200] "GET /aktivparty.html HTTP/1.1" 200 1528 "http://www.activparty.hu/" "Mozilla/5.0 (Windows NT 6.1; rv:15.0) Gecko/20100101 Firefox/15.0.1"
176.63.197.54 - - [27/Sep/2012:13:17:26 +0200] "GET /js/AC_RunActiveContent.js HTTP/1.1" 200 8321 "http://www.activparty.hu/aktivparty.html" "Mozilla/5.0 (Windows NT 6.1; rv:15.0) Gecko/20100101 Firefox/15.0.1"
176.63.197.54 - - [27/Sep/2012:13:17:30 +0200] "GET /activ_party.swf HTTP/1.1" 200 1771834 "http://www.activparty.hu/aktivparty.html" "Mozilla/5.0 (Windows NT 6.1; rv:15.0) Gecko/20100101 Firefox/15.0.1"
77.75.77.17 - - [27/Sep/2012:13:55:52 +0200] "GET /robots.txt HTTP/1.1" 404 - "-" "SeznamBot/3.0 (+http://fulltext.sblog.cz/)"
77.75.77.17 - - [27/Sep/2012:13:55:53 +0200] "GET / HTTP/1.1" 304 - "-" "SeznamBot/3.0 (+http://fulltext.sblog.cz/)"
223.4.132.156 - - [27/Sep/2012:13:57:06 +0200] "GET / HTTP/1.0" 200 3021 "-" "-"
54.245.25.158 - - [27/Sep/2012:14:54:35 +0200] "GET /robots.txt HTTP/1.1" 404 - "-" "WebCompanyCrawler"
54.245.25.158 - - [27/Sep/2012:14:54:36 +0200] "GET / HTTP/1.1" 200 3021 "-" "WebCompanyCrawler"
54.245.25.158 - - [27/Sep/2012:14:54:39 +0200] "GET /aktivparty.html HTTP/1.1" 200 1528 "-" "WebCompanyCrawler"
108.171.179.232 - - [27/Sep/2012:18:32:49 +0200] "GET / HTTP/1.1" 200 3021 "-" "Mozilla/4.0 (compatible; MSIE 5.0; Windows NT; DigExt; DTS Agent"
95.108.150.235 - - [28/Sep/2012:00:36:37 +0200] "GET /robots.txt HTTP/1.1" 404 - "-" "Mozilla/5.0 (compatible; YandexBot/3.0; +http://yandex.com/bots)"
95.108.150.235 - - [28/Sep/2012:00:36:37 +0200] "GET /robots.txt HTTP/1.1" 404 - "-" "Mozilla/5.0 (compatible; YandexBot/3.0; +http://yandex.com/bots)"
95.108.150.235 - - [28/Sep/2012:00:36:38 +0200] "GET / HTTP/1.1" 200 3021 "-" "Mozilla/5.0 (compatible; YandexBot/3.0; +http://yandex.com/bots)"
95.108.150.235 - - [28/Sep/2012:00:36:38 +0200] "GET / HTTP/1.1" 200 3021 "-" "Mozilla/5.0 (compatible; YandexBot/3.0; +http://yandex.com/bots)"
95.108.150.235 - - [28/Sep/2012:00:36:39 +0200] "GET / HTTP/1.1" 200 3021 "-" "Mozilla/5.0 (compatible; YandexBot/3.0; +http://yandex.com/bots)"
95.108.150.235 - - [28/Sep/2012:00:36:39 +0200] "GET / HTTP/1.1" 200 3021 "-" "Mozilla/5.0 (compatible; YandexBot/3.0; +http://yandex.com/bots)"
69.28.58.33 - - [28/Sep/2012:02:12:25 +0200] "GET /robots.txt HTTP/1.1" 404 - "-" "Wget/1.9+cvs-stable (Red Hat modified)"
77.111.90.197 - - [28/Sep/2012:05:05:05 +0200] "GET / HTTP/1.1" 200 3021 "-" "Mozilla/5.0 (X11; U; Linux i686; en-US; rv:1.9.0.4) Gecko/2008111318 Ubuntu/8.10 (intrepid) Firefox/3.0.4"
123.125.71.95 - - [28/Sep/2012:09:29:07 +0200] "GET /robots.txt HTTP/1.1" 404 - "-" "Mozilla/5.0 (Windows NT 5.1; rv:6.0.2) Gecko/20100101 Firefox/6.0.2"
66.249.66.220 - - [28/Sep/2012:16:23:04 +0200] "GET /robots.txt HTTP/1.1" 404 - "-" "Mozilla/5.0 (compatible; Googlebot/2.1; +http://www.google.com/bot.html)"
66.249.66.220 - - [28/Sep/2012:16:23:05 +0200] "GET / HTTP/1.1" 200 3021 "-" "Mozilla/5.0 (compatible; Googlebot/2.1; +http://www.google.com/bot.html)"
95.221.82.107 - - [28/Sep/2012:19:55:22 +0200] "GET / HTTP/1.0" 200 3021 "http://yandex.ru/yandsearch?text=activparty.hu&lr=213" "Mozilla/4.0 (compatible; MSIE 6.0; Windows NT 5.1; SV1; .NET CLR 2.0.50727; InfoPath.1)"
178.154.210.252 - - [29/Sep/2012:00:41:13 +0200] "GET /robots.txt HTTP/1.1" 404 - "-" "Mozilla/5.0 (compatible; YandexBot/3.0; +http://yandex.com/bots)"
77.79.9.250 - - [29/Sep/2012:04:22:03 +0200] "GET / HTTP/1.1" 200 3021 "-" "Mozilla/4.0 (compatible; MSIE 8.0; Windows NT 6.1; Trident/4.0)"
178.154.210.252 - - [29/Sep/2012:06:49:26 +0200] "GET / HTTP/1.1" 200 3021 "-" "Mozilla/5.0 (compatible; YandexBot/3.0; +http://yandex.com/bots)"
180.76.5.195 - - [29/Sep/2012:09:24:39 +0200] "GET /robots.txt HTTP/1.1" 404 - "-" "Mozilla/5.0 (compatible; Baiduspider/2.0; +http://www.baidu.com/search/spider.html)"
157.56.229.23 - - [29/Sep/2012:15:09:16 +0200] "GET /robots.txt HTTP/1.1" 404 - "-" "Mozilla/5.0 (compatible; bingbot/2.0; +http://www.bing.com/bingbot.htm)"
157.56.229.23 - - [29/Sep/2012:16:25:42 +0200] "GET /robots.txt HTTP/1.1" 404 - "-" "Mozilla/5.0 (compatible; bingbot/2.0; +http://www.bing.com/bingbot.htm)"
157.56.229.23 - - [29/Sep/2012:16:29:23 +0200] "GET / HTTP/1.1" 200 3021 "-" "Mozilla/5.0 (compatible; bingbot/2.0; +http://www.bing.com/bingbot.htm)"
157.55.36.49 - - [29/Sep/2012:16:42:21 +0200] "GET /aktivparty.html HTTP/1.1" 200 1528 "-" "Mozilla/5.0 (compatible; bingbot/2.0; +http://www.bing.com/bingbot.htm)"
157.56.229.23 - - [29/Sep/2012:18:20:17 +0200] "GET /robots.txt HTTP/1.1" 404 - "-" "Mozilla/5.0 (compatible; bingbot/2.0; +http://www.bing.com/bingbot.htm)"
65.52.111.213 - - [29/Sep/2012:18:21:56 +0200] "GET / HTTP/1.1" 200 3021 "-" "Mozilla/5.0 (Windows NT 6.1; WOW64) AppleWebKit/534+ (KHTML, like Gecko) BingPreview/1.0b"
157.56.229.23 - - [29/Sep/2012:19:12:45 +0200] "GET / HTTP/1.1" 200 3021 "-" "Mozilla/5.0 (compatible; bingbot/2.0; +http://www.bing.com/bingbot.htm)"
87.106.61.84 - - [29/Sep/2012:19:40:58 +0200] "GET /robots.txt HTTP/1.0" 404 - "-" "Mozilla/5.0 (compatible; MJ12bot/v1.4.3; http://www.majestic12.co.uk/bot.php?+)"
87.106.61.84 - - [29/Sep/2012:19:40:59 +0200] "GET / HTTP/1.0" 200 3021 "-" "Mozilla/5.0 (compatible; MJ12bot/v1.4.3; http://www.majestic12.co.uk/bot.php?+)"
87.106.61.84 - - [29/Sep/2012:19:41:00 +0200] "GET /robots.txt HTTP/1.0" 404 - "-" "Mozilla/5.0 (compatible; MJ12bot/v1.4.3; http://www.majestic12.co.uk/bot.php?+)"
87.106.61.84 - - [29/Sep/2012:19:41:02 +0200] "GET / HTTP/1.0" 200 3021 "-" "Mozilla/5.0 (compatible; MJ12bot/v1.4.3; http://www.majestic12.co.uk/bot.php?+)"
37.140.141.19 - - [29/Sep/2012:20:09:13 +0200] "GET /robots.txt HTTP/1.1" 404 - "-" "Mozilla/5.0 (compatible; YandexImages/3.0; +http://yandex.com/bots)"
178.154.210.252 - - [29/Sep/2012:20:10:50 +0200] "GET / HTTP/1.1" 200 3021 "-" "Mozilla/5.0 (compatible; YandexBot/3.0; +http://yandex.com/bots)"
87.210.123.31 - - [30/Sep/2012:01:23:24 +0200] "GET / HTTP/1.1" 200 3021 "-" "Java/1.6.0_24"
87.210.123.31 - - [30/Sep/2012:01:23:24 +0200] "GET /aktivparty.html HTTP/1.1" 200 1528 "-" "Java/1.6.0_24"
87.210.123.31 - - [30/Sep/2012:01:23:24 +0200] "GET /js/AC_RunActiveContent.js HTTP/1.1" 200 8321 "-" "Java/1.6.0_24"
37.140.141.19 - - [30/Sep/2012:02:12:18 +0200] "GET /images/belepes_off.gif HTTP/1.1" 200 772 "-" "Mozilla/5.0 (compatible; YandexImages/3.0; +http://yandex.com/bots)"
95.221.73.172 - - [30/Sep/2012:02:33:14 +0200] "GET / HTTP/1.0" 200 3021 "http://yandex.ru/yandsearch?text=activparty.hu&lr=213" "Mozilla/4.0 (compatible; MSIE 6.0; Windows NT 5.1; SV1)"
178.154.210.252 - - [30/Sep/2012:03:12:28 +0200] "GET /robots.txt HTTP/1.1" 404 - "-" "Mozilla/5.0 (compatible; YandexBot/3.0; +http://yandex.com/bots)"
208.115.113.88 - - [30/Sep/2012:04:53:38 +0200] "GET /robots.txt HTTP/1.1" 404 - "-" "Mozilla/5.0 (compatible; Ezooms/1.0; ezooms.bot@gmail.com)"
208.115.113.88 - - [30/Sep/2012:05:24:19 +0200] "GET / HTTP/1.1" 200 3021 "-" "Mozilla/5.0 (compatible; Ezooms/1.0; ezooms.bot@gmail.com)"
178.154.210.252 - - [30/Sep/2012:06:40:07 +0200] "GET / HTTP/1.1" 200 3021 "-" "Mozilla/5.0 (compatible; YandexBot/3.0; +http://yandex.com/bots)"
66.249.66.220 - - [30/Sep/2012:07:35:24 +0200] "GET /robots.txt HTTP/1.1" 404 - "-" "Mozilla/5.0 (compatible; Googlebot/2.1; +http://www.google.com/bot.html)"
66.249.66.220 - - [30/Sep/2012:07:35:24 +0200] "GET /aktivparty.html HTTP/1.1" 304 - "-" "Mozilla/5.0 (compatible; Googlebot/2.1; +http://www.google.com/bot.html)"
37.140.141.19 - - [30/Sep/2012:10:13:10 +0200] "GET /images/letoltes_off.gif HTTP/1.1" 200 821 "-" "Mozilla/5.0 (compatible; YandexImages/3.0; +http://yandex.com/bots)"
68.233.247.81 - - [30/Sep/2012:12:21:51 +0200] "HEAD /sitemap.xml HTTP/1.1" 404 - "-" "User-Agent: Mozilla/5.0 (Windows NT 6.1; WOW64; rv:14.0) Gecko/20100101 Firefox/14.0.1"
37.140.141.19 - - [30/Sep/2012:15:30:36 +0200] "GET /images/logo.gif HTTP/1.1" 200 2246 "-" "Mozilla/5.0 (compatible; YandexImages/3.0; +http://yandex.com/bots)"
123.125.71.108 - - [30/Sep/2012:16:33:55 +0200] "GET /robots.txt HTTP/1.1" 404 - "-" "Mozilla/5.0 (Windows NT 5.1; rv:6.0.2) Gecko/20100101 Firefox/6.0.2"
95.221.99.1 - - [30/Sep/2012:18:43:39 +0200] "GET / HTTP/1.0" 200 3021 "http://yandex.ru/yandsearch?text=activparty.hu&lr=213" "Mozilla/4.0 (compatible; MSIE 6.0; Windows NT 5.1; SV1; .NET CLR 2.0.50727)"
77.79.9.250 - - [30/Sep/2012:18:45:44 +0200] "GET / HTTP/1.1" 200 3021 "-" "Mozilla/4.0 (compatible; MSIE 8.0; Windows NT 6.1; Trident/4.0)"
84.0.196.178 - - [30/Sep/2012:19:36:31 +0200] "GET / HTTP/1.1" 200 3021 "http://www.rendezvenyszervezes.ws/rendezvenyszervezes_budapest/II_kerulet/activ-partyszervez%C3%A9s-2.html" "Mozilla/5.0 (Windows NT 6.1; WOW64; rv:15.0) Gecko/20100101 Firefox/15.0.1"
84.0.196.178 - - [30/Sep/2012:19:36:31 +0200] "GET /images/belepes_off.gif HTTP/1.1" 200 772 "http://www.activparty.hu/" "Mozilla/5.0 (Windows NT 6.1; WOW64; rv:15.0) Gecko/20100101 Firefox/15.0.1"
84.0.196.178 - - [30/Sep/2012:19:36:31 +0200] "GET /images/letoltes_off.gif HTTP/1.1" 200 821 "http://www.activparty.hu/" "Mozilla/5.0 (Windows NT 6.1; WOW64; rv:15.0) Gecko/20100101 Firefox/15.0.1"
84.0.196.178 - - [30/Sep/2012:19:36:31 +0200] "GET /images/logo.gif HTTP/1.1" 200 2246 "http://www.activparty.hu/" "Mozilla/5.0 (Windows NT 6.1; WOW64; rv:15.0) Gecko/20100101 Firefox/15.0.1"
84.0.196.178 - - [30/Sep/2012:19:36:31 +0200] "GET /images/belepes_on.gif HTTP/1.1" 200 771 "http://www.activparty.hu/" "Mozilla/5.0 (Windows NT 6.1; WOW64; rv:15.0) Gecko/20100101 Firefox/15.0.1"
84.0.196.178 - - [30/Sep/2012:19:36:31 +0200] "GET /images/letoltes_on.gif HTTP/1.1" 200 821 "http://www.activparty.hu/" "Mozilla/5.0 (Windows NT 6.1; WOW64; rv:15.0) Gecko/20100101 Firefox/15.0.1"
84.0.196.178 - - [30/Sep/2012:19:36:31 +0200] "GET /favicon.ico HTTP/1.1" 404 - "-" "Mozilla/5.0 (Windows NT 6.1; WOW64; rv:15.0) Gecko/20100101 Firefox/15.0.1"
84.0.196.178 - - [30/Sep/2012:19:36:34 +0200] "GET /aktivparty.html HTTP/1.1" 200 1528 "http://www.activparty.hu/" "Mozilla/5.0 (Windows NT 6.1; WOW64; rv:15.0) Gecko/20100101 Firefox/15.0.1"
84.0.196.178 - - [30/Sep/2012:19:36:34 +0200] "GET /js/AC_RunActiveContent.js HTTP/1.1" 200 8321 "http://www.activparty.hu/aktivparty.html" "Mozilla/5.0 (Windows NT 6.1; WOW64; rv:15.0) Gecko/20100101 Firefox/15.0.1"
84.0.196.178 - - [30/Sep/2012:19:36:38 +0200] "GET /activ_party.swf HTTP/1.1" 200 1771834 "http://www.activparty.hu/aktivparty.html" "Mozilla/5.0 (Windows NT 6.1; WOW64; rv:15.0) Gecko/20100101 Firefox/15.0.1"
66.249.66.220 - - [30/Sep/2012:19:38:20 +0200] "GET /robots.txt HTTP/1.1" 404 - "-" "Mozilla/5.0 (compatible; Googlebot/2.1; +http://www.google.com/bot.html)"
66.249.66.220 - - [30/Sep/2012:19:38:20 +0200] "GET / HTTP/1.1" 200 3021 "-" "Mozilla/5.0 (compatible; Googlebot/2.1; +http://www.google.com/bot.html)"
46.4.120.2 - - [30/Sep/2012:19:59:57 +0200] "GET / HTTP/1.0" 200 3021 "-" "-"
46.4.120.2 - - [30/Sep/2012:19:59:57 +0200] "GET / HTTP/1.0" 200 3021 "-" "-"
46.4.120.2 - - [30/Sep/2012:19:59:57 +0200] "GET /images/logo.gif HTTP/1.1" 200 2246 "http://www.activparty.hu" "Mozilla/5.0 (Windows; U; Windows NT 5.1; en-US; rv:1.8.1.15) Gecko/20080623 Firefox/2.0.0.15"
46.4.120.2 - - [30/Sep/2012:19:59:58 +0200] "GET /images/belepes_off.gif HTTP/1.1" 200 772 "http://www.activparty.hu" "Mozilla/5.0 (Windows; U; Windows NT 5.1; en-US; rv:1.8.1.15) Gecko/20080623 Firefox/2.0.0.15"
46.4.120.2 - - [30/Sep/2012:19:59:58 +0200] "GET /images/letoltes_off.gif HTTP/1.1" 200 821 "http://www.activparty.hu" "Mozilla/5.0 (Windows; U; Windows NT 5.1; en-US; rv:1.8.1.15) Gecko/20080623 Firefox/2.0.0.15"
46.4.120.2 - - [30/Sep/2012:19:59:58 +0200] "HEAD / HTTP/1.1" 200 0 "-" "Visited by http://tools.geek-tools.org"
66.249.66.220 - - [30/Sep/2012:21:37:02 +0200] "GET / HTTP/1.1" 200 3021 "-" "Mozilla/5.0 (iPhone; U; CPU iPhone OS 4_1 like Mac OS X; en-us) AppleWebKit/532.9 (KHTML, like Gecko) Version/4.0.5 Mobile/8B117 Safari/6531.22.7 (compatible; Googlebot-Mobile/2.1; +http://www.google.com/bot.html)"
80.98.100.224 - - [30/Sep/2012:22:52:33 +0200] "GET / HTTP/1.1" 200 3021 "http://karaoke.lap.hu/" "Mozilla/5.0 (Windows NT 6.1; rv:15.0) Gecko/20100101 Firefox/15.0.1"
80.98.100.224 - - [30/Sep/2012:22:52:33 +0200] "GET /images/belepes_off.gif HTTP/1.1" 200 772 "http://activparty.hu/" "Mozilla/5.0 (Windows NT 6.1; rv:15.0) Gecko/20100101 Firefox/15.0.1"
80.98.100.224 - - [30/Sep/2012:22:52:33 +0200] "GET /images/letoltes_off.gif HTTP/1.1" 200 821 "http://activparty.hu/" "Mozilla/5.0 (Windows NT 6.1; rv:15.0) Gecko/20100101 Firefox/15.0.1"
80.98.100.224 - - [30/Sep/2012:22:52:33 +0200] "GET /images/logo.gif HTTP/1.1" 200 2246 "http://activparty.hu/" "Mozilla/5.0 (Windows NT 6.1; rv:15.0) Gecko/20100101 Firefox/15.0.1"
80.98.100.224 - - [30/Sep/2012:22:52:33 +0200] "GET /images/belepes_on.gif HTTP/1.1" 200 771 "http://activparty.hu/" "Mozilla/5.0 (Windows NT 6.1; rv:15.0) Gecko/20100101 Firefox/15.0.1"
80.98.100.224 - - [30/Sep/2012:22:52:33 +0200] "GET /images/letoltes_on.gif HTTP/1.1" 200 821 "http://activparty.hu/" "Mozilla/5.0 (Windows NT 6.1; rv:15.0) Gecko/20100101 Firefox/15.0.1"
80.98.100.224 - - [30/Sep/2012:22:52:33 +0200] "GET /favicon.ico HTTP/1.1" 404 - "-" "Mozilla/5.0 (Windows NT 6.1; rv:15.0) Gecko/20100101 Firefox/15.0.1"
80.98.100.224 - - [30/Sep/2012:22:52:33 +0200] "GET /favicon.ico HTTP/1.1" 404 - "-" "Mozilla/5.0 (Windows NT 6.1; rv:15.0) Gecko/20100101 Firefox/15.0.1"