176.63.32.42 - - [21/Oct/2012:20:42:38 +0200] "GET /images/casino.jpg HTTP/1.1" 200 18223 "http://activparty.hu/casino.html" "Mozilla/5.0 (Windows NT 6.1) AppleWebKit/537.4 (KHTML, like Gecko) Chrome/22.0.1229.94 Safari/537.4"
176.63.32.42 - - [21/Oct/2012:20:42:38 +0200] "GET /favicon.ico HTTP/1.1" 404 - "-" "Mozilla/5.0 (Windows NT 6.1) AppleWebKit/537.4 (KHTML, like Gecko) Chrome/22.0.1229.94 Safari/537.4"
50.22.245.218 - - [21/Oct/2012:22:49:21 +0200] "GET /robots.txt HTTP/1.1" 404 - "-" "PagesInventory.com (robot http://www.pagesinvenotry.com)"
50.22.245.218 - - [21/Oct/2012:22:49:21 +0200] "GET / HTTP/1.1" 200 3021 "-" "PagesInventory.com (robot http://www.pagesinvenotry.com)"
66.249.66.130 - - [21/Oct/2012:23:30:29 +0200] "GET /robots.txt HTTP/1.1" 404 - "-" "Mozilla/5.0 (compatible; Googlebot/2.1; +http://www.google.com/bot.html)"
66.249.76.49 - - [21/Oct/2012:23:30:32 +0200] "GET /activ_party.swf HTTP/1.1" 200 1771834 "-" "Mozilla/5.0 (compatible; Googlebot/2.1; +http://www.google.com/bot.html)"
62.219.132.115 - - [22/Oct/2012:01:48:50 +0200] "GET / HTTP/1.1" 200 3021 "http://www.we-globe.net/Weblab/SiteCommonGraveReport/www.activparty.hu/" "Mozilla/5.0 (Windows; U; Windows NT 5.1; fr; rv:1.9.0.8) Gecko/2009032609 Firefox/3.0.8"
46.165.197.142 - - [22/Oct/2012:02:52:33 +0200] "GET /robots.txt HTTP/1.0" 404 - "-" "Mozilla/5.0 (compatible; MJ12bot/v1.4.3; http://www.majestic12.co.uk/bot.php?+)"
46.165.197.142 - - [22/Oct/2012:02:52:34 +0200] "GET / HTTP/1.0" 200 3021 "-" "Mozilla/5.0 (compatible; MJ12bot/v1.4.3; http://www.majestic12.co.uk/bot.php?+)"
180.76.5.192 - - [22/Oct/2012:03:32:52 +0200] "GET /robots.txt HTTP/1.1" 404 - "-" "Mozilla/5.0 (Windows NT 5.1; rv:6.0.2) Gecko/20100101 Firefox/6.0.2"
123.125.71.44 - - [22/Oct/2012:06:50:03 +0200] "GET /robots.txt HTTP/1.1" 404 - "-" "Mozilla/5.0 (Windows NT 5.1; rv:6.0.2) Gecko/20100101 Firefox/6.0.2"
94.23.13.153 - - [22/Oct/2012:07:34:10 +0200] "GET /robots.txt HTTP/1.0" 404 - "-" "Mozilla/5.0 (compatible; MJ12bot/v1.4.3; http://www.majestic12.co.uk/bot.php?+)"
94.23.13.153 - - [22/Oct/2012:07:34:13 +0200] "GET / HTTP/1.0" 200 3021 "-" "Mozilla/5.0 (compatible; MJ12bot/v1.4.3; http://www.majestic12.co.uk/bot.php?+)"
94.23.13.153 - - [22/Oct/2012:07:34:14 +0200] "GET /robots.txt HTTP/1.0" 404 - "-" "Mozilla/5.0 (compatible; MJ12bot/v1.4.3; http://www.majestic12.co.uk/bot.php?+)"
94.23.13.153 - - [22/Oct/2012:07:34:16 +0200] "GET / HTTP/1.0" 200 3021 "-" "Mozilla/5.0 (compatible; MJ12bot/v1.4.3; http://www.majestic12.co.uk/bot.php?+)"
157.55.32.162 - - [22/Oct/2012:09:24:06 +0200] "GET /robots.txt HTTP/1.1" 404 - "-" "Mozilla/5.0 (compatible; bingbot/2.0; +http://www.bing.com/bingbot.htm)"
50.22.245.218 - - [22/Oct/2012:10:03:06 +0200] "GET /robots.txt HTTP/1.1" 404 - "-" "PagesInventory.com (robot http://www.pagesinvenotry.com)"
50.22.245.218 - - [22/Oct/2012:10:03:06 +0200] "GET / HTTP/1.1" 200 3021 "-" "PagesInventory.com (robot http://www.pagesinvenotry.com)"
157.55.32.162 - - [22/Oct/2012:10:23:07 +0200] "GET /aktivparty.html HTTP/1.1" 200 1528 "-" "Mozilla/5.0 (compatible; bingbot/2.0; +http://www.bing.com/bingbot.htm)"
208.115.113.88 - - [22/Oct/2012:13:10:08 +0200] "GET /robots.txt HTTP/1.1" 404 - "-" "Mozilla/5.0 (compatible; Ezooms/1.0; ezooms.bot@gmail.com)"
208.115.113.88 - - [22/Oct/2012:13:33:08 +0200] "GET /aktivparty.html HTTP/1.1" 200 1528 "-" "Mozilla/5.0 (compatible; Ezooms/1.0; ezooms.bot@gmail.com)"
178.154.210.252 - - [22/Oct/2012:18:59:52 +0200] "GET /robots.txt HTTP/1.1" 404 - "-" "Mozilla/5.0 (compatible; YandexBot/3.0; +http://yandex.com/bots)"
83.21.132.37 - - [22/Oct/2012:19:00:29 +0200] "GET / HTTP/1.1" 200 3021 "http://www.google.pl/url?sa=t&rct=j&q=activparty&source=web&cd=2&ved=0CCQQFjAB&url=http%3A%2F%2Factivparty.hu%2F&ei=qnuFUIesH4_EtAau4oDgDw&usg=AFQjCNHJ2fu-vrvk4eEbm2CjupAae2vLTw" "Mozilla/5.0 (compatible; MSIE 9.0; Windows NT 6.1; WOW64; Trident/5.0)"
83.21.132.37 - - [22/Oct/2012:19:00:29 +0200] "GET /images/logo.gif HTTP/1.1" 200 2246 "http://activparty.hu/" "Mozilla/5.0 (compatible; MSIE 9.0; Windows NT 6.1; WOW64; Trident/5.0)"
83.21.132.37 - - [22/Oct/2012:19:00:29 +0200] "GET /images/letoltes_off.gif HTTP/1.1" 200 821 "http://activparty.hu/" "Mozilla/5.0 (compatible; MSIE 9.0; Windows NT 6.1; WOW64; Trident/5.0)"
83.21.132.37 - - [22/Oct/2012:19:00:29 +0200] "GET /images/logo.gif HTTP/1.1" 200 2246 "http://activparty.hu/" "Mozilla/5.0 (compatible; MSIE 9.0; Windows NT 6.1; WOW64; Trident/5.0)"
83.21.132.37 - - [22/Oct/2012:19:00:29 +0200] "GET /images/belepes_off.gif HTTP/1.1" 200 772 "http://activparty.hu/" "Mozilla/5.0 (compatible; MSIE 9.0; Windows NT 6.1; WOW64; Trident/5.0)"
83.21.132.37 - - [22/Oct/2012:19:00:30 +0200] "GET /images/belepes_on.gif HTTP/1.1" 200 771 "http://activparty.hu/" "Mozilla/5.0 (compatible; MSIE 9.0; Windows NT 6.1; WOW64; Trident/5.0)"
83.21.132.37 - - [22/Oct/2012:19:00:30 +0200] "GET /images/letoltes_on.gif HTTP/1.1" 200 821 "http://activparty.hu/" "Mozilla/5.0 (compatible; MSIE 9.0; Windows NT 6.1; WOW64; Trident/5.0)"
83.21.132.37 - - [22/Oct/2012:19:00:30 +0200] "GET /favicon.ico HTTP/1.1" 404 - "-" "Mozilla/5.0 (compatible; MSIE 9.0; Windows NT 6.1; WOW64; Trident/5.0)"
80.98.89.236 - - [22/Oct/2012:19:10:02 +0200] "GET / HTTP/1.1" 200 3021 "http://karaoke.lap.hu/" "Mozilla/5.0 (Windows NT 5.1) AppleWebKit/537.4 (KHTML, like Gecko) Chrome/22.0.1229.94 Safari/537.4"
80.98.89.236 - - [22/Oct/2012:19:10:02 +0200] "GET /images/logo.gif HTTP/1.1" 200 2246 "http://activparty.hu/" "Mozilla/5.0 (Windows NT 5.1) AppleWebKit/537.4 (KHTML, like Gecko) Chrome/22.0.1229.94 Safari/537.4"
80.98.89.236 - - [22/Oct/2012:19:10:02 +0200] "GET /images/belepes_off.gif HTTP/1.1" 200 772 "http://activparty.hu/" "Mozilla/5.0 (Windows NT 5.1) AppleWebKit/537.4 (KHTML, like Gecko) Chrome/22.0.1229.94 Safari/537.4"
80.98.89.236 - - [22/Oct/2012:19:10:02 +0200] "GET /images/letoltes_off.gif HTTP/1.1" 200 821 "http://activparty.hu/" "Mozilla/5.0 (Windows NT 5.1) AppleWebKit/537.4 (KHTML, like Gecko) Chrome/22.0.1229.94 Safari/537.4"
80.98.89.236 - - [22/Oct/2012:19:10:02 +0200] "GET /images/belepes_on.gif HTTP/1.1" 200 771 "http://activparty.hu/" "Mozilla/5.0 (Windows NT 5.1) AppleWebKit/537.4 (KHTML, like Gecko) Chrome/22.0.1229.94 Safari/537.4"
80.98.89.236 - - [22/Oct/2012:19:10:02 +0200] "GET /images/letoltes_on.gif HTTP/1.1" 200 821 "http://activparty.hu/" "Mozilla/5.0 (Windows NT 5.1) AppleWebKit/537.4 (KHTML, like Gecko) Chrome/22.0.1229.94 Safari/537.4"
80.98.89.236 - - [22/Oct/2012:19:10:02 +0200] "GET /favicon.ico HTTP/1.1" 404 - "-" "Mozilla/5.0 (Windows NT 5.1) AppleWebKit/537.4 (KHTML, like Gecko) Chrome/22.0.1229.94 Safari/537.4"
80.98.89.236 - - [22/Oct/2012:19:10:04 +0200] "GET /aktivparty.html HTTP/1.1" 200 1528 "http://activparty.hu/" "Mozilla/5.0 (Windows NT 5.1) AppleWebKit/537.4 (KHTML, like Gecko) Chrome/22.0.1229.94 Safari/537.4"
80.98.89.236 - - [22/Oct/2012:19:10:04 +0200] "GET /js/AC_RunActiveContent.js HTTP/1.1" 200 8321 "http://activparty.hu/aktivparty.html" "Mozilla/5.0 (Windows NT 5.1) AppleWebKit/537.4 (KHTML, like Gecko) Chrome/22.0.1229.94 Safari/537.4"
80.98.89.236 - - [22/Oct/2012:19:10:04 +0200] "GET /favicon.ico HTTP/1.1" 404 - "-" "Mozilla/5.0 (Windows NT 5.1) AppleWebKit/537.4 (KHTML, like Gecko) Chrome/22.0.1229.94 Safari/537.4"
80.98.89.236 - - [22/Oct/2012:19:10:05 +0200] "GET /activ_party.swf HTTP/1.1" 200 1771834 "http://activparty.hu/aktivparty.html" "Mozilla/5.0 (Windows NT 5.1) AppleWebKit/537.4 (KHTML, like Gecko) Chrome/22.0.1229.94 Safari/537.4"
80.98.89.236 - - [22/Oct/2012:19:10:12 +0200] "GET /karaoke.html HTTP/1.1" 200 4266 "http://activparty.hu/aktivparty.html" "Mozilla/5.0 (Windows NT 5.1) AppleWebKit/537.4 (KHTML, like Gecko) Chrome/22.0.1229.94 Safari/537.4"
80.98.89.236 - - [22/Oct/2012:19:10:12 +0200] "GET /images/karaoke.jpg HTTP/1.1" 200 25297 "http://activparty.hu/karaoke.html" "Mozilla/5.0 (Windows NT 5.1) AppleWebKit/537.4 (KHTML, like Gecko) Chrome/22.0.1229.94 Safari/537.4"
80.98.89.236 - - [22/Oct/2012:19:10:13 +0200] "GET /favicon.ico HTTP/1.1" 404 - "-" "Mozilla/5.0 (Windows NT 5.1) AppleWebKit/537.4 (KHTML, like Gecko) Chrome/22.0.1229.94 Safari/537.4"
157.55.32.60 - - [23/Oct/2012:03:17:36 +0200] "GET /robots.txt HTTP/1.1" 404 - "-" "Mozilla/5.0 (compatible; bingbot/2.0; +http://www.bing.com/bingbot.htm)"
178.154.210.252 - - [23/Oct/2012:03:45:42 +0200] "GET /aktivparty.html HTTP/1.1" 200 1528 "-" "Mozilla/5.0 (compatible; YandexBot/3.0; +http://yandex.com/bots)"
65.52.111.244 - - [23/Oct/2012:04:05:53 +0200] "GET / HTTP/1.1" 200 3021 "-" "Mozilla/5.0 (Windows NT 6.1; WOW64) AppleWebKit/534+ (KHTML, like Gecko) BingPreview/1.0b"
69.28.58.79 - - [23/Oct/2012:05:46:47 +0200] "GET /robots.txt HTTP/1.0" 404 - "-" "nutch-1.4/Nutch-1.4"
69.28.58.79 - - [23/Oct/2012:05:46:48 +0200] "GET / HTTP/1.0" 200 3021 "-" "nutch-1.4/Nutch-1.4"
213.186.120.196 - - [23/Oct/2012:06:40:11 +0200] "GET /robots.txt HTTP/1.1" 404 - "-" "Mozilla/5.0 (compatible; AhrefsBot/3.1; +http://ahrefs.com/robot/)"
213.186.120.196 - - [23/Oct/2012:06:40:12 +0200] "GET /robots.txt HTTP/1.1" 404 - "-" "Mozilla/5.0 (compatible; AhrefsBot/3.1; +http://ahrefs.com/robot/)"
178.238.227.110 - - [23/Oct/2012:09:39:40 +0200] "GET / HTTP/1.1" 200 3021 "-" "Java/1.6.0_04"
178.238.227.110 - - [23/Oct/2012:09:39:41 +0200] "GET /aktivparty.html HTTP/1.1" 200 1528 "-" "Java/1.6.0_04"
178.238.227.110 - - [23/Oct/2012:09:39:41 +0200] "GET /js/AC_RunActiveContent.js HTTP/1.1" 200 8321 "-" "Java/1.6.0_04"
66.249.66.85 - - [23/Oct/2012:10:02:19 +0200] "GET /robots.txt HTTP/1.1" 404 - "-" "Mozilla/5.0 (compatible; Googlebot/2.1; +http://www.google.com/bot.html)"
66.249.66.85 - - [23/Oct/2012:10:02:19 +0200] "GET /images/letoltes_off.gif HTTP/1.1" 304 - "-" "Googlebot-Image/1.0"
66.249.66.130 - - [23/Oct/2012:20:13:19 +0200] "GET /robots.txt HTTP/1.1" 404 - "-" "Mozilla/5.0 (compatible; Googlebot/2.1; +http://www.google.com/bot.html)"
66.249.76.49 - - [23/Oct/2012:20:13:19 +0200] "GET / HTTP/1.1" 200 3021 "-" "Mozilla/5.0 (compatible; Googlebot/2.1; +http://www.google.com/bot.html)"
91.120.148.228 - - [23/Oct/2012:20:18:48 +0200] "GET / HTTP/1.1" 200 3021 "-" "Mozilla/5.0 (Windows NT 5.1; rv:16.0) Gecko/20100101 Firefox/16.0"
91.120.148.228 - - [23/Oct/2012:20:18:48 +0200] "GET /images/logo.gif HTTP/1.1" 200 2246 "http://www.activparty.hu/" "Mozilla/5.0 (Windows NT 5.1; rv:16.0) Gecko/20100101 Firefox/16.0"
91.120.148.228 - - [23/Oct/2012:20:18:48 +0200] "GET /images/belepes_off.gif HTTP/1.1" 200 772 "http://www.activparty.hu/" "Mozilla/5.0 (Windows NT 5.1; rv:16.0) Gecko/20100101 Firefox/16.0"
91.120.148.228 - - [23/Oct/2012:20:18:48 +0200] "GET /images/letoltes_off.gif HTTP/1.1" 200 821 "http://www.activparty.hu/" "Mozilla/5.0 (Windows NT 5.1; rv:16.0) Gecko/20100101 Firefox/16.0"
91.120.148.228 - - [23/Oct/2012:20:18:48 +0200] "GET /images/belepes_on.gif HTTP/1.1" 200 771 "http://www.activparty.hu/" "Mozilla/5.0 (Windows NT 5.1; rv:16.0) Gecko/20100101 Firefox/16.0"
91.120.148.228 - - [23/Oct/2012:20:18:48 +0200] "GET /images/letoltes_on.gif HTTP/1.1" 200 821 "http://www.activparty.hu/" "Mozilla/5.0 (Windows NT 5.1; rv:16.0) Gecko/20100101 Firefox/16.0"
91.120.148.228 - - [23/Oct/2012:20:18:48 +0200] "GET /favicon.ico HTTP/1.1" 404 - "-" "Mozilla/5.0 (Windows NT 5.1; rv:16.0) Gecko/20100101 Firefox/16.0"
91.120.148.228 - - [23/Oct/2012:20:18:48 +0200] "GET /favicon.ico HTTP/1.1" 404 - "-" "Mozilla/5.0 (Windows NT 5.1; rv:16.0) Gecko/20100101 Firefox/16.0"
91.120.148.228 - - [23/Oct/2012:20:18:53 +0200] "GET /aktivparty.html HTTP/1.1" 200 1528 "http://www.activparty.hu/" "Mozilla/5.0 (Windows NT 5.1; rv:16.0) Gecko/20100101 Firefox/16.0"
91.120.148.228 - - [23/Oct/2012:20:18:53 +0200] "GET /js/AC_RunActiveContent.js HTTP/1.1" 200 8321 "http://www.activparty.hu/aktivparty.html" "Mozilla/5.0 (Windows NT 5.1; rv:16.0) Gecko/20100101 Firefox/16.0"
91.120.148.228 - - [23/Oct/2012:20:19:01 +0200] "GET /activ_party.swf HTTP/1.1" 200 1771834 "http://www.activparty.hu/aktivparty.html" "Mozilla/5.0 (Windows NT 5.1; rv:16.0) Gecko/20100101 Firefox/16.0"
207.225.105.189 - - [23/Oct/2012:20:34:33 +0200] "GET / HTTP/1.1" 200 3021 "-" "Mozilla/4.0 (compatible; MSIE 5.0; Windows NT;)"
69.28.58.33 - - [23/Oct/2012:20:38:41 +0200] "GET /robots.txt HTTP/1.1" 404 - "-" "Wget/1.9+cvs-stable (Red Hat modified)"
69.28.58.75 - - [23/Oct/2012:23:22:57 +0200] "GET /robots.txt HTTP/1.0" 404 - "-" "nutch-1.4/Nutch-1.4"
69.28.58.75 - - [23/Oct/2012:23:22:58 +0200] "GET / HTTP/1.0" 200 3021 "-" "nutch-1.4/Nutch-1.4"
178.238.227.110 - - [23/Oct/2012:23:24:58 +0200] "GET / HTTP/1.1" 200 3021 "-" "Java/1.6.0_04"
178.238.227.110 - - [23/Oct/2012:23:24:59 +0200] "GET /aktivparty.html HTTP/1.1" 200 1528 "-" "Java/1.6.0_04"
178.238.227.110 - - [23/Oct/2012:23:24:59 +0200] "GET /js/AC_RunActiveContent.js HTTP/1.1" 200 8321 "-" "Java/1.6.0_04"
66.249.66.130 - - [24/Oct/2012:05:22:24 +0200] "GET /robots.txt HTTP/1.1" 404 - "-" "Mozilla/5.0 (compatible; Googlebot/2.1; +http://www.google.com/bot.html)"
66.249.66.130 - - [24/Oct/2012:05:22:24 +0200] "GET / HTTP/1.1" 200 3021 "-" "Mozilla/5.0 (iPhone; U; CPU iPhone OS 4_1 like Mac OS X; en-us) AppleWebKit/532.9 (KHTML, like Gecko) Version/4.0.5 Mobile/8B117 Safari/6531.22.7 (compatible; Googlebot-Mobile/2.1; +http://www.google.com/bot.html)"
178.154.210.252 - - [24/Oct/2012:05:52:07 +0200] "GET /robots.txt HTTP/1.1" 404 - "-" "Mozilla/5.0 (compatible; YandexBot/3.0; +http://yandex.com/bots)"
69.28.58.85 - - [24/Oct/2012:07:16:05 +0200] "GET /robots.txt HTTP/1.0" 404 - "-" "nutch-1.4/Nutch-1.4"
69.28.58.85 - - [24/Oct/2012:07:16:05 +0200] "GET / HTTP/1.0" 200 3021 "-" "nutch-1.4/Nutch-1.4"
95.25.63.148 - - [24/Oct/2012:07:26:20 +0200] "GET / HTTP/1.0" 200 3021 "http://yandex.ru/yandsearch?text=activparty.hu&lr=213" "Mozilla/4.0 (compatible; MSIE 7.0; Windows NT 5.1; InfoPath.2)"
180.76.5.145 - - [24/Oct/2012:08:49:01 +0200] "GET / HTTP/1.1" 200 3021 "-" "Mozilla/5.0 (compatible; Baiduspider/2.0; +http://www.baidu.com/search/spider.html)"
180.76.6.26 - - [24/Oct/2012:09:42:58 +0200] "GET /robots.txt HTTP/1.1" 404 - "-" "Mozilla/5.0 (Windows NT 5.1; rv:6.0.2) Gecko/20100101 Firefox/6.0.2"
157.55.32.60 - - [24/Oct/2012:09:59:17 +0200] "GET /robots.txt HTTP/1.1" 404 - "-" "Mozilla/5.0 (compatible; bingbot/2.0; +http://www.bing.com/bingbot.htm)"
89.132.88.73 - - [24/Oct/2012:10:04:06 +0200] "GET /robots.txt HTTP/1.1" 404 - "-" "Mozilla/5.0 (compatible; JobKeresoBot; http://www.jobkereso.com/help.jsp)"
89.132.88.73 - - [24/Oct/2012:10:04:06 +0200] "GET / HTTP/1.1" 200 3021 "-" "Mozilla/5.0 (compatible; JobKeresoBot; http://www.jobkereso.com/help.jsp)"
77.111.90.197 - - [24/Oct/2012:10:30:49 +0200] "GET / HTTP/1.1" 200 3021 "-" "Mozilla/5.0 (X11; U; Linux i686; en-US; rv:1.9.0.4) Gecko/2008111318 Ubuntu/8.10 (intrepid) Firefox/3.0.4"
157.55.32.60 - - [24/Oct/2012:11:15:24 +0200] "GET / HTTP/1.1" 304 - "-" "Mozilla/5.0 (compatible; bingbot/2.0; +http://www.bing.com/bingbot.htm)"
178.154.210.252 - - [24/Oct/2012:11:42:21 +0200] "GET / HTTP/1.1" 304 - "-" "Mozilla/5.0 (compatible; YandexBot/3.0; +http://yandex.com/bots)"
178.154.210.252 - - [24/Oct/2012:14:24:33 +0200] "GET / HTTP/1.1" 200 3021 "-" "Mozilla/5.0 (compatible; YandexBot/3.0; +http://yandex.com/bots)"
209.169.14.138 - - [24/Oct/2012:18:15:35 +0200] "GET / HTTP/1.1" 200 3021 "-" "Mozilla/5.0"
209.169.14.138 - - [24/Oct/2012:18:15:35 +0200] "GET / HTTP/1.1" 200 3021 "-" "'"
209.169.14.138 - - [24/Oct/2012:18:15:35 +0200] "GET / HTTP/1.1" 200 3021 "-" "\""
209.169.14.138 - - [24/Oct/2012:18:15:36 +0200] "GET / HTTP/1.1" 200 3021 "-" "Mozilla/5.0 (X11; Linux x86_64)"
209.169.14.138 - - [24/Oct/2012:18:15:36 +0200] "GET / HTTP/1.1" 200 3021 "'" "Mozilla/5.0 (X11; Linux x86_64)"
37.111.73.53 - - [24/Oct/2012:21:21:39 +0200] "GET / HTTP/1.1" 200 3021 "http://karaoke.lap.hu/" "Mozilla/5.0 (iPhone; CPU iPhone OS 5_1 like Mac OS X) AppleWebKit/534.46 (KHTML, like Gecko) Version/5.1 Mobile/9B176 Safari/7534.48.3"
37.111.73.53 - - [24/Oct/2012:21:21:39 +0200] "GET /images/logo.gif HTTP/1.1" 200 2246 "http://activparty.hu/" "Mozilla/5.0 (iPhone; CPU iPhone OS 5_1 like Mac OS X) AppleWebKit/534.46 (KHTML, like Gecko) Version/5.1 Mobile/9B176 Safari/7534.48.3"
37.111.73.53 - - [24/Oct/2012:21:21:39 +0200] "GET /images/belepes_off.gif HTTP/1.1" 200 772 "http://activparty.hu/" "Mozilla/5.0 (iPhone; CPU iPhone OS 5_1 like Mac OS X) AppleWebKit/534.46 (KHTML, like Gecko) Version/5.1 Mobile/9B176 Safari/7534.48.3"
37.111.73.53 - - [24/Oct/2012:21:21:39 +0200] "GET /images/letoltes_off.gif HTTP/1.1" 200 821 "http://activparty.hu/" "Mozilla/5.0 (iPhone; CPU iPhone OS 5_1 like Mac OS X) AppleWebKit/534.46 (KHTML, like Gecko) Version/5.1 Mobile/9B176 Safari/7534.48.3"
37.111.73.53 - - [24/Oct/2012:21:21:41 +0200] "GET /images/belepes_on.gif HTTP/1.1" 200 771 "http://activparty.hu/" "Mozilla/5.0 (iPhone; CPU iPhone OS 5_1 like Mac OS X) AppleWebKit/534.46 (KHTML, like Gecko) Version/5.1 Mobile/9B176 Safari/7534.48.3"
37.111.73.53 - - [24/Oct/2012:21:21:40 +0200] "GET /images/letoltes_on.gif HTTP/1.1" 200 821 "http://activparty.hu/" "Mozilla/5.0 (iPhone; CPU iPhone OS 5_1 like Mac OS X) AppleWebKit/534.46 (KHTML, like Gecko) Version/5.1 Mobile/9B176 Safari/7534.48.3"
37.111.73.53 - - [24/Oct/2012:21:21:43 +0200] "GET /aktivparty.html HTTP/1.1" 200 1528 "http://activparty.hu/" "Mozilla/5.0 (iPhone; CPU iPhone OS 5_1 like Mac OS X) AppleWebKit/534.46 (KHTML, like Gecko) Version/5.1 Mobile/9B176 Safari/7534.48.3"
37.111.73.53 - - [24/Oct/2012:21:21:43 +0200] "GET /js/AC_RunActiveContent.js HTTP/1.1" 200 8321 "http://activparty.hu/aktivparty.html" "Mozilla/5.0 (iPhone; CPU iPhone OS 5_1 like Mac OS X) AppleWebKit/534.46 (KHTML, like Gecko) Version/5.1 Mobile/9B176 Safari/7534.48.3"
37.111.73.53 - - [24/Oct/2012:21:22:09 +0200] "GET /aktivparty.html HTTP/1.1" 200 1528 "http://activparty.hu/" "Mozilla/5.0 (iPhone; CPU iPhone OS 5_1 like Mac OS X) AppleWebKit/534.46 (KHTML, like Gecko) Version/5.1 Mobile/9B176 Safari/7534.48.3"
37.111.73.53 - - [24/Oct/2012:21:22:10 +0200] "GET /js/AC_RunActiveContent.js HTTP/1.1" 304 - "http://activparty.hu/aktivparty.html" "Mozilla/5.0 (iPhone; CPU iPhone OS 5_1 like Mac OS X) AppleWebKit/534.46 (KHTML, like Gecko) Version/5.1 Mobile/9B176 Safari/7534.48.3"
37.111.73.53 - - [24/Oct/2012:21:22:34 +0200] "GET /aktivparty.html HTTP/1.1" 200 1528 "http://activparty.hu/" "Mozilla/5.0 (iPhone; CPU iPhone OS 5_1 like Mac OS X) AppleWebKit/534.46 (KHTML, like Gecko) Version/5.1 Mobile/9B176 Safari/7534.48.3"
37.111.73.53 - - [24/Oct/2012:21:22:35 +0200] "GET /js/AC_RunActiveContent.js HTTP/1.1" 304 - "http://activparty.hu/aktivparty.html" "Mozilla/5.0 (iPhone; CPU iPhone OS 5_1 like Mac OS X) AppleWebKit/534.46 (KHTML, like Gecko) Version/5.1 Mobile/9B176 Safari/7534.48.3"
74.125.18.217 - - [24/Oct/2012:21:53:06 +0200] "GET /aktivparty.html HTTP/1.1" 200 1528 "http://www.google.com/search" "Mozilla/5.0 (X11; Linux x86_64) AppleWebKit/537.4 (KHTML, like Gecko; Google Web Preview) Chrome/22.0.1229 Safari/537.4"
74.125.18.217 - - [24/Oct/2012:21:53:06 +0200] "GET /js/AC_RunActiveContent.js HTTP/1.1" 200 8321 "http://activparty.hu/aktivparty.html" "Mozilla/5.0 (X11; Linux x86_64) AppleWebKit/537.4 (KHTML, like Gecko; Google Web Preview) Chrome/22.0.1229 Safari/537.4"
77.111.90.197 - - [25/Oct/2012:02:07:55 +0200] "GET / HTTP/1.1" 200 3021 "-" "Mozilla/5.0 (X11; U; Linux i686; en-US; rv:1.9.0.4) Gecko/2008111318 Ubuntu/8.10 (intrepid) Firefox/3.0.4"
71.176.122.244 - - [25/Oct/2012:07:53:01 +0200] "GET /robots.txt HTTP/1.0" 404 - "-" "Mozilla/5.0 (compatible; MJ12bot/v1.4.3; http://www.majestic12.co.uk/bot.php?+)"
71.176.122.244 - - [25/Oct/2012:07:53:03 +0200] "GET / HTTP/1.0" 200 3021 "-" "Mozilla/5.0 (compatible; MJ12bot/v1.4.3; http://www.majestic12.co.uk/bot.php?+)"
71.176.122.244 - - [25/Oct/2012:07:53:08 +0200] "GET /robots.txt HTTP/1.0" 404 - "-" "Mozilla/5.0 (compatible; MJ12bot/v1.4.3; http://www.majestic12.co.uk/bot.php?+)"
71.176.122.244 - - [25/Oct/2012:07:53:12 +0200] "GET / HTTP/1.0" 200 3021 "-" "Mozilla/5.0 (compatible; MJ12bot/v1.4.3; http://www.majestic12.co.uk/bot.php?+)"
82.80.249.137 - - [25/Oct/2012:08:34:50 +0200] "GET / HTTP/1.0" 200 3021 "-" "Mozilla/5.0 (X11; Ubuntu; Linux x86_64; rv:11.0) Gecko/20100101 Firefox/11.0"
82.80.249.137 - - [25/Oct/2012:08:34:50 +0200] "GET /aktivparty.html HTTP/1.0" 200 1528 "http://www.activparty.hu" "Mozilla/5.0 (X11; Ubuntu; Linux x86_64; rv:11.0) Gecko/20100101 Firefox/11.0"
66.249.66.85 - - [25/Oct/2012:08:51:35 +0200] "GET /robots.txt HTTP/1.1" 404 - "-" "Mozilla/5.0 (compatible; Googlebot/2.1; +http://www.google.com/bot.html)"
66.249.66.85 - - [25/Oct/2012:08:51:35 +0200] "GET /images/belepes_off.gif HTTP/1.1" 304 - "-" "Googlebot-Image/1.0"
213.186.120.196 - - [25/Oct/2012:11:29:03 +0200] "GET /robots.txt HTTP/1.1" 404 - "-" "Mozilla/5.0 (compatible; AhrefsBot/3.1; +http://ahrefs.com/robot/)"
213.186.120.196 - - [25/Oct/2012:11:29:04 +0200] "GET /robots.txt HTTP/1.1" 404 - "-" "Mozilla/5.0 (compatible; AhrefsBot/3.1; +http://ahrefs.com/robot/)"
46.73.60.119 - - [25/Oct/2012:12:16:37 +0200] "GET / HTTP/1.0" 200 3021 "http://yandex.ru/yandsearch?text=activparty.hu&lr=213" "Mozilla/4.0 (compatible; MSIE 6.0; Windows NT 5.1; SV1; .NET CLR 1.1.4322; .NET CLR 2.0.50727; .NET CLR 3.0.4506.2152; .NET CLR 3.5.30729)"
80.99.90.141 - - [25/Oct/2012:12:42:09 +0200] "GET / HTTP/1.1" 200 3021 "http://karaoke.lap.hu/" "Mozilla/5.0 (Windows NT 6.1) AppleWebKit/537.4 (KHTML, like Gecko) Chrome/22.0.1229.94 Safari/537.4"
80.99.90.141 - - [25/Oct/2012:12:42:10 +0200] "GET /images/belepes_off.gif HTTP/1.1" 200 772 "http://activparty.hu/" "Mozilla/5.0 (Windows NT 6.1) AppleWebKit/537.4 (KHTML, like Gecko) Chrome/22.0.1229.94 Safari/537.4"
80.99.90.141 - - [25/Oct/2012:12:42:10 +0200] "GET /images/logo.gif HTTP/1.1" 200 2246 "http://activparty.hu/" "Mozilla/5.0 (Windows NT 6.1) AppleWebKit/537.4 (KHTML, like Gecko) Chrome/22.0.1229.94 Safari/537.4"
80.99.90.141 - - [25/Oct/2012:12:42:10 +0200] "GET /images/letoltes_off.gif HTTP/1.1" 200 821 "http://activparty.hu/" "Mozilla/5.0 (Windows NT 6.1) AppleWebKit/537.4 (KHTML, like Gecko) Chrome/22.0.1229.94 Safari/537.4"
80.99.90.141 - - [25/Oct/2012:12:42:10 +0200] "GET /images/belepes_on.gif HTTP/1.1" 200 771 "http://activparty.hu/" "Mozilla/5.0 (Windows NT 6.1) AppleWebKit/537.4 (KHTML, like Gecko) Chrome/22.0.1229.94 Safari/537.4"
80.99.90.141 - - [25/Oct/2012:12:42:10 +0200] "GET /images/letoltes_on.gif HTTP/1.1" 200 821 "http://activparty.hu/" "Mozilla/5.0 (Windows NT 6.1) AppleWebKit/537.4 (KHTML, like Gecko) Chrome/22.0.1229.94 Safari/537.4"
80.99.90.141 - - [25/Oct/2012:12:42:10 +0200] "GET /favicon.ico HTTP/1.1" 404 - "-" "Mozilla/5.0 (Windows NT 6.1) AppleWebKit/537.4 (KHTML, like Gecko) Chrome/22.0.1229.94 Safari/537.4"
80.99.90.141 - - [25/Oct/2012:12:42:13 +0200] "GET /aktivparty.html HTTP/1.1" 200 1528 "http://activparty.hu/" "Mozilla/5.0 (Windows NT 6.1) AppleWebKit/537.4 (KHTML, like Gecko) Chrome/22.0.1229.94 Safari/537.4"
80.99.90.141 - - [25/Oct/2012:12:42:13 +0200] "GET /js/AC_RunActiveContent.js HTTP/1.1" 200 8321 "http://activparty.hu/aktivparty.html" "Mozilla/5.0 (Windows NT 6.1) AppleWebKit/537.4 (KHTML, like Gecko) Chrome/22.0.1229.94 Safari/537.4"
80.99.90.141 - - [25/Oct/2012:12:42:14 +0200] "GET /favicon.ico HTTP/1.1" 404 - "-" "Mozilla/5.0 (Windows NT 6.1) AppleWebKit/537.4 (KHTML, like Gecko) Chrome/22.0.1229.94 Safari/537.4"
80.99.90.141 - - [25/Oct/2012:12:42:15 +0200] "GET /activ_party.swf HTTP/1.1" 200 1771834 "http://activparty.hu/aktivparty.html" "Mozilla/5.0 (Windows NT 6.1) AppleWebKit/537.4 (KHTML, like Gecko) Chrome/22.0.1229.94 Safari/537.4"
80.99.90.141 - - [25/Oct/2012:12:42:31 +0200] "GET /karaoke.html HTTP/1.1" 200 4266 "http://activparty.hu/aktivparty.html" "Mozilla/5.0 (Windows NT 6.1) AppleWebKit/537.4 (KHTML, like Gecko) Chrome/22.0.1229.94 Safari/537.4"
80.99.90.141 - - [25/Oct/2012:12:42:31 +0200] "GET /images/karaoke.jpg HTTP/1.1" 200 25297 "http://activparty.hu/karaoke.html" "Mozilla/5.0 (Windows NT 6.1) AppleWebKit/537.4 (KHTML, like Gecko) Chrome/22.0.1229.94 Safari/537.4"
80.99.90.141 - - [25/Oct/2012:12:42:31 +0200] "GET /favicon.ico HTTP/1.1" 404 - "-" "Mozilla/5.0 (Windows NT 6.1) AppleWebKit/537.4 (KHTML, like Gecko) Chrome/22.0.1229.94 Safari/537.4"
178.154.210.252 - - [25/Oct/2012:12:44:55 +0200] "GET /robots.txt HTTP/1.1" 404 - "-" "Mozilla/5.0 (compatible; YandexBot/3.0; +http://yandex.com/bots)"
178.154.210.252 - - [25/Oct/2012:16:35:24 +0200] "GET / HTTP/1.1" 200 3021 "-" "Mozilla/5.0 (compatible; YandexBot/3.0; +http://yandex.com/bots)"
82.145.211.14 - - [25/Oct/2012:20:40:17 +0200] "GET /aktivparty.html HTTP/1.1" 200 1528 "http://csapatepites.linkpark.hu/" "Opera/9.80 (Android; Opera Mini/7.5.31657/28.2794; U; hu) Presto/2.8.119 Version/11.10"
82.145.211.14 - - [25/Oct/2012:20:40:17 +0200] "GET /js/AC_RunActiveContent.js HTTP/1.1" 200 8321 "http://activparty.hu/aktivparty.html" "Opera/9.80 (Android; Opera Mini/7.5.31657/28.2794; U; hu) Presto/2.8.119 Version/11.10"
82.145.211.14 - - [25/Oct/2012:20:40:18 +0200] "GET /favicon.ico HTTP/1.1" 404 - "http://activparty.hu/aktivparty.html" "Opera/9.80 (Android; Opera Mini/7.5.31657/28.2794; U; hu) Presto/2.8.119 Version/11.10"
82.145.211.14 - - [25/Oct/2012:20:40:20 +0200] "GET /activ_party.swf HTTP/1.1" 200 1771834 "http://activparty.hu/aktivparty.html" "Opera/9.80 (Android; Opera Mini/7.5.31657/28.2794; U; hu) Presto/2.8.119 Version/11.10"
95.108.150.235 - - [25/Oct/2012:23:40:41 +0200] "GET /robots.txt HTTP/1.1" 404 - "-" "Mozilla/5.0 (compatible; YandexBot/3.0; +http://yandex.com/bots)"
95.108.150.235 - - [25/Oct/2012:23:40:41 +0200] "GET /robots.txt HTTP/1.1" 404 - "-" "Mozilla/5.0 (compatible; YandexBot/3.0; +http://yandex.com/bots)"
95.108.150.235 - - [25/Oct/2012:23:40:42 +0200] "GET / HTTP/1.1" 200 3021 "-" "Mozilla/5.0 (compatible; YandexBot/3.0; +http://yandex.com/bots)"
95.108.150.235 - - [25/Oct/2012:23:40:42 +0200] "GET / HTTP/1.1" 200 3021 "-" "Mozilla/5.0 (compatible; YandexBot/3.0; +http://yandex.com/bots)"
95.108.150.235 - - [25/Oct/2012:23:40:43 +0200] "GET / HTTP/1.1" 200 3021 "-" "Mozilla/5.0 (compatible; YandexBot/3.0; +http://yandex.com/bots)"
95.108.150.235 - - [25/Oct/2012:23:40:43 +0200] "GET / HTTP/1.1" 200 3021 "-" "Mozilla/5.0 (compatible; YandexBot/3.0; +http://yandex.com/bots)"
66.249.66.85 - - [26/Oct/2012:03:00:26 +0200] "GET /robots.txt HTTP/1.1" 404 - "-" "Mozilla/5.0 (compatible; Googlebot/2.1; +http://www.google.com/bot.html)"
66.249.66.85 - - [26/Oct/2012:03:00:26 +0200] "GET / HTTP/1.1" 200 3021 "-" "Mozilla/5.0 (compatible; Googlebot/2.1; +http://www.google.com/bot.html)"
178.154.210.252 - - [26/Oct/2012:04:39:53 +0200] "GET / HTTP/1.1" 200 3021 "-" "Mozilla/5.0 (compatible; YandexBot/3.0; +http://yandex.com/bots)"
66.249.66.130 - - [26/Oct/2012:19:37:10 +0200] "GET /robots.txt HTTP/1.1" 404 - "-" "Mozilla/5.0 (compatible; Googlebot/2.1; +http://www.google.com/bot.html)"
66.249.66.130 - - [26/Oct/2012:19:37:10 +0200] "GET / HTTP/1.1" 200 3021 "-" "Mozilla/5.0 (compatible; Googlebot/2.1; +http://www.google.com/bot.html)"
95.211.192.210 - - [26/Oct/2012:22:35:50 +0200] "GET / HTTP/1.1" 200 3021 "-" "Mozilla/5.0 (Macintosh; Intel Mac OS X 10.6; rv:15.0) Gecko/20100101 Firefox/15.0.1"
79.172.241.100 - - [27/Oct/2012:00:39:20 +0200] "GET / HTTP/1.1" 200 3021 "http://musorszervezes.lapozz.hu/" "Mozilla/5.0 (Windows; U; Windows NT 6.1; hu-HU; rv:1.9.2.10) Gecko/20100914 Firefox/3.6.10 ( .NET CLR 3.5.30729)"
157.55.32.190 - - [27/Oct/2012:04:49:43 +0200] "GET /robots.txt HTTP/1.1" 404 - "-" "Mozilla/5.0 (compatible; bingbot/2.0; +http://www.bing.com/bingbot.htm)"
208.115.113.88 - - [27/Oct/2012:05:11:31 +0200] "GET /robots.txt HTTP/1.1" 404 - "-" "Mozilla/5.0 (compatible; Ezooms/1.0; ezooms.bot@gmail.com)"
208.115.113.88 - - [26/Oct/2012:06:30:41 +0200] "GET /aktivparty.html HTTP/1.1" 200 1528 "-" "Mozilla/5.0 (compatible; Ezooms/1.0; ezooms.bot@gmail.com)"
178.238.227.110 - - [27/Oct/2012:07:08:40 +0200] "GET / HTTP/1.1" 200 3021 "-" "Java/1.7.0_09"
178.238.227.110 - - [27/Oct/2012:07:08:41 +0200] "GET /aktivparty.html HTTP/1.1" 200 1528 "-" "Java/1.7.0_09"
178.238.227.110 - - [27/Oct/2012:07:08:41 +0200] "GET /js/AC_RunActiveContent.js HTTP/1.1" 200 8321 "-" "Java/1.7.0_09"
184.154.48.82 - - [27/Oct/2012:07:44:21 +0200] "GET /robots.txt HTTP/1.0" 404 - "-" "Mozilla/5.0 (compatible; MJ12bot/v1.4.3; http://www.majestic12.co.uk/bot.php?+)"
184.154.48.82 - - [27/Oct/2012:07:44:22 +0200] "GET / HTTP/1.0" 200 3021 "-" "Mozilla/5.0 (compatible; MJ12bot/v1.4.3; http://www.majestic12.co.uk/bot.php?+)"
184.154.48.82 - - [27/Oct/2012:07:44:28 +0200] "GET /robots.txt HTTP/1.0" 404 - "-" "Mozilla/5.0 (compatible; MJ12bot/v1.4.3; http://www.majestic12.co.uk/bot.php?+)"
184.154.48.82 - - [27/Oct/2012:07:44:29 +0200] "GET / HTTP/1.0" 200 3021 "-" "Mozilla/5.0 (compatible; MJ12bot/v1.4.3; http://www.majestic12.co.uk/bot.php?+)"
178.154.210.252 - - [26/Oct/2012:06:30:41 +0200] "GET /robots.txt HTTP/1.1" 404 - "-" "Mozilla/5.0 (compatible; YandexBot/3.0; +http://yandex.com/bots)"
178.154.210.252 - - [27/Oct/2012:08:35:25 +0200] "GET /karaoke.html HTTP/1.1" 200 4266 "-" "Mozilla/5.0 (compatible; YandexBot/3.0; +http://yandex.com/bots)"
157.55.32.190 - - [27/Oct/2012:08:42:47 +0200] "GET / HTTP/1.1" 304 - "-" "Mozilla/5.0 (compatible; bingbot/2.0; +http://www.bing.com/bingbot.htm)"
157.55.32.190 - - [27/Oct/2012:08:43:55 +0200] "GET /activ_party.swf HTTP/1.1" 200 1771834 "-" "Mozilla/5.0 (compatible; bingbot/2.0; +http://www.bing.com/bingbot.htm)"
83.149.126.98 - - [27/Oct/2012:08:59:53 +0200] "GET /robots.txt HTTP/1.0" 404 - "-" "Mozilla/5.0 (compatible; MJ12bot/v1.4.3; http://www.majestic12.co.uk/bot.php?+)"
83.149.126.98 - - [27/Oct/2012:08:59:54 +0200] "GET / HTTP/1.0" 200 3021 "-" "Mozilla/5.0 (compatible; MJ12bot/v1.4.3; http://www.majestic12.co.uk/bot.php?+)"
74.125.182.23 - - [27/Oct/2012:09:20:58 +0200] "GET / HTTP/1.1" 200 3021 "-" "AppEngine-Google; (+http://code.google.com/appengine; appid: ninjamacsproxy)"
128.68.27.254 - - [27/Oct/2012:09:30:46 +0200] "GET / HTTP/1.0" 200 3021 "http://yandex.ru/yandsearch?text=activparty.hu&lr=213" "Mozilla/4.0 (compatible; MSIE 6.0; Windows NT 5.1; SV1)"
213.186.120.196 - - [27/Oct/2012:10:34:49 +0200] "GET /robots.txt HTTP/1.1" 404 - "-" "Mozilla/5.0 (compatible; AhrefsBot/3.1; +http://ahrefs.com/robot/)"
213.186.120.196 - - [27/Oct/2012:10:34:49 +0200] "GET /robots.txt HTTP/1.1" 404 - "-" "Mozilla/5.0 (compatible; AhrefsBot/3.1; +http://ahrefs.com/robot/)"
46.165.197.142 - - [26/Oct/2012:06:30:40 +0200] "GET /robots.txt HTTP/1.0" 404 - "-" "Mozilla/5.0 (compatible; MJ12bot/v1.4.3; http://www.majestic12.co.uk/bot.php?+)"
46.165.197.142 - - [26/Oct/2012:06:30:40 +0200] "GET / HTTP/1.0" 200 3021 "-" "Mozilla/5.0 (compatible; MJ12bot/v1.4.3; http://www.majestic12.co.uk/bot.php?+)"
157.55.32.162 - - [27/Oct/2012:14:21:47 +0200] "GET /robots.txt HTTP/1.1" 404 - "-" "Mozilla/5.0 (compatible; bingbot/2.0; +http://www.bing.com/bingbot.htm)"
157.55.32.162 - - [27/Oct/2012:16:44:06 +0200] "GET /aktivparty.html HTTP/1.1" 200 1528 "-" "Mozilla/5.0 (compatible; bingbot/2.0; +http://www.bing.com/bingbot.htm)"
157.55.34.100 - - [27/Oct/2012:16:44:36 +0200] "GET /aktivparty.html HTTP/1.1" 200 1528 "-" "Mozilla/4.0 (compatible; MSIE 8.0; Windows NT 5.1; Trident/5.0; .NET CLR 3.5.30729; .NET CLR 3.0.30729; SV1; .NET CLR 1.1.4325; .NET CLR 2.0.50727; .NET CLR 3.0.30729; .NET CLR 3.5.30707; MS-RTC LM 8)"
157.55.34.100 - - [27/Oct/2012:16:44:36 +0200] "GET /js/AC_RunActiveContent.js HTTP/1.1" 200 8321 "http://www.activparty.hu/aktivparty.html" "Mozilla/4.0 (compatible; MSIE 8.0; Windows NT 5.1; Trident/5.0; .NET CLR 3.5.30729; .NET CLR 3.0.30729; SV1; .NET CLR 1.1.4325; .NET CLR 2.0.50727; .NET CLR 3.0.30729; .NET CLR 3.5.30707; MS-RTC LM 8)"
157.55.34.100 - - [27/Oct/2012:16:44:42 +0200] "GET /activ_party.swf HTTP/1.1" 200 1771834 "http://www.activparty.hu/aktivparty.html" "Mozilla/4.0 (compatible; MSIE 8.0; Windows NT 5.1; Trident/5.0; .NET CLR 3.5.30729; .NET CLR 3.0.30729; SV1; .NET CLR 1.1.4325; .NET CLR 2.0.50727; .NET CLR 3.0.30729; .NET CLR 3.5.30707; MS-RTC LM 8)"
188.227.225.81 - - [27/Oct/2012:16:54:25 +0200] "GET / HTTP/1.1" 200 3021 "-" "Mozilla/5.0 (Windows; U; Windows NT 6.1; en-US) AppleWebKit/534.7 (KHTML, like Gecko) Chrome/7.0.517.44 Safari/534.7"
157.56.93.221 - - [27/Oct/2012:16:55:59 +0200] "GET /aktivparty.html HTTP/1.1" 200 1528 "-" "Mozilla/5.0 (Windows NT 6.1; WOW64) AppleWebKit/534+ (KHTML, like Gecko) BingPreview/1.0b"
173.199.119.35 - - [27/Oct/2012:23:52:04 +0200] "GET /robots.txt HTTP/1.1" 404 - "-" "Mozilla/5.0 (compatible; AhrefsBot/4.0; +http://ahrefs.com/robot/)"
173.199.119.35 - - [28/Oct/2012:01:00:28 +0200] "GET /robots.txt HTTP/1.1" 404 - "-" "Mozilla/5.0 (compatible; AhrefsBot/4.0; +http://ahrefs.com/robot/)"
173.199.119.35 - - [28/Oct/2012:02:05:10 +0200] "GET /robots.txt HTTP/1.1" 404 - "-" "Mozilla/5.0 (compatible; AhrefsBot/4.0; +http://ahrefs.com/robot/)"
173.199.119.35 - - [28/Oct/2012:02:11:55 +0100] "GET /robots.txt HTTP/1.1" 404 - "-" "Mozilla/5.0 (compatible; AhrefsBot/4.0; +http://ahrefs.com/robot/)"
69.28.58.33 - - [28/Oct/2012:03:08:09 +0100] "GET /robots.txt HTTP/1.1" 404 - "-" "Wget/1.9+cvs-stable (Red Hat modified)"
173.199.119.35 - - [28/Oct/2012:03:18:14 +0100] "GET /robots.txt HTTP/1.1" 404 - "-" "Mozilla/5.0 (compatible; AhrefsBot/4.0; +http://ahrefs.com/robot/)"
173.199.119.35 - - [28/Oct/2012:04:31:15 +0100] "GET /robots.txt HTTP/1.1" 404 - "-" "Mozilla/5.0 (compatible; AhrefsBot/4.0; +http://ahrefs.com/robot/)"
173.199.119.35 - - [28/Oct/2012:05:40:36 +0100] "GET /robots.txt HTTP/1.1" 404 - "-" "Mozilla/5.0 (compatible; AhrefsBot/4.0; +http://ahrefs.com/robot/)"
178.154.210.252 - - [28/Oct/2012:05:59:46 +0100] "GET / HTTP/1.1" 200 3021 "-" "Mozilla/5.0 (compatible; YandexBot/3.0; +http://yandex.com/bots)"
180.76.6.222 - - [28/Oct/2012:06:41:02 +0100] "GET /robots.txt HTTP/1.1" 404 - "-" "Mozilla/5.0 (Windows NT 5.1; rv:6.0.2) Gecko/20100101 Firefox/6.0.2"
173.199.119.35 - - [28/Oct/2012:06:51:09 +0100] "GET /robots.txt HTTP/1.1" 404 - "-" "Mozilla/5.0 (compatible; AhrefsBot/4.0; +http://ahrefs.com/robot/)"
173.199.119.35 - - [28/Oct/2012:08:05:50 +0100] "GET /robots.txt HTTP/1.1" 404 - "-" "Mozilla/5.0 (compatible; AhrefsBot/4.0; +http://ahrefs.com/robot/)"
77.111.90.197 - - [28/Oct/2012:08:39:27 +0100] "GET / HTTP/1.1" 200 3021 "-" "Mozilla/5.0 (X11; U; Linux i686; en-US; rv:1.9.0.4) Gecko/2008111318 Ubuntu/8.10 (intrepid) Firefox/3.0.4"
94.23.42.135 - - [28/Oct/2012:08:44:08 +0100] "GET /robots.txt HTTP/1.0" 404 - "-" "Mozilla/5.0 (compatible; MJ12bot/v1.4.3; http://www.majestic12.co.uk/bot.php?+)"
94.23.42.135 - - [28/Oct/2012:08:44:10 +0100] "GET / HTTP/1.0" 200 3021 "-" "Mozilla/5.0 (compatible; MJ12bot/v1.4.3; http://www.majestic12.co.uk/bot.php?+)"
94.23.42.135 - - [28/Oct/2012:08:44:10 +0100] "GET /robots.txt HTTP/1.0" 404 - "-" "Mozilla/5.0 (compatible; MJ12bot/v1.4.3; http://www.majestic12.co.uk/bot.php?+)"
94.23.42.135 - - [28/Oct/2012:08:44:13 +0100] "GET / HTTP/1.0" 200 3021 "-" "Mozilla/5.0 (compatible; MJ12bot/v1.4.3; http://www.majestic12.co.uk/bot.php?+)"
173.199.119.35 - - [28/Oct/2012:09:18:05 +0100] "GET /robots.txt HTTP/1.1" 404 - "-" "Mozilla/5.0 (compatible; AhrefsBot/4.0; +http://ahrefs.com/robot/)"
173.199.119.35 - - [28/Oct/2012:10:33:00 +0100] "GET /robots.txt HTTP/1.1" 404 - "-" "Mozilla/5.0 (compatible; AhrefsBot/4.0; +http://ahrefs.com/robot/)"
173.199.119.35 - - [28/Oct/2012:15:33:01 +0100] "GET /robots.txt HTTP/1.1" 404 - "-" "Mozilla/5.0 (compatible; AhrefsBot/4.0; +http://ahrefs.com/robot/)"
89.133.132.44 - - [28/Oct/2012:17:54:52 +0100] "GET / HTTP/1.1" 200 3021 "http://karaoke.lap.hu/" "Mozilla/5.0 (Windows NT 6.1; WOW64) AppleWebKit/537.4 (KHTML, like Gecko) Chrome/22.0.1229.94 Safari/537.4"
89.133.132.44 - - [28/Oct/2012:17:54:52 +0100] "GET /images/logo.gif HTTP/1.1" 200 2246 "http://activparty.hu/" "Mozilla/5.0 (Windows NT 6.1; WOW64) AppleWebKit/537.4 (KHTML, like Gecko) Chrome/22.0.1229.94 Safari/537.4"
89.133.132.44 - - [28/Oct/2012:17:54:52 +0100] "GET /images/letoltes_off.gif HTTP/1.1" 200 821 "http://activparty.hu/" "Mozilla/5.0 (Windows NT 6.1; WOW64) AppleWebKit/537.4 (KHTML, like Gecko) Chrome/22.0.1229.94 Safari/537.4"
89.133.132.44 - - [28/Oct/2012:17:54:52 +0100] "GET /images/belepes_on.gif HTTP/1.1" 200 771 "http://activparty.hu/" "Mozilla/5.0 (Windows NT 6.1; WOW64) AppleWebKit/537.4 (KHTML, like Gecko) Chrome/22.0.1229.94 Safari/537.4"
89.133.132.44 - - [28/Oct/2012:17:54:52 +0100] "GET /images/belepes_off.gif HTTP/1.1" 200 772 "http://activparty.hu/" "Mozilla/5.0 (Windows NT 6.1; WOW64) AppleWebKit/537.4 (KHTML, like Gecko) Chrome/22.0.1229.94 Safari/537.4"
89.133.132.44 - - [28/Oct/2012:17:54:52 +0100] "GET /images/letoltes_on.gif HTTP/1.1" 200 821 "http://activparty.hu/" "Mozilla/5.0 (Windows NT 6.1; WOW64) AppleWebKit/537.4 (KHTML, like Gecko) Chrome/22.0.1229.94 Safari/537.4"
89.133.132.44 - - [28/Oct/2012:17:54:53 +0100] "GET /favicon.ico HTTP/1.1" 404 - "-" "Mozilla/5.0 (Windows NT 6.1; WOW64) AppleWebKit/537.4 (KHTML, like Gecko) Chrome/22.0.1229.94 Safari/537.4"
89.133.132.44 - - [28/Oct/2012:17:55:38 +0100] "GET /aktivparty.html HTTP/1.1" 200 1528 "http://activparty.hu/" "Mozilla/5.0 (Windows NT 6.1; WOW64) AppleWebKit/537.4 (KHTML, like Gecko) Chrome/22.0.1229.94 Safari/537.4"
89.133.132.44 - - [28/Oct/2012:17:55:38 +0100] "GET /js/AC_RunActiveContent.js HTTP/1.1" 200 8321 "http://activparty.hu/aktivparty.html" "Mozilla/5.0 (Windows NT 6.1; WOW64) AppleWebKit/537.4 (KHTML, like Gecko) Chrome/22.0.1229.94 Safari/537.4"
89.133.132.44 - - [28/Oct/2012:17:55:38 +0100] "GET /favicon.ico HTTP/1.1" 404 - "-" "Mozilla/5.0 (Windows NT 6.1; WOW64) AppleWebKit/537.4 (KHTML, like Gecko) Chrome/22.0.1229.94 Safari/537.4"
89.133.132.44 - - [28/Oct/2012:17:55:38 +0100] "GET /favicon.ico HTTP/1.1" 404 - "-" "Mozilla/5.0 (Windows NT 6.1; WOW64) AppleWebKit/537.4 (KHTML, like Gecko) Chrome/22.0.1229.94 Safari/537.4"
89.133.132.44 - - [28/Oct/2012:17:55:40 +0100] "GET /activ_party.swf HTTP/1.1" 200 1771834 "http://activparty.hu/aktivparty.html" "Mozilla/5.0 (Windows NT 6.1; WOW64) AppleWebKit/537.4 (KHTML, like Gecko) Chrome/22.0.1229.94 Safari/537.4"
89.133.132.44 - - [28/Oct/2012:17:55:51 +0100] "GET /karaoke.html HTTP/1.1" 200 4266 "http://activparty.hu/aktivparty.html" "Mozilla/5.0 (Windows NT 6.1; WOW64) AppleWebKit/537.4 (KHTML, like Gecko) Chrome/22.0.1229.94 Safari/537.4"
89.133.132.44 - - [28/Oct/2012:17:55:52 +0100] "GET /images/karaoke.jpg HTTP/1.1" 200 25297 "http://activparty.hu/karaoke.html" "Mozilla/5.0 (Windows NT 6.1; WOW64) AppleWebKit/537.4 (KHTML, like Gecko) Chrome/22.0.1229.94 Safari/537.4"
89.133.132.44 - - [28/Oct/2012:17:55:52 +0100] "GET /favicon.ico HTTP/1.1" 404 - "-" "Mozilla/5.0 (Windows NT 6.1; WOW64) AppleWebKit/537.4 (KHTML, like Gecko) Chrome/22.0.1229.94 Safari/537.4"
89.133.132.44 - - [28/Oct/2012:17:55:52 +0100] "GET /favicon.ico HTTP/1.1" 404 - "-" "Mozilla/5.0 (Windows NT 6.1; WOW64) AppleWebKit/537.4 (KHTML, like Gecko) Chrome/22.0.1229.94 Safari/537.4"
213.186.120.196 - - [26/Oct/2012:06:30:37 +0200] "GET /robots.txt HTTP/1.1" 404 - "-" "Mozilla/5.0 (compatible; AhrefsBot/3.1; +http://ahrefs.com/robot/)"
213.186.120.196 - - [26/Oct/2012:06:30:37 +0200] "GET /robots.txt HTTP/1.1" 404 - "-" "Mozilla/5.0 (compatible; AhrefsBot/3.1; +http://ahrefs.com/robot/)"
157.55.33.181 - - [29/Oct/2012:01:42:00 +0100] "GET /robots.txt HTTP/1.1" 404 - "-" "Mozilla/5.0 (compatible; bingbot/2.0; +http://www.bing.com/bingbot.htm)"
157.55.33.181 - - [29/Oct/2012:01:43:37 +0100] "GET / HTTP/1.1" 304 - "-" "Mozilla/5.0 (compatible; bingbot/2.0; +http://www.bing.com/bingbot.htm)"
65.55.208.121 - - [29/Oct/2012:01:56:29 +0100] "GET / HTTP/1.1" 200 3021 "-" "Mozilla/5.0 (Windows NT 6.1; WOW64) AppleWebKit/534+ (KHTML, like Gecko) BingPreview/1.0b"
38.101.148.120 - - [29/Oct/2012:03:09:18 +0100] "GET /robots.txt HTTP/1.1" 404 - "-" "Mozilla/5.0 (compatible; discoverybot/2.0; +http://discoveryengine.com/discoverybot.html)"
38.101.148.120 - - [29/Oct/2012:03:09:25 +0100] "GET / HTTP/1.1" 200 3021 "-" "Mozilla/5.0 (compatible; discoverybot/2.0; +http://discoveryengine.com/discoverybot.html)"
188.165.248.204 - - [29/Oct/2012:03:16:18 +0100] "GET /robots.txt HTTP/1.0" 404 - "-" "Mozilla/5.0 (compatible; MJ12bot/v1.4.3; http://www.majestic12.co.uk/bot.php?+)"
188.165.248.204 - - [29/Oct/2012:03:16:21 +0100] "GET / HTTP/1.0" 200 3021 "-" "Mozilla/5.0 (compatible; MJ12bot/v1.4.3; http://www.majestic12.co.uk/bot.php?+)"
66.249.66.130 - - [29/Oct/2012:04:07:41 +0100] "GET /robots.txt HTTP/1.1" 404 - "-" "Mozilla/5.0 (compatible; Googlebot/2.1; +http://www.google.com/bot.html)"
66.249.66.130 - - [29/Oct/2012:04:07:41 +0100] "GET / HTTP/1.1" 200 3021 "-" "Mozilla/5.0 (iPhone; U; CPU iPhone OS 4_1 like Mac OS X; en-us) AppleWebKit/532.9 (KHTML, like Gecko) Version/4.0.5 Mobile/8B117 Safari/6531.22.7 (compatible; Googlebot-Mobile/2.1; +http://www.google.com/bot.html)"
66.249.66.85 - - [29/Oct/2012:06:30:51 +0100] "GET /robots.txt HTTP/1.1" 404 - "-" "Mozilla/5.0 (compatible; Googlebot/2.1; +http://www.google.com/bot.html)"
66.249.66.85 - - [29/Oct/2012:06:30:51 +0100] "GET /images/logo.gif HTTP/1.1" 304 - "-" "Googlebot-Image/1.0"
123.125.71.35 - - [29/Oct/2012:08:14:35 +0100] "GET /images/logo.gif HTTP/1.1" 200 2246 "http://image.baidu.com/i?ct=503316480&z=0&tn=baiduimagedetail" "Baiduspider-image+(+http://www.baidu.com/search/spider.htm)"
173.252.101.6 - - [29/Oct/2012:09:39:32 +0100] "GET / HTTP/1.1" 206 3021 "-" "facebookexternalhit/1.1 (+http://www.facebook.com/externalhit_uatext.php)"
173.252.101.6 - - [29/Oct/2012:09:39:33 +0100] "GET /images/letoltes_off.gif HTTP/1.1" 200 821 "-" "facebookplatform/1.0 (+http://developers.facebook.com)"
173.199.119.35 - - [29/Oct/2012:10:09:13 +0100] "GET /robots.txt HTTP/1.1" 404 - "-" "Mozilla/5.0 (compatible; AhrefsBot/4.0; +http://ahrefs.com/robot/)"
123.125.71.13 - - [29/Oct/2012:10:43:43 +0100] "GET / HTTP/1.1" 200 3021 "-" "Mozilla/5.0 (compatible; Baiduspider/2.0; +http://www.baidu.com/search/spider.html)"
220.181.108.86 - - [29/Oct/2012:10:44:27 +0100] "GET / HTTP/1.1" 200 3021 "-" "Mozilla/5.0 (compatible; Baiduspider/2.0; +http://www.baidu.com/search/spider.html)"
77.75.77.36 - - [29/Oct/2012:11:01:21 +0100] "GET /robots.txt HTTP/1.1" 404 - "-" "SeznamBot/3.0 (+http://fulltext.sblog.cz/)"
77.75.77.36 - - [29/Oct/2012:11:01:22 +0100] "GET / HTTP/1.1" 200 3021 "-" "SeznamBot/3.0 (+http://fulltext.sblog.cz/)"
81.160.133.198 - - [29/Oct/2012:13:03:34 +0100] "GET / HTTP/1.1" 200 3021 "http://musorszervezes.lapozz.hu/" "Mozilla/5.0 (compatible; MSIE 9.0; Windows NT 6.0; Trident/5.0)"
81.160.133.198 - - [29/Oct/2012:13:03:34 +0100] "GET /images/belepes_off.gif HTTP/1.1" 200 772 "http://activparty.hu/" "Mozilla/5.0 (compatible; MSIE 9.0; Windows NT 6.0; Trident/5.0)"
81.160.133.198 - - [29/Oct/2012:13:03:34 +0100] "GET /images/letoltes_off.gif HTTP/1.1" 200 821 "http://activparty.hu/" "Mozilla/5.0 (compatible; MSIE 9.0; Windows NT 6.0; Trident/5.0)"
81.160.133.198 - - [29/Oct/2012:13:03:34 +0100] "GET /images/logo.gif HTTP/1.1" 200 2246 "http://activparty.hu/" "Mozilla/5.0 (compatible; MSIE 9.0; Windows NT 6.0; Trident/5.0)"
81.160.133.198 - - [29/Oct/2012:13:03:34 +0100] "GET /images/belepes_on.gif HTTP/1.1" 200 771 "http://activparty.hu/" "Mozilla/5.0 (compatible; MSIE 9.0; Windows NT 6.0; Trident/5.0)"
81.160.133.198 - - [29/Oct/2012:13:03:34 +0100] "GET /images/letoltes_on.gif HTTP/1.1" 200 821 "http://activparty.hu/" "Mozilla/5.0 (compatible; MSIE 9.0; Windows NT 6.0; Trident/5.0)"
81.160.133.198 - - [29/Oct/2012:13:03:34 +0100] "GET /favicon.ico HTTP/1.1" 404 - "-" "Mozilla/5.0 (compatible; MSIE 9.0; Windows NT 6.0; Trident/5.0)"
81.160.133.198 - - [29/Oct/2012:13:03:36 +0100] "GET /aktivparty.html HTTP/1.1" 200 1528 "http://activparty.hu/" "Mozilla/5.0 (compatible; MSIE 9.0; Windows NT 6.0; Trident/5.0)"
81.160.133.198 - - [29/Oct/2012:13:03:36 +0100] "GET /js/AC_RunActiveContent.js HTTP/1.1" 200 0 "http://activparty.hu/aktivparty.html" "Mozilla/5.0 (compatible; MSIE 9.0; Windows NT 6.0; Trident/5.0)"
81.160.133.198 - - [29/Oct/2012:13:03:36 +0100] "GET /js/AC_RunActiveContent.js HTTP/1.1" 200 8321 "http://activparty.hu/aktivparty.html" "Mozilla/5.0 (compatible; MSIE 9.0; Windows NT 6.0; Trident/5.0)"
81.160.133.198 - - [29/Oct/2012:13:03:40 +0100] "GET /activ_party.swf HTTP/1.1" 200 1771834 "http://activparty.hu/aktivparty.html" "Mozilla/5.0 (compatible; MSIE 9.0; Windows NT 6.0; Trident/5.0)"
81.160.133.198 - - [29/Oct/2012:13:03:42 +0100] "GET /favicon.ico HTTP/1.1" 404 - "-" "Mozilla/5.0 (compatible; MSIE 9.0; Windows NT 6.0; Trident/5.0)"
173.199.119.35 - - [29/Oct/2012:14:03:39 +0100] "GET /robots.txt HTTP/1.1" 404 - "-" "Mozilla/5.0 (compatible; AhrefsBot/4.0; +http://ahrefs.com/robot/)"
84.3.27.243 - - [29/Oct/2012:15:11:24 +0100] "GET / HTTP/1.1" 200 3021 "-" "Mozilla/5.0 (Windows NT 5.1; rv:16.0) Gecko/20100101 Firefox/16.0"
84.3.27.243 - - [29/Oct/2012:15:11:24 +0100] "GET /images/logo.gif HTTP/1.1" 200 2246 "http://activparty.hu/" "Mozilla/5.0 (Windows NT 5.1; rv:16.0) Gecko/20100101 Firefox/16.0"
84.3.27.243 - - [29/Oct/2012:15:11:24 +0100] "GET /images/belepes_off.gif HTTP/1.1" 200 772 "http://activparty.hu/" "Mozilla/5.0 (Windows NT 5.1; rv:16.0) Gecko/20100101 Firefox/16.0"
84.3.27.243 - - [29/Oct/2012:15:11:24 +0100] "GET /images/letoltes_off.gif HTTP/1.1" 200 821 "http://activparty.hu/" "Mozilla/5.0 (Windows NT 5.1; rv:16.0) Gecko/20100101 Firefox/16.0"
84.3.27.243 - - [29/Oct/2012:15:11:24 +0100] "GET /images/belepes_on.gif HTTP/1.1" 200 771 "http://activparty.hu/" "Mozilla/5.0 (Windows NT 5.1; rv:16.0) Gecko/20100101 Firefox/16.0"
84.3.27.243 - - [29/Oct/2012:15:11:24 +0100] "GET /images/letoltes_on.gif HTTP/1.1" 200 821 "http://activparty.hu/" "Mozilla/5.0 (Windows NT 5.1; rv:16.0) Gecko/20100101 Firefox/16.0"
84.3.27.243 - - [29/Oct/2012:15:11:24 +0100] "GET /favicon.ico HTTP/1.1" 404 - "-" "Mozilla/5.0 (Windows NT 5.1; rv:16.0) Gecko/20100101 Firefox/16.0"
84.3.27.243 - - [29/Oct/2012:15:11:24 +0100] "GET /favicon.ico HTTP/1.1" 404 - "-" "Mozilla/5.0 (Windows NT 5.1; rv:16.0) Gecko/20100101 Firefox/16.0"
84.3.27.243 - - [29/Oct/2012:15:11:27 +0100] "GET /aktivparty.html HTTP/1.1" 200 1528 "http://activparty.hu/" "Mozilla/5.0 (Windows NT 5.1; rv:16.0) Gecko/20100101 Firefox/16.0"
84.3.27.243 - - [29/Oct/2012:15:11:28 +0100] "GET /js/AC_RunActiveContent.js HTTP/1.1" 200 8321 "http://activparty.hu/aktivparty.html" "Mozilla/5.0 (Windows NT 5.1; rv:16.0) Gecko/20100101 Firefox/16.0"
84.3.27.243 - - [29/Oct/2012:15:11:31 +0100] "GET /activ_party.swf HTTP/1.1" 200 1771834 "http://activparty.hu/aktivparty.html" "Mozilla/5.0 (Windows NT 5.1; rv:16.0) Gecko/20100101 Firefox/16.0"
173.199.119.35 - - [29/Oct/2012:15:49:59 +0100] "GET /robots.txt HTTP/1.1" 404 - "-" "Mozilla/5.0 (compatible; AhrefsBot/4.0; +http://ahrefs.com/robot/)"
173.199.119.35 - - [29/Oct/2012:17:25:26 +0100] "GET /robots.txt HTTP/1.1" 404 - "-" "Mozilla/5.0 (compatible; AhrefsBot/4.0; +http://ahrefs.com/robot/)"
173.199.119.35 - - [29/Oct/2012:18:54:51 +0100] "GET /robots.txt HTTP/1.1" 404 - "-" "Mozilla/5.0 (compatible; AhrefsBot/4.0; +http://ahrefs.com/robot/)"
95.108.150.235 - - [29/Oct/2012:19:14:55 +0100] "GET /robots.txt HTTP/1.1" 404 - "-" "Mozilla/5.0 (compatible; YandexBot/3.0; +http://yandex.com/bots)"
95.108.150.235 - - [29/Oct/2012:19:14:55 +0100] "GET /robots.txt HTTP/1.1" 404 - "-" "Mozilla/5.0 (compatible; YandexBot/3.0; +http://yandex.com/bots)"
95.108.150.235 - - [29/Oct/2012:19:14:56 +0100] "GET / HTTP/1.1" 200 3021 "-" "Mozilla/5.0 (compatible; YandexBot/3.0; +http://yandex.com/bots)"
95.108.150.235 - - [29/Oct/2012:19:14:56 +0100] "GET / HTTP/1.1" 200 3021 "-" "Mozilla/5.0 (compatible; YandexBot/3.0; +http://yandex.com/bots)"
95.108.150.235 - - [29/Oct/2012:19:14:57 +0100] "GET / HTTP/1.1" 200 3021 "-" "Mozilla/5.0 (compatible; YandexBot/3.0; +http://yandex.com/bots)"
95.108.150.235 - - [29/Oct/2012:19:14:57 +0100] "GET / HTTP/1.1" 200 3021 "-" "Mozilla/5.0 (compatible; YandexBot/3.0; +http://yandex.com/bots)"
173.199.119.35 - - [29/Oct/2012:20:13:50 +0100] "GET /robots.txt HTTP/1.1" 404 - "-" "Mozilla/5.0 (compatible; AhrefsBot/4.0; +http://ahrefs.com/robot/)"
66.249.66.130 - - [29/Oct/2012:20:27:39 +0100] "GET /robots.txt HTTP/1.1" 404 - "-" "Mozilla/5.0 (compatible; Googlebot/2.1; +http://www.google.com/bot.html)"
66.249.71.35 - - [29/Oct/2012:20:27:39 +0100] "GET / HTTP/1.1" 200 3021 "-" "Mozilla/5.0 (compatible; Googlebot/2.1; +http://www.google.com/bot.html)"
173.199.119.35 - - [29/Oct/2012:20:59:39 +0100] "GET /robots.txt HTTP/1.1" 404 - "-" "Mozilla/5.0 (compatible; AhrefsBot/4.0; +http://ahrefs.com/robot/)"
84.0.245.188 - - [29/Oct/2012:22:46:59 +0100] "GET / HTTP/1.1" 200 3021 "http://www.kreativkatalogus.hu/ugynokseg/reszletek.php?nodeId=1096" "Mozilla/5.0 (Windows NT 6.1; WOW64) AppleWebKit/535.19 (KHTML, like Gecko) Chrome/18.0.1025.168 Safari/535.19"
84.0.245.188 - - [29/Oct/2012:22:46:59 +0100] "GET /images/logo.gif HTTP/1.1" 200 2246 "http://www.activparty.hu/" "Mozilla/5.0 (Windows NT 6.1; WOW64) AppleWebKit/535.19 (KHTML, like Gecko) Chrome/18.0.1025.168 Safari/535.19"
84.0.245.188 - - [29/Oct/2012:22:46:59 +0100] "GET /images/belepes_off.gif HTTP/1.1" 200 772 "http://www.activparty.hu/" "Mozilla/5.0 (Windows NT 6.1; WOW64) AppleWebKit/535.19 (KHTML, like Gecko) Chrome/18.0.1025.168 Safari/535.19"
84.0.245.188 - - [29/Oct/2012:22:46:59 +0100] "GET /images/letoltes_off.gif HTTP/1.1" 200 821 "http://www.activparty.hu/" "Mozilla/5.0 (Windows NT 6.1; WOW64) AppleWebKit/535.19 (KHTML, like Gecko) Chrome/18.0.1025.168 Safari/535.19"
