157.56.229.23 - - [01/Oct/2012:00:08:57 +0200] "GET /robots.txt HTTP/1.1" 404 - "-" "Mozilla/5.0 (compatible; bingbot/2.0; +http://www.bing.com/bingbot.htm)"
66.249.66.71 - - [01/Oct/2012:00:55:21 +0200] "GET /robots.txt HTTP/1.1" 404 - "-" "Mozilla/5.0 (compatible; Googlebot/2.1; +http://www.google.com/bot.html)"
66.249.66.71 - - [01/Oct/2012:00:55:22 +0200] "GET / HTTP/1.1" 200 3021 "-" "Mozilla/5.0 (compatible; Googlebot/2.1; +http://www.google.com/bot.html)"
193.91.237.117 - - [01/Oct/2012:01:08:42 +0200] "GET /robots.txt HTTP/1.0" 404 - "-" "Mozilla/5.0 (compatible; MJ12bot/v1.4.3; http://www.majestic12.co.uk/bot.php?+)"
193.91.237.117 - - [01/Oct/2012:01:08:44 +0200] "GET / HTTP/1.1" 200 3021 "-" "Mozilla/5.0 (compatible; MJ12bot/v1.4.3; http://www.majestic12.co.uk/bot.php?+)"
157.56.229.23 - - [01/Oct/2012:01:14:36 +0200] "GET / HTTP/1.1" 304 - "-" "Mozilla/5.0 (compatible; bingbot/2.0; +http://www.bing.com/bingbot.htm)"
178.255.215.73 - - [01/Oct/2012:03:41:05 +0200] "GET /robots.txt HTTP/1.1" 404 - "-" "Mozilla/5.0 (compatible; Exabot/3.0; +http://www.exabot.com/go/robot)"
178.255.215.73 - - [01/Oct/2012:03:41:05 +0200] "GET / HTTP/1.1" 304 - "-" "Mozilla/5.0 (compatible; Exabot/3.0; +http://www.exabot.com/go/robot)"
157.56.229.23 - - [01/Oct/2012:04:41:46 +0200] "GET / HTTP/1.1" 304 - "-" "Mozilla/5.0 (compatible; bingbot/2.0; +http://www.bing.com/bingbot.htm)"
192.31.21.179 - - [01/Oct/2012:07:53:17 +0200] "GET /robots.txt HTTP/1.1" 404 - "-" "www.integromedb.org/Crawler"
192.31.21.179 - - [01/Oct/2012:07:53:18 +0200] "GET /aktivparty.html HTTP/1.1" 200 1528 "-" "www.integromedb.org/Crawler"
77.111.90.197 - - [01/Oct/2012:07:54:37 +0200] "GET / HTTP/1.1" 200 3021 "-" "Mozilla/5.0 (X11; U; Linux i686; en-US; rv:1.9.0.4) Gecko/2008111318 Ubuntu/8.10 (intrepid) Firefox/3.0.4"
220.181.108.85 - - [01/Oct/2012:08:22:02 +0200] "GET /images/logo.gif HTTP/1.1" 200 2246 "http://image.baidu.com/i?ct=503316480&z=0&tn=baiduimagedetail" "Baiduspider-image+(+http://www.baidu.com/search/spider.htm)"
95.221.80.116 - - [01/Oct/2012:10:40:29 +0200] "GET / HTTP/1.0" 200 3021 "http://yandex.ru/yandsearch?text=activparty.hu&lr=213" "Mozilla/4.0 (compatible; MSIE 6.0; Windows NT 5.1; SV1; .NET CLR 2.0.50727)"
46.4.120.2 - - [01/Oct/2012:11:30:02 +0200] "GET / HTTP/1.0" 200 3021 "-" "-"
180.76.6.227 - - [01/Oct/2012:13:18:50 +0200] "GET /robots.txt HTTP/1.1" 404 - "-" "Mozilla/5.0 (compatible; Baiduspider/2.0; +http://www.baidu.com/search/spider.html)"
220.181.108.94 - - [01/Oct/2012:19:45:31 +0200] "GET / HTTP/1.1" 304 - "-" "Mozilla/5.0 (compatible; Baiduspider/2.0; +http://www.baidu.com/search/spider.html)"
66.220.158.245 - - [01/Oct/2012:20:27:25 +0200] "GET / HTTP/1.1" 206 3021 "-" "facebookexternalhit/1.1 (+http://www.facebook.com/externalhit_uatext.php)"
66.220.158.248 - - [01/Oct/2012:20:27:26 +0200] "GET /images/letoltes_off.gif HTTP/1.1" 200 821 "-" "facebookplatform/1.0 (+http://developers.facebook.com)"
95.221.80.116 - - [01/Oct/2012:22:30:38 +0200] "GET / HTTP/1.0" 200 3021 "http://yandex.ru/yandsearch?text=activparty.hu&lr=213" "Mozilla/4.0 (compatible; MSIE 7.0; Windows NT 5.1)"
218.213.138.17 - - [02/Oct/2012:01:13:36 +0200] "GET /robots.txt HTTP/1.1" 404 - "-" "DoCoMo/2.0 P900i(c100;TB;W24H11) (compatible; ichiro/mobile goo; +http://search.goo.ne.jp/option/use/sub4/sub4-1/)"
218.213.138.17 - - [02/Oct/2012:01:13:40 +0200] "GET / HTTP/1.1" 200 3021 "-" "DoCoMo/2.0 P900i(c100;TB;W24H11) (compatible; ichiro/mobile goo; +http://search.goo.ne.jp/option/use/sub4/sub4-1/)"
66.249.66.47 - - [02/Oct/2012:02:40:45 +0200] "GET /robots.txt HTTP/1.1" 404 - "-" "Mozilla/5.0 (compatible; Googlebot/2.1; +http://www.google.com/bot.html)"
66.249.76.18 - - [02/Oct/2012:02:40:46 +0200] "GET /casino.html HTTP/1.1" 200 2801 "-" "Mozilla/5.0 (compatible; Googlebot/2.1; +http://www.google.com/bot.html)"
66.249.66.47 - - [02/Oct/2012:04:57:21 +0200] "GET /images/alap.jpg HTTP/1.1" 200 34327 "-" "Mozilla/5.0 (compatible; Googlebot/2.1; +http://www.google.com/bot.html)"
66.249.76.18 - - [02/Oct/2012:04:57:24 +0200] "GET /images/casino.jpg HTTP/1.1" 200 18223 "-" "Mozilla/5.0 (compatible; Googlebot/2.1; +http://www.google.com/bot.html)"
220.181.108.76 - - [02/Oct/2012:05:30:21 +0200] "GET /images/logo.gif HTTP/1.1" 200 2246 "http://image.baidu.com/i?ct=503316480&z=0&tn=baiduimagedetail" "Baiduspider-image+(+http://www.baidu.com/search/spider.htm)"
37.140.141.19 - - [02/Oct/2012:06:47:11 +0200] "GET /robots.txt HTTP/1.1" 404 - "-" "Mozilla/5.0 (compatible; YandexImages/3.0; +http://yandex.com/bots)"
69.28.58.33 - - [02/Oct/2012:07:27:56 +0200] "GET /robots.txt HTTP/1.1" 404 - "-" "Wget/1.9+cvs-stable (Red Hat modified)"
95.108.150.235 - - [02/Oct/2012:08:08:24 +0200] "GET /robots.txt HTTP/1.1" 404 - "-" "Mozilla/5.0 (compatible; YandexBot/3.0; +http://yandex.com/bots)"
95.108.150.235 - - [02/Oct/2012:08:08:24 +0200] "GET /robots.txt HTTP/1.1" 404 - "-" "Mozilla/5.0 (compatible; YandexBot/3.0; +http://yandex.com/bots)"
95.108.150.235 - - [02/Oct/2012:08:08:25 +0200] "GET / HTTP/1.1" 200 3021 "-" "Mozilla/5.0 (compatible; YandexBot/3.0; +http://yandex.com/bots)"
95.108.150.235 - - [02/Oct/2012:08:08:25 +0200] "GET / HTTP/1.1" 200 3021 "-" "Mozilla/5.0 (compatible; YandexBot/3.0; +http://yandex.com/bots)"
95.108.150.235 - - [02/Oct/2012:08:08:26 +0200] "GET / HTTP/1.1" 200 3021 "-" "Mozilla/5.0 (compatible; YandexBot/3.0; +http://yandex.com/bots)"
95.108.150.235 - - [02/Oct/2012:08:08:26 +0200] "GET / HTTP/1.1" 200 3021 "-" "Mozilla/5.0 (compatible; YandexBot/3.0; +http://yandex.com/bots)"
37.140.141.19 - - [02/Oct/2012:14:46:04 +0200] "GET /images/letoltes_off.gif HTTP/1.1" 200 821 "-" "Mozilla/5.0 (compatible; YandexImages/3.0; +http://yandex.com/bots)"
89.107.127.11 - - [02/Oct/2012:16:18:48 +0200] "GET / HTTP/1.0" 200 3021 "-" "-"
223.4.132.156 - - [02/Oct/2012:17:01:39 +0200] "GET / HTTP/1.0" 200 3021 "-" "-"
188.165.248.204 - - [02/Oct/2012:20:01:30 +0200] "GET /robots.txt HTTP/1.0" 404 - "-" "Mozilla/5.0 (compatible; MJ12bot/v1.4.3; http://www.majestic12.co.uk/bot.php?+)"
188.165.248.204 - - [02/Oct/2012:20:01:34 +0200] "GET / HTTP/1.0" 200 3021 "-" "Mozilla/5.0 (compatible; MJ12bot/v1.4.3; http://www.majestic12.co.uk/bot.php?+)"
188.165.248.204 - - [02/Oct/2012:20:01:35 +0200] "GET /robots.txt HTTP/1.0" 404 - "-" "Mozilla/5.0 (compatible; MJ12bot/v1.4.3; http://www.majestic12.co.uk/bot.php?+)"
188.165.248.204 - - [02/Oct/2012:20:01:37 +0200] "GET / HTTP/1.0" 200 3021 "-" "Mozilla/5.0 (compatible; MJ12bot/v1.4.3; http://www.majestic12.co.uk/bot.php?+)"
208.115.111.72 - - [02/Oct/2012:23:01:56 +0200] "GET /robots.txt HTTP/1.1" 404 - "-" "Mozilla/5.0 (compatible; Ezooms/1.0; ezooms.bot@gmail.com)"
208.115.111.72 - - [02/Oct/2012:23:30:31 +0200] "GET / HTTP/1.1" 200 3021 "-" "Mozilla/5.0 (compatible; Ezooms/1.0; ezooms.bot@gmail.com)"
85.195.101.146 - - [02/Oct/2012:23:44:09 +0200] "GET / HTTP/1.1" 200 3021 "http://domains.checkparams.com/index.php?q=activparty.hu" "Mozilla/5.0 (compatible; DCPbot/1.2; +http://domains.checkparams.com/)"
66.249.76.49 - - [03/Oct/2012:03:44:28 +0200] "GET /robots.txt HTTP/1.1" 404 - "-" "Mozilla/5.0 (compatible; Googlebot/2.1; +http://www.google.com/bot.html)"
66.249.66.130 - - [03/Oct/2012:03:44:29 +0200] "GET /info.php HTTP/1.1" 200 50221 "-" "Mozilla/5.0 (iPhone; U; CPU iPhone OS 4_1 like Mac OS X; en-us) AppleWebKit/532.9 (KHTML, like Gecko) Version/4.0.5 Mobile/8B117 Safari/6531.22.7 (compatible; Googlebot-Mobile/2.1; +http://www.google.com/bot.html)"
157.55.32.100 - - [03/Oct/2012:03:54:54 +0200] "GET /robots.txt HTTP/1.1" 404 - "-" "Mozilla/5.0 (compatible; bingbot/2.0; +http://www.bing.com/bingbot.htm)"
157.55.32.100 - - [03/Oct/2012:04:11:00 +0200] "GET /aktivparty.html HTTP/1.1" 200 1528 "-" "Mozilla/5.0 (compatible; bingbot/2.0; +http://www.bing.com/bingbot.htm)"
37.140.141.19 - - [03/Oct/2012:04:18:10 +0200] "GET /images/logo.gif HTTP/1.1" 200 2246 "-" "Mozilla/5.0 (compatible; YandexImages/3.0; +http://yandex.com/bots)"
98.110.153.119 - - [03/Oct/2012:05:45:42 +0200] "GET / HTTP/1.1" 200 3021 "-" "Mozilla/5.0 (compatible; MSIE 9.0; Windows NT 6.1; WOW64; Trident/5.0)"
66.249.66.42 - - [03/Oct/2012:08:46:29 +0200] "GET /activ_party.swf HTTP/1.1" 200 1771834 "-" "Mozilla/5.0 (iPhone; U; CPU iPhone OS 4_1 like Mac OS X; en-us) AppleWebKit/532.9 (KHTML, like Gecko) Version/4.0.5 Mobile/8B117 Safari/6531.22.7 (compatible; Googlebot-Mobile/2.1; +http://www.google.com/bot.html)"
107.20.84.103 - - [03/Oct/2012:14:50:50 +0200] "GET / HTTP/1.1" 200 3021 "-" "Mozilla/5.0 (Windows; U; Windows NT 6.0; en-US; rv:1.9.2.3) Gecko/20100401 Firefox/3.6.3 GTB6 (.NET CLR 3.5.30729)"
178.154.210.252 - - [03/Oct/2012:17:38:09 +0200] "GET /robots.txt HTTP/1.1" 404 - "-" "Mozilla/5.0 (compatible; YandexBot/3.0; +http://yandex.com/bots)"
178.154.210.252 - - [03/Oct/2012:17:38:11 +0200] "GET / HTTP/1.1" 200 3021 "-" "Mozilla/5.0 (compatible; YandexBot/3.0; +http://yandex.com/bots)"
77.75.77.17 - - [03/Oct/2012:18:25:13 +0200] "GET /robots.txt HTTP/1.1" 404 - "-" "SeznamBot/3.0 (+http://fulltext.sblog.cz/)"
77.75.77.17 - - [03/Oct/2012:18:25:13 +0200] "GET / HTTP/1.1" 200 3021 "-" "SeznamBot/3.0 (+http://fulltext.sblog.cz/)"
66.249.66.42 - - [03/Oct/2012:18:54:52 +0200] "GET /robots.txt HTTP/1.1" 404 - "-" "Mozilla/5.0 (compatible; Googlebot/2.1; +http://www.google.com/bot.html)"
66.249.66.42 - - [03/Oct/2012:18:54:53 +0200] "GET / HTTP/1.1" 200 3021 "-" "Mozilla/5.0 (compatible; Googlebot/2.1; +http://www.google.com/bot.html)"
84.224.74.23 - - [03/Oct/2012:21:05:07 +0200] "GET / HTTP/1.1" 200 3021 "http://karaoke.lap.hu/" "Mozilla/4.0 (compatible; MSIE 8.0; Windows NT 5.1; Trident/4.0; .NET CLR 1.1.4322; .NET CLR 2.0.50727; .NET CLR 3.0.04506.648; .NET CLR 3.5.21022; InfoPath.2; .NET CLR 3.0.4506.2152; .NET CLR 3.5.30729)"
84.224.74.23 - - [03/Oct/2012:21:05:08 +0200] "GET /images/belepes_off.gif HTTP/1.1" 200 772 "http://activparty.hu/" "Mozilla/4.0 (compatible; MSIE 8.0; Windows NT 5.1; Trident/4.0; .NET CLR 1.1.4322; .NET CLR 2.0.50727; .NET CLR 3.0.04506.648; .NET CLR 3.5.21022; InfoPath.2; .NET CLR 3.0.4506.2152; .NET CLR 3.5.30729)"
84.224.74.23 - - [03/Oct/2012:21:05:08 +0200] "GET /images/logo.gif HTTP/1.1" 200 2246 "http://activparty.hu/" "Mozilla/4.0 (compatible; MSIE 8.0; Windows NT 5.1; Trident/4.0; .NET CLR 1.1.4322; .NET CLR 2.0.50727; .NET CLR 3.0.04506.648; .NET CLR 3.5.21022; InfoPath.2; .NET CLR 3.0.4506.2152; .NET CLR 3.5.30729)"
84.224.74.23 - - [03/Oct/2012:21:05:08 +0200] "GET /images/letoltes_off.gif HTTP/1.1" 200 821 "http://activparty.hu/" "Mozilla/4.0 (compatible; MSIE 8.0; Windows NT 5.1; Trident/4.0; .NET CLR 1.1.4322; .NET CLR 2.0.50727; .NET CLR 3.0.04506.648; .NET CLR 3.5.21022; InfoPath.2; .NET CLR 3.0.4506.2152; .NET CLR 3.5.30729)"
84.224.74.23 - - [03/Oct/2012:21:05:08 +0200] "GET /favicon.ico HTTP/1.1" 404 - "-" "Mozilla/4.0 (compatible; MSIE 8.0; Windows NT 5.1; Trident/4.0; .NET CLR 1.1.4322; .NET CLR 2.0.50727; .NET CLR 3.0.04506.648; .NET CLR 3.5.21022; InfoPath.2; .NET CLR 3.0.4506.2152; .NET CLR 3.5.30729)"
84.224.74.23 - - [03/Oct/2012:21:05:08 +0200] "GET /images/belepes_on.gif HTTP/1.1" 200 771 "http://activparty.hu/" "Mozilla/4.0 (compatible; MSIE 8.0; Windows NT 5.1; Trident/4.0; .NET CLR 1.1.4322; .NET CLR 2.0.50727; .NET CLR 3.0.04506.648; .NET CLR 3.5.21022; InfoPath.2; .NET CLR 3.0.4506.2152; .NET CLR 3.5.30729)"
84.224.74.23 - - [03/Oct/2012:21:05:09 +0200] "GET /images/letoltes_on.gif HTTP/1.1" 200 821 "http://activparty.hu/" "Mozilla/4.0 (compatible; MSIE 8.0; Windows NT 5.1; Trident/4.0; .NET CLR 1.1.4322; .NET CLR 2.0.50727; .NET CLR 3.0.04506.648; .NET CLR 3.5.21022; InfoPath.2; .NET CLR 3.0.4506.2152; .NET CLR 3.5.30729)"
84.224.74.23 - - [03/Oct/2012:21:05:14 +0200] "GET /aktivparty.html HTTP/1.1" 200 1528 "http://activparty.hu/" "Mozilla/4.0 (compatible; MSIE 8.0; Windows NT 5.1; Trident/4.0; .NET CLR 1.1.4322; .NET CLR 2.0.50727; .NET CLR 3.0.04506.648; .NET CLR 3.5.21022; InfoPath.2; .NET CLR 3.0.4506.2152; .NET CLR 3.5.30729)"
84.224.74.23 - - [03/Oct/2012:21:05:15 +0200] "GET /js/AC_RunActiveContent.js HTTP/1.1" 200 8321 "http://activparty.hu/aktivparty.html" "Mozilla/4.0 (compatible; MSIE 8.0; Windows NT 5.1; Trident/4.0; .NET CLR 1.1.4322; .NET CLR 2.0.50727; .NET CLR 3.0.04506.648; .NET CLR 3.5.21022; InfoPath.2; .NET CLR 3.0.4506.2152; .NET CLR 3.5.30729)"
84.224.74.23 - - [03/Oct/2012:21:05:22 +0200] "GET /activ_party.swf HTTP/1.1" 200 1771834 "http://activparty.hu/aktivparty.html" "Mozilla/4.0 (compatible; MSIE 8.0; Windows NT 5.1; Trident/4.0; .NET CLR 1.1.4322; .NET CLR 2.0.50727; .NET CLR 3.0.04506.648; .NET CLR 3.5.21022; InfoPath.2; .NET CLR 3.0.4506.2152; .NET CLR 3.5.30729)"
84.224.74.23 - - [03/Oct/2012:21:05:22 +0200] "GET /favicon.ico HTTP/1.1" 404 - "-" "Mozilla/4.0 (compatible; MSIE 8.0; Windows NT 5.1; Trident/4.0; .NET CLR 1.1.4322; .NET CLR 2.0.50727; .NET CLR 3.0.04506.648; .NET CLR 3.5.21022; InfoPath.2; .NET CLR 3.0.4506.2152; .NET CLR 3.5.30729)"
178.154.210.252 - - [04/Oct/2012:09:58:02 +0200] "GET / HTTP/1.1" 200 3021 "-" "Mozilla/5.0 (compatible; YandexBot/3.0; +http://yandex.com/bots)"
123.125.71.54 - - [04/Oct/2012:14:37:44 +0200] "GET / HTTP/1.1" 200 3021 "-" "Mozilla/5.0 (compatible; Baiduspider/2.0; +http://www.baidu.com/search/spider.html)"
220.181.108.88 - - [04/Oct/2012:14:38:24 +0200] "GET / HTTP/1.1" 200 3021 "-" "Mozilla/5.0 (compatible; Baiduspider/2.0; +http://www.baidu.com/search/spider.html)"
66.249.66.135 - - [04/Oct/2012:16:14:45 +0200] "GET /robots.txt HTTP/1.1" 404 - "-" "Mozilla/5.0 (compatible; Googlebot/2.1; +http://www.google.com/bot.html)"
66.249.66.135 - - [04/Oct/2012:16:14:45 +0200] "GET /casino.html HTTP/1.1" 304 - "-" "Mozilla/5.0 (compatible; Googlebot/2.1; +http://www.google.com/bot.html)"
89.134.18.145 - - [04/Oct/2012:18:37:39 +0200] "GET / HTTP/1.1" 200 3021 "http://www.kreativkatalogus.hu/ugynokseg.php?search=1&pagingActualHit=10&dbSearchSubType=&dbSearchCompanyNameId=&dbSearchCompanyName=" "Mozilla/5.0 (Windows NT 6.1; WOW64) AppleWebKit/537.4 (KHTML, like Gecko) Chrome/22.0.1229.79 Safari/537.4"
89.134.18.145 - - [04/Oct/2012:18:37:39 +0200] "GET /images/logo.gif HTTP/1.1" 200 2246 "http://www.activparty.hu/" "Mozilla/5.0 (Windows NT 6.1; WOW64) AppleWebKit/537.4 (KHTML, like Gecko) Chrome/22.0.1229.79 Safari/537.4"
89.134.18.145 - - [04/Oct/2012:18:37:40 +0200] "GET /images/belepes_off.gif HTTP/1.1" 200 772 "http://www.activparty.hu/" "Mozilla/5.0 (Windows NT 6.1; WOW64) AppleWebKit/537.4 (KHTML, like Gecko) Chrome/22.0.1229.79 Safari/537.4"
89.134.18.145 - - [04/Oct/2012:18:37:40 +0200] "GET /images/letoltes_off.gif HTTP/1.1" 200 821 "http://www.activparty.hu/" "Mozilla/5.0 (Windows NT 6.1; WOW64) AppleWebKit/537.4 (KHTML, like Gecko) Chrome/22.0.1229.79 Safari/537.4"
89.134.18.145 - - [04/Oct/2012:18:37:40 +0200] "GET /images/belepes_on.gif HTTP/1.1" 200 771 "http://www.activparty.hu/" "Mozilla/5.0 (Windows NT 6.1; WOW64) AppleWebKit/537.4 (KHTML, like Gecko) Chrome/22.0.1229.79 Safari/537.4"
89.134.18.145 - - [04/Oct/2012:18:37:40 +0200] "GET /images/letoltes_on.gif HTTP/1.1" 200 821 "http://www.activparty.hu/" "Mozilla/5.0 (Windows NT 6.1; WOW64) AppleWebKit/537.4 (KHTML, like Gecko) Chrome/22.0.1229.79 Safari/537.4"
89.134.18.145 - - [04/Oct/2012:18:37:40 +0200] "GET /favicon.ico HTTP/1.1" 404 - "-" "Mozilla/5.0 (Windows NT 6.1; WOW64) AppleWebKit/537.4 (KHTML, like Gecko) Chrome/22.0.1229.79 Safari/537.4"
89.134.18.145 - - [04/Oct/2012:18:37:42 +0200] "GET /aktivparty.html HTTP/1.1" 200 1528 "http://www.activparty.hu/" "Mozilla/5.0 (Windows NT 6.1; WOW64) AppleWebKit/537.4 (KHTML, like Gecko) Chrome/22.0.1229.79 Safari/537.4"
89.134.18.145 - - [04/Oct/2012:18:37:42 +0200] "GET /js/AC_RunActiveContent.js HTTP/1.1" 200 8321 "http://www.activparty.hu/aktivparty.html" "Mozilla/5.0 (Windows NT 6.1; WOW64) AppleWebKit/537.4 (KHTML, like Gecko) Chrome/22.0.1229.79 Safari/537.4"
89.134.18.145 - - [04/Oct/2012:18:37:42 +0200] "GET /favicon.ico HTTP/1.1" 404 - "-" "Mozilla/5.0 (Windows NT 6.1; WOW64) AppleWebKit/537.4 (KHTML, like Gecko) Chrome/22.0.1229.79 Safari/537.4"
89.134.18.145 - - [04/Oct/2012:18:38:00 +0200] "GET /activ_party.swf HTTP/1.1" 200 1771834 "http://www.activparty.hu/aktivparty.html" "Mozilla/5.0 (Windows NT 6.1; WOW64) AppleWebKit/537.4 (KHTML, like Gecko) Chrome/22.0.1229.79 Safari/537.4"
66.249.66.42 - - [04/Oct/2012:22:04:31 +0200] "GET /robots.txt HTTP/1.1" 404 - "-" "Mozilla/5.0 (compatible; Googlebot/2.1; +http://www.google.com/bot.html)"
66.249.66.42 - - [04/Oct/2012:22:04:31 +0200] "GET / HTTP/1.1" 200 3021 "-" "Mozilla/5.0 (iPhone; U; CPU iPhone OS 4_1 like Mac OS X; en-us) AppleWebKit/532.9 (KHTML, like Gecko) Version/4.0.5 Mobile/8B117 Safari/6531.22.7 (compatible; Googlebot-Mobile/2.1; +http://www.google.com/bot.html)"
77.111.90.197 - - [05/Oct/2012:07:07:57 +0200] "GET / HTTP/1.1" 200 3021 "-" "Mozilla/5.0 (X11; U; Linux i686; en-US; rv:1.9.0.4) Gecko/2008111318 Ubuntu/8.10 (intrepid) Firefox/3.0.4"
95.25.14.57 - - [05/Oct/2012:10:37:10 +0200] "GET / HTTP/1.0" 200 3021 "http://yandex.ru/yandsearch?text=activparty.hu&lr=213" "Mozilla/4.0 (compatible; MSIE 7.0; Windows NT 6.0; SLCC1; .NET CLR 2.0.50727; .NET CLR 3.0.04506)"
66.249.66.135 - - [05/Oct/2012:11:48:00 +0200] "GET /robots.txt HTTP/1.1" 404 - "-" "Mozilla/5.0 (compatible; Googlebot/2.1; +http://www.google.com/bot.html)"
66.249.66.135 - - [05/Oct/2012:11:48:00 +0200] "GET / HTTP/1.1" 200 3021 "-" "Mozilla/5.0 (compatible; Googlebot/2.1; +http://www.google.com/bot.html)"
157.55.32.81 - - [05/Oct/2012:13:31:44 +0200] "GET /robots.txt HTTP/1.1" 404 - "-" "Mozilla/5.0 (compatible; bingbot/2.0; +http://www.bing.com/bingbot.htm)"
157.56.93.223 - - [05/Oct/2012:13:33:17 +0200] "GET / HTTP/1.1" 200 3021 "-" "Mozilla/5.0 (Windows NT 6.1; WOW64) AppleWebKit/534+ (KHTML, like Gecko) BingPreview/1.0b"
157.55.32.81 - - [05/Oct/2012:13:33:24 +0200] "GET / HTTP/1.1" 304 - "-" "Mozilla/5.0 (compatible; bingbot/2.0; +http://www.bing.com/bingbot.htm)"
188.165.248.204 - - [05/Oct/2012:20:16:10 +0200] "GET /robots.txt HTTP/1.0" 404 - "-" "Mozilla/5.0 (compatible; MJ12bot/v1.4.3; http://www.majestic12.co.uk/bot.php?+)"
188.165.248.204 - - [05/Oct/2012:20:16:12 +0200] "GET / HTTP/1.0" 200 3021 "-" "Mozilla/5.0 (compatible; MJ12bot/v1.4.3; http://www.majestic12.co.uk/bot.php?+)"
188.165.248.204 - - [05/Oct/2012:20:16:13 +0200] "GET /robots.txt HTTP/1.0" 404 - "-" "Mozilla/5.0 (compatible; MJ12bot/v1.4.3; http://www.majestic12.co.uk/bot.php?+)"
188.165.248.204 - - [05/Oct/2012:20:16:15 +0200] "GET / HTTP/1.0" 200 3021 "-" "Mozilla/5.0 (compatible; MJ12bot/v1.4.3; http://www.majestic12.co.uk/bot.php?+)"
54.242.81.108 - - [05/Oct/2012:20:27:38 +0200] "HEAD / HTTP/1.1" 200 0 "http://www.netcraft.com/survey/" "Mozilla/4.0 (compatible; Netcraft Web Server Survey)"
180.76.6.233 - - [05/Oct/2012:21:36:06 +0200] "GET /robots.txt HTTP/1.1" 404 - "-" "Mozilla/5.0 (compatible; Baiduspider/2.0; +http://www.baidu.com/search/spider.html)"
157.55.32.81 - - [05/Oct/2012:23:28:49 +0200] "GET /robots.txt HTTP/1.1" 404 - "-" "Mozilla/5.0 (compatible; bingbot/2.0; +http://www.bing.com/bingbot.htm)"
157.55.32.81 - - [06/Oct/2012:00:20:13 +0200] "GET / HTTP/1.1" 304 - "-" "Mozilla/5.0 (compatible; bingbot/2.0; +http://www.bing.com/bingbot.htm)"
95.108.150.235 - - [06/Oct/2012:01:40:17 +0200] "GET /robots.txt HTTP/1.1" 404 - "-" "Mozilla/5.0 (compatible; YandexBot/3.0; +http://yandex.com/bots)"
95.108.150.235 - - [06/Oct/2012:01:40:17 +0200] "GET /robots.txt HTTP/1.1" 404 - "-" "Mozilla/5.0 (compatible; YandexBot/3.0; +http://yandex.com/bots)"
95.108.150.235 - - [06/Oct/2012:01:40:18 +0200] "GET / HTTP/1.1" 200 3021 "-" "Mozilla/5.0 (compatible; YandexBot/3.0; +http://yandex.com/bots)"
95.108.150.235 - - [06/Oct/2012:01:40:18 +0200] "GET / HTTP/1.1" 200 3021 "-" "Mozilla/5.0 (compatible; YandexBot/3.0; +http://yandex.com/bots)"
95.108.150.235 - - [06/Oct/2012:01:40:19 +0200] "GET / HTTP/1.1" 200 3021 "-" "Mozilla/5.0 (compatible; YandexBot/3.0; +http://yandex.com/bots)"
95.108.150.235 - - [06/Oct/2012:01:40:19 +0200] "GET / HTTP/1.1" 200 3021 "-" "Mozilla/5.0 (compatible; YandexBot/3.0; +http://yandex.com/bots)"
176.14.128.244 - - [06/Oct/2012:04:17:29 +0200] "GET / HTTP/1.0" 200 3021 "http://yandex.ru/yandsearch?text=activparty.hu&lr=213" "Mozilla/4.0 (compatible; MSIE 7.0; Windows NT 6.0; SLCC1; .NET CLR 2.0.50727; Media Center PC 5.0; .NET CLR 3.5.30729; .NET CLR 3.0.30618)"
207.241.237.207 - - [06/Oct/2012:06:13:31 +0200] "GET /robots.txt HTTP/1.0" 404 - "-" "Mozilla/5.0 (compatible; archive.org_bot +http://www.archive.org/details/archive.org_bot)"
207.241.237.207 - - [06/Oct/2012:06:13:35 +0200] "GET /aktivparty.html HTTP/1.0" 200 1528 "-" "Mozilla/5.0 (compatible; archive.org_bot +http://www.archive.org/details/archive.org_bot)"
207.241.237.207 - - [06/Oct/2012:06:17:36 +0200] "GET /robots.txt HTTP/1.0" 404 - "-" "Mozilla/5.0 (compatible; archive.org_bot +http://www.archive.org/details/archive.org_bot)"
207.241.237.207 - - [06/Oct/2012:06:17:41 +0200] "GET / HTTP/1.0" 200 3021 "-" "Mozilla/5.0 (compatible; archive.org_bot +http://www.archive.org/details/archive.org_bot)"
66.249.76.49 - - [06/Oct/2012:06:34:39 +0200] "GET /robots.txt HTTP/1.1" 404 - "-" "Mozilla/5.0 (compatible; Googlebot/2.1; +http://www.google.com/bot.html)"
66.249.66.42 - - [06/Oct/2012:06:34:39 +0200] "GET / HTTP/1.1" 200 3021 "-" "Mozilla/5.0 (compatible; Googlebot/2.1; +http://www.google.com/bot.html)"
83.233.186.82 - - [06/Oct/2012:08:43:58 +0200] "GET / HTTP/1.1" 200 3021 "-" "Mozilla/4.0 (CMS Crawler: http://www.cmscrawler.com)"
69.28.58.33 - - [06/Oct/2012:14:45:23 +0200] "GET /robots.txt HTTP/1.1" 404 - "-" "Wget/1.9+cvs-stable (Red Hat modified)"
193.151.118.26 - - [06/Oct/2012:17:45:16 +0200] "GET / HTTP/1.1" 200 3021 "http://karaoke.lap.hu/budapest/25632069" "Mozilla/5.0 (Windows NT 6.1) AppleWebKit/537.4 (KHTML, like Gecko) Chrome/22.0.1229.79 Safari/537.4"
193.151.118.26 - - [06/Oct/2012:17:45:18 +0200] "GET /images/letoltes_off.gif HTTP/1.1" 200 821 "http://activparty.hu/" "Mozilla/5.0 (Windows NT 6.1) AppleWebKit/537.4 (KHTML, like Gecko) Chrome/22.0.1229.79 Safari/537.4"
193.151.118.26 - - [06/Oct/2012:17:45:18 +0200] "GET /images/belepes_off.gif HTTP/1.1" 200 772 "http://activparty.hu/" "Mozilla/5.0 (Windows NT 6.1) AppleWebKit/537.4 (KHTML, like Gecko) Chrome/22.0.1229.79 Safari/537.4"
193.151.118.26 - - [06/Oct/2012:17:45:19 +0200] "GET /images/logo.gif HTTP/1.1" 200 2246 "http://activparty.hu/" "Mozilla/5.0 (Windows NT 6.1) AppleWebKit/537.4 (KHTML, like Gecko) Chrome/22.0.1229.79 Safari/537.4"
193.151.118.26 - - [06/Oct/2012:17:45:20 +0200] "GET /images/belepes_on.gif HTTP/1.1" 200 771 "http://activparty.hu/" "Mozilla/5.0 (Windows NT 6.1) AppleWebKit/537.4 (KHTML, like Gecko) Chrome/22.0.1229.79 Safari/537.4"
193.151.118.26 - - [06/Oct/2012:17:45:20 +0200] "GET /images/letoltes_on.gif HTTP/1.1" 200 821 "http://activparty.hu/" "Mozilla/5.0 (Windows NT 6.1) AppleWebKit/537.4 (KHTML, like Gecko) Chrome/22.0.1229.79 Safari/537.4"
193.151.118.26 - - [06/Oct/2012:17:45:20 +0200] "GET /favicon.ico HTTP/1.1" 404 - "-" "Mozilla/5.0 (Windows NT 6.1) AppleWebKit/537.4 (KHTML, like Gecko) Chrome/22.0.1229.79 Safari/537.4"
193.151.118.26 - - [06/Oct/2012:17:45:36 +0200] "GET /aktivparty.html HTTP/1.1" 200 1528 "http://activparty.hu/" "Mozilla/5.0 (Windows NT 6.1) AppleWebKit/537.4 (KHTML, like Gecko) Chrome/22.0.1229.79 Safari/537.4"
193.151.118.26 - - [06/Oct/2012:17:45:37 +0200] "GET /js/AC_RunActiveContent.js HTTP/1.1" 200 8321 "http://activparty.hu/aktivparty.html" "Mozilla/5.0 (Windows NT 6.1) AppleWebKit/537.4 (KHTML, like Gecko) Chrome/22.0.1229.79 Safari/537.4"
193.151.118.26 - - [06/Oct/2012:17:45:38 +0200] "GET /favicon.ico HTTP/1.1" 404 - "-" "Mozilla/5.0 (Windows NT 6.1) AppleWebKit/537.4 (KHTML, like Gecko) Chrome/22.0.1229.79 Safari/537.4"
193.151.118.26 - - [06/Oct/2012:17:45:47 +0200] "GET /activ_party.swf HTTP/1.1" 200 1771834 "http://activparty.hu/aktivparty.html" "Mozilla/5.0 (Windows NT 6.1) AppleWebKit/537.4 (KHTML, like Gecko) Chrome/22.0.1229.79 Safari/537.4"
193.151.118.26 - - [06/Oct/2012:17:45:57 +0200] "GET /karaoke.html HTTP/1.1" 200 4266 "http://activparty.hu/aktivparty.html" "Mozilla/5.0 (Windows NT 6.1) AppleWebKit/537.4 (KHTML, like Gecko) Chrome/22.0.1229.79 Safari/537.4"
193.151.118.26 - - [06/Oct/2012:17:45:57 +0200] "GET /images/karaoke.jpg HTTP/1.1" 200 25297 "http://activparty.hu/karaoke.html" "Mozilla/5.0 (Windows NT 6.1) AppleWebKit/537.4 (KHTML, like Gecko) Chrome/22.0.1229.79 Safari/537.4"
193.151.118.26 - - [06/Oct/2012:17:45:57 +0200] "GET /favicon.ico HTTP/1.1" 404 - "-" "Mozilla/5.0 (Windows NT 6.1) AppleWebKit/537.4 (KHTML, like Gecko) Chrome/22.0.1229.79 Safari/537.4"
123.125.71.76 - - [06/Oct/2012:18:10:32 +0200] "GET /robots.txt HTTP/1.1" 404 - "-" "Mozilla/5.0 (Windows NT 5.1; rv:6.0.2) Gecko/20100101 Firefox/6.0.2"
157.55.32.162 - - [07/Oct/2012:00:53:12 +0200] "GET /robots.txt HTTP/1.1" 404 - "-" "Mozilla/5.0 (compatible; bingbot/2.0; +http://www.bing.com/bingbot.htm)"
157.55.32.162 - - [07/Oct/2012:01:14:03 +0200] "GET /aktivparty.html HTTP/1.1" 200 1528 "-" "Mozilla/5.0 (compatible; bingbot/2.0; +http://www.bing.com/bingbot.htm)"
37.140.141.19 - - [07/Oct/2012:01:29:17 +0200] "GET /robots.txt HTTP/1.1" 404 - "-" "Mozilla/5.0 (compatible; YandexImages/3.0; +http://yandex.com/bots)"
69.58.178.57 - - [07/Oct/2012:02:17:21 +0200] "GET /robots.txt HTTP/1.1" 404 - "-" "Mozilla/5.0 (X11; U; Linux i686; en-US; rv:1.9.1.3; ips-agent) Gecko/20090824 Fedora/1.0.7-1.1.fc4 Firefox/3.5.3"
69.58.178.57 - - [07/Oct/2012:02:18:00 +0200] "GET / HTTP/1.1" 200 3021 "-" "BlackBerry9000/4.6.0.167 Profile/MIDP-2.0 Configuration/CLDC-1.1 VendorID/102 ips-agent"
69.58.178.57 - - [07/Oct/2012:02:18:37 +0200] "GET /aktivparty.html HTTP/1.1" 200 1528 "-" "Mozilla/5.0 (X11; U; Linux i686; en-US; rv:1.9.1.3; ips-agent) Gecko/20090824 Fedora/1.0.7-1.1.fc4 Firefox/3.5.3"
54.245.25.158 - - [07/Oct/2012:03:39:38 +0200] "GET /robots.txt HTTP/1.1" 404 - "-" "WebCompanyCrawler"
54.245.25.158 - - [07/Oct/2012:03:39:39 +0200] "GET / HTTP/1.1" 200 3021 "-" "WebCompanyCrawler"
54.245.25.158 - - [07/Oct/2012:03:39:39 +0200] "GET /aktivparty.html HTTP/1.1" 200 1528 "-" "WebCompanyCrawler"
178.154.210.252 - - [07/Oct/2012:03:40:24 +0200] "GET /robots.txt HTTP/1.1" 404 - "-" "Mozilla/5.0 (compatible; YandexBot/3.0; +http://yandex.com/bots)"
93.180.64.145 - - [07/Oct/2012:03:58:59 +0200] "GET /robots.txt HTTP/1.1" 404 - "-" "Mozilla/5.0 (compatible; Plukkie/1.5; http://www.botje.com/plukkie.htm)"
93.180.64.145 - - [07/Oct/2012:03:58:59 +0200] "GET / HTTP/1.1" 200 3021 "-" "Mozilla/5.0 (compatible; Plukkie/1.5; http://www.botje.com/plukkie.htm)"
178.255.215.73 - - [07/Oct/2012:05:07:29 +0200] "GET /robots.txt HTTP/1.1" 404 - "-" "Mozilla/5.0 (compatible; Exabot/3.0; +http://www.exabot.com/go/robot)"
178.255.215.73 - - [07/Oct/2012:05:07:29 +0200] "GET / HTTP/1.1" 200 3021 "-" "Mozilla/5.0 (compatible; Exabot/3.0; +http://www.exabot.com/go/robot)"
37.140.141.19 - - [07/Oct/2012:07:27:01 +0200] "GET /images/letoltes_off.gif HTTP/1.1" 200 821 "-" "Mozilla/5.0 (compatible; YandexImages/3.0; +http://yandex.com/bots)"
178.154.210.252 - - [07/Oct/2012:08:45:10 +0200] "GET / HTTP/1.1" 200 3021 "-" "Mozilla/5.0 (compatible; YandexBot/3.0; +http://yandex.com/bots)"
208.115.113.88 - - [07/Oct/2012:09:06:17 +0200] "GET /robots.txt HTTP/1.1" 404 - "-" "Mozilla/5.0 (compatible; Ezooms/1.0; ezooms.bot@gmail.com)"
208.115.113.88 - - [07/Oct/2012:09:33:46 +0200] "GET /aktivparty.html HTTP/1.1" 200 1528 "-" "Mozilla/5.0 (compatible; Ezooms/1.0; ezooms.bot@gmail.com)"
37.140.141.19 - - [07/Oct/2012:15:26:56 +0200] "GET /images/logo.gif HTTP/1.1" 200 2246 "-" "Mozilla/5.0 (compatible; YandexImages/3.0; +http://yandex.com/bots)"
95.25.133.183 - - [07/Oct/2012:18:18:00 +0200] "GET / HTTP/1.0" 200 3021 "http://yandex.ru/yandsearch?text=activparty.hu&lr=213" "Mozilla/4.0 (compatible; MSIE 6.0; Windows NT 5.1; SV1; InfoPath.1; .NET CLR 2.0.50727)"
66.249.66.135 - - [07/Oct/2012:21:55:43 +0200] "GET /robots.txt HTTP/1.1" 404 - "-" "Mozilla/5.0 (compatible; Googlebot/2.1; +http://www.google.com/bot.html)"
66.249.76.18 - - [07/Oct/2012:21:55:44 +0200] "GET /karaoke.html HTTP/1.1" 304 - "-" "Mozilla/5.0 (compatible; Googlebot/2.1; +http://www.google.com/bot.html)"
66.249.66.135 - - [07/Oct/2012:21:55:54 +0200] "GET /karaoke.html HTTP/1.1" 304 - "-" "Mozilla/5.0 (compatible; Googlebot/2.1; +http://www.google.com/bot.html)"
80.98.222.135 - - [07/Oct/2012:22:38:10 +0200] "GET /aktivparty.html HTTP/1.1" 200 1528 "http://www.google.hu/url?sa=t&rct=j&q=&esrc=s&source=web&cd=1&ved=0CCUQFjAA&url=http%3A%2F%2Factivparty.hu%2Faktivparty.html&ei=L-hxUO3iAo3EsgaWmICwCA&usg=AFQjCNFPCrs68wIbvMpHBJd0OHYamMg0RQ&sig2=cXp71dKtM5ePW6-AphAvQw" "Mozilla/5.0 (Windows NT 6.0) AppleWebKit/537.4 (KHTML, like Gecko) Chrome/22.0.1229.79 Safari/537.4"
80.98.222.135 - - [07/Oct/2012:22:38:10 +0200] "GET /js/AC_RunActiveContent.js HTTP/1.1" 200 8321 "http://activparty.hu/aktivparty.html" "Mozilla/5.0 (Windows NT 6.0) AppleWebKit/537.4 (KHTML, like Gecko) Chrome/22.0.1229.79 Safari/537.4"
80.98.222.135 - - [07/Oct/2012:22:38:10 +0200] "GET /favicon.ico HTTP/1.1" 404 - "-" "Mozilla/5.0 (Windows NT 6.0) AppleWebKit/537.4 (KHTML, like Gecko) Chrome/22.0.1229.79 Safari/537.4"
80.98.222.135 - - [07/Oct/2012:22:38:12 +0200] "GET /activ_party.swf HTTP/1.1" 200 1771834 "http://activparty.hu/aktivparty.html" "Mozilla/5.0 (Windows NT 6.0) AppleWebKit/537.4 (KHTML, like Gecko) Chrome/22.0.1229.79 Safari/537.4"
80.98.222.135 - - [07/Oct/2012:22:39:46 +0200] "GET /favicon.ico HTTP/1.1" 404 - "-" "Mozilla/5.0 (Windows NT 6.0) AppleWebKit/537.4 (KHTML, like Gecko) Chrome/22.0.1229.79 Safari/537.4"
66.249.66.135 - - [07/Oct/2012:23:55:58 +0200] "GET /elmenytrening.html HTTP/1.1" 304 - "-" "Mozilla/5.0 (compatible; Googlebot/2.1; +http://www.google.com/bot.html)"
176.8.88.251 - - [08/Oct/2012:01:37:20 +0200] "GET /robots.txt HTTP/1.0" 404 - "-" "Mozilla/5.0 (compatible; MJ12bot/v1.4.3; http://www.majestic12.co.uk/bot.php?+)"
176.8.88.251 - - [08/Oct/2012:01:37:22 +0200] "GET / HTTP/1.1" 200 3021 "-" "Mozilla/5.0 (compatible; MJ12bot/v1.4.3; http://www.majestic12.co.uk/bot.php?+)"
64.246.165.50 - - [08/Oct/2012:06:26:01 +0200] "GET /robots.txt HTTP/1.0" 404 - "-" "Mozilla/5.0 (Windows; U; Windows NT 5.1; en; rv:1.9.0.13) Gecko/2009073022 Firefox/3.5.2 (.NET CLR 3.5.30729) SurveyBot/2.3 (DomainTools)"
64.246.165.50 - - [08/Oct/2012:06:26:02 +0200] "GET / HTTP/1.1" 200 3021 "http://whois.domaintools.com/activparty.hu" "Mozilla/5.0 (Windows; U; Windows NT 5.1; en; rv:1.9.0.13) Gecko/2009073022 Firefox/3.5.2 (.NET CLR 3.5.30729) SurveyBot/2.3 (DomainTools)"
119.63.196.51 - - [08/Oct/2012:09:26:42 +0200] "GET /robots.txt HTTP/1.1" 404 - "-" "Baiduspider+(+http://www.baidu.com/search/spider.htm)"
89.135.56.162 - - [08/Oct/2012:12:07:41 +0200] "GET /aktivparty.html HTTP/1.1" 200 1528 "http://www.google.hu/url?sa=t&rct=j&q=activ%20party%20kft&source=web&cd=2&sqi=2&ved=0CCkQFjAB&url=http%3A%2F%2Factivparty.hu%2Faktivparty.html&ei=6aVyULzYEcbKtAaez4HwDQ&usg=AFQjCNFPCrs68wIbvMpHBJd0OHYamMg0RQ" "Mozilla/5.0 (Windows NT 6.1) AppleWebKit/537.4 (KHTML, like Gecko) Chrome/22.0.1229.79 Safari/537.4"
89.135.56.162 - - [08/Oct/2012:12:07:41 +0200] "GET /js/AC_RunActiveContent.js HTTP/1.1" 200 8321 "http://activparty.hu/aktivparty.html" "Mozilla/5.0 (Windows NT 6.1) AppleWebKit/537.4 (KHTML, like Gecko) Chrome/22.0.1229.79 Safari/537.4"
89.135.56.162 - - [08/Oct/2012:12:07:42 +0200] "GET /favicon.ico HTTP/1.1" 404 - "-" "Mozilla/5.0 (Windows NT 6.1) AppleWebKit/537.4 (KHTML, like Gecko) Chrome/22.0.1229.79 Safari/537.4"
89.135.56.162 - - [08/Oct/2012:12:07:42 +0200] "GET /activ_party.swf HTTP/1.1" 200 1771834 "http://activparty.hu/aktivparty.html" "Mozilla/5.0 (Windows NT 6.1) AppleWebKit/537.4 (KHTML, like Gecko) Chrome/22.0.1229.79 Safari/537.4"
176.195.37.217 - - [08/Oct/2012:12:56:14 +0200] "GET / HTTP/1.0" 200 3021 "http://yandex.ru/yandsearch?text=activparty.hu&lr=213" "Mozilla/4.0 (compatible; MSIE 6.0; Windows NT 5.1; SV1; InfoPath.1; .NET CLR 2.0.50727)"
178.154.210.252 - - [08/Oct/2012:14:19:08 +0200] "GET /robots.txt HTTP/1.1" 404 - "-" "Mozilla/5.0 (compatible; YandexBot/3.0; +http://yandex.com/bots)"
54.242.34.216 - - [08/Oct/2012:19:33:05 +0200] "GET / HTTP/1.0" 200 3021 "-" "Mozilla/5.0 (compatible; NetcraftSurveyAgent/1.0; +info@netcraft.com)"
88.65.180.26 - - [08/Oct/2012:20:35:35 +0200] "GET /robots.txt HTTP/1.0" 404 - "-" "Mozilla/5.0 (compatible; MJ12bot/v1.4.3; http://www.majestic12.co.uk/bot.php?+)"
88.65.180.26 - - [08/Oct/2012:20:35:39 +0200] "GET / HTTP/1.1" 200 3021 "-" "Mozilla/5.0 (compatible; MJ12bot/v1.4.3; http://www.majestic12.co.uk/bot.php?+)"
88.65.180.26 - - [08/Oct/2012:20:35:42 +0200] "GET /robots.txt HTTP/1.0" 404 - "-" "Mozilla/5.0 (compatible; MJ12bot/v1.4.3; http://www.majestic12.co.uk/bot.php?+)"
88.65.180.26 - - [08/Oct/2012:20:35:45 +0200] "GET / HTTP/1.1" 200 3021 "-" "Mozilla/5.0 (compatible; MJ12bot/v1.4.3; http://www.majestic12.co.uk/bot.php?+)"
66.249.66.42 - - [08/Oct/2012:21:17:44 +0200] "GET /robots.txt HTTP/1.1" 404 - "-" "Mozilla/5.0 (compatible; Googlebot/2.1; +http://www.google.com/bot.html)"
66.249.66.42 - - [08/Oct/2012:21:17:44 +0200] "GET / HTTP/1.1" 200 3021 "-" "Mozilla/5.0 (iPhone; U; CPU iPhone OS 4_1 like Mac OS X; en-us) AppleWebKit/532.9 (KHTML, like Gecko) Version/4.0.5 Mobile/8B117 Safari/6531.22.7 (compatible; Googlebot-Mobile/2.1; +http://www.google.com/bot.html)"
66.249.76.49 - - [08/Oct/2012:21:44:12 +0200] "GET / HTTP/1.1" 200 3021 "-" "Mozilla/5.0 (compatible; Googlebot/2.1; +http://www.google.com/bot.html)"
178.154.210.252 - - [08/Oct/2012:22:21:13 +0200] "GET / HTTP/1.1" 200 3021 "-" "Mozilla/5.0 (compatible; YandexBot/3.0; +http://yandex.com/bots)"
37.140.141.19 - - [08/Oct/2012:22:46:46 +0200] "GET /robots.txt HTTP/1.1" 404 - "-" "Mozilla/5.0 (compatible; YandexImages/3.0; +http://yandex.com/bots)"
37.140.141.19 - - [09/Oct/2012:04:49:03 +0200] "GET /images/letoltes_off.gif HTTP/1.1" 200 821 "-" "Mozilla/5.0 (compatible; YandexImages/3.0; +http://yandex.com/bots)"
50.23.254.99 - - [09/Oct/2012:09:16:38 +0200] "GET / HTTP/1.1" 200 3021 "-" "Mozilla/4.0 (compatible; MSIE 8.0; Windows NT 5.1; Trident/4.0;"
157.56.93.208 - - [09/Oct/2012:10:07:50 +0200] "GET /robots.txt HTTP/1.1" 404 - "-" "Mozilla/5.0 (compatible; bingbot/2.0; +http://www.bing.com/bingbot.htm)"
157.56.93.208 - - [09/Oct/2012:10:10:01 +0200] "GET / HTTP/1.1" 200 3021 "-" "Mozilla/5.0 (compatible; bingbot/2.0; +http://www.bing.com/bingbot.htm)"
95.26.27.66 - - [09/Oct/2012:10:54:41 +0200] "GET / HTTP/1.0" 200 3021 "http://yandex.ru/yandsearch?text=activparty.hu&lr=213" "Mozilla/4.0 (compatible; MSIE 7.0; Windows NT 5.1; .NET CLR 1.1.4322; .NET CLR 2.0.50727; .NET CLR 3.0.4506.2152; .NET CLR 3.5.30729)"
178.154.210.252 - - [09/Oct/2012:11:00:19 +0200] "GET /activ_party.swf HTTP/1.1" 200 1771834 "-" "Mozilla/5.0 (compatible; YandexBot/3.0; +http://yandex.com/bots)"
188.36.9.145 - - [09/Oct/2012:14:10:36 +0200] "GET /aktivparty.html HTTP/1.1" 200 1528 "http://www.google.hu/url?sa=t&rct=j&q=&esrc=s&source=web&cd=2&ved=0CC0QFjAB&url=http%3A%2F%2Factivparty.hu%2Faktivparty.html&ei=NhR0UMqHDIrQtAa-qIGoBQ&usg=AFQjCNFPCrs68wIbvMpHBJd0OHYamMg0RQ&sig2=gEyyRJoHBakVUNqTQjhkvQ" "Mozilla/5.0 (Windows NT 6.1; WOW64; rv:15.0) Gecko/20100101 Firefox/15.0.1"
188.36.9.145 - - [09/Oct/2012:14:10:36 +0200] "GET /js/AC_RunActiveContent.js HTTP/1.1" 200 8321 "http://activparty.hu/aktivparty.html" "Mozilla/5.0 (Windows NT 6.1; WOW64; rv:15.0) Gecko/20100101 Firefox/15.0.1"
188.36.9.145 - - [09/Oct/2012:14:10:37 +0200] "GET /activ_party.swf HTTP/1.1" 200 1771834 "http://activparty.hu/aktivparty.html" "Mozilla/5.0 (Windows NT 6.1; WOW64; rv:15.0) Gecko/20100101 Firefox/15.0.1"
188.36.9.145 - - [09/Oct/2012:14:10:37 +0200] "GET /favicon.ico HTTP/1.1" 404 - "-" "Mozilla/5.0 (Windows NT 6.1; WOW64; rv:15.0) Gecko/20100101 Firefox/15.0.1"
188.36.9.145 - - [09/Oct/2012:14:10:37 +0200] "GET /favicon.ico HTTP/1.1" 404 - "-" "Mozilla/5.0 (Windows NT 6.1; WOW64; rv:15.0) Gecko/20100101 Firefox/15.0.1"
66.249.66.135 - - [09/Oct/2012:17:25:57 +0200] "GET /robots.txt HTTP/1.1" 404 - "-" "Mozilla/5.0 (compatible; Googlebot/2.1; +http://www.google.com/bot.html)"
66.249.66.135 - - [09/Oct/2012:17:25:57 +0200] "GET / HTTP/1.1" 200 3021 "-" "Mozilla/5.0 (compatible; Googlebot/2.1; +http://www.google.com/bot.html)"
119.63.196.31 - - [09/Oct/2012:18:59:07 +0200] "GET / HTTP/1.1" 200 3021 "-" "Mozilla/5.0 (compatible; Baiduspider/2.0; +http://www.baidu.com/search/spider.html)"
178.154.210.252 - - [09/Oct/2012:19:19:40 +0200] "GET /robots.txt HTTP/1.1" 404 - "-" "Mozilla/5.0 (compatible; YandexBot/3.0; +http://yandex.com/bots)"
178.154.210.252 - - [09/Oct/2012:19:19:43 +0200] "GET /aktivparty.html HTTP/1.1" 200 1528 "-" "Mozilla/5.0 (compatible; YandexBot/3.0; +http://yandex.com/bots)"
37.200.12.74 - - [09/Oct/2012:20:53:39 +0200] "GET /robots.txt HTTP/1.0" 404 - "-" "Mozilla/5.0 (compatible; MJ12bot/v1.4.3; http://www.majestic12.co.uk/bot.php?+)"
37.200.12.74 - - [09/Oct/2012:20:53:41 +0200] "GET / HTTP/1.1" 200 3021 "-" "Mozilla/5.0 (compatible; MJ12bot/v1.4.3; http://www.majestic12.co.uk/bot.php?+)"
37.200.12.74 - - [09/Oct/2012:20:53:42 +0200] "GET /robots.txt HTTP/1.0" 404 - "-" "Mozilla/5.0 (compatible; MJ12bot/v1.4.3; http://www.majestic12.co.uk/bot.php?+)"
37.200.12.74 - - [09/Oct/2012:20:53:43 +0200] "GET / HTTP/1.1" 200 3021 "-" "Mozilla/5.0 (compatible; MJ12bot/v1.4.3; http://www.majestic12.co.uk/bot.php?+)"
95.108.150.235 - - [10/Oct/2012:01:00:45 +0200] "GET /robots.txt HTTP/1.1" 404 - "-" "Mozilla/5.0 (compatible; YandexBot/3.0; +http://yandex.com/bots)"
95.108.150.235 - - [10/Oct/2012:01:00:45 +0200] "GET /robots.txt HTTP/1.1" 404 - "-" "Mozilla/5.0 (compatible; YandexBot/3.0; +http://yandex.com/bots)"
95.108.150.235 - - [10/Oct/2012:01:00:46 +0200] "GET / HTTP/1.1" 200 3021 "-" "Mozilla/5.0 (compatible; YandexBot/3.0; +http://yandex.com/bots)"
95.108.150.235 - - [10/Oct/2012:01:00:46 +0200] "GET / HTTP/1.1" 200 3021 "-" "Mozilla/5.0 (compatible; YandexBot/3.0; +http://yandex.com/bots)"
95.108.150.235 - - [10/Oct/2012:01:00:46 +0200] "GET / HTTP/1.1" 200 3021 "-" "Mozilla/5.0 (compatible; YandexBot/3.0; +http://yandex.com/bots)"
95.108.150.235 - - [10/Oct/2012:01:00:47 +0200] "GET / HTTP/1.1" 200 3021 "-" "Mozilla/5.0 (compatible; YandexBot/3.0; +http://yandex.com/bots)"
157.55.33.113 - - [10/Oct/2012:04:29:30 +0200] "GET /robots.txt HTTP/1.1" 404 - "-" "Mozilla/5.0 (compatible; bingbot/2.0; +http://www.bing.com/bingbot.htm)"
157.55.33.113 - - [10/Oct/2012:04:44:06 +0200] "GET /activ_party.swf HTTP/1.1" 200 1771834 "-" "Mozilla/5.0 (compatible; bingbot/2.0; +http://www.bing.com/bingbot.htm)"
95.25.63.136 - - [10/Oct/2012:06:00:52 +0200] "GET / HTTP/1.0" 200 3021 "http://yandex.ru/yandsearch?text=activparty.hu&lr=213" "Mozilla/4.0 (compatible; MSIE 7.0; Windows NT 5.1; .NET CLR 1.1.4322; .NET CLR 2.0.50727; .NET CLR 3.0.4506.2152; .NET CLR 3.5.30729)"
180.76.5.57 - - [10/Oct/2012:06:27:57 +0200] "GET /robots.txt HTTP/1.1" 404 - "-" "Mozilla/5.0 (compatible; Baiduspider/2.0; +http://www.baidu.com/search/spider.html)"
180.76.6.224 - - [10/Oct/2012:07:42:24 +0200] "GET / HTTP/1.1" 200 3021 "-" "Mozilla/5.0 (compatible; Baiduspider/2.0; +http://www.baidu.com/search/spider.html)"
66.249.66.42 - - [10/Oct/2012:09:16:07 +0200] "GET /robots.txt HTTP/1.1" 404 - "-" "Mozilla/5.0 (compatible; Googlebot/2.1; +http://www.google.com/bot.html)"
66.249.76.49 - - [10/Oct/2012:09:16:07 +0200] "GET / HTTP/1.1" 200 3021 "-" "Mozilla/5.0 (compatible; Googlebot/2.1; +http://www.google.com/bot.html)"
37.140.141.19 - - [10/Oct/2012:09:21:37 +0200] "GET /robots.txt HTTP/1.1" 404 - "-" "Mozilla/5.0 (compatible; YandexImages/3.0; +http://yandex.com/bots)"
157.55.32.162 - - [10/Oct/2012:11:51:02 +0200] "GET /robots.txt HTTP/1.1" 404 - "-" "Mozilla/5.0 (compatible; bingbot/2.0; +http://www.bing.com/bingbot.htm)"
77.75.77.17 - - [10/Oct/2012:12:04:53 +0200] "GET /robots.txt HTTP/1.1" 404 - "-" "SeznamBot/3.0 (+http://fulltext.sblog.cz/)"
77.75.77.17 - - [10/Oct/2012:12:04:54 +0200] "GET / HTTP/1.1" 200 3021 "-" "SeznamBot/3.0 (+http://fulltext.sblog.cz/)"
83.233.186.82 - - [10/Oct/2012:12:47:46 +0200] "GET /robots.txt HTTP/1.1" 404 - "-" "Mozilla/5.0 (Windows NT 5.1; rv:8.0) Gecko/20100101 Firefox/8.0"
83.233.186.82 - - [10/Oct/2012:12:47:46 +0200] "GET / HTTP/1.1" 200 3021 "-" "Mozilla/5.0 (Windows NT 5.1; rv:8.0) Gecko/20100101 Firefox/8.0"
83.233.186.82 - - [10/Oct/2012:12:47:46 +0200] "GET /aktivparty.html HTTP/1.1" 200 1528 "-" "Mozilla/5.0 (Windows NT 5.1; rv:8.0) Gecko/20100101 Firefox/8.0"
66.249.66.42 - - [10/Oct/2012:13:18:58 +0200] "GET /info.php HTTP/1.1" 200 50106 "-" "Mozilla/5.0 (compatible; Googlebot/2.1; +http://www.google.com/bot.html)"
66.249.66.42 - - [10/Oct/2012:14:02:23 +0200] "GET /aktivparty.html HTTP/1.1" 304 - "-" "Mozilla/5.0 (compatible; Googlebot/2.1; +http://www.google.com/bot.html)"
66.249.66.42 - - [10/Oct/2012:14:57:28 +0200] "GET /info.php?=PHPE9568F34-D428-11d2-A769-00AA001ACF42 HTTP/1.1" 200 2974 "-" "Mozilla/5.0 (compatible; Googlebot/2.1; +http://www.google.com/bot.html)"
66.249.66.42 - - [10/Oct/2012:14:57:29 +0200] "GET /info.php?=PHPE9568F35-D428-11d2-A769-00AA001ACF42 HTTP/1.1" 200 4453 "-" "Mozilla/5.0 (compatible; Googlebot/2.1; +http://www.google.com/bot.html)"
37.140.141.19 - - [10/Oct/2012:15:18:38 +0200] "GET /images/belepes_off.gif HTTP/1.1" 200 772 "-" "Mozilla/5.0 (compatible; YandexImages/3.0; +http://yandex.com/bots)"
66.249.66.42 - - [10/Oct/2012:15:36:22 +0200] "GET /robots.txt HTTP/1.1" 404 - "-" "Mozilla/5.0 (compatible; Googlebot/2.1; +http://www.google.com/bot.html)"
66.249.66.42 - - [10/Oct/2012:15:36:23 +0200] "GET / HTTP/1.1" 304 - "-" "Mozilla/5.0 (compatible; Googlebot/2.1; +http://www.google.com/bot.html)"
178.154.210.252 - - [10/Oct/2012:19:28:19 +0200] "GET /robots.txt HTTP/1.1" 404 - "-" "Mozilla/5.0 (compatible; YandexBot/3.0; +http://yandex.com/bots)"
119.63.196.60 - - [10/Oct/2012:19:50:28 +0200] "GET / HTTP/1.1" 200 3021 "-" "Mozilla/5.0 (compatible; Baiduspider/2.0; +http://www.baidu.com/search/spider.html)"
178.154.210.252 - - [10/Oct/2012:20:48:13 +0200] "GET / HTTP/1.1" 200 3021 "-" "Mozilla/5.0 (compatible; YandexBot/3.0; +http://yandex.com/bots)"
79.122.22.210 - - [10/Oct/2012:21:41:51 +0200] "GET / HTTP/1.1" 200 3021 "http://www.google.hu/search?q=activ&hl=hu&noj=1&prmd=imvns&lr=lang_hu&sa=X&ei=e891UN2iIu774QSEpYGQAw&ved=0CB4QuAE&biw=1241&bih=584" "Mozilla/5.0 (Windows NT 6.1; WOW64) AppleWebKit/537.4 (KHTML, like Gecko) Chrome/22.0.1229.94 Safari/537.4"
79.122.22.210 - - [10/Oct/2012:21:41:52 +0200] "GET /images/logo.gif HTTP/1.1" 200 2246 "http://activparty.hu/" "Mozilla/5.0 (Windows NT 6.1; WOW64) AppleWebKit/537.4 (KHTML, like Gecko) Chrome/22.0.1229.94 Safari/537.4"
79.122.22.210 - - [10/Oct/2012:21:41:52 +0200] "GET /images/belepes_off.gif HTTP/1.1" 200 772 "http://activparty.hu/" "Mozilla/5.0 (Windows NT 6.1; WOW64) AppleWebKit/537.4 (KHTML, like Gecko) Chrome/22.0.1229.94 Safari/537.4"
79.122.22.210 - - [10/Oct/2012:21:41:52 +0200] "GET /images/letoltes_off.gif HTTP/1.1" 200 821 "http://activparty.hu/" "Mozilla/5.0 (Windows NT 6.1; WOW64) AppleWebKit/537.4 (KHTML, like Gecko) Chrome/22.0.1229.94 Safari/537.4"
79.122.22.210 - - [10/Oct/2012:21:41:52 +0200] "GET /images/belepes_on.gif HTTP/1.1" 200 771 "http://activparty.hu/" "Mozilla/5.0 (Windows NT 6.1; WOW64) AppleWebKit/537.4 (KHTML, like Gecko) Chrome/22.0.1229.94 Safari/537.4"
79.122.22.210 - - [10/Oct/2012:21:41:52 +0200] "GET /images/letoltes_on.gif HTTP/1.1" 200 821 "http://activparty.hu/" "Mozilla/5.0 (Windows NT 6.1; WOW64) AppleWebKit/537.4 (KHTML, like Gecko) Chrome/22.0.1229.94 Safari/537.4"
69.28.58.33 - - [10/Oct/2012:22:10:52 +0200] "GET /robots.txt HTTP/1.1" 404 - "-" "Wget/1.9+cvs-stable (Red Hat modified)"
157.55.32.162 - - [11/Oct/2012:02:54:01 +0200] "GET /robots.txt HTTP/1.1" 404 - "-" "Mozilla/5.0 (compatible; bingbot/2.0; +http://www.bing.com/bingbot.htm)"
157.56.93.208 - - [11/Oct/2012:02:55:06 +0200] "GET / HTTP/1.1" 200 3021 "-" "Mozilla/5.0 (compatible; bingbot/2.0; +http://www.bing.com/bingbot.htm)"
157.55.32.162 - - [11/Oct/2012:02:59:38 +0200] "GET /aktivparty.html HTTP/1.1" 200 1528 "-" "Mozilla/5.0 (compatible; bingbot/2.0; +http://www.bing.com/bingbot.htm)"
123.125.71.20 - - [11/Oct/2012:06:23:44 +0200] "GET /robots.txt HTTP/1.1" 404 - "-" "Mozilla/5.0 (Windows NT 5.1; rv:6.0.2) Gecko/20100101 Firefox/6.0.2"
157.56.93.208 - - [11/Oct/2012:08:39:49 +0200] "GET /robots.txt HTTP/1.1" 404 - "-" "Mozilla/5.0 (compatible; bingbot/2.0; +http://www.bing.com/bingbot.htm)"
157.56.92.176 - - [11/Oct/2012:08:40:42 +0200] "GET / HTTP/1.1" 200 3021 "-" "Mozilla/5.0 (Windows NT 6.1; WOW64) AppleWebKit/534+ (KHTML, like Gecko) BingPreview/1.0b"
157.55.16.95 - - [11/Oct/2012:08:40:51 +0200] "GET / HTTP/1.1" 200 3021 "-" "Mozilla/5.0 (Windows NT 6.1; WOW64) AppleWebKit/534+ (KHTML, like Gecko) BingPreview/1.0b"
77.111.90.197 - - [11/Oct/2012:09:13:47 +0200] "GET / HTTP/1.1" 200 3021 "-" "Mozilla/5.0 (X11; U; Linux i686; en-US; rv:1.9.0.4) Gecko/2008111318 Ubuntu/8.10 (intrepid) Firefox/3.0.4"
94.27.244.233 - - [11/Oct/2012:16:20:41 +0200] "GET / HTTP/1.1" 200 3021 "http://www.google.hu/url?sa=t&rct=j&q=&esrc=s&source=web&cd=3&cad=rja&ved=0CDgQFjAC&url=http%3A%2F%2Factivparty.hu%2F&ei=r9V2UMD3Jc3CtAaCrYGQAg&usg=AFQjCNHJ2fu-vrvk4eEbm2CjupAae2vLTw&sig2=zIYQomgQAEADutYo0Quzcg" "Mozilla/5.0 (Windows NT 5.1) AppleWebKit/537.4 (KHTML, like Gecko) Chrome/22.0.1229.92 Safari/537.4"
94.27.244.233 - - [11/Oct/2012:16:20:42 +0200] "GET /images/logo.gif HTTP/1.1" 200 2246 "http://activparty.hu/" "Mozilla/5.0 (Windows NT 5.1) AppleWebKit/537.4 (KHTML, like Gecko) Chrome/22.0.1229.92 Safari/537.4"
94.27.244.233 - - [11/Oct/2012:16:20:42 +0200] "GET /images/belepes_off.gif HTTP/1.1" 200 772 "http://activparty.hu/" "Mozilla/5.0 (Windows NT 5.1) AppleWebKit/537.4 (KHTML, like Gecko) Chrome/22.0.1229.92 Safari/537.4"
94.27.244.233 - - [11/Oct/2012:16:20:42 +0200] "GET /images/letoltes_off.gif HTTP/1.1" 200 821 "http://activparty.hu/" "Mozilla/5.0 (Windows NT 5.1) AppleWebKit/537.4 (KHTML, like Gecko) Chrome/22.0.1229.92 Safari/537.4"
94.27.244.233 - - [11/Oct/2012:16:20:42 +0200] "GET /images/belepes_on.gif HTTP/1.1" 200 771 "http://activparty.hu/" "Mozilla/5.0 (Windows NT 5.1) AppleWebKit/537.4 (KHTML, like Gecko) Chrome/22.0.1229.92 Safari/537.4"
94.27.244.233 - - [11/Oct/2012:16:20:42 +0200] "GET /images/letoltes_on.gif HTTP/1.1" 200 821 "http://activparty.hu/" "Mozilla/5.0 (Windows NT 5.1) AppleWebKit/537.4 (KHTML, like Gecko) Chrome/22.0.1229.92 Safari/537.4"
94.27.244.233 - - [11/Oct/2012:16:20:42 +0200] "GET /favicon.ico HTTP/1.1" 404 - "-" "Mozilla/5.0 (Windows NT 5.1) AppleWebKit/537.4 (KHTML, like Gecko) Chrome/22.0.1229.92 Safari/537.4"
94.27.244.233 - - [11/Oct/2012:16:21:16 +0200] "GET /aktivparty.html HTTP/1.1" 200 1528 "http://activparty.hu/" "Mozilla/5.0 (Windows NT 5.1) AppleWebKit/537.4 (KHTML, like Gecko) Chrome/22.0.1229.92 Safari/537.4"
94.27.244.233 - - [11/Oct/2012:16:21:16 +0200] "GET /js/AC_RunActiveContent.js HTTP/1.1" 200 8321 "http://activparty.hu/aktivparty.html" "Mozilla/5.0 (Windows NT 5.1) AppleWebKit/537.4 (KHTML, like Gecko) Chrome/22.0.1229.92 Safari/537.4"
94.27.244.233 - - [11/Oct/2012:16:21:17 +0200] "GET /favicon.ico HTTP/1.1" 404 - "-" "Mozilla/5.0 (Windows NT 5.1) AppleWebKit/537.4 (KHTML, like Gecko) Chrome/22.0.1229.92 Safari/537.4"
94.27.244.233 - - [11/Oct/2012:16:21:23 +0200] "GET /activ_party.swf HTTP/1.1" 200 1771834 "http://activparty.hu/aktivparty.html" "Mozilla/5.0 (Windows NT 5.1) AppleWebKit/537.4 (KHTML, like Gecko) Chrome/22.0.1229.92 Safari/537.4"
31.11.220.94 - - [11/Oct/2012:17:48:51 +0200] "GET / HTTP/1.1" 200 3021 "-" "Mozilla/5.0 (Windows NT 6.1; WOW64; rv:7.0.1) Gecko/20100101 Firefox/7.0.1"
83.233.186.82 - - [11/Oct/2012:18:25:57 +0200] "GET / HTTP/1.1" 200 3021 "-" "Mozilla/4.0 (CMS Crawler: http://www.cmscrawler.com)"
176.9.111.204 - - [11/Oct/2012:20:03:53 +0200] "GET / HTTP/1.1" 200 3021 "-" "Mozilla/4.0 (compatible; MSIE 7.0; Windows NT 5.1)"
87.97.118.111 - - [11/Oct/2012:21:41:38 +0200] "GET /aktivparty.html HTTP/1.1" 200 1528 "-" "Mozilla/5.0 (Windows NT 5.1) AppleWebKit/534.30 (KHTML, like Gecko) Chrome/12.0.742.112 Safari/534.30"
87.97.118.111 - - [11/Oct/2012:21:41:39 +0200] "GET /js/AC_RunActiveContent.js HTTP/1.1" 200 8321 "http://activparty.hu/aktivparty.html" "Mozilla/5.0 (Windows NT 5.1) AppleWebKit/534.30 (KHTML, like Gecko) Chrome/12.0.742.112 Safari/534.30"
87.97.118.111 - - [11/Oct/2012:21:41:58 +0200] "GET /activ_party.swf HTTP/1.1" 200 1771834 "http://activparty.hu/aktivparty.html" "Mozilla/5.0 (Windows NT 5.1) AppleWebKit/534.30 (KHTML, like Gecko) Chrome/12.0.742.112 Safari/534.30"
87.97.118.111 - - [11/Oct/2012:21:41:58 +0200] "GET /favicon.ico HTTP/1.1" 404 - "-" "Mozilla/5.0 (Windows NT 5.1) AppleWebKit/534.30 (KHTML, like Gecko) Chrome/12.0.742.112 Safari/534.30"
69.30.243.122 - - [11/Oct/2012:23:49:38 +0200] "HEAD / HTTP/1.1" 200 0 "-" "curl/7.21.0 (x86_64-pc-linux-gnu) libcurl/7.21.0 OpenSSL/0.9.8o zlib/1.2.3.4 libidn/1.15 libssh2/1.2.6"
208.115.113.88 - - [12/Oct/2012:01:08:10 +0200] "GET /robots.txt HTTP/1.1" 404 - "-" "Mozilla/5.0 (compatible; Ezooms/1.0; ezooms.bot@gmail.com)"
208.115.113.88 - - [12/Oct/2012:01:24:16 +0200] "GET /aktivparty.html HTTP/1.1" 200 1528 "-" "Mozilla/5.0 (compatible; Ezooms/1.0; ezooms.bot@gmail.com)"
178.154.210.252 - - [12/Oct/2012:06:36:33 +0200] "GET /robots.txt HTTP/1.1" 404 - "-" "Mozilla/5.0 (compatible; YandexBot/3.0; +http://yandex.com/bots)"
173.236.21.106 - - [12/Oct/2012:06:50:14 +0200] "GET /robots.txt HTTP/1.0" 404 - "-" "Mozilla/5.0 (compatible; MJ12bot/v1.4.3; http://www.majestic12.co.uk/bot.php?+)"
