173.236.21.106 - - [12/Oct/2012:06:50:16 +0200] "GET / HTTP/1.0" 200 3021 "-" "Mozilla/5.0 (compatible; MJ12bot/v1.4.3; http://www.majestic12.co.uk/bot.php?+)"
180.76.5.158 - - [12/Oct/2012:09:45:07 +0200] "GET /robots.txt HTTP/1.1" 404 - "-" "Mozilla/5.0 (compatible; Baiduspider/2.0; +http://www.baidu.com/search/spider.html)"
176.14.240.214 - - [12/Oct/2012:11:01:39 +0200] "GET / HTTP/1.0" 200 3021 "http://yandex.ru/yandsearch?text=activparty.hu&lr=213" "Mozilla/4.0 (compatible; MSIE 6.0; Windows NT 5.1; SV1)"
178.154.210.252 - - [12/Oct/2012:11:32:21 +0200] "GET / HTTP/1.1" 200 3021 "-" "Mozilla/5.0 (compatible; YandexBot/3.0; +http://yandex.com/bots)"
119.63.196.40 - - [12/Oct/2012:14:51:24 +0200] "GET /robots.txt HTTP/1.1" 404 - "-" "Baiduspider+(+http://www.baidu.com/search/spider.htm)"
62.64.65.58 - - [12/Oct/2012:21:02:46 +0200] "GET /robots.txt HTTP/1.0" 404 - "-" "Mozilla/5.0 (compatible; MJ12bot/v1.4.3; http://www.majestic12.co.uk/bot.php?+)"
62.64.65.58 - - [12/Oct/2012:21:02:47 +0200] "GET / HTTP/1.0" 200 3021 "-" "Mozilla/5.0 (compatible; MJ12bot/v1.4.3; http://www.majestic12.co.uk/bot.php?+)"
62.64.65.58 - - [12/Oct/2012:21:02:49 +0200] "GET /robots.txt HTTP/1.0" 404 - "-" "Mozilla/5.0 (compatible; MJ12bot/v1.4.3; http://www.majestic12.co.uk/bot.php?+)"
62.64.65.58 - - [12/Oct/2012:21:02:50 +0200] "GET / HTTP/1.0" 200 3021 "-" "Mozilla/5.0 (compatible; MJ12bot/v1.4.3; http://www.majestic12.co.uk/bot.php?+)"
85.238.90.58 - - [13/Oct/2012:00:14:06 +0200] "GET / HTTP/1.1" 200 3021 "http://karaoke.lap.hu/" "Mozilla/5.0 (Macintosh; Intel Mac OS X 10.7; rv:15.0) Gecko/20100101 Firefox/15.0.1"
85.238.90.58 - - [13/Oct/2012:00:14:06 +0200] "GET /images/logo.gif HTTP/1.1" 200 2246 "http://activparty.hu/" "Mozilla/5.0 (Macintosh; Intel Mac OS X 10.7; rv:15.0) Gecko/20100101 Firefox/15.0.1"
85.238.90.58 - - [13/Oct/2012:00:14:06 +0200] "GET /images/belepes_off.gif HTTP/1.1" 200 772 "http://activparty.hu/" "Mozilla/5.0 (Macintosh; Intel Mac OS X 10.7; rv:15.0) Gecko/20100101 Firefox/15.0.1"
85.238.90.58 - - [13/Oct/2012:00:14:06 +0200] "GET /images/letoltes_off.gif HTTP/1.1" 200 821 "http://activparty.hu/" "Mozilla/5.0 (Macintosh; Intel Mac OS X 10.7; rv:15.0) Gecko/20100101 Firefox/15.0.1"
85.238.90.58 - - [13/Oct/2012:00:14:06 +0200] "GET /favicon.ico HTTP/1.1" 404 - "-" "Mozilla/5.0 (Macintosh; Intel Mac OS X 10.7; rv:15.0) Gecko/20100101 Firefox/15.0.1"
85.238.90.58 - - [13/Oct/2012:00:14:06 +0200] "GET /images/belepes_on.gif HTTP/1.1" 200 771 "http://activparty.hu/" "Mozilla/5.0 (Macintosh; Intel Mac OS X 10.7; rv:15.0) Gecko/20100101 Firefox/15.0.1"
85.238.90.58 - - [13/Oct/2012:00:14:06 +0200] "GET /images/letoltes_on.gif HTTP/1.1" 200 821 "http://activparty.hu/" "Mozilla/5.0 (Macintosh; Intel Mac OS X 10.7; rv:15.0) Gecko/20100101 Firefox/15.0.1"
85.238.90.58 - - [13/Oct/2012:00:14:08 +0200] "GET /aktivparty.html HTTP/1.1" 200 1528 "http://activparty.hu/" "Mozilla/5.0 (Macintosh; Intel Mac OS X 10.7; rv:15.0) Gecko/20100101 Firefox/15.0.1"
85.238.90.58 - - [13/Oct/2012:00:14:08 +0200] "GET /js/AC_RunActiveContent.js HTTP/1.1" 200 8321 "http://activparty.hu/aktivparty.html" "Mozilla/5.0 (Macintosh; Intel Mac OS X 10.7; rv:15.0) Gecko/20100101 Firefox/15.0.1"
85.238.90.58 - - [13/Oct/2012:00:14:09 +0200] "GET /activ_party.swf HTTP/1.1" 200 1771834 "http://activparty.hu/aktivparty.html" "Mozilla/5.0 (Macintosh; Intel Mac OS X 10.7; rv:15.0) Gecko/20100101 Firefox/15.0.1"
85.238.90.58 - - [13/Oct/2012:00:14:13 +0200] "GET /karaoke.html HTTP/1.1" 200 4266 "http://activparty.hu/aktivparty.html" "Mozilla/5.0 (Macintosh; Intel Mac OS X 10.7; rv:15.0) Gecko/20100101 Firefox/15.0.1"
85.238.90.58 - - [13/Oct/2012:00:14:13 +0200] "GET /images/karaoke.jpg HTTP/1.1" 200 25297 "http://activparty.hu/karaoke.html" "Mozilla/5.0 (Macintosh; Intel Mac OS X 10.7; rv:15.0) Gecko/20100101 Firefox/15.0.1"
178.154.210.252 - - [13/Oct/2012:01:26:40 +0200] "GET / HTTP/1.1" 200 3021 "-" "Mozilla/5.0 (compatible; YandexBot/3.0; +http://yandex.com/bots)"
66.249.66.42 - - [13/Oct/2012:02:50:49 +0200] "GET /robots.txt HTTP/1.1" 404 - "-" "Mozilla/5.0 (compatible; Googlebot/2.1; +http://www.google.com/bot.html)"
66.249.66.42 - - [13/Oct/2012:02:50:49 +0200] "GET / HTTP/1.1" 200 3021 "-" "Mozilla/5.0 (compatible; Googlebot/2.1; +http://www.google.com/bot.html)"
66.249.66.42 - - [13/Oct/2012:03:06:41 +0200] "GET /aktivparty.html HTTP/1.1" 200 1528 "-" "Mozilla/5.0 (compatible; Googlebot/2.1; +http://www.google.com/bot.html)"
178.154.210.252 - - [13/Oct/2012:07:16:25 +0200] "GET /robots.txt HTTP/1.1" 404 - "-" "Mozilla/5.0 (compatible; YandexBot/3.0; +http://yandex.com/bots)"
81.144.138.34 - - [13/Oct/2012:08:47:00 +0200] "GET /robots.txt HTTP/1.1" 404 - "-" "Wotbox/2.01 (+http://www.wotbox.com/bot/)"
81.144.138.34 - - [13/Oct/2012:08:47:16 +0200] "GET / HTTP/1.1" 200 3021 "-" "Wotbox/2.01 (+http://www.wotbox.com/bot/)"
81.144.138.34 - - [13/Oct/2012:08:47:25 +0200] "GET /aktivparty.html HTTP/1.1" 200 1528 "-" "Wotbox/2.01 (+http://www.wotbox.com/bot/)"
178.154.210.252 - - [13/Oct/2012:15:03:37 +0200] "GET / HTTP/1.1" 200 3021 "-" "Mozilla/5.0 (compatible; YandexBot/3.0; +http://yandex.com/bots)"
69.163.226.182 - - [13/Oct/2012:15:49:19 +0200] "GET / HTTP/1.0" 200 3021 "-" "Mozilla/5.0 (compatible; MJ12bot/v1.4.3; http://www.majestic12.co.uk/bot.php?+)"
123.125.71.36 - - [13/Oct/2012:17:38:53 +0200] "GET / HTTP/1.1" 200 3021 "-" "Mozilla/5.0 (compatible; Baiduspider/2.0; +http://www.baidu.com/search/spider.html)"
220.181.108.80 - - [13/Oct/2012:17:39:40 +0200] "GET / HTTP/1.1" 200 3021 "-" "Mozilla/5.0 (compatible; Baiduspider/2.0; +http://www.baidu.com/search/spider.html)"
66.249.66.42 - - [13/Oct/2012:18:12:15 +0200] "GET /robots.txt HTTP/1.1" 404 - "-" "Mozilla/5.0 (compatible; Googlebot/2.1; +http://www.google.com/bot.html)"
66.249.66.42 - - [13/Oct/2012:18:12:15 +0200] "GET / HTTP/1.1" 200 3021 "-" "Mozilla/5.0 (compatible; Googlebot/2.1; +http://www.google.com/bot.html)"
213.186.120.196 - - [13/Oct/2012:18:49:40 +0200] "GET /robots.txt HTTP/1.1" 404 - "-" "Mozilla/5.0 (compatible; AhrefsBot/3.1; +http://ahrefs.com/robot/)"
213.186.120.196 - - [13/Oct/2012:18:49:40 +0200] "GET /robots.txt HTTP/1.1" 404 - "-" "Mozilla/5.0 (compatible; AhrefsBot/3.1; +http://ahrefs.com/robot/)"
109.74.48.7 - - [13/Oct/2012:23:20:58 +0200] "GET / HTTP/1.1" 200 3021 "http://www.kreativkatalogus.hu/ugynokseg.php?search=1&pagingActualHit=10&dbSearchSubType=&dbSearchCompanyNameId=&dbSearchCompanyName=" "Mozilla/5.0 (Windows NT 5.1) AppleWebKit/537.4 (KHTML, like Gecko) Chrome/22.0.1229.94 Safari/537.4"
109.74.48.7 - - [13/Oct/2012:23:20:58 +0200] "GET /images/logo.gif HTTP/1.1" 200 2246 "http://www.activparty.hu/" "Mozilla/5.0 (Windows NT 5.1) AppleWebKit/537.4 (KHTML, like Gecko) Chrome/22.0.1229.94 Safari/537.4"
109.74.48.7 - - [13/Oct/2012:23:20:59 +0200] "GET /images/belepes_off.gif HTTP/1.1" 200 772 "http://www.activparty.hu/" "Mozilla/5.0 (Windows NT 5.1) AppleWebKit/537.4 (KHTML, like Gecko) Chrome/22.0.1229.94 Safari/537.4"
109.74.48.7 - - [13/Oct/2012:23:20:59 +0200] "GET /images/letoltes_off.gif HTTP/1.1" 200 821 "http://www.activparty.hu/" "Mozilla/5.0 (Windows NT 5.1) AppleWebKit/537.4 (KHTML, like Gecko) Chrome/22.0.1229.94 Safari/537.4"
109.74.48.7 - - [13/Oct/2012:23:20:59 +0200] "GET /images/belepes_on.gif HTTP/1.1" 200 771 "http://www.activparty.hu/" "Mozilla/5.0 (Windows NT 5.1) AppleWebKit/537.4 (KHTML, like Gecko) Chrome/22.0.1229.94 Safari/537.4"
109.74.48.7 - - [13/Oct/2012:23:20:59 +0200] "GET /images/letoltes_on.gif HTTP/1.1" 200 821 "http://www.activparty.hu/" "Mozilla/5.0 (Windows NT 5.1) AppleWebKit/537.4 (KHTML, like Gecko) Chrome/22.0.1229.94 Safari/537.4"
109.74.48.7 - - [13/Oct/2012:23:21:00 +0200] "GET /favicon.ico HTTP/1.1" 404 - "-" "Mozilla/5.0 (Windows NT 5.1) AppleWebKit/537.4 (KHTML, like Gecko) Chrome/22.0.1229.94 Safari/537.4"
109.74.48.7 - - [13/Oct/2012:23:21:01 +0200] "GET /aktivparty.html HTTP/1.1" 200 1528 "http://www.activparty.hu/" "Mozilla/5.0 (Windows NT 5.1) AppleWebKit/537.4 (KHTML, like Gecko) Chrome/22.0.1229.94 Safari/537.4"
109.74.48.7 - - [13/Oct/2012:23:21:02 +0200] "GET /js/AC_RunActiveContent.js HTTP/1.1" 200 8321 "http://www.activparty.hu/aktivparty.html" "Mozilla/5.0 (Windows NT 5.1) AppleWebKit/537.4 (KHTML, like Gecko) Chrome/22.0.1229.94 Safari/537.4"
109.74.48.7 - - [13/Oct/2012:23:21:02 +0200] "GET /favicon.ico HTTP/1.1" 404 - "-" "Mozilla/5.0 (Windows NT 5.1) AppleWebKit/537.4 (KHTML, like Gecko) Chrome/22.0.1229.94 Safari/537.4"
109.74.48.7 - - [13/Oct/2012:23:21:17 +0200] "GET /activ_party.swf HTTP/1.1" 200 1771834 "http://www.activparty.hu/aktivparty.html" "Mozilla/5.0 (Windows NT 5.1) AppleWebKit/537.4 (KHTML, like Gecko) Chrome/22.0.1229.94 Safari/537.4"
95.108.150.235 - - [14/Oct/2012:00:55:31 +0200] "GET /robots.txt HTTP/1.1" 404 - "-" "Mozilla/5.0 (compatible; YandexBot/3.0; +http://yandex.com/bots)"
95.108.150.235 - - [14/Oct/2012:00:55:31 +0200] "GET /robots.txt HTTP/1.1" 404 - "-" "Mozilla/5.0 (compatible; YandexBot/3.0; +http://yandex.com/bots)"
95.108.150.235 - - [14/Oct/2012:00:55:31 +0200] "GET / HTTP/1.1" 200 3021 "-" "Mozilla/5.0 (compatible; YandexBot/3.0; +http://yandex.com/bots)"
95.108.150.235 - - [14/Oct/2012:00:55:31 +0200] "GET / HTTP/1.1" 200 3021 "-" "Mozilla/5.0 (compatible; YandexBot/3.0; +http://yandex.com/bots)"
95.108.150.235 - - [14/Oct/2012:00:55:32 +0200] "GET / HTTP/1.1" 200 3021 "-" "Mozilla/5.0 (compatible; YandexBot/3.0; +http://yandex.com/bots)"
95.108.150.235 - - [14/Oct/2012:00:55:32 +0200] "GET / HTTP/1.1" 200 3021 "-" "Mozilla/5.0 (compatible; YandexBot/3.0; +http://yandex.com/bots)"
66.249.66.42 - - [14/Oct/2012:04:09:25 +0200] "GET /robots.txt HTTP/1.1" 404 - "-" "Mozilla/5.0 (compatible; Googlebot/2.1; +http://www.google.com/bot.html)"
66.249.76.49 - - [14/Oct/2012:04:09:25 +0200] "GET / HTTP/1.1" 200 3021 "-" "Mozilla/5.0 (iPhone; U; CPU iPhone OS 4_1 like Mac OS X; en-us) AppleWebKit/532.9 (KHTML, like Gecko) Version/4.0.5 Mobile/8B117 Safari/6531.22.7 (compatible; Googlebot-Mobile/2.1; +http://www.google.com/bot.html)"
5.9.40.194 - - [14/Oct/2012:04:12:35 +0200] "GET /robots.txt HTTP/1.1" 404 - "-" "Mozilla/5.0 (compatible; MSIE 9.0; Windows NT 6.1; Win64; x64; Trident/5.0; MALC)"
5.9.40.194 - - [14/Oct/2012:04:12:35 +0200] "GET / HTTP/1.1" 200 3021 "-" "Mozilla/5.0 (compatible; MSIE 9.0; Windows NT 6.1; Win64; x64; Trident/5.0; MALC)"
62.163.13.217 - - [14/Oct/2012:07:28:39 +0200] "GET / HTTP/1.1" 200 3021 "-" "Java/1.6.0_33"
62.163.13.217 - - [14/Oct/2012:07:28:39 +0200] "GET /aktivparty.html HTTP/1.1" 200 1528 "-" "Java/1.6.0_33"
62.163.13.217 - - [14/Oct/2012:07:28:39 +0200] "GET /js/AC_RunActiveContent.js HTTP/1.1" 200 8321 "-" "Java/1.6.0_33"
180.76.6.224 - - [14/Oct/2012:08:00:57 +0200] "GET / HTTP/1.1" 200 3021 "-" "Mozilla/5.0 (compatible; Baiduspider/2.0; +http://www.baidu.com/search/spider.html)"
77.111.90.197 - - [14/Oct/2012:09:56:18 +0200] "GET / HTTP/1.1" 200 3021 "-" "Mozilla/5.0 (X11; U; Linux i686; en-US; rv:1.9.0.4) Gecko/2008111318 Ubuntu/8.10 (intrepid) Firefox/3.0.4"
95.141.35.246 - - [14/Oct/2012:16:55:51 +0200] "GET / HTTP/1.1" 200 3021 "-" "User-Agent=Mozilla/5.0 (Windows; U; Windows NT 5.1; en-US; rv:1.9.0.1) Gecko/2008070208 Firefox/3.0.1"
95.141.35.246 - - [14/Oct/2012:16:55:51 +0200] "GET /aktivparty.html HTTP/1.1" 200 1528 "-" "User-Agent=Mozilla/5.0 (Windows; U; Windows NT 5.1; en-US; rv:1.9.0.1) Gecko/2008070208 Firefox/3.0.1"
95.220.143.156 - - [14/Oct/2012:18:50:08 +0200] "GET / HTTP/1.0" 200 3021 "http://yandex.ru/yandsearch?text=activparty.hu&lr=213" "Mozilla/4.0 (compatible; MSIE 7.0; Windows NT 5.1; .NET CLR 1.1.4322; .NET CLR 2.0.50727; InfoPath.1)"
180.76.5.52 - - [14/Oct/2012:19:48:46 +0200] "GET /robots.txt HTTP/1.1" 404 - "-" "Mozilla/5.0 (Windows NT 5.1; rv:6.0.2) Gecko/20100101 Firefox/6.0.2"
157.55.32.60 - - [14/Oct/2012:21:19:50 +0200] "GET /robots.txt HTTP/1.1" 404 - "-" "Mozilla/5.0 (compatible; bingbot/2.0; +http://www.bing.com/bingbot.htm)"
157.55.32.60 - - [14/Oct/2012:21:23:38 +0200] "GET / HTTP/1.1" 304 - "-" "Mozilla/5.0 (compatible; bingbot/2.0; +http://www.bing.com/bingbot.htm)"
193.108.251.250 - - [15/Oct/2012:02:20:34 +0200] "GET /robots.txt HTTP/1.0" 404 - "-" "Mozilla/5.0 (compatible; MJ12bot/v1.4.3; http://www.majestic12.co.uk/bot.php?+)"
193.108.251.250 - - [15/Oct/2012:02:20:35 +0200] "GET / HTTP/1.1" 200 3021 "-" "Mozilla/5.0 (compatible; MJ12bot/v1.4.3; http://www.majestic12.co.uk/bot.php?+)"
208.115.113.88 - - [15/Oct/2012:05:11:55 +0200] "GET /robots.txt HTTP/1.1" 404 - "-" "Mozilla/5.0 (compatible; Ezooms/1.0; ezooms.bot@gmail.com)"
208.115.113.88 - - [15/Oct/2012:05:24:40 +0200] "GET / HTTP/1.1" 200 3021 "-" "Mozilla/5.0 (compatible; Ezooms/1.0; ezooms.bot@gmail.com)"
69.28.58.33 - - [15/Oct/2012:05:39:00 +0200] "GET /robots.txt HTTP/1.1" 404 - "-" "Wget/1.9+cvs-stable (Red Hat modified)"
95.24.65.96 - - [15/Oct/2012:10:16:33 +0200] "GET / HTTP/1.0" 200 3021 "http://yandex.ru/yandsearch?text=activparty.hu&lr=213" "Mozilla/4.0 (compatible; MSIE 7.0; Windows NT 5.1; .NET CLR 1.1.4322; .NET CLR 2.0.50727; InfoPath.1)"
213.186.120.196 - - [15/Oct/2012:15:36:22 +0200] "GET /robots.txt HTTP/1.1" 404 - "-" "Mozilla/5.0 (compatible; AhrefsBot/3.1; +http://ahrefs.com/robot/)"
213.186.120.196 - - [15/Oct/2012:15:36:22 +0200] "GET /robots.txt HTTP/1.1" 404 - "-" "Mozilla/5.0 (compatible; AhrefsBot/3.1; +http://ahrefs.com/robot/)"
94.21.228.202 - - [15/Oct/2012:16:05:32 +0200] "HEAD / HTTP/1.0" 200 0 "-" "Xenu Link Sleuth/1.3.8"
149.172.45.0 - - [15/Oct/2012:21:22:20 +0200] "GET /robots.txt HTTP/1.0" 404 - "-" "Mozilla/5.0 (compatible; MJ12bot/v1.4.3; http://www.majestic12.co.uk/bot.php?+)"
149.172.45.0 - - [15/Oct/2012:21:22:21 +0200] "GET / HTTP/1.1" 200 3021 "-" "Mozilla/5.0 (compatible; MJ12bot/v1.4.3; http://www.majestic12.co.uk/bot.php?+)"
149.172.45.0 - - [15/Oct/2012:21:22:21 +0200] "GET /robots.txt HTTP/1.0" 404 - "-" "Mozilla/5.0 (compatible; MJ12bot/v1.4.3; http://www.majestic12.co.uk/bot.php?+)"
149.172.45.0 - - [15/Oct/2012:21:22:22 +0200] "GET / HTTP/1.1" 200 3021 "-" "Mozilla/5.0 (compatible; MJ12bot/v1.4.3; http://www.majestic12.co.uk/bot.php?+)"
123.125.71.21 - - [16/Oct/2012:05:25:53 +0200] "GET /robots.txt HTTP/1.1" 404 - "-" "Mozilla/5.0 (Windows NT 5.1; rv:6.0.2) Gecko/20100101 Firefox/6.0.2"
119.63.196.91 - - [16/Oct/2012:06:49:26 +0200] "GET /robots.txt HTTP/1.1" 404 - "-" "Baiduspider+(+http://www.baidu.com/search/spider.htm)"
66.249.66.42 - - [16/Oct/2012:06:54:01 +0200] "GET /robots.txt HTTP/1.1" 404 - "-" "Mozilla/5.0 (compatible; Googlebot/2.1; +http://www.google.com/bot.html)"
66.249.66.42 - - [16/Oct/2012:06:54:01 +0200] "GET /aktivparty.html HTTP/1.1" 200 1528 "-" "Mozilla/5.0 (iPhone; U; CPU iPhone OS 4_1 like Mac OS X; en-us) AppleWebKit/532.9 (KHTML, like Gecko) Version/4.0.5 Mobile/8B117 Safari/6531.22.7 (compatible; Googlebot-Mobile/2.1; +http://www.google.com/bot.html)"
66.249.66.42 - - [16/Oct/2012:07:02:30 +0200] "GET /js/AC_RunActiveContent.js HTTP/1.1" 200 8321 "-" "Mozilla/5.0 (compatible; Googlebot/2.1; +http://www.google.com/bot.html)"
66.249.66.42 - - [16/Oct/2012:07:02:34 +0200] "GET /activ_party.swf HTTP/1.1" 200 1771834 "-" "Mozilla/5.0 (compatible; Googlebot/2.1; +http://www.google.com/bot.html)"
199.187.122.91 - - [16/Oct/2012:15:55:30 +0200] "GET /robots.txt HTTP/1.1" 404 - "-" "Mozilla/4.0 (compatible; MSIE 6.0; Windows NT 5.1; SV1; .NET CLR 2.0.50727)"
199.187.122.91 - - [16/Oct/2012:15:55:30 +0200] "GET /aktivparty.html HTTP/1.1" 200 1528 "-" "Mozilla/4.0 (compatible; MSIE 6.0; Windows NT 5.1; SV1; .NET CLR 2.0.50727)"
178.255.215.73 - - [16/Oct/2012:18:11:26 +0200] "GET /robots.txt HTTP/1.1" 404 - "-" "Mozilla/5.0 (compatible; Exabot/3.0; +http://www.exabot.com/go/robot)"
178.255.215.73 - - [16/Oct/2012:18:11:27 +0200] "GET / HTTP/1.1" 304 - "-" "Mozilla/5.0 (compatible; Exabot/3.0; +http://www.exabot.com/go/robot)"
178.154.210.252 - - [16/Oct/2012:18:12:52 +0200] "GET /robots.txt HTTP/1.1" 404 - "-" "Mozilla/5.0 (compatible; YandexBot/3.0; +http://yandex.com/bots)"
178.154.210.252 - - [16/Oct/2012:18:12:55 +0200] "GET / HTTP/1.1" 200 3021 "-" "Mozilla/5.0 (compatible; YandexBot/3.0; +http://yandex.com/bots)"
66.249.66.42 - - [16/Oct/2012:19:54:54 +0200] "GET /robots.txt HTTP/1.1" 404 - "-" "Mozilla/5.0 (compatible; Googlebot/2.1; +http://www.google.com/bot.html)"
66.249.76.49 - - [16/Oct/2012:19:54:55 +0200] "GET / HTTP/1.1" 200 3021 "-" "Mozilla/5.0 (compatible; Googlebot/2.1; +http://www.google.com/bot.html)"
178.154.210.252 - - [16/Oct/2012:22:42:40 +0200] "GET / HTTP/1.1" 200 3021 "-" "Mozilla/5.0 (compatible; YandexBot/3.0; +http://yandex.com/bots)"
157.55.32.60 - - [16/Oct/2012:23:42:47 +0200] "GET /robots.txt HTTP/1.1" 404 - "-" "Mozilla/5.0 (compatible; bingbot/2.0; +http://www.bing.com/bingbot.htm)"
157.55.32.60 - - [16/Oct/2012:23:51:01 +0200] "GET / HTTP/1.1" 304 - "-" "Mozilla/5.0 (compatible; bingbot/2.0; +http://www.bing.com/bingbot.htm)"
95.108.151.244 - - [17/Oct/2012:02:38:28 +0200] "GET /robots.txt HTTP/1.1" 404 - "-" "Mozilla/5.0 (compatible; YandexBot/3.0; +http://yandex.com/bots)"
95.108.151.244 - - [17/Oct/2012:02:38:29 +0200] "GET / HTTP/1.1" 200 3021 "-" "Mozilla/5.0 (compatible; YandexBot/3.0; +http://yandex.com/bots)"
95.108.151.244 - - [17/Oct/2012:02:38:30 +0200] "GET / HTTP/1.1" 200 3021 "-" "Mozilla/5.0 (compatible; YandexBot/3.0; +http://yandex.com/bots)"
176.195.175.209 - - [17/Oct/2012:02:46:36 +0200] "GET / HTTP/1.0" 200 3021 "http://yandex.ru/yandsearch?text=activparty.hu&lr=213" "Mozilla/4.0 (compatible; MSIE 6.0; Windows NT 5.1; SV1)"
180.76.5.159 - - [17/Oct/2012:04:42:14 +0200] "GET /robots.txt HTTP/1.1" 404 - "-" "Mozilla/5.0 (Windows NT 5.1; rv:6.0.2) Gecko/20100101 Firefox/6.0.2"
157.55.32.60 - - [17/Oct/2012:05:46:11 +0200] "GET /robots.txt HTTP/1.1" 404 - "-" "Mozilla/5.0 (compatible; bingbot/2.0; +http://www.bing.com/bingbot.htm)"
178.154.210.252 - - [17/Oct/2012:05:58:08 +0200] "GET /activ_party.swf HTTP/1.1" 200 1771834 "-" "Mozilla/5.0 (compatible; YandexBot/3.0; +http://yandex.com/bots)"
157.55.112.210 - - [17/Oct/2012:06:21:22 +0200] "GET / HTTP/1.1" 200 3021 "-" "Mozilla/5.0 (Windows NT 6.1; WOW64) AppleWebKit/534+ (KHTML, like Gecko) BingPreview/1.0b"
157.55.32.60 - - [17/Oct/2012:06:33:44 +0200] "GET / HTTP/1.1" 304 - "-" "Mozilla/5.0 (compatible; bingbot/2.0; +http://www.bing.com/bingbot.htm)"
65.55.208.24 - - [17/Oct/2012:06:50:47 +0200] "GET / HTTP/1.1" 200 3021 "-" "Mozilla/5.0 (Windows NT 6.1; WOW64) AppleWebKit/534+ (KHTML, like Gecko) BingPreview/1.0b"
95.108.151.244 - - [17/Oct/2012:10:34:10 +0200] "GET /robots.txt HTTP/1.1" 404 - "-" "Mozilla/5.0 (compatible; YandexBot/3.0; +http://yandex.com/bots)"
95.108.151.244 - - [17/Oct/2012:10:34:11 +0200] "GET / HTTP/1.1" 200 3021 "-" "Mozilla/5.0 (compatible; YandexBot/3.0; +http://yandex.com/bots)"
95.108.151.244 - - [17/Oct/2012:10:34:12 +0200] "GET / HTTP/1.1" 200 3021 "-" "Mozilla/5.0 (compatible; YandexBot/3.0; +http://yandex.com/bots)"
78.131.57.48 - - [17/Oct/2012:13:08:38 +0200] "GET /casino.html HTTP/1.1" 200 2801 "http://www.google.hu/url?sa=t&rct=j&q=&esrc=s&source=web&cd=9&ved=0CFMQFjAI&url=http%3A%2F%2Fwww.activparty.hu%2Fcasino.html&ei=hJF-UMKqIIfh4QT57YDQDg&usg=AFQjCNHyiAJbeGHWonBDlsDnHhyEk8dZjg" "Mozilla/5.0 (Windows NT 5.1) AppleWebKit/537.4 (KHTML, like Gecko) Chrome/22.0.1229.94 Safari/537.4"
78.131.57.48 - - [17/Oct/2012:13:08:38 +0200] "GET /images/alap.jpg HTTP/1.1" 200 34327 "http://www.activparty.hu/casino.html" "Mozilla/5.0 (Windows NT 5.1) AppleWebKit/537.4 (KHTML, like Gecko) Chrome/22.0.1229.94 Safari/537.4"
78.131.57.48 - - [17/Oct/2012:13:08:38 +0200] "GET /images/casino.jpg HTTP/1.1" 200 18223 "http://www.activparty.hu/casino.html" "Mozilla/5.0 (Windows NT 5.1) AppleWebKit/537.4 (KHTML, like Gecko) Chrome/22.0.1229.94 Safari/537.4"
78.131.57.48 - - [17/Oct/2012:13:08:38 +0200] "GET /favicon.ico HTTP/1.1" 404 - "-" "Mozilla/5.0 (Windows NT 5.1) AppleWebKit/537.4 (KHTML, like Gecko) Chrome/22.0.1229.94 Safari/537.4"
220.181.108.76 - - [17/Oct/2012:14:12:54 +0200] "GET / HTTP/1.1" 304 - "-" "Mozilla/5.0 (compatible; Baiduspider/2.0; +http://www.baidu.com/search/spider.html)"
72.51.37.147 - - [17/Oct/2012:14:25:28 +0200] "GET /robots.txt HTTP/1.1" 404 - "-" "Mozilla/4.0 (compatible; MSIE 5.01; Windows NT)"
72.51.37.147 - - [17/Oct/2012:14:25:36 +0200] "GET / HTTP/1.1" 200 3021 "-" "Mozilla/4.0 (compatible; MSIE 5.01; Windows NT)"
72.51.37.147 - - [17/Oct/2012:14:25:43 +0200] "GET /aktivparty.html HTTP/1.1" 200 1528 "-" "Mozilla/4.0 (compatible; MSIE 5.01; Windows NT)"
178.154.210.252 - - [17/Oct/2012:15:35:23 +0200] "GET / HTTP/1.1" 200 3021 "-" "Mozilla/5.0 (compatible; YandexBot/3.0; +http://yandex.com/bots)"
95.108.150.235 - - [17/Oct/2012:19:39:31 +0200] "GET /robots.txt HTTP/1.1" 404 - "-" "Mozilla/5.0 (compatible; YandexBot/3.0; +http://yandex.com/bots)"
95.108.150.235 - - [17/Oct/2012:19:39:31 +0200] "GET /robots.txt HTTP/1.1" 404 - "-" "Mozilla/5.0 (compatible; YandexBot/3.0; +http://yandex.com/bots)"
95.108.150.235 - - [17/Oct/2012:19:39:32 +0200] "GET / HTTP/1.1" 200 3021 "-" "Mozilla/5.0 (compatible; YandexBot/3.0; +http://yandex.com/bots)"
95.108.150.235 - - [17/Oct/2012:19:39:32 +0200] "GET / HTTP/1.1" 200 3021 "-" "Mozilla/5.0 (compatible; YandexBot/3.0; +http://yandex.com/bots)"
95.108.150.235 - - [17/Oct/2012:19:39:33 +0200] "GET / HTTP/1.1" 200 3021 "-" "Mozilla/5.0 (compatible; YandexBot/3.0; +http://yandex.com/bots)"
95.108.150.235 - - [17/Oct/2012:19:39:33 +0200] "GET / HTTP/1.1" 200 3021 "-" "Mozilla/5.0 (compatible; YandexBot/3.0; +http://yandex.com/bots)"
46.73.26.191 - - [17/Oct/2012:21:42:21 +0200] "GET / HTTP/1.0" 200 3021 "http://yandex.ru/yandsearch?text=activparty.hu&lr=213" "Mozilla/4.0 (compatible; MSIE 6.0; Windows NT 5.1; SV1)"
194.176.228.57 - - [17/Oct/2012:21:56:07 +0200] "GET / HTTP/1.1" 200 3021 "http://karaoke.lap.hu/budapest/25632069" "Mozilla/5.0 (Linux; U; Android 2.3.4; hu-hu; SonyEricssonLT15i Build/4.0.2.A.0.62) AppleWebKit/533.1 (KHTML, like Gecko) Version/4.0 Mobile Safari/533.1"
194.176.228.57 - - [17/Oct/2012:21:56:07 +0200] "GET /images/logo.gif HTTP/1.1" 200 2246 "http://activparty.hu/" "Mozilla/5.0 (Linux; U; Android 2.3.4; hu-hu; SonyEricssonLT15i Build/4.0.2.A.0.62) AppleWebKit/533.1 (KHTML, like Gecko) Version/4.0 Mobile Safari/533.1"
194.176.228.57 - - [17/Oct/2012:21:56:07 +0200] "GET /images/belepes_off.gif HTTP/1.1" 200 772 "http://activparty.hu/" "Mozilla/5.0 (Linux; U; Android 2.3.4; hu-hu; SonyEricssonLT15i Build/4.0.2.A.0.62) AppleWebKit/533.1 (KHTML, like Gecko) Version/4.0 Mobile Safari/533.1"
194.176.228.57 - - [17/Oct/2012:21:56:07 +0200] "GET /images/letoltes_off.gif HTTP/1.1" 200 821 "http://activparty.hu/" "Mozilla/5.0 (Linux; U; Android 2.3.4; hu-hu; SonyEricssonLT15i Build/4.0.2.A.0.62) AppleWebKit/533.1 (KHTML, like Gecko) Version/4.0 Mobile Safari/533.1"
194.176.228.57 - - [17/Oct/2012:21:56:08 +0200] "GET /images/belepes_on.gif HTTP/1.1" 200 771 "http://activparty.hu/" "Mozilla/5.0 (Linux; U; Android 2.3.4; hu-hu; SonyEricssonLT15i Build/4.0.2.A.0.62) AppleWebKit/533.1 (KHTML, like Gecko) Version/4.0 Mobile Safari/533.1"
194.176.228.57 - - [17/Oct/2012:21:56:08 +0200] "GET /images/letoltes_on.gif HTTP/1.1" 200 821 "http://activparty.hu/" "Mozilla/5.0 (Linux; U; Android 2.3.4; hu-hu; SonyEricssonLT15i Build/4.0.2.A.0.62) AppleWebKit/533.1 (KHTML, like Gecko) Version/4.0 Mobile Safari/533.1"
194.176.228.57 - - [17/Oct/2012:21:56:08 +0200] "GET /favicon.ico HTTP/1.1" 404 - "http://activparty.hu/" "Mozilla/5.0 (Linux; U; Android 2.3.4; hu-hu; SonyEricssonLT15i Build/4.0.2.A.0.62) AppleWebKit/533.1 (KHTML, like Gecko) Version/4.0 Mobile Safari/533.1"
194.176.228.57 - - [17/Oct/2012:21:56:10 +0200] "GET /aktivparty.html HTTP/1.1" 200 1528 "http://activparty.hu/" "Mozilla/5.0 (Linux; U; Android 2.3.4; hu-hu; SonyEricssonLT15i Build/4.0.2.A.0.62) AppleWebKit/533.1 (KHTML, like Gecko) Version/4.0 Mobile Safari/533.1"
194.176.228.57 - - [17/Oct/2012:21:56:10 +0200] "GET /js/AC_RunActiveContent.js HTTP/1.1" 200 8321 "http://activparty.hu/aktivparty.html" "Mozilla/5.0 (Linux; U; Android 2.3.4; hu-hu; SonyEricssonLT15i Build/4.0.2.A.0.62) AppleWebKit/533.1 (KHTML, like Gecko) Version/4.0 Mobile Safari/533.1"
194.176.228.57 - - [17/Oct/2012:21:56:14 +0200] "GET /activ_party.swf HTTP/1.1" 200 1771834 "http://activparty.hu/aktivparty.html" "Mozilla/5.0 (Linux; U; Android 2.3.4; hu-hu; SonyEricssonLT15i Build/4.0.2.A.0.62) AppleWebKit/533.1 (KHTML, like Gecko) Version/4.0 Mobile Safari/533.1"
194.176.228.57 - - [17/Oct/2012:21:56:31 +0200] "GET /karaoke.html HTTP/1.1" 200 4266 "http://activparty.hu/activ_party.swf" "Mozilla/5.0 (Linux; U; Android 2.3.4; hu-hu; SonyEricssonLT15i Build/4.0.2.A.0.62) AppleWebKit/533.1 (KHTML, like Gecko) Version/4.0 Mobile Safari/533.1"
194.176.228.57 - - [17/Oct/2012:21:56:32 +0200] "GET /images/karaoke.jpg HTTP/1.1" 200 25297 "http://activparty.hu/karaoke.html" "Mozilla/5.0 (Linux; U; Android 2.3.4; hu-hu; SonyEricssonLT15i Build/4.0.2.A.0.62) AppleWebKit/533.1 (KHTML, like Gecko) Version/4.0 Mobile Safari/533.1"
77.111.90.197 - - [18/Oct/2012:05:36:24 +0200] "GET / HTTP/1.1" 200 3021 "-" "Mozilla/5.0 (X11; U; Linux i686; en-US; rv:1.9.0.4) Gecko/2008111318 Ubuntu/8.10 (intrepid) Firefox/3.0.4"
66.249.76.18 - - [18/Oct/2012:08:07:11 +0200] "GET /robots.txt HTTP/1.1" 404 - "-" "Mozilla/5.0 (compatible; Googlebot/2.1; +http://www.google.com/bot.html)"
66.249.66.209 - - [18/Oct/2012:08:07:11 +0200] "GET / HTTP/1.1" 200 3021 "-" "Mozilla/5.0 (compatible; Googlebot/2.1; +http://www.google.com/bot.html)"
94.21.228.202 - - [18/Oct/2012:08:44:39 +0200] "HEAD / HTTP/1.0" 200 0 "-" "Xenu Link Sleuth/1.3.8"
195.228.28.71 - - [18/Oct/2012:09:23:19 +0200] "GET /aktivparty.html HTTP/1.1" 200 1528 "http://www.google.hu/url?sa=t&rct=j&q=&esrc=s&source=web&cd=2&ved=0CCkQFjAB&url=http%3A%2F%2Factivparty.hu%2Faktivparty.html&ei=4a1_UM7oMobi4QT9lYHYCg&usg=AFQjCNFPCrs68wIbvMpHBJd0OHYamMg0RQ" "Mozilla/5.0 (Windows NT 6.1; WOW64; rv:15.0) Gecko/20100101 Firefox/15.0"
195.228.28.71 - - [18/Oct/2012:09:23:20 +0200] "GET /js/AC_RunActiveContent.js HTTP/1.1" 200 8321 "http://activparty.hu/aktivparty.html" "Mozilla/5.0 (Windows NT 6.1; WOW64; rv:15.0) Gecko/20100101 Firefox/15.0"
195.228.28.71 - - [18/Oct/2012:09:23:23 +0200] "GET /activ_party.swf HTTP/1.1" 200 1771834 "http://activparty.hu/aktivparty.html" "Mozilla/5.0 (Windows NT 6.1; WOW64; rv:15.0) Gecko/20100101 Firefox/15.0"
195.228.28.71 - - [18/Oct/2012:09:23:23 +0200] "GET /favicon.ico HTTP/1.1" 404 - "-" "Mozilla/5.0 (Windows NT 6.1; WOW64; rv:15.0) Gecko/20100101 Firefox/15.0"
195.228.28.71 - - [18/Oct/2012:09:23:23 +0200] "GET /favicon.ico HTTP/1.1" 404 - "-" "Mozilla/5.0 (Windows NT 6.1; WOW64; rv:15.0) Gecko/20100101 Firefox/15.0"
157.55.32.162 - - [18/Oct/2012:11:41:15 +0200] "GET /robots.txt HTTP/1.1" 404 - "-" "Mozilla/5.0 (compatible; bingbot/2.0; +http://www.bing.com/bingbot.htm)"
157.55.32.162 - - [18/Oct/2012:13:03:20 +0200] "GET /aktivparty.html HTTP/1.1" 200 1528 "-" "Mozilla/5.0 (compatible; bingbot/2.0; +http://www.bing.com/bingbot.htm)"
213.186.120.196 - - [18/Oct/2012:13:03:59 +0200] "GET /robots.txt HTTP/1.1" 404 - "-" "Mozilla/5.0 (compatible; AhrefsBot/3.1; +http://ahrefs.com/robot/)"
213.186.120.196 - - [18/Oct/2012:13:04:00 +0200] "GET /robots.txt HTTP/1.1" 404 - "-" "Mozilla/5.0 (compatible; AhrefsBot/3.1; +http://ahrefs.com/robot/)"
157.55.32.162 - - [18/Oct/2012:17:47:20 +0200] "GET /robots.txt HTTP/1.1" 404 - "-" "Mozilla/5.0 (compatible; bingbot/2.0; +http://www.bing.com/bingbot.htm)"
157.55.32.162 - - [18/Oct/2012:18:33:20 +0200] "GET /aktivparty.html HTTP/1.1" 200 1528 "-" "Mozilla/5.0 (compatible; bingbot/2.0; +http://www.bing.com/bingbot.htm)"
178.238.227.110 - - [18/Oct/2012:19:55:55 +0200] "GET / HTTP/1.1" 200 3021 "-" "Java/1.6.0_04"
178.238.227.110 - - [18/Oct/2012:19:55:55 +0200] "GET /aktivparty.html HTTP/1.1" 200 1528 "-" "Java/1.6.0_04"
178.238.227.110 - - [18/Oct/2012:19:55:56 +0200] "GET /js/AC_RunActiveContent.js HTTP/1.1" 200 8321 "-" "Java/1.6.0_04"
217.238.73.131 - - [18/Oct/2012:22:30:32 +0200] "GET /robots.txt HTTP/1.0" 404 - "-" "Mozilla/5.0 (compatible; MJ12bot/v1.4.3; http://www.majestic12.co.uk/bot.php?+)"
217.238.73.131 - - [18/Oct/2012:22:30:34 +0200] "GET / HTTP/1.1" 200 3021 "-" "Mozilla/5.0 (compatible; MJ12bot/v1.4.3; http://www.majestic12.co.uk/bot.php?+)"
217.238.73.131 - - [18/Oct/2012:22:30:34 +0200] "GET /robots.txt HTTP/1.0" 404 - "-" "Mozilla/5.0 (compatible; MJ12bot/v1.4.3; http://www.majestic12.co.uk/bot.php?+)"
217.238.73.131 - - [18/Oct/2012:22:30:36 +0200] "GET / HTTP/1.1" 200 3021 "-" "Mozilla/5.0 (compatible; MJ12bot/v1.4.3; http://www.majestic12.co.uk/bot.php?+)"
208.115.111.72 - - [18/Oct/2012:23:19:41 +0200] "GET /robots.txt HTTP/1.1" 404 - "-" "Mozilla/5.0 (compatible; Ezooms/1.0; ezooms.bot@gmail.com)"
208.115.111.72 - - [18/Oct/2012:23:39:20 +0200] "GET / HTTP/1.1" 200 3021 "-" "Mozilla/5.0 (compatible; Ezooms/1.0; ezooms.bot@gmail.com)"
178.255.215.73 - - [18/Oct/2012:23:41:25 +0200] "GET /robots.txt HTTP/1.1" 404 - "-" "Mozilla/5.0 (compatible; Exabot/3.0; +http://www.exabot.com/go/robot)"
178.255.215.73 - - [18/Oct/2012:23:41:26 +0200] "GET / HTTP/1.1" 200 3021 "-" "Mozilla/5.0 (compatible; Exabot/3.0; +http://www.exabot.com/go/robot)"
66.249.66.130 - - [19/Oct/2012:06:28:21 +0200] "GET /robots.txt HTTP/1.1" 404 - "-" "Mozilla/5.0 (compatible; Googlebot/2.1; +http://www.google.com/bot.html)"
66.249.66.130 - - [19/Oct/2012:06:28:21 +0200] "GET / HTTP/1.1" 200 3021 "-" "Mozilla/5.0 (iPhone; U; CPU iPhone OS 4_1 like Mac OS X; en-us) AppleWebKit/532.9 (KHTML, like Gecko) Version/4.0.5 Mobile/8B117 Safari/6531.22.7 (compatible; Googlebot-Mobile/2.1; +http://www.google.com/bot.html)"
178.154.210.252 - - [19/Oct/2012:09:57:36 +0200] "GET /robots.txt HTTP/1.1" 404 - "-" "Mozilla/5.0 (compatible; YandexBot/3.0; +http://yandex.com/bots)"
69.28.58.33 - - [19/Oct/2012:13:08:45 +0200] "GET /robots.txt HTTP/1.1" 404 - "-" "Wget/1.9+cvs-stable (Red Hat modified)"
94.27.184.159 - - [19/Oct/2012:13:32:54 +0200] "GET / HTTP/1.1" 200 3021 "http://karaoke.lap.hu/" "Mozilla/5.0 (Windows NT 5.1) AppleWebKit/537.4 (KHTML, like Gecko) Chrome/22.0.1229.94 Safari/537.4"
94.27.184.159 - - [19/Oct/2012:13:32:54 +0200] "GET /images/logo.gif HTTP/1.1" 200 2246 "http://activparty.hu/" "Mozilla/5.0 (Windows NT 5.1) AppleWebKit/537.4 (KHTML, like Gecko) Chrome/22.0.1229.94 Safari/537.4"
94.27.184.159 - - [19/Oct/2012:13:32:54 +0200] "GET /images/belepes_off.gif HTTP/1.1" 200 772 "http://activparty.hu/" "Mozilla/5.0 (Windows NT 5.1) AppleWebKit/537.4 (KHTML, like Gecko) Chrome/22.0.1229.94 Safari/537.4"
94.27.184.159 - - [19/Oct/2012:13:32:55 +0200] "GET /images/letoltes_off.gif HTTP/1.1" 200 821 "http://activparty.hu/" "Mozilla/5.0 (Windows NT 5.1) AppleWebKit/537.4 (KHTML, like Gecko) Chrome/22.0.1229.94 Safari/537.4"
94.27.184.159 - - [19/Oct/2012:13:32:55 +0200] "GET /images/belepes_on.gif HTTP/1.1" 200 771 "http://activparty.hu/" "Mozilla/5.0 (Windows NT 5.1) AppleWebKit/537.4 (KHTML, like Gecko) Chrome/22.0.1229.94 Safari/537.4"
94.27.184.159 - - [19/Oct/2012:13:32:55 +0200] "GET /images/letoltes_on.gif HTTP/1.1" 200 821 "http://activparty.hu/" "Mozilla/5.0 (Windows NT 5.1) AppleWebKit/537.4 (KHTML, like Gecko) Chrome/22.0.1229.94 Safari/537.4"
94.27.184.159 - - [19/Oct/2012:13:32:55 +0200] "GET /favicon.ico HTTP/1.1" 404 - "-" "Mozilla/5.0 (Windows NT 5.1) AppleWebKit/537.4 (KHTML, like Gecko) Chrome/22.0.1229.94 Safari/537.4"
94.27.184.159 - - [19/Oct/2012:13:32:57 +0200] "GET /aktivparty.html HTTP/1.1" 200 1528 "http://activparty.hu/" "Mozilla/5.0 (Windows NT 5.1) AppleWebKit/537.4 (KHTML, like Gecko) Chrome/22.0.1229.94 Safari/537.4"
94.27.184.159 - - [19/Oct/2012:13:32:57 +0200] "GET /js/AC_RunActiveContent.js HTTP/1.1" 200 8321 "http://activparty.hu/aktivparty.html" "Mozilla/5.0 (Windows NT 5.1) AppleWebKit/537.4 (KHTML, like Gecko) Chrome/22.0.1229.94 Safari/537.4"
94.27.184.159 - - [19/Oct/2012:13:32:58 +0200] "GET /favicon.ico HTTP/1.1" 404 - "-" "Mozilla/5.0 (Windows NT 5.1) AppleWebKit/537.4 (KHTML, like Gecko) Chrome/22.0.1229.94 Safari/537.4"
94.27.184.159 - - [19/Oct/2012:13:33:06 +0200] "GET /activ_party.swf HTTP/1.1" 200 1771834 "http://activparty.hu/aktivparty.html" "Mozilla/5.0 (Windows NT 5.1) AppleWebKit/537.4 (KHTML, like Gecko) Chrome/22.0.1229.94 Safari/537.4"
180.76.5.148 - - [19/Oct/2012:14:49:15 +0200] "GET / HTTP/1.1" 200 3021 "-" "Mozilla/5.0 (compatible; Baiduspider/2.0; +http://www.baidu.com/search/spider.html)"
180.76.6.212 - - [19/Oct/2012:16:27:09 +0200] "GET /robots.txt HTTP/1.1" 404 - "-" "Mozilla/5.0 (Windows NT 5.1; rv:6.0.2) Gecko/20100101 Firefox/6.0.2"
178.154.210.252 - - [19/Oct/2012:18:47:32 +0200] "GET / HTTP/1.1" 200 3021 "-" "Mozilla/5.0 (compatible; YandexBot/3.0; +http://yandex.com/bots)"
178.255.215.73 - - [19/Oct/2012:19:16:02 +0200] "GET /robots.txt HTTP/1.1" 404 - "-" "Mozilla/5.0 (compatible; Exabot/3.0; +http://www.exabot.com/go/robot)"
178.255.215.73 - - [19/Oct/2012:19:16:02 +0200] "GET / HTTP/1.1" 304 - "-" "Mozilla/5.0 (compatible; Exabot/3.0; +http://www.exabot.com/go/robot)"
157.55.32.60 - - [19/Oct/2012:21:00:51 +0200] "GET /robots.txt HTTP/1.1" 404 - "-" "Mozilla/5.0 (compatible; bingbot/2.0; +http://www.bing.com/bingbot.htm)"
216.55.170.37 - - [19/Oct/2012:21:15:33 +0200] "GET / HTTP/1.1" 200 3021 "-" "Mozilla/5.0 (Windows NT 6.1; rv:14.0) Gecko/20100101 Firefox/14.0.1"
157.55.32.60 - - [19/Oct/2012:21:25:19 +0200] "GET / HTTP/1.1" 200 3021 "-" "Mozilla/5.0 (compatible; bingbot/2.0; +http://www.bing.com/bingbot.htm)"
119.63.196.79 - - [20/Oct/2012:00:01:41 +0200] "GET /robots.txt HTTP/1.1" 404 - "-" "Baiduspider+(+http://www.baidu.com/search/spider.htm)"
66.249.76.49 - - [20/Oct/2012:01:51:29 +0200] "GET /robots.txt HTTP/1.1" 404 - "-" "Mozilla/5.0 (compatible; Googlebot/2.1; +http://www.google.com/bot.html)"
66.249.66.130 - - [20/Oct/2012:01:51:29 +0200] "GET / HTTP/1.1" 200 3021 "-" "Mozilla/5.0 (compatible; Googlebot/2.1; +http://www.google.com/bot.html)"
41.66.12.248 - - [20/Oct/2012:04:39:57 +0200] "GET / HTTP/1.1" 200 3021 "-" "Mozilla/4.0 (compatible; MSIE 5.0; Windows NT; DigExt; DTS Agent"
77.75.77.32 - - [20/Oct/2012:06:29:39 +0200] "GET /robots.txt HTTP/1.1" 404 - "-" "SeznamBot/3.0 (+http://fulltext.sblog.cz/)"
77.75.77.32 - - [20/Oct/2012:06:29:40 +0200] "GET / HTTP/1.1" 304 - "-" "SeznamBot/3.0 (+http://fulltext.sblog.cz/)"
180.76.5.111 - - [20/Oct/2012:10:06:45 +0200] "GET / HTTP/1.1" 200 3021 "-" "Mozilla/5.0 (compatible; Baiduspider/2.0; +http://www.baidu.com/search/spider.html)"
64.246.165.10 - - [20/Oct/2012:11:42:09 +0200] "GET /robots.txt HTTP/1.0" 404 - "-" "Mozilla/5.0 (Windows; U; Windows NT 5.1; en; rv:1.9.0.13) Gecko/2009073022 Firefox/3.5.2 (.NET CLR 3.5.30729) SurveyBot/2.3 (DomainTools)"
64.246.165.10 - - [20/Oct/2012:11:42:09 +0200] "GET / HTTP/1.1" 200 3021 "http://whois.domaintools.com/activparty.hu" "Mozilla/5.0 (Windows; U; Windows NT 5.1; en; rv:1.9.0.13) Gecko/2009073022 Firefox/3.5.2 (.NET CLR 3.5.30729) SurveyBot/2.3 (DomainTools)"
37.140.141.19 - - [20/Oct/2012:14:48:51 +0200] "GET /robots.txt HTTP/1.1" 404 - "-" "Mozilla/5.0 (compatible; YandexImages/3.0; +http://yandex.com/bots)"
178.238.227.110 - - [20/Oct/2012:19:28:49 +0200] "GET / HTTP/1.1" 200 3021 "-" "Java/1.6.0_04"
178.238.227.110 - - [20/Oct/2012:19:28:49 +0200] "GET /aktivparty.html HTTP/1.1" 200 1528 "-" "Java/1.6.0_04"
178.238.227.110 - - [20/Oct/2012:19:28:50 +0200] "GET /js/AC_RunActiveContent.js HTTP/1.1" 200 8321 "-" "Java/1.6.0_04"
37.140.141.19 - - [20/Oct/2012:20:44:20 +0200] "GET /images/belepes_off.gif HTTP/1.1" 200 772 "-" "Mozilla/5.0 (compatible; YandexImages/3.0; +http://yandex.com/bots)"
66.249.66.130 - - [21/Oct/2012:01:44:44 +0200] "GET /robots.txt HTTP/1.1" 404 - "-" "Mozilla/5.0 (compatible; Googlebot/2.1; +http://www.google.com/bot.html)"
66.249.66.130 - - [21/Oct/2012:01:44:44 +0200] "GET /aktivparty.html HTTP/1.1" 304 - "-" "Mozilla/5.0 (compatible; Googlebot/2.1; +http://www.google.com/bot.html)"
66.249.66.130 - - [21/Oct/2012:03:32:23 +0200] "GET / HTTP/1.1" 304 - "-" "Mozilla/5.0 (compatible; Googlebot/2.1; +http://www.google.com/bot.html)"
178.154.210.252 - - [21/Oct/2012:03:56:08 +0200] "GET /robots.txt HTTP/1.1" 404 - "-" "Mozilla/5.0 (compatible; YandexBot/3.0; +http://yandex.com/bots)"
178.154.210.252 - - [21/Oct/2012:04:14:04 +0200] "GET / HTTP/1.1" 200 3021 "-" "Mozilla/5.0 (compatible; YandexBot/3.0; +http://yandex.com/bots)"
37.140.141.19 - - [21/Oct/2012:04:18:06 +0200] "GET /images/letoltes_off.gif HTTP/1.1" 200 821 "-" "Mozilla/5.0 (compatible; YandexImages/3.0; +http://yandex.com/bots)"
46.73.62.92 - - [21/Oct/2012:04:26:23 +0200] "GET / HTTP/1.0" 200 3021 "http://yandex.ru/yandsearch?text=activparty.hu&lr=213" "Mozilla/4.0 (compatible; MSIE 6.0; Windows NT 5.1; SV1; InfoPath.1; .NET CLR 2.0.50727)"
178.255.215.73 - - [21/Oct/2012:09:03:16 +0200] "GET /robots.txt HTTP/1.1" 404 - "-" "Mozilla/5.0 (compatible; Exabot/3.0; +http://www.exabot.com/go/robot)"
178.255.215.73 - - [21/Oct/2012:09:03:16 +0200] "GET / HTTP/1.1" 200 3021 "-" "Mozilla/5.0 (compatible; Exabot/3.0; +http://www.exabot.com/go/robot)"
37.140.141.19 - - [21/Oct/2012:09:41:55 +0200] "GET /images/logo.gif HTTP/1.1" 200 2246 "-" "Mozilla/5.0 (compatible; YandexImages/3.0; +http://yandex.com/bots)"
77.111.90.197 - - [21/Oct/2012:10:23:06 +0200] "GET / HTTP/1.1" 200 3021 "-" "Mozilla/5.0 (X11; U; Linux i686; en-US; rv:1.9.0.4) Gecko/2008111318 Ubuntu/8.10 (intrepid) Firefox/3.0.4"
24.230.53.57 - - [21/Oct/2012:11:07:40 +0200] "GET /robots.txt HTTP/1.0" 404 - "-" "Mozilla/5.0 (compatible; MJ12bot/v1.4.3; http://www.majestic12.co.uk/bot.php?+)"
24.230.53.57 - - [21/Oct/2012:11:07:45 +0200] "GET /aktivparty.html HTTP/1.1" 200 1528 "-" "Mozilla/5.0 (compatible; MJ12bot/v1.4.3; http://www.majestic12.co.uk/bot.php?+)"
24.230.53.57 - - [21/Oct/2012:11:07:47 +0200] "GET /robots.txt HTTP/1.0" 404 - "-" "Mozilla/5.0 (compatible; MJ12bot/v1.4.3; http://www.majestic12.co.uk/bot.php?+)"
24.230.53.57 - - [21/Oct/2012:11:07:49 +0200] "GET /aktivparty.html HTTP/1.1" 200 1528 "-" "Mozilla/5.0 (compatible; MJ12bot/v1.4.3; http://www.majestic12.co.uk/bot.php?+)"
178.238.222.215 - - [21/Oct/2012:18:46:29 +0200] "GET / HTTP/1.1" 200 3021 "" "Mozilla/5.0 (compatible; Googlebot/2.1; +http://www.google.com/bot.html)"
178.238.222.215 - - [21/Oct/2012:18:46:29 +0200] "GET /kapcsolat HTTP/1.1" 404 - "" "Mozilla/5.0 (compatible; Googlebot/2.1; +http://www.google.com/bot.html)"
178.238.222.215 - - [21/Oct/2012:18:46:29 +0200] "GET /kapcsolat.html HTTP/1.1" 404 - "" "Mozilla/5.0 (compatible; Googlebot/2.1; +http://www.google.com/bot.html)"
178.238.222.215 - - [21/Oct/2012:18:46:29 +0200] "GET /kapcsolat.php HTTP/1.1" 404 - "" "Mozilla/5.0 (compatible; Googlebot/2.1; +http://www.google.com/bot.html)"
178.238.222.215 - - [21/Oct/2012:18:46:29 +0200] "GET /kapcsolat.cgi HTTP/1.1" 404 - "" "Mozilla/5.0 (compatible; Googlebot/2.1; +http://www.google.com/bot.html)"
178.238.222.215 - - [21/Oct/2012:18:46:29 +0200] "GET /kapcsolat.htm HTTP/1.1" 404 - "" "Mozilla/5.0 (compatible; Googlebot/2.1; +http://www.google.com/bot.html)"
178.238.222.215 - - [21/Oct/2012:18:46:29 +0200] "GET /kapcsolat.aspx HTTP/1.1" 404 - "" "Mozilla/5.0 (compatible; Googlebot/2.1; +http://www.google.com/bot.html)"
178.238.222.215 - - [21/Oct/2012:18:46:29 +0200] "GET /kapcsolat.asp HTTP/1.1" 404 - "" "Mozilla/5.0 (compatible; Googlebot/2.1; +http://www.google.com/bot.html)"
178.238.222.215 - - [21/Oct/2012:18:46:29 +0200] "GET /rolunk HTTP/1.1" 404 - "" "Mozilla/5.0 (compatible; Googlebot/2.1; +http://www.google.com/bot.html)"
178.238.222.215 - - [21/Oct/2012:18:46:29 +0200] "GET /rolunk.html HTTP/1.1" 404 - "" "Mozilla/5.0 (compatible; Googlebot/2.1; +http://www.google.com/bot.html)"
178.238.222.215 - - [21/Oct/2012:18:46:29 +0200] "GET /rolunk.php HTTP/1.1" 404 - "" "Mozilla/5.0 (compatible; Googlebot/2.1; +http://www.google.com/bot.html)"
178.238.222.215 - - [21/Oct/2012:18:46:29 +0200] "GET /rolunk.cgi HTTP/1.1" 404 - "" "Mozilla/5.0 (compatible; Googlebot/2.1; +http://www.google.com/bot.html)"
178.238.222.215 - - [21/Oct/2012:18:46:29 +0200] "GET /rolunk.htm HTTP/1.1" 404 - "" "Mozilla/5.0 (compatible; Googlebot/2.1; +http://www.google.com/bot.html)"
178.238.222.215 - - [21/Oct/2012:18:46:29 +0200] "GET /rolunk.aspx HTTP/1.1" 404 - "" "Mozilla/5.0 (compatible; Googlebot/2.1; +http://www.google.com/bot.html)"
178.238.222.215 - - [21/Oct/2012:18:46:29 +0200] "GET /rolunk.asp HTTP/1.1" 404 - "" "Mozilla/5.0 (compatible; Googlebot/2.1; +http://www.google.com/bot.html)"
178.238.222.215 - - [21/Oct/2012:18:46:29 +0200] "GET /elerhetoseg HTTP/1.1" 404 - "" "Mozilla/5.0 (compatible; Googlebot/2.1; +http://www.google.com/bot.html)"
178.238.222.215 - - [21/Oct/2012:18:46:29 +0200] "GET /elerhetoseg.html HTTP/1.1" 404 - "" "Mozilla/5.0 (compatible; Googlebot/2.1; +http://www.google.com/bot.html)"
178.238.222.215 - - [21/Oct/2012:18:46:29 +0200] "GET /elerhetoseg.php HTTP/1.1" 404 - "" "Mozilla/5.0 (compatible; Googlebot/2.1; +http://www.google.com/bot.html)"
178.238.222.215 - - [21/Oct/2012:18:46:29 +0200] "GET /elerhetoseg.cgi HTTP/1.1" 404 - "" "Mozilla/5.0 (compatible; Googlebot/2.1; +http://www.google.com/bot.html)"
178.238.222.215 - - [21/Oct/2012:18:46:29 +0200] "GET /elerhetoseg.htm HTTP/1.1" 404 - "" "Mozilla/5.0 (compatible; Googlebot/2.1; +http://www.google.com/bot.html)"
178.238.222.215 - - [21/Oct/2012:18:46:29 +0200] "GET /elerhetoseg.aspx HTTP/1.1" 404 - "" "Mozilla/5.0 (compatible; Googlebot/2.1; +http://www.google.com/bot.html)"
178.238.222.215 - - [21/Oct/2012:18:46:30 +0200] "GET /elerhetoseg.asp HTTP/1.1" 404 - "" "Mozilla/5.0 (compatible; Googlebot/2.1; +http://www.google.com/bot.html)"
178.238.222.215 - - [21/Oct/2012:18:46:30 +0200] "GET /contact HTTP/1.1" 404 - "" "Mozilla/5.0 (compatible; Googlebot/2.1; +http://www.google.com/bot.html)"
178.238.222.215 - - [21/Oct/2012:18:46:30 +0200] "GET /contact.html HTTP/1.1" 404 - "" "Mozilla/5.0 (compatible; Googlebot/2.1; +http://www.google.com/bot.html)"
178.238.222.215 - - [21/Oct/2012:18:46:30 +0200] "GET /contact.php HTTP/1.1" 404 - "" "Mozilla/5.0 (compatible; Googlebot/2.1; +http://www.google.com/bot.html)"
178.238.222.215 - - [21/Oct/2012:18:46:30 +0200] "GET /contact.cgi HTTP/1.1" 404 - "" "Mozilla/5.0 (compatible; Googlebot/2.1; +http://www.google.com/bot.html)"
178.238.222.215 - - [21/Oct/2012:18:46:30 +0200] "GET /contact.htm HTTP/1.1" 404 - "" "Mozilla/5.0 (compatible; Googlebot/2.1; +http://www.google.com/bot.html)"
178.238.222.215 - - [21/Oct/2012:18:46:30 +0200] "GET /contact.aspx HTTP/1.1" 404 - "" "Mozilla/5.0 (compatible; Googlebot/2.1; +http://www.google.com/bot.html)"
178.238.222.215 - - [21/Oct/2012:18:46:30 +0200] "GET /contact.asp HTTP/1.1" 404 - "" "Mozilla/5.0 (compatible; Googlebot/2.1; +http://www.google.com/bot.html)"
178.238.222.215 - - [21/Oct/2012:18:46:30 +0200] "GET /impresszum HTTP/1.1" 404 - "" "Mozilla/5.0 (compatible; Googlebot/2.1; +http://www.google.com/bot.html)"
178.238.222.215 - - [21/Oct/2012:18:46:30 +0200] "GET /impresszum.html HTTP/1.1" 404 - "" "Mozilla/5.0 (compatible; Googlebot/2.1; +http://www.google.com/bot.html)"
178.238.222.215 - - [21/Oct/2012:18:46:30 +0200] "GET /impresszum.php HTTP/1.1" 404 - "" "Mozilla/5.0 (compatible; Googlebot/2.1; +http://www.google.com/bot.html)"
178.238.222.215 - - [21/Oct/2012:18:46:30 +0200] "GET /impresszum.cgi HTTP/1.1" 404 - "" "Mozilla/5.0 (compatible; Googlebot/2.1; +http://www.google.com/bot.html)"
178.238.222.215 - - [21/Oct/2012:18:46:30 +0200] "GET /impresszum.htm HTTP/1.1" 404 - "" "Mozilla/5.0 (compatible; Googlebot/2.1; +http://www.google.com/bot.html)"
178.238.222.215 - - [21/Oct/2012:18:46:30 +0200] "GET /impresszum.aspx HTTP/1.1" 404 - "" "Mozilla/5.0 (compatible; Googlebot/2.1; +http://www.google.com/bot.html)"
178.238.222.215 - - [21/Oct/2012:18:46:30 +0200] "GET /impresszum.asp HTTP/1.1" 404 - "" "Mozilla/5.0 (compatible; Googlebot/2.1; +http://www.google.com/bot.html)"
178.238.222.215 - - [21/Oct/2012:18:46:30 +0200] "GET /cegunkrol HTTP/1.1" 404 - "" "Mozilla/5.0 (compatible; Googlebot/2.1; +http://www.google.com/bot.html)"
178.238.222.215 - - [21/Oct/2012:18:46:30 +0200] "GET /cegunkrol.html HTTP/1.1" 404 - "" "Mozilla/5.0 (compatible; Googlebot/2.1; +http://www.google.com/bot.html)"
178.238.222.215 - - [21/Oct/2012:18:46:30 +0200] "GET /cegunkrol.php HTTP/1.1" 404 - "" "Mozilla/5.0 (compatible; Googlebot/2.1; +http://www.google.com/bot.html)"
178.238.222.215 - - [21/Oct/2012:18:46:30 +0200] "GET /cegunkrol.cgi HTTP/1.1" 404 - "" "Mozilla/5.0 (compatible; Googlebot/2.1; +http://www.google.com/bot.html)"
178.238.222.215 - - [21/Oct/2012:18:46:30 +0200] "GET /cegunkrol.htm HTTP/1.1" 404 - "" "Mozilla/5.0 (compatible; Googlebot/2.1; +http://www.google.com/bot.html)"
178.238.222.215 - - [21/Oct/2012:18:46:30 +0200] "GET /cegunkrol.aspx HTTP/1.1" 404 - "" "Mozilla/5.0 (compatible; Googlebot/2.1; +http://www.google.com/bot.html)"
178.238.222.215 - - [21/Oct/2012:18:46:30 +0200] "GET /cegunkrol.asp HTTP/1.1" 404 - "" "Mozilla/5.0 (compatible; Googlebot/2.1; +http://www.google.com/bot.html)"
95.108.150.235 - - [21/Oct/2012:18:57:28 +0200] "GET /robots.txt HTTP/1.1" 404 - "-" "Mozilla/5.0 (compatible; YandexBot/3.0; +http://yandex.com/bots)"
95.108.150.235 - - [21/Oct/2012:18:57:28 +0200] "GET /robots.txt HTTP/1.1" 404 - "-" "Mozilla/5.0 (compatible; YandexBot/3.0; +http://yandex.com/bots)"
95.108.150.235 - - [21/Oct/2012:18:57:29 +0200] "GET / HTTP/1.1" 200 3021 "-" "Mozilla/5.0 (compatible; YandexBot/3.0; +http://yandex.com/bots)"
95.108.150.235 - - [21/Oct/2012:18:57:29 +0200] "GET / HTTP/1.1" 200 3021 "-" "Mozilla/5.0 (compatible; YandexBot/3.0; +http://yandex.com/bots)"
95.108.150.235 - - [21/Oct/2012:18:57:30 +0200] "GET / HTTP/1.1" 200 3021 "-" "Mozilla/5.0 (compatible; YandexBot/3.0; +http://yandex.com/bots)"
95.108.150.235 - - [21/Oct/2012:18:57:30 +0200] "GET / HTTP/1.1" 200 3021 "-" "Mozilla/5.0 (compatible; YandexBot/3.0; +http://yandex.com/bots)"
176.63.32.42 - - [21/Oct/2012:20:40:28 +0200] "GET / HTTP/1.1" 200 3021 "http://karaoke.lap.hu/" "Mozilla/5.0 (Windows NT 6.1) AppleWebKit/537.4 (KHTML, like Gecko) Chrome/22.0.1229.94 Safari/537.4"
176.63.32.42 - - [21/Oct/2012:20:40:29 +0200] "GET /images/logo.gif HTTP/1.1" 200 2246 "http://activparty.hu/" "Mozilla/5.0 (Windows NT 6.1) AppleWebKit/537.4 (KHTML, like Gecko) Chrome/22.0.1229.94 Safari/537.4"
176.63.32.42 - - [21/Oct/2012:20:40:30 +0200] "GET /images/belepes_off.gif HTTP/1.1" 200 772 "http://activparty.hu/" "Mozilla/5.0 (Windows NT 6.1) AppleWebKit/537.4 (KHTML, like Gecko) Chrome/22.0.1229.94 Safari/537.4"
176.63.32.42 - - [21/Oct/2012:20:40:30 +0200] "GET /images/letoltes_off.gif HTTP/1.1" 200 821 "http://activparty.hu/" "Mozilla/5.0 (Windows NT 6.1) AppleWebKit/537.4 (KHTML, like Gecko) Chrome/22.0.1229.94 Safari/537.4"
176.63.32.42 - - [21/Oct/2012:20:40:32 +0200] "GET /images/belepes_on.gif HTTP/1.1" 200 771 "http://activparty.hu/" "Mozilla/5.0 (Windows NT 6.1) AppleWebKit/537.4 (KHTML, like Gecko) Chrome/22.0.1229.94 Safari/537.4"
176.63.32.42 - - [21/Oct/2012:20:40:32 +0200] "GET /images/letoltes_on.gif HTTP/1.1" 200 821 "http://activparty.hu/" "Mozilla/5.0 (Windows NT 6.1) AppleWebKit/537.4 (KHTML, like Gecko) Chrome/22.0.1229.94 Safari/537.4"
176.63.32.42 - - [21/Oct/2012:20:40:32 +0200] "GET /favicon.ico HTTP/1.1" 404 - "-" "Mozilla/5.0 (Windows NT 6.1) AppleWebKit/537.4 (KHTML, like Gecko) Chrome/22.0.1229.94 Safari/537.4"
176.63.32.42 - - [21/Oct/2012:20:40:34 +0200] "GET /aktivparty.html HTTP/1.1" 200 1528 "http://activparty.hu/" "Mozilla/5.0 (Windows NT 6.1) AppleWebKit/537.4 (KHTML, like Gecko) Chrome/22.0.1229.94 Safari/537.4"
176.63.32.42 - - [21/Oct/2012:20:40:36 +0200] "GET /js/AC_RunActiveContent.js HTTP/1.1" 200 8321 "http://activparty.hu/aktivparty.html" "Mozilla/5.0 (Windows NT 6.1) AppleWebKit/537.4 (KHTML, like Gecko) Chrome/22.0.1229.94 Safari/537.4"
176.63.32.42 - - [21/Oct/2012:20:40:38 +0200] "GET /favicon.ico HTTP/1.1" 404 - "-" "Mozilla/5.0 (Windows NT 6.1) AppleWebKit/537.4 (KHTML, like Gecko) Chrome/22.0.1229.94 Safari/537.4"
176.63.32.42 - - [21/Oct/2012:20:40:41 +0200] "GET /activ_party.swf HTTP/1.1" 200 1771834 "http://activparty.hu/aktivparty.html" "Mozilla/5.0 (Windows NT 6.1) AppleWebKit/537.4 (KHTML, like Gecko) Chrome/22.0.1229.94 Safari/537.4"
176.63.32.42 - - [21/Oct/2012:20:40:51 +0200] "GET /karaoke.html HTTP/1.1" 200 4266 "http://activparty.hu/aktivparty.html" "Mozilla/5.0 (Windows NT 6.1) AppleWebKit/537.4 (KHTML, like Gecko) Chrome/22.0.1229.94 Safari/537.4"
176.63.32.42 - - [21/Oct/2012:20:40:52 +0200] "GET /images/karaoke.jpg HTTP/1.1" 200 25297 "http://activparty.hu/karaoke.html" "Mozilla/5.0 (Windows NT 6.1) AppleWebKit/537.4 (KHTML, like Gecko) Chrome/22.0.1229.94 Safari/537.4"
176.63.32.42 - - [21/Oct/2012:20:40:52 +0200] "GET /favicon.ico HTTP/1.1" 404 - "-" "Mozilla/5.0 (Windows NT 6.1) AppleWebKit/537.4 (KHTML, like Gecko) Chrome/22.0.1229.94 Safari/537.4"
176.63.32.42 - - [21/Oct/2012:20:41:35 +0200] "GET /elmenytrening.html HTTP/1.1" 200 2535 "http://activparty.hu/aktivparty.html" "Mozilla/5.0 (Windows NT 6.1) AppleWebKit/537.4 (KHTML, like Gecko) Chrome/22.0.1229.94 Safari/537.4"
176.63.32.42 - - [21/Oct/2012:20:41:35 +0200] "GET /images/alap.jpg HTTP/1.1" 200 34327 "http://activparty.hu/elmenytrening.html" "Mozilla/5.0 (Windows NT 6.1) AppleWebKit/537.4 (KHTML, like Gecko) Chrome/22.0.1229.94 Safari/537.4"
176.63.32.42 - - [21/Oct/2012:20:41:36 +0200] "GET /favicon.ico HTTP/1.1" 404 - "-" "Mozilla/5.0 (Windows NT 6.1) AppleWebKit/537.4 (KHTML, like Gecko) Chrome/22.0.1229.94 Safari/537.4"
176.63.32.42 - - [21/Oct/2012:20:42:37 +0200] "GET /casino.html HTTP/1.1" 200 2801 "http://activparty.hu/aktivparty.html" "Mozilla/5.0 (Windows NT 6.1) AppleWebKit/537.4 (KHTML, like Gecko) Chrome/22.0.1229.94 Safari/537.4"
