84.0.50.41 - - [07/Feb/2013:13:00:07 +0100] "GET /images/belepes_off.gif HTTP/1.1" 200 772 "http://www.activparty.hu/" "Mozilla/5.0 (Windows NT 6.0) AppleWebKit/537.17 (KHTML, like Gecko) Chrome/24.0.1312.57 Safari/537.17"
84.0.50.41 - - [07/Feb/2013:13:00:07 +0100] "GET /images/letoltes_off.gif HTTP/1.1" 200 821 "http://www.activparty.hu/" "Mozilla/5.0 (Windows NT 6.0) AppleWebKit/537.17 (KHTML, like Gecko) Chrome/24.0.1312.57 Safari/537.17"
84.0.50.41 - - [07/Feb/2013:13:00:07 +0100] "GET /images/letoltes_on.gif HTTP/1.1" 200 821 "http://www.activparty.hu/" "Mozilla/5.0 (Windows NT 6.0) AppleWebKit/537.17 (KHTML, like Gecko) Chrome/24.0.1312.57 Safari/537.17"
84.0.50.41 - - [07/Feb/2013:13:00:07 +0100] "GET /images/belepes_on.gif HTTP/1.1" 200 771 "http://www.activparty.hu/" "Mozilla/5.0 (Windows NT 6.0) AppleWebKit/537.17 (KHTML, like Gecko) Chrome/24.0.1312.57 Safari/537.17"
84.0.50.41 - - [07/Feb/2013:13:00:07 +0100] "GET /favicon.ico HTTP/1.1" 404 - "-" "Mozilla/5.0 (Windows NT 6.0) AppleWebKit/537.17 (KHTML, like Gecko) Chrome/24.0.1312.57 Safari/537.17"
84.0.50.41 - - [07/Feb/2013:13:00:29 +0100] "GET /aktivparty.html HTTP/1.1" 200 1528 "http://www.activparty.hu/" "Mozilla/5.0 (Windows NT 6.0) AppleWebKit/537.17 (KHTML, like Gecko) Chrome/24.0.1312.57 Safari/537.17"
84.0.50.41 - - [07/Feb/2013:13:00:29 +0100] "GET /js/AC_RunActiveContent.js HTTP/1.1" 200 8321 "http://www.activparty.hu/aktivparty.html" "Mozilla/5.0 (Windows NT 6.0) AppleWebKit/537.17 (KHTML, like Gecko) Chrome/24.0.1312.57 Safari/537.17"
84.0.50.41 - - [07/Feb/2013:13:00:30 +0100] "GET /favicon.ico HTTP/1.1" 404 - "-" "Mozilla/5.0 (Windows NT 6.0) AppleWebKit/537.17 (KHTML, like Gecko) Chrome/24.0.1312.57 Safari/537.17"
84.0.50.41 - - [07/Feb/2013:13:00:33 +0100] "GET /activ_party.swf HTTP/1.1" 200 1771834 "http://www.activparty.hu/aktivparty.html" "Mozilla/5.0 (Windows NT 6.0) AppleWebKit/537.17 (KHTML, like Gecko) Chrome/24.0.1312.57 Safari/537.17"
80.98.64.153 - - [07/Feb/2013:14:03:05 +0100] "GET / HTTP/1.1" 200 3021 "http://www.rendezvenyszervezes.ws/rendezvenyszervezes_budapest/II_kerulet/" "Mozilla/5.0 (Windows NT 6.1; WOW64) AppleWebKit/537.17 (KHTML, like Gecko) Chrome/24.0.1312.57 Safari/537.17"
80.98.64.153 - - [07/Feb/2013:14:03:05 +0100] "GET /images/logo.gif HTTP/1.1" 200 2246 "http://www.activparty.hu/" "Mozilla/5.0 (Windows NT 6.1; WOW64) AppleWebKit/537.17 (KHTML, like Gecko) Chrome/24.0.1312.57 Safari/537.17"
80.98.64.153 - - [07/Feb/2013:14:03:05 +0100] "GET /images/letoltes_off.gif HTTP/1.1" 200 821 "http://www.activparty.hu/" "Mozilla/5.0 (Windows NT 6.1; WOW64) AppleWebKit/537.17 (KHTML, like Gecko) Chrome/24.0.1312.57 Safari/537.17"
80.98.64.153 - - [07/Feb/2013:14:03:05 +0100] "GET /images/belepes_off.gif HTTP/1.1" 200 772 "http://www.activparty.hu/" "Mozilla/5.0 (Windows NT 6.1; WOW64) AppleWebKit/537.17 (KHTML, like Gecko) Chrome/24.0.1312.57 Safari/537.17"
80.98.64.153 - - [07/Feb/2013:14:03:05 +0100] "GET /images/belepes_on.gif HTTP/1.1" 200 771 "http://www.activparty.hu/" "Mozilla/5.0 (Windows NT 6.1; WOW64) AppleWebKit/537.17 (KHTML, like Gecko) Chrome/24.0.1312.57 Safari/537.17"
80.98.64.153 - - [07/Feb/2013:14:03:05 +0100] "GET /images/letoltes_on.gif HTTP/1.1" 200 821 "http://www.activparty.hu/" "Mozilla/5.0 (Windows NT 6.1; WOW64) AppleWebKit/537.17 (KHTML, like Gecko) Chrome/24.0.1312.57 Safari/537.17"
80.98.64.153 - - [07/Feb/2013:14:03:05 +0100] "GET /favicon.ico HTTP/1.1" 404 - "-" "Mozilla/5.0 (Windows NT 6.1; WOW64) AppleWebKit/537.17 (KHTML, like Gecko) Chrome/24.0.1312.57 Safari/537.17"
80.98.64.153 - - [07/Feb/2013:14:03:07 +0100] "GET /aktivparty.html HTTP/1.1" 200 1528 "http://www.activparty.hu/" "Mozilla/5.0 (Windows NT 6.1; WOW64) AppleWebKit/537.17 (KHTML, like Gecko) Chrome/24.0.1312.57 Safari/537.17"
80.98.64.153 - - [07/Feb/2013:14:03:07 +0100] "GET /js/AC_RunActiveContent.js HTTP/1.1" 200 8321 "http://www.activparty.hu/aktivparty.html" "Mozilla/5.0 (Windows NT 6.1; WOW64) AppleWebKit/537.17 (KHTML, like Gecko) Chrome/24.0.1312.57 Safari/537.17"
80.98.64.153 - - [07/Feb/2013:14:03:07 +0100] "GET /favicon.ico HTTP/1.1" 404 - "-" "Mozilla/5.0 (Windows NT 6.1; WOW64) AppleWebKit/537.17 (KHTML, like Gecko) Chrome/24.0.1312.57 Safari/537.17"
80.98.64.153 - - [07/Feb/2013:14:03:11 +0100] "GET /activ_party.swf HTTP/1.1" 200 1771834 "http://www.activparty.hu/aktivparty.html" "Mozilla/5.0 (Windows NT 6.1; WOW64) AppleWebKit/537.17 (KHTML, like Gecko) Chrome/24.0.1312.57 Safari/537.17"
188.32.137.66 - - [07/Feb/2013:14:50:53 +0100] "GET / HTTP/1.0" 200 3021 "http://yandex.ru/yandsearch?text=activparty.hu&lr=213" "Mozilla/4.0 (compatible; MSIE 6.0; Windows NT 5.1; SV1)"
119.63.196.122 - - [07/Feb/2013:22:05:24 +0100] "GET / HTTP/1.1" 200 3021 "-" "Mozilla/5.0 (compatible; Baiduspider/2.0; +http://www.baidu.com/search/spider.html)"
173.199.119.35 - - [07/Feb/2013:22:55:59 +0100] "GET /robots.txt HTTP/1.1" 404 - "-" "Mozilla/5.0 (compatible; AhrefsBot/4.0; +http://ahrefs.com/robot/)"
173.199.119.35 - - [07/Feb/2013:22:56:00 +0100] "GET /robots.txt HTTP/1.1" 404 - "-" "Mozilla/5.0 (compatible; AhrefsBot/4.0; +http://ahrefs.com/robot/)"
65.55.24.214 - - [08/Feb/2013:01:20:00 +0100] "GET /robots.txt HTTP/1.1" 404 - "-" "Mozilla/5.0 (compatible; bingbot/2.0; +http://www.bing.com/bingbot.htm)"
65.55.24.214 - - [08/Feb/2013:01:21:48 +0100] "GET /aktivparty.html HTTP/1.1" 200 1528 "-" "Mozilla/5.0 (compatible; bingbot/2.0; +http://www.bing.com/bingbot.htm)"
204.236.174.185 - - [08/Feb/2013:05:41:51 +0100] "GET /robots.txt HTTP/1.0" 404 - "-" "Web front page analyser. robots.txt complaint (norw.acd.inst@gmail.com)"
204.236.174.185 - - [08/Feb/2013:05:41:56 +0100] "GET / HTTP/1.0" 200 3021 "-" "-"
66.249.75.49 - - [08/Feb/2013:09:56:41 +0100] "GET /robots.txt HTTP/1.1" 404 - "-" "Mozilla/5.0 (compatible; Googlebot/2.1; +http://www.google.com/bot.html)"
66.249.75.49 - - [08/Feb/2013:09:56:42 +0100] "GET / HTTP/1.1" 200 3021 "-" "Mozilla/5.0 (compatible; Googlebot/2.1; +http://www.google.com/bot.html)"
66.249.75.49 - - [08/Feb/2013:11:18:33 +0100] "GET / HTTP/1.1" 200 3021 "-" "SAMSUNG-SGH-E250/1.0 Profile/MIDP-2.0 Configuration/CLDC-1.1 UP.Browser/6.2.3.3.c.1.101 (GUI) MMP/2.0 (compatible; Googlebot-Mobile/2.1; +http://www.google.com/bot.html)"
69.30.243.122 - - [08/Feb/2013:11:46:58 +0100] "HEAD / HTTP/1.1" 200 0 "-" "curl/7.21.0 (x86_64-pc-linux-gnu) libcurl/7.21.0 OpenSSL/0.9.8o zlib/1.2.3.4 libidn/1.15 libssh2/1.2.6"
66.249.75.49 - - [08/Feb/2013:12:49:10 +0100] "GET / HTTP/1.1" 200 3021 "-" "DoCoMo/2.0 N905i(c100;TB;W24H16) (compatible; Googlebot-Mobile/2.1; +http://www.google.com/bot.html)"
188.32.137.66 - - [08/Feb/2013:14:10:50 +0100] "GET / HTTP/1.0" 200 3021 "http://yandex.ru/yandsearch?text=activparty.hu&lr=213" "Mozilla/4.0 (compatible; MSIE 6.0; Windows NT 5.1; SV1)"
173.45.73.18 - - [08/Feb/2013:17:23:43 +0100] "GET / HTTP/1.1" 200 3021 "-" "Mozilla/5.0 (Windows NT 6.1; rv:16.0) Gecko/20100101 Firefox/16.0"
119.63.196.29 - - [08/Feb/2013:19:54:12 +0100] "GET / HTTP/1.1" 200 3021 "-" "Mozilla/5.0 (compatible; Baiduspider/2.0; +http://www.baidu.com/search/spider.html)"
207.189.121.41 - - [08/Feb/2013:22:00:54 +0100] "GET / HTTP/1.1" 200 3021 "-" "Mozilla/5.0 (Windows; U; Windows NT 5.1; en-US; rv:1.9.2.8) Gecko/20100721 Firefox/3.6.8"
188.165.248.204 - - [08/Feb/2013:22:18:49 +0100] "GET /robots.txt HTTP/1.0" 404 - "-" "Mozilla/5.0 (compatible; MJ12bot/v1.4.3; http://www.majestic12.co.uk/bot.php?+)"
188.165.248.204 - - [08/Feb/2013:22:18:53 +0100] "GET / HTTP/1.0" 200 3021 "-" "Mozilla/5.0 (compatible; MJ12bot/v1.4.3; http://www.majestic12.co.uk/bot.php?+)"
64.79.89.130 - - [09/Feb/2013:00:02:58 +0100] "GET / HTTP/1.1" 200 3021 "-" "MSIE 7.0"
64.79.89.130 - - [09/Feb/2013:00:02:58 +0100] "GET / HTTP/1.1" 200 3021 "-" "Mozilla/5.0 (Windows; N; Windows NT 6.0; en-US) AppleWebKit/527+ (KHTML, like Gecko, Safari/419.3) Qt/4.5.3"
64.79.89.130 - - [09/Feb/2013:00:02:59 +0100] "GET /images/belepes_off.gif HTTP/1.1" 200 772 "http://www.activparty.hu/" "Mozilla/5.0 (Windows; N; Windows NT 6.0; en-US) AppleWebKit/527+ (KHTML, like Gecko, Safari/419.3) Qt/4.5.3"
64.79.89.130 - - [09/Feb/2013:00:02:59 +0100] "GET /images/logo.gif HTTP/1.1" 200 2246 "http://www.activparty.hu/" "Mozilla/5.0 (Windows; N; Windows NT 6.0; en-US) AppleWebKit/527+ (KHTML, like Gecko, Safari/419.3) Qt/4.5.3"
64.79.89.130 - - [09/Feb/2013:00:02:59 +0100] "GET /images/letoltes_off.gif HTTP/1.1" 200 821 "http://www.activparty.hu/" "Mozilla/5.0 (Windows; N; Windows NT 6.0; en-US) AppleWebKit/527+ (KHTML, like Gecko, Safari/419.3) Qt/4.5.3"
64.79.89.130 - - [09/Feb/2013:00:03:04 +0100] "GET / HTTP/1.1" 200 3021 "-" "MSIE 7.0"
64.79.89.130 - - [09/Feb/2013:00:03:05 +0100] "GET / HTTP/1.1" 200 3021 "-" "Mozilla/5.0 (Windows; N; Windows NT 6.0; en-US) AppleWebKit/527+ (KHTML, like Gecko, Safari/419.3) Qt/4.5.3"
64.79.89.130 - - [09/Feb/2013:00:03:05 +0100] "GET /images/belepes_off.gif HTTP/1.1" 200 772 "http://www.activparty.hu/" "Mozilla/5.0 (Windows; N; Windows NT 6.0; en-US) AppleWebKit/527+ (KHTML, like Gecko, Safari/419.3) Qt/4.5.3"
64.79.89.130 - - [09/Feb/2013:00:03:05 +0100] "GET /images/logo.gif HTTP/1.1" 200 2246 "http://www.activparty.hu/" "Mozilla/5.0 (Windows; N; Windows NT 6.0; en-US) AppleWebKit/527+ (KHTML, like Gecko, Safari/419.3) Qt/4.5.3"
64.79.89.130 - - [09/Feb/2013:00:03:05 +0100] "GET /images/letoltes_off.gif HTTP/1.1" 200 821 "http://www.activparty.hu/" "Mozilla/5.0 (Windows; N; Windows NT 6.0; en-US) AppleWebKit/527+ (KHTML, like Gecko, Safari/419.3) Qt/4.5.3"
66.249.78.49 - - [09/Feb/2013:00:35:33 +0100] "GET /robots.txt HTTP/1.1" 404 - "-" "Mozilla/5.0 (compatible; Googlebot/2.1; +http://www.google.com/bot.html)"
66.249.78.49 - - [09/Feb/2013:00:35:33 +0100] "GET / HTTP/1.1" 200 3021 "-" "Mozilla/5.0 (iPhone; U; CPU iPhone OS 4_1 like Mac OS X; en-us) AppleWebKit/532.9 (KHTML, like Gecko) Version/4.0.5 Mobile/8B117 Safari/6531.22.7 (compatible; Googlebot-Mobile/2.1; +http://www.google.com/bot.html)"
78.92.13.57 - - [09/Feb/2013:01:21:35 +0100] "HEAD / HTTP/1.1" 200 0 "-" "Zend_Http_Client"
78.92.13.57 - - [09/Feb/2013:01:21:35 +0100] "GET / HTTP/1.1" 200 3021 "-" "Zend_Http_Client"
66.249.75.49 - - [09/Feb/2013:06:14:01 +0100] "GET /aktivparty.html HTTP/1.1" 304 - "-" "Mozilla/5.0 (compatible; Googlebot/2.1; +http://www.google.com/bot.html)"
157.56.229.23 - - [09/Feb/2013:06:42:01 +0100] "GET /robots.txt HTTP/1.1" 404 - "-" "Mozilla/5.0 (compatible; bingbot/2.0; +http://www.bing.com/bingbot.htm)"
157.56.229.23 - - [09/Feb/2013:06:53:33 +0100] "GET / HTTP/1.1" 200 3021 "-" "Mozilla/5.0 (compatible; bingbot/2.0; +http://www.bing.com/bingbot.htm)"
123.125.71.95 - - [09/Feb/2013:08:00:13 +0100] "GET /robots.txt HTTP/1.1" 404 - "-" "Mozilla/5.0 (Windows NT 5.1; rv:6.0.2) Gecko/20100101 Firefox/6.0.2"
77.111.90.197 - - [09/Feb/2013:08:54:00 +0100] "GET / HTTP/1.1" 200 3021 "-" "Mozilla/5.0 (X11; U; Linux i686; en-US; rv:1.9.0.4) Gecko/2008111318 Ubuntu/8.10 (intrepid) Firefox/3.0.4"
77.78.104.222 - - [09/Feb/2013:11:01:58 +0100] "GET /aktivparty.html HTTP/1.1" 200 1528 "-" "LinksCrawler 0.1beta"
80.86.88.174 - - [09/Feb/2013:12:32:27 +0100] "GET / HTTP/1.1" 200 3021 "-" "Mozilla/4.0 (compatible; MSIE 6.0; Windows 98; Win 9x4.90)"
119.63.196.124 - - [09/Feb/2013:16:59:18 +0100] "GET / HTTP/1.1" 200 3021 "-" "Mozilla/5.0 (compatible; Baiduspider/2.0; +http://www.baidu.com/search/spider.html)"
91.121.24.97 - - [09/Feb/2013:18:12:23 +0100] "GET /robots.txt HTTP/1.0" 404 - "-" "Mozilla/5.0 (compatible; MJ12bot/v1.4.3; http://www.majestic12.co.uk/bot.php?+)"
91.121.24.97 - - [09/Feb/2013:18:12:25 +0100] "GET / HTTP/1.0" 200 3021 "-" "Mozilla/5.0 (compatible; MJ12bot/v1.4.3; http://www.majestic12.co.uk/bot.php?+)"
91.121.24.97 - - [09/Feb/2013:18:12:25 +0100] "GET /robots.txt HTTP/1.0" 404 - "-" "Mozilla/5.0 (compatible; MJ12bot/v1.4.3; http://www.majestic12.co.uk/bot.php?+)"
91.121.24.97 - - [09/Feb/2013:18:12:27 +0100] "GET / HTTP/1.0" 200 3021 "-" "Mozilla/5.0 (compatible; MJ12bot/v1.4.3; http://www.majestic12.co.uk/bot.php?+)"
178.33.178.15 - - [09/Feb/2013:20:10:51 +0100] "GET / HTTP/1.1" 200 3021 "-" "Mozilla/5.0 (X11; U; Linux amd64; rv:5.0) Gecko/20100101 Firefox/5.0 (Debian)"
178.33.178.15 - - [09/Feb/2013:20:10:52 +0100] "GET /aktivparty.html HTTP/1.1" 200 1528 "-" "Mozilla/5.0 (compatible; MSIE 10.0; Windows NT 6.1; WOW64; Trident/6.0)"
72.233.72.155 - - [09/Feb/2013:20:33:42 +0100] "GET / HTTP/1.1" 200 3021 "-" "Mozilla/5.0 (X11; U; Linux x86_64; en-US; rv:1.9.2.16) Gecko/20110323 Ubuntu/10.10 (maverick) Firefox/3.6.16"
157.56.229.23 - - [09/Feb/2013:20:53:30 +0100] "GET /robots.txt HTTP/1.1" 404 - "-" "Mozilla/5.0 (compatible; bingbot/2.0; +http://www.bing.com/bingbot.htm)"
157.56.229.23 - - [09/Feb/2013:21:03:21 +0100] "GET / HTTP/1.1" 200 3021 "-" "Mozilla/5.0 (compatible; bingbot/2.0; +http://www.bing.com/bingbot.htm)"
157.56.229.23 - - [09/Feb/2013:21:03:40 +0100] "GET / HTTP/1.1" 200 3021 "-" "Mozilla/5.0 (compatible; bingbot/2.0; +http://www.bing.com/bingbot.htm)"
180.76.5.160 - - [10/Feb/2013:12:19:15 +0100] "GET /robots.txt HTTP/1.1" 404 - "-" "Mozilla/5.0 (Windows NT 5.1; rv:6.0.2) Gecko/20100101 Firefox/6.0.2"
178.154.210.252 - - [10/Feb/2013:14:02:47 +0100] "GET /robots.txt HTTP/1.1" 404 - "-" "Mozilla/5.0 (compatible; YandexBot/3.0; +http://yandex.com/bots)"
178.154.210.252 - - [10/Feb/2013:14:08:39 +0100] "GET / HTTP/1.1" 200 3021 "-" "Mozilla/5.0 (compatible; YandexBot/3.0; +http://yandex.com/bots)"
109.61.124.153 - - [10/Feb/2013:15:10:11 +0100] "GET / HTTP/1.1" 200 3021 "http://link.rendezvenyinfo.com/" "Mozilla/5.0 (Windows NT 6.1; WOW64; rv:18.0) Gecko/20100101 Firefox/18.0"
109.61.124.153 - - [10/Feb/2013:15:10:11 +0100] "GET /images/logo.gif HTTP/1.1" 200 2246 "http://activparty.hu/" "Mozilla/5.0 (Windows NT 6.1; WOW64; rv:18.0) Gecko/20100101 Firefox/18.0"
109.61.124.153 - - [10/Feb/2013:15:10:11 +0100] "GET /images/belepes_off.gif HTTP/1.1" 200 772 "http://activparty.hu/" "Mozilla/5.0 (Windows NT 6.1; WOW64; rv:18.0) Gecko/20100101 Firefox/18.0"
109.61.124.153 - - [10/Feb/2013:15:10:11 +0100] "GET /images/letoltes_off.gif HTTP/1.1" 200 821 "http://activparty.hu/" "Mozilla/5.0 (Windows NT 6.1; WOW64; rv:18.0) Gecko/20100101 Firefox/18.0"
109.61.124.153 - - [10/Feb/2013:15:10:12 +0100] "GET /images/belepes_on.gif HTTP/1.1" 200 771 "http://activparty.hu/" "Mozilla/5.0 (Windows NT 6.1; WOW64; rv:18.0) Gecko/20100101 Firefox/18.0"
109.61.124.153 - - [10/Feb/2013:15:10:12 +0100] "GET /images/letoltes_on.gif HTTP/1.1" 200 821 "http://activparty.hu/" "Mozilla/5.0 (Windows NT 6.1; WOW64; rv:18.0) Gecko/20100101 Firefox/18.0"
109.61.124.153 - - [10/Feb/2013:15:10:12 +0100] "GET /favicon.ico HTTP/1.1" 404 - "-" "Mozilla/5.0 (Windows NT 6.1; WOW64; rv:18.0) Gecko/20100101 Firefox/18.0"
109.61.124.153 - - [10/Feb/2013:15:10:20 +0100] "GET /aktivparty.html HTTP/1.1" 200 1528 "http://activparty.hu/" "Mozilla/5.0 (Windows NT 6.1; WOW64; rv:18.0) Gecko/20100101 Firefox/18.0"
109.61.124.153 - - [10/Feb/2013:15:10:20 +0100] "GET /js/AC_RunActiveContent.js HTTP/1.1" 200 8321 "http://activparty.hu/aktivparty.html" "Mozilla/5.0 (Windows NT 6.1; WOW64; rv:18.0) Gecko/20100101 Firefox/18.0"
109.61.124.153 - - [10/Feb/2013:15:10:24 +0100] "GET /activ_party.swf HTTP/1.1" 200 1771834 "http://activparty.hu/aktivparty.html" "Mozilla/5.0 (Windows NT 6.1; WOW64; rv:18.0) Gecko/20100101 Firefox/18.0"
180.76.6.227 - - [10/Feb/2013:15:23:53 +0100] "GET / HTTP/1.1" 200 3021 "-" "Mozilla/5.0 (compatible; Baiduspider/2.0; +http://www.baidu.com/search/spider.html)"
119.63.196.62 - - [10/Feb/2013:21:20:59 +0100] "GET / HTTP/1.1" 200 3021 "-" "Mozilla/5.0 (compatible; Baiduspider/2.0; +http://www.baidu.com/search/spider.html)"
66.249.75.18 - - [11/Feb/2013:02:31:49 +0100] "GET /robots.txt HTTP/1.1" 404 - "-" "Mozilla/5.0 (compatible; Googlebot/2.1; +http://www.google.com/bot.html)"
66.249.78.18 - - [11/Feb/2013:02:31:49 +0100] "GET /elmenytrening.html HTTP/1.1" 200 2535 "-" "Mozilla/5.0 (compatible; Googlebot/2.1; +http://www.google.com/bot.html)"
66.249.78.18 - - [11/Feb/2013:05:33:04 +0100] "GET /casino.html HTTP/1.1" 304 - "-" "Mozilla/5.0 (compatible; Googlebot/2.1; +http://www.google.com/bot.html)"
168.144.124.178 - - [11/Feb/2013:08:48:37 +0100] "GET / HTTP/1.1" 200 3021 "-" "Mozilla/4.0 (compatible; MSIE 5.0; Windows NT; DigExt; DTS Agent"
208.80.194.149 - - [11/Feb/2013:09:09:22 +0100] "GET /aktivparty.html HTTP/1.0" 200 1528 "-" "Mozilla/5.0 (X11; U; Linux x86_64; en-US) AppleWebKit/533.4 (KHTML, like Gecko) Chrome/5.0.375.53 Safari/533.4"
66.249.78.49 - - [11/Feb/2013:09:21:09 +0100] "GET /robots.txt HTTP/1.1" 404 - "-" "Mozilla/5.0 (compatible; Googlebot/2.1; +http://www.google.com/bot.html)"
66.249.78.49 - - [11/Feb/2013:09:21:09 +0100] "GET / HTTP/1.1" 200 3021 "-" "Mozilla/5.0 (compatible; Googlebot/2.1; +http://www.google.com/bot.html)"
93.138.175.35 - - [11/Feb/2013:10:44:56 +0100] "GET / HTTP/1.1" 200 3021 "http://outdoorprogramok.lap.hu/" "Mozilla/5.0 (compatible; MSIE 9.0; Windows NT 6.1; Trident/5.0)"
93.138.175.35 - - [11/Feb/2013:10:44:56 +0100] "GET /favicon.ico HTTP/1.1" 404 - "-" "Mozilla/5.0 (compatible; MSIE 9.0; Windows NT 6.1; Trident/5.0)"
93.138.175.35 - - [11/Feb/2013:10:44:57 +0100] "GET /images/logo.gif HTTP/1.1" 200 2246 "http://activparty.hu/" "Mozilla/5.0 (compatible; MSIE 9.0; Windows NT 6.1; Trident/5.0)"
93.138.175.35 - - [11/Feb/2013:10:44:57 +0100] "GET /images/belepes_off.gif HTTP/1.1" 200 772 "http://activparty.hu/" "Mozilla/5.0 (compatible; MSIE 9.0; Windows NT 6.1; Trident/5.0)"
93.138.175.35 - - [11/Feb/2013:10:44:57 +0100] "GET /images/letoltes_off.gif HTTP/1.1" 200 821 "http://activparty.hu/" "Mozilla/5.0 (compatible; MSIE 9.0; Windows NT 6.1; Trident/5.0)"
93.138.175.35 - - [11/Feb/2013:10:44:58 +0100] "GET /favicon.ico HTTP/1.1" 404 - "-" "Mozilla/5.0 (compatible; MSIE 9.0; Windows NT 6.1; Trident/5.0)"
93.138.175.35 - - [11/Feb/2013:10:44:58 +0100] "GET /images/belepes_on.gif HTTP/1.1" 200 771 "http://activparty.hu/" "Mozilla/5.0 (compatible; MSIE 9.0; Windows NT 6.1; Trident/5.0)"
93.138.175.35 - - [11/Feb/2013:10:44:58 +0100] "GET /images/letoltes_on.gif HTTP/1.1" 200 821 "http://activparty.hu/" "Mozilla/5.0 (compatible; MSIE 9.0; Windows NT 6.1; Trident/5.0)"
93.138.175.35 - - [11/Feb/2013:10:45:01 +0100] "GET /aktivparty.html HTTP/1.1" 200 1528 "http://activparty.hu/" "Mozilla/5.0 (compatible; MSIE 9.0; Windows NT 6.1; Trident/5.0)"
93.138.175.35 - - [11/Feb/2013:10:45:01 +0100] "GET /js/AC_RunActiveContent.js HTTP/1.1" 200 0 "http://activparty.hu/aktivparty.html" "Mozilla/5.0 (compatible; MSIE 9.0; Windows NT 6.1; Trident/5.0)"
93.138.175.35 - - [11/Feb/2013:10:45:01 +0100] "GET /js/AC_RunActiveContent.js HTTP/1.1" 200 8321 "http://activparty.hu/aktivparty.html" "Mozilla/5.0 (compatible; MSIE 9.0; Windows NT 6.1; Trident/5.0)"
93.138.175.35 - - [11/Feb/2013:10:45:06 +0100] "GET /activ_party.swf HTTP/1.1" 200 1771834 "http://activparty.hu/aktivparty.html" "Mozilla/5.0 (compatible; MSIE 9.0; Windows NT 6.1; Trident/5.0)"
93.138.175.35 - - [11/Feb/2013:10:45:27 +0100] "GET /elmenytrening.html HTTP/1.1" 200 2535 "http://activparty.hu/activ_party.swf" "Mozilla/5.0 (compatible; MSIE 9.0; Windows NT 6.1; Trident/5.0)"
93.138.175.35 - - [11/Feb/2013:10:45:30 +0100] "GET /images/alap.jpg HTTP/1.1" 200 34327 "http://activparty.hu/elmenytrening.html" "Mozilla/5.0 (compatible; MSIE 9.0; Windows NT 6.1; Trident/5.0)"
66.249.75.49 - - [11/Feb/2013:10:50:38 +0100] "GET / HTTP/1.1" 200 3021 "-" "SAMSUNG-SGH-E250/1.0 Profile/MIDP-2.0 Configuration/CLDC-1.1 UP.Browser/6.2.3.3.c.1.101 (GUI) MMP/2.0 (compatible; Googlebot-Mobile/2.1; +http://www.google.com/bot.html)"
207.189.121.41 - - [11/Feb/2013:11:06:13 +0100] "GET / HTTP/1.1" 200 3021 "-" "Mozilla/5.0 (Windows; U; Windows NT 5.1; en-US; rv:1.9.2.8) Gecko/20100721 Firefox/3.6.8"
193.109.254.25 - - [11/Feb/2013:11:39:21 +0100] "GET /aktivparty.html HTTP/1.0" 200 1528 "http://www.google.hu/search?hl=hu&source=hp&q=ACTIV+PARTY+KFT&gbv=2&oq=ACTIV+PARTY+KFT&gs_l=heirloom-hp.3..0i30.5658.5658.0.6229.1.1.0.0.0.0.150.150.0j1.1.0...0.0...1c.1.tsJjS6Fwrus&surl=1" "Mozilla/4.0 (compatible; MSIE 7.0; Windows NT 5.1; SDSXP; .NET CLR 2.0.50727; .NET CLR 3.0.4506.2152; .NET CLR 3.5.30729; .NET CLR 1.1.4322; .NET4.0C; MS-RTC LM 8; SDSXP; SDSXP)"
193.109.254.25 - - [11/Feb/2013:11:39:22 +0100] "GET /js/AC_RunActiveContent.js HTTP/1.0" 200 8321 "http://activparty.hu/aktivparty.html" "Mozilla/4.0 (compatible; MSIE 7.0; Windows NT 5.1; SDSXP; .NET CLR 2.0.50727; .NET CLR 3.0.4506.2152; .NET CLR 3.5.30729; .NET CLR 1.1.4322; .NET4.0C; MS-RTC LM 8; SDSXP; SDSXP)"
193.109.254.25 - - [11/Feb/2013:11:39:23 +0100] "GET /activ_party.swf HTTP/1.0" 200 1771834 "http://activparty.hu/aktivparty.html" "Mozilla/4.0 (compatible; MSIE 7.0; Windows NT 5.1; SDSXP; .NET CLR 2.0.50727; .NET CLR 3.0.4506.2152; .NET CLR 3.5.30729; .NET CLR 1.1.4322; .NET4.0C; MS-RTC LM 8; SDSXP; SDSXP)"
208.80.194.149 - - [11/Feb/2013:14:03:26 +0100] "GET /aktivparty.html HTTP/1.0" 200 1528 "-" "Mozilla/5.0 (Windows; U; Windows NT 6.0; en-US; rv:1.9.2.8) Gecko/20100722 Firefox/3.6.8"
66.249.75.49 - - [11/Feb/2013:14:16:42 +0100] "GET / HTTP/1.1" 200 3021 "-" "DoCoMo/2.0 N905i(c100;TB;W24H16) (compatible; Googlebot-Mobile/2.1; +http://www.google.com/bot.html)"
95.211.81.86 - - [11/Feb/2013:15:07:39 +0100] "GET / HTTP/1.1" 200 3021 "-" "SolomonoBot/1.04 (http://www.solomono.ru)"
95.211.81.86 - - [11/Feb/2013:15:07:43 +0100] "GET / HTTP/1.1" 200 3021 "-" "SolomonoBot/1.04 (http://www.solomono.ru)"
95.211.81.86 - - [11/Feb/2013:15:07:44 +0100] "GET / HTTP/1.1" 200 3021 "-" "SolomonoBot/1.04 (http://www.solomono.ru)"
95.211.81.86 - - [11/Feb/2013:15:07:45 +0100] "GET /robots.txt HTTP/1.1" 404 - "-" "-"
95.211.81.86 - - [11/Feb/2013:15:07:46 +0100] "GET / HTTP/1.1" 200 3021 "-" "SolomonoBot/1.04 (http://www.solomono.ru)"
77.78.109.72 - - [11/Feb/2013:17:30:16 +0100] "GET /robots.txt HTTP/1.1" 404 - "-" "PagesInventory (robot http://www.pagesinvenotry.com)"
77.78.109.72 - - [11/Feb/2013:17:30:16 +0100] "GET / HTTP/1.1" 200 3021 "-" "PagesInventory (robot +http://www.pagesinventory.com)"
188.32.137.66 - - [11/Feb/2013:18:44:45 +0100] "GET / HTTP/1.0" 200 3021 "http://yandex.ru/yandsearch?text=activparty.hu&lr=213" "Mozilla/4.0 (compatible; MSIE 6.0; Windows NT 5.1; SV1)"
66.249.78.18 - - [11/Feb/2013:18:58:38 +0100] "GET /robots.txt HTTP/1.1" 404 - "-" "Mozilla/5.0 (compatible; Googlebot/2.1; +http://www.google.com/bot.html)"
66.249.78.18 - - [11/Feb/2013:18:58:38 +0100] "GET / HTTP/1.1" 200 3021 "-" "Mozilla/5.0 (compatible; Googlebot/2.1; +http://www.google.com/bot.html)"
208.115.113.88 - - [11/Feb/2013:20:12:28 +0100] "GET /robots.txt HTTP/1.1" 404 - "-" "Mozilla/5.0 (compatible; Ezooms/1.0; ezooms.bot@gmail.com)"
208.115.113.88 - - [11/Feb/2013:20:32:36 +0100] "GET /aktivparty.html HTTP/1.1" 200 1528 "-" "Mozilla/5.0 (compatible; Ezooms/1.0; ezooms.bot@gmail.com)"
221.194.146.102 - - [11/Feb/2013:21:55:36 +0100] "GET / HTTP/1.0" 200 3021 "http://activparty.hu/" "Mozilla/4.0 (compatible; MSIE 8.0; Windows NT 5.1; Trident/4.0; .NET CLR 2.0.50727; .NET CLR 3.0.4506.2152; .NET CLR 3.5.30729)"
119.63.196.30 - - [11/Feb/2013:22:01:33 +0100] "GET / HTTP/1.1" 200 3021 "-" "Mozilla/5.0 (compatible; Baiduspider/2.0; +http://www.baidu.com/search/spider.html)"
180.153.236.189 - - [12/Feb/2013:04:28:23 +0100] "GET / HTTP/1.1" 200 3021 "http://www.activparty.hu/" "Mozilla/5.0 (Windows; U; Windows NT 5.1; zh-CN; rv:1.8.0.11) Gecko/20070312 Firefox/1.5.0.11; 360Spider"
218.213.26.160 - - [12/Feb/2013:06:27:35 +0100] "GET /robots.txt HTTP/1.1" 404 - "-" "DoCoMo/2.0 P900i(c100;TB;W24H11) (compatible; ichiro/mobile goo;+http://search.goo.ne.jp/option/use/sub4/sub4-1/)"
218.213.26.160 - - [12/Feb/2013:06:27:39 +0100] "GET / HTTP/1.1" 200 3021 "-" "DoCoMo/2.0 P900i(c100;TB;W24H11) (compatible; ichiro/mobile goo;+http://search.goo.ne.jp/option/use/sub4/sub4-1/)"
208.80.194.149 - - [12/Feb/2013:08:48:05 +0100] "GET /aktivparty.html HTTP/1.0" 200 1528 "-" "Mozilla/5.0 (Windows NT 5.1) AppleWebKit/535.1 (KHTML, like Gecko) Chrome/14.0.835.187 Safari/535.1"
178.255.215.73 - - [12/Feb/2013:10:24:47 +0100] "GET /robots.txt HTTP/1.1" 404 - "-" "Mozilla/5.0 (compatible; Exabot/3.0; +http://www.exabot.com/go/robot)"
178.255.215.73 - - [12/Feb/2013:10:24:47 +0100] "GET / HTTP/1.1" 304 - "-" "Mozilla/5.0 (compatible; Exabot/3.0; +http://www.exabot.com/go/robot)"
119.63.196.59 - - [12/Feb/2013:13:39:01 +0100] "GET / HTTP/1.1" 200 3021 "-" "Mozilla/5.0 (compatible; Baiduspider/2.0; +http://www.baidu.com/search/spider.html)"
123.125.71.50 - - [12/Feb/2013:15:36:46 +0100] "GET / HTTP/1.1" 200 3021 "-" "Mozilla/5.0 (compatible; Baiduspider/2.0; +http://www.baidu.com/search/spider.html)"
220.181.108.100 - - [12/Feb/2013:15:37:33 +0100] "GET / HTTP/1.1" 200 3021 "-" "Mozilla/5.0 (compatible; Baiduspider/2.0; +http://www.baidu.com/search/spider.html)"
85.25.133.94 - - [12/Feb/2013:16:44:59 +0100] "GET / HTTP/1.1" 200 3021 "-" "Mozilla/5.0 (Windows NT 6.1; rv:16.0) Gecko/20100101 Firefox/16.0"
85.25.133.94 - - [12/Feb/2013:16:45:00 +0100] "GET /catalog/ HTTP/1.1" 404 - "-" "Mozilla/5.0 (Windows NT 6.1; rv:16.0) Gecko/20100101 Firefox/16.0"
85.25.133.94 - - [12/Feb/2013:16:45:00 +0100] "GET /shop HTTP/1.1" 404 - "-" "Mozilla/5.0 (Windows NT 6.1; rv:16.0) Gecko/20100101 Firefox/16.0"
85.25.133.94 - - [12/Feb/2013:16:45:00 +0100] "GET /oscommerce/ HTTP/1.1" 404 - "-" "Mozilla/5.0 (Windows NT 6.1; rv:16.0) Gecko/20100101 Firefox/16.0"
85.25.133.94 - - [12/Feb/2013:16:45:00 +0100] "GET / HTTP/1.1" 200 3021 "-" "Mozilla/5.0 (Windows NT 6.1; rv:16.0) Gecko/20100101 Firefox/16.0"
85.25.133.94 - - [12/Feb/2013:16:45:00 +0100] "GET /ipb/ HTTP/1.1" 404 - "-" "Mozilla/5.0 (Windows NT 6.1; rv:16.0) Gecko/20100101 Firefox/16.0"
85.25.133.94 - - [12/Feb/2013:16:45:00 +0100] "GET /forum/ HTTP/1.1" 404 - "-" "Mozilla/5.0 (Windows NT 6.1; rv:16.0) Gecko/20100101 Firefox/16.0"
85.25.133.94 - - [12/Feb/2013:16:45:58 +0100] "GET / HTTP/1.1" 200 3021 "-" "Mozilla/5.0 (Windows NT 6.1; rv:16.0) Gecko/20100101 Firefox/16.0"
85.25.133.94 - - [12/Feb/2013:16:45:58 +0100] "GET /catalog/ HTTP/1.1" 404 - "-" "Mozilla/5.0 (Windows NT 6.1; rv:16.0) Gecko/20100101 Firefox/16.0"
85.25.133.94 - - [12/Feb/2013:16:45:58 +0100] "GET /shop HTTP/1.1" 404 - "-" "Mozilla/5.0 (Windows NT 6.1; rv:16.0) Gecko/20100101 Firefox/16.0"
85.25.133.94 - - [12/Feb/2013:16:45:58 +0100] "GET /oscommerce/ HTTP/1.1" 404 - "-" "Mozilla/5.0 (Windows NT 6.1; rv:16.0) Gecko/20100101 Firefox/16.0"
85.25.133.94 - - [12/Feb/2013:16:45:58 +0100] "GET / HTTP/1.1" 200 3021 "-" "Mozilla/5.0 (Windows NT 6.1; rv:16.0) Gecko/20100101 Firefox/16.0"
85.25.133.94 - - [12/Feb/2013:16:45:58 +0100] "GET /ipb/ HTTP/1.1" 404 - "-" "Mozilla/5.0 (Windows NT 6.1; rv:16.0) Gecko/20100101 Firefox/16.0"
85.25.133.94 - - [12/Feb/2013:16:45:58 +0100] "GET /forum/ HTTP/1.1" 404 - "-" "Mozilla/5.0 (Windows NT 6.1; rv:16.0) Gecko/20100101 Firefox/16.0"
180.153.236.191 - - [12/Feb/2013:16:53:59 +0100] "GET / HTTP/1.1" 200 3021 "http://www.activparty.hu/" "Mozilla/5.0 (Windows; U; Windows NT 5.1; zh-CN; rv:1.8.0.11) Gecko/20070312 Firefox/1.5.0.11; 360Spider"
77.88.42.27 - - [12/Feb/2013:17:33:45 +0100] "GET /robots.txt HTTP/1.1" 404 - "-" "Mozilla/5.0 (compatible; YandexBot/3.0; +http://yandex.com/bots)"
77.88.42.27 - - [12/Feb/2013:17:33:48 +0100] "GET /aktivparty.html HTTP/1.1" 200 1528 "-" "Mozilla/5.0 (compatible; YandexBot/3.0; +http://yandex.com/bots)"
141.170.243.7 - - [12/Feb/2013:18:30:19 +0100] "GET /robots.txt HTTP/1.0" 404 - "-" "Mozilla/5.0 (compatible; MJ12bot/v1.4.3; http://www.majestic12.co.uk/bot.php?+)"
141.170.243.7 - - [12/Feb/2013:18:30:21 +0100] "GET / HTTP/1.1" 200 3021 "-" "Mozilla/5.0 (compatible; MJ12bot/v1.4.3; http://www.majestic12.co.uk/bot.php?+)"
141.170.243.7 - - [12/Feb/2013:18:30:23 +0100] "GET /robots.txt HTTP/1.0" 404 - "-" "Mozilla/5.0 (compatible; MJ12bot/v1.4.3; http://www.majestic12.co.uk/bot.php?+)"
141.170.243.7 - - [12/Feb/2013:18:30:25 +0100] "GET / HTTP/1.1" 200 3021 "-" "Mozilla/5.0 (compatible; MJ12bot/v1.4.3; http://www.majestic12.co.uk/bot.php?+)"
65.55.215.88 - - [12/Feb/2013:22:50:49 +0100] "GET /robots.txt HTTP/1.1" 404 - "-" "msnbot-media/1.1 (+http://search.msn.com/msnbot.htm)"
65.55.215.88 - - [12/Feb/2013:22:50:49 +0100] "GET /images/belepes_off.gif HTTP/1.1" 200 772 "-" "msnbot-media/1.1 (+http://search.msn.com/msnbot.htm)"
62.212.73.211 - - [12/Feb/2013:23:54:32 +0100] "GET /robots.txt HTTP/1.0" 404 - "-" "Mozilla/5.0 (compatible; MJ12bot/v1.4.3; http://www.majestic12.co.uk/bot.php?+)"
62.212.73.211 - - [12/Feb/2013:23:54:34 +0100] "GET /aktivparty.html HTTP/1.0" 200 1528 "-" "Mozilla/5.0 (compatible; MJ12bot/v1.4.3; http://www.majestic12.co.uk/bot.php?+)"
62.212.73.211 - - [12/Feb/2013:23:54:35 +0100] "GET /robots.txt HTTP/1.0" 404 - "-" "Mozilla/5.0 (compatible; MJ12bot/v1.4.3; http://www.majestic12.co.uk/bot.php?+)"
62.212.73.211 - - [12/Feb/2013:23:54:36 +0100] "GET /aktivparty.html HTTP/1.0" 200 1528 "-" "Mozilla/5.0 (compatible; MJ12bot/v1.4.3; http://www.majestic12.co.uk/bot.php?+)"
180.153.236.179 - - [13/Feb/2013:03:27:47 +0100] "GET / HTTP/1.1" 200 3021 "http://www.activparty.hu/" "Mozilla/5.0 (Windows; U; Windows NT 5.1; zh-CN; rv:1.8.0.11) Gecko/20070312 Firefox/1.5.0.11; 360Spider"
180.76.5.149 - - [13/Feb/2013:05:55:29 +0100] "GET /robots.txt HTTP/1.1" 404 - "-" "Mozilla/5.0 (Windows NT 5.1; rv:6.0.2) Gecko/20100101 Firefox/6.0.2"
77.88.42.27 - - [13/Feb/2013:06:25:45 +0100] "GET /robots.txt HTTP/1.1" 404 - "-" "Mozilla/5.0 (compatible; YandexBot/3.0; +http://yandex.com/bots)"
77.88.42.27 - - [13/Feb/2013:06:25:46 +0100] "GET /robots.txt HTTP/1.1" 404 - "-" "Mozilla/5.0 (compatible; YandexBot/3.0; +http://yandex.com/bots)"
77.88.42.27 - - [13/Feb/2013:06:25:47 +0100] "GET / HTTP/1.1" 200 3021 "-" "Mozilla/5.0 (compatible; YandexBot/3.0; MirrorDetector; +http://yandex.com/bots)"
77.88.42.27 - - [13/Feb/2013:06:25:48 +0100] "GET / HTTP/1.1" 200 3021 "-" "Mozilla/5.0 (compatible; YandexBot/3.0; MirrorDetector; +http://yandex.com/bots)"
77.88.42.27 - - [13/Feb/2013:06:25:51 +0100] "GET / HTTP/1.1" 200 3021 "-" "Mozilla/5.0 (compatible; YandexBot/3.0; MirrorDetector; +http://yandex.com/bots)"
77.88.42.27 - - [13/Feb/2013:06:25:52 +0100] "GET / HTTP/1.1" 200 3021 "-" "Mozilla/5.0 (compatible; YandexBot/3.0; MirrorDetector; +http://yandex.com/bots)"
66.249.78.18 - - [13/Feb/2013:07:59:22 +0100] "GET /robots.txt HTTP/1.1" 404 - "-" "Mozilla/5.0 (compatible; Googlebot/2.1; +http://www.google.com/bot.html)"
66.249.78.18 - - [13/Feb/2013:07:59:22 +0100] "GET / HTTP/1.1" 200 3021 "-" "Mozilla/5.0 (compatible; Googlebot/2.1; +http://www.google.com/bot.html)"
77.111.90.197 - - [13/Feb/2013:09:09:01 +0100] "GET / HTTP/1.1" 200 3021 "-" "Mozilla/5.0 (X11; U; Linux i686; en-US; rv:1.9.0.4) Gecko/2008111318 Ubuntu/8.10 (intrepid) Firefox/3.0.4"
123.125.71.38 - - [13/Feb/2013:12:36:10 +0100] "GET / HTTP/1.1" 200 3021 "-" "Mozilla/5.0 (compatible; Baiduspider/2.0; +http://www.baidu.com/search/spider.html)"
220.181.108.78 - - [13/Feb/2013:12:36:49 +0100] "GET / HTTP/1.1" 200 3021 "-" "Mozilla/5.0 (compatible; Baiduspider/2.0; +http://www.baidu.com/search/spider.html)"
173.227.230.232 - - [13/Feb/2013:16:07:47 +0100] "GET /aktivparty.html HTTP/1.1" 200 1528 "-" "Mozilla/5.0 (Windows; U; Windows NT 5.1; en-US; rv:1.9.2.8) Gecko/20100721 Firefox/3.6.8"
173.227.230.232 - - [13/Feb/2013:16:07:58 +0100] "GET / HTTP/1.1" 200 3021 "http://activparty.hu/aktivparty.html" "Mozilla/5.0 (Windows; U; Windows NT 5.1; en-US; rv:1.9.2.8) Gecko/20100721 Firefox/3.6.8"
173.227.230.236 - - [13/Feb/2013:17:00:20 +0100] "GET / HTTP/1.1" 200 3021 "-" "Mozilla/5.0 (Windows; U; Windows NT 5.1; en-US; rv:1.9.2.8) Gecko/20100721 Firefox/3.6.8"
207.189.121.41 - - [13/Feb/2013:17:02:01 +0100] "GET / HTTP/1.1" 200 3021 "-" "Mozilla/5.0 (Windows; U; Windows NT 5.1; en-US; rv:1.9.2.8) Gecko/20100721 Firefox/3.6.8"
173.227.230.236 - - [13/Feb/2013:17:22:03 +0100] "GET / HTTP/1.1" 200 3021 "-" "Mozilla/5.0 (Windows; U; Windows NT 5.1; en-US; rv:1.9.2.8) Gecko/20100721 Firefox/3.6.8"
207.189.121.41 - - [13/Feb/2013:17:45:47 +0100] "GET / HTTP/1.1" 200 3021 "-" "Mozilla/5.0 (Windows; U; Windows NT 5.1; en-US; rv:1.9.2.8) Gecko/20100721 Firefox/3.6.8"
176.195.216.201 - - [13/Feb/2013:18:04:21 +0100] "GET / HTTP/1.0" 200 3021 "http://yandex.ru/yandsearch?text=activparty.hu&lr=213" "Mozilla/4.0 (compatible; MSIE 6.0; Windows NT 5.1; SV1)"
123.125.71.114 - - [13/Feb/2013:19:36:04 +0100] "GET /robots.txt HTTP/1.1" 404 - "-" "Mozilla/5.0 (Windows NT 5.1; rv:6.0.2) Gecko/20100101 Firefox/6.0.2"
65.55.24.214 - - [13/Feb/2013:19:44:07 +0100] "GET /robots.txt HTTP/1.1" 404 - "-" "Mozilla/5.0 (compatible; bingbot/2.0; +http://www.bing.com/bingbot.htm)"
65.55.24.214 - - [13/Feb/2013:19:45:56 +0100] "GET /aktivparty.html HTTP/1.1" 200 1528 "-" "Mozilla/5.0 (compatible; bingbot/2.0; +http://www.bing.com/bingbot.htm)"
66.249.75.49 - - [13/Feb/2013:21:09:33 +0100] "GET /robots.txt HTTP/1.1" 404 - "-" "Mozilla/5.0 (compatible; Googlebot/2.1; +http://www.google.com/bot.html)"
66.249.75.49 - - [13/Feb/2013:21:09:33 +0100] "GET / HTTP/1.1" 200 3021 "-" "Mozilla/5.0 (iPhone; U; CPU iPhone OS 4_1 like Mac OS X; en-us) AppleWebKit/532.9 (KHTML, like Gecko) Version/4.0.5 Mobile/8B117 Safari/6531.22.7 (compatible; Googlebot-Mobile/2.1; +http://www.google.com/bot.html)"
119.63.196.94 - - [13/Feb/2013:22:30:10 +0100] "GET / HTTP/1.1" 200 3021 "-" "Mozilla/5.0 (compatible; Baiduspider/2.0; +http://www.baidu.com/search/spider.html)"
173.45.73.18 - - [14/Feb/2013:00:51:24 +0100] "GET / HTTP/1.1" 200 3021 "-" "Mozilla/5.0 (Windows NT 6.1; rv:16.0) Gecko/20100101 Firefox/16.0"
66.249.75.49 - - [14/Feb/2013:00:53:41 +0100] "GET /aktivparty.html HTTP/1.1" 304 - "-" "DoCoMo/2.0 N905i(c100;TB;W24H16) (compatible; Googlebot-Mobile/2.1; +http://www.google.com/bot.html)"
66.249.75.49 - - [14/Feb/2013:04:37:07 +0100] "GET /robots.txt HTTP/1.1" 404 - "-" "Mozilla/5.0 (compatible; Googlebot/2.1; +http://www.google.com/bot.html)"
66.249.75.49 - - [14/Feb/2013:04:37:07 +0100] "GET / HTTP/1.1" 200 3021 "-" "Mozilla/5.0 (compatible; Googlebot/2.1; +http://www.google.com/bot.html)"
178.255.215.73 - - [14/Feb/2013:08:19:30 +0100] "GET /robots.txt HTTP/1.1" 404 - "-" "Mozilla/5.0 (compatible; Exabot/3.0; +http://www.exabot.com/go/robot)"
178.255.215.73 - - [14/Feb/2013:08:19:30 +0100] "GET / HTTP/1.1" 304 - "-" "Mozilla/5.0 (compatible; Exabot/3.0; +http://www.exabot.com/go/robot)"
180.153.236.52 - - [14/Feb/2013:09:09:02 +0100] "GET / HTTP/1.1" 200 3021 "http://www.activparty.hu/" "Mozilla/5.0 (Windows; U; Windows NT 5.1; zh-CN; rv:1.8.0.11) Gecko/20070312 Firefox/1.5.0.11; 360Spider"
77.88.42.27 - - [14/Feb/2013:12:11:44 +0100] "GET /robots.txt HTTP/1.1" 404 - "-" "Mozilla/5.0 (compatible; YandexBot/3.0; +http://yandex.com/bots)"
66.249.75.49 - - [14/Feb/2013:12:27:44 +0100] "GET / HTTP/1.1" 200 3021 "-" "DoCoMo/2.0 N905i(c100;TB;W24H16) (compatible; Googlebot-Mobile/2.1; +http://www.google.com/bot.html)"
66.249.78.49 - - [14/Feb/2013:12:45:34 +0100] "GET / HTTP/1.1" 200 3021 "-" "SAMSUNG-SGH-E250/1.0 Profile/MIDP-2.0 Configuration/CLDC-1.1 UP.Browser/6.2.3.3.c.1.101 (GUI) MMP/2.0 (compatible; Googlebot-Mobile/2.1; +http://www.google.com/bot.html)"
77.88.42.27 - - [14/Feb/2013:12:53:48 +0100] "GET / HTTP/1.1" 200 3021 "-" "Mozilla/5.0 (compatible; YandexBot/3.0; +http://yandex.com/bots)"
119.63.196.125 - - [14/Feb/2013:13:13:40 +0100] "GET / HTTP/1.1" 200 3021 "-" "Mozilla/5.0 (compatible; Baiduspider/2.0; +http://www.baidu.com/search/spider.html)"
77.88.42.27 - - [14/Feb/2013:14:26:15 +0100] "GET /robots.txt HTTP/1.1" 404 - "-" "Mozilla/5.0 (compatible; YandexBot/3.0; +http://yandex.com/bots)"
77.88.42.27 - - [14/Feb/2013:14:26:15 +0100] "GET /robots.txt HTTP/1.1" 404 - "-" "Mozilla/5.0 (compatible; YandexBot/3.0; +http://yandex.com/bots)"
77.88.42.27 - - [14/Feb/2013:14:26:17 +0100] "GET / HTTP/1.1" 200 3021 "-" "Mozilla/5.0 (compatible; YandexBot/3.0; MirrorDetector; +http://yandex.com/bots)"
77.88.42.27 - - [14/Feb/2013:14:26:17 +0100] "GET / HTTP/1.1" 200 3021 "-" "Mozilla/5.0 (compatible; YandexBot/3.0; MirrorDetector; +http://yandex.com/bots)"
77.88.42.27 - - [14/Feb/2013:14:26:21 +0100] "GET / HTTP/1.1" 200 3021 "-" "Mozilla/5.0 (compatible; YandexBot/3.0; MirrorDetector; +http://yandex.com/bots)"
77.88.42.27 - - [14/Feb/2013:14:26:22 +0100] "GET / HTTP/1.1" 200 3021 "-" "Mozilla/5.0 (compatible; YandexBot/3.0; MirrorDetector; +http://yandex.com/bots)"
182.118.25.238 - - [14/Feb/2013:20:17:10 +0100] "GET / HTTP/1.1" 200 3021 "http://www.activparty.hu/" "Mozilla/5.0 (Windows; U; Windows NT 5.1; zh-CN; rv:1.8.0.11) Gecko/20070312 Firefox/1.5.0.11; 360Spider"
91.82.23.111 - - [14/Feb/2013:20:29:33 +0100] "GET / HTTP/1.1" 200 3021 "http://www.activparty.hu" "-"
91.82.23.111 - - [14/Feb/2013:20:29:33 +0100] "GET /aktivparty.html HTTP/1.1" 200 1528 "http://www.activparty.hu" "-"
91.82.23.111 - - [14/Feb/2013:20:29:34 +0100] "GET /js/AC_RunActiveContent.js HTTP/1.1" 200 8321 "http://www.activparty.hu/aktivparty.html" "-"
91.82.23.111 - - [14/Feb/2013:20:29:34 +0100] "GET /activ_party.swf HTTP/1.1" 200 254532 "http://www.activparty.hu/aktivparty.html" "-"
66.249.78.49 - - [14/Feb/2013:23:37:52 +0100] "GET /robots.txt HTTP/1.1" 404 - "-" "Mozilla/5.0 (compatible; Googlebot/2.1; +http://www.google.com/bot.html)"
66.249.75.49 - - [14/Feb/2013:23:37:52 +0100] "GET /aktivparty.html HTTP/1.1" 304 - "-" "SAMSUNG-SGH-E250/1.0 Profile/MIDP-2.0 Configuration/CLDC-1.1 UP.Browser/6.2.3.3.c.1.101 (GUI) MMP/2.0 (compatible; Googlebot-Mobile/2.1; +http://www.google.com/bot.html)"
208.115.113.88 - - [15/Feb/2013:00:03:23 +0100] "GET /robots.txt HTTP/1.1" 404 - "-" "Mozilla/5.0 (compatible; Ezooms/1.0; ezooms.bot@gmail.com)"
208.115.113.88 - - [15/Feb/2013:00:27:16 +0100] "GET / HTTP/1.1" 200 3021 "-" "Mozilla/5.0 (compatible; Ezooms/1.0; ezooms.bot@gmail.com)"
77.75.77.17 - - [15/Feb/2013:01:46:48 +0100] "GET /robots.txt HTTP/1.1" 404 - "-" "SeznamBot/3.0 (+http://fulltext.sblog.cz/)"
77.75.77.17 - - [15/Feb/2013:01:46:49 +0100] "GET / HTTP/1.1" 200 3021 "-" "SeznamBot/3.0 (+http://fulltext.sblog.cz/)"
180.153.236.19 - - [15/Feb/2013:03:07:43 +0100] "GET / HTTP/1.1" 200 3021 "http://www.activparty.hu/" "Mozilla/5.0 (Windows; U; Windows NT 5.1; zh-CN; rv:1.8.0.11) Gecko/20070312 Firefox/1.5.0.11; 360Spider"
157.56.93.204 - - [15/Feb/2013:09:01:09 +0100] "GET /robots.txt HTTP/1.1" 404 - "-" "Mozilla/5.0 (compatible; bingbot/2.0; +http://www.bing.com/bingbot.htm)"
157.56.93.204 - - [15/Feb/2013:09:03:11 +0100] "GET / HTTP/1.1" 200 3021 "-" "Mozilla/5.0 (compatible; bingbot/2.0; +http://www.bing.com/bingbot.htm)"
65.55.24.214 - - [15/Feb/2013:09:04:07 +0100] "GET /aktivparty.html HTTP/1.1" 200 1528 "-" "Mozilla/5.0 (compatible; bingbot/2.0; +http://www.bing.com/bingbot.htm)"
157.56.93.204 - - [15/Feb/2013:11:12:56 +0100] "GET /robots.txt HTTP/1.1" 404 - "-" "Mozilla/5.0 (compatible; bingbot/2.0; +http://www.bing.com/bingbot.htm)"
157.56.93.204 - - [15/Feb/2013:11:15:11 +0100] "GET / HTTP/1.1" 200 3021 "-" "Mozilla/5.0 (compatible; bingbot/2.0; +http://www.bing.com/bingbot.htm)"
65.55.24.214 - - [15/Feb/2013:11:15:13 +0100] "GET /aktivparty.html HTTP/1.1" 200 1528 "-" "Mozilla/5.0 (compatible; bingbot/2.0; +http://www.bing.com/bingbot.htm)"
220.181.108.99 - - [15/Feb/2013:13:16:13 +0100] "GET /images/logo.gif HTTP/1.1" 200 2246 "http://image.baidu.com/i?ct=503316480&z=0&tn=baiduimagedetail" "Baiduspider-image+(+http://www.baidu.com/search/spider.htm)"
180.153.236.20 - - [15/Feb/2013:15:27:48 +0100] "GET / HTTP/1.1" 200 3021 "http://www.activparty.hu/" "Mozilla/5.0 (Windows; U; Windows NT 5.1; zh-CN; rv:1.8.0.11) Gecko/20070312 Firefox/1.5.0.11; 360Spider"
119.63.196.93 - - [15/Feb/2013:22:32:34 +0100] "GET / HTTP/1.1" 200 3021 "-" "Mozilla/5.0 (compatible; Baiduspider/2.0; +http://www.baidu.com/search/spider.html)"
178.255.215.73 - - [15/Feb/2013:23:11:46 +0100] "GET /robots.txt HTTP/1.1" 404 - "-" "Mozilla/5.0 (compatible; Exabot/3.0; +http://www.exabot.com/go/robot)"
178.255.215.73 - - [15/Feb/2013:23:11:46 +0100] "GET / HTTP/1.1" 304 - "-" "Mozilla/5.0 (compatible; Exabot/3.0; +http://www.exabot.com/go/robot)"
77.88.42.27 - - [16/Feb/2013:01:23:49 +0100] "GET /robots.txt HTTP/1.1" 404 - "-" "Mozilla/5.0 (compatible; YandexBot/3.0; +http://yandex.com/bots)"
101.226.169.223 - - [16/Feb/2013:04:53:34 +0100] "GET / HTTP/1.1" 200 3021 "http://www.activparty.hu/" "Mozilla/4.0 (compatible; MSIE 8.0; Windows NT 6.1; Trident/4.0; SLCC2; .NET CLR 2.0.50727; .NET CLR 3.5.30729; .NET CLR 3.0.30729; Media Center PC 6.0; MDDR; .NET4.0C; .NET4.0E; .NET CLR 1.1.4322; Tablet PC 2.0); 360Spider"
77.88.42.27 - - [16/Feb/2013:05:46:23 +0100] "GET /activ_party.swf HTTP/1.1" 200 1771834 "-" "Mozilla/5.0 (compatible; YandexBot/3.0; +http://yandex.com/bots)"
176.9.111.204 - - [16/Feb/2013:06:49:30 +0100] "GET / HTTP/1.1" 200 3021 "-" "Mozilla/4.0 (compatible; MSIE 7.0; Windows NT 5.1)"
77.88.42.27 - - [16/Feb/2013:10:34:21 +0100] "GET / HTTP/1.1" 200 3021 "-" "Mozilla/5.0 (compatible; YandexBot/3.0; +http://yandex.com/bots)"
180.76.5.50 - - [16/Feb/2013:12:05:37 +0100] "GET /robots.txt HTTP/1.1" 404 - "-" "Mozilla/5.0 (Windows NT 5.1; rv:6.0.2) Gecko/20100101 Firefox/6.0.2"
203.77.76.152 - - [16/Feb/2013:12:38:28 +0100] "GET /robots.txt HTTP/1.0" 404 - "-" "Mozilla/5.0 (compatible; MJ12bot/v1.4.3; http://www.majestic12.co.uk/bot.php?+)"
203.77.76.152 - - [16/Feb/2013:12:38:31 +0100] "GET / HTTP/1.1" 200 3021 "-" "Mozilla/5.0 (compatible; MJ12bot/v1.4.3; http://www.majestic12.co.uk/bot.php?+)"
203.77.76.152 - - [16/Feb/2013:12:38:33 +0100] "GET /robots.txt HTTP/1.0" 404 - "-" "Mozilla/5.0 (compatible; MJ12bot/v1.4.3; http://www.majestic12.co.uk/bot.php?+)"
203.77.76.152 - - [16/Feb/2013:12:38:35 +0100] "GET / HTTP/1.1" 200 3021 "-" "Mozilla/5.0 (compatible; MJ12bot/v1.4.3; http://www.majestic12.co.uk/bot.php?+)"
31.46.150.22 - - [16/Feb/2013:13:02:35 +0100] "GET /aktivparty.html HTTP/1.1" 200 1528 "http://csapatepites.bubb.hu/" "Mozilla/5.0 (Windows NT 5.1) AppleWebKit/537.17 (KHTML, like Gecko) Chrome/24.0.1312.57 Safari/537.17"
31.46.150.22 - - [16/Feb/2013:13:02:35 +0100] "GET /js/AC_RunActiveContent.js HTTP/1.1" 200 8321 "http://activparty.hu/aktivparty.html" "Mozilla/5.0 (Windows NT 5.1) AppleWebKit/537.17 (KHTML, like Gecko) Chrome/24.0.1312.57 Safari/537.17"
31.46.150.22 - - [16/Feb/2013:13:02:38 +0100] "GET /favicon.ico HTTP/1.1" 404 - "-" "Mozilla/5.0 (Windows NT 5.1) AppleWebKit/537.17 (KHTML, like Gecko) Chrome/24.0.1312.57 Safari/537.17"
31.46.150.22 - - [16/Feb/2013:13:02:53 +0100] "GET /activ_party.swf HTTP/1.1" 200 1771834 "http://activparty.hu/aktivparty.html" "Mozilla/5.0 (Windows NT 5.1) AppleWebKit/537.17 (KHTML, like Gecko) Chrome/24.0.1312.57 Safari/537.17"
180.76.5.19 - - [16/Feb/2013:13:51:47 +0100] "GET / HTTP/1.1" 200 3021 "-" "Mozilla/5.0 (compatible; Baiduspider/2.0; +http://www.baidu.com/search/spider.html)"
123.125.71.30 - - [16/Feb/2013:17:48:15 +0100] "GET / HTTP/1.1" 200 3021 "-" "Mozilla/5.0 (compatible; Baiduspider/2.0; +http://www.baidu.com/search/spider.html)"
220.181.108.92 - - [16/Feb/2013:17:49:18 +0100] "GET / HTTP/1.1" 200 3021 "-" "Mozilla/5.0 (compatible; Baiduspider/2.0; +http://www.baidu.com/search/spider.html)"
173.236.21.106 - - [16/Feb/2013:22:49:32 +0100] "GET /robots.txt HTTP/1.0" 404 - "-" "Mozilla/5.0 (compatible; MJ12bot/v1.4.3; http://www.majestic12.co.uk/bot.php?+)"
173.236.21.106 - - [16/Feb/2013:22:49:34 +0100] "GET / HTTP/1.0" 200 3021 "-" "Mozilla/5.0 (compatible; MJ12bot/v1.4.3; http://www.majestic12.co.uk/bot.php?+)"
119.63.196.29 - - [16/Feb/2013:23:48:40 +0100] "GET / HTTP/1.1" 200 3021 "-" "Mozilla/5.0 (compatible; Baiduspider/2.0; +http://www.baidu.com/search/spider.html)"
69.58.178.56 - - [17/Feb/2013:02:39:06 +0100] "GET /robots.txt HTTP/1.1" 404 - "-" "Mozilla/5.0 (X11; Ubuntu; Linux i686; rv:14.0; ips-agent) Gecko/20100101 Firefox/14.0.1"
69.58.178.56 - - [17/Feb/2013:02:39:07 +0100] "GET / HTTP/1.1" 200 3021 "-" "Mozilla/5.0 (X11; Ubuntu; Linux i686; rv:14.0; ips-agent) Gecko/20100101 Firefox/14.0.1"
69.58.178.56 - - [17/Feb/2013:02:39:08 +0100] "GET /aktivparty.html HTTP/1.1" 200 1528 "-" "Mozilla/5.0 (X11; Ubuntu; Linux i686; rv:14.0; ips-agent) Gecko/20100101 Firefox/14.0.1"
77.111.90.197 - - [17/Feb/2013:08:47:01 +0100] "GET / HTTP/1.1" 200 3021 "-" "Mozilla/5.0 (X11; U; Linux i686; en-US; rv:1.9.0.4) Gecko/2008111318 Ubuntu/8.10 (intrepid) Firefox/3.0.4"
66.249.78.49 - - [17/Feb/2013:09:24:17 +0100] "GET /robots.txt HTTP/1.1" 404 - "-" "Mozilla/5.0 (compatible; Googlebot/2.1; +http://www.google.com/bot.html)"
66.249.78.49 - - [17/Feb/2013:09:24:17 +0100] "GET / HTTP/1.1" 200 3021 "-" "Mozilla/5.0 (compatible; Googlebot/2.1; +http://www.google.com/bot.html)"
75.134.151.92 - - [17/Feb/2013:10:23:49 +0100] "GET /robots.txt HTTP/1.0" 404 - "-" "Mozilla/5.0 (compatible; MJ12bot/v1.4.3; http://www.majestic12.co.uk/bot.php?+)"
75.134.151.92 - - [17/Feb/2013:10:24:05 +0100] "GET / HTTP/1.1" 200 3021 "-" "Mozilla/5.0 (compatible; MJ12bot/v1.4.3; http://www.majestic12.co.uk/bot.php?+)"
66.249.76.49 - - [17/Feb/2013:11:45:32 +0100] "GET / HTTP/1.1" 200 3021 "-" "SAMSUNG-SGH-E250/1.0 Profile/MIDP-2.0 Configuration/CLDC-1.1 UP.Browser/6.2.3.3.c.1.101 (GUI) MMP/2.0 (compatible; Googlebot-Mobile/2.1; +http://www.google.com/bot.html)"
66.249.76.49 - - [17/Feb/2013:12:47:14 +0100] "GET / HTTP/1.1" 200 3021 "-" "DoCoMo/2.0 N905i(c100;TB;W24H16) (compatible; Googlebot-Mobile/2.1; +http://www.google.com/bot.html)"
208.80.194.150 - - [17/Feb/2013:12:57:58 +0100] "GET /aktivparty.html HTTP/1.0" 200 1528 "-" "Mozilla/5.0 (X11; U; Linux i686; en-US; rv:1.9.2.11) Gecko/20101013 Ubuntu/10.04 (lucid) Firefox/3.6.11"
89.132.103.64 - - [17/Feb/2013:13:58:19 +0100] "GET /robots.txt HTTP/1.1" 404 - "-" "Mozilla/5.0 (compatible; JobKeresoBot; http://www.jobkereso.com/help.jsp)"
89.132.103.64 - - [17/Feb/2013:13:58:19 +0100] "GET / HTTP/1.1" 200 3021 "-" "Mozilla/5.0 (compatible; JobKeresoBot; http://www.jobkereso.com/help.jsp)"
199.30.20.63 - - [17/Feb/2013:14:06:28 +0100] "GET /robots.txt HTTP/1.1" 404 - "-" "msnbot-media/1.1 (+http://search.msn.com/msnbot.htm)"
199.30.20.63 - - [17/Feb/2013:14:06:28 +0100] "GET /images/belepes_off.gif HTTP/1.1" 200 772 "-" "msnbot-media/1.1 (+http://search.msn.com/msnbot.htm)"
178.21.48.89 - - [17/Feb/2013:17:05:06 +0100] "GET / HTTP/1.1" 200 3021 "http://outdoorprogramok.lap.hu/" "Mozilla/5.0 (Windows NT 6.1; WOW64; rv:18.0) Gecko/20100101 Firefox/18.0"
178.21.48.89 - - [17/Feb/2013:17:05:06 +0100] "GET /images/belepes_off.gif HTTP/1.1" 200 772 "http://activparty.hu/" "Mozilla/5.0 (Windows NT 6.1; WOW64; rv:18.0) Gecko/20100101 Firefox/18.0"
178.21.48.89 - - [17/Feb/2013:17:05:06 +0100] "GET /images/logo.gif HTTP/1.1" 200 2246 "http://activparty.hu/" "Mozilla/5.0 (Windows NT 6.1; WOW64; rv:18.0) Gecko/20100101 Firefox/18.0"
178.21.48.89 - - [17/Feb/2013:17:05:06 +0100] "GET /images/letoltes_off.gif HTTP/1.1" 200 821 "http://activparty.hu/" "Mozilla/5.0 (Windows NT 6.1; WOW64; rv:18.0) Gecko/20100101 Firefox/18.0"
178.21.48.89 - - [17/Feb/2013:17:05:06 +0100] "GET /images/belepes_on.gif HTTP/1.1" 200 771 "http://activparty.hu/" "Mozilla/5.0 (Windows NT 6.1; WOW64; rv:18.0) Gecko/20100101 Firefox/18.0"
178.21.48.89 - - [17/Feb/2013:17:05:06 +0100] "GET /images/letoltes_on.gif HTTP/1.1" 200 821 "http://activparty.hu/" "Mozilla/5.0 (Windows NT 6.1; WOW64; rv:18.0) Gecko/20100101 Firefox/18.0"
178.21.48.89 - - [17/Feb/2013:17:05:06 +0100] "GET /favicon.ico HTTP/1.1" 404 - "-" "Mozilla/5.0 (Windows NT 6.1; WOW64; rv:18.0) Gecko/20100101 Firefox/18.0"
178.21.48.89 - - [17/Feb/2013:17:06:59 +0100] "GET /aktivparty.html HTTP/1.1" 200 1528 "http://activparty.hu/" "Mozilla/5.0 (Windows NT 6.1; WOW64; rv:18.0) Gecko/20100101 Firefox/18.0"
178.21.48.89 - - [17/Feb/2013:17:06:59 +0100] "GET /js/AC_RunActiveContent.js HTTP/1.1" 200 8321 "http://activparty.hu/aktivparty.html" "Mozilla/5.0 (Windows NT 6.1; WOW64; rv:18.0) Gecko/20100101 Firefox/18.0"
178.21.48.89 - - [17/Feb/2013:17:06:59 +0100] "GET /activ_party.swf HTTP/1.1" 200 1771834 "http://activparty.hu/aktivparty.html" "Mozilla/5.0 (Windows NT 6.1; WOW64; rv:18.0) Gecko/20100101 Firefox/18.0"
119.63.196.114 - - [17/Feb/2013:17:15:43 +0100] "GET / HTTP/1.1" 200 3021 "-" "Mozilla/5.0 (compatible; Baiduspider/2.0; +http://www.baidu.com/search/spider.html)"
119.63.196.62 - - [17/Feb/2013:19:35:14 +0100] "GET / HTTP/1.1" 200 3021 "-" "Mozilla/5.0 (compatible; Baiduspider/2.0; +http://www.baidu.com/search/spider.html)"
217.150.128.129 - - [17/Feb/2013:20:29:37 +0100] "GET / HTTP/1.1" 200 3021 "http://karaoke.lap.hu/budapest/25632069" "Mozilla/5.0 (Windows NT 6.1; WOW64; rv:18.0) Gecko/20100101 Firefox/18.0"
217.150.128.129 - - [17/Feb/2013:20:29:37 +0100] "GET /images/logo.gif HTTP/1.1" 200 2246 "http://activparty.hu/" "Mozilla/5.0 (Windows NT 6.1; WOW64; rv:18.0) Gecko/20100101 Firefox/18.0"
217.150.128.129 - - [17/Feb/2013:20:29:37 +0100] "GET /images/letoltes_off.gif HTTP/1.1" 200 821 "http://activparty.hu/" "Mozilla/5.0 (Windows NT 6.1; WOW64; rv:18.0) Gecko/20100101 Firefox/18.0"
217.150.128.129 - - [17/Feb/2013:20:29:37 +0100] "GET /images/belepes_off.gif HTTP/1.1" 200 772 "http://activparty.hu/" "Mozilla/5.0 (Windows NT 6.1; WOW64; rv:18.0) Gecko/20100101 Firefox/18.0"
217.150.128.129 - - [17/Feb/2013:20:29:37 +0100] "GET /images/belepes_on.gif HTTP/1.1" 200 771 "http://activparty.hu/" "Mozilla/5.0 (Windows NT 6.1; WOW64; rv:18.0) Gecko/20100101 Firefox/18.0"
217.150.128.129 - - [17/Feb/2013:20:29:37 +0100] "GET /images/letoltes_on.gif HTTP/1.1" 200 821 "http://activparty.hu/" "Mozilla/5.0 (Windows NT 6.1; WOW64; rv:18.0) Gecko/20100101 Firefox/18.0"
217.150.128.129 - - [17/Feb/2013:20:29:37 +0100] "GET /favicon.ico HTTP/1.1" 404 - "-" "Mozilla/5.0 (Windows NT 6.1; WOW64; rv:18.0) Gecko/20100101 Firefox/18.0"
