216.151.130.179 - - [31/Mar/2013:06:11:18 +0200] "GET /info.php HTTP/1.1" 200 50427 "http://activparty.hu/" "Mozilla/4.0 (compatible; MSIE 7.0; Windows NT 5.1; Trident/4.0; .NET CLR 1.1.4322)"
80.93.217.38 - - [31/Mar/2013:06:13:25 +0200] "GET /info.php HTTP/1.1" 200 50421 "http://activparty.hu/" "Mozilla/4.0 (compatible; MSIE 7.0; Windows NT 5.1; Trident/4.0; .NET CLR 1.1.4322)"
216.151.130.179 - - [31/Mar/2013:06:15:01 +0200] "GET /info.php HTTP/1.1" 200 50406 "http://activparty.hu/" "Mozilla/4.0 (compatible; MSIE 7.0; Windows NT 5.1; SV1; .NET CLR 2.0.50727)"
80.93.217.38 - - [31/Mar/2013:06:16:01 +0200] "GET /info.php HTTP/1.1" 200 50421 "http://activparty.hu/" "Mozilla/4.0 (compatible; MSIE 7.0; Windows NT 5.1; Trident/4.0; .NET CLR 1.1.4322)"
84.202.95.43 - - [31/Mar/2013:06:17:03 +0200] "GET /robots.txt HTTP/1.0" 404 - "-" "Mozilla/5.0 (compatible; MJ12bot/v1.4.3; http://www.majestic12.co.uk/bot.php?+)"
84.202.95.43 - - [31/Mar/2013:06:17:05 +0200] "GET / HTTP/1.0" 200 3021 "-" "Mozilla/5.0 (compatible; MJ12bot/v1.4.3; http://www.majestic12.co.uk/bot.php?+)"
80.93.217.38 - - [31/Mar/2013:06:21:00 +0200] "GET /info.php HTTP/1.1" 200 50367 "http://activparty.hu/" "Mozilla/5.0 (Windows NT 6.1; rv:5.0) Gecko/20100101 Firefox/5.02"
66.249.78.18 - - [31/Mar/2013:06:21:56 +0200] "GET /casino.html HTTP/1.1" 200 2801 "-" "Mozilla/5.0 (compatible; Googlebot/2.1; +http://www.google.com/bot.html)"
216.151.130.179 - - [31/Mar/2013:06:24:16 +0200] "GET /info.php HTTP/1.1" 200 50382 "http://activparty.hu/" "Mozilla/5.0 (Windows NT 5.1; rv:5.0.1) Gecko/20100101 Firefox/5.0.1"
80.93.217.38 - - [31/Mar/2013:06:25:06 +0200] "GET /info.php HTTP/1.1" 200 50535 "http://activparty.hu/" "Mozilla/4.0 (compatible; MSIE 6.0; Windows NT 5.1; SV1; MRA 5.8 (build 4157); .NET CLR 2.0.50727; AskTbPTV/5.11.3.15590)"
80.93.217.38 - - [31/Mar/2013:06:27:17 +0200] "GET /info.php HTTP/1.1" 200 50589 "http://activparty.hu/" "Mozilla/5.0 (Linux; U; Android 2.2; fr-fr; Desire_A8181 Build/FRF91) App3leWebKit/53.1 (KHTML, like Gecko) Version/4.0 Mobile Safari/533.1"
216.151.130.179 - - [31/Mar/2013:06:29:19 +0200] "GET /info.php HTTP/1.1" 200 50406 "http://activparty.hu/" "Mozilla/4.0 (compatible; MSIE 7.0; Windows NT 5.1; SV1; .NET CLR 2.0.50727)"
216.151.130.179 - - [31/Mar/2013:06:33:17 +0200] "GET /info.php HTTP/1.1" 200 50382 "http://activparty.hu/" "Mozilla/5.0 (Windows NT 5.1; rv:13.0) Gecko/20100101 Firefox/13.0.1"
80.93.217.38 - - [31/Mar/2013:06:33:34 +0200] "GET /info.php HTTP/1.1" 200 50442 "http://activparty.hu/" "Mozilla/4.0 (compatible; MSIE 6.0; MSIE 5.5; Windows NT 5.0) Opera 7.02 Bork-edition [en]"
80.93.217.38 - - [31/Mar/2013:06:34:46 +0200] "GET /info.php HTTP/1.1" 200 50367 "http://activparty.hu/" "Opera/9.80 (Windows NT 5.1; U; en) Presto/2.10.289 Version/12.01"
216.151.130.179 - - [31/Mar/2013:06:37:21 +0200] "GET /info.php HTTP/1.1" 200 50400 "http://activparty.hu/" "Mozilla/5.0 (Windows NT 6.1; rv:2.0b7pre) Gecko/20100921 Firefox/4.0b7pre"
216.151.130.179 - - [31/Mar/2013:06:41:14 +0200] "GET /info.php HTTP/1.1" 200 50541 "http://activparty.hu/" "Mozilla/4.0 (compatible; MSIE 6.0; Windows NT 5.1; SV1; MRA 5.8 (build 4157); .NET CLR 2.0.50727; AskTbPTV/5.11.3.15590)"
80.93.217.38 - - [31/Mar/2013:06:42:53 +0200] "GET /info.php HTTP/1.1" 200 50598 "http://activparty.hu/" "Mozilla/4.0 (compatible; MSIE 8.0; Windows NT 6.0; Trident/4.0; Mozilla/4.0 (compatible; MSIE 6.0; Windows NT 5.1; SV1) ; .NET CLR 3.5.30729)"
216.151.130.179 - - [31/Mar/2013:06:45:36 +0200] "GET /info.php HTTP/1.1" 200 50382 "http://activparty.hu/" "Mozilla/5.0 (Windows NT 5.1; rv:13.0) Gecko/20100101 Firefox/13.0.1"
80.93.217.38 - - [31/Mar/2013:06:46:18 +0200] "GET /info.php HTTP/1.1" 200 50367 "http://activparty.hu/" "Opera/9.80 (Windows NT 5.1; U; en) Presto/2.10.289 Version/12.01"
216.151.130.179 - - [31/Mar/2013:06:50:40 +0200] "GET /info.php HTTP/1.1" 200 50427 "http://activparty.hu/" "Mozilla/4.0 (compatible; MSIE 7.0; Windows NT 5.1; Trident/4.0; .NET CLR 1.1.4322)"
80.93.217.38 - - [31/Mar/2013:06:52:25 +0200] "GET /info.php HTTP/1.1" 200 50367 "http://activparty.hu/" "Mozilla/5.0 (Windows NT 6.1; rv:5.0) Gecko/20100101 Firefox/5.02"
80.93.217.38 - - [31/Mar/2013:06:52:39 +0200] "GET /info.php HTTP/1.1" 200 50442 "http://activparty.hu/" "Mozilla/4.0 (compatible; MSIE 6.0; MSIE 5.5; Windows NT 5.0) Opera 7.02 Bork-edition [en]"
216.151.130.179 - - [31/Mar/2013:06:55:28 +0200] "GET /info.php HTTP/1.1" 200 50450 "http://activparty.hu/" "Mozilla/4.0 (compatible; MSIE 6.0; MSIE 5.5; Windows NT 5.0) Opera 7.02 Bork-edition [en]"
80.93.217.38 - - [31/Mar/2013:06:58:17 +0200] "GET /info.php HTTP/1.1" 200 50493 "http://activparty.hu/" "Mozilla/4.0 (compatible; MSIE 6.0; Windows NT 5.1; SV1; FunWebProducts; .NET CLR 1.1.4322; PeoplePal 6.2)"
216.151.130.179 - - [31/Mar/2013:06:59:06 +0200] "GET /info.php HTTP/1.1" 200 50598 "http://activparty.hu/" "Mozilla/5.0 (Linux; U; Android 2.2; fr-fr; Desire_A8181 Build/FRF91) App3leWebKit/53.1 (KHTML, like Gecko) Version/4.0 Mobile Safari/533.1"
80.93.217.38 - - [31/Mar/2013:07:01:28 +0200] "GET /info.php HTTP/1.1" 200 50475 "http://activparty.hu/" "Mozilla/5.0 (Windows NT 6.0) AppleWebKit/535.1 (KHTML, like Gecko) Chrome/13.0.782.112 Safari/535.1"
216.151.130.179 - - [31/Mar/2013:07:02:37 +0200] "GET /info.php HTTP/1.1" 200 50451 "http://activparty.hu/" "Mozilla/4.0 (compatible; MSIE 6.0; MSIE 5.5; Windows NT 5.0) Opera 7.02 Bork-edition [en]"
216.151.130.179 - - [31/Mar/2013:07:05:44 +0200] "GET /info.php HTTP/1.1" 200 50409 "http://activparty.hu/" "Mozilla/4.0 (compatible; MSIE 7.0; Windows NT 5.1; SV1; .NET CLR 2.0.50727)"
80.93.217.38 - - [31/Mar/2013:07:09:30 +0200] "GET /info.php HTTP/1.1" 200 50388 "http://activparty.hu/" "Mozilla/5.0 (Windows NT 6.1; WOW64; rv:5.0) Gecko/20100101 Firefox/5.0"
216.151.130.179 - - [31/Mar/2013:07:09:51 +0200] "GET /info.php HTTP/1.1" 200 50499 "http://activparty.hu/" "Mozilla/4.0 (compatible; MSIE 6.0; Windows NT 5.1; SV1; FunWebProducts; .NET CLR 1.1.4322; PeoplePal 6.2)"
80.93.217.38 - - [31/Mar/2013:07:10:59 +0200] "GET /info.php HTTP/1.1" 200 50370 "http://activparty.hu/" "Mozilla/5.0 (Windows NT 6.1; rv:5.0) Gecko/20100101 Firefox/5.02"
80.93.217.38 - - [31/Mar/2013:07:13:06 +0200] "GET /info.php HTTP/1.1" 200 50370 "http://activparty.hu/" "Opera/9.80 (Windows NT 5.1; U; en) Presto/2.10.289 Version/12.01"
80.93.217.38 - - [31/Mar/2013:07:16:14 +0200] "GET /info.php HTTP/1.1" 200 50379 "http://activparty.hu/" "Mozilla/5.0 (Windows NT 5.1; rv:13.0) Gecko/20100101 Firefox/13.0.1"
216.151.130.179 - - [31/Mar/2013:07:19:10 +0200] "GET /info.php HTTP/1.1" 200 50607 "http://activparty.hu/" "Mozilla/4.0 (compatible; MSIE 8.0; Windows NT 6.0; Trident/4.0; Mozilla/4.0 (compatible; MSIE 6.0; Windows NT 5.1; SV1) ; .NET CLR 3.5.30729)"
80.93.217.38 - - [31/Mar/2013:07:24:02 +0200] "GET /info.php HTTP/1.1" 200 50424 "http://activparty.hu/" "Mozilla/4.0 (compatible; MSIE 7.0; Windows NT 5.1; Trident/4.0; .NET CLR 1.1.4322)"
80.93.217.38 - - [31/Mar/2013:07:25:43 +0200] "GET /info.php HTTP/1.1" 200 50559 "http://activparty.hu/" "Mozilla/4.0 (compatible; MSIE 7.0; Windows NT 5.1; Trident/4.0; .NET CLR 2.0.50727; .NET CLR 3.0.4506.2152; .NET CLR 3.5.30729)"
80.93.217.38 - - [31/Mar/2013:07:30:06 +0200] "GET /info.php HTTP/1.1" 200 50475 "http://activparty.hu/" "Mozilla/5.0 (Windows NT 6.0) AppleWebKit/535.1 (KHTML, like Gecko) Chrome/13.0.782.112 Safari/535.1"
216.151.130.179 - - [31/Mar/2013:07:32:33 +0200] "GET /info.php HTTP/1.1" 200 50385 "http://activparty.hu/" "Mozilla/5.0 (Windows NT 5.1; rv:13.0) Gecko/20100101 Firefox/13.0.1"
80.93.217.38 - - [31/Mar/2013:07:33:04 +0200] "GET /info.php HTTP/1.1" 200 50388 "http://activparty.hu/" "Mozilla/5.0 (Windows NT 6.1; WOW64; rv:5.0) Gecko/20100101 Firefox/5.0"
80.93.217.38 - - [31/Mar/2013:07:34:19 +0200] "GET /info.php HTTP/1.1" 200 50475 "http://activparty.hu/" "Mozilla/5.0 (Windows NT 6.0) AppleWebKit/535.1 (KHTML, like Gecko) Chrome/13.0.782.112 Safari/535.1"
216.151.130.179 - - [31/Mar/2013:07:36:51 +0200] "GET /info.php HTTP/1.1" 200 50481 "http://activparty.hu/" "Mozilla/5.0 (Windows NT 6.0) AppleWebKit/535.1 (KHTML, like Gecko) Chrome/13.0.782.112 Safari/535.1"
80.93.217.38 - - [31/Mar/2013:07:39:04 +0200] "GET /info.php HTTP/1.1" 200 50370 "http://activparty.hu/" "Opera/9.80 (Windows NT 5.1; U; en) Presto/2.10.289 Version/12.01"
216.151.130.179 - - [31/Mar/2013:07:40:17 +0200] "GET /info.php HTTP/1.1" 200 50481 "http://activparty.hu/" "Mozilla/5.0 (Windows NT 6.0) AppleWebKit/535.1 (KHTML, like Gecko) Chrome/13.0.782.112 Safari/535.1"
80.93.217.38 - - [31/Mar/2013:07:43:23 +0200] "GET /info.php HTTP/1.1" 200 50493 "http://activparty.hu/" "Mozilla/4.0 (compatible; MSIE 6.0; Windows NT 5.1; SV1; FunWebProducts; .NET CLR 1.1.4322; PeoplePal 6.2)"
216.151.130.179 - - [31/Mar/2013:07:44:52 +0200] "GET /info.php HTTP/1.1" 200 50409 "http://activparty.hu/" "Mozilla/4.0 (compatible; MSIE 7.0; Windows NT 5.1; SV1; .NET CLR 2.0.50727)"
80.93.217.38 - - [31/Mar/2013:07:45:22 +0200] "GET /info.php HTTP/1.1" 200 50370 "http://activparty.hu/" "Mozilla/5.0 (Windows NT 6.1; rv:5.0) Gecko/20100101 Firefox/5.02"
216.151.130.179 - - [31/Mar/2013:07:49:44 +0200] "GET /info.php HTTP/1.1" 200 50385 "http://activparty.hu/" "Mozilla/5.0 (Windows NT 5.1; rv:5.0.1) Gecko/20100101 Firefox/5.0.1"
80.93.217.38 - - [31/Mar/2013:07:50:25 +0200] "GET /info.php HTTP/1.1" 200 50379 "http://activparty.hu/" "Mozilla/5.0 (Windows NT 5.1; rv:5.0.1) Gecko/20100101 Firefox/5.0.1"
80.93.217.38 - - [31/Mar/2013:07:50:54 +0200] "GET /info.php HTTP/1.1" 200 50379 "http://activparty.hu/" "Mozilla/5.0 (Windows NT 5.1; rv:5.0.1) Gecko/20100101 Firefox/5.0.1"
216.151.130.179 - - [31/Mar/2013:07:53:47 +0200] "GET /info.php HTTP/1.1" 200 50403 "http://activparty.hu/" "Mozilla/5.0 (Windows NT 6.1; rv:2.0b7pre) Gecko/20100921 Firefox/4.0b7pre"
80.93.217.38 - - [31/Mar/2013:07:56:24 +0200] "GET /info.php HTTP/1.1" 200 50496 "http://activparty.hu/" "Mozilla/5.0 (Windows NT 6.1; WOW64) AppleWebKit/535.1 (KHTML, like Gecko) Chrome/13.0.782.112 Safari/535.1"
216.151.130.179 - - [31/Mar/2013:07:56:28 +0200] "GET /info.php HTTP/1.1" 200 50385 "http://activparty.hu/" "Mozilla/5.0 (Windows NT 5.1; rv:13.0) Gecko/20100101 Firefox/13.0.1"
80.93.217.38 - - [31/Mar/2013:08:03:57 +0200] "GET /info.php HTTP/1.1" 200 50388 "http://activparty.hu/" "Mozilla/5.0 (Windows NT 6.1; WOW64; rv:5.0) Gecko/20100101 Firefox/5.0"
80.93.217.38 - - [31/Mar/2013:08:04:26 +0200] "GET /info.php HTTP/1.1" 200 50397 "http://activparty.hu/" "Mozilla/5.0 (Windows NT 6.1; rv:2.0b7pre) Gecko/20100921 Firefox/4.0b7pre"
216.151.130.179 - - [31/Mar/2013:08:05:43 +0200] "GET /info.php HTTP/1.1" 200 50403 "http://activparty.hu/" "Mozilla/5.0 (Windows NT 6.1; rv:2.0b7pre) Gecko/20100921 Firefox/4.0b7pre"
80.93.217.38 - - [31/Mar/2013:08:08:47 +0200] "GET /info.php HTTP/1.1" 200 50379 "http://activparty.hu/" "Mozilla/5.0 (Windows NT 5.1; rv:5.0.1) Gecko/20100101 Firefox/5.0.1"
216.151.130.179 - - [31/Mar/2013:08:09:04 +0200] "GET /info.php HTTP/1.1" 200 50499 "http://activparty.hu/" "Mozilla/4.0 (compatible; MSIE 6.0; Windows NT 5.1; SV1; FunWebProducts; .NET CLR 1.1.4322; PeoplePal 6.2)"
80.93.217.38 - - [31/Mar/2013:08:12:33 +0200] "GET /info.php HTTP/1.1" 200 50403 "http://activparty.hu/" "Mozilla/4.0 (compatible; MSIE 7.0; Windows NT 5.1; SV1; .NET CLR 2.0.50727)"
80.93.217.38 - - [31/Mar/2013:08:13:22 +0200] "GET /info.php HTTP/1.1" 200 50388 "http://activparty.hu/" "Mozilla/5.0 (Windows NT 6.1; WOW64; rv:5.0) Gecko/20100101 Firefox/5.0"
216.151.130.179 - - [31/Mar/2013:08:13:38 +0200] "GET /info.php HTTP/1.1" 200 50446 "http://activparty.hu/" "Mozilla/4.0 (compatible; MSIE 6.0; MSIE 5.5; Windows NT 5.0) Opera 7.02 Bork-edition [en]"
216.151.130.179 - - [31/Mar/2013:08:17:07 +0200] "GET /info.php HTTP/1.1" 200 50371 "http://activparty.hu/" "Opera/9.80 (Windows NT 5.1; U; en) Presto/2.10.289 Version/12.01"
80.93.217.38 - - [31/Mar/2013:08:17:56 +0200] "GET /info.php HTTP/1.1" 200 50403 "http://activparty.hu/" "Mozilla/4.0 (compatible; MSIE 7.0; Windows NT 5.1; SV1; .NET CLR 2.0.50727)"
66.249.78.49 - - [31/Mar/2013:08:17:58 +0200] "GET /robots.txt HTTP/1.1" 404 - "-" "Mozilla/5.0 (compatible; Googlebot/2.1; +http://www.google.com/bot.html)"
66.249.75.82 - - [31/Mar/2013:08:17:59 +0200] "GET / HTTP/1.1" 200 3021 "-" "DoCoMo/2.0 N905i(c100;TB;W24H16) (compatible; Googlebot-Mobile/2.1; +http://www.google.com/bot.html)"
80.93.217.38 - - [31/Mar/2013:08:21:12 +0200] "GET /info.php HTTP/1.1" 200 50538 "http://activparty.hu/" "Mozilla/4.0 (compatible; MSIE 6.0; Windows NT 5.1; SV1; MRA 5.8 (build 4157); .NET CLR 2.0.50727; AskTbPTV/5.11.3.15590)"
80.93.217.38 - - [31/Mar/2013:08:21:27 +0200] "GET /info.php HTTP/1.1" 200 50379 "http://activparty.hu/" "Mozilla/5.0 (Windows NT 5.1; rv:13.0) Gecko/20100101 Firefox/13.0.1"
216.151.130.179 - - [31/Mar/2013:08:22:26 +0200] "GET /info.php HTTP/1.1" 200 50598 "http://activparty.hu/" "Mozilla/5.0 (Linux; U; Android 2.2; fr-fr; Desire_A8181 Build/FRF91) App3leWebKit/53.1 (KHTML, like Gecko) Version/4.0 Mobile Safari/533.1"
80.93.217.38 - - [31/Mar/2013:08:26:21 +0200] "GET /info.php HTTP/1.1" 200 50559 "http://activparty.hu/" "Mozilla/4.0 (compatible; MSIE 7.0; Windows NT 5.1; Trident/4.0; .NET CLR 2.0.50727; .NET CLR 3.0.4506.2152; .NET CLR 3.5.30729)"
216.151.130.179 - - [31/Mar/2013:08:26:37 +0200] "GET /info.php HTTP/1.1" 200 50376 "http://activparty.hu/" "Mozilla/5.0 (Windows NT 6.1; rv:5.0) Gecko/20100101 Firefox/5.02"
80.93.217.38 - - [31/Mar/2013:08:28:02 +0200] "GET /info.php HTTP/1.1" 200 50370 "http://activparty.hu/" "Mozilla/5.0 (Windows NT 6.1; rv:5.0) Gecko/20100101 Firefox/5.02"
216.151.130.179 - - [31/Mar/2013:08:30:48 +0200] "GET /info.php HTTP/1.1" 200 50409 "http://activparty.hu/" "Mozilla/4.0 (compatible; MSIE 7.0; Windows NT 5.1; SV1; .NET CLR 2.0.50727)"
216.151.130.179 - - [31/Mar/2013:08:34:26 +0200] "GET /info.php HTTP/1.1" 200 50385 "http://activparty.hu/" "Mozilla/5.0 (Windows NT 5.1; rv:13.0) Gecko/20100101 Firefox/13.0.1"
80.93.217.38 - - [31/Mar/2013:08:36:38 +0200] "GET /info.php HTTP/1.1" 200 50388 "http://activparty.hu/" "Mozilla/5.0 (Windows NT 6.1; WOW64; rv:5.0) Gecko/20100101 Firefox/5.0"
80.93.217.38 - - [31/Mar/2013:08:38:23 +0200] "GET /info.php HTTP/1.1" 200 50379 "http://activparty.hu/" "Mozilla/5.0 (Windows NT 5.1; rv:5.0.1) Gecko/20100101 Firefox/5.0.1"
216.151.130.179 - - [31/Mar/2013:08:38:51 +0200] "GET /info.php HTTP/1.1" 200 50385 "http://activparty.hu/" "Mozilla/5.0 (Windows NT 5.1; rv:5.0.1) Gecko/20100101 Firefox/5.0.1"
182.118.21.233 - - [31/Mar/2013:08:39:48 +0200] "GET / HTTP/1.1" 200 3021 "http://activparty.hu/" "Mozilla/5.0 (Windows; U; Windows NT 5.1; zh-CN; rv:1.8.0.11) Firefox/1.5.0.11; 360Spider"
182.118.32.95 - - [31/Mar/2013:08:39:51 +0200] "GET / HTTP/1.1" 200 3021 "-" "Mozilla/5.0 (Windows NT 6.1) AppleWebKit/535.19 (KHTML, like Gecko) Chrome/18.0.1025.168 Safari/535.19"
80.93.217.38 - - [31/Mar/2013:08:42:44 +0200] "GET /info.php HTTP/1.1" 200 50379 "http://activparty.hu/" "Mozilla/5.0 (Windows NT 5.1; rv:5.0.1) Gecko/20100101 Firefox/5.0.1"
80.93.217.38 - - [31/Mar/2013:08:45:35 +0200] "GET /info.php HTTP/1.1" 200 50559 "http://activparty.hu/" "Mozilla/4.0 (compatible; MSIE 7.0; Windows NT 5.1; Trident/4.0; .NET CLR 2.0.50727; .NET CLR 3.0.4506.2152; .NET CLR 3.5.30729)"
216.151.130.179 - - [31/Mar/2013:08:47:29 +0200] "GET /info.php HTTP/1.1" 200 50598 "http://activparty.hu/" "Mozilla/5.0 (Linux; U; Android 2.2; fr-fr; Desire_A8181 Build/FRF91) App3leWebKit/53.1 (KHTML, like Gecko) Version/4.0 Mobile Safari/533.1"
80.93.217.38 - - [31/Mar/2013:08:50:22 +0200] "GET /info.php HTTP/1.1" 200 50592 "http://activparty.hu/" "Mozilla/5.0 (Linux; U; Android 2.2; fr-fr; Desire_A8181 Build/FRF91) App3leWebKit/53.1 (KHTML, like Gecko) Version/4.0 Mobile Safari/533.1"
80.93.217.38 - - [31/Mar/2013:08:53:38 +0200] "GET /info.php HTTP/1.1" 200 50379 "http://activparty.hu/" "Mozilla/5.0 (Windows NT 5.1; rv:13.0) Gecko/20100101 Firefox/13.0.1"
80.93.217.38 - - [31/Mar/2013:08:54:07 +0200] "GET /info.php HTTP/1.1" 200 50445 "http://activparty.hu/" "Mozilla/4.0 (compatible; MSIE 6.0; MSIE 5.5; Windows NT 5.0) Opera 7.02 Bork-edition [en]"
216.151.130.179 - - [31/Mar/2013:08:56:27 +0200] "GET /info.php HTTP/1.1" 200 50598 "http://activparty.hu/" "Mozilla/5.0 (Linux; U; Android 2.2; fr-fr; Desire_A8181 Build/FRF91) App3leWebKit/53.1 (KHTML, like Gecko) Version/4.0 Mobile Safari/533.1"
80.93.217.38 - - [31/Mar/2013:08:58:21 +0200] "GET /info.php HTTP/1.1" 200 50379 "http://activparty.hu/" "Mozilla/5.0 (Windows NT 5.1; rv:13.0) Gecko/20100101 Firefox/13.0.1"
80.93.217.38 - - [31/Mar/2013:09:00:31 +0200] "GET /info.php HTTP/1.1" 200 50379 "http://activparty.hu/" "Mozilla/5.0 (Windows NT 5.1; rv:5.0.1) Gecko/20100101 Firefox/5.0.1"
80.93.217.38 - - [31/Mar/2013:09:04:09 +0200] "GET /info.php HTTP/1.1" 200 50592 "http://activparty.hu/" "Mozilla/5.0 (Linux; U; Android 2.2; fr-fr; Desire_A8181 Build/FRF91) App3leWebKit/53.1 (KHTML, like Gecko) Version/4.0 Mobile Safari/533.1"
216.151.130.179 - - [31/Mar/2013:09:04:35 +0200] "GET /info.php HTTP/1.1" 200 50385 "http://activparty.hu/" "Mozilla/5.0 (Windows NT 5.1; rv:5.0.1) Gecko/20100101 Firefox/5.0.1"
80.93.217.38 - - [31/Mar/2013:09:06:24 +0200] "GET /info.php HTTP/1.1" 200 50475 "http://activparty.hu/" "Mozilla/5.0 (Windows NT 6.0) AppleWebKit/535.1 (KHTML, like Gecko) Chrome/13.0.782.112 Safari/535.1"
157.55.32.164 - - [31/Mar/2013:09:09:02 +0200] "GET /robots.txt HTTP/1.1" 404 - "-" "Mozilla/5.0 (compatible; bingbot/2.0; +http://www.bing.com/bingbot.htm)"
80.93.217.38 - - [31/Mar/2013:09:09:46 +0200] "GET /info.php HTTP/1.1" 200 50496 "http://activparty.hu/" "Mozilla/5.0 (Windows NT 6.1; WOW64) AppleWebKit/535.1 (KHTML, like Gecko) Chrome/13.0.782.112 Safari/535.1"
157.55.32.164 - - [31/Mar/2013:09:10:28 +0200] "GET / HTTP/1.1" 200 3021 "-" "Mozilla/5.0 (compatible; bingbot/2.0; +http://www.bing.com/bingbot.htm)"
216.151.130.179 - - [31/Mar/2013:09:10:56 +0200] "GET /info.php HTTP/1.1" 200 50607 "http://activparty.hu/" "Mozilla/4.0 (compatible; MSIE 8.0; Windows NT 6.0; Trident/4.0; Mozilla/4.0 (compatible; MSIE 6.0; Windows NT 5.1; SV1) ; .NET CLR 3.5.30729)"
80.93.217.38 - - [31/Mar/2013:09:14:19 +0200] "GET /info.php HTTP/1.1" 200 50445 "http://activparty.hu/" "Mozilla/4.0 (compatible; MSIE 6.0; MSIE 5.5; Windows NT 5.0) Opera 7.02 Bork-edition [en]"
216.151.130.179 - - [31/Mar/2013:09:14:42 +0200] "GET /info.php HTTP/1.1" 200 50376 "http://activparty.hu/" "Opera/9.80 (Windows NT 5.1; U; en) Presto/2.10.289 Version/12.01"
80.93.217.38 - - [31/Mar/2013:09:14:57 +0200] "GET /info.php HTTP/1.1" 200 50538 "http://activparty.hu/" "Mozilla/4.0 (compatible; MSIE 6.0; Windows NT 5.1; SV1; MRA 5.8 (build 4157); .NET CLR 2.0.50727; AskTbPTV/5.11.3.15590)"
216.151.130.179 - - [31/Mar/2013:09:17:57 +0200] "GET /info.php HTTP/1.1" 200 50502 "http://activparty.hu/" "Mozilla/5.0 (Windows NT 6.1; WOW64) AppleWebKit/535.1 (KHTML, like Gecko) Chrome/13.0.782.112 Safari/535.1"
80.93.217.38 - - [31/Mar/2013:09:19:42 +0200] "GET /info.php HTTP/1.1" 200 50445 "http://activparty.hu/" "Mozilla/4.0 (compatible; MSIE 6.0; MSIE 5.5; Windows NT 5.0) Opera 7.02 Bork-edition [en]"
80.93.217.38 - - [31/Mar/2013:09:22:38 +0200] "GET /info.php HTTP/1.1" 200 50403 "http://activparty.hu/" "Mozilla/4.0 (compatible; MSIE 7.0; Windows NT 5.1; SV1; .NET CLR 2.0.50727)"
95.170.82.250 - - [31/Mar/2013:09:23:25 +0200] "GET / HTTP/1.1" 200 3021 "-" "Mozilla/4.0 (compatible; MSIE 5.0; Windows NT; DigExt; DTS Agent"
216.151.130.179 - - [31/Mar/2013:09:23:35 +0200] "GET /info.php HTTP/1.1" 200 50499 "http://activparty.hu/" "Mozilla/4.0 (compatible; MSIE 6.0; Windows NT 5.1; SV1; FunWebProducts; .NET CLR 1.1.4322; PeoplePal 6.2)"
80.93.217.38 - - [31/Mar/2013:09:24:57 +0200] "GET /info.php HTTP/1.1" 200 50559 "http://activparty.hu/" "Mozilla/4.0 (compatible; MSIE 7.0; Windows NT 5.1; Trident/4.0; .NET CLR 2.0.50727; .NET CLR 3.0.4506.2152; .NET CLR 3.5.30729)"
95.24.59.153 - - [31/Mar/2013:09:27:42 +0200] "GET / HTTP/1.0" 200 3021 "http://yandex.ru/yandsearch?text=activparty.hu&lr=213" "Mozilla/4.0 (compatible; MSIE 7.0; Windows NT 5.1; .NET CLR 1.1.4322; .NET CLR 2.0.50727)"
80.93.217.38 - - [31/Mar/2013:09:28:50 +0200] "GET /info.php HTTP/1.1" 200 50538 "http://activparty.hu/" "Mozilla/4.0 (compatible; MSIE 6.0; Windows NT 5.1; SV1; MRA 5.8 (build 4157); .NET CLR 2.0.50727; AskTbPTV/5.11.3.15590)"
80.86.255.38 - - [31/Mar/2013:09:30:56 +0200] "GET /info.php/about.php?cartID=' HTTP/1.1" 200 49746 "-" "Mozilla/5.0 (Windows NT 5.1; rv:2.0.1) Gecko/20100101 Firefox/4.0.1"
80.86.255.38 - - [31/Mar/2013:09:31:02 +0200] "GET /info.php/about.php?cartID=-1+union+select+0x6c6f67696e70776e7a-- HTTP/1.1" 200 49933 "-" "LWP::Simple/6.00 libwww-perl/6.03"
80.86.255.38 - - [31/Mar/2013:09:31:04 +0200] "GET /about.php?cartID=' HTTP/1.1" 404 - "-" "Mozilla/5.0 (Windows NT 5.1; rv:2.0.1) Gecko/20100101 Firefox/4.0.1"
80.86.255.38 - - [31/Mar/2013:09:31:04 +0200] "GET /info.php/about.php?cartID=-1+union+select+0x6c6f67696e70776e7a,0x6c6f67696e70776e7a-- HTTP/1.1" 200 50106 "-" "LWP::Simple/6.00 libwww-perl/6.03"
80.86.255.38 - - [31/Mar/2013:09:31:06 +0200] "GET /info.php/about.php?cartID=-1+union+select+0x6c6f67696e70776e7a,0x6c6f67696e70776e7a,0x6c6f67696e70776e7a-- HTTP/1.1" 200 50274 "-" "LWP::Simple/6.00 libwww-perl/6.03"
80.86.255.38 - - [31/Mar/2013:09:31:07 +0200] "GET /info.php/about.php?cartID=-1+union+select+0x6c6f67696e70776e7a,0x6c6f67696e70776e7a,0x6c6f67696e70776e7a,0x6c6f67696e70776e7a-- HTTP/1.1" 200 50442 "-" "LWP::Simple/6.00 libwww-perl/6.03"
80.86.255.38 - - [31/Mar/2013:09:31:08 +0200] "GET /info.php/about.php?cartID=-1+union+select+0x6c6f67696e70776e7a,0x6c6f67696e70776e7a,0x6c6f67696e70776e7a,0x6c6f67696e70776e7a,0x6c6f67696e70776e7a-- HTTP/1.1" 200 50610 "-" "LWP::Simple/6.00 libwww-perl/6.03"
80.86.255.38 - - [31/Mar/2013:09:31:09 +0200] "GET /info.php/about.php?cartID=-1+union+select+0x6c6f67696e70776e7a,0x6c6f67696e70776e7a,0x6c6f67696e70776e7a,0x6c6f67696e70776e7a,0x6c6f67696e70776e7a,0x6c6f67696e70776e7a-- HTTP/1.1" 200 50778 "-" "LWP::Simple/6.00 libwww-perl/6.03"
80.86.255.38 - - [31/Mar/2013:09:31:10 +0200] "GET /info.php/about.php?cartID=-1+union+select+0x6c6f67696e70776e7a,0x6c6f67696e70776e7a,0x6c6f67696e70776e7a,0x6c6f67696e70776e7a,0x6c6f67696e70776e7a,0x6c6f67696e70776e7a,0x6c6f67696e70776e7a-- HTTP/1.1" 200 50946 "-" "LWP::Simple/6.00 libwww-perl/6.03"
80.86.255.38 - - [31/Mar/2013:09:31:11 +0200] "GET /info.php/about.php?cartID=-1+union+select+0x6c6f67696e70776e7a,0x6c6f67696e70776e7a,0x6c6f67696e70776e7a,0x6c6f67696e70776e7a,0x6c6f67696e70776e7a,0x6c6f67696e70776e7a,0x6c6f67696e70776e7a,0x6c6f67696e70776e7a-- HTTP/1.1" 200 51114 "-" "LWP::Simple/6.00 libwww-perl/6.03"
80.86.255.38 - - [31/Mar/2013:09:31:12 +0200] "GET /info.php/about.php?cartID=-1+union+select+0x6c6f67696e70776e7a,0x6c6f67696e70776e7a,0x6c6f67696e70776e7a,0x6c6f67696e70776e7a,0x6c6f67696e70776e7a,0x6c6f67696e70776e7a,0x6c6f67696e70776e7a,0x6c6f67696e70776e7a,0x6c6f67696e70776e7a-- HTTP/1.1" 200 51282 "-" "LWP::Simple/6.00 libwww-perl/6.03"
80.86.255.38 - - [31/Mar/2013:09:31:13 +0200] "GET /info.php/about.php?cartID=-1+union+select+0x6c6f67696e70776e7a,0x6c6f67696e70776e7a,0x6c6f67696e70776e7a,0x6c6f67696e70776e7a,0x6c6f67696e70776e7a,0x6c6f67696e70776e7a,0x6c6f67696e70776e7a,0x6c6f67696e70776e7a,0x6c6f67696e70776e7a,0x6c6f67696e70776e7a-- HTTP/1.1" 200 51450 "-" "LWP::Simple/6.00 libwww-perl/6.03"
80.86.255.38 - - [31/Mar/2013:09:31:15 +0200] "GET /info.php/about.php?cartID=-1+union+select+0x6c6f67696e70776e7a,0x6c6f67696e70776e7a,0x6c6f67696e70776e7a,0x6c6f67696e70776e7a,0x6c6f67696e70776e7a,0x6c6f67696e70776e7a,0x6c6f67696e70776e7a,0x6c6f67696e70776e7a,0x6c6f67696e70776e7a,0x6c6f67696e70776e7a,0x6c6f67696e70776e7a-- HTTP/1.1" 200 51618 "-" "LWP::Simple/6.00 libwww-perl/6.03"
80.86.255.38 - - [31/Mar/2013:09:31:17 +0200] "GET /info.php/about.php?cartID=-1+union+select+0x6c6f67696e70776e7a,0x6c6f67696e70776e7a,0x6c6f67696e70776e7a,0x6c6f67696e70776e7a,0x6c6f67696e70776e7a,0x6c6f67696e70776e7a,0x6c6f67696e70776e7a,0x6c6f67696e70776e7a,0x6c6f67696e70776e7a,0x6c6f67696e70776e7a,0x6c6f67696e70776e7a,0x6c6f67696e70776e7a-- HTTP/1.1" 200 51786 "-" "LWP::Simple/6.00 libwww-perl/6.03"
80.86.255.38 - - [31/Mar/2013:09:31:17 +0200] "GET /info.php/about.php?cartID=-1+union+select+0x6c6f67696e70776e7a,0x6c6f67696e70776e7a,0x6c6f67696e70776e7a,0x6c6f67696e70776e7a,0x6c6f67696e70776e7a,0x6c6f67696e70776e7a,0x6c6f67696e70776e7a,0x6c6f67696e70776e7a,0x6c6f67696e70776e7a,0x6c6f67696e70776e7a,0x6c6f67696e70776e7a,0x6c6f67696e70776e7a,0x6c6f67696e70776e7a-- HTTP/1.1" 200 51954 "-" "LWP::Simple/6.00 libwww-perl/6.03"
80.86.255.38 - - [31/Mar/2013:09:31:18 +0200] "GET /info.php/about.php?cartID=-1+union+select+0x6c6f67696e70776e7a,0x6c6f67696e70776e7a,0x6c6f67696e70776e7a,0x6c6f67696e70776e7a,0x6c6f67696e70776e7a,0x6c6f67696e70776e7a,0x6c6f67696e70776e7a,0x6c6f67696e70776e7a,0x6c6f67696e70776e7a,0x6c6f67696e70776e7a,0x6c6f67696e70776e7a,0x6c6f67696e70776e7a,0x6c6f67696e70776e7a,0x6c6f67696e70776e7a-- HTTP/1.1" 200 52122 "-" "LWP::Simple/6.00 libwww-perl/6.03"
80.86.255.38 - - [31/Mar/2013:09:31:19 +0200] "GET /info.php/about.php?cartID=-1+union+select+0x6c6f67696e70776e7a,0x6c6f67696e70776e7a,0x6c6f67696e70776e7a,0x6c6f67696e70776e7a,0x6c6f67696e70776e7a,0x6c6f67696e70776e7a,0x6c6f67696e70776e7a,0x6c6f67696e70776e7a,0x6c6f67696e70776e7a,0x6c6f67696e70776e7a,0x6c6f67696e70776e7a,0x6c6f67696e70776e7a,0x6c6f67696e70776e7a,0x6c6f67696e70776e7a,0x6c6f67696e70776e7a-- HTTP/1.1" 200 52285 "-" "LWP::Simple/6.00 libwww-perl/6.03"
80.86.255.38 - - [31/Mar/2013:09:31:20 +0200] "GET /info.php/about.php?cartID=-1+union+select+0x6c6f67696e70776e7a,0x6c6f67696e70776e7a,0x6c6f67696e70776e7a,0x6c6f67696e70776e7a,0x6c6f67696e70776e7a,0x6c6f67696e70776e7a,0x6c6f67696e70776e7a,0x6c6f67696e70776e7a,0x6c6f67696e70776e7a,0x6c6f67696e70776e7a,0x6c6f67696e70776e7a,0x6c6f67696e70776e7a,0x6c6f67696e70776e7a,0x6c6f67696e70776e7a,0x6c6f67696e70776e7a,0x6c6f67696e70776e7a-- HTTP/1.1" 200 52458 "-" "LWP::Simple/6.00 libwww-perl/6.03"
80.86.255.38 - - [31/Mar/2013:09:31:21 +0200] "GET /info.php/about.php?cartID=-1+union+select+0x6c6f67696e70776e7a,0x6c6f67696e70776e7a,0x6c6f67696e70776e7a,0x6c6f67696e70776e7a,0x6c6f67696e70776e7a,0x6c6f67696e70776e7a,0x6c6f67696e70776e7a,0x6c6f67696e70776e7a,0x6c6f67696e70776e7a,0x6c6f67696e70776e7a,0x6c6f67696e70776e7a,0x6c6f67696e70776e7a,0x6c6f67696e70776e7a,0x6c6f67696e70776e7a,0x6c6f67696e70776e7a,0x6c6f67696e70776e7a,0x6c6f67696e70776e7a-- HTTP/1.1" 200 52626 "-" "LWP::Simple/6.00 libwww-perl/6.03"
80.86.255.38 - - [31/Mar/2013:09:31:22 +0200] "GET /info.php/about.php?cartID=-1+union+select+0x6c6f67696e70776e7a,0x6c6f67696e70776e7a,0x6c6f67696e70776e7a,0x6c6f67696e70776e7a,0x6c6f67696e70776e7a,0x6c6f67696e70776e7a,0x6c6f67696e70776e7a,0x6c6f67696e70776e7a,0x6c6f67696e70776e7a,0x6c6f67696e70776e7a,0x6c6f67696e70776e7a,0x6c6f67696e70776e7a,0x6c6f67696e70776e7a,0x6c6f67696e70776e7a,0x6c6f67696e70776e7a,0x6c6f67696e70776e7a,0x6c6f67696e70776e7a,0x6c6f67696e70776e7a-- HTTP/1.1" 200 52794 "-" "LWP::Simple/6.00 libwww-perl/6.03"
80.86.255.38 - - [31/Mar/2013:09:31:24 +0200] "GET /info.php/about.php?cartID=-1+union+select+0x6c6f67696e70776e7a,0x6c6f67696e70776e7a,0x6c6f67696e70776e7a,0x6c6f67696e70776e7a,0x6c6f67696e70776e7a,0x6c6f67696e70776e7a,0x6c6f67696e70776e7a,0x6c6f67696e70776e7a,0x6c6f67696e70776e7a,0x6c6f67696e70776e7a,0x6c6f67696e70776e7a,0x6c6f67696e70776e7a,0x6c6f67696e70776e7a,0x6c6f67696e70776e7a,0x6c6f67696e70776e7a,0x6c6f67696e70776e7a,0x6c6f67696e70776e7a,0x6c6f67696e70776e7a,0x6c6f67696e70776e7a-- HTTP/1.1" 200 52957 "-" "LWP::Simple/6.00 libwww-perl/6.03"
80.86.255.38 - - [31/Mar/2013:09:31:25 +0200] "GET /info.php/about.php?cartID=-1+union+select+0x6c6f67696e70776e7a,0x6c6f67696e70776e7a,0x6c6f67696e70776e7a,0x6c6f67696e70776e7a,0x6c6f67696e70776e7a,0x6c6f67696e70776e7a,0x6c6f67696e70776e7a,0x6c6f67696e70776e7a,0x6c6f67696e70776e7a,0x6c6f67696e70776e7a,0x6c6f67696e70776e7a,0x6c6f67696e70776e7a,0x6c6f67696e70776e7a,0x6c6f67696e70776e7a,0x6c6f67696e70776e7a,0x6c6f67696e70776e7a,0x6c6f67696e70776e7a,0x6c6f67696e70776e7a,0x6c6f67696e70776e7a,0x6c6f67696e70776e7a-- HTTP/1.1" 200 53130 "-" "LWP::Simple/6.00 libwww-perl/6.03"
80.93.217.38 - - [31/Mar/2013:09:31:37 +0200] "GET /info.php HTTP/1.1" 200 50398 "http://activparty.hu/" "Mozilla/4.0 (compatible; MSIE 7.0; Windows NT 5.1; SV1; .NET CLR 2.0.50727)"
216.151.130.179 - - [31/Mar/2013:09:33:46 +0200] "GET /info.php HTTP/1.1" 200 50565 "http://activparty.hu/" "Mozilla/4.0 (compatible; MSIE 7.0; Windows NT 5.1; Trident/4.0; .NET CLR 2.0.50727; .NET CLR 3.0.4506.2152; .NET CLR 3.5.30729)"
80.93.217.38 - - [31/Mar/2013:09:34:44 +0200] "GET /info.php HTTP/1.1" 200 50365 "http://activparty.hu/" "Mozilla/5.0 (Windows NT 6.1; rv:5.0) Gecko/20100101 Firefox/5.02"
80.93.217.38 - - [31/Mar/2013:09:37:11 +0200] "GET /info.php HTTP/1.1" 200 50370 "http://activparty.hu/" "Opera/9.80 (Windows NT 5.1; U; en) Presto/2.10.289 Version/12.01"
80.93.217.38 - - [31/Mar/2013:09:39:14 +0200] "GET /info.php HTTP/1.1" 200 50601 "http://activparty.hu/" "Mozilla/4.0 (compatible; MSIE 8.0; Windows NT 6.0; Trident/4.0; Mozilla/4.0 (compatible; MSIE 6.0; Windows NT 5.1; SV1) ; .NET CLR 3.5.30729)"
80.93.217.38 - - [31/Mar/2013:09:42:09 +0200] "GET /info.php HTTP/1.1" 200 50424 "http://activparty.hu/" "Mozilla/4.0 (compatible; MSIE 7.0; Windows NT 5.1; Trident/4.0; .NET CLR 1.1.4322)"
216.151.130.179 - - [31/Mar/2013:09:43:24 +0200] "GET /info.php HTTP/1.1" 200 50376 "http://activparty.hu/" "Mozilla/5.0 (Windows NT 6.1; rv:5.0) Gecko/20100101 Firefox/5.02"
80.93.217.38 - - [31/Mar/2013:09:49:57 +0200] "GET /info.php HTTP/1.1" 200 50592 "http://activparty.hu/" "Mozilla/5.0 (Linux; U; Android 2.2; fr-fr; Desire_A8181 Build/FRF91) App3leWebKit/53.1 (KHTML, like Gecko) Version/4.0 Mobile Safari/533.1"
80.93.217.38 - - [31/Mar/2013:09:52:19 +0200] "GET /info.php HTTP/1.1" 200 50491 "http://activparty.hu/" "Mozilla/5.0 (Windows NT 6.1; WOW64) AppleWebKit/535.1 (KHTML, like Gecko) Chrome/13.0.782.112 Safari/535.1"
80.93.217.38 - - [31/Mar/2013:09:56:55 +0200] "GET /info.php HTTP/1.1" 200 50379 "http://activparty.hu/" "Mozilla/5.0 (Windows NT 5.1; rv:5.0.1) Gecko/20100101 Firefox/5.0.1"
216.151.130.179 - - [31/Mar/2013:09:58:13 +0200] "GET /info.php HTTP/1.1" 200 50499 "http://activparty.hu/" "Mozilla/4.0 (compatible; MSIE 6.0; Windows NT 5.1; SV1; FunWebProducts; .NET CLR 1.1.4322; PeoplePal 6.2)"
80.93.217.38 - - [31/Mar/2013:10:00:43 +0200] "GET /info.php HTTP/1.1" 200 50370 "http://activparty.hu/" "Mozilla/5.0 (Windows NT 6.1; rv:5.0) Gecko/20100101 Firefox/5.02"
216.151.130.179 - - [31/Mar/2013:10:01:54 +0200] "GET /info.php HTTP/1.1" 200 50409 "http://activparty.hu/" "Mozilla/4.0 (compatible; MSIE 7.0; Windows NT 5.1; SV1; .NET CLR 2.0.50727)"
80.93.217.38 - - [31/Mar/2013:10:02:57 +0200] "GET /info.php HTTP/1.1" 200 50379 "http://activparty.hu/" "Mozilla/5.0 (Windows NT 5.1; rv:13.0) Gecko/20100101 Firefox/13.0.1"
80.93.217.38 - - [31/Mar/2013:10:05:01 +0200] "GET /info.php HTTP/1.1" 200 50592 "http://activparty.hu/" "Mozilla/5.0 (Linux; U; Android 2.2; fr-fr; Desire_A8181 Build/FRF91) App3leWebKit/53.1 (KHTML, like Gecko) Version/4.0 Mobile Safari/533.1"
80.93.217.38 - - [31/Mar/2013:10:06:00 +0200] "GET /info.php HTTP/1.1" 200 50424 "http://activparty.hu/" "Mozilla/4.0 (compatible; MSIE 7.0; Windows NT 5.1; Trident/4.0; .NET CLR 1.1.4322)"
216.151.130.179 - - [31/Mar/2013:10:06:48 +0200] "GET /info.php HTTP/1.1" 200 50409 "http://activparty.hu/" "Mozilla/4.0 (compatible; MSIE 7.0; Windows NT 5.1; SV1; .NET CLR 2.0.50727)"
80.93.217.38 - - [31/Mar/2013:10:09:39 +0200] "GET /info.php HTTP/1.1" 200 50475 "http://activparty.hu/" "Mozilla/5.0 (Windows NT 6.0) AppleWebKit/535.1 (KHTML, like Gecko) Chrome/13.0.782.112 Safari/535.1"
216.151.130.179 - - [31/Mar/2013:10:11:00 +0200] "GET /info.php HTTP/1.1" 200 50481 "http://activparty.hu/" "Mozilla/5.0 (Windows NT 6.0) AppleWebKit/535.1 (KHTML, like Gecko) Chrome/13.0.782.112 Safari/535.1"
80.93.217.38 - - [31/Mar/2013:10:11:48 +0200] "GET /info.php HTTP/1.1" 200 50370 "http://activparty.hu/" "Opera/9.80 (Windows NT 5.1; U; en) Presto/2.10.289 Version/12.01"
216.151.130.179 - - [31/Mar/2013:10:14:20 +0200] "GET /info.php HTTP/1.1" 200 50385 "http://activparty.hu/" "Mozilla/5.0 (Windows NT 5.1; rv:13.0) Gecko/20100101 Firefox/13.0.1"
80.93.217.38 - - [31/Mar/2013:10:15:53 +0200] "GET /info.php HTTP/1.1" 200 50370 "http://activparty.hu/" "Mozilla/5.0 (Windows NT 6.1; rv:5.0) Gecko/20100101 Firefox/5.02"
80.93.217.38 - - [31/Mar/2013:10:18:15 +0200] "GET /info.php HTTP/1.1" 200 50559 "http://activparty.hu/" "Mozilla/4.0 (compatible; MSIE 7.0; Windows NT 5.1; Trident/4.0; .NET CLR 2.0.50727; .NET CLR 3.0.4506.2152; .NET CLR 3.5.30729)"
216.151.130.179 - - [31/Mar/2013:10:20:42 +0200] "GET /info.php HTTP/1.1" 200 50502 "http://activparty.hu/" "Mozilla/5.0 (Windows NT 6.1; WOW64) AppleWebKit/535.1 (KHTML, like Gecko) Chrome/13.0.782.112 Safari/535.1"
80.93.217.38 - - [31/Mar/2013:10:21:04 +0200] "GET /info.php HTTP/1.1" 200 50445 "http://activparty.hu/" "Mozilla/4.0 (compatible; MSIE 6.0; MSIE 5.5; Windows NT 5.0) Opera 7.02 Bork-edition [en]"
216.151.130.179 - - [31/Mar/2013:10:23:01 +0200] "GET /info.php HTTP/1.1" 200 50430 "http://activparty.hu/" "Mozilla/4.0 (compatible; MSIE 7.0; Windows NT 5.1; Trident/4.0; .NET CLR 1.1.4322)"
216.151.130.179 - - [31/Mar/2013:10:27:00 +0200] "GET /info.php HTTP/1.1" 200 50430 "http://activparty.hu/" "Mozilla/4.0 (compatible; MSIE 7.0; Windows NT 5.1; Trident/4.0; .NET CLR 1.1.4322)"
80.93.217.38 - - [31/Mar/2013:10:27:32 +0200] "GET /info.php HTTP/1.1" 200 50601 "http://activparty.hu/" "Mozilla/4.0 (compatible; MSIE 8.0; Windows NT 6.0; Trident/4.0; Mozilla/4.0 (compatible; MSIE 6.0; Windows NT 5.1; SV1) ; .NET CLR 3.5.30729)"
80.93.217.38 - - [31/Mar/2013:10:27:33 +0200] "GET /info.php HTTP/1.1" 200 50370 "http://activparty.hu/" "Mozilla/5.0 (Windows NT 6.1; rv:5.0) Gecko/20100101 Firefox/5.02"
216.151.130.179 - - [31/Mar/2013:10:31:06 +0200] "GET /info.php HTTP/1.1" 200 50499 "http://activparty.hu/" "Mozilla/4.0 (compatible; MSIE 6.0; Windows NT 5.1; SV1; FunWebProducts; .NET CLR 1.1.4322; PeoplePal 6.2)"
80.93.217.38 - - [31/Mar/2013:10:33:36 +0200] "GET /info.php HTTP/1.1" 200 50592 "http://activparty.hu/" "Mozilla/5.0 (Linux; U; Android 2.2; fr-fr; Desire_A8181 Build/FRF91) App3leWebKit/53.1 (KHTML, like Gecko) Version/4.0 Mobile Safari/533.1"
216.151.130.179 - - [31/Mar/2013:10:34:59 +0200] "GET /info.php HTTP/1.1" 200 50403 "http://activparty.hu/" "Mozilla/5.0 (Windows NT 6.1; rv:2.0b7pre) Gecko/20100921 Firefox/4.0b7pre"
80.93.217.38 - - [31/Mar/2013:10:36:30 +0200] "GET /info.php HTTP/1.1" 200 50379 "http://activparty.hu/" "Mozilla/5.0 (Windows NT 5.1; rv:5.0.1) Gecko/20100101 Firefox/5.0.1"
216.151.130.179 - - [31/Mar/2013:10:39:34 +0200] "GET /info.php HTTP/1.1" 200 50565 "http://activparty.hu/" "Mozilla/4.0 (compatible; MSIE 7.0; Windows NT 5.1; Trident/4.0; .NET CLR 2.0.50727; .NET CLR 3.0.4506.2152; .NET CLR 3.5.30729)"
80.93.217.38 - - [31/Mar/2013:10:42:02 +0200] "GET /info.php HTTP/1.1" 200 50374 "http://activparty.hu/" "Mozilla/5.0 (Windows NT 5.1; rv:13.0) Gecko/20100101 Firefox/13.0.1"
80.93.217.38 - - [31/Mar/2013:10:42:07 +0200] "GET /info.php HTTP/1.1" 200 50496 "http://activparty.hu/" "Mozilla/5.0 (Windows NT 6.1; WOW64) AppleWebKit/535.1 (KHTML, like Gecko) Chrome/13.0.782.112 Safari/535.1"
216.151.130.179 - - [31/Mar/2013:10:44:10 +0200] "GET /info.php HTTP/1.1" 200 50376 "http://activparty.hu/" "Mozilla/5.0 (Windows NT 6.1; rv:5.0) Gecko/20100101 Firefox/5.02"
80.93.217.38 - - [31/Mar/2013:10:47:25 +0200] "GET /info.php HTTP/1.1" 200 50445 "http://activparty.hu/" "Mozilla/4.0 (compatible; MSIE 6.0; MSIE 5.5; Windows NT 5.0) Opera 7.02 Bork-edition [en]"
80.93.217.38 - - [31/Mar/2013:10:49:24 +0200] "GET /info.php HTTP/1.1" 200 50592 "http://activparty.hu/" "Mozilla/5.0 (Linux; U; Android 2.2; fr-fr; Desire_A8181 Build/FRF91) App3leWebKit/53.1 (KHTML, like Gecko) Version/4.0 Mobile Safari/533.1"
80.93.217.38 - - [31/Mar/2013:10:51:46 +0200] "GET /info.php HTTP/1.1" 200 50397 "http://activparty.hu/" "Mozilla/5.0 (Windows NT 6.1; rv:2.0b7pre) Gecko/20100921 Firefox/4.0b7pre"
216.151.130.179 - - [31/Mar/2013:10:53:04 +0200] "GET /info.php HTTP/1.1" 200 50371 "http://activparty.hu/" "Opera/9.80 (Windows NT 5.1; U; en) Presto/2.10.289 Version/12.01"
80.93.217.38 - - [31/Mar/2013:10:54:17 +0200] "GET /info.php HTTP/1.1" 200 50493 "http://activparty.hu/" "Mozilla/4.0 (compatible; MSIE 6.0; Windows NT 5.1; SV1; FunWebProducts; .NET CLR 1.1.4322; PeoplePal 6.2)"
80.93.217.38 - - [31/Mar/2013:10:58:18 +0200] "GET /info.php HTTP/1.1" 200 50538 "http://activparty.hu/" "Mozilla/4.0 (compatible; MSIE 6.0; Windows NT 5.1; SV1; MRA 5.8 (build 4157); .NET CLR 2.0.50727; AskTbPTV/5.11.3.15590)"
80.93.217.38 - - [31/Mar/2013:10:59:05 +0200] "GET /info.php HTTP/1.1" 200 50592 "http://activparty.hu/" "Mozilla/5.0 (Linux; U; Android 2.2; fr-fr; Desire_A8181 Build/FRF91) App3leWebKit/53.1 (KHTML, like Gecko) Version/4.0 Mobile Safari/533.1"
216.151.130.179 - - [31/Mar/2013:11:02:05 +0200] "GET /info.php HTTP/1.1" 200 50598 "http://activparty.hu/" "Mozilla/5.0 (Linux; U; Android 2.2; fr-fr; Desire_A8181 Build/FRF91) App3leWebKit/53.1 (KHTML, like Gecko) Version/4.0 Mobile Safari/533.1"
80.93.217.38 - - [31/Mar/2013:11:05:31 +0200] "GET /info.php HTTP/1.1" 200 50424 "http://activparty.hu/" "Mozilla/4.0 (compatible; MSIE 7.0; Windows NT 5.1; Trident/4.0; .NET CLR 1.1.4322)"
80.93.217.38 - - [31/Mar/2013:11:06:07 +0200] "GET /info.php HTTP/1.1" 200 50601 "http://activparty.hu/" "Mozilla/4.0 (compatible; MSIE 8.0; Windows NT 6.0; Trident/4.0; Mozilla/4.0 (compatible; MSIE 6.0; Windows NT 5.1; SV1) ; .NET CLR 3.5.30729)"
216.151.130.179 - - [31/Mar/2013:11:07:43 +0200] "GET /info.php HTTP/1.1" 200 50598 "http://activparty.hu/" "Mozilla/5.0 (Linux; U; Android 2.2; fr-fr; Desire_A8181 Build/FRF91) App3leWebKit/53.1 (KHTML, like Gecko) Version/4.0 Mobile Safari/533.1"
80.93.217.38 - - [31/Mar/2013:11:10:18 +0200] "GET /info.php HTTP/1.1" 200 50538 "http://activparty.hu/" "Mozilla/4.0 (compatible; MSIE 6.0; Windows NT 5.1; SV1; MRA 5.8 (build 4157); .NET CLR 2.0.50727; AskTbPTV/5.11.3.15590)"
80.93.217.38 - - [31/Mar/2013:11:10:29 +0200] "GET /info.php HTTP/1.1" 200 50403 "http://activparty.hu/" "Mozilla/4.0 (compatible; MSIE 7.0; Windows NT 5.1; SV1; .NET CLR 2.0.50727)"
80.93.217.38 - - [31/Mar/2013:11:13:53 +0200] "GET /info.php HTTP/1.1" 200 50388 "http://activparty.hu/" "Mozilla/5.0 (Windows NT 6.1; WOW64; rv:5.0) Gecko/20100101 Firefox/5.0"
216.151.130.179 - - [31/Mar/2013:11:15:51 +0200] "GET /info.php HTTP/1.1" 200 50403 "http://activparty.hu/" "Mozilla/5.0 (Windows NT 6.1; rv:2.0b7pre) Gecko/20100921 Firefox/4.0b7pre"
80.93.217.38 - - [31/Mar/2013:11:17:11 +0200] "GET /info.php HTTP/1.1" 200 50424 "http://activparty.hu/" "Mozilla/4.0 (compatible; MSIE 7.0; Windows NT 5.1; Trident/4.0; .NET CLR 1.1.4322)"
80.93.217.38 - - [31/Mar/2013:11:18:42 +0200] "GET /info.php HTTP/1.1" 200 50379 "http://activparty.hu/" "Mozilla/5.0 (Windows NT 5.1; rv:5.0.1) Gecko/20100101 Firefox/5.0.1"
80.93.217.38 - - [31/Mar/2013:11:21:12 +0200] "GET /info.php HTTP/1.1" 200 50493 "http://activparty.hu/" "Mozilla/4.0 (compatible; MSIE 6.0; Windows NT 5.1; SV1; FunWebProducts; .NET CLR 1.1.4322; PeoplePal 6.2)"
216.151.130.179 - - [31/Mar/2013:11:23:34 +0200] "GET /info.php HTTP/1.1" 200 50385 "http://activparty.hu/" "Mozilla/5.0 (Windows NT 5.1; rv:13.0) Gecko/20100101 Firefox/13.0.1"
80.93.217.38 - - [31/Mar/2013:11:25:02 +0200] "GET /info.php HTTP/1.1" 200 50538 "http://activparty.hu/" "Mozilla/4.0 (compatible; MSIE 6.0; Windows NT 5.1; SV1; MRA 5.8 (build 4157); .NET CLR 2.0.50727; AskTbPTV/5.11.3.15590)"
80.93.217.38 - - [31/Mar/2013:11:25:32 +0200] "GET /info.php HTTP/1.1" 200 50370 "http://activparty.hu/" "Opera/9.80 (Windows NT 5.1; U; en) Presto/2.10.289 Version/12.01"
80.93.217.38 - - [31/Mar/2013:11:29:13 +0200] "GET /info.php HTTP/1.1" 200 50379 "http://activparty.hu/" "Mozilla/5.0 (Windows NT 5.1; rv:13.0) Gecko/20100101 Firefox/13.0.1"
216.151.130.179 - - [31/Mar/2013:11:32:00 +0200] "GET /info.php HTTP/1.1" 200 50481 "http://activparty.hu/" "Mozilla/5.0 (Windows NT 6.0) AppleWebKit/535.1 (KHTML, like Gecko) Chrome/13.0.782.112 Safari/535.1"
80.93.217.38 - - [31/Mar/2013:11:32:15 +0200] "GET /info.php HTTP/1.1" 200 50379 "http://activparty.hu/" "Mozilla/5.0 (Windows NT 5.1; rv:13.0) Gecko/20100101 Firefox/13.0.1"
80.93.217.38 - - [31/Mar/2013:11:35:08 +0200] "GET /info.php HTTP/1.1" 200 50424 "http://activparty.hu/" "Mozilla/4.0 (compatible; MSIE 7.0; Windows NT 5.1; Trident/4.0; .NET CLR 1.1.4322)"
80.93.217.38 - - [31/Mar/2013:11:38:23 +0200] "GET /info.php HTTP/1.1" 200 50496 "http://activparty.hu/" "Mozilla/5.0 (Windows NT 6.1; WOW64) AppleWebKit/535.1 (KHTML, like Gecko) Chrome/13.0.782.112 Safari/535.1"
80.93.217.38 - - [31/Mar/2013:11:39:35 +0200] "GET /info.php HTTP/1.1" 200 50383 "http://activparty.hu/" "Mozilla/5.0 (Windows NT 6.1; WOW64; rv:5.0) Gecko/20100101 Firefox/5.0"
216.151.130.179 - - [31/Mar/2013:11:41:12 +0200] "GET /info.php HTTP/1.1" 200 50394 "http://activparty.hu/" "Mozilla/5.0 (Windows NT 6.1; WOW64; rv:5.0) Gecko/20100101 Firefox/5.0"
80.93.217.38 - - [31/Mar/2013:11:43:54 +0200] "GET /info.php HTTP/1.1" 200 50397 "http://activparty.hu/" "Mozilla/5.0 (Windows NT 6.1; rv:2.0b7pre) Gecko/20100921 Firefox/4.0b7pre"
80.93.217.38 - - [31/Mar/2013:11:47:22 +0200] "GET /info.php HTTP/1.1" 200 50559 "http://activparty.hu/" "Mozilla/4.0 (compatible; MSIE 7.0; Windows NT 5.1; Trident/4.0; .NET CLR 2.0.50727; .NET CLR 3.0.4506.2152; .NET CLR 3.5.30729)"
216.151.130.179 - - [31/Mar/2013:11:49:54 +0200] "GET /info.php HTTP/1.1" 200 50607 "http://activparty.hu/" "Mozilla/4.0 (compatible; MSIE 8.0; Windows NT 6.0; Trident/4.0; Mozilla/4.0 (compatible; MSIE 6.0; Windows NT 5.1; SV1) ; .NET CLR 3.5.30729)"
80.93.217.38 - - [31/Mar/2013:11:50:51 +0200] "GET /info.php HTTP/1.1" 200 50388 "http://activparty.hu/" "Mozilla/5.0 (Windows NT 6.1; WOW64; rv:5.0) Gecko/20100101 Firefox/5.0"
80.93.217.38 - - [31/Mar/2013:11:54:23 +0200] "GET /info.php HTTP/1.1" 200 50388 "http://activparty.hu/" "Mozilla/5.0 (Windows NT 6.1; WOW64; rv:5.0) Gecko/20100101 Firefox/5.0"
80.93.217.38 - - [31/Mar/2013:11:55:35 +0200] "GET /info.php HTTP/1.1" 200 50365 "http://activparty.hu/" "Opera/9.80 (Windows NT 5.1; U; en) Presto/2.10.289 Version/12.01"
216.151.130.179 - - [31/Mar/2013:11:58:32 +0200] "GET /info.php HTTP/1.1" 200 50476 "http://activparty.hu/" "Mozilla/5.0 (Windows NT 6.0) AppleWebKit/535.1 (KHTML, like Gecko) Chrome/13.0.782.112 Safari/535.1"
80.93.217.38 - - [31/Mar/2013:12:00:05 +0200] "GET /info.php HTTP/1.1" 200 50397 "http://activparty.hu/" "Mozilla/5.0 (Windows NT 6.1; rv:2.0b7pre) Gecko/20100921 Firefox/4.0b7pre"
80.93.217.38 - - [31/Mar/2013:12:00:20 +0200] "GET /info.php HTTP/1.1" 200 50424 "http://activparty.hu/" "Mozilla/4.0 (compatible; MSIE 7.0; Windows NT 5.1; Trident/4.0; .NET CLR 1.1.4322)"
216.151.130.179 - - [31/Mar/2013:12:02:58 +0200] "GET /info.php HTTP/1.1" 200 50502 "http://activparty.hu/" "Mozilla/5.0 (Windows NT 6.1; WOW64) AppleWebKit/535.1 (KHTML, like Gecko) Chrome/13.0.782.112 Safari/535.1"
80.93.217.38 - - [31/Mar/2013:12:05:14 +0200] "GET /info.php HTTP/1.1" 200 50475 "http://activparty.hu/" "Mozilla/5.0 (Windows NT 6.0) AppleWebKit/535.1 (KHTML, like Gecko) Chrome/13.0.782.112 Safari/535.1"
216.151.130.179 - - [31/Mar/2013:12:05:57 +0200] "GET /info.php HTTP/1.1" 200 50403 "http://activparty.hu/" "Mozilla/5.0 (Windows NT 6.1; rv:2.0b7pre) Gecko/20100921 Firefox/4.0b7pre"
80.93.217.38 - - [31/Mar/2013:12:09:52 +0200] "GET /info.php HTTP/1.1" 200 50370 "http://activparty.hu/" "Opera/9.80 (Windows NT 5.1; U; en) Presto/2.10.289 Version/12.01"
80.93.217.38 - - [31/Mar/2013:12:10:11 +0200] "GET /info.php HTTP/1.1" 200 50601 "http://activparty.hu/" "Mozilla/4.0 (compatible; MSIE 8.0; Windows NT 6.0; Trident/4.0; Mozilla/4.0 (compatible; MSIE 6.0; Windows NT 5.1; SV1) ; .NET CLR 3.5.30729)"
216.151.130.179 - - [31/Mar/2013:12:12:33 +0200] "GET /info.php HTTP/1.1" 200 50607 "http://activparty.hu/" "Mozilla/4.0 (compatible; MSIE 8.0; Windows NT 6.0; Trident/4.0; Mozilla/4.0 (compatible; MSIE 6.0; Windows NT 5.1; SV1) ; .NET CLR 3.5.30729)"
80.93.217.38 - - [31/Mar/2013:12:14:17 +0200] "GET /info.php HTTP/1.1" 200 50424 "http://activparty.hu/" "Mozilla/4.0 (compatible; MSIE 7.0; Windows NT 5.1; Trident/4.0; .NET CLR 1.1.4322)"
80.93.217.38 - - [31/Mar/2013:12:15:13 +0200] "GET /info.php HTTP/1.1" 200 50493 "http://activparty.hu/" "Mozilla/4.0 (compatible; MSIE 6.0; Windows NT 5.1; SV1; FunWebProducts; .NET CLR 1.1.4322; PeoplePal 6.2)"
216.151.130.179 - - [31/Mar/2013:12:17:22 +0200] "GET /info.php HTTP/1.1" 200 50539 "http://activparty.hu/" "Mozilla/4.0 (compatible; MSIE 6.0; Windows NT 5.1; SV1; MRA 5.8 (build 4157); .NET CLR 2.0.50727; AskTbPTV/5.11.3.15590)"
80.93.217.38 - - [31/Mar/2013:12:19:30 +0200] "GET /info.php HTTP/1.1" 200 50488 "http://activparty.hu/" "Mozilla/4.0 (compatible; MSIE 6.0; Windows NT 5.1; SV1; FunWebProducts; .NET CLR 1.1.4322; PeoplePal 6.2)"
216.151.130.179 - - [31/Mar/2013:12:19:59 +0200] "GET /info.php HTTP/1.1" 200 50385 "http://activparty.hu/" "Mozilla/5.0 (Windows NT 5.1; rv:5.0.1) Gecko/20100101 Firefox/5.0.1"
216.151.130.179 - - [31/Mar/2013:12:24:08 +0200] "GET /info.php HTTP/1.1" 200 50502 "http://activparty.hu/" "Mozilla/5.0 (Windows NT 6.1; WOW64) AppleWebKit/535.1 (KHTML, like Gecko) Chrome/13.0.782.112 Safari/535.1"
80.93.217.38 - - [31/Mar/2013:12:24:25 +0200] "GET /info.php HTTP/1.1" 200 50496 "http://activparty.hu/" "Mozilla/5.0 (Windows NT 6.1; WOW64) AppleWebKit/535.1 (KHTML, like Gecko) Chrome/13.0.782.112 Safari/535.1"
80.93.217.38 - - [31/Mar/2013:12:28:12 +0200] "GET /info.php HTTP/1.1" 200 50445 "http://activparty.hu/" "Mozilla/4.0 (compatible; MSIE 6.0; MSIE 5.5; Windows NT 5.0) Opera 7.02 Bork-edition [en]"
216.151.130.179 - - [31/Mar/2013:12:28:27 +0200] "GET /info.php HTTP/1.1" 200 50607 "http://activparty.hu/" "Mozilla/4.0 (compatible; MSIE 8.0; Windows NT 6.0; Trident/4.0; Mozilla/4.0 (compatible; MSIE 6.0; Windows NT 5.1; SV1) ; .NET CLR 3.5.30729)"
80.93.217.38 - - [31/Mar/2013:12:33:48 +0200] "GET /info.php HTTP/1.1" 200 50496 "http://activparty.hu/" "Mozilla/5.0 (Windows NT 6.1; WOW64) AppleWebKit/535.1 (KHTML, like Gecko) Chrome/13.0.782.112 Safari/535.1"
216.151.130.179 - - [31/Mar/2013:12:33:58 +0200] "GET /info.php HTTP/1.1" 200 50398 "http://activparty.hu/" "Mozilla/5.0 (Windows NT 6.1; rv:2.0b7pre) Gecko/20100921 Firefox/4.0b7pre"
65.55.215.88 - - [31/Mar/2013:12:34:48 +0200] "GET /robots.txt HTTP/1.1" 404 - "-" "msnbot-media/1.1 (+http://search.msn.com/msnbot.htm)"
65.55.215.88 - - [31/Mar/2013:12:34:49 +0200] "GET /images/belepes_off.gif HTTP/1.1" 200 772 "-" "msnbot-media/1.1 (+http://search.msn.com/msnbot.htm)"
80.93.217.38 - - [31/Mar/2013:12:36:45 +0200] "GET /info.php HTTP/1.1" 200 50388 "http://activparty.hu/" "Mozilla/5.0 (Windows NT 6.1; WOW64; rv:5.0) Gecko/20100101 Firefox/5.0"
216.151.130.179 - - [31/Mar/2013:12:37:58 +0200] "GET /info.php HTTP/1.1" 200 50607 "http://activparty.hu/" "Mozilla/4.0 (compatible; MSIE 8.0; Windows NT 6.0; Trident/4.0; Mozilla/4.0 (compatible; MSIE 6.0; Windows NT 5.1; SV1) ; .NET CLR 3.5.30729)"
80.93.217.38 - - [31/Mar/2013:12:39:46 +0200] "GET /info.php HTTP/1.1" 200 50388 "http://activparty.hu/" "Mozilla/5.0 (Windows NT 6.1; WOW64; rv:5.0) Gecko/20100101 Firefox/5.0"
216.151.130.179 - - [31/Mar/2013:12:41:16 +0200] "GET /info.php HTTP/1.1" 200 50481 "http://activparty.hu/" "Mozilla/5.0 (Windows NT 6.0) AppleWebKit/535.1 (KHTML, like Gecko) Chrome/13.0.782.112 Safari/535.1"
80.93.217.38 - - [31/Mar/2013:12:41:29 +0200] "GET /info.php HTTP/1.1" 200 50559 "http://activparty.hu/" "Mozilla/4.0 (compatible; MSIE 7.0; Windows NT 5.1; Trident/4.0; .NET CLR 2.0.50727; .NET CLR 3.0.4506.2152; .NET CLR 3.5.30729)"
216.151.130.179 - - [31/Mar/2013:12:45:17 +0200] "GET /info.php HTTP/1.1" 200 50430 "http://activparty.hu/" "Mozilla/4.0 (compatible; MSIE 7.0; Windows NT 5.1; Trident/4.0; .NET CLR 1.1.4322)"
80.93.217.38 - - [31/Mar/2013:12:50:43 +0200] "GET /info.php HTTP/1.1" 200 50559 "http://activparty.hu/" "Mozilla/4.0 (compatible; MSIE 7.0; Windows NT 5.1; Trident/4.0; .NET CLR 2.0.50727; .NET CLR 3.0.4506.2152; .NET CLR 3.5.30729)"
216.151.130.179 - - [31/Mar/2013:12:51:12 +0200] "GET /info.php HTTP/1.1" 200 50409 "http://activparty.hu/" "Mozilla/4.0 (compatible; MSIE 7.0; Windows NT 5.1; SV1; .NET CLR 2.0.50727)"
182.118.22.209 - - [31/Mar/2013:12:53:39 +0200] "GET / HTTP/1.1" 200 3021 "http://activparty.hu/" "Mozilla/5.0 (Windows; U; Windows NT 5.1; zh-CN; rv:1.8.0.11) Firefox/1.5.0.11; 360Spider"
182.118.30.145 - - [31/Mar/2013:12:53:41 +0200] "GET / HTTP/1.1" 200 3021 "-" "Mozilla/5.0 (Windows NT 6.1) AppleWebKit/535.19 (KHTML, like Gecko) Chrome/18.0.1025.168 Safari/535.19"
80.93.217.38 - - [31/Mar/2013:12:54:25 +0200] "GET /info.php HTTP/1.1" 200 50559 "http://activparty.hu/" "Mozilla/4.0 (compatible; MSIE 7.0; Windows NT 5.1; Trident/4.0; .NET CLR 2.0.50727; .NET CLR 3.0.4506.2152; .NET CLR 3.5.30729)"
216.151.130.179 - - [31/Mar/2013:12:54:30 +0200] "GET /info.php HTTP/1.1" 200 50430 "http://activparty.hu/" "Mozilla/4.0 (compatible; MSIE 7.0; Windows NT 5.1; Trident/4.0; .NET CLR 1.1.4322)"
216.151.130.179 - - [31/Mar/2013:12:58:25 +0200] "GET /info.php HTTP/1.1" 200 50481 "http://activparty.hu/" "Mozilla/5.0 (Windows NT 6.0) AppleWebKit/535.1 (KHTML, like Gecko) Chrome/13.0.782.112 Safari/535.1"
80.93.217.38 - - [31/Mar/2013:12:59:06 +0200] "GET /info.php HTTP/1.1" 200 50379 "http://activparty.hu/" "Mozilla/5.0 (Windows NT 5.1; rv:13.0) Gecko/20100101 Firefox/13.0.1"
