199.180.128.96 - - [14/May/2013:03:05:46 +0200] "GET /info.php HTTP/1.0" 200 50216 "http://activparty.hu/" "Mozilla/5.0 (Windows NT 6.0) AppleWebKit/535.1 (KHTML, like Gecko) Chrome/13.0.782.112 Safari/535.1"
66.249.78.49 - - [14/May/2013:03:06:17 +0200] "GET / HTTP/1.1" 200 3021 "-" "SAMSUNG-SGH-E250/1.0 Profile/MIDP-2.0 Configuration/CLDC-1.1 UP.Browser/6.2.3.3.c.1.101 (GUI) MMP/2.0 (compatible; Googlebot-Mobile/2.1; +http://www.google.com/bot.html)"
66.249.78.49 - - [14/May/2013:03:09:03 +0200] "GET / HTTP/1.1" 200 3021 "-" "Mozilla/5.0 (iPhone; U; CPU iPhone OS 4_1 like Mac OS X; en-us) AppleWebKit/532.9 (KHTML, like Gecko) Version/4.0.5 Mobile/8B117 Safari/6531.22.7 (compatible; Googlebot-Mobile/2.1; +http://www.google.com/bot.html)"
66.249.78.49 - - [14/May/2013:03:12:57 +0200] "GET /info.php?a%5B%5D=%3Ca+href=http://gsaser.com.pl/%3Ecom.pl%3C/a%3E HTTP/1.1" 200 50426 "-" "Mozilla/5.0 (compatible; Googlebot/2.1; +http://www.google.com/bot.html)"
66.249.75.82 - - [14/May/2013:03:15:34 +0200] "GET /info.php?a%5B%5D=%3Ca+href=http://Gsaser.com.pl/%3Egsa+search+engine+ranker%3C/a%3E HTTP/1.1" 200 50617 "-" "Mozilla/5.0 (compatible; Googlebot/2.1; +http://www.google.com/bot.html)"
199.180.128.96 - - [14/May/2013:03:15:38 +0200] "GET /info.php HTTP/1.0" 200 50138 "http://activparty.hu/" "Mozilla/5.0 (Windows NT 6.1; rv:2.0b7pre) Gecko/20100921 Firefox/4.0b7pre"
199.180.128.96 - - [14/May/2013:03:16:59 +0200] "GET /info.php HTTP/1.0" 200 50279 "http://activparty.hu/" "Mozilla/4.0 (compatible; MSIE 6.0; Windows NT 5.1; SV1; MRA 5.8 (build 4157); .NET CLR 2.0.50727; AskTbPTV/5.11.3.15590)"
206.113.193.50 - - [14/May/2013:03:19:36 +0200] "GET /robots.txt HTTP/1.1" 404 - "-" "BlogPulseLive (support@blogpulse.com)"
206.113.193.50 - - [14/May/2013:03:19:37 +0200] "GET /info.php?a[]=%3Ca+href=http://gsaser.com.pl/%3Ecom.pl%3C/a%3E HTTP/1.1" 200 50170 "-" "BlogPulseLive (support@blogpulse.com)"
208.73.208.170 - - [14/May/2013:03:19:45 +0200] "HEAD / HTTP/1.1" 200 0 "-" "-"
199.180.128.96 - - [14/May/2013:03:20:28 +0200] "GET /info.php HTTP/1.0" 200 50342 "http://activparty.hu/" "Mozilla/4.0 (compatible; MSIE 8.0; Windows NT 6.0; Trident/4.0; Mozilla/4.0 (compatible; MSIE 6.0; Windows NT 5.1; SV1) ; .NET CLR 3.5.30729)"
206.113.193.50 - - [14/May/2013:03:22:17 +0200] "GET /robots.txt HTTP/1.1" 404 - "-" "BlogPulseLive (support@blogpulse.com)"
206.113.193.50 - - [14/May/2013:03:22:18 +0200] "GET /info.php?a[]=%3Ca+href=http://Gsaser.com.pl/%3Egsa+search+engine+ranker%3C/a%3E HTTP/1.1" 200 50356 "-" "BlogPulseLive (support@blogpulse.com)"
199.180.128.96 - - [14/May/2013:03:26:09 +0200] "GET /info.php HTTP/1.0" 200 50300 "http://activparty.hu/" "Mozilla/4.0 (compatible; MSIE 7.0; Windows NT 5.1; Trident/4.0; .NET CLR 2.0.50727; .NET CLR 3.0.4506.2152; .NET CLR 3.5.30729)"
199.180.128.96 - - [14/May/2013:03:31:52 +0200] "GET /info.php HTTP/1.0" 200 50295 "http://activparty.hu/" "Mozilla/4.0 (compatible; MSIE 7.0; Windows NT 5.1; Trident/4.0; .NET CLR 2.0.50727; .NET CLR 3.0.4506.2152; .NET CLR 3.5.30729)"
199.180.128.96 - - [14/May/2013:03:33:30 +0200] "GET /info.php HTTP/1.0" 200 50144 "http://activparty.hu/" "Mozilla/4.0 (compatible; MSIE 7.0; Windows NT 5.1; SV1; .NET CLR 2.0.50727)"
199.180.128.96 - - [14/May/2013:03:35:19 +0200] "GET /info.php HTTP/1.0" 200 50342 "http://activparty.hu/" "Mozilla/4.0 (compatible; MSIE 8.0; Windows NT 6.0; Trident/4.0; Mozilla/4.0 (compatible; MSIE 6.0; Windows NT 5.1; SV1) ; .NET CLR 3.5.30729)"
199.180.128.96 - - [14/May/2013:03:36:44 +0200] "GET /info.php HTTP/1.0" 200 50138 "http://activparty.hu/" "Mozilla/5.0 (Windows NT 6.1; rv:2.0b7pre) Gecko/20100921 Firefox/4.0b7pre"
199.180.128.96 - - [14/May/2013:03:40:53 +0200] "GET /info.php HTTP/1.0" 200 50237 "http://activparty.hu/" "Mozilla/5.0 (Windows NT 6.1; WOW64) AppleWebKit/535.1 (KHTML, like Gecko) Chrome/13.0.782.112 Safari/535.1"
199.180.128.96 - - [14/May/2013:03:42:47 +0200] "GET /info.php HTTP/1.0" 200 50186 "http://activparty.hu/" "Mozilla/4.0 (compatible; MSIE 6.0; MSIE 5.5; Windows NT 5.0) Opera 7.02 Bork-edition [en]"
199.180.128.96 - - [14/May/2013:03:46:05 +0200] "GET /info.php HTTP/1.0" 200 50124 "http://activparty.hu/" "Mozilla/5.0 (Windows NT 6.1; WOW64; rv:5.0) Gecko/20100101 Firefox/5.0"
199.180.128.96 - - [14/May/2013:03:49:14 +0200] "GET /info.php HTTP/1.0" 200 50333 "http://activparty.hu/" "Mozilla/5.0 (Linux; U; Android 2.2; fr-fr; Desire_A8181 Build/FRF91) App3leWebKit/53.1 (KHTML, like Gecko) Version/4.0 Mobile Safari/533.1"
199.180.128.96 - - [14/May/2013:03:50:28 +0200] "GET /info.php HTTP/1.0" 200 50333 "http://activparty.hu/" "Mozilla/5.0 (Linux; U; Android 2.2; fr-fr; Desire_A8181 Build/FRF91) App3leWebKit/53.1 (KHTML, like Gecko) Version/4.0 Mobile Safari/533.1"
199.180.128.96 - - [14/May/2013:03:52:00 +0200] "GET /info.php HTTP/1.0" 200 50111 "http://activparty.hu/" "Mozilla/5.0 (Windows NT 6.1; rv:5.0) Gecko/20100101 Firefox/5.02"
199.180.128.96 - - [14/May/2013:03:54:55 +0200] "GET /info.php HTTP/1.0" 200 50165 "http://activparty.hu/" "Mozilla/4.0 (compatible; MSIE 7.0; Windows NT 5.1; Trident/4.0; .NET CLR 1.1.4322)"
199.180.128.96 - - [14/May/2013:03:57:21 +0200] "GET /info.php HTTP/1.0" 200 50342 "http://activparty.hu/" "Mozilla/4.0 (compatible; MSIE 8.0; Windows NT 6.0; Trident/4.0; Mozilla/4.0 (compatible; MSIE 6.0; Windows NT 5.1; SV1) ; .NET CLR 3.5.30729)"
199.180.128.96 - - [14/May/2013:04:01:26 +0200] "GET /info.php HTTP/1.0" 200 50111 "http://activparty.hu/" "Mozilla/5.0 (Windows NT 6.1; rv:5.0) Gecko/20100101 Firefox/5.02"
199.180.128.96 - - [14/May/2013:04:02:48 +0200] "GET /info.php HTTP/1.0" 200 50333 "http://activparty.hu/" "Mozilla/5.0 (Linux; U; Android 2.2; fr-fr; Desire_A8181 Build/FRF91) App3leWebKit/53.1 (KHTML, like Gecko) Version/4.0 Mobile Safari/533.1"
208.73.208.170 - - [14/May/2013:04:18:54 +0200] "HEAD / HTTP/1.1" 200 0 "-" "-"
66.249.78.49 - - [14/May/2013:04:21:58 +0200] "GET /aktivparty.html HTTP/1.1" 304 - "-" "Mozilla/5.0 (iPhone; U; CPU iPhone OS 4_1 like Mac OS X; en-us) AppleWebKit/532.9 (KHTML, like Gecko) Version/4.0.5 Mobile/8B117 Safari/6531.22.7 (compatible; Googlebot-Mobile/2.1; +http://www.google.com/bot.html)"
66.249.75.82 - - [14/May/2013:05:35:04 +0200] "GET /info.php?a%5B%5D=%3Ca+href=http://gsaser.Com.pl%3Egsa+search+engine+ranker%3C/a%3E HTTP/1.1" 200 50609 "-" "Mozilla/5.0 (compatible; Googlebot/2.1; +http://www.google.com/bot.html)"
206.113.193.50 - - [14/May/2013:05:42:28 +0200] "GET /robots.txt HTTP/1.1" 404 - "-" "BlogPulseLive (support@blogpulse.com)"
206.113.193.50 - - [14/May/2013:05:42:29 +0200] "GET /info.php?a[]=%3Ca+href=http://gsaser.Com.pl%3Egsa+search+engine+ranker%3C/a%3E HTTP/1.1" 200 50348 "-" "BlogPulseLive (support@blogpulse.com)"
208.73.208.170 - - [14/May/2013:06:14:56 +0200] "HEAD / HTTP/1.1" 200 0 "-" "-"
208.73.208.170 - - [14/May/2013:07:19:31 +0200] "HEAD / HTTP/1.1" 200 0 "-" "-"
157.56.229.189 - - [14/May/2013:07:29:54 +0200] "GET /robots.txt HTTP/1.1" 404 - "-" "Mozilla/5.0 (compatible; bingbot/2.0; +http://www.bing.com/bingbot.htm)"
157.56.229.189 - - [14/May/2013:07:31:32 +0200] "GET / HTTP/1.1" 200 3021 "-" "Mozilla/5.0 (compatible; bingbot/2.0; +http://www.bing.com/bingbot.htm)"
66.249.78.49 - - [14/May/2013:07:53:40 +0200] "GET / HTTP/1.1" 200 3021 "-" "Mozilla/5.0 (compatible; Googlebot/2.1; +http://www.google.com/bot.html)"
78.8.187.64 - - [14/May/2013:08:04:21 +0200] "GET /info.php?a[]=%3Ca+href=http://11776.jawamdam.com.pl%3Ew$p1erajmy+hosp1cja%3C/a%3E HTTP/1.1" 200 51204 "http://activparty.hu/" "Mozilla/4.0 (compatible; MSIE 7.0; Windows NT 5.1; Trident/4.0; .NET CLR 1.1.4322)"
78.8.187.64 - - [14/May/2013:08:04:22 +0200] "GET /info.php?a[]=%3Ca+href=http://15757.xn--w-cip-n0a.pl%3Eerotyka%3C/a%3E HTTP/1.1" 200 51102 "http://activparty.hu/" "Mozilla/4.0 (compatible; MSIE 7.0; Windows NT 5.1; Trident/4.0; .NET CLR 1.1.4322)"
78.8.187.64 - - [14/May/2013:08:04:29 +0200] "GET /info.php?a[]=%3Ca+href=http://15757.xn--w-cip-n0a.pl%3Eerotyka%3C/a%3E HTTP/1.1" 200 51123 "http://activparty.hu/" "Mozilla/4.0 (compatible; MSIE 6.0; MSIE 5.5; Windows NT 5.0) Opera 7.02 Bork-edition [en]"
75.146.57.217 - - [14/May/2013:08:12:22 +0200] "HEAD / HTTP/1.1" 200 0 "-" "Mozilla/5.0 (Windows; U; Windows NT 5.1; en-US; rv:1.8.1.15) Gecko/20080623 Firefox/2.0.0.15"
75.146.57.217 - - [14/May/2013:08:12:23 +0200] "GET / HTTP/1.0" 200 3021 "-" "-"
208.73.208.170 - - [14/May/2013:08:19:05 +0200] "HEAD / HTTP/1.1" 200 0 "-" "-"
208.73.208.170 - - [14/May/2013:09:17:24 +0200] "HEAD / HTTP/1.1" 200 0 "-" "-"
192.95.0.218 - - [14/May/2013:10:00:50 +0200] "GET /info.php HTTP/1.0" 200 50324 "http://activparty.hu/" "Mozilla/5.0 (Linux; U; Android 2.2; fr-fr; Desire_A8181 Build/FRF91) App3leWebKit/53.1 (KHTML, like Gecko) Version/4.0 Mobile Safari/533.1"
198.143.144.133 - - [14/May/2013:10:03:03 +0200] "GET /info.php HTTP/1.0" 200 50335 "http://activparty.hu/" "Mozilla/5.0 (Linux; U; Android 2.2; fr-fr; Desire_A8181 Build/FRF91) App3leWebKit/53.1 (KHTML, like Gecko) Version/4.0 Mobile Safari/533.1"
198.143.144.133 - - [14/May/2013:10:04:04 +0200] "GET /info.php HTTP/1.0" 200 50188 "http://activparty.hu/" "Mozilla/4.0 (compatible; MSIE 6.0; MSIE 5.5; Windows NT 5.0) Opera 7.02 Bork-edition [en]"
184.154.119.227 - - [14/May/2013:10:14:50 +0200] "GET /info.php HTTP/1.0" 200 50167 "http://activparty.hu/" "Mozilla/4.0 (compatible; MSIE 7.0; Windows NT 5.1; Trident/4.0; .NET CLR 1.1.4322)"
208.73.208.170 - - [14/May/2013:10:16:46 +0200] "HEAD / HTTP/1.1" 200 0 "-" "-"
37.59.88.246 - - [14/May/2013:10:17:46 +0200] "GET /info.php HTTP/1.0" 200 50140 "http://activparty.hu/" "Mozilla/4.0 (compatible; MSIE 7.0; Windows NT 5.1; SV1; .NET CLR 2.0.50727)"
37.59.88.246 - - [14/May/2013:10:22:55 +0200] "GET /info.php HTTP/1.0" 200 50275 "http://activparty.hu/" "Mozilla/4.0 (compatible; MSIE 6.0; Windows NT 5.1; SV1; MRA 5.8 (build 4157); .NET CLR 2.0.50727; AskTbPTV/5.11.3.15590)"
178.216.48.90 - - [14/May/2013:10:30:10 +0200] "GET /info.php HTTP/1.0" 200 50232 "http://activparty.hu/" "Mozilla/4.0 (compatible; MSIE 6.0; Windows NT 5.1; SV1; FunWebProducts; .NET CLR 1.1.4322; PeoplePal 6.2)"
178.216.48.90 - - [14/May/2013:10:30:28 +0200] "GET /info.php HTTP/1.0" 200 50184 "http://activparty.hu/" "Mozilla/4.0 (compatible; MSIE 6.0; MSIE 5.5; Windows NT 5.0) Opera 7.02 Bork-edition [en]"
178.216.48.90 - - [14/May/2013:10:31:04 +0200] "GET /info.php HTTP/1.0" 200 50235 "http://activparty.hu/" "Mozilla/5.0 (Windows NT 6.1; WOW64) AppleWebKit/535.1 (KHTML, like Gecko) Chrome/13.0.782.112 Safari/535.1"
157.56.229.189 - - [14/May/2013:10:33:42 +0200] "GET /robots.txt HTTP/1.1" 404 - "-" "Mozilla/5.0 (compatible; bingbot/2.0; +http://www.bing.com/bingbot.htm)"
178.216.48.90 - - [14/May/2013:10:34:08 +0200] "GET /info.php HTTP/1.0" 200 50298 "http://activparty.hu/" "Mozilla/4.0 (compatible; MSIE 7.0; Windows NT 5.1; Trident/4.0; .NET CLR 2.0.50727; .NET CLR 3.0.4506.2152; .NET CLR 3.5.30729)"
157.56.229.189 - - [14/May/2013:10:35:33 +0200] "GET / HTTP/1.1" 200 3021 "-" "Mozilla/5.0 (compatible; bingbot/2.0; +http://www.bing.com/bingbot.htm)"
178.216.48.90 - - [14/May/2013:10:35:52 +0200] "GET /info.php HTTP/1.0" 200 50109 "http://activparty.hu/" "Mozilla/5.0 (Windows NT 6.1; rv:5.0) Gecko/20100101 Firefox/5.02"
178.216.48.90 - - [14/May/2013:10:38:39 +0200] "GET /info.php HTTP/1.0" 200 50136 "http://activparty.hu/" "Mozilla/5.0 (Windows NT 6.1; rv:2.0b7pre) Gecko/20100921 Firefox/4.0b7pre"
178.216.48.90 - - [14/May/2013:10:39:54 +0200] "GET /info.php HTTP/1.0" 200 50118 "http://activparty.hu/" "Mozilla/5.0 (Windows NT 5.1; rv:5.0.1) Gecko/20100101 Firefox/5.0.1"
184.154.38.148 - - [14/May/2013:10:41:09 +0200] "GET /info.php HTTP/1.0" 200 50138 "http://activparty.hu/" "Mozilla/5.0 (Windows NT 6.1; rv:2.0b7pre) Gecko/20100921 Firefox/4.0b7pre"
178.216.48.90 - - [14/May/2013:10:43:33 +0200] "GET /info.php HTTP/1.0" 200 50331 "http://activparty.hu/" "Mozilla/5.0 (Linux; U; Android 2.2; fr-fr; Desire_A8181 Build/FRF91) App3leWebKit/53.1 (KHTML, like Gecko) Version/4.0 Mobile Safari/533.1"
178.216.48.90 - - [14/May/2013:10:44:01 +0200] "GET /info.php HTTP/1.0" 200 50124 "http://activparty.hu/" "Opera/9.80 (Windows NT 6.2; Win64; x64) Presto/2.12.388 Version/12.15"
184.154.38.148 - - [14/May/2013:10:44:58 +0200] "GET /info.php HTTP/1.0" 200 50186 "http://activparty.hu/" "Mozilla/4.0 (compatible; MSIE 6.0; MSIE 5.5; Windows NT 5.0) Opera 7.02 Bork-edition [en]"
178.216.48.90 - - [14/May/2013:10:46:16 +0200] "GET /info.php HTTP/1.0" 200 50142 "http://activparty.hu/" "Mozilla/4.0 (compatible; MSIE 7.0; Windows NT 5.1; SV1; .NET CLR 2.0.50727)"
178.216.48.90 - - [14/May/2013:10:47:05 +0200] "GET /info.php HTTP/1.0" 200 50214 "http://activparty.hu/" "Mozilla/5.0 (Windows NT 6.0) AppleWebKit/535.1 (KHTML, like Gecko) Chrome/13.0.782.112 Safari/535.1"
184.154.38.148 - - [14/May/2013:10:47:54 +0200] "GET /info.php HTTP/1.0" 200 50120 "http://activparty.hu/" "Mozilla/5.0 (Windows NT 5.1; rv:5.0.1) Gecko/20100101 Firefox/5.0.1"
184.154.38.148 - - [14/May/2013:10:49:17 +0200] "GET /info.php HTTP/1.0" 200 50165 "http://activparty.hu/" "Mozilla/4.0 (compatible; MSIE 7.0; Windows NT 5.1; Trident/4.0; .NET CLR 1.1.4322)"
184.154.38.148 - - [14/May/2013:10:50:26 +0200] "GET /info.php HTTP/1.0" 200 50234 "http://activparty.hu/" "Mozilla/4.0 (compatible; MSIE 6.0; Windows NT 5.1; SV1; FunWebProducts; .NET CLR 1.1.4322; PeoplePal 6.2)"
184.154.38.148 - - [14/May/2013:10:51:29 +0200] "GET /info.php HTTP/1.0" 200 50165 "http://activparty.hu/" "Mozilla/4.0 (compatible; MSIE 7.0; Windows NT 5.1; Trident/4.0; .NET CLR 1.1.4322)"
184.154.38.148 - - [14/May/2013:10:52:33 +0200] "GET /info.php HTTP/1.0" 200 50300 "http://activparty.hu/" "Mozilla/4.0 (compatible; MSIE 7.0; Windows NT 5.1; Trident/4.0; .NET CLR 2.0.50727; .NET CLR 3.0.4506.2152; .NET CLR 3.5.30729)"
184.154.38.148 - - [14/May/2013:10:53:49 +0200] "GET /info.php HTTP/1.0" 200 50229 "http://activparty.hu/" "Mozilla/4.0 (compatible; MSIE 6.0; Windows NT 5.1; SV1; FunWebProducts; .NET CLR 1.1.4322; PeoplePal 6.2)"
184.154.38.148 - - [14/May/2013:10:54:51 +0200] "GET /info.php HTTP/1.0" 200 50160 "http://activparty.hu/" "Mozilla/4.0 (compatible; MSIE 7.0; Windows NT 5.1; Trident/4.0; .NET CLR 1.1.4322)"
184.154.38.148 - - [14/May/2013:10:55:51 +0200] "GET /info.php HTTP/1.0" 200 50138 "http://activparty.hu/" "Mozilla/5.0 (Windows NT 6.1; rv:2.0b7pre) Gecko/20100921 Firefox/4.0b7pre"
184.154.38.148 - - [14/May/2013:10:57:26 +0200] "GET /info.php HTTP/1.0" 200 50129 "http://activparty.hu/" "Mozilla/5.0 (Windows NT 6.1; WOW64; rv:5.0) Gecko/20100101 Firefox/5.0"
184.154.38.148 - - [14/May/2013:10:58:36 +0200] "GET /info.php HTTP/1.0" 200 50129 "http://activparty.hu/" "Mozilla/5.0 (Windows NT 6.1; WOW64; rv:5.0) Gecko/20100101 Firefox/5.0"
77.88.42.27 - - [14/May/2013:10:58:36 +0200] "GET /robots.txt HTTP/1.1" 404 - "-" "Mozilla/5.0 (compatible; YandexBot/3.0; +http://yandex.com/bots)"
77.88.42.27 - - [14/May/2013:10:58:39 +0200] "GET /robots.txt HTTP/1.1" 404 - "-" "Mozilla/5.0 (compatible; YandexBot/3.0; +http://yandex.com/bots)"
77.88.42.27 - - [14/May/2013:10:58:39 +0200] "GET / HTTP/1.1" 200 3021 "-" "Mozilla/5.0 (compatible; YandexBot/3.0; +http://yandex.com/bots)"
77.88.42.27 - - [14/May/2013:10:58:41 +0200] "GET / HTTP/1.1" 200 3021 "-" "Mozilla/5.0 (compatible; YandexBot/3.0; +http://yandex.com/bots)"
178.216.48.90 - - [14/May/2013:10:58:41 +0200] "GET /info.php HTTP/1.0" 200 50232 "http://activparty.hu/" "Mozilla/4.0 (compatible; MSIE 6.0; Windows NT 5.1; SV1; FunWebProducts; .NET CLR 1.1.4322; PeoplePal 6.2)"
77.88.42.27 - - [14/May/2013:10:58:52 +0200] "GET / HTTP/1.1" 200 3021 "-" "Mozilla/5.0 (compatible; YandexBot/3.0; +http://yandex.com/bots)"
77.88.42.27 - - [14/May/2013:10:58:53 +0200] "GET / HTTP/1.1" 200 3021 "-" "Mozilla/5.0 (compatible; YandexBot/3.0; +http://yandex.com/bots)"
184.154.38.148 - - [14/May/2013:10:59:39 +0200] "GET /info.php HTTP/1.0" 200 50115 "http://activparty.hu/" "Mozilla/5.0 (Windows NT 5.1; rv:5.0.1) Gecko/20100101 Firefox/5.0.1"
184.154.38.148 - - [14/May/2013:11:00:40 +0200] "GET /info.php HTTP/1.0" 200 50138 "http://activparty.hu/" "Mozilla/5.0 (Windows NT 6.1; rv:2.0b7pre) Gecko/20100921 Firefox/4.0b7pre"
178.33.252.35 - - [14/May/2013:11:04:57 +0200] "GET /ukgwacnf.html?url=http://activparty.hu/ HTTP/1.1" 404 - "http://webarchive.nationalarchives.gov.uk/" "Opera/9.80 (Windows NT 6.2; Win64; x64) Presto/2.12.388 Version/12.15"
176.9.55.181 - - [14/May/2013:11:04:57 +0200] "GET / HTTP/1.1" 200 3021 "-" "-"
194.109.117.211 - - [14/May/2013:11:04:57 +0200] "GET /info.php?a[]=%3Ca+href=http://www.bestdatingsitesreview4u.com/%3Ewww.bestdatingsitesreview4u.com%3C/a%3E HTTP/1.1" 200 50881 "-" "OpenLink Virtuoso RDF crawler"
178.33.252.35 - - [14/May/2013:11:04:58 +0200] "GET /info.php?a[]=%3Ca+href=http://www.bestdatingsitesreview4u.com/%3Ewww.bestdatingsitesreview4u.com%3C/a%3E HTTP/1.1" 200 51351 "http://redirectingat.com/" "Opera/9.80 (Windows NT 6.2; Win64; x64) Presto/2.12.388 Version/12.15"
199.16.153.2 - - [14/May/2013:11:04:59 +0200] "GET / HTTP/1.0" 200 3021 "-" "Mozilla/5.0 (X11; U; Linux i686; en-US; rv:1.2.1) Gecko/20021204"
77.243.239.162 - - [14/May/2013:11:04:59 +0200] "HEAD / HTTP/1.1" 200 0 "-" "Mozilla/5.0 (Windows; U; Windows NT 5.1; en-US; rv:1.8.1.1) Gecko/20061204 Firefox/2.0.0.1"
77.243.239.162 - - [14/May/2013:11:04:59 +0200] "HEAD / HTTP/1.1" 200 0 "-" "Mozilla/5.0 (Windows; U; Windows NT 5.1; en-US; rv:1.8.1.1) Gecko/20061204 Firefox/2.0.0.1"
178.33.252.35 - - [14/May/2013:11:05:00 +0200] "GET / HTTP/1.1" 200 3021 "http://virtual.brest.by/" "Opera/9.80 (Windows NT 6.2; Win64; x64) Presto/2.12.388 Version/12.15"
178.33.252.35 - - [14/May/2013:11:05:00 +0200] "GET /info.php?a[]=%3Ca+href=http://www.bestdatingsitesreview4u.com/%3Ewww.bestdatingsitesreview4u.com%3C/a%3E HTTP/1.1" 200 51360 "http://1427.c-us.360tag.net/" "Opera/9.80 (Windows NT 6.2; Win64; x64) Presto/2.12.388 Version/12.15"
77.243.239.162 - - [14/May/2013:11:05:00 +0200] "HEAD / HTTP/1.1" 200 0 "-" "Mozilla/5.0 (Windows; U; Windows NT 5.1; en-US; rv:1.8.1.1) Gecko/20061204 Firefox/2.0.0.1"
77.243.239.162 - - [14/May/2013:11:05:00 +0200] "GET / HTTP/1.1" 200 3021 "-" "Mozilla/5.0 (Windows; U; Windows NT 5.1; en-US; rv:1.8.1.1) Gecko/20061204 Firefox/2.0.0.1"
178.33.252.35 - - [14/May/2013:11:05:00 +0200] "GET / HTTP/1.1" 200 3021 "http://tesco-ms-ops02.usdk.net/" "Opera/9.80 (Windows NT 6.2; Win64; x64) Presto/2.12.388 Version/12.15"
77.243.239.162 - - [14/May/2013:11:05:00 +0200] "GET / HTTP/1.0" 200 3021 "-" "-"
178.33.252.35 - - [14/May/2013:11:05:01 +0200] "GET / HTTP/1.1" 200 3021 "http://big5.mep.gov.cn/" "Opera/9.80 (Windows NT 6.2; Win64; x64) Presto/2.12.388 Version/12.15"
77.243.239.162 - - [14/May/2013:11:05:01 +0200] "GET / HTTP/1.0" 200 3021 "-" "-"
69.41.173.145 - - [14/May/2013:11:05:02 +0200] "GET / HTTP/1.0" 304 - "http://www.webwarper.net/" "Opera/9.80 (Windows NT 6.2; Win64; x64) Presto/2.12.388 Version/12.15"
178.33.252.35 - - [14/May/2013:11:05:02 +0200] "GET / HTTP/1.1" 200 3021 "http://mobi3.ru/" "Opera/9.80 (Windows NT 6.2; Win64; x64) Presto/2.12.388 Version/12.15"
66.249.81.49 - - [14/May/2013:11:05:03 +0200] "GET / HTTP/1.1" 200 3021 "-" "Mozilla/5.0 (Windows NT 6.1; rv:6.0) Gecko/20110814 Firefox/6.0 Google (+https://developers.google.com/+/web/snippet/)"
66.249.81.49 - - [14/May/2013:11:05:03 +0200] "GET /favicon.ico HTTP/1.1" 404 - "-" "Mozilla/5.0 (Windows NT 6.1; rv:6.0) Gecko/20110814 Firefox/6.0 Google (+https://developers.google.com/+/web/snippet/)"
61.247.205.31 - - [14/May/2013:11:05:03 +0200] "GET / HTTP/1.0" 200 3021 "http://activparty.hu" "Opera/9.80 (Windows NT 6.2; Win64; x64) Presto/2.12.388 Version/12.15"
37.200.98.39 - - [14/May/2013:11:05:03 +0200] "GET / HTTP/1.1" 200 3021 "http://web-sniffer.net/" "-"
199.80.56.37 - - [14/May/2013:11:05:03 +0200] "GET / HTTP/1.1" 200 3021 "-" "PHP/5.3.3"
83.169.26.5 - - [14/May/2013:11:05:03 +0200] "GET / HTTP/1.1" 200 3021 "-" "RankFlex.com Webspider"
83.169.26.5 - - [14/May/2013:11:05:03 +0200] "GET / HTTP/1.1" 200 3021 "-" "Googlebot/2.1 (+http://www.google.com/bot.html)"
199.80.56.37 - - [14/May/2013:11:05:04 +0200] "GET / HTTP/1.1" 200 3021 "-" "Mozilla/5.0 (Windows; U; Windows NT 5.1; rv:1.7.3) Gecko/20041001 Firefox/0.10.1"
199.80.56.37 - - [14/May/2013:11:05:04 +0200] "GET / HTTP/1.1" 200 3021 "-" "PHP/5.3.3"
173.1.110.186 - - [14/May/2013:11:05:04 +0200] "HEAD / HTTP/1.1" 200 0 "-" "TipTop http://feeltiptop.com"
173.1.110.186 - - [14/May/2013:11:05:04 +0200] "GET / HTTP/1.0" 200 3021 "-" "TipTop http://feeltiptop.com"
74.208.14.106 - - [14/May/2013:11:05:05 +0200] "GET / HTTP/1.0" 200 3021 "-" "FeedBlitz/1.0"
203.171.233.91 - - [14/May/2013:11:05:05 +0200] "GET / HTTP/1.0" 200 3021 "-" "-"
173.236.159.175 - - [14/May/2013:11:05:05 +0200] "GET / HTTP/1.0" 200 3021 "-" "Genderanalyzer/1.0"
203.171.233.91 - - [14/May/2013:11:05:06 +0200] "GET / HTTP/1.0" 200 3021 "-" "-"
178.33.252.35 - - [14/May/2013:11:05:06 +0200] "GET /info.php?a[]=%3Ca+href=http://www.bestdatingsitesreview4u.com/%3Ewww.bestdatingsitesreview4u.com%3C/a%3E HTTP/1.1" 200 51360 "http://1427.c-us.360tag.net/" "Opera/9.80 (Windows NT 6.2; Win64; x64) Presto/2.12.388 Version/12.15"
178.33.252.35 - - [14/May/2013:11:05:06 +0200] "GET /info.php?a[]=%3Ca+href=http://www.bestdatingsitesreview4u.com/%3Ewww.bestdatingsitesreview4u.com%3C/a%3E HTTP/1.1" 200 51366 "http://www.petitiononline.com/" "Opera/9.80 (Windows NT 6.2; Win64; x64) Presto/2.12.388 Version/12.15"
106.187.99.251 - - [14/May/2013:11:05:07 +0200] "HEAD / HTTP/1.1" 200 0 "-" "-"
69.42.83.153 - - [14/May/2013:11:05:08 +0200] "GET / HTTP/1.0" 200 3021 "-" "-"
69.42.83.153 - - [14/May/2013:11:05:08 +0200] "GET / HTTP/1.1" 200 3021 "-" "Opera/9.80 (Windows NT 6.2; Win64; x64) Presto/2.12.388 Version/12.15"
178.33.252.35 - - [14/May/2013:11:05:08 +0200] "GET / HTTP/1.1" 200 3021 "http://www.stnn.cc:82/" "Opera/9.80 (Windows NT 6.2; Win64; x64) Presto/2.12.388 Version/12.15"
126.9.120.142 - - [14/May/2013:11:05:09 +0200] "GET / HTTP/1.1" 200 3021 "-" "Mozilla/5.0 (X11; U; Linux; ja-JP) AppleWebKit/527+ (KHTML, like Gecko, Safari/419.3)"
205.186.172.15 - - [14/May/2013:11:05:09 +0200] "GET / HTTP/1.1" 200 3021 "-" "-"
205.186.172.15 - - [14/May/2013:11:05:10 +0200] "GET / HTTP/1.1" 200 3021 "-" "-"
126.9.120.142 - - [14/May/2013:11:05:10 +0200] "GET /images/logo.gif HTTP/1.1" 200 2246 "http://activparty.hu/" "Mozilla/5.0 (X11; Linux x86_64) AppleWebKit/534.34 (KHTML, like Gecko) Qt/4.8.2 Safari/534.34"
126.9.120.142 - - [14/May/2013:11:05:10 +0200] "GET /images/belepes_off.gif HTTP/1.1" 200 772 "http://activparty.hu/" "Mozilla/5.0 (X11; Linux x86_64) AppleWebKit/534.34 (KHTML, like Gecko) Qt/4.8.2 Safari/534.34"
126.9.120.142 - - [14/May/2013:11:05:10 +0200] "GET /images/logo.gif HTTP/1.1" 200 2246 "http://activparty.hu/" "Mozilla/5.0 (X11; U; Linux x86_64; ja-JP) AppleWebKit/533.3 (KHTML, like Gecko) Qt/4.8.0 Safari/533.3"
126.9.120.142 - - [14/May/2013:11:05:10 +0200] "GET /images/letoltes_off.gif HTTP/1.1" 200 821 "http://activparty.hu/" "Mozilla/5.0 (X11; Linux x86_64) AppleWebKit/534.34 (KHTML, like Gecko) Qt/4.8.2 Safari/534.34"
126.9.120.142 - - [14/May/2013:11:05:10 +0200] "GET /images/letoltes_off.gif HTTP/1.1" 200 821 "http://activparty.hu/" "Mozilla/5.0 (X11; U; Linux x86_64; ja-JP) AppleWebKit/533.3 (KHTML, like Gecko) Qt/4.8.0 Safari/533.3"
126.9.120.142 - - [14/May/2013:11:05:10 +0200] "GET /images/belepes_off.gif HTTP/1.1" 200 772 "http://activparty.hu/" "Mozilla/5.0 (X11; U; Linux x86_64; ja-JP) AppleWebKit/533.3 (KHTML, like Gecko) Qt/4.8.0 Safari/533.3"
205.186.172.15 - - [14/May/2013:11:05:10 +0200] "GET / HTTP/1.1" 200 3021 "-" "Opera/9.80 (Windows NT 6.2; Win64; x64) Presto/2.12.388 Version/12.15"
182.50.130.47 - - [14/May/2013:11:05:10 +0200] "GET / HTTP/1.1" 200 3021 "-" "Opera/9.80 (Windows NT 6.2; Win64; x64) Presto/2.12.388 Version/12.15"
126.9.120.142 - - [14/May/2013:11:05:11 +0200] "GET /images/letoltes_on.gif HTTP/1.1" 200 821 "http://activparty.hu/" "Mozilla/5.0 (X11; Linux x86_64) AppleWebKit/534.34 (KHTML, like Gecko) Qt/4.8.2 Safari/534.34"
126.9.120.142 - - [14/May/2013:11:05:11 +0200] "GET /images/letoltes_on.gif HTTP/1.1" 200 821 "http://activparty.hu/" "Mozilla/5.0 (X11; U; Linux x86_64; ja-JP) AppleWebKit/533.3 (KHTML, like Gecko) Qt/4.8.0 Safari/533.3"
126.9.120.142 - - [14/May/2013:11:05:11 +0200] "GET /images/belepes_on.gif HTTP/1.1" 200 771 "http://activparty.hu/" "Mozilla/5.0 (X11; Linux x86_64) AppleWebKit/534.34 (KHTML, like Gecko) Qt/4.8.2 Safari/534.34"
126.9.120.142 - - [14/May/2013:11:05:11 +0200] "GET /images/belepes_on.gif HTTP/1.1" 200 771 "http://activparty.hu/" "Mozilla/5.0 (X11; U; Linux x86_64; ja-JP) AppleWebKit/533.3 (KHTML, like Gecko) Qt/4.8.0 Safari/533.3"
69.42.83.153 - - [14/May/2013:11:05:11 +0200] "GET / HTTP/1.0" 200 3021 "-" "-"
69.42.83.153 - - [14/May/2013:11:05:11 +0200] "GET / HTTP/1.1" 200 3021 "-" "Opera/9.80 (Windows NT 6.2; Win64; x64) Presto/2.12.388 Version/12.15"
69.42.83.153 - - [14/May/2013:11:05:12 +0200] "GET / HTTP/1.0" 200 3021 "-" "-"
205.186.172.15 - - [14/May/2013:11:05:19 +0200] "GET / HTTP/1.0" 200 3021 "http://www.activparty.hu" "Mozilla/5.0 (Windows; U; Windows NT 5.1; en-US; rv:1.8.0.3) Gecko/20060426 Firefox/1.5.0.3"
109.169.65.17 - - [14/May/2013:11:05:47 +0200] "GET /info.php?a[]=%3Ca+href=http://Xn--Monta-Ekologicznych-Szamb-Mmf.pl/%3Eclick+through+the+next+web+page%3C/a%3E HTTP/1.1" 200 51560 "http://activparty.hu/" "Mozilla/5.0 (Windows NT 6.1; WOW64) AppleWebKit/535.1 (KHTML, like Gecko) Chrome/13.0.782.112 Safari/535.1"
109.169.65.17 - - [14/May/2013:11:05:47 +0200] "GET /info.php?=PHPB8B5F2A0-3C92-11d3-A3A9-4C7B08C10000 HTTP/1.1" 200 12458 "http://activparty.hu/" "Mozilla/5.0 (Windows NT 6.1; WOW64) AppleWebKit/535.1 (KHTML, like Gecko) Chrome/13.0.782.112 Safari/535.1"
178.216.48.90 - - [14/May/2013:11:05:56 +0200] "GET /info.php HTTP/1.0" 200 50184 "http://activparty.hu/" "Mozilla/4.0 (compatible; MSIE 6.0; MSIE 5.5; Windows NT 5.0) Opera 7.02 Bork-edition [en]"
178.216.48.90 - - [14/May/2013:11:06:38 +0200] "GET /info.php HTTP/1.0" 200 50127 "http://activparty.hu/" "Mozilla/5.0 (Windows NT 6.1; WOW64; rv:5.0) Gecko/20100101 Firefox/5.0"
198.143.143.100 - - [14/May/2013:11:07:36 +0200] "GET /info.php HTTP/1.0" 200 50239 "http://activparty.hu/" "Mozilla/5.0 (Windows NT 6.1; WOW64) AppleWebKit/535.1 (KHTML, like Gecko) Chrome/13.0.782.112 Safari/535.1"
198.143.143.100 - - [14/May/2013:11:08:49 +0200] "GET /info.php HTTP/1.0" 200 50344 "http://activparty.hu/" "Mozilla/4.0 (compatible; MSIE 8.0; Windows NT 6.0; Trident/4.0; Mozilla/4.0 (compatible; MSIE 6.0; Windows NT 5.1; SV1) ; .NET CLR 3.5.30729)"
198.143.143.100 - - [14/May/2013:11:09:53 +0200] "GET /info.php HTTP/1.0" 200 50113 "http://activparty.hu/" "Mozilla/5.0 (Windows NT 6.1; rv:5.0) Gecko/20100101 Firefox/5.02"
178.216.48.90 - - [14/May/2013:11:10:08 +0200] "GET /info.php HTTP/1.0" 200 50209 "http://activparty.hu/" "Mozilla/5.0 (Windows NT 6.0) AppleWebKit/535.1 (KHTML, like Gecko) Chrome/13.0.782.112 Safari/535.1"
198.143.143.100 - - [14/May/2013:11:11:14 +0200] "GET /info.php HTTP/1.0" 200 50122 "http://activparty.hu/" "Mozilla/5.0 (Windows NT 5.1; rv:13.0) Gecko/20100101 Firefox/13.0.1"
178.216.48.90 - - [14/May/2013:11:11:44 +0200] "GET /info.php HTTP/1.0" 200 50127 "http://activparty.hu/" "Mozilla/5.0 (Windows NT 6.1; WOW64; rv:5.0) Gecko/20100101 Firefox/5.0"
178.216.48.90 - - [14/May/2013:11:13:42 +0200] "GET /info.php HTTP/1.0" 200 50184 "http://activparty.hu/" "Mozilla/4.0 (compatible; MSIE 6.0; MSIE 5.5; Windows NT 5.0) Opera 7.02 Bork-edition [en]"
178.216.48.90 - - [14/May/2013:11:14:20 +0200] "GET /info.php HTTP/1.0" 200 50163 "http://activparty.hu/" "Mozilla/4.0 (compatible; MSIE 7.0; Windows NT 5.1; Trident/4.0; .NET CLR 1.1.4322)"
178.216.48.90 - - [14/May/2013:11:14:59 +0200] "GET /info.php HTTP/1.0" 200 50277 "http://activparty.hu/" "Mozilla/4.0 (compatible; MSIE 6.0; Windows NT 5.1; SV1; MRA 5.8 (build 4157); .NET CLR 2.0.50727; AskTbPTV/5.11.3.15590)"
198.143.143.100 - - [14/May/2013:11:15:32 +0200] "GET /info.php HTTP/1.0" 200 50236 "http://activparty.hu/" "Mozilla/4.0 (compatible; MSIE 6.0; Windows NT 5.1; SV1; FunWebProducts; .NET CLR 1.1.4322; PeoplePal 6.2)"
198.143.143.100 - - [14/May/2013:11:16:33 +0200] "GET /info.php HTTP/1.0" 200 50122 "http://activparty.hu/" "Mozilla/5.0 (Windows NT 5.1; rv:13.0) Gecko/20100101 Firefox/13.0.1"
198.143.143.100 - - [14/May/2013:11:17:34 +0200] "GET /info.php HTTP/1.0" 200 50131 "http://activparty.hu/" "Mozilla/5.0 (Windows NT 6.1; WOW64; rv:5.0) Gecko/20100101 Firefox/5.0"
178.216.48.90 - - [14/May/2013:11:18:07 +0200] "GET /info.php HTTP/1.0" 200 50232 "http://activparty.hu/" "Mozilla/4.0 (compatible; MSIE 6.0; Windows NT 5.1; SV1; FunWebProducts; .NET CLR 1.1.4322; PeoplePal 6.2)"
198.143.143.100 - - [14/May/2013:11:18:37 +0200] "GET /info.php HTTP/1.0" 200 50113 "http://activparty.hu/" "Mozilla/5.0 (Windows NT 6.1; rv:5.0) Gecko/20100101 Firefox/5.02"
198.143.143.100 - - [14/May/2013:11:20:32 +0200] "GET /info.php HTTP/1.0" 200 50344 "http://activparty.hu/" "Mozilla/4.0 (compatible; MSIE 8.0; Windows NT 6.0; Trident/4.0; Mozilla/4.0 (compatible; MSIE 6.0; Windows NT 5.1; SV1) ; .NET CLR 3.5.30729)"
198.143.143.100 - - [14/May/2013:11:22:42 +0200] "GET /info.php HTTP/1.0" 200 50236 "http://activparty.hu/" "Mozilla/4.0 (compatible; MSIE 6.0; Windows NT 5.1; SV1; FunWebProducts; .NET CLR 1.1.4322; PeoplePal 6.2)"
198.143.143.100 - - [14/May/2013:11:23:53 +0200] "GET /info.php HTTP/1.0" 200 50131 "http://activparty.hu/" "Mozilla/5.0 (Windows NT 6.1; WOW64; rv:5.0) Gecko/20100101 Firefox/5.0"
198.143.143.100 - - [14/May/2013:11:25:03 +0200] "GET /info.php HTTP/1.0" 200 50122 "http://activparty.hu/" "Mozilla/5.0 (Windows NT 5.1; rv:5.0.1) Gecko/20100101 Firefox/5.0.1"
198.143.143.100 - - [14/May/2013:11:26:05 +0200] "GET /info.php HTTP/1.0" 200 50122 "http://activparty.hu/" "Mozilla/5.0 (Windows NT 5.1; rv:13.0) Gecko/20100101 Firefox/13.0.1"
198.143.143.100 - - [14/May/2013:11:28:18 +0200] "GET /info.php HTTP/1.0" 200 50128 "http://activparty.hu/" "Opera/9.80 (Windows NT 6.2; Win64; x64) Presto/2.12.388 Version/12.15"
198.143.143.100 - - [14/May/2013:11:29:34 +0200] "GET /info.php HTTP/1.0" 200 50146 "http://activparty.hu/" "Mozilla/4.0 (compatible; MSIE 7.0; Windows NT 5.1; SV1; .NET CLR 2.0.50727)"
198.143.143.100 - - [14/May/2013:11:31:33 +0200] "GET /info.php HTTP/1.0" 200 50339 "http://activparty.hu/" "Mozilla/4.0 (compatible; MSIE 8.0; Windows NT 6.0; Trident/4.0; Mozilla/4.0 (compatible; MSIE 6.0; Windows NT 5.1; SV1) ; .NET CLR 3.5.30729)"
198.143.143.100 - - [14/May/2013:11:32:52 +0200] "GET /info.php HTTP/1.0" 200 50128 "http://activparty.hu/" "Opera/9.80 (Windows NT 6.2; Win64; x64) Presto/2.12.388 Version/12.15"
198.143.143.100 - - [14/May/2013:11:33:55 +0200] "GET /info.php HTTP/1.0" 200 50236 "http://activparty.hu/" "Mozilla/4.0 (compatible; MSIE 6.0; Windows NT 5.1; SV1; FunWebProducts; .NET CLR 1.1.4322; PeoplePal 6.2)"
198.143.143.100 - - [14/May/2013:11:36:57 +0200] "GET /info.php HTTP/1.0" 200 50188 "http://activparty.hu/" "Mozilla/4.0 (compatible; MSIE 6.0; MSIE 5.5; Windows NT 5.0) Opera 7.02 Bork-edition [en]"
178.216.48.90 - - [14/May/2013:11:40:54 +0200] "GET /info.php HTTP/1.0" 200 50136 "http://activparty.hu/" "Mozilla/5.0 (Windows NT 6.1; rv:2.0b7pre) Gecko/20100921 Firefox/4.0b7pre"
208.73.208.170 - - [14/May/2013:11:42:43 +0200] "HEAD / HTTP/1.1" 200 0 "-" "-"
174.120.10.162 - - [14/May/2013:12:02:21 +0200] "GET / HTTP/1.0" 200 3021 "-" "-"
178.216.48.90 - - [14/May/2013:12:04:16 +0200] "GET /info.php HTTP/1.0" 200 50119 "http://activparty.hu/" "Opera/9.80 (Windows NT 6.2; Win64; x64) Presto/2.12.388 Version/12.15"
178.216.48.90 - - [14/May/2013:12:09:44 +0200] "GET /info.php HTTP/1.0" 200 50340 "http://activparty.hu/" "Mozilla/4.0 (compatible; MSIE 8.0; Windows NT 6.0; Trident/4.0; Mozilla/4.0 (compatible; MSIE 6.0; Windows NT 5.1; SV1) ; .NET CLR 3.5.30729)"
178.216.48.90 - - [14/May/2013:12:16:12 +0200] "GET /info.php HTTP/1.0" 200 50118 "http://activparty.hu/" "Mozilla/5.0 (Windows NT 5.1; rv:5.0.1) Gecko/20100101 Firefox/5.0.1"
184.154.38.148 - - [14/May/2013:12:23:10 +0200] "GET /info.php HTTP/1.0" 200 50126 "http://activparty.hu/" "Opera/9.80 (Windows NT 6.2; Win64; x64) Presto/2.12.388 Version/12.15"
178.216.48.90 - - [14/May/2013:12:24:40 +0200] "GET /info.php HTTP/1.0" 200 50118 "http://activparty.hu/" "Mozilla/5.0 (Windows NT 5.1; rv:5.0.1) Gecko/20100101 Firefox/5.0.1"
208.73.208.170 - - [14/May/2013:12:44:43 +0200] "HEAD / HTTP/1.1" 200 0 "-" "-"
208.73.208.170 - - [14/May/2013:13:16:45 +0200] "HEAD / HTTP/1.1" 200 0 "-" "-"
50.57.227.167 - - [14/May/2013:13:23:25 +0200] "GET / HTTP/1.1" 200 3021 "-" "Mozilla/5.0 (X11; Linux x86_64) AppleWebKit/537.22 (KHTML, like Gecko) Ubuntu Chromium/25.0.1364.160 Chrome/25.0.1364.160 Safari/537.22"
50.57.227.167 - - [14/May/2013:13:23:26 +0200] "GET /images/logo.gif HTTP/1.1" 200 2246 "http://activparty.hu/" "Mozilla/5.0 (X11; Linux x86_64) AppleWebKit/537.22 (KHTML, like Gecko) Ubuntu Chromium/25.0.1364.160 Chrome/25.0.1364.160 Safari/537.22"
50.57.227.167 - - [14/May/2013:13:23:26 +0200] "GET /images/belepes_off.gif HTTP/1.1" 200 772 "http://activparty.hu/" "Mozilla/5.0 (X11; Linux x86_64) AppleWebKit/537.22 (KHTML, like Gecko) Ubuntu Chromium/25.0.1364.160 Chrome/25.0.1364.160 Safari/537.22"
50.57.227.167 - - [14/May/2013:13:23:26 +0200] "GET /images/letoltes_off.gif HTTP/1.1" 200 821 "http://activparty.hu/" "Mozilla/5.0 (X11; Linux x86_64) AppleWebKit/537.22 (KHTML, like Gecko) Ubuntu Chromium/25.0.1364.160 Chrome/25.0.1364.160 Safari/537.22"
50.57.227.167 - - [14/May/2013:13:23:26 +0200] "GET /images/belepes_on.gif HTTP/1.1" 200 771 "http://activparty.hu/" "Mozilla/5.0 (X11; Linux x86_64) AppleWebKit/537.22 (KHTML, like Gecko) Ubuntu Chromium/25.0.1364.160 Chrome/25.0.1364.160 Safari/537.22"
50.57.227.167 - - [14/May/2013:13:23:26 +0200] "GET /images/letoltes_on.gif HTTP/1.1" 200 821 "http://activparty.hu/" "Mozilla/5.0 (X11; Linux x86_64) AppleWebKit/537.22 (KHTML, like Gecko) Ubuntu Chromium/25.0.1364.160 Chrome/25.0.1364.160 Safari/537.22"
50.57.227.167 - - [14/May/2013:13:23:27 +0200] "GET /favicon.ico HTTP/1.1" 404 - "-" "Mozilla/5.0 (X11; Linux x86_64) AppleWebKit/537.22 (KHTML, like Gecko) Ubuntu Chromium/25.0.1364.160 Chrome/25.0.1364.160 Safari/537.22"
208.73.208.170 - - [14/May/2013:14:15:01 +0200] "HEAD / HTTP/1.1" 200 0 "-" "-"
198.143.143.178 - - [14/May/2013:14:32:01 +0200] "GET /info.php HTTP/1.0" 200 50128 "http://activparty.hu/" "Opera/9.80 (Windows NT 6.2; Win64; x64) Presto/2.12.388 Version/12.15"
198.143.143.178 - - [14/May/2013:14:32:13 +0200] "GET /info.php?a[]=%3Ca+href=HTTP://Xn--Imprezy-Integracyjne-Bielsko-Biaa-Nof.pl%3Eimprezy+integracyjne%3C/a%3E HTTP/1.0" 200 51102 "http://activparty.hu/" "Opera/9.80 (Windows NT 6.2; Win64; x64) Presto/2.12.388 Version/12.15"
198.143.143.178 - - [14/May/2013:14:33:04 +0200] "GET /info.php?a[]=%3Ca+href=HTTP://Xn--Imprezy-Integracyjne-Bielsko-Biaa-Nof.pl%3Eimprezy+integracyjne%3C/a%3E HTTP/1.0" 200 51100 "http://activparty.hu/" "Mozilla/5.0 (Windows NT 6.1; WOW64; rv:5.0) Gecko/20100101 Firefox/5.0"
50.57.120.161 - - [14/May/2013:14:34:52 +0200] "GET / HTTP/1.1" 200 3021 "-" "Mozilla/5.0 (X11; Linux x86_64) AppleWebKit/537.22 (KHTML, like Gecko) Chrome/25.0.1364.97 Safari/537.22"
50.57.120.161 - - [14/May/2013:14:34:53 +0200] "GET /images/logo.gif HTTP/1.1" 200 2246 "http://activparty.hu/" "Mozilla/5.0 (X11; Linux x86_64) AppleWebKit/537.22 (KHTML, like Gecko) Chrome/25.0.1364.97 Safari/537.22"
50.57.120.161 - - [14/May/2013:14:34:53 +0200] "GET /images/belepes_off.gif HTTP/1.1" 200 772 "http://activparty.hu/" "Mozilla/5.0 (X11; Linux x86_64) AppleWebKit/537.22 (KHTML, like Gecko) Chrome/25.0.1364.97 Safari/537.22"
50.57.120.161 - - [14/May/2013:14:34:54 +0200] "GET /images/letoltes_off.gif HTTP/1.1" 200 821 "http://activparty.hu/" "Mozilla/5.0 (X11; Linux x86_64) AppleWebKit/537.22 (KHTML, like Gecko) Chrome/25.0.1364.97 Safari/537.22"
50.57.120.161 - - [14/May/2013:14:34:54 +0200] "GET /images/belepes_on.gif HTTP/1.1" 200 771 "http://activparty.hu/" "Mozilla/5.0 (X11; Linux x86_64) AppleWebKit/537.22 (KHTML, like Gecko) Chrome/25.0.1364.97 Safari/537.22"
50.57.120.161 - - [14/May/2013:14:34:55 +0200] "GET /images/letoltes_on.gif HTTP/1.1" 200 821 "http://activparty.hu/" "Mozilla/5.0 (X11; Linux x86_64) AppleWebKit/537.22 (KHTML, like Gecko) Chrome/25.0.1364.97 Safari/537.22"
50.57.120.161 - - [14/May/2013:14:34:56 +0200] "GET /favicon.ico HTTP/1.1" 404 - "-" "Mozilla/5.0 (X11; Linux x86_64) AppleWebKit/537.22 (KHTML, like Gecko) Chrome/25.0.1364.97 Safari/537.22"
178.216.48.83 - - [14/May/2013:14:45:50 +0200] "GET /info.php HTTP/1.0" 200 50109 "http://activparty.hu/" "Mozilla/5.0 (Windows NT 6.1; rv:5.0) Gecko/20100101 Firefox/5.02"
69.61.21.139 - - [14/May/2013:14:46:54 +0200] "HEAD /info.php?a[]=%3Ca+href=http://Gsaser.com.pl/%3Egsa+search+engine+ranker%3C/a%3E HTTP/1.1" 200 0 "-" "Opera/9.25 (Windows NT 5.1; U; it)"
198.143.144.133 - - [14/May/2013:15:03:20 +0200] "GET /info.php HTTP/1.0" 200 50232 "http://activparty.hu/" "Mozilla/5.0 (Windows NT 6.1; WOW64) AppleWebKit/535.1 (KHTML, like Gecko) Chrome/13.0.782.112 Safari/535.1"
198.143.144.133 - - [14/May/2013:15:03:25 +0200] "GET /info.php HTTP/1.0" 200 50425 "http://shorl.com/revitituvovy" "Mozilla/4.0 organizacja imprez firmowych (Windows NT 5.1; U; en) Presto/2.10.229 Version/11.60"
208.73.208.170 - - [14/May/2013:15:11:31 +0200] "HEAD / HTTP/1.1" 200 0 "-" "-"
66.249.73.168 - - [14/May/2013:15:51:06 +0200] "GET /robots.txt HTTP/1.1" 404 - "-" "Mozilla/5.0 (compatible; Googlebot/2.1; +http://www.google.com/bot.html)"
66.249.73.168 - - [14/May/2013:15:51:06 +0200] "GET /info.php?a%5B%5D=%3Ca+href=HTTP://Xn--Imprezy-Integracyjne-Bielsko-Biaa-Nof.pl%3Eimprezy+integracyjne%3C/a%3E HTTP/1.1" 200 50797 "-" "Mozilla/5.0 (compatible; Googlebot/2.1; +http://www.google.com/bot.html)"
66.249.73.168 - - [14/May/2013:16:07:26 +0200] "GET / HTTP/1.1" 200 3021 "-" "Mozilla/5.0 (compatible; Googlebot/2.1; +http://www.google.com/bot.html)"
208.73.208.170 - - [14/May/2013:16:14:17 +0200] "HEAD / HTTP/1.1" 200 0 "-" "-"
208.73.208.170 - - [14/May/2013:17:09:42 +0200] "HEAD / HTTP/1.1" 200 0 "-" "-"
157.56.229.189 - - [14/May/2013:17:41:17 +0200] "GET /robots.txt HTTP/1.1" 404 - "-" "Mozilla/5.0 (compatible; bingbot/2.0; +http://www.bing.com/bingbot.htm)"
157.56.229.189 - - [14/May/2013:17:43:04 +0200] "GET / HTTP/1.1" 200 3021 "-" "Mozilla/5.0 (compatible; bingbot/2.0; +http://www.bing.com/bingbot.htm)"
46.107.56.114 - - [14/May/2013:17:59:47 +0200] "GET / HTTP/1.1" 200 3021 "http://www.kreativkatalogus.hu/ugynokseg.php?search=1&pagingActualHit=10&dbSearchSubType=&dbSearchCompanyNameId=&dbSearchCompanyName=" "Mozilla/5.0 (Windows NT 6.0) AppleWebKit/537.31 (KHTML, like Gecko) Chrome/26.0.1410.64 Safari/537.31"
46.107.56.114 - - [14/May/2013:17:59:47 +0200] "GET /images/logo.gif HTTP/1.1" 200 2246 "http://www.activparty.hu/" "Mozilla/5.0 (Windows NT 6.0) AppleWebKit/537.31 (KHTML, like Gecko) Chrome/26.0.1410.64 Safari/537.31"
46.107.56.114 - - [14/May/2013:17:59:47 +0200] "GET /images/belepes_off.gif HTTP/1.1" 200 772 "http://www.activparty.hu/" "Mozilla/5.0 (Windows NT 6.0) AppleWebKit/537.31 (KHTML, like Gecko) Chrome/26.0.1410.64 Safari/537.31"
46.107.56.114 - - [14/May/2013:17:59:47 +0200] "GET /images/letoltes_off.gif HTTP/1.1" 200 821 "http://www.activparty.hu/" "Mozilla/5.0 (Windows NT 6.0) AppleWebKit/537.31 (KHTML, like Gecko) Chrome/26.0.1410.64 Safari/537.31"
46.107.56.114 - - [14/May/2013:17:59:47 +0200] "GET /images/belepes_on.gif HTTP/1.1" 200 771 "http://www.activparty.hu/" "Mozilla/5.0 (Windows NT 6.0) AppleWebKit/537.31 (KHTML, like Gecko) Chrome/26.0.1410.64 Safari/537.31"
46.107.56.114 - - [14/May/2013:17:59:47 +0200] "GET /images/letoltes_on.gif HTTP/1.1" 200 821 "http://www.activparty.hu/" "Mozilla/5.0 (Windows NT 6.0) AppleWebKit/537.31 (KHTML, like Gecko) Chrome/26.0.1410.64 Safari/537.31"
46.107.56.114 - - [14/May/2013:17:59:47 +0200] "GET /favicon.ico HTTP/1.1" 404 - "-" "Mozilla/5.0 (Windows NT 6.0) AppleWebKit/537.31 (KHTML, like Gecko) Chrome/26.0.1410.64 Safari/537.31"
46.107.56.114 - - [14/May/2013:17:59:52 +0200] "GET /aktivparty.html HTTP/1.1" 200 1528 "http://www.activparty.hu/" "Mozilla/5.0 (Windows NT 6.0) AppleWebKit/537.31 (KHTML, like Gecko) Chrome/26.0.1410.64 Safari/537.31"
46.107.56.114 - - [14/May/2013:17:59:52 +0200] "GET /js/AC_RunActiveContent.js HTTP/1.1" 200 8321 "http://www.activparty.hu/aktivparty.html" "Mozilla/5.0 (Windows NT 6.0) AppleWebKit/537.31 (KHTML, like Gecko) Chrome/26.0.1410.64 Safari/537.31"
46.107.56.114 - - [14/May/2013:17:59:52 +0200] "GET /favicon.ico HTTP/1.1" 404 - "-" "Mozilla/5.0 (Windows NT 6.0) AppleWebKit/537.31 (KHTML, like Gecko) Chrome/26.0.1410.64 Safari/537.31"
46.107.56.114 - - [14/May/2013:17:59:54 +0200] "GET /activ_party.swf HTTP/1.1" 200 1771834 "http://www.activparty.hu/aktivparty.html" "Mozilla/5.0 (Windows NT 6.0) AppleWebKit/537.31 (KHTML, like Gecko) Chrome/26.0.1410.64 Safari/537.31"
37.59.88.246 - - [14/May/2013:18:04:46 +0200] "GET /info.php HTTP/1.0" 200 50159 "http://activparty.hu/" "Mozilla/4.0 (compatible; MSIE 7.0; Windows NT 5.1; Trident/4.0; .NET CLR 1.1.4322)"
208.73.208.170 - - [14/May/2013:18:12:11 +0200] "HEAD / HTTP/1.1" 200 0 "-" "-"
199.116.118.142 - - [14/May/2013:19:02:14 +0200] "GET /info.php HTTP/1.0" 200 50341 "http://activparty.hu/" "Mozilla/4.0 (compatible; MSIE 8.0; Windows NT 6.0; Trident/4.0; Mozilla/4.0 (compatible; MSIE 6.0; Windows NT 5.1; SV1) ; .NET CLR 3.5.30729)"
199.116.118.142 - - [14/May/2013:19:02:17 +0200] "GET /info.php?a[]=%3Ca+href=HTTP://Xn--Imprezy-Integracyjne-Bielsko-Biaa-Nof.pl/%3Eimprezy+integracyjne%3C/a%3E HTTP/1.0" 200 51323 "http://activparty.hu/" "Mozilla/4.0 (compatible; MSIE 8.0; Windows NT 6.0; Trident/4.0; Mozilla/4.0 (compatible; MSIE 6.0; Windows NT 5.1; SV1) ; .NET CLR 3.5.30729)"
199.116.118.142 - - [14/May/2013:19:02:57 +0200] "GET /info.php?a[]=%3Ca+href=HTTP://Xn--Imprezy-Integracyjne-Bielsko-Biaa-Nof.pl/%3Eimprezy+integracyjne%3C/a%3E HTTP/1.0" 200 51092 "http://activparty.hu/" "Mozilla/5.0 (Windows NT 6.1; rv:5.0) Gecko/20100101 Firefox/5.02"
95.27.80.56 - - [14/May/2013:19:04:50 +0200] "GET /info.php?a%5B%5D=%3Ca%2Bhref=http://gogreencoffee.blogspot.com/%3Egreen%2Bcoffee%2Bbeans%3C/a%3E HTTP/1.0" 200 50999 "http://vk.com/away.php?to=http%3A%2F%2Fflf-course.com%2F%3Fa_aid%3D51893d1ad4b02&post=18068744_31" "Mozilla/5.0 (Windows NT 6.1; WOW64) AppleWebKit/535.19 (KHTML, like Gecko) Chrome/18.0.1025.142 Safari/535.19"
95.27.80.56 - - [14/May/2013:19:04:50 +0200] "GET /info.php?a%5B%5D=%3Ca%2Bhref=http://gogreencoffee.blogspot.com/%3Egreen%2Bcoffee%2Bbeans%3C/a%3E HTTP/1.0" 200 35105 "http://vk.com/away.php?to=http%3A%2F%2Fflf-course.com%2F%3Fa_aid%3D51893d1ad4b02&post=18068744_31" "Opera/9.80 (Windows NT 6.1; U; YB/3.5.1; ru) Presto/2.6.30 Version/10.63"
95.27.80.56 - - [14/May/2013:19:04:50 +0200] "GET /info.php?a%5B%5D=%3Ca%2Bhref=http://gogreencoffee.blogspot.com/%3Egreen%2Bcoffee%2Bbeans%3C/a%3E HTTP/1.0" 200 35105 "http://vk.com/away.php?to=http%3A%2F%2Fflf-course.com%2F%3Fa_aid%3D51893d1ad4b02&post=18068744_31" "Opera/9.80 (Windows NT 5.1; U; Edition Yx; ru) Presto/2.10.229 Version/11.64"
37.59.88.246 - - [14/May/2013:19:20:21 +0200] "GET /info.php HTTP/1.0" 200 50137 "http://activparty.hu/" "Mozilla/4.0 (compatible; MSIE 7.0; Windows NT 5.1; SV1; .NET CLR 2.0.50727)"
37.59.88.246 - - [14/May/2013:19:20:36 +0200] "GET /info.php?a[]=%3Ca+href=HTTP://xn--imprezy-integracyjne-bielsko-Biaa-Nof.pl/%3Eimprezy+integracyjne%3C/a%3E HTTP/1.0" 200 51119 "http://activparty.hu/" "Mozilla/4.0 (compatible; MSIE 7.0; Windows NT 5.1; SV1; .NET CLR 2.0.50727)"
184.154.174.13 - - [14/May/2013:19:29:56 +0200] "GET /info.php?a[]=%3Ca+href=HTTP://xn--imprezy-integracyjne-bielsko-Biaa-Nof.pl/%3Eimprezy+integracyjne%3C/a%3E HTTP/1.0" 200 51105 "http://activparty.hu/" "Opera/9.80 (Windows NT 6.2; Win64; x64) Presto/2.12.388 Version/12.15"
192.119.148.234 - - [14/May/2013:19:59:11 +0200] "GET /info.php?a[]=%3Ca+href=http://www.osca.asia/%3Emodern+office+interior+design%3C/a%3E HTTP/1.0" 200 50993 "http://activparty.hu/" "Mozilla/4.0 (compatible; MSIE 7.0; Windows NT 5.1; Trident/4.0; .NET CLR 1.1.4322)"
66.249.73.168 - - [14/May/2013:20:35:36 +0200] "GET /info.php?a%5B%5D=%3Ca+href=HTTP://xn--imprezy-integracyjne-bielsko-Biaa-Nof.pl/%3Eimprezy+integracyjne%3C/a%3E HTTP/1.1" 200 50804 "-" "Mozilla/5.0 (compatible; Googlebot/2.1; +http://www.google.com/bot.html)"
198.143.143.237 - - [14/May/2013:21:14:40 +0200] "GET /info.php HTTP/1.0" 200 50119 "http://activparty.hu/" "Mozilla/5.0 (Windows NT 5.1; rv:13.0) Gecko/20100101 Firefox/13.0.1"
184.154.38.148 - - [14/May/2013:21:19:54 +0200] "GET /info.php HTTP/1.0" 200 50213 "http://activparty.hu/" "Mozilla/5.0 (Windows NT 6.0) AppleWebKit/535.1 (KHTML, like Gecko) Chrome/13.0.782.112 Safari/535.1"
184.154.38.148 - - [14/May/2013:21:19:56 +0200] "GET /info.php HTTP/1.0" 200 50525 "http://xn--Imprezy-integracyjne-Bielsko-biaa-nof.pl" "Mozilla/5.0 imprezy integracyjne (Windows NT 5.1; U; en) Presto/2.10.229 Version/11.60"
157.56.229.189 - - [14/May/2013:23:00:41 +0200] "GET /robots.txt HTTP/1.1" 404 - "-" "Mozilla/5.0 (compatible; bingbot/2.0; +http://www.bing.com/bingbot.htm)"
157.56.229.189 - - [14/May/2013:23:02:33 +0200] "GET / HTTP/1.1" 200 3021 "-" "Mozilla/5.0 (compatible; bingbot/2.0; +http://www.bing.com/bingbot.htm)"
198.143.143.100 - - [15/May/2013:00:14:55 +0200] "GET /info.php HTTP/1.0" 200 50119 "http://activparty.hu/" "Mozilla/5.0 (Windows NT 5.1; rv:5.0.1) Gecko/20100101 Firefox/5.0.1"
198.52.198.198 - - [15/May/2013:00:34:17 +0200] "GET /info.php HTTP/1.0" 200 50108 "http://activparty.hu/" "Mozilla/5.0 (Windows NT 6.1; rv:5.0) Gecko/20100101 Firefox/5.02"
198.52.198.198 - - [15/May/2013:00:34:32 +0200] "GET /info.php HTTP/1.0" 200 50536 "HTTP://Xn--Imprezy-Integracyjne-Bielsko-Biaa-Nof.pl/" "Mozilla/5.0 imprezy integracyjne (Windows NT 5.1; U; en) Presto/2.10.229 Version/11.60"
192.95.0.196 - - [15/May/2013:01:12:21 +0200] "GET /info.php HTTP/1.0" 200 50119 "http://activparty.hu/" "Opera/9.80 (Windows NT 6.2; Win64; x64) Presto/2.12.388 Version/12.15"
192.95.0.196 - - [15/May/2013:01:12:23 +0200] "GET /info.php?a[]=%3Ca+href=http://Xn--Imprezy-Integracyjne-Bielsko-Biaa-Nof.pl%3Eimprezy+integracyjne%3C/a%3E HTTP/1.0" 200 51088 "http://activparty.hu/" "Opera/9.80 (Windows NT 6.2; Win64; x64) Presto/2.12.388 Version/12.15"
91.121.35.151 - - [15/May/2013:01:16:37 +0200] "GET /info.php HTTP/1.0" 200 50337 "http://activparty.hu/" "Mozilla/4.0 (compatible; MSIE 8.0; Windows NT 6.0; Trident/4.0; Mozilla/4.0 (compatible; MSIE 6.0; Windows NT 5.1; SV1) ; .NET CLR 3.5.30729)"
184.154.119.227 - - [15/May/2013:01:23:58 +0200] "GET /info.php HTTP/1.0" 200 50332 "http://activparty.hu/" "Mozilla/5.0 (Linux; U; Android 2.2; fr-fr; Desire_A8181 Build/FRF91) App3leWebKit/53.1 (KHTML, like Gecko) Version/4.0 Mobile Safari/533.1"
184.154.119.227 - - [15/May/2013:01:24:23 +0200] "GET /info.php?a[]=%3Ca+href=http://Hurl.me/EaRNlM%3Eorganizacja+imprez+firmowych%3C/a%3E HTTP/1.0" 200 51144 "http://activparty.hu/" "Mozilla/5.0 (Linux; U; Android 2.2; fr-fr; Desire_A8181 Build/FRF91) App3leWebKit/53.1 (KHTML, like Gecko) Version/4.0 Mobile Safari/533.1"
184.154.119.227 - - [15/May/2013:01:25:13 +0200] "GET /info.php?a[]=%3Ca+href=http://Hurl.me/EaRNlM%3Eorganizacja+imprez+firmowych%3C/a%3E HTTP/1.0" 200 50992 "http://activparty.hu/" "Mozilla/4.0 (compatible; MSIE 6.0; MSIE 5.5; Windows NT 5.0) Opera 7.02 Bork-edition [en]"
66.249.73.168 - - [15/May/2013:02:28:46 +0200] "GET /info.php?a%5B%5D=%3Ca+href=http://Hurl.me/EaRNlM%3Eorganizacja+imprez+firmowych%3C/a%3E HTTP/1.1" 200 50634 "-" "Mozilla/5.0 (compatible; Googlebot/2.1; +http://www.google.com/bot.html)"
206.113.193.50 - - [15/May/2013:02:35:49 +0200] "GET /robots.txt HTTP/1.1" 404 - "-" "BlogPulseLive (support@blogpulse.com)"
206.113.193.50 - - [15/May/2013:02:35:50 +0200] "GET /info.php?a[]=%3Ca+href=http://Hurl.me/EaRNlM%3Eorganizacja+imprez+firmowych%3C/a%3E HTTP/1.1" 200 50371 "-" "BlogPulseLive (support@blogpulse.com)"
66.55.72.34 - - [15/May/2013:02:43:20 +0200] "GET /info.php?a=%3Ca+href=http://www.youtube.com/watch?v=o8Ls2ByWLFc%3Earion+dubstep+youtube%3C/a%3E HTTP/1.0" 200 49823 "-" "WordPress/3.5.1; http://prasys.info"
208.73.208.170 - - [15/May/2013:02:53:49 +0200] "HEAD / HTTP/1.1" 200 0 "-" "-"
50.23.201.244 - - [15/May/2013:03:00:05 +0200] "GET /info.php?a=%3Ca+href=http://www.youtube.com/watch?v=o8Ls2ByWLFc%3Earion+dubstep+youtube%3C/a%3E HTTP/1.0" 200 49830 "-" "WordPress/3.5.1; http://infobhan.com"
184.154.38.148 - - [15/May/2013:03:16:15 +0200] "GET /info.php HTTP/1.0" 200 50162 "http://activparty.hu/" "Mozilla/4.0 (compatible; MSIE 7.0; Windows NT 5.1; Trident/4.0; .NET CLR 1.1.4322)"
198.143.144.133 - - [15/May/2013:03:22:03 +0200] "GET /info.php HTTP/1.0" 200 50125 "http://activparty.hu/" "Opera/9.80 (Windows NT 6.2; Win64; x64) Presto/2.12.388 Version/12.15"
198.143.143.178 - - [15/May/2013:03:35:37 +0200] "GET /info.php HTTP/1.0" 200 50233 "http://activparty.hu/" "Mozilla/4.0 (compatible; MSIE 6.0; Windows NT 5.1; SV1; FunWebProducts; .NET CLR 1.1.4322; PeoplePal 6.2)"
208.80.194.142 - - [15/May/2013:03:44:45 +0200] "GET /aktivparty.html HTTP/1.0" 200 1528 "-" "Mozilla/4.0 (compatible; MSIE 8.0; Windows NT 5.1; Trident/4.0)"
37.59.88.251 - - [15/May/2013:03:50:43 +0200] "GET /info.php HTTP/1.0" 200 50104 "http://activparty.hu/" "Mozilla/5.0 (Windows NT 6.1; rv:5.0) Gecko/20100101 Firefox/5.02"
37.59.88.251 - - [15/May/2013:03:50:57 +0200] "GET /info.php HTTP/1.0" 200 50370 "HTTP://Korta.nu/sjf2y" "Mozilla/4.0 organizacja imprez firmowych (Windows NT 5.1; U; en) Presto/2.10.229 Version/11.60"
208.73.208.170 - - [15/May/2013:03:54:15 +0200] "HEAD / HTTP/1.1" 200 0 "-" "-"
