199.116.118.142 - - [11/May/2013:15:26:03 +0200] "GET /info.php HTTP/1.0" 200 50165 "http://activparty.hu/" "Mozilla/4.0 (compatible; MSIE 7.0; Windows NT 5.1; Trident/4.0; .NET CLR 1.1.4322)"
37.59.88.246 - - [11/May/2013:15:28:27 +0200] "GET /info.php HTTP/1.0" 200 50180 "http://activparty.hu/" "Mozilla/4.0 (compatible; MSIE 6.0; MSIE 5.5; Windows NT 5.0) Opera 7.02 Bork-edition [en]"
199.116.118.142 - - [11/May/2013:15:29:12 +0200] "GET /info.php HTTP/1.0" 200 50279 "http://activparty.hu/" "Mozilla/4.0 (compatible; MSIE 6.0; Windows NT 5.1; SV1; MRA 5.8 (build 4157); .NET CLR 2.0.50727; AskTbPTV/5.11.3.15590)"
199.116.118.142 - - [11/May/2013:15:31:11 +0200] "GET /info.php HTTP/1.0" 200 50186 "http://activparty.hu/" "Mozilla/4.0 (compatible; MSIE 6.0; MSIE 5.5; Windows NT 5.0) Opera 7.02 Bork-edition [en]"
69.175.77.94 - - [11/May/2013:15:33:31 +0200] "GET /info.php HTTP/1.0" 200 50231 "http://activparty.hu/" "Mozilla/5.0 (Windows NT 6.1; WOW64) AppleWebKit/535.1 (KHTML, like Gecko) Chrome/13.0.782.112 Safari/535.1"
199.116.118.142 - - [11/May/2013:15:34:34 +0200] "GET /info.php HTTP/1.0" 200 50120 "http://activparty.hu/" "Mozilla/5.0 (Windows NT 5.1; rv:13.0) Gecko/20100101 Firefox/13.0.1"
199.116.118.142 - - [11/May/2013:15:37:47 +0200] "GET /info.php HTTP/1.0" 200 50237 "http://activparty.hu/" "Mozilla/5.0 (Windows NT 6.1; WOW64) AppleWebKit/535.1 (KHTML, like Gecko) Chrome/13.0.782.112 Safari/535.1"
199.116.118.142 - - [11/May/2013:15:40:58 +0200] "GET /info.php HTTP/1.0" 200 50126 "http://activparty.hu/" "Opera/9.80 (Windows NT 6.2; Win64; x64) Presto/2.12.388 Version/12.15"
66.249.78.49 - - [11/May/2013:15:43:36 +0200] "GET /info.php?a%5B%5D=%3Ca+href=http://gsaser.Com.pl/%3Egsa+search+engine+ranker%3C/a%3E HTTP/1.1" 200 50615 "-" "Mozilla/5.0 (compatible; Googlebot/2.1; +http://www.google.com/bot.html)"
199.116.118.142 - - [11/May/2013:15:44:55 +0200] "GET /info.php HTTP/1.0" 200 50342 "http://activparty.hu/" "Mozilla/4.0 (compatible; MSIE 8.0; Windows NT 6.0; Trident/4.0; Mozilla/4.0 (compatible; MSIE 6.0; Windows NT 5.1; SV1) ; .NET CLR 3.5.30729)"
198.143.143.100 - - [11/May/2013:15:47:07 +0200] "GET /info.php HTTP/1.0" 200 50126 "http://activparty.hu/" "Opera/9.80 (Windows NT 6.2; Win64; x64) Presto/2.12.388 Version/12.15"
199.116.118.142 - - [11/May/2013:15:47:53 +0200] "GET /info.php HTTP/1.0" 200 50342 "http://activparty.hu/" "Mozilla/4.0 (compatible; MSIE 8.0; Windows NT 6.0; Trident/4.0; Mozilla/4.0 (compatible; MSIE 6.0; Windows NT 5.1; SV1) ; .NET CLR 3.5.30729)"
199.116.118.142 - - [11/May/2013:15:48:56 +0200] "GET /info.php HTTP/1.0" 200 50181 "http://activparty.hu/" "Mozilla/4.0 (compatible; MSIE 6.0; MSIE 5.5; Windows NT 5.0) Opera 7.02 Bork-edition [en]"
23.22.131.24 - - [11/May/2013:15:51:31 +0200] "GET /info.php?a[]=%3Ca+href=http://gsaser.Com.pl/%3Egsa+search+engine+ranker%3C/a%3E HTTP/1.1" 200 50048 "-" "viralvideochart.unrulymedia.com"
198.143.144.133 - - [11/May/2013:15:55:03 +0200] "GET /info.php HTTP/1.0" 200 50211 "http://activparty.hu/" "Mozilla/5.0 (Windows NT 6.0) AppleWebKit/535.1 (KHTML, like Gecko) Chrome/13.0.782.112 Safari/535.1"
198.143.144.133 - - [11/May/2013:15:59:38 +0200] "GET /info.php HTTP/1.0" 200 50126 "http://activparty.hu/" "Opera/9.80 (Windows NT 6.2; Win64; x64) Presto/2.12.388 Version/12.15"
198.50.136.245 - - [11/May/2013:16:04:04 +0200] "GET /info.php HTTP/1.0" 200 50142 "http://activparty.hu/" "Mozilla/4.0 (compatible; MSIE 7.0; Windows NT 5.1; SV1; .NET CLR 2.0.50727)"
37.59.88.251 - - [11/May/2013:16:10:47 +0200] "GET /info.php HTTP/1.0" 200 50231 "http://activparty.hu/" "Mozilla/5.0 (Windows NT 6.1; WOW64) AppleWebKit/535.1 (KHTML, like Gecko) Chrome/13.0.782.112 Safari/535.1"
184.154.174.13 - - [11/May/2013:16:11:52 +0200] "GET /info.php HTTP/1.0" 200 50209 "http://activparty.hu/" "Mozilla/5.0 (Windows NT 6.0) AppleWebKit/535.1 (KHTML, like Gecko) Chrome/13.0.782.112 Safari/535.1"
46.4.120.2 - - [11/May/2013:16:16:59 +0200] "GET / HTTP/1.0" 200 3021 "-" "-"
46.4.120.2 - - [11/May/2013:16:16:59 +0200] "GET / HTTP/1.0" 200 3021 "-" "-"
46.4.120.2 - - [11/May/2013:16:16:59 +0200] "GET /images/logo.gif HTTP/1.1" 200 2246 "http://www.activparty.hu" "Mozilla/5.0 (Windows; U; Windows NT 5.1; en-US; rv:1.8.1.15) Gecko/20080623 Firefox/2.0.0.15"
46.4.120.2 - - [11/May/2013:16:16:59 +0200] "GET /images/belepes_off.gif HTTP/1.1" 200 772 "http://www.activparty.hu" "Mozilla/5.0 (Windows; U; Windows NT 5.1; en-US; rv:1.8.1.15) Gecko/20080623 Firefox/2.0.0.15"
46.4.120.2 - - [11/May/2013:16:16:59 +0200] "GET /images/letoltes_off.gif HTTP/1.1" 200 821 "http://www.activparty.hu" "Mozilla/5.0 (Windows; U; Windows NT 5.1; en-US; rv:1.8.1.15) Gecko/20080623 Firefox/2.0.0.15"
46.4.120.2 - - [11/May/2013:16:16:59 +0200] "HEAD / HTTP/1.1" 200 0 "-" "Visited by http://tools.geek-tools.org"
199.180.128.96 - - [11/May/2013:16:18:14 +0200] "GET /info.php HTTP/1.0" 200 50127 "http://activparty.hu/" "Mozilla/5.0 (Windows NT 6.1; WOW64; rv:5.0) Gecko/20100101 Firefox/5.0"
184.154.119.227 - - [11/May/2013:16:24:05 +0200] "GET /info.php HTTP/1.0" 200 50342 "http://activparty.hu/" "Mozilla/4.0 (compatible; MSIE 8.0; Windows NT 6.0; Trident/4.0; Mozilla/4.0 (compatible; MSIE 6.0; Windows NT 5.1; SV1) ; .NET CLR 3.5.30729)"
184.154.119.227 - - [11/May/2013:16:24:20 +0200] "GET /info.php?a[]=%3Ca+href=http://gsaser.Com.pl%3Egsa+search+engine+ranker%3C/a%3E HTTP/1.0" 200 51128 "http://activparty.hu/" "Mozilla/4.0 (compatible; MSIE 8.0; Windows NT 6.0; Trident/4.0; Mozilla/4.0 (compatible; MSIE 6.0; Windows NT 5.1; SV1) ; .NET CLR 3.5.30729)"
37.59.88.251 - - [11/May/2013:16:25:14 +0200] "GET /info.php HTTP/1.0" 200 50268 "http://activparty.hu/" "Mozilla/4.0 (compatible; MSIE 6.0; Windows NT 5.1; SV1; MRA 5.8 (build 4157); .NET CLR 2.0.50727; AskTbPTV/5.11.3.15590)"
184.154.119.227 - - [11/May/2013:16:25:39 +0200] "GET /info.php?a[]=%3Ca+href=http://gsaser.Com.pl%3Egsa+search+engine+ranker%3C/a%3E HTTP/1.0" 200 50906 "http://activparty.hu/" "Mozilla/5.0 (Windows NT 5.1; rv:13.0) Gecko/20100101 Firefox/13.0.1"
198.143.143.237 - - [11/May/2013:16:26:05 +0200] "GET /info.php HTTP/1.0" 200 50165 "http://activparty.hu/" "Mozilla/4.0 (compatible; MSIE 7.0; Windows NT 5.1; Trident/4.0; .NET CLR 1.1.4322)"
37.59.88.251 - - [11/May/2013:16:32:51 +0200] "GET /info.php HTTP/1.0" 200 50336 "http://activparty.hu/" "Mozilla/4.0 (compatible; MSIE 8.0; Windows NT 6.0; Trident/4.0; Mozilla/4.0 (compatible; MSIE 6.0; Windows NT 5.1; SV1) ; .NET CLR 3.5.30729)"
184.154.38.148 - - [11/May/2013:16:35:24 +0200] "GET /info.php HTTP/1.0" 200 50298 "http://activparty.hu/" "Mozilla/4.0 (compatible; MSIE 7.0; Windows NT 5.1; Trident/4.0; .NET CLR 2.0.50727; .NET CLR 3.0.4506.2152; .NET CLR 3.5.30729)"
184.154.38.148 - - [11/May/2013:16:39:00 +0200] "GET /info.php HTTP/1.0" 200 50214 "http://activparty.hu/" "Mozilla/5.0 (Windows NT 6.0) AppleWebKit/535.1 (KHTML, like Gecko) Chrome/13.0.782.112 Safari/535.1"
184.154.38.148 - - [11/May/2013:16:41:10 +0200] "GET /info.php HTTP/1.0" 200 50137 "http://activparty.hu/" "Mozilla/4.0 (compatible; MSIE 7.0; Windows NT 5.1; SV1; .NET CLR 2.0.50727)"
37.59.88.251 - - [11/May/2013:16:42:53 +0200] "GET /info.php HTTP/1.0" 200 50228 "http://activparty.hu/" "Mozilla/4.0 (compatible; MSIE 6.0; Windows NT 5.1; SV1; FunWebProducts; .NET CLR 1.1.4322; PeoplePal 6.2)"
184.154.38.148 - - [11/May/2013:16:44:26 +0200] "GET /info.php HTTP/1.0" 200 50235 "http://activparty.hu/" "Mozilla/5.0 (Windows NT 6.1; WOW64) AppleWebKit/535.1 (KHTML, like Gecko) Chrome/13.0.782.112 Safari/535.1"
184.154.38.148 - - [11/May/2013:16:44:31 +0200] "GET /info.php HTTP/1.0" 200 50381 "http://Gsaser.Com.pl/" "Mozilla/5.0 simply click the next web page (Windows NT 5.1; U; en) Presto/2.10.229 Version/11.60"
184.154.38.148 - - [11/May/2013:16:47:03 +0200] "GET /info.php HTTP/1.0" 200 50277 "http://activparty.hu/" "Mozilla/4.0 (compatible; MSIE 6.0; Windows NT 5.1; SV1; MRA 5.8 (build 4157); .NET CLR 2.0.50727; AskTbPTV/5.11.3.15590)"
37.59.88.251 - - [11/May/2013:16:48:34 +0200] "GET /info.php HTTP/1.0" 200 50132 "http://activparty.hu/" "Mozilla/5.0 (Windows NT 6.1; rv:2.0b7pre) Gecko/20100921 Firefox/4.0b7pre"
184.154.38.148 - - [11/May/2013:16:50:17 +0200] "GET /info.php HTTP/1.0" 200 50118 "http://activparty.hu/" "Mozilla/5.0 (Windows NT 5.1; rv:13.0) Gecko/20100101 Firefox/13.0.1"
37.59.88.251 - - [11/May/2013:16:50:38 +0200] "GET /info.php HTTP/1.0" 200 50322 "http://activparty.hu/" "Mozilla/5.0 (Linux; U; Android 2.2; fr-fr; Desire_A8181 Build/FRF91) App3leWebKit/53.1 (KHTML, like Gecko) Version/4.0 Mobile Safari/533.1"
184.154.38.148 - - [11/May/2013:16:52:25 +0200] "GET /info.php HTTP/1.0" 200 50298 "http://activparty.hu/" "Mozilla/4.0 (compatible; MSIE 7.0; Windows NT 5.1; Trident/4.0; .NET CLR 2.0.50727; .NET CLR 3.0.4506.2152; .NET CLR 3.5.30729)"
184.154.38.148 - - [11/May/2013:16:52:45 +0200] "GET /info.php HTTP/1.0" 200 50184 "http://activparty.hu/" "Mozilla/4.0 (compatible; MSIE 6.0; MSIE 5.5; Windows NT 5.0) Opera 7.02 Bork-edition [en]"
184.154.38.148 - - [11/May/2013:16:55:38 +0200] "GET /info.php HTTP/1.0" 200 50184 "http://activparty.hu/" "Mozilla/4.0 (compatible; MSIE 6.0; MSIE 5.5; Windows NT 5.0) Opera 7.02 Bork-edition [en]"
184.154.38.148 - - [11/May/2013:16:58:28 +0200] "GET /info.php HTTP/1.0" 200 50118 "http://activparty.hu/" "Mozilla/5.0 (Windows NT 5.1; rv:13.0) Gecko/20100101 Firefox/13.0.1"
184.154.38.148 - - [11/May/2013:17:02:58 +0200] "GET /info.php HTTP/1.0" 200 50124 "http://activparty.hu/" "Opera/9.80 (Windows NT 6.2; Win64; x64) Presto/2.12.388 Version/12.15"
184.154.38.148 - - [11/May/2013:17:05:06 +0200] "GET /info.php HTTP/1.0" 200 50142 "http://activparty.hu/" "Mozilla/4.0 (compatible; MSIE 7.0; Windows NT 5.1; SV1; .NET CLR 2.0.50727)"
37.59.88.239 - - [11/May/2013:17:06:16 +0200] "GET /info.php HTTP/1.0" 200 50336 "http://activparty.hu/" "Mozilla/4.0 (compatible; MSIE 8.0; Windows NT 6.0; Trident/4.0; Mozilla/4.0 (compatible; MSIE 6.0; Windows NT 5.1; SV1) ; .NET CLR 3.5.30729)"
184.154.38.148 - - [11/May/2013:17:13:23 +0200] "GET /info.php HTTP/1.0" 200 50277 "http://activparty.hu/" "Mozilla/4.0 (compatible; MSIE 6.0; Windows NT 5.1; SV1; MRA 5.8 (build 4157); .NET CLR 2.0.50727; AskTbPTV/5.11.3.15590)"
37.59.88.239 - - [11/May/2013:17:14:28 +0200] "GET /info.php HTTP/1.0" 200 50273 "http://activparty.hu/" "Mozilla/4.0 (compatible; MSIE 6.0; Windows NT 5.1; SV1; MRA 5.8 (build 4157); .NET CLR 2.0.50727; AskTbPTV/5.11.3.15590)"
184.154.38.148 - - [11/May/2013:17:15:52 +0200] "GET /info.php HTTP/1.0" 200 50331 "http://activparty.hu/" "Mozilla/5.0 (Linux; U; Android 2.2; fr-fr; Desire_A8181 Build/FRF91) App3leWebKit/53.1 (KHTML, like Gecko) Version/4.0 Mobile Safari/533.1"
184.154.38.148 - - [11/May/2013:17:18:17 +0200] "GET /info.php HTTP/1.0" 200 50298 "http://activparty.hu/" "Mozilla/4.0 (compatible; MSIE 7.0; Windows NT 5.1; Trident/4.0; .NET CLR 2.0.50727; .NET CLR 3.0.4506.2152; .NET CLR 3.5.30729)"
37.59.88.239 - - [11/May/2013:17:18:31 +0200] "GET /info.php HTTP/1.0" 200 50133 "http://activparty.hu/" "Mozilla/4.0 (compatible; MSIE 7.0; Windows NT 5.1; SV1; .NET CLR 2.0.50727)"
37.59.88.239 - - [11/May/2013:17:19:40 +0200] "GET /info.php HTTP/1.0" 200 50123 "http://activparty.hu/" "Mozilla/5.0 (Windows NT 6.1; WOW64; rv:5.0) Gecko/20100101 Firefox/5.0"
37.59.88.239 - - [11/May/2013:17:20:49 +0200] "GET /info.php HTTP/1.0" 200 50123 "http://activparty.hu/" "Mozilla/5.0 (Windows NT 6.1; WOW64; rv:5.0) Gecko/20100101 Firefox/5.0"
184.154.38.148 - - [11/May/2013:17:21:17 +0200] "GET /info.php HTTP/1.0" 200 50277 "http://activparty.hu/" "Mozilla/4.0 (compatible; MSIE 6.0; Windows NT 5.1; SV1; MRA 5.8 (build 4157); .NET CLR 2.0.50727; AskTbPTV/5.11.3.15590)"
37.59.88.239 - - [11/May/2013:17:22:02 +0200] "GET /info.php HTTP/1.0" 200 50210 "http://activparty.hu/" "Mozilla/5.0 (Windows NT 6.0) AppleWebKit/535.1 (KHTML, like Gecko) Chrome/13.0.782.112 Safari/535.1"
184.154.38.148 - - [11/May/2013:17:22:17 +0200] "GET /info.php HTTP/1.0" 200 50118 "http://activparty.hu/" "Mozilla/5.0 (Windows NT 5.1; rv:5.0.1) Gecko/20100101 Firefox/5.0.1"
37.59.88.239 - - [11/May/2013:17:29:38 +0200] "GET /info.php HTTP/1.0" 200 50268 "http://activparty.hu/" "Mozilla/4.0 (compatible; MSIE 6.0; Windows NT 5.1; SV1; MRA 5.8 (build 4157); .NET CLR 2.0.50727; AskTbPTV/5.11.3.15590)"
198.143.143.237 - - [11/May/2013:17:29:54 +0200] "GET /info.php HTTP/1.0" 200 50186 "http://activparty.hu/" "Mozilla/4.0 (compatible; MSIE 6.0; MSIE 5.5; Windows NT 5.0) Opera 7.02 Bork-edition [en]"
198.143.143.237 - - [11/May/2013:17:30:50 +0200] "GET /info.php HTTP/1.0" 200 50300 "http://activparty.hu/" "Mozilla/4.0 (compatible; MSIE 7.0; Windows NT 5.1; Trident/4.0; .NET CLR 2.0.50727; .NET CLR 3.0.4506.2152; .NET CLR 3.5.30729)"
198.143.143.237 - - [11/May/2013:17:34:35 +0200] "GET /info.php HTTP/1.0" 200 50126 "http://activparty.hu/" "Opera/9.80 (Windows NT 6.2; Win64; x64) Presto/2.12.388 Version/12.15"
198.143.143.237 - - [11/May/2013:17:36:17 +0200] "GET /info.php HTTP/1.0" 200 50120 "http://activparty.hu/" "Mozilla/5.0 (Windows NT 5.1; rv:5.0.1) Gecko/20100101 Firefox/5.0.1"
37.59.88.251 - - [11/May/2013:17:38:36 +0200] "GET /info.php HTTP/1.0" 200 50294 "http://activparty.hu/" "Mozilla/4.0 (compatible; MSIE 7.0; Windows NT 5.1; Trident/4.0; .NET CLR 2.0.50727; .NET CLR 3.0.4506.2152; .NET CLR 3.5.30729)"
66.249.78.49 - - [11/May/2013:17:38:37 +0200] "GET /info.php?a%5B%5D=%3Ca+href=http://gsaser.Com.pl%3Egsa+search+engine+ranker%3C/a%3E HTTP/1.1" 200 50607 "-" "Mozilla/5.0 (compatible; Googlebot/2.1; +http://www.google.com/bot.html)"
198.143.143.237 - - [11/May/2013:17:40:26 +0200] "GET /info.php HTTP/1.0" 200 50279 "http://activparty.hu/" "Mozilla/4.0 (compatible; MSIE 6.0; Windows NT 5.1; SV1; MRA 5.8 (build 4157); .NET CLR 2.0.50727; AskTbPTV/5.11.3.15590)"
198.143.143.237 - - [11/May/2013:17:42:04 +0200] "GET /info.php HTTP/1.0" 200 50186 "http://activparty.hu/" "Mozilla/4.0 (compatible; MSIE 6.0; MSIE 5.5; Windows NT 5.0) Opera 7.02 Bork-edition [en]"
198.143.143.237 - - [11/May/2013:17:46:35 +0200] "GET /info.php HTTP/1.0" 200 50138 "http://activparty.hu/" "Mozilla/5.0 (Windows NT 6.1; rv:2.0b7pre) Gecko/20100921 Firefox/4.0b7pre"
198.143.143.237 - - [11/May/2013:17:46:39 +0200] "GET /info.php HTTP/1.0" 200 50300 "http://activparty.hu/" "Mozilla/4.0 (compatible; MSIE 7.0; Windows NT 5.1; Trident/4.0; .NET CLR 2.0.50727; .NET CLR 3.0.4506.2152; .NET CLR 3.5.30729)"
198.143.143.237 - - [11/May/2013:17:49:20 +0200] "GET /info.php HTTP/1.0" 200 50328 "http://activparty.hu/" "Mozilla/5.0 (Linux; U; Android 2.2; fr-fr; Desire_A8181 Build/FRF91) App3leWebKit/53.1 (KHTML, like Gecko) Version/4.0 Mobile Safari/533.1"
198.143.143.237 - - [11/May/2013:17:50:39 +0200] "GET /info.php HTTP/1.0" 200 50186 "http://activparty.hu/" "Mozilla/4.0 (compatible; MSIE 6.0; MSIE 5.5; Windows NT 5.0) Opera 7.02 Bork-edition [en]"
198.143.143.237 - - [11/May/2013:17:52:59 +0200] "GET /info.php HTTP/1.0" 200 50120 "http://activparty.hu/" "Mozilla/5.0 (Windows NT 5.1; rv:5.0.1) Gecko/20100101 Firefox/5.0.1"
37.59.88.251 - - [11/May/2013:17:56:25 +0200] "GET /info.php HTTP/1.0" 200 50120 "http://activparty.hu/" "Opera/9.80 (Windows NT 6.2; Win64; x64) Presto/2.12.388 Version/12.15"
198.143.143.237 - - [11/May/2013:17:57:34 +0200] "GET /info.php HTTP/1.0" 200 50216 "http://activparty.hu/" "Mozilla/5.0 (Windows NT 6.0) AppleWebKit/535.1 (KHTML, like Gecko) Chrome/13.0.782.112 Safari/535.1"
37.59.88.251 - - [11/May/2013:17:57:39 +0200] "GET /info.php HTTP/1.0" 200 50123 "http://activparty.hu/" "Mozilla/5.0 (Windows NT 6.1; WOW64; rv:5.0) Gecko/20100101 Firefox/5.0"
178.216.52.116 - - [11/May/2013:18:03:03 +0200] "GET /info.php HTTP/1.0" 200 50576 "http://activparty.hu/" "Mozilla/5.0 (Linux; U; Android 2.2; fr-fr; Desire_A8181 Build/FRF91) App3leWebKit/53.1 (KHTML, like Gecko) Version/4.0 Mobile Safari/533.1"
178.216.52.116 - - [11/May/2013:18:15:08 +0200] "GET /info.php HTTP/1.0" 200 50374 "http://activparty.hu/" "Opera/9.80 (Windows NT 6.2; Win64; x64) Presto/2.12.388 Version/12.15"
178.216.52.116 - - [11/May/2013:18:26:18 +0200] "GET /info.php HTTP/1.0" 200 50485 "http://activparty.hu/" "Mozilla/5.0 (Windows NT 6.1; WOW64) AppleWebKit/535.1 (KHTML, like Gecko) Chrome/13.0.782.112 Safari/535.1"
178.216.52.116 - - [11/May/2013:18:27:46 +0200] "GET /info.php HTTP/1.0" 200 50413 "http://activparty.hu/" "Mozilla/4.0 (compatible; MSIE 7.0; Windows NT 5.1; Trident/4.0; .NET CLR 1.1.4322)"
199.180.128.245 - - [11/May/2013:18:30:12 +0200] "GET /info.php HTTP/1.0" 200 50144 "http://activparty.hu/" "Mozilla/4.0 (compatible; MSIE 7.0; Windows NT 5.1; SV1; .NET CLR 2.0.50727)"
199.180.128.245 - - [11/May/2013:18:31:38 +0200] "GET /info.php HTTP/1.0" 200 50111 "http://activparty.hu/" "Mozilla/5.0 (Windows NT 6.1; rv:5.0) Gecko/20100101 Firefox/5.02"
180.76.5.153 - - [11/May/2013:18:31:48 +0200] "GET /robots.txt HTTP/1.1" 404 - "-" "Mozilla/5.0 (Windows NT 5.1; rv:6.0.2) Gecko/20100101 Firefox/6.0.2"
199.180.128.245 - - [11/May/2013:18:34:38 +0200] "GET /info.php HTTP/1.0" 200 50138 "http://activparty.hu/" "Mozilla/5.0 (Windows NT 6.1; rv:2.0b7pre) Gecko/20100921 Firefox/4.0b7pre"
199.180.128.245 - - [11/May/2013:18:35:42 +0200] "GET /info.php HTTP/1.0" 200 50126 "http://activparty.hu/" "Opera/9.80 (Windows NT 6.2; Win64; x64) Presto/2.12.388 Version/12.15"
178.216.52.116 - - [11/May/2013:18:42:52 +0200] "GET /info.php HTTP/1.0" 200 50368 "http://activparty.hu/" "Mozilla/5.0 (Windows NT 5.1; rv:13.0) Gecko/20100101 Firefox/13.0.1"
178.216.52.116 - - [11/May/2013:18:45:12 +0200] "GET /info.php HTTP/1.0" 200 50392 "http://activparty.hu/" "Mozilla/4.0 (compatible; MSIE 7.0; Windows NT 5.1; SV1; .NET CLR 2.0.50727)"
178.216.52.116 - - [11/May/2013:18:51:53 +0200] "GET /info.php HTTP/1.0" 200 50527 "http://activparty.hu/" "Mozilla/4.0 (compatible; MSIE 6.0; Windows NT 5.1; SV1; MRA 5.8 (build 4157); .NET CLR 2.0.50727; AskTbPTV/5.11.3.15590)"
178.216.52.116 - - [11/May/2013:18:52:23 +0200] "GET /info.php HTTP/1.0" 200 50368 "http://activparty.hu/" "Mozilla/5.0 (Windows NT 5.1; rv:13.0) Gecko/20100101 Firefox/13.0.1"
178.216.52.116 - - [11/May/2013:18:56:20 +0200] "GET /info.php HTTP/1.0" 200 50386 "http://activparty.hu/" "Mozilla/5.0 (Windows NT 6.1; rv:2.0b7pre) Gecko/20100921 Firefox/4.0b7pre"
178.216.52.116 - - [11/May/2013:18:56:33 +0200] "GET /info.php HTTP/1.0" 200 50359 "http://activparty.hu/" "Mozilla/5.0 (Windows NT 6.1; rv:5.0) Gecko/20100101 Firefox/5.02"
157.56.229.189 - - [11/May/2013:18:59:36 +0200] "GET /robots.txt HTTP/1.1" 404 - "-" "Mozilla/5.0 (compatible; bingbot/2.0; +http://www.bing.com/bingbot.htm)"
37.59.251.139 - - [11/May/2013:18:59:40 +0200] "GET /info.php HTTP/1.0" 200 50338 "http://activparty.hu/" "Mozilla/4.0 (compatible; MSIE 8.0; Windows NT 6.0; Trident/4.0; Mozilla/4.0 (compatible; MSIE 6.0; Windows NT 5.1; SV1) ; .NET CLR 3.5.30729)"
178.216.52.116 - - [11/May/2013:19:00:14 +0200] "GET /info.php HTTP/1.0" 200 50386 "http://activparty.hu/" "Mozilla/5.0 (Windows NT 6.1; rv:2.0b7pre) Gecko/20100921 Firefox/4.0b7pre"
178.216.52.116 - - [11/May/2013:19:01:00 +0200] "GET /info.php HTTP/1.0" 200 50368 "http://activparty.hu/" "Mozilla/5.0 (Windows NT 5.1; rv:5.0.1) Gecko/20100101 Firefox/5.0.1"
157.56.229.189 - - [11/May/2013:19:02:13 +0200] "GET / HTTP/1.1" 200 3021 "-" "Mozilla/5.0 (compatible; bingbot/2.0; +http://www.bing.com/bingbot.htm)"
128.69.186.18 - - [11/May/2013:19:15:37 +0200] "GET / HTTP/1.1" 200 3021 "-" "Mozilla/5.0 (Windows NT 6.0) AppleWebKit/535.19 (KHTML, like Gecko) Chrome/18.0.1025.1634 Safari/535.19 YI"
128.69.186.18 - - [11/May/2013:19:15:37 +0200] "GET / HTTP/1.1" 200 3021 "-" "Mozilla/5.0 (Windows NT 6.0) AppleWebKit/535.19 (KHTML, like Gecko) Chrome/18.0.1025.1634 Safari/535.19 YI"
66.249.78.49 - - [11/May/2013:19:49:57 +0200] "GET /aktivparty.html HTTP/1.1" 304 - "-" "Mozilla/5.0 (compatible; Googlebot/2.1; +http://www.google.com/bot.html)"
195.62.25.214 - - [11/May/2013:20:19:04 +0200] "GET /info.php?a%5B%5D=%3Ca+href=http://midlake.net/forum/index.php+++Result:+ HTTP/1.0" 200 51356 "http://activparty.hu/info.php?a%5B%5D=%3Ca+href=http://midlake.net/forum/index.php+++Result:+#trans%5Bhu%5D;+%ED%E5+%ED%E0%F8%EB%EE%F1%FC+%F4%EE%F0%EC%FB+%E4%EB%FF+%EE%F2%EF%F0%E0%E2%EA%E8;+Result:+#trans%5Bhu%5D;+%ED%E5+%ED%E0%F8%EB%EE%F1%FC+%F4%EE%F0%EC%FB+%E4%EB%FF+%EE%F2%EF%F0%E0%E2%EA%E8;" "Mozilla/5.0 (Windows NT 6.1; WOW64; rv:17.0) Gecko/20100101 Firefox/17.0"
198.52.128.98 - - [11/May/2013:20:39:51 +0200] "GET /info.php?a[]=%3Ca+href=http://wholovesyoumost.com HTTP/1.0" 200 50631 "http://activparty.hu/" "Mozilla/5.0 (Windows NT 6.1; WOW64; rv:5.0) Gecko/20100101 Firefox/5.0"
198.52.128.98 - - [11/May/2013:20:39:55 +0200] "GET /info.php?a[]=%3Ca+href=http://Cheetoscotos.com/%3Eadvance+auto+parts+discount%3C/a%3E HTTP/1.0" 200 51180 "http://activparty.hu/" "Mozilla/4.0 (compatible; MSIE 8.0; Windows NT 6.0; Trident/4.0; Mozilla/4.0 (compatible; MSIE 6.0; Windows NT 5.1; SV1) ; .NET CLR 3.5.30729)"
198.52.128.98 - - [11/May/2013:20:39:59 +0200] "GET /info.php?a[]=%3Ca+href=http://wholovesyoumost.com%3ERecommended+Internet+site%3C/a%3E HTTP/1.0" 200 51166 "http://activparty.hu/" "Mozilla/4.0 (compatible; MSIE 8.0; Windows NT 6.0; Trident/4.0; Mozilla/4.0 (compatible; MSIE 6.0; Windows NT 5.1; SV1) ; .NET CLR 3.5.30729)"
192.119.144.169 - - [11/May/2013:20:47:40 +0200] "GET /info.php?a[]=%3Ca+href=http://wholovesyoumost.com%3ERecommended+Internet+site%3C/a%3E HTTP/1.0" 200 51060 "http://activparty.hu/" "Mozilla/5.0 (Windows NT 6.1; WOW64) AppleWebKit/535.1 (KHTML, like Gecko) Chrome/13.0.782.112 Safari/535.1"
208.73.208.170 - - [11/May/2013:20:52:58 +0200] "HEAD / HTTP/1.1" 200 0 "-" "-"
157.56.229.189 - - [11/May/2013:23:35:34 +0200] "GET /robots.txt HTTP/1.1" 404 - "-" "Mozilla/5.0 (compatible; bingbot/2.0; +http://www.bing.com/bingbot.htm)"
157.56.229.189 - - [11/May/2013:23:37:13 +0200] "GET / HTTP/1.1" 200 3021 "-" "Mozilla/5.0 (compatible; bingbot/2.0; +http://www.bing.com/bingbot.htm)"
46.105.133.33 - - [12/May/2013:00:02:54 +0200] "GET /info.php HTTP/1.0" 200 50116 "http://activparty.hu/" "Mozilla/5.0 (Windows NT 5.1; rv:13.0) Gecko/20100101 Firefox/13.0.1"
95.27.80.56 - - [12/May/2013:00:24:59 +0200] "GET /info.php?a%5B%5D=%3Ca%2Bhref=http://gogreencoffee.blogspot.com/%3Egreen%2Bcoffee%2Bbeans%3C/a%3E HTTP/1.0" 200 50750 "http://current.com/1rhh7kc" "Mozilla/5.0 (Windows NT 6.2) AppleWebKit/536.5 (KHTML, like Gecko) Chrome/19.0.1084.56 Safari/536.5"
95.27.80.56 - - [12/May/2013:00:24:59 +0200] "GET /info.php?a%5B%5D=%3Ca%2Bhref=http://gogreencoffee.blogspot.com/%3Egreen%2Bcoffee%2Bbeans%3C/a%3E HTTP/1.0" 200 35105 "http://current.com/1rhh7kc" "Mozilla/5.0 (Windows NT 6.1; rv:14.0) Gecko/20100101 Firefox/14.0.1"
95.27.80.56 - - [12/May/2013:00:24:59 +0200] "GET /info.php?a%5B%5D=%3Ca%2Bhref=http://gogreencoffee.blogspot.com/%3Egreen%2Bcoffee%2Bbeans%3C/a%3E HTTP/1.0" 200 35105 "http://current.com/1rhh7kc" "Mozilla/5.0 (Windows NT 5.1; rv:2.0.1) Gecko/20100101 Firefox/4.0.1"
31.133.13.222 - - [12/May/2013:01:06:11 +0200] "GET /info.php?a=%3Ca+href=http://www.periquitos.com.br/forum/profile.php?mode=viewprofile& HTTP/1.0" 200 51017 "http://activparty.hu/info.php?a=%3Ca+href=http://www.periquitos.com.br/forum/profile.php?mode=viewprofile&u=163483%3EFind+Out+More%3C/a%3E" "Mozilla/5.0 (Windows NT 5.1) AppleWebKit/537.11 (KHTML, like Gecko) Chrome/23.0.1271.95 Safari/537.11"
66.249.78.49 - - [12/May/2013:01:48:39 +0200] "GET / HTTP/1.1" 200 3021 "-" "Mozilla/5.0 (iPhone; U; CPU iPhone OS 4_1 like Mac OS X; en-us) AppleWebKit/532.9 (KHTML, like Gecko) Version/4.0.5 Mobile/8B117 Safari/6531.22.7 (compatible; Googlebot-Mobile/2.1; +http://www.google.com/bot.html)"
66.249.78.49 - - [12/May/2013:02:20:21 +0200] "GET /aktivparty.html HTTP/1.1" 304 - "-" "Mozilla/5.0 (iPhone; U; CPU iPhone OS 4_1 like Mac OS X; en-us) AppleWebKit/532.9 (KHTML, like Gecko) Version/4.0.5 Mobile/8B117 Safari/6531.22.7 (compatible; Googlebot-Mobile/2.1; +http://www.google.com/bot.html)"
208.73.208.170 - - [12/May/2013:02:24:08 +0200] "HEAD / HTTP/1.1" 200 0 "-" "-"
77.88.42.27 - - [12/May/2013:03:06:19 +0200] "GET /robots.txt HTTP/1.1" 404 - "-" "Mozilla/5.0 (compatible; YandexBot/3.0; +http://yandex.com/bots)"
77.88.42.27 - - [12/May/2013:03:06:21 +0200] "GET /images/letoltes_off.gif HTTP/1.1" 304 - "-" "Mozilla/5.0 (compatible; YandexImages/3.0; +http://yandex.com/bots)"
77.88.42.27 - - [12/May/2013:03:27:57 +0200] "GET /images/belepes_off.gif HTTP/1.1" 304 - "-" "Mozilla/5.0 (compatible; YandexImages/3.0; +http://yandex.com/bots)"
208.73.208.170 - - [12/May/2013:03:34:01 +0200] "HEAD / HTTP/1.1" 200 0 "-" "-"
208.73.208.170 - - [12/May/2013:04:27:00 +0200] "HEAD / HTTP/1.1" 200 0 "-" "-"
46.29.253.155 - - [12/May/2013:05:28:43 +0200] "GET /info.php HTTP/1.0" 200 50233 "http://activparty.hu/" "Mozilla/5.0 (Windows NT 6.1; WOW64) AppleWebKit/535.1 (KHTML, like Gecko) Chrome/13.0.782.112 Safari/535.1"
46.29.253.155 - - [12/May/2013:05:28:46 +0200] "GET /info.php HTTP/1.0" 200 50421 "http://besttopreviewsonline.com" "Mozilla/5.0 besttopreviewsonline.com (Windows NT 5.1; U; en) Presto/2.10.229 Version/11.60"
192.119.144.134 - - [12/May/2013:05:36:04 +0200] "GET /info.php HTTP/1.0" 200 50279 "http://activparty.hu/" "Mozilla/4.0 (compatible; MSIE 6.0; Windows NT 5.1; SV1; MRA 5.8 (build 4157); .NET CLR 2.0.50727; AskTbPTV/5.11.3.15590)"
208.73.208.170 - - [12/May/2013:05:55:43 +0200] "HEAD / HTTP/1.1" 200 0 "-" "-"
192.119.144.134 - - [12/May/2013:06:58:37 +0200] "GET /info.php?a[]=%3Ca+href=http://www.bestdatingsitesreview4u.com/ HTTP/1.0" 200 50946 "http://activparty.hu/" "Mozilla/5.0 (Linux; U; Android 2.2; fr-fr; Desire_A8181 Build/FRF91) App3leWebKit/53.1 (KHTML, like Gecko) Version/4.0 Mobile Safari/533.1"
192.119.144.134 - - [12/May/2013:06:58:39 +0200] "GET /info.php?a[]=%3Ca+href=http://wholovesyoumost.com%3ERecommended+Internet+site%3C/a%3E HTTP/1.0" 200 50957 "http://activparty.hu/" "Opera/9.80 (Windows NT 6.2; Win64; x64) Presto/2.12.388 Version/12.15"
192.119.144.134 - - [12/May/2013:06:58:41 +0200] "GET /info.php?a[]=%3Ca+href=http://www.bestdatingsitesreview4u.com/%3Ewww.bestdatingsitesreview4u.com%3C/a%3E HTTP/1.0" 200 51076 "http://activparty.hu/" "Opera/9.80 (Windows NT 6.2; Win64; x64) Presto/2.12.388 Version/12.15"
208.73.208.170 - - [12/May/2013:07:01:59 +0200] "HEAD / HTTP/1.1" 200 0 "-" "-"
198.52.128.78 - - [12/May/2013:07:12:41 +0200] "GET /info.php?a[]=%3Ca+href=http://www.bestdatingsitesreview4u.com/%3Ewww.bestdatingsitesreview4u.com%3C/a%3E HTTP/1.0" 200 51068 "http://activparty.hu/" "Mozilla/5.0 (Windows NT 5.1; rv:13.0) Gecko/20100101 Firefox/13.0.1"
208.73.208.170 - - [12/May/2013:08:05:56 +0200] "HEAD / HTTP/1.1" 200 0 "-" "-"
178.216.52.240 - - [12/May/2013:08:15:19 +0200] "GET /info.php HTTP/1.0" 200 50124 "http://activparty.hu/" "Opera/9.80 (Windows NT 6.2; Win64; x64) Presto/2.12.388 Version/12.15"
178.216.52.240 - - [12/May/2013:08:15:22 +0200] "GET /info.php?a[]=%3Ca+href=http://www.osca.asia/%3Emodern+office+interior+design%3C/a%3E HTTP/1.0" 200 50958 "http://activparty.hu/" "Opera/9.80 (Windows NT 6.2; Win64; x64) Presto/2.12.388 Version/12.15"
178.216.52.240 - - [12/May/2013:08:15:25 +0200] "GET /info.php?a[]=%3Ca+href=http://www.osca.asia/%3Emodern+office+interior+design%3C/a%3E HTTP/1.0" 200 50552 "http://activparty.hu/" "-"
157.56.229.189 - - [12/May/2013:08:33:33 +0200] "GET /robots.txt HTTP/1.1" 404 - "-" "Mozilla/5.0 (compatible; bingbot/2.0; +http://www.bing.com/bingbot.htm)"
157.56.229.189 - - [12/May/2013:08:36:03 +0200] "GET / HTTP/1.1" 200 3021 "-" "Mozilla/5.0 (compatible; bingbot/2.0; +http://www.bing.com/bingbot.htm)"
77.111.90.197 - - [12/May/2013:09:00:46 +0200] "GET / HTTP/1.1" 200 3021 "-" "Mozilla/5.0 (X11; U; Linux i686; en-US; rv:1.9.0.4) Gecko/2008111318 Ubuntu/8.10 (intrepid) Firefox/3.0.4"
208.73.208.170 - - [12/May/2013:09:05:36 +0200] "HEAD / HTTP/1.1" 200 0 "-" "-"
66.162.42.131 - - [12/May/2013:09:35:02 +0200] "GET /robots.txt HTTP/1.0" 404 - "-" "Mozilla/5.0 (compatible; ProCogSEOBot/1.0; +http://www.procog.com/ )"
66.162.42.131 - - [12/May/2013:09:35:02 +0200] "GET / HTTP/1.0" 200 3021 "-" "Mozilla/5.0 (compatible; ProCogSEOBot/1.0; +http://www.procog.com/ )"
208.73.208.170 - - [12/May/2013:09:59:48 +0200] "HEAD / HTTP/1.1" 200 0 "-" "-"
66.249.78.49 - - [12/May/2013:10:18:10 +0200] "GET /robots.txt HTTP/1.1" 404 - "-" "Mozilla/5.0 (compatible; Googlebot/2.1; +http://www.google.com/bot.html)"
66.249.78.49 - - [12/May/2013:10:18:10 +0200] "GET /info.php?a%5B%5D=%3Ca+href=http://www.bestdatingsitesreview4u.com/%3Ewww.bestdatingsitesreview4u.com%3C/a%3E HTTP/1.1" 200 50773 "-" "Mozilla/5.0 (compatible; Googlebot/2.1; +http://www.google.com/bot.html)"
50.23.254.99 - - [12/May/2013:10:18:33 +0200] "HEAD / HTTP/1.1" 200 0 "http://siteexplorer.info" "Mozilla/4.0 (compatible; MSIE 8.0; Windows NT 6.0)"
176.31.60.137 - - [12/May/2013:10:24:59 +0200] "GET /info.php HTTP/1.0" 200 50275 "http://activparty.hu/" "Mozilla/4.0 (compatible; MSIE 6.0; Windows NT 5.1; SV1; MRA 5.8 (build 4157); .NET CLR 2.0.50727; AskTbPTV/5.11.3.15590)"
176.31.60.137 - - [12/May/2013:10:25:00 +0200] "GET /info.php?a[]=%3Ca+href=http://videoanal.biz/profile/gentiane/%3Erencontre+Tourcoing:+gentiane+53ans%3C/a%3E HTTP/1.0" 200 51293 "http://activparty.hu/" "Mozilla/4.0 (compatible; MSIE 6.0; Windows NT 5.1; SV1; MRA 5.8 (build 4157); .NET CLR 2.0.50727; AskTbPTV/5.11.3.15590)"
176.31.60.137 - - [12/May/2013:10:29:30 +0200] "GET /info.php?a[]=%3Ca+href=http://videoanal.biz/profile/gentiane/%3Erencontre+Tourcoing:+gentiane+53ans%3C/a%3E HTTP/1.0" 200 51248 "http://activparty.hu/" "Mozilla/4.0 (compatible; MSIE 6.0; Windows NT 5.1; SV1; FunWebProducts; .NET CLR 1.1.4322; PeoplePal 6.2)"
208.73.208.170 - - [12/May/2013:10:58:47 +0200] "HEAD / HTTP/1.1" 200 0 "-" "-"
157.56.229.189 - - [12/May/2013:12:04:17 +0200] "GET /robots.txt HTTP/1.1" 404 - "-" "Mozilla/5.0 (compatible; bingbot/2.0; +http://www.bing.com/bingbot.htm)"
157.56.229.189 - - [12/May/2013:12:06:03 +0200] "GET / HTTP/1.1" 200 3021 "-" "Mozilla/5.0 (compatible; bingbot/2.0; +http://www.bing.com/bingbot.htm)"
208.73.208.170 - - [12/May/2013:12:07:05 +0200] "HEAD / HTTP/1.1" 200 0 "-" "-"
208.73.208.170 - - [12/May/2013:13:05:19 +0200] "HEAD / HTTP/1.1" 200 0 "-" "-"
208.73.208.170 - - [12/May/2013:13:59:01 +0200] "HEAD / HTTP/1.1" 200 0 "-" "-"
77.88.42.27 - - [12/May/2013:14:56:35 +0200] "GET /images/logo.gif HTTP/1.1" 304 - "-" "Mozilla/5.0 (compatible; YandexImages/3.0; +http://yandex.com/bots)"
208.73.208.170 - - [12/May/2013:15:02:48 +0200] "HEAD / HTTP/1.1" 200 0 "-" "-"
208.73.208.170 - - [12/May/2013:16:04:03 +0200] "HEAD / HTTP/1.1" 200 0 "-" "-"
95.27.80.56 - - [12/May/2013:16:26:34 +0200] "GET /info.php?a%5B%5D=%3Ca%2Bhref=http://gogreencoffee.blogspot.com/%3Egreen%2Bcoffee%2Bbeans%3C/a%3E HTTP/1.0" 200 50648 "http://current.com/1rhh7kc" "Mozilla/5.0 (Windows NT 6.1; rv:12.0) Gecko/20100101 Firefox/12.0"
95.27.80.56 - - [12/May/2013:16:26:35 +0200] "GET /info.php?a%5B%5D=%3Ca%2Bhref=http://gogreencoffee.blogspot.com/%3Egreen%2Bcoffee%2Bbeans%3C/a%3E HTTP/1.0" 200 35105 "http://current.com/1rhh7kc" "Mozilla/5.0 (Windows NT 6.1) AppleWebKit/535.19 (KHTML, like Gecko) Chrome/18.0.1025.164 Safari/535.19 YE"
95.27.80.56 - - [12/May/2013:16:26:35 +0200] "GET /info.php?a%5B%5D=%3Ca%2Bhref=http://gogreencoffee.blogspot.com/%3Egreen%2Bcoffee%2Bbeans%3C/a%3E HTTP/1.0" 200 35105 "http://current.com/1rhh7kc" "Mozilla/5.0 (Windows NT 6.2) AppleWebKit/536.5 (KHTML, like Gecko) Chrome/19.0.1084.56 Safari/536.5"
88.190.47.197 - - [12/May/2013:16:51:09 +0200] "GET /info.php?a[]=%3Ca+href=http://videoanal.biz/profile/gentiane/%3Erencontre+Tourcoing:+gentiane+53ans%3C/a%3E HTTP/1.1" 200 51430 "http://www.petitiononline.com/" "Opera/9.80 (Windows NT 6.2; Win64; x64) Presto/2.12.388 Version/12.15"
88.190.47.197 - - [12/May/2013:16:51:10 +0200] "GET /info.php?a[]=%3Ca+href=http://videoanal.biz/profile/gentiane/%3Erencontre+Tourcoing:+gentiane+53ans%3C/a%3E HTTP/1.1" 200 51424 "http://1418.c-uk.360tag.com/" "Opera/9.80 (Windows NT 6.2; Win64; x64) Presto/2.12.388 Version/12.15"
88.190.47.197 - - [12/May/2013:16:51:11 +0200] "GET /info.php?a[]=%3Ca+href=http://videoanal.biz/profile/gentiane/%3Erencontre+Tourcoing:+gentiane+53ans%3C/a%3E HTTP/1.1" 200 51400 "http://1.xg4ken.com/" "Opera/9.80 (Windows NT 6.2; Win64; x64) Presto/2.12.388 Version/12.15"
50.57.150.161 - - [12/May/2013:16:51:12 +0200] "GET /info.php?a[]=rencontre+Tourcoing:+gentiane+53ans HTTP/1.0" 200 52341 "http://mowser.com/" "Mozilla/4.0 (compatible; MSIE 5.5; Windows NT 5.0; mowser; http://www.mowser.com)"
88.190.47.197 - - [12/May/2013:16:51:12 +0200] "GET /info.php?a[]=%3Ca+href=http://videoanal.biz/profile/gentiane/%3Erencontre+Tourcoing:+gentiane+53ans%3C/a%3E HTTP/1.1" 200 51406 "http://mnews.atode.cc/" "Opera/9.80 (Windows NT 6.2; Win64; x64) Presto/2.12.388 Version/12.15"
208.73.208.170 - - [12/May/2013:17:00:23 +0200] "HEAD / HTTP/1.1" 200 0 "-" "-"
178.33.252.35 - - [12/May/2013:17:48:00 +0200] "GET /info.php HTTP/1.1" 200 50470 "http://activparty.hu/" "Mozilla/5.0 (Windows NT 6.0) AppleWebKit/535.1 (KHTML, like Gecko) Chrome/13.0.782.112 Safari/535.1"
178.33.252.35 - - [12/May/2013:17:48:01 +0200] "GET /info.php HTTP/1.1" 200 50723 "http://besttopreviewsonline.com" "Mozilla/5.0 simply click besttopreviewsonline.com (Windows NT 5.1; U; en) Presto/2.10.229 Version/11.60"
178.33.252.35 - - [12/May/2013:17:50:16 +0200] "GET /info.php HTTP/1.1" 200 50493 "http://activparty.hu/" "Mozilla/4.0 (compatible; MSIE 6.0; Windows NT 5.1; SV1; FunWebProducts; .NET CLR 1.1.4322; PeoplePal 6.2)"
208.73.208.170 - - [12/May/2013:17:57:50 +0200] "HEAD / HTTP/1.1" 200 0 "-" "-"
157.56.229.189 - - [12/May/2013:18:52:26 +0200] "GET /robots.txt HTTP/1.1" 404 - "-" "Mozilla/5.0 (compatible; bingbot/2.0; +http://www.bing.com/bingbot.htm)"
157.56.229.189 - - [12/May/2013:18:54:04 +0200] "GET / HTTP/1.1" 200 3021 "-" "Mozilla/5.0 (compatible; bingbot/2.0; +http://www.bing.com/bingbot.htm)"
208.73.208.170 - - [12/May/2013:19:08:11 +0200] "HEAD / HTTP/1.1" 200 0 "-" "-"
208.115.113.88 - - [12/May/2013:21:02:32 +0200] "GET /robots.txt HTTP/1.1" 404 - "-" "Mozilla/5.0 (compatible; Ezooms/1.0; ezooms.bot@gmail.com)"
178.33.252.35 - - [12/May/2013:21:08:49 +0200] "GET /info.php?a[]=%3Ca+href=http://besttopreviewsonline.com HTTP/1.1" 200 50927 "http://activparty.hu/" "Mozilla/5.0 (Windows NT 5.1; rv:13.0) Gecko/20100101 Firefox/13.0.1"
178.33.252.35 - - [12/May/2013:21:08:50 +0200] "GET /info.php?a[]=%3Ca+href=http://www.bestdatingsitesreview4u.com/%3Ewww.bestdatingsitesreview4u.com%3C/a%3E HTTP/1.1" 200 51447 "http://activparty.hu/" "Mozilla/4.0 (compatible; MSIE 6.0; Windows NT 5.1; SV1; FunWebProducts; .NET CLR 1.1.4322; PeoplePal 6.2)"
178.33.252.35 - - [12/May/2013:21:08:50 +0200] "GET /info.php?a[]=%3Ca+href=http://besttopreviewsonline.com%3Ebest+dating+sites%3C/a%3E HTTP/1.1" 200 51299 "http://activparty.hu/" "Mozilla/4.0 (compatible; MSIE 6.0; Windows NT 5.1; SV1; FunWebProducts; .NET CLR 1.1.4322; PeoplePal 6.2)"
178.33.252.35 - - [12/May/2013:21:11:31 +0200] "GET /info.php?a[]=%3Ca+href=http://besttopreviewsonline.com%3Ebest+dating+sites%3C/a%3E HTTP/1.1" 200 51176 "http://activparty.hu/" "Mozilla/5.0 (Windows NT 6.1; rv:5.0) Gecko/20100101 Firefox/5.02"
208.73.208.170 - - [12/May/2013:21:12:36 +0200] "HEAD / HTTP/1.1" 200 0 "-" "-"
208.73.208.170 - - [12/May/2013:22:22:43 +0200] "HEAD / HTTP/1.1" 200 0 "-" "-"
91.64.153.168 - - [12/May/2013:22:39:59 +0200] "GET /robots.txt HTTP/1.0" 404 - "-" "Mozilla/5.0 (compatible; MJ12bot/v1.4.3; http://www.majestic12.co.uk/bot.php?+)"
91.64.153.168 - - [12/May/2013:22:40:00 +0200] "GET / HTTP/1.0" 200 3021 "-" "Mozilla/5.0 (compatible; MJ12bot/v1.4.3; http://www.majestic12.co.uk/bot.php?+)"
198.50.136.245 - - [12/May/2013:22:44:51 +0200] "GET /info.php HTTP/1.0" 200 50231 "http://activparty.hu/" "Mozilla/4.0 (compatible; MSIE 6.0; Windows NT 5.1; SV1; FunWebProducts; .NET CLR 1.1.4322; PeoplePal 6.2)"
198.50.136.245 - - [12/May/2013:22:50:58 +0200] "GET /info.php HTTP/1.0" 200 50276 "http://activparty.hu/" "Mozilla/4.0 (compatible; MSIE 6.0; Windows NT 5.1; SV1; MRA 5.8 (build 4157); .NET CLR 2.0.50727; AskTbPTV/5.11.3.15590)"
198.50.136.245 - - [12/May/2013:22:51:58 +0200] "GET /info.php HTTP/1.0" 200 50325 "http://activparty.hu/" "Mozilla/5.0 (Linux; U; Android 2.2; fr-fr; Desire_A8181 Build/FRF91) App3leWebKit/53.1 (KHTML, like Gecko) Version/4.0 Mobile Safari/533.1"
198.50.136.245 - - [12/May/2013:22:53:58 +0200] "GET /info.php HTTP/1.0" 200 50117 "http://activparty.hu/" "Mozilla/5.0 (Windows NT 5.1; rv:5.0.1) Gecko/20100101 Firefox/5.0.1"
198.50.136.245 - - [12/May/2013:22:55:28 +0200] "GET /info.php HTTP/1.0" 200 50339 "http://activparty.hu/" "Mozilla/4.0 (compatible; MSIE 8.0; Windows NT 6.0; Trident/4.0; Mozilla/4.0 (compatible; MSIE 6.0; Windows NT 5.1; SV1) ; .NET CLR 3.5.30729)"
198.50.136.245 - - [12/May/2013:22:56:11 +0200] "GET /info.php HTTP/1.0" 200 50162 "http://activparty.hu/" "Mozilla/4.0 (compatible; MSIE 7.0; Windows NT 5.1; Trident/4.0; .NET CLR 1.1.4322)"
198.50.136.245 - - [12/May/2013:22:58:12 +0200] "GET /info.php HTTP/1.0" 200 50213 "http://activparty.hu/" "Mozilla/5.0 (Windows NT 6.0) AppleWebKit/535.1 (KHTML, like Gecko) Chrome/13.0.782.112 Safari/535.1"
198.50.136.245 - - [12/May/2013:23:02:12 +0200] "GET /info.php HTTP/1.0" 200 50213 "http://activparty.hu/" "Mozilla/5.0 (Windows NT 6.0) AppleWebKit/535.1 (KHTML, like Gecko) Chrome/13.0.782.112 Safari/535.1"
198.50.136.245 - - [12/May/2013:23:05:52 +0200] "GET /info.php HTTP/1.0" 200 50126 "http://activparty.hu/" "Mozilla/5.0 (Windows NT 6.1; WOW64; rv:5.0) Gecko/20100101 Firefox/5.0"
198.50.136.245 - - [12/May/2013:23:07:52 +0200] "GET /info.php HTTP/1.0" 200 50276 "http://activparty.hu/" "Mozilla/4.0 (compatible; MSIE 6.0; Windows NT 5.1; SV1; MRA 5.8 (build 4157); .NET CLR 2.0.50727; AskTbPTV/5.11.3.15590)"
208.115.113.88 - - [12/May/2013:23:10:34 +0200] "GET /aktivparty.html HTTP/1.1" 200 1528 "-" "Mozilla/5.0 (compatible; Ezooms/1.0; ezooms.bot@gmail.com)"
198.50.136.245 - - [12/May/2013:23:14:07 +0200] "GET /info.php HTTP/1.0" 200 50276 "http://activparty.hu/" "Mozilla/4.0 (compatible; MSIE 6.0; Windows NT 5.1; SV1; MRA 5.8 (build 4157); .NET CLR 2.0.50727; AskTbPTV/5.11.3.15590)"
198.50.136.245 - - [12/May/2013:23:16:11 +0200] "GET /info.php HTTP/1.0" 200 50126 "http://activparty.hu/" "Mozilla/5.0 (Windows NT 6.1; WOW64; rv:5.0) Gecko/20100101 Firefox/5.0"
198.50.136.245 - - [12/May/2013:23:17:55 +0200] "GET /info.php HTTP/1.0" 200 50108 "http://activparty.hu/" "Mozilla/5.0 (Windows NT 6.1; rv:5.0) Gecko/20100101 Firefox/5.02"
198.50.136.245 - - [12/May/2013:23:19:49 +0200] "GET /info.php HTTP/1.0" 200 50126 "http://activparty.hu/" "Mozilla/5.0 (Windows NT 6.1; WOW64; rv:5.0) Gecko/20100101 Firefox/5.0"
198.50.136.245 - - [12/May/2013:23:26:17 +0200] "GET /info.php HTTP/1.0" 200 50162 "http://activparty.hu/" "Mozilla/4.0 (compatible; MSIE 7.0; Windows NT 5.1; Trident/4.0; .NET CLR 1.1.4322)"
208.73.208.170 - - [12/May/2013:23:28:10 +0200] "HEAD / HTTP/1.1" 200 0 "-" "-"
198.50.136.245 - - [12/May/2013:23:29:28 +0200] "GET /info.php HTTP/1.0" 200 50141 "http://activparty.hu/" "Mozilla/4.0 (compatible; MSIE 7.0; Windows NT 5.1; SV1; .NET CLR 2.0.50727)"
198.50.136.245 - - [12/May/2013:23:30:22 +0200] "GET /info.php HTTP/1.0" 200 50297 "http://activparty.hu/" "Mozilla/4.0 (compatible; MSIE 7.0; Windows NT 5.1; Trident/4.0; .NET CLR 2.0.50727; .NET CLR 3.0.4506.2152; .NET CLR 3.5.30729)"
198.50.136.245 - - [12/May/2013:23:32:34 +0200] "GET /info.php HTTP/1.0" 200 50108 "http://activparty.hu/" "Mozilla/5.0 (Windows NT 6.1; rv:5.0) Gecko/20100101 Firefox/5.02"
198.50.136.245 - - [12/May/2013:23:39:23 +0200] "GET /info.php HTTP/1.0" 200 50297 "http://activparty.hu/" "Mozilla/4.0 (compatible; MSIE 7.0; Windows NT 5.1; Trident/4.0; .NET CLR 2.0.50727; .NET CLR 3.0.4506.2152; .NET CLR 3.5.30729)"
198.50.136.245 - - [12/May/2013:23:41:23 +0200] "GET /info.php HTTP/1.0" 200 50117 "http://activparty.hu/" "Mozilla/5.0 (Windows NT 5.1; rv:13.0) Gecko/20100101 Firefox/13.0.1"
198.50.136.245 - - [12/May/2013:23:42:51 +0200] "GET /info.php HTTP/1.0" 200 50334 "http://activparty.hu/" "Mozilla/4.0 (compatible; MSIE 8.0; Windows NT 6.0; Trident/4.0; Mozilla/4.0 (compatible; MSIE 6.0; Windows NT 5.1; SV1) ; .NET CLR 3.5.30729)"
198.50.136.245 - - [12/May/2013:23:44:46 +0200] "GET /info.php HTTP/1.0" 200 50339 "http://activparty.hu/" "Mozilla/4.0 (compatible; MSIE 8.0; Windows NT 6.0; Trident/4.0; Mozilla/4.0 (compatible; MSIE 6.0; Windows NT 5.1; SV1) ; .NET CLR 3.5.30729)"
198.50.136.245 - - [12/May/2013:23:46:03 +0200] "GET /info.php HTTP/1.0" 200 50135 "http://activparty.hu/" "Mozilla/5.0 (Windows NT 6.1; rv:2.0b7pre) Gecko/20100921 Firefox/4.0b7pre"
198.50.136.245 - - [12/May/2013:23:48:46 +0200] "GET /info.php HTTP/1.0" 200 50330 "http://activparty.hu/" "Mozilla/5.0 (Linux; U; Android 2.2; fr-fr; Desire_A8181 Build/FRF91) App3leWebKit/53.1 (KHTML, like Gecko) Version/4.0 Mobile Safari/533.1"
198.50.136.245 - - [12/May/2013:23:50:46 +0200] "GET /info.php HTTP/1.0" 200 50108 "http://activparty.hu/" "Mozilla/5.0 (Windows NT 6.1; rv:5.0) Gecko/20100101 Firefox/5.02"
157.56.229.189 - - [12/May/2013:23:51:20 +0200] "GET /robots.txt HTTP/1.1" 404 - "-" "Mozilla/5.0 (compatible; bingbot/2.0; +http://www.bing.com/bingbot.htm)"
198.50.136.245 - - [12/May/2013:23:51:46 +0200] "GET /info.php HTTP/1.0" 200 50339 "http://activparty.hu/" "Mozilla/4.0 (compatible; MSIE 8.0; Windows NT 6.0; Trident/4.0; Mozilla/4.0 (compatible; MSIE 6.0; Windows NT 5.1; SV1) ; .NET CLR 3.5.30729)"
157.56.229.189 - - [12/May/2013:23:53:03 +0200] "GET / HTTP/1.1" 200 3021 "-" "Mozilla/5.0 (compatible; bingbot/2.0; +http://www.bing.com/bingbot.htm)"
198.50.136.245 - - [12/May/2013:23:55:35 +0200] "GET /info.php HTTP/1.0" 200 50135 "http://activparty.hu/" "Mozilla/5.0 (Windows NT 6.1; rv:2.0b7pre) Gecko/20100921 Firefox/4.0b7pre"
198.50.136.245 - - [12/May/2013:23:56:48 +0200] "GET /info.php HTTP/1.0" 200 50157 "http://activparty.hu/" "Mozilla/4.0 (compatible; MSIE 7.0; Windows NT 5.1; Trident/4.0; .NET CLR 1.1.4322)"
198.50.136.245 - - [13/May/2013:00:00:48 +0200] "GET /info.php HTTP/1.0" 200 50117 "http://activparty.hu/" "Mozilla/5.0 (Windows NT 5.1; rv:5.0.1) Gecko/20100101 Firefox/5.0.1"
198.50.136.245 - - [13/May/2013:00:03:49 +0200] "GET /info.php HTTP/1.0" 200 50276 "http://activparty.hu/" "Mozilla/4.0 (compatible; MSIE 6.0; Windows NT 5.1; SV1; MRA 5.8 (build 4157); .NET CLR 2.0.50727; AskTbPTV/5.11.3.15590)"
198.50.136.245 - - [13/May/2013:00:07:48 +0200] "GET /info.php HTTP/1.0" 200 50141 "http://activparty.hu/" "Mozilla/4.0 (compatible; MSIE 7.0; Windows NT 5.1; SV1; .NET CLR 2.0.50727)"
198.50.136.245 - - [13/May/2013:00:10:13 +0200] "GET /info.php HTTP/1.0" 200 50231 "http://activparty.hu/" "Mozilla/4.0 (compatible; MSIE 6.0; Windows NT 5.1; SV1; FunWebProducts; .NET CLR 1.1.4322; PeoplePal 6.2)"
198.50.136.245 - - [13/May/2013:00:12:12 +0200] "GET /info.php HTTP/1.0" 200 50126 "http://activparty.hu/" "Mozilla/5.0 (Windows NT 6.1; WOW64; rv:5.0) Gecko/20100101 Firefox/5.0"
198.50.136.245 - - [13/May/2013:00:14:13 +0200] "GET /info.php HTTP/1.0" 200 50231 "http://activparty.hu/" "Mozilla/4.0 (compatible; MSIE 6.0; Windows NT 5.1; SV1; FunWebProducts; .NET CLR 1.1.4322; PeoplePal 6.2)"
198.50.136.245 - - [13/May/2013:00:16:17 +0200] "GET /info.php HTTP/1.0" 200 50162 "http://activparty.hu/" "Mozilla/4.0 (compatible; MSIE 7.0; Windows NT 5.1; Trident/4.0; .NET CLR 1.1.4322)"
198.50.136.245 - - [13/May/2013:00:19:19 +0200] "GET /info.php HTTP/1.0" 200 50339 "http://activparty.hu/" "Mozilla/4.0 (compatible; MSIE 8.0; Windows NT 6.0; Trident/4.0; Mozilla/4.0 (compatible; MSIE 6.0; Windows NT 5.1; SV1) ; .NET CLR 3.5.30729)"
198.50.136.245 - - [13/May/2013:00:21:19 +0200] "GET /info.php HTTP/1.0" 200 50123 "http://activparty.hu/" "Opera/9.80 (Windows NT 6.2; Win64; x64) Presto/2.12.388 Version/12.15"
198.50.136.245 - - [13/May/2013:00:24:56 +0200] "GET /info.php HTTP/1.0" 200 50108 "http://activparty.hu/" "Mozilla/5.0 (Windows NT 6.1; rv:5.0) Gecko/20100101 Firefox/5.02"
198.50.136.245 - - [13/May/2013:00:28:02 +0200] "GET /info.php HTTP/1.0" 200 50297 "http://activparty.hu/" "Mozilla/4.0 (compatible; MSIE 7.0; Windows NT 5.1; Trident/4.0; .NET CLR 2.0.50727; .NET CLR 3.0.4506.2152; .NET CLR 3.5.30729)"
198.50.136.245 - - [13/May/2013:00:30:02 +0200] "GET /info.php HTTP/1.0" 200 50330 "http://activparty.hu/" "Mozilla/5.0 (Linux; U; Android 2.2; fr-fr; Desire_A8181 Build/FRF91) App3leWebKit/53.1 (KHTML, like Gecko) Version/4.0 Mobile Safari/533.1"
198.50.136.245 - - [13/May/2013:00:30:56 +0200] "GET /info.php HTTP/1.0" 200 50141 "http://activparty.hu/" "Mozilla/4.0 (compatible; MSIE 7.0; Windows NT 5.1; SV1; .NET CLR 2.0.50727)"
198.50.136.245 - - [13/May/2013:00:32:56 +0200] "GET /info.php HTTP/1.0" 200 50117 "http://activparty.hu/" "Mozilla/5.0 (Windows NT 5.1; rv:13.0) Gecko/20100101 Firefox/13.0.1"
198.50.136.245 - - [13/May/2013:00:35:02 +0200] "GET /info.php HTTP/1.0" 200 50135 "http://activparty.hu/" "Mozilla/5.0 (Windows NT 6.1; rv:2.0b7pre) Gecko/20100921 Firefox/4.0b7pre"
198.50.136.245 - - [13/May/2013:00:35:56 +0200] "GET /info.php HTTP/1.0" 200 50339 "http://activparty.hu/" "Mozilla/4.0 (compatible; MSIE 8.0; Windows NT 6.0; Trident/4.0; Mozilla/4.0 (compatible; MSIE 6.0; Windows NT 5.1; SV1) ; .NET CLR 3.5.30729)"
198.50.136.245 - - [13/May/2013:00:43:06 +0200] "GET /info.php HTTP/1.0" 200 50213 "http://activparty.hu/" "Mozilla/5.0 (Windows NT 6.0) AppleWebKit/535.1 (KHTML, like Gecko) Chrome/13.0.782.112 Safari/535.1"
198.50.136.245 - - [13/May/2013:00:44:06 +0200] "GET /info.php HTTP/1.0" 200 50126 "http://activparty.hu/" "Mozilla/5.0 (Windows NT 6.1; WOW64; rv:5.0) Gecko/20100101 Firefox/5.0"
198.50.136.245 - - [13/May/2013:00:45:06 +0200] "GET /info.php HTTP/1.0" 200 50276 "http://activparty.hu/" "Mozilla/4.0 (compatible; MSIE 6.0; Windows NT 5.1; SV1; MRA 5.8 (build 4157); .NET CLR 2.0.50727; AskTbPTV/5.11.3.15590)"
198.50.136.245 - - [13/May/2013:00:49:11 +0200] "GET /info.php HTTP/1.0" 200 50213 "http://activparty.hu/" "Mozilla/5.0 (Windows NT 6.0) AppleWebKit/535.1 (KHTML, like Gecko) Chrome/13.0.782.112 Safari/535.1"
198.50.136.245 - - [13/May/2013:00:53:16 +0200] "GET /info.php HTTP/1.0" 200 50297 "http://activparty.hu/" "Mozilla/4.0 (compatible; MSIE 7.0; Windows NT 5.1; Trident/4.0; .NET CLR 2.0.50727; .NET CLR 3.0.4506.2152; .NET CLR 3.5.30729)"
198.50.136.245 - - [13/May/2013:00:57:39 +0200] "GET /info.php HTTP/1.0" 200 50330 "http://activparty.hu/" "Mozilla/5.0 (Linux; U; Android 2.2; fr-fr; Desire_A8181 Build/FRF91) App3leWebKit/53.1 (KHTML, like Gecko) Version/4.0 Mobile Safari/533.1"
208.73.208.170 - - [13/May/2013:00:59:34 +0200] "HEAD / HTTP/1.1" 200 0 "-" "-"
198.50.136.245 - - [13/May/2013:01:00:33 +0200] "GET /info.php HTTP/1.0" 200 50231 "http://activparty.hu/" "Mozilla/4.0 (compatible; MSIE 6.0; Windows NT 5.1; SV1; FunWebProducts; .NET CLR 1.1.4322; PeoplePal 6.2)"
198.50.136.245 - - [13/May/2013:01:02:39 +0200] "GET /info.php HTTP/1.0" 200 50231 "http://activparty.hu/" "Mozilla/4.0 (compatible; MSIE 6.0; Windows NT 5.1; SV1; FunWebProducts; .NET CLR 1.1.4322; PeoplePal 6.2)"
198.50.136.245 - - [13/May/2013:01:04:33 +0200] "GET /info.php HTTP/1.0" 200 50231 "http://activparty.hu/" "Mozilla/4.0 (compatible; MSIE 6.0; Windows NT 5.1; SV1; FunWebProducts; .NET CLR 1.1.4322; PeoplePal 6.2)"
198.50.136.245 - - [13/May/2013:01:05:33 +0200] "GET /info.php HTTP/1.0" 200 50334 "http://activparty.hu/" "Mozilla/4.0 (compatible; MSIE 8.0; Windows NT 6.0; Trident/4.0; Mozilla/4.0 (compatible; MSIE 6.0; Windows NT 5.1; SV1) ; .NET CLR 3.5.30729)"
198.50.136.245 - - [13/May/2013:01:06:34 +0200] "GET /info.php HTTP/1.0" 200 50276 "http://activparty.hu/" "Mozilla/4.0 (compatible; MSIE 6.0; Windows NT 5.1; SV1; MRA 5.8 (build 4157); .NET CLR 2.0.50727; AskTbPTV/5.11.3.15590)"
198.50.136.245 - - [13/May/2013:01:08:39 +0200] "GET /info.php HTTP/1.0" 200 50183 "http://activparty.hu/" "Mozilla/4.0 (compatible; MSIE 6.0; MSIE 5.5; Windows NT 5.0) Opera 7.02 Bork-edition [en]"
198.50.136.245 - - [13/May/2013:01:10:37 +0200] "GET /info.php HTTP/1.0" 200 50231 "http://activparty.hu/" "Mozilla/4.0 (compatible; MSIE 6.0; Windows NT 5.1; SV1; FunWebProducts; .NET CLR 1.1.4322; PeoplePal 6.2)"
198.50.136.245 - - [13/May/2013:01:11:27 +0200] "GET /info.php HTTP/1.0" 200 50330 "http://activparty.hu/" "Mozilla/5.0 (Linux; U; Android 2.2; fr-fr; Desire_A8181 Build/FRF91) App3leWebKit/53.1 (KHTML, like Gecko) Version/4.0 Mobile Safari/533.1"
198.50.136.245 - - [13/May/2013:01:13:32 +0200] "GET /info.php HTTP/1.0" 200 50117 "http://activparty.hu/" "Mozilla/5.0 (Windows NT 5.1; rv:13.0) Gecko/20100101 Firefox/13.0.1"
198.50.136.245 - - [13/May/2013:01:15:27 +0200] "GET /info.php HTTP/1.0" 200 50213 "http://activparty.hu/" "Mozilla/5.0 (Windows NT 6.0) AppleWebKit/535.1 (KHTML, like Gecko) Chrome/13.0.782.112 Safari/535.1"
178.255.215.73 - - [13/May/2013:01:15:36 +0200] "GET /robots.txt HTTP/1.1" 404 - "-" "Mozilla/5.0 (compatible; Exabot/3.0; +http://www.exabot.com/go/robot)"
178.255.215.73 - - [13/May/2013:01:15:36 +0200] "GET /aktivparty.html HTTP/1.1" 304 - "-" "Mozilla/5.0 (compatible; Exabot/3.0; +http://www.exabot.com/go/robot)"
198.50.136.245 - - [13/May/2013:01:16:27 +0200] "GET /info.php HTTP/1.0" 200 50162 "http://activparty.hu/" "Mozilla/4.0 (compatible; MSIE 7.0; Windows NT 5.1; Trident/4.0; .NET CLR 1.1.4322)"
198.50.136.245 - - [13/May/2013:01:17:27 +0200] "GET /info.php HTTP/1.0" 200 50234 "http://activparty.hu/" "Mozilla/5.0 (Windows NT 6.1; WOW64) AppleWebKit/535.1 (KHTML, like Gecko) Chrome/13.0.782.112 Safari/535.1"
