194.72.238.241 - - [01/May/2013:00:40:04 +0200] "HEAD / HTTP/1.0" 200 0 "http://www.netcraft.com/survey/" "Mozilla/4.0 (compatible; Netcraft Web Server Survey)"
208.115.113.88 - - [01/May/2013:00:58:47 +0200] "GET /robots.txt HTTP/1.1" 404 - "-" "Mozilla/5.0 (compatible; Ezooms/1.0; ezooms.bot@gmail.com)"
24.213.139.114 - - [01/May/2013:01:18:46 +0200] "GET /backlink-builder.php HTTP/1.0" 404 - "-" "Mozilla/4.0 (compatible; MSIE 6.0; Windows NT 5.0; .NET CLR 2.0.50727; .NET CLR 1.1.4322)"
72.29.76.51 - - [01/May/2013:01:18:47 +0200] "HEAD / HTTP/1.1" 200 0 "-" "RedirectChecker (http://www.redirectchecker.com)"
109.200.21.194 - - [01/May/2013:01:18:47 +0200] "GET /favicon.ico HTTP/1.0" 404 - "-" "-"
86.54.119.226 - - [01/May/2013:01:18:47 +0200] "GET /pipermail/trauma-list/2007-November/038335.html HTTP/1.1" 404 - "-" "-"
109.200.21.194 - - [01/May/2013:01:18:47 +0200] "GET / HTTP/1.0" 200 3021 "-" "-"
74.208.8.75 - - [01/May/2013:01:18:47 +0200] "GET / HTTP/1.0" 200 3021 "-" "FeedBlitz/1.0"
174.142.82.182 - - [01/May/2013:01:18:47 +0200] "GET / HTTP/1.0" 200 3021 "-" "-"
109.200.21.194 - - [01/May/2013:01:18:47 +0200] "HEAD / HTTP/1.0" 200 0 "-" "-"
46.4.120.2 - - [01/May/2013:01:18:47 +0200] "GET / HTTP/1.0" 200 3021 "-" "-"
174.120.243.34 - - [01/May/2013:01:18:47 +0200] "GET / HTTP/1.0" 200 3021 "-" "-"
185.13.224.79 - - [01/May/2013:01:18:48 +0200] "GET / HTTP/1.1" 200 3021 "http://r-domain.net/seo-scan/activparty.hu" "-"
174.120.243.34 - - [01/May/2013:01:18:48 +0200] "GET / HTTP/1.1" 200 3021 "-" "-"
69.164.214.201 - - [01/May/2013:01:18:48 +0200] "GET / HTTP/1.1" 200 3021 "http://www.google.com/search?hl=en&q=google&btnG=Google+Search" "Opera/9.80 (Windows NT 6.2; Win64; x64) Presto/2.12.388 Version/12.15"
94.23.45.101 - - [01/May/2013:01:18:49 +0200] "GET /info.php?a[]=%3Ca+href=http://Cheetoscotos.com/%3Eadvance+auto+parts+discount%3C/a%3E HTTP/1.1" 200 51234 "http://www.tamindir.com/" "Opera/9.80 (Windows NT 6.2; Win64; x64) Presto/2.12.388 Version/12.15"
182.50.130.51 - - [01/May/2013:01:18:49 +0200] "GET / HTTP/1.1" 200 3021 "-" "Opera/9.80 (Windows NT 6.2; Win64; x64) Presto/2.12.388 Version/12.15"
69.41.173.145 - - [01/May/2013:01:18:50 +0200] "GET / HTTP/1.0" 200 3021 "http://www.webwarper.net/" "Opera/9.80 (Windows NT 6.2; Win64; x64) Presto/2.12.388 Version/12.15"
68.169.38.106 - - [01/May/2013:01:18:51 +0200] "GET / HTTP/1.1" 200 3021 "-" "Mozilla/4.0 (compatible; MSIE 6.0; Windows NT 5.1; en)"
174.120.243.34 - - [01/May/2013:01:18:52 +0200] "GET / HTTP/1.0" 200 3021 "-" "-"
74.208.218.12 - - [01/May/2013:01:18:52 +0200] "GET / HTTP/1.0" 200 3021 "-" "Mozilla/4.0 (compatible; MSIE 6.0)"
174.120.243.34 - - [01/May/2013:01:18:52 +0200] "GET / HTTP/1.0" 200 3021 "-" "-"
94.23.45.101 - - [01/May/2013:01:18:53 +0200] "GET / HTTP/1.1" 200 3021 "http://www.talkreviews.com/" "Opera/9.80 (Windows NT 6.2; Win64; x64) Presto/2.12.388 Version/12.15"
188.40.92.2 - - [01/May/2013:01:18:54 +0200] "GET / HTTP/1.1" 200 3021 "-" "Mozilla/4.0 (compatible; MSIE 6.0; Windows NT 5.1; SV1; FDM)"
69.41.173.145 - - [01/May/2013:01:18:56 +0200] "GET / HTTP/1.0" 200 3021 "http://www.webwarper.net/" "Opera/9.80 (Windows NT 6.2; Win64; x64) Presto/2.12.388 Version/12.15"
209.172.44.134 - - [01/May/2013:01:18:56 +0200] "GET ? HTTP/1.0" 200 3021 "-" "-"
176.9.55.181 - - [01/May/2013:01:18:57 +0200] "GET / HTTP/1.1" 200 3021 "-" "-"
77.243.239.162 - - [01/May/2013:01:18:57 +0200] "HEAD / HTTP/1.1" 200 0 "-" "Mozilla/5.0 (Windows; U; Windows NT 5.1; en-US; rv:1.8.1.1) Gecko/20061204 Firefox/2.0.0.1"
77.243.239.162 - - [01/May/2013:01:18:57 +0200] "HEAD / HTTP/1.1" 200 0 "-" "Mozilla/5.0 (Windows; U; Windows NT 5.1; en-US; rv:1.8.1.1) Gecko/20061204 Firefox/2.0.0.1"
61.247.205.32 - - [01/May/2013:01:18:58 +0200] "GET / HTTP/1.0" 200 3021 "-" "Mozilla/5.0 (Macintosh; U; Intel Mac OS X 10.6; ko; rv:1.9.2.14) Gecko/20110218 Firefox/3.6.14"
46.4.88.100 - - [01/May/2013:01:18:58 +0200] "GET / HTTP/1.1" 200 3021 "-" "Mozilla/5.0 (Windows NT 6.1) AppleWebKit/536.11 (KHTML, like Gecko) Chrome/20.0.1132.47 Safari/536.11"
77.243.239.162 - - [01/May/2013:01:18:59 +0200] "HEAD / HTTP/1.1" 200 0 "-" "Mozilla/5.0 (Windows; U; Windows NT 5.1; en-US; rv:1.8.1.1) Gecko/20061204 Firefox/2.0.0.1"
77.243.239.162 - - [01/May/2013:01:18:59 +0200] "GET / HTTP/1.1" 200 3021 "-" "Mozilla/5.0 (Windows; U; Windows NT 5.1; en-US; rv:1.8.1.1) Gecko/20061204 Firefox/2.0.0.1"
77.243.239.162 - - [01/May/2013:01:18:59 +0200] "GET / HTTP/1.0" 200 3021 "-" "-"
77.243.239.162 - - [01/May/2013:01:18:59 +0200] "GET / HTTP/1.0" 200 3021 "-" "-"
70.38.12.164 - - [01/May/2013:01:19:05 +0200] "GET / HTTP/1.1" 200 3021 "-" "-"
77.243.239.162 - - [01/May/2013:01:19:15 +0200] "HEAD / HTTP/1.1" 200 0 "-" "Mozilla/5.0 (Windows; U; Windows NT 5.1; en-US; rv:1.8.1.1) Gecko/20061204 Firefox/2.0.0.1"
77.243.239.162 - - [01/May/2013:01:19:15 +0200] "HEAD / HTTP/1.1" 200 0 "-" "Mozilla/5.0 (Windows; U; Windows NT 5.1; en-US; rv:1.8.1.1) Gecko/20061204 Firefox/2.0.0.1"
77.243.239.162 - - [01/May/2013:01:19:16 +0200] "HEAD / HTTP/1.1" 200 0 "-" "Mozilla/5.0 (Windows; U; Windows NT 5.1; en-US; rv:1.8.1.1) Gecko/20061204 Firefox/2.0.0.1"
77.243.239.162 - - [01/May/2013:01:19:16 +0200] "GET / HTTP/1.1" 200 3021 "-" "Mozilla/5.0 (Windows; U; Windows NT 5.1; en-US; rv:1.8.1.1) Gecko/20061204 Firefox/2.0.0.1"
77.243.239.162 - - [01/May/2013:01:19:16 +0200] "GET / HTTP/1.0" 200 3021 "-" "-"
77.243.239.162 - - [01/May/2013:01:19:16 +0200] "GET / HTTP/1.0" 200 3021 "-" "-"
198.143.143.62 - - [01/May/2013:01:24:50 +0200] "GET /info.php HTTP/1.0" 200 50331 "http://activparty.hu/" "Mozilla/5.0 (Linux; U; Android 2.2; fr-fr; Desire_A8181 Build/FRF91) App3leWebKit/53.1 (KHTML, like Gecko) Version/4.0 Mobile Safari/533.1"
198.143.143.62 - - [01/May/2013:01:24:52 +0200] "GET /info.php?a[]=%3Ca+href=https://www.facebook.com/CorporateGiftsSingapore%3Ecorporate+gifts+singapore%3C/a%3E HTTP/1.0" 200 51335 "http://activparty.hu/" "Mozilla/5.0 (Linux; U; Android 2.2; fr-fr; Desire_A8181 Build/FRF91) App3leWebKit/53.1 (KHTML, like Gecko) Version/4.0 Mobile Safari/533.1"
220.255.2.146 - - [01/May/2013:01:25:42 +0200] "GET /info.php?a[]=%3Ca+href=https://www.facebook.com/CorporateGiftsSingapore%3Ecorporate+gifts+singapore%3C/a%3E HTTP/1.1" 200 51654 "http://activparty.hu/" "Mozilla/5.0 (Windows NT 6.1; rv:2.0b7pre) Gecko/20100921 Firefox/4.0b7pre"
202.217.72.80 - - [01/May/2013:01:25:59 +0200] "GET /info.php?a[]=%3Ca+href=https://www.facebook.com/CorporateGiftsSingapore%3Ecorporate+gifts+singapore%3C/a%3E HTTP/1.1" 200 49835 "-" "gooblog/2.0 (http://help.goo.ne.jp/contact/)"
202.217.72.80 - - [01/May/2013:01:26:00 +0200] "GET /info.php?a[]=%3Ca+href=https://www.facebook.com/CorporateGiftsSingapore%3Ecorporate+gifts+singapore%3C/index.rdf HTTP/1.1" 200 49873 "-" "gooblog/2.0 (http://help.goo.ne.jp/contact/)"
70.39.246.37 - - [01/May/2013:01:26:05 +0200] "GET /info.php?a=%3Ca+href=https://www.facebook.com/CorporateGiftsSingapore%3Ecorporate+gifts+singapore%3C/a%3E HTTP/1.0" 200 50131 "-" "Mozilla/5.0 Moreover/5.1 (+http://www.moreover.com; webmaster@moreover.com)"
66.249.76.82 - - [01/May/2013:01:26:07 +0200] "GET /info.php?a=%3Ca+href=https://www.facebook.com/CorporateGiftsSingapore%3Ecorporate+gifts+singapore%3C/a%3E HTTP/1.1" 200 50717 "-" "Mozilla/5.0 (compatible; Googlebot/2.1; +http://www.google.com/bot.html)"
65.55.24.245 - - [01/May/2013:01:27:21 +0200] "GET /robots.txt HTTP/1.1" 404 - "-" "Mozilla/5.0 (compatible; bingbot/2.0; +http://www.bing.com/bingbot.htm)"
208.115.113.88 - - [01/May/2013:01:27:48 +0200] "GET / HTTP/1.1" 200 3021 "-" "Mozilla/5.0 (compatible; Ezooms/1.0; ezooms.bot@gmail.com)"
65.55.24.245 - - [01/May/2013:01:28:17 +0200] "GET /robots.txt HTTP/1.1" 404 - "-" "Mozilla/5.0 (compatible; bingbot/2.0; +http://www.bing.com/bingbot.htm)"
65.55.24.245 - - [01/May/2013:01:28:56 +0200] "GET /aktivparty.html HTTP/1.1" 200 1528 "-" "Mozilla/5.0 (compatible; bingbot/2.0; +http://www.bing.com/bingbot.htm)"
65.55.24.245 - - [01/May/2013:01:30:11 +0200] "GET /aktivparty.html HTTP/1.1" 200 1528 "-" "Mozilla/5.0 (compatible; bingbot/2.0; +http://www.bing.com/bingbot.htm)"
157.56.229.189 - - [01/May/2013:02:42:59 +0200] "GET /robots.txt HTTP/1.1" 404 - "-" "Mozilla/5.0 (compatible; bingbot/2.0; +http://www.bing.com/bingbot.htm)"
157.56.229.189 - - [01/May/2013:02:44:36 +0200] "GET / HTTP/1.1" 200 3021 "-" "Mozilla/5.0 (compatible; bingbot/2.0; +http://www.bing.com/bingbot.htm)"
157.56.229.189 - - [01/May/2013:02:44:36 +0200] "GET / HTTP/1.1" 200 3021 "-" "Mozilla/5.0 (compatible; bingbot/2.0; +http://www.bing.com/bingbot.htm)"
85.214.20.71 - - [01/May/2013:02:49:52 +0200] "GET / HTTP/1.1" 200 3021 "http://www.baurat.de/HTML_AdrDetail/LLTrefferDetail_BR009249.html" "Baurat.de - Klickzaehler: Weiterleitung an activparty.hu"
157.56.229.189 - - [01/May/2013:02:57:35 +0200] "GET /robots.txt HTTP/1.1" 404 - "-" "Mozilla/5.0 (compatible; bingbot/2.0; +http://www.bing.com/bingbot.htm)"
157.56.229.189 - - [01/May/2013:02:59:23 +0200] "GET / HTTP/1.1" 200 3021 "-" "Mozilla/5.0 (compatible; bingbot/2.0; +http://www.bing.com/bingbot.htm)"
74.111.23.38 - - [01/May/2013:03:05:03 +0200] "GET /robots.txt HTTP/1.0" 404 - "-" "Mozilla/5.0 (compatible; MJ12bot/v1.4.3; http://www.majestic12.co.uk/bot.php?+)"
74.111.23.38 - - [01/May/2013:03:05:05 +0200] "GET / HTTP/1.1" 200 3021 "-" "Mozilla/5.0 (compatible; MJ12bot/v1.4.3; http://www.majestic12.co.uk/bot.php?+)"
74.111.23.38 - - [01/May/2013:03:05:07 +0200] "GET /robots.txt HTTP/1.0" 404 - "-" "Mozilla/5.0 (compatible; MJ12bot/v1.4.3; http://www.majestic12.co.uk/bot.php?+)"
74.111.23.38 - - [01/May/2013:03:05:10 +0200] "GET / HTTP/1.1" 200 3021 "-" "Mozilla/5.0 (compatible; MJ12bot/v1.4.3; http://www.majestic12.co.uk/bot.php?+)"
78.158.11.226 - - [01/May/2013:03:45:53 +0200] "GET / HTTP/1.1" 200 3021 "http://evuln.com/tools/malware-scanner/activparty.hu/" "Lynx/2.8.5rel.1 libwww-FM/2.15FC SSL-MM/1.4.1c OpenSSL/0.9.7e-dev"
78.158.11.226 - - [01/May/2013:03:45:53 +0200] "GET / HTTP/1.1" 200 3021 "http://www.google.com/url?sa=t&rct=j&q=activparty.hu&source=web&cd=5&ved=0CF0QFjAE&url=http:%2F%2Factivparty.hu%2F&cad=rja" "Lynx/2.8.5rel.1 libwww-FM/2.15FC SSL-MM/1.4.1c OpenSSL/0.9.7e-dev"
78.158.11.226 - - [01/May/2013:03:45:53 +0200] "GET /aktivparty.html HTTP/1.1" 200 1528 "-" "Lynx/2.8.5rel.1 libwww-FM/2.15FC SSL-MM/1.4.1c OpenSSL/0.9.7e-dev"
66.249.76.82 - - [01/May/2013:06:00:06 +0200] "GET /robots.txt HTTP/1.1" 404 - "-" "Mozilla/5.0 (compatible; Googlebot/2.1; +http://www.google.com/bot.html)"
66.249.76.82 - - [01/May/2013:06:00:07 +0200] "GET / HTTP/1.1" 200 3021 "-" "DoCoMo/2.0 N905i(c100;TB;W24H16) (compatible; Googlebot-Mobile/2.1; +http://www.google.com/bot.html)"
66.249.76.82 - - [01/May/2013:06:46:25 +0200] "GET / HTTP/1.1" 200 3021 "-" "SAMSUNG-SGH-E250/1.0 Profile/MIDP-2.0 Configuration/CLDC-1.1 UP.Browser/6.2.3.3.c.1.101 (GUI) MMP/2.0 (compatible; Googlebot-Mobile/2.1; +http://www.google.com/bot.html)"
157.56.229.189 - - [01/May/2013:06:47:24 +0200] "GET /robots.txt HTTP/1.1" 404 - "-" "Mozilla/5.0 (compatible; bingbot/2.0; +http://www.bing.com/bingbot.htm)"
157.56.229.189 - - [01/May/2013:06:50:11 +0200] "GET / HTTP/1.1" 200 3021 "-" "Mozilla/5.0 (compatible; bingbot/2.0; +http://www.bing.com/bingbot.htm)"
89.132.103.64 - - [01/May/2013:09:35:45 +0200] "GET /robots.txt HTTP/1.1" 404 - "-" "Mozilla/5.0 (compatible; JobKeresoBot; http://www.jobkereso.com/help.jsp)"
89.132.103.64 - - [01/May/2013:09:35:45 +0200] "GET / HTTP/1.1" 200 3021 "-" "Mozilla/5.0 (compatible; JobKeresoBot; http://www.jobkereso.com/help.jsp)"
157.56.229.189 - - [01/May/2013:14:04:29 +0200] "GET /robots.txt HTTP/1.1" 404 - "-" "Mozilla/5.0 (compatible; bingbot/2.0; +http://www.bing.com/bingbot.htm)"
157.56.229.189 - - [01/May/2013:14:07:26 +0200] "GET / HTTP/1.1" 200 3021 "-" "Mozilla/5.0 (compatible; bingbot/2.0; +http://www.bing.com/bingbot.htm)"
31.46.200.97 - - [01/May/2013:18:19:07 +0200] "GET / HTTP/1.1" 200 3021 "http://www.facebook.com/l.php?u=http%3A%2F%2Fwww.activparty.hu&h=4AQHpOV0o&s=1" "Mozilla/5.0 (Macintosh; Intel Mac OS X 10.6; rv:20.0) Gecko/20100101 Firefox/20.0"
31.46.200.97 - - [01/May/2013:18:19:07 +0200] "GET /images/logo.gif HTTP/1.1" 200 2246 "http://www.activparty.hu/" "Mozilla/5.0 (Macintosh; Intel Mac OS X 10.6; rv:20.0) Gecko/20100101 Firefox/20.0"
31.46.200.97 - - [01/May/2013:18:19:07 +0200] "GET /images/belepes_off.gif HTTP/1.1" 200 772 "http://www.activparty.hu/" "Mozilla/5.0 (Macintosh; Intel Mac OS X 10.6; rv:20.0) Gecko/20100101 Firefox/20.0"
31.46.200.97 - - [01/May/2013:18:19:07 +0200] "GET /images/letoltes_off.gif HTTP/1.1" 200 821 "http://www.activparty.hu/" "Mozilla/5.0 (Macintosh; Intel Mac OS X 10.6; rv:20.0) Gecko/20100101 Firefox/20.0"
31.46.200.97 - - [01/May/2013:18:19:08 +0200] "GET /images/belepes_on.gif HTTP/1.1" 200 771 "http://www.activparty.hu/" "Mozilla/5.0 (Macintosh; Intel Mac OS X 10.6; rv:20.0) Gecko/20100101 Firefox/20.0"
31.46.200.97 - - [01/May/2013:18:19:08 +0200] "GET /images/letoltes_on.gif HTTP/1.1" 200 821 "http://www.activparty.hu/" "Mozilla/5.0 (Macintosh; Intel Mac OS X 10.6; rv:20.0) Gecko/20100101 Firefox/20.0"
31.46.200.97 - - [01/May/2013:18:19:08 +0200] "GET /favicon.ico HTTP/1.1" 404 - "-" "Mozilla/5.0 (Macintosh; Intel Mac OS X 10.6; rv:20.0) Gecko/20100101 Firefox/20.0"
31.46.200.97 - - [01/May/2013:18:19:11 +0200] "GET /aktivparty.html HTTP/1.1" 200 1528 "http://www.activparty.hu/" "Mozilla/5.0 (Macintosh; Intel Mac OS X 10.6; rv:20.0) Gecko/20100101 Firefox/20.0"
31.46.200.97 - - [01/May/2013:18:19:11 +0200] "GET /js/AC_RunActiveContent.js HTTP/1.1" 200 8321 "http://www.activparty.hu/aktivparty.html" "Mozilla/5.0 (Macintosh; Intel Mac OS X 10.6; rv:20.0) Gecko/20100101 Firefox/20.0"
31.46.200.97 - - [01/May/2013:18:19:12 +0200] "GET /activ_party.swf HTTP/1.1" 200 1771834 "http://www.activparty.hu/aktivparty.html" "Mozilla/5.0 (Macintosh; Intel Mac OS X 10.6; rv:20.0) Gecko/20100101 Firefox/20.0"
157.56.229.189 - - [01/May/2013:18:24:36 +0200] "GET /robots.txt HTTP/1.1" 404 - "-" "Mozilla/5.0 (compatible; bingbot/2.0; +http://www.bing.com/bingbot.htm)"
157.56.229.189 - - [01/May/2013:18:26:14 +0200] "GET / HTTP/1.1" 200 3021 "-" "Mozilla/5.0 (compatible; bingbot/2.0; +http://www.bing.com/bingbot.htm)"
94.23.45.101 - - [01/May/2013:18:32:32 +0200] "GET /info.php HTTP/1.1" 200 50422 "http://activparty.hu/" "Mozilla/4.0 (compatible; MSIE 7.0; Windows NT 5.1; Trident/4.0; .NET CLR 1.1.4322)"
94.23.45.101 - - [01/May/2013:18:32:33 +0200] "GET /info.php?a[]=%3Ca+href=http://monsterjoestrucking.com%3Eadvance+auto+parts+coupon%3C/a%3E HTTP/1.1" 200 51296 "http://activparty.hu/" "Mozilla/4.0 (compatible; MSIE 7.0; Windows NT 5.1; Trident/4.0; .NET CLR 1.1.4322)"
94.23.45.101 - - [01/May/2013:18:43:51 +0200] "GET /info.php?a[]=%3Ca+href=http://monsterjoestrucking.com%3Eadvance+auto+parts+coupon%3C/a%3E HTTP/1.1" 200 51317 "http://activparty.hu/" "Mozilla/4.0 (compatible; MSIE 6.0; MSIE 5.5; Windows NT 5.0) Opera 7.02 Bork-edition [en]"
23.19.132.253 - - [01/May/2013:21:54:52 +0200] "GET /info.php HTTP/1.0" 200 50116 "http://activparty.hu/" "Mozilla/5.0 (Windows NT 5.1; rv:5.0.1) Gecko/20100101 Firefox/5.0.1"
23.19.132.253 - - [01/May/2013:21:54:54 +0200] "GET /info.php?a[]=%3Ca+href=http://mail.andreagalup.com.ar/?a[]=%3Ca+href=http://thirdpartyinsurances.com/%3Elook+what+I+found%3C/a%3E%3Eadvice%3C/a%3E HTTP/1.0" 200 51468 "http://activparty.hu/" "Mozilla/5.0 (Windows NT 5.1; rv:5.0.1) Gecko/20100101 Firefox/5.0.1"
94.242.255.138 - - [01/May/2013:21:59:50 +0200] "GET /info.php?a[]=%3Ca+href=http://mail.andreagalup.com.ar/?a[]=%3Ca+href=http://thirdpartyinsurances.com/%3Elook+what+I+found%3C/a%3E%3Eadvice%3C/a%3E HTTP/1.1" 200 51850 "http://activparty.hu/" "Mozilla/5.0 (Windows NT 6.1; WOW64) AppleWebKit/535.1 (KHTML, like Gecko) Chrome/13.0.782.112 Safari/535.1"
85.10.197.25 - - [01/May/2013:23:12:56 +0200] "GET /info.php?a=erotyka HTTP/1.0" 200 48941 "-" "Snoopy v1.2"
94.23.45.101 - - [02/May/2013:00:05:34 +0200] "GET /info.php?a[]=%3Ca+href=http://monsterjoestrucking.com%3Eadvance+auto+parts+coupon%3C/a%3E HTTP/1.1" 200 51260 "http://mnews.atode.cc/" "Opera/9.80 (Windows NT 6.2; Win64; x64) Presto/2.12.388 Version/12.15"
94.23.45.101 - - [02/May/2013:00:05:34 +0200] "GET /info.php?a[]=%3Ca+href=http://monsterjoestrucking.com%3Eadvance+auto+parts+coupon%3C/a%3E HTTP/1.1" 200 51260 "http://main.zylom.com/" "Opera/9.80 (Windows NT 6.2; Win64; x64) Presto/2.12.388 Version/12.15"
173.213.97.190 - - [02/May/2013:00:24:21 +0200] "GET /info.php?a[]=%3Ca+href=http://mail.andreagalup.com.ar/?a[]=%3Ca+href=http://thirdpartyinsurances.com/%3Elook+what+I+found%3C/a%3E%3Eadvice%3C/a%3E HTTP/1.0" 200 51515 "http://activparty.hu/" "Mozilla/4.0 (compatible; MSIE 7.0; Windows NT 5.1; Trident/4.0; .NET CLR 1.1.4322)"
96.44.128.138 - - [02/May/2013:00:36:24 +0200] "GET / HTTP/1.1" 200 3021 "-" "Whois365 Inquirer - http://www.whois365.com"
194.72.238.241 - - [02/May/2013:00:48:56 +0200] "HEAD / HTTP/1.0" 200 0 "http://www.netcraft.com/survey/" "Mozilla/4.0 (compatible; Netcraft Web Server Survey)"
199.30.20.38 - - [02/May/2013:00:53:34 +0200] "GET /robots.txt HTTP/1.1" 404 - "-" "msnbot-media/1.1 (+http://search.msn.com/msnbot.htm)"
199.30.20.38 - - [02/May/2013:00:53:35 +0200] "GET /images/belepes_off.gif HTTP/1.1" 200 772 "-" "msnbot-media/1.1 (+http://search.msn.com/msnbot.htm)"
157.56.229.189 - - [02/May/2013:01:07:29 +0200] "GET /robots.txt HTTP/1.1" 404 - "-" "Mozilla/5.0 (compatible; bingbot/2.0; +http://www.bing.com/bingbot.htm)"
157.56.229.189 - - [02/May/2013:01:09:10 +0200] "GET / HTTP/1.1" 200 3021 "-" "Mozilla/5.0 (compatible; bingbot/2.0; +http://www.bing.com/bingbot.htm)"
96.44.128.138 - - [02/May/2013:03:32:29 +0200] "GET / HTTP/1.1" 200 3021 "-" "Whois365 Inquirer - http://www.whois365.com"
216.151.130.179 - - [02/May/2013:03:43:44 +0200] "GET /info.php HTTP/1.1" 200 50384 "http://activparty.hu/" "Opera/9.80 (Windows NT 6.2; Win64; x64) Presto/2.12.388 Version/12.15"
199.187.122.91 - - [02/May/2013:05:10:10 +0200] "GET /robots.txt HTTP/1.1" 404 - "-" "Mozilla/4.0 (compatible; MSIE 6.0; Windows NT 5.1; SV1; .NET CLR 2.0.50727)"
199.187.122.91 - - [02/May/2013:05:10:20 +0200] "GET /robots.txt HTTP/1.1" 404 - "-" "Mozilla/4.0 (compatible; MSIE 6.0; Windows NT 5.1; SV1; .NET CLR 2.0.50727)"
157.56.229.189 - - [02/May/2013:05:44:25 +0200] "GET /robots.txt HTTP/1.1" 404 - "-" "Mozilla/5.0 (compatible; bingbot/2.0; +http://www.bing.com/bingbot.htm)"
157.56.229.189 - - [02/May/2013:05:46:20 +0200] "GET / HTTP/1.1" 200 3021 "-" "Mozilla/5.0 (compatible; bingbot/2.0; +http://www.bing.com/bingbot.htm)"
23.29.125.221 - - [02/May/2013:08:12:26 +0200] "GET /info.php?a[]=%3Ca+href=http://mail.andreagalup.com.ar/?a[]=%3Ca+href=http://thirdpartyinsurances.com/%3Elook+what+I+found%3C/a%3E%3Eadvice%3C/a%3E HTTP/1.0" 200 51681 "http://activparty.hu/" "Mozilla/5.0 (Linux; U; Android 2.2; fr-fr; Desire_A8181 Build/FRF91) App3leWebKit/53.1 (KHTML, like Gecko) Version/4.0 Mobile Safari/533.1"
23.29.125.221 - - [02/May/2013:08:12:28 +0200] "GET /info.php?a[]=%3Ca+href=http://gogreencoffee.blogspot.com/%3Egreen+coffee+beans%3C/a%3E HTTP/1.0" 200 51165 "http://activparty.hu/" "Mozilla/5.0 (Linux; U; Android 2.2; fr-fr; Desire_A8181 Build/FRF91) App3leWebKit/53.1 (KHTML, like Gecko) Version/4.0 Mobile Safari/533.1"
94.242.255.138 - - [02/May/2013:08:16:02 +0200] "GET /info.php?a[]=%3Ca+href=http://gogreencoffee.blogspot.com/%3Egreen+coffee+beans%3C/a%3E HTTP/1.1" 200 51235 "http://activparty.hu/" "Mozilla/5.0 (Windows NT 6.1; rv:2.0b7pre) Gecko/20100921 Firefox/4.0b7pre"
23.29.125.222 - - [02/May/2013:08:32:02 +0200] "GET /info.php?a[]=%3Ca+href=http://mail.andreagalup.com.ar/?a[]=%3Ca+href=http://thirdpartyinsurances.com/%3Elook+what+I+found%3C/a%3E%3Eadvice%3C/a%3E HTTP/1.0" 200 51476 "http://activparty.hu/" "Mozilla/5.0 (Windows NT 6.1; WOW64; rv:5.0) Gecko/20100101 Firefox/5.0"
23.29.125.222 - - [02/May/2013:08:32:03 +0200] "GET /info.php?a[]=%3Ca+href=http://www.iwifresh.com/index.php/member/441128/%3Evisit+here%3C/a%3E HTTP/1.0" 200 50994 "http://activparty.hu/" "Mozilla/5.0 (Windows NT 6.1; WOW64; rv:5.0) Gecko/20100101 Firefox/5.0"
94.242.255.138 - - [02/May/2013:08:36:06 +0200] "GET /info.php?a[]=%3Ca+href=http://www.iwifresh.com/index.php/member/441128/%3Evisit+here%3C/a%3E HTTP/1.1" 200 51409 "http://activparty.hu/" "Mozilla/4.0 (compatible; MSIE 6.0; Windows NT 5.1; SV1; MRA 5.8 (build 4157); .NET CLR 2.0.50727; AskTbPTV/5.11.3.15590)"
178.255.215.73 - - [02/May/2013:08:37:40 +0200] "GET /robots.txt HTTP/1.1" 404 - "-" "Mozilla/5.0 (compatible; Exabot/3.0; +http://www.exabot.com/go/robot)"
178.255.215.73 - - [02/May/2013:08:37:40 +0200] "GET / HTTP/1.1" 304 - "-" "Mozilla/5.0 (compatible; Exabot/3.0; +http://www.exabot.com/go/robot)"
142.91.79.76 - - [02/May/2013:09:07:07 +0200] "GET /info.php?a[]=%3Ca+href=http://mail.andreagalup.com.ar/?a[]=%3Ca+href=http://thirdpartyinsurances.com/%3Elook+what+I+found%3C/a%3E%3Eadvice%3C/a%3E HTTP/1.0" 200 51645 "http://activparty.hu/" "Mozilla/4.0 (compatible; MSIE 7.0; Windows NT 5.1; Trident/4.0; .NET CLR 2.0.50727; .NET CLR 3.0.4506.2152; .NET CLR 3.5.30729)"
142.91.79.76 - - [02/May/2013:09:07:12 +0200] "GET /info.php?a[]=%3Ca+href=http://www.2circolodidatticocaltagirone.it/modules.php?name=Your_Account&op=userinfo&username=Larry00N%3E2Circolodidatticocaltagirone.it%3C/a%3E HTTP/1.0" 200 52021 "http://activparty.hu/" "Mozilla/4.0 (compatible; MSIE 7.0; Windows NT 5.1; Trident/4.0; .NET CLR 2.0.50727; .NET CLR 3.0.4506.2152; .NET CLR 3.5.30729)"
216.151.130.179 - - [02/May/2013:09:09:09 +0200] "GET /info.php HTTP/1.1" 200 50494 "http://activparty.hu/" "Mozilla/5.0 (Windows NT 6.1; WOW64) AppleWebKit/535.1 (KHTML, like Gecko) Chrome/13.0.782.112 Safari/535.1"
173.213.96.252 - - [02/May/2013:09:32:50 +0200] "GET /info.php?a[]=%3Ca+href=http://mail.andreagalup.com.ar/?a[]=%3Ca+href=http://thirdpartyinsurances.com/%3Elook+what+I+found%3C/a%3E%3Eadvice%3C/a%3E HTTP/1.0" 200 51514 "http://activparty.hu/" "Mozilla/4.0 (compatible; MSIE 7.0; Windows NT 5.1; Trident/4.0; .NET CLR 1.1.4322)"
173.213.96.252 - - [02/May/2013:09:32:52 +0200] "GET /info.php?a[]=%3Ca+href=http://tv4.ro/read_blog/55091/how-to-play-football-inside-the-usa%3Evisit%3C/a%3E HTTP/1.0" 200 51114 "http://activparty.hu/" "Mozilla/4.0 (compatible; MSIE 7.0; Windows NT 5.1; Trident/4.0; .NET CLR 1.1.4322)"
173.213.96.252 - - [02/May/2013:09:33:36 +0200] "GET /info.php HTTP/1.0" 200 50141 "http://activparty.hu/" "Mozilla/4.0 (compatible; MSIE 7.0; Windows NT 5.1; SV1; .NET CLR 2.0.50727)"
173.213.96.252 - - [02/May/2013:09:33:38 +0200] "GET /info.php?a[]=%3Ca+href=http://www.bar-s-ranch.com/userinfo.php?uid=10858%3EBar-S-Ranch.Com%3C/a%3E HTTP/1.0" 200 51045 "http://activparty.hu/" "Mozilla/4.0 (compatible; MSIE 7.0; Windows NT 5.1; SV1; .NET CLR 2.0.50727)"
94.242.255.138 - - [02/May/2013:09:37:43 +0200] "GET /info.php?a[]=%3Ca+href=http://www.bar-s-ranch.com/userinfo.php?uid=10858%3EBar-S-Ranch.Com%3C/a%3E HTTP/1.1" 200 51302 "http://activparty.hu/" "Mozilla/5.0 (Windows NT 6.1; rv:2.0b7pre) Gecko/20100921 Firefox/4.0b7pre"
94.242.255.138 - - [02/May/2013:09:42:30 +0200] "GET /info.php?a[]=%3Ca+href=http://tv4.ro/read_blog/55091/how-to-play-football-inside-the-usa%3Evisit%3C/a%3E HTTP/1.1" 200 51398 "http://activparty.hu/" "Mozilla/4.0 (compatible; MSIE 6.0; MSIE 5.5; Windows NT 5.0) Opera 7.02 Bork-edition [en]"
184.82.221.54 - - [02/May/2013:10:15:35 +0200] "GET /info.php?a[]=%3Ca+href=http://mail.andreagalup.com.ar/?a[]=%3Ca+href=http://thirdpartyinsurances.com/%3Elook+what+I+found%3C/a%3E%3Eadvice%3C/a%3E HTTP/1.0" 200 51491 "http://activparty.hu/" "Mozilla/4.0 (compatible; MSIE 7.0; Windows NT 5.1; SV1; .NET CLR 2.0.50727)"
184.82.221.54 - - [02/May/2013:10:15:39 +0200] "GET /info.php?a[]=%3Ca+href=http://lochcarrongarage.com/index.php?option=com_blog&view=comments&pid=37247&Itemid=0%3Elochcarrongarage.com%3C/a%3E HTTP/1.0" 200 51787 "http://activparty.hu/" "Mozilla/4.0 (compatible; MSIE 7.0; Windows NT 5.1; SV1; .NET CLR 2.0.50727)"
173.213.97.190 - - [02/May/2013:10:59:22 +0200] "GET /info.php?a[]=%3Ca+href=http://mail.andreagalup.com.ar/?a[]=%3Ca+href=http://thirdpartyinsurances.com/%3Elook+what+I+found%3C/a%3E%3Eadvice%3C/a%3E HTTP/1.0" 200 51535 "http://activparty.hu/" "Mozilla/4.0 (compatible; MSIE 6.0; MSIE 5.5; Windows NT 5.0) Opera 7.02 Bork-edition [en]"
173.213.97.190 - - [02/May/2013:11:03:03 +0200] "GET /info.php?a[]=%3Ca+href=http://mail.andreagalup.com.ar/?a[]=%3Ca+href=http://thirdpartyinsurances.com/%3Elook+what+I+found%3C/a%3E%3Eadvice%3C/a%3E HTTP/1.0" 200 51475 "http://activparty.hu/" "Opera/9.80 (Windows NT 6.2; Win64; x64) Presto/2.12.388 Version/12.15"
173.213.97.17 - - [02/May/2013:11:34:24 +0200] "GET /info.php?a[]=%3Ca+href=http://mail.andreagalup.com.ar/?a[]=%3Ca+href=http://thirdpartyinsurances.com/%3Elook+what+I+found%3C/a%3E%3Eadvice%3C/a%3E HTTP/1.0" 200 51467 "http://activparty.hu/" "Mozilla/5.0 (Windows NT 5.1; rv:5.0.1) Gecko/20100101 Firefox/5.0.1"
173.213.97.17 - - [02/May/2013:11:34:26 +0200] "GET /info.php?a[]=%3Ca+href=http://www.terranavita.com/index.php/member/317451/%3Eexperienced%3C/a%3E HTTP/1.0" 200 51003 "http://activparty.hu/" "Mozilla/5.0 (Windows NT 5.1; rv:5.0.1) Gecko/20100101 Firefox/5.0.1"
94.242.255.138 - - [02/May/2013:11:35:01 +0200] "GET /info.php?a[]=%3Ca+href=http://www.terranavita.com/index.php/member/317451/%3Eexperienced%3C/a%3E HTTP/1.1" 200 51268 "http://activparty.hu/" "Mozilla/5.0 (Windows NT 5.1; rv:5.0.1) Gecko/20100101 Firefox/5.0.1"
173.213.97.17 - - [02/May/2013:11:38:42 +0200] "GET /info.php?a[]=%3Ca+href=http://mail.andreagalup.com.ar/?a[]=%3Ca+href=http://thirdpartyinsurances.com/%3Elook+what+I+found%3C/a%3E%3Eadvice%3C/a%3E HTTP/1.0" 200 51485 "http://activparty.hu/" "Mozilla/5.0 (Windows NT 6.1; rv:2.0b7pre) Gecko/20100921 Firefox/4.0b7pre"
173.213.97.17 - - [02/May/2013:11:38:45 +0200] "GET /info.php?a[]=%3Ca+href=http://pm.werkengine.com/read_blog/83592/the-coby-tfdvd9109-9-inch-widescreen-portable-dvd-player-and-exactly-what-you-should-be-alert-of%3Emovie+schedules+kate+winslet+movies%3C/a%3E HTTP/1.0" 200 51957 "http://activparty.hu/" "Mozilla/5.0 (Windows NT 6.1; rv:2.0b7pre) Gecko/20100921 Firefox/4.0b7pre"
94.242.255.138 - - [02/May/2013:11:39:17 +0200] "GET /info.php?a[]=%3Ca+href=http://pm.werkengine.com/read_blog/83592/the-coby-tfdvd9109-9-inch-widescreen-portable-dvd-player-and-exactly-what-you-should-be-alert-of%3Emovie+schedules+kate+winslet+movies%3C/a%3E HTTP/1.1" 200 52210 "http://activparty.hu/" "Opera/9.80 (Windows NT 6.2; Win64; x64) Presto/2.12.388 Version/12.15"
176.61.140.239 - - [02/May/2013:12:14:58 +0200] "GET /info.php?a[]=%3Ca+href=http://mail.andreagalup.com.ar/?a[]=%3Ca+href=http://thirdpartyinsurances.com/%3Elook+what+I+found%3C/a%3E%3Eadvice%3C/a%3E HTTP/1.0" 200 51586 "http://activparty.hu/" "Mozilla/5.0 (Windows NT 6.1; WOW64) AppleWebKit/535.1 (KHTML, like Gecko) Chrome/13.0.782.112 Safari/535.1"
176.61.140.239 - - [02/May/2013:12:15:00 +0200] "GET /info.php?a[]=%3Ca+href=http://moodle.trainingprospects.com.au/user/view.php?id=108594&course=1%3Emoodle.trainingprospects.com.au%3C/a%3E HTTP/1.0" 200 51578 "http://activparty.hu/" "Mozilla/5.0 (Windows NT 6.1; WOW64) AppleWebKit/535.1 (KHTML, like Gecko) Chrome/13.0.782.112 Safari/535.1"
23.29.125.176 - - [02/May/2013:12:21:48 +0200] "GET /info.php?a[]=%3Ca+href=http://mail.andreagalup.com.ar/?a[]=%3Ca+href=http://thirdpartyinsurances.com/%3Elook+what+I+found%3C/a%3E%3Eadvice%3C/a%3E HTTP/1.0" 200 51467 "http://activparty.hu/" "Mozilla/5.0 (Windows NT 5.1; rv:5.0.1) Gecko/20100101 Firefox/5.0.1"
23.29.125.176 - - [02/May/2013:12:21:51 +0200] "GET /info.php?a[]=%3Ca+href=http://www.nashvillemama.com/forum/profile.php?mode=viewprofile&u=53208%3Ebuy+green+coffee%3C/a%3E HTTP/1.0" 200 51367 "http://activparty.hu/" "Mozilla/5.0 (Windows NT 5.1; rv:5.0.1) Gecko/20100101 Firefox/5.0.1"
94.242.255.138 - - [02/May/2013:12:21:59 +0200] "GET /info.php?a[]=%3Ca+href=http://www.nashvillemama.com/forum/profile.php?mode=viewprofile&u=53208%3Ebuy+green+coffee%3C/a%3E HTTP/1.1" 200 51650 "http://activparty.hu/" "Mozilla/5.0 (Windows NT 6.1; rv:2.0b7pre) Gecko/20100921 Firefox/4.0b7pre"
23.29.125.176 - - [02/May/2013:12:22:39 +0200] "GET /info.php?a[]=%3Ca+href=http://mail.andreagalup.com.ar/?a[]=%3Ca+href=http://thirdpartyinsurances.com/%3Elook+what+I+found%3C/a%3E%3Eadvice%3C/a%3E HTTP/1.0" 200 51467 "http://activparty.hu/" "Mozilla/5.0 (Windows NT 5.1; rv:5.0.1) Gecko/20100101 Firefox/5.0.1"
23.29.125.176 - - [02/May/2013:12:22:41 +0200] "GET /info.php?a[]=%3Ca+href=http://www.dan.co.me/p.php?a[]=%3Ca+href=http://nupedailynews.com/social/mikeburde%3Eexperienced%3C/a%3E%3Edan.co.me%3C/a%3E HTTP/1.0" 200 51433 "http://activparty.hu/" "Mozilla/5.0 (Windows NT 5.1; rv:5.0.1) Gecko/20100101 Firefox/5.0.1"
94.242.255.138 - - [02/May/2013:12:31:17 +0200] "GET /info.php?a[]=%3Ca+href=http://www.dan.co.me/p.php?a[]=%3Ca+href=http://nupedailynews.com/social/mikeburde%3Eexperienced%3C/a%3E%3Edan.co.me%3C/a%3E HTTP/1.1" 200 51794 "http://activparty.hu/" "Mozilla/5.0 (Windows NT 6.0) AppleWebKit/535.1 (KHTML, like Gecko) Chrome/13.0.782.112 Safari/535.1"
130.185.159.170 - - [02/May/2013:12:33:48 +0200] "GET /info.php HTTP/1.0" 200 50278 "http://activparty.hu/" "Mozilla/4.0 (compatible; MSIE 6.0; Windows NT 5.1; SV1; MRA 5.8 (build 4157); .NET CLR 2.0.50727; AskTbPTV/5.11.3.15590)"
130.185.159.170 - - [02/May/2013:12:33:50 +0200] "GET /info.php?a[]=%3Ca+href=http://www.m2bob-forum.eu//index.php//index.php/index.php?page=User&userID=66366%3Ewww.m2bob-forum.eu%3C/a%3E HTTP/1.0" 200 51590 "http://activparty.hu/" "Mozilla/4.0 (compatible; MSIE 6.0; Windows NT 5.1; SV1; MRA 5.8 (build 4157); .NET CLR 2.0.50727; AskTbPTV/5.11.3.15590)"
23.19.132.159 - - [02/May/2013:12:39:54 +0200] "GET /info.php?a[]=%3Ca+href=http://www.nashvillemama.com/forum/profile.php?mode=viewprofile&u=53208%3Ebuy+green+coffee%3C/a%3E HTTP/1.0" 200 51575 "http://activparty.hu/" "Mozilla/5.0 (Linux; U; Android 2.2; fr-fr; Desire_A8181 Build/FRF91) App3leWebKit/53.1 (KHTML, like Gecko) Version/4.0 Mobile Safari/533.1"
23.19.132.159 - - [02/May/2013:12:40:03 +0200] "GET /info.php?a[]=%3Ca+href=http://3gunnation.com/member/212700/%3Ehttp://3gunnation.com%3C/a%3E HTTP/1.0" 200 51171 "http://activparty.hu/" "Mozilla/5.0 (Linux; U; Android 2.2; fr-fr; Desire_A8181 Build/FRF91) App3leWebKit/53.1 (KHTML, like Gecko) Version/4.0 Mobile Safari/533.1"
94.242.255.138 - - [02/May/2013:12:43:17 +0200] "GET /info.php?a[]=%3Ca+href=http://3gunnation.com/member/212700/%3Ehttp://3gunnation.com%3C/a%3E HTTP/1.1" 200 51324 "http://activparty.hu/" "Mozilla/5.0 (Windows NT 6.0) AppleWebKit/535.1 (KHTML, like Gecko) Chrome/13.0.782.112 Safari/535.1"
157.56.229.189 - - [02/May/2013:12:45:11 +0200] "GET /robots.txt HTTP/1.1" 404 - "-" "Mozilla/5.0 (compatible; bingbot/2.0; +http://www.bing.com/bingbot.htm)"
157.56.229.189 - - [02/May/2013:12:47:57 +0200] "GET / HTTP/1.0" 200 3021 "-" "Mozilla/5.0 (compatible; bingbot/2.0; +http://www.bing.com/bingbot.htm)"
176.61.140.127 - - [02/May/2013:12:52:49 +0200] "GET /info.php?a[]=%3Ca+href=http://mail.andreagalup.com.ar/?a[]=%3Ca+href=http://thirdpartyinsurances.com/%3Elook+what+I+found%3C/a%3E%3Eadvice%3C/a%3E HTTP/1.0" 200 51478 "http://activparty.hu/" "Mozilla/5.0 (Windows NT 6.1; WOW64; rv:5.0) Gecko/20100101 Firefox/5.0"
176.61.140.127 - - [02/May/2013:12:53:33 +0200] "GET /info.php?a[]=%3Ca+href=http://mail.andreagalup.com.ar/?a[]=%3Ca+href=http://thirdpartyinsurances.com/%3Elook+what+I+found%3C/a%3E%3Eadvice%3C/a%3E HTTP/1.0" 200 51586 "http://activparty.hu/" "Mozilla/5.0 (Windows NT 6.1; WOW64) AppleWebKit/535.1 (KHTML, like Gecko) Chrome/13.0.782.112 Safari/535.1"
176.61.140.127 - - [02/May/2013:12:53:35 +0200] "GET /info.php?a[]=%3Ca+href=http://www.woodsbatterychargers.com/userinfo.php?uid=72399%3Ebuy+green+coffee%3C/a%3E HTTP/1.0" 200 51246 "http://activparty.hu/" "Mozilla/5.0 (Windows NT 6.1; WOW64) AppleWebKit/535.1 (KHTML, like Gecko) Chrome/13.0.782.112 Safari/535.1"
173.213.96.24 - - [02/May/2013:13:01:33 +0200] "GET /info.php?a[]=%3Ca+href=http://www.dan.co.me/p.php?a[]=%3Ca+href=http://nupedailynews.com/social/mikeburde%3Eexperienced%3C/a%3E%3Edan.co.me%3C/a%3E HTTP/1.0" 200 51457 "http://activparty.hu/" "Mozilla/4.0 (compatible; MSIE 7.0; Windows NT 5.1; SV1; .NET CLR 2.0.50727)"
173.213.96.24 - - [02/May/2013:13:01:35 +0200] "GET /info.php?a[]=%3Ca+href=http://www.wiki.chargerbots.info/RodneyhlKellertj%3Ehttp://www.wiki.chargerbots.info%3C/a%3E HTTP/1.0" 200 51179 "http://activparty.hu/" "Mozilla/4.0 (compatible; MSIE 7.0; Windows NT 5.1; SV1; .NET CLR 2.0.50727)"
94.242.255.138 - - [02/May/2013:13:01:37 +0200] "GET /info.php?a[]=%3Ca+href=http://www.woodsbatterychargers.com/userinfo.php?uid=72399%3Ebuy+green+coffee%3C/a%3E HTTP/1.1" 200 51401 "http://activparty.hu/" "Mozilla/5.0 (Windows NT 6.1; WOW64; rv:5.0) Gecko/20100101 Firefox/5.0"
94.242.255.138 - - [02/May/2013:13:05:11 +0200] "GET /info.php?a[]=%3Ca+href=http://www.wiki.chargerbots.info/RodneyhlKellertj%3Ehttp://www.wiki.chargerbots.info%3C/a%3E HTTP/1.1" 200 51600 "http://activparty.hu/" "Mozilla/4.0 (compatible; MSIE 7.0; Windows NT 5.1; Trident/4.0; .NET CLR 2.0.50727; .NET CLR 3.0.4506.2152; .NET CLR 3.5.30729)"
77.88.42.27 - - [02/May/2013:13:13:56 +0200] "GET /robots.txt HTTP/1.1" 404 - "-" "Mozilla/5.0 (compatible; YandexBot/3.0; +http://yandex.com/bots)"
77.88.42.27 - - [02/May/2013:13:13:58 +0200] "GET / HTTP/1.1" 200 3021 "-" "Mozilla/5.0 (compatible; YandexBot/3.0; +http://yandex.com/bots)"
77.88.42.27 - - [02/May/2013:13:13:59 +0200] "GET /robots.txt HTTP/1.1" 404 - "-" "Mozilla/5.0 (compatible; YandexBot/3.0; +http://yandex.com/bots)"
77.88.42.27 - - [02/May/2013:13:14:01 +0200] "GET / HTTP/1.1" 200 3021 "-" "Mozilla/5.0 (compatible; YandexBot/3.0; +http://yandex.com/bots)"
77.88.42.27 - - [02/May/2013:13:14:05 +0200] "GET / HTTP/1.1" 200 3021 "-" "Mozilla/5.0 (compatible; YandexBot/3.0; +http://yandex.com/bots)"
77.88.42.27 - - [02/May/2013:13:14:08 +0200] "GET / HTTP/1.1" 200 3021 "-" "Mozilla/5.0 (compatible; YandexBot/3.0; +http://yandex.com/bots)"
142.0.34.173 - - [02/May/2013:13:18:24 +0200] "GET /info.php?a[]=%3Ca+href=http://3gunnation.com/member/212700/%3Ehttp://3gunnation.com%3C/a%3E HTTP/1.0" 200 50952 "http://activparty.hu/" "Mozilla/5.0 (Windows NT 6.1; rv:5.0) Gecko/20100101 Firefox/5.02"
142.0.34.173 - - [02/May/2013:13:18:26 +0200] "GET /info.php?a[]=%3Ca+href=http://www.francofon.fr/userinfo.php?uid=27852%3Egoldie+hawn+movies+dinosaur+tv+show%3C/a%3E HTTP/1.0" 200 51214 "http://activparty.hu/" "Mozilla/5.0 (Windows NT 6.1; rv:5.0) Gecko/20100101 Firefox/5.02"
94.242.255.138 - - [02/May/2013:13:18:45 +0200] "GET /info.php?a[]=%3Ca+href=http://www.francofon.fr/userinfo.php?uid=27852%3Egoldie+hawn+movies+dinosaur+tv+show%3C/a%3E HTTP/1.1" 200 51490 "http://activparty.hu/" "Mozilla/5.0 (Windows NT 5.1; rv:5.0.1) Gecko/20100101 Firefox/5.0.1"
173.213.97.17 - - [02/May/2013:13:50:35 +0200] "GET /info.php?a[]=%3Ca+href=http://3gunnation.com/member/212700/%3Ehttp://3gunnation.com%3C/a%3E HTTP/1.0" 200 50968 "http://activparty.hu/" "Mozilla/5.0 (Windows NT 6.1; WOW64; rv:5.0) Gecko/20100101 Firefox/5.0"
173.213.97.17 - - [02/May/2013:13:50:37 +0200] "GET /info.php?a[]=%3Ca+href=http://ebdemo.ivelem.net/test.php?a[]=%3Ca+href=http://www.psycheforum.it/userinfo.php?uid=16193%3Ehttp://www.psycheforum.it/userinfo.php?uid=16193%3C/a%3E%3Eivelem.net%3C/a%3E HTTP/1.0" 200 51859 "http://activparty.hu/" "Mozilla/5.0 (Windows NT 6.1; WOW64; rv:5.0) Gecko/20100101 Firefox/5.0"
94.242.255.138 - - [02/May/2013:13:54:36 +0200] "GET /info.php?a[]=%3Ca+href=http://ebdemo.ivelem.net/test.php?a[]=%3Ca+href=http://www.psycheforum.it/userinfo.php?uid=16193%3Ehttp://www.psycheforum.it/userinfo.php?uid=16193%3C/a%3E%3Eivelem.net%3C/a%3E HTTP/1.1" 200 52139 "http://activparty.hu/" "Mozilla/4.0 (compatible; MSIE 7.0; Windows NT 5.1; SV1; .NET CLR 2.0.50727)"
37.72.190.129 - - [02/May/2013:13:56:31 +0200] "GET /info.php?a[]=%3Ca+href=http://tv4.ro/read_blog/55091/how-to-play-football-inside-the-usa%3Evisit%3C/a%3E HTTP/1.0" 200 51159 "http://activparty.hu/" "Mozilla/5.0 (Windows NT 6.0) AppleWebKit/535.1 (KHTML, like Gecko) Chrome/13.0.782.112 Safari/535.1"
37.72.190.129 - - [02/May/2013:13:56:33 +0200] "GET /info.php?a[]=%3Ca+href=http://anmalan.vasterbottensalghundklubb.com/info.php?a[]=%3Ca+href=http://www.nhpt.ru/content/boss-bv9990-in-dash-dvd-player-an-unbiased-review.html-6%3Ewww.nhpt.ru%3C/a%3E%3Ekevin+costner+movies+movie+extras%3C/a%3E HTTP/1.0" 200 52330 "http://activparty.hu/" "Mozilla/5.0 (Windows NT 6.0) AppleWebKit/535.1 (KHTML, like Gecko) Chrome/13.0.782.112 Safari/535.1"
94.242.255.138 - - [02/May/2013:13:57:37 +0200] "GET /info.php?a[]=%3Ca+href=http://anmalan.vasterbottensalghundklubb.com/info.php?a[]=%3Ca+href=http://www.nhpt.ru/content/boss-bv9990-in-dash-dvd-player-an-unbiased-review.html-6%3Ewww.nhpt.ru%3C/a%3E%3Ekevin+costner+movies+movie+extras%3C/a%3E HTTP/1.1" 200 52517 "http://activparty.hu/" "Mozilla/5.0 (Windows NT 6.1; rv:2.0b7pre) Gecko/20100921 Firefox/4.0b7pre"
176.61.140.252 - - [02/May/2013:14:04:04 +0200] "GET /info.php?a[]=%3Ca+href=http://3gunnation.com/member/212700/%3Ehttp://3gunnation.com%3C/a%3E HTTP/1.0" 200 51188 "http://activparty.hu/" "Mozilla/4.0 (compatible; MSIE 8.0; Windows NT 6.0; Trident/4.0; Mozilla/4.0 (compatible; MSIE 6.0; Windows NT 5.1; SV1) ; .NET CLR 3.5.30729)"
176.61.140.252 - - [02/May/2013:14:04:06 +0200] "GET /info.php?a[]=%3Ca+href=http://Www.mentortec.com.br/index.php?a[]=%3Ca+href=http://thirdpartyinsurances.com/%3Eclick+this+site%3C/a%3E%3Elook+what+i+found%3C/a%3E HTTP/1.0" 200 51840 "http://activparty.hu/" "Mozilla/4.0 (compatible; MSIE 8.0; Windows NT 6.0; Trident/4.0; Mozilla/4.0 (compatible; MSIE 6.0; Windows NT 5.1; SV1) ; .NET CLR 3.5.30729)"
94.242.255.138 - - [02/May/2013:14:08:14 +0200] "GET /info.php?a[]=%3Ca+href=http://Www.mentortec.com.br/index.php?a[]=%3Ca+href=http://thirdpartyinsurances.com/%3Eclick+this+site%3C/a%3E%3Elook+what+i+found%3C/a%3E HTTP/1.1" 200 51947 "http://activparty.hu/" "Mozilla/4.0 (compatible; MSIE 6.0; MSIE 5.5; Windows NT 5.0) Opera 7.02 Bork-edition [en]"
173.213.96.253 - - [02/May/2013:14:22:25 +0200] "GET /info.php?a[]=%3Ca+href=http://mail.andreagalup.com.ar/?a[]=%3Ca+href=http://thirdpartyinsurances.com/%3Elook+what+I+found%3C/a%3E%3Eadvice%3C/a%3E HTTP/1.0" 200 51650 "http://activparty.hu/" "Mozilla/4.0 (compatible; MSIE 7.0; Windows NT 5.1; Trident/4.0; .NET CLR 2.0.50727; .NET CLR 3.0.4506.2152; .NET CLR 3.5.30729)"
173.213.96.253 - - [02/May/2013:14:22:27 +0200] "GET /info.php?a[]=%3Ca+href=http://midlake.net/forum/profile.php?mode=viewprofile&u=207689%3Emidlake.Net%3C/a%3E HTTP/1.0" 200 51410 "http://activparty.hu/" "Mozilla/4.0 (compatible; MSIE 7.0; Windows NT 5.1; Trident/4.0; .NET CLR 2.0.50727; .NET CLR 3.0.4506.2152; .NET CLR 3.5.30729)"
216.151.130.179 - - [02/May/2013:14:22:57 +0200] "GET /info.php HTTP/1.1" 200 50383 "http://activparty.hu/" "Mozilla/5.0 (Windows NT 5.1; rv:5.0.1) Gecko/20100101 Firefox/5.0.1"
23.19.132.41 - - [02/May/2013:14:34:51 +0200] "GET /info.php?a[]=%3Ca+href=http://mail.andreagalup.com.ar/?a[]=%3Ca+href=http://thirdpartyinsurances.com/%3Elook+what+I+found%3C/a%3E%3Eadvice%3C/a%3E HTTP/1.0" 200 51470 "http://activparty.hu/" "Opera/9.80 (Windows NT 6.2; Win64; x64) Presto/2.12.388 Version/12.15"
23.19.132.41 - - [02/May/2013:14:34:52 +0200] "GET /info.php?a[]=%3Ca+href=http://joonjeong.kr/wiki/IsiahvkBattlekq%3Ejoonjeong.kr%3C/a%3E HTTP/1.0" 200 50926 "http://activparty.hu/" "Opera/9.80 (Windows NT 6.2; Win64; x64) Presto/2.12.388 Version/12.15"
94.242.255.138 - - [02/May/2013:14:36:20 +0200] "GET /info.php?a[]=%3Ca+href=http://joonjeong.kr/wiki/IsiahvkBattlekq%3Ejoonjeong.kr%3C/a%3E HTTP/1.1" 200 51232 "http://activparty.hu/" "Mozilla/4.0 (compatible; MSIE 7.0; Windows NT 5.1; Trident/4.0; .NET CLR 1.1.4322)"
23.29.125.221 - - [02/May/2013:14:55:23 +0200] "GET /info.php?a[]=%3Ca+href=http://3gunnation.com/member/212700/%3Ehttp://3gunnation.com%3C/a%3E HTTP/1.0" 200 51175 "http://activparty.hu/" "Mozilla/5.0 (Linux; U; Android 2.2; fr-fr; Desire_A8181 Build/FRF91) App3leWebKit/53.1 (KHTML, like Gecko) Version/4.0 Mobile Safari/533.1"
23.29.125.221 - - [02/May/2013:14:55:25 +0200] "GET /info.php?a[]=%3Ca+href=http://3gunnation.com/member/212700/%3Ehttp://3gunnation.com%3C/a%3E HTTP/1.0" 200 50980 "http://activparty.hu/" "Mozilla/5.0 (Windows NT 6.1; rv:2.0b7pre) Gecko/20100921 Firefox/4.0b7pre"
176.61.140.251 - - [02/May/2013:15:44:47 +0200] "GET /info.php?a[]=%3Ca+href=http://mail.andreagalup.com.ar/?a[]=%3Ca+href=http://thirdpartyinsurances.com/%3Elook+what+I+found%3C/a%3E%3Eadvice%3C/a%3E HTTP/1.0" 200 51474 "http://activparty.hu/" "Opera/9.80 (Windows NT 6.2; Win64; x64) Presto/2.12.388 Version/12.15"
176.61.140.251 - - [02/May/2013:15:44:48 +0200] "GET /info.php?a[]=%3Ca+href=http://www.webbytrader.com/AliciaAlc%3Ehttp://www.webbytrader.com/AliciaAlc%3C/a%3E HTTP/1.0" 200 51085 "http://activparty.hu/" "Opera/9.80 (Windows NT 6.2; Win64; x64) Presto/2.12.388 Version/12.15"
94.242.255.138 - - [02/May/2013:15:46:21 +0200] "GET /info.php?a[]=%3Ca+href=http://www.webbytrader.com/AliciaAlc%3Ehttp://www.webbytrader.com/AliciaAlc%3C/a%3E HTTP/1.1" 200 51347 "http://activparty.hu/" "Mozilla/5.0 (Windows NT 5.1; rv:13.0) Gecko/20100101 Firefox/13.0.1"
173.213.96.37 - - [02/May/2013:16:30:44 +0200] "GET /info.php?a[]=%3Ca+href=http://www.nashvillemama.com/forum/profile.php?mode=viewprofile&u=53208%3Ebuy+green+coffee%3C/a%3E HTTP/1.0" 200 51432 "http://activparty.hu/" "Mozilla/4.0 (compatible; MSIE 6.0; MSIE 5.5; Windows NT 5.0) Opera 7.02 Bork-edition [en]"
173.213.96.37 - - [02/May/2013:16:30:45 +0200] "GET /info.php?a[]=%3Ca+href=http://www.economia-cbc.org.ar/phpinfo.php?a[]=%3Ca+href=http://www.phpwebwolf.com/profile-17591/info/%3Emovies+for+free+online+kids+tv+shows%3C/a%3E%3Emovie+salt+patrick+swayze+movies%3C/a%3E HTTP/1.0" 200 52186 "http://activparty.hu/" "Mozilla/4.0 (compatible; MSIE 6.0; MSIE 5.5; Windows NT 5.0) Opera 7.02 Bork-edition [en]"
173.213.96.37 - - [02/May/2013:16:31:49 +0200] "GET /info.php?a[]=%3Ca+href=http://mail.andreagalup.com.ar/?a[]=%3Ca+href=http://thirdpartyinsurances.com/%3Elook+what+I+found%3C/a%3E%3Eadvice%3C/a%3E HTTP/1.0" 200 51475 "http://activparty.hu/" "Mozilla/5.0 (Windows NT 6.1; WOW64; rv:5.0) Gecko/20100101 Firefox/5.0"
173.213.96.37 - - [02/May/2013:16:31:50 +0200] "GET /info.php?a[]=%3Ca+href=http://www.ghal-maraz.net/userinfo.php?uid=24558%3Equentin+tarantino+movies+watch+free+movies+online%3C/a%3E HTTP/1.0" 200 51375 "http://activparty.hu/" "Mozilla/5.0 (Windows NT 6.1; WOW64; rv:5.0) Gecko/20100101 Firefox/5.0"
94.242.255.138 - - [02/May/2013:16:33:06 +0200] "GET /info.php?a[]=%3Ca+href=http://www.ghal-maraz.net/userinfo.php?uid=24558%3Equentin+tarantino+movies+watch+free+movies+online%3C/a%3E HTTP/1.1" 200 51790 "http://activparty.hu/" "Mozilla/4.0 (compatible; MSIE 6.0; Windows NT 5.1; SV1; MRA 5.8 (build 4157); .NET CLR 2.0.50727; AskTbPTV/5.11.3.15590)"
94.242.255.138 - - [02/May/2013:16:33:16 +0200] "GET /info.php?a[]=%3Ca+href=http://www.economia-cbc.org.ar/phpinfo.php?a[]=%3Ca+href=http://www.phpwebwolf.com/profile-17591/info/%3Emovies+for+free+online+kids+tv+shows%3C/a%3E%3Emovie+salt+patrick+swayze+movies%3C/a%3E HTTP/1.1" 200 52544 "http://activparty.hu/" "Mozilla/4.0 (compatible; MSIE 6.0; Windows NT 5.1; SV1; MRA 5.8 (build 4157); .NET CLR 2.0.50727; AskTbPTV/5.11.3.15590)"
23.19.132.41 - - [02/May/2013:16:40:15 +0200] "GET /info.php?a[]=%3Ca+href=http://www.dan.co.me/p.php?a[]=%3Ca+href=http://nupedailynews.com/social/mikeburde%3Eexperienced%3C/a%3E%3Edan.co.me%3C/a%3E HTTP/1.0" 200 51610 "http://activparty.hu/" "Mozilla/4.0 (compatible; MSIE 7.0; Windows NT 5.1; Trident/4.0; .NET CLR 2.0.50727; .NET CLR 3.0.4506.2152; .NET CLR 3.5.30729)"
23.19.132.41 - - [02/May/2013:16:40:17 +0200] "GET /info.php?a[]=%3Ca+href=http://courses.migrantclinician.org/user/view.php?id=84863&course=1%3Ehttp://courses.migrantclinician.org/user/view.php?id=84863&course=1%3C/a%3E HTTP/1.0" 200 51774 "http://activparty.hu/" "Mozilla/4.0 (compatible; MSIE 7.0; Windows NT 5.1; Trident/4.0; .NET CLR 2.0.50727; .NET CLR 3.0.4506.2152; .NET CLR 3.5.30729)"
130.185.159.170 - - [02/May/2013:17:05:47 +0200] "GET /info.php?a[]=%3Ca+href=http://mail.andreagalup.com.ar/?a[]=%3Ca+href=http://thirdpartyinsurances.com/%3Elook+what+I+found%3C/a%3E%3Eadvice%3C/a%3E HTTP/1.0" 200 51566 "http://activparty.hu/" "Mozilla/5.0 (Windows NT 6.0) AppleWebKit/535.1 (KHTML, like Gecko) Chrome/13.0.782.112 Safari/535.1"
130.185.159.170 - - [02/May/2013:17:05:49 +0200] "GET /info.php?a[]=%3Ca+href=http://portail.ivelem.net/test.php?a[]=%3Ca+href=http://www.bpcn.org.uk/index.php/member/53021/%3Emovies+columbus+ohio+rawhide+tv+show%3C/a%3E%3Etelugu+movies+new+releases+movies%3C/a%3E HTTP/1.0" 200 52157 "http://activparty.hu/" "Mozilla/5.0 (Windows NT 6.0) AppleWebKit/535.1 (KHTML, like Gecko) Chrome/13.0.782.112 Safari/535.1"
94.242.255.138 - - [02/May/2013:17:06:15 +0200] "GET /info.php?a[]=%3Ca+href=http://portail.ivelem.net/test.php?a[]=%3Ca+href=http://www.bpcn.org.uk/index.php/member/53021/%3Emovies+columbus+ohio+rawhide+tv+show%3C/a%3E%3Etelugu+movies+new+releases+movies%3C/a%3E HTTP/1.1" 200 52322 "http://activparty.hu/" "Mozilla/5.0 (Windows NT 5.1; rv:13.0) Gecko/20100101 Firefox/13.0.1"
173.213.96.7 - - [02/May/2013:17:20:46 +0200] "GET /info.php?a[]=%3Ca+href=http://www.woodsbatterychargers.com/userinfo.php?uid=72399%3Ebuy+green+coffee%3C/a%3E HTTP/1.0" 200 51148 "http://activparty.hu/" "Mozilla/4.0 (compatible; MSIE 7.0; Windows NT 5.1; SV1; .NET CLR 2.0.50727)"
173.213.96.7 - - [02/May/2013:17:20:47 +0200] "GET /info.php?a[]=%3Ca+href=http://uxaxa.org/Prikolnye_kartinki/Coaching_Youth_Baseball_Free_Drills_and_Youth_baseball_Tips_for_Parents_and_Coaches-5/%3Esneak+a+peek+at+this+web-site.%3C/a%3E HTTP/1.0" 200 51814 "http://activparty.hu/" "Mozilla/4.0 (compatible; MSIE 7.0; Windows NT 5.1; SV1; .NET CLR 2.0.50727)"
94.242.255.138 - - [02/May/2013:17:22:24 +0200] "GET /info.php?a[]=%3Ca+href=http://uxaxa.org/Prikolnye_kartinki/Coaching_Youth_Baseball_Free_Drills_and_Youth_baseball_Tips_for_Parents_and_Coaches-5/%3Esneak+a+peek+at+this+web-site.%3C/a%3E HTTP/1.1" 200 52075 "http://activparty.hu/" "Mozilla/5.0 (Windows NT 6.1; rv:2.0b7pre) Gecko/20100921 Firefox/4.0b7pre"
157.56.229.189 - - [02/May/2013:17:31:08 +0200] "GET /robots.txt HTTP/1.1" 404 - "-" "Mozilla/5.0 (compatible; bingbot/2.0; +http://www.bing.com/bingbot.htm)"
157.56.229.189 - - [02/May/2013:17:33:10 +0200] "GET / HTTP/1.1" 200 3021 "-" "Mozilla/5.0 (compatible; bingbot/2.0; +http://www.bing.com/bingbot.htm)"
178.48.48.78 - - [02/May/2013:18:11:39 +0200] "GET / HTTP/1.1" 200 3021 "-" "Mozilla/5.0 (compatible; MSIE 9.0; Windows NT 6.1; WOW64; Trident/5.0)"
23.29.125.224 - - [02/May/2013:19:31:01 +0200] "GET /info.php?a[]=%3Ca+href=http://mail.andreagalup.com.ar/?a[]=%3Ca+href=http://thirdpartyinsurances.com/%3Elook+what+I+found%3C/a%3E%3Eadvice%3C/a%3E HTTP/1.0" 200 51457 "http://activparty.hu/" "Mozilla/5.0 (Windows NT 6.1; rv:5.0) Gecko/20100101 Firefox/5.02"
23.29.125.224 - - [02/May/2013:19:31:03 +0200] "GET /info.php?a[]=%3Ca+href=http://www.periquitos.com.br/forum/profile.php?mode=viewprofile&u=163483%3EFind+Out+More%3C/a%3E HTTP/1.0" 200 51341 "http://activparty.hu/" "Mozilla/5.0 (Windows NT 6.1; rv:5.0) Gecko/20100101 Firefox/5.02"
173.213.97.17 - - [02/May/2013:19:44:50 +0200] "GET /info.php?a[]=%3Ca+href=http://3gunnation.com/member/212700/%3Ehttp://3gunnation.com%3C/a%3E HTTP/1.0" 200 50953 "http://activparty.hu/" "Mozilla/5.0 (Windows NT 6.1; rv:5.0) Gecko/20100101 Firefox/5.02"
173.213.97.17 - - [02/May/2013:19:44:52 +0200] "GET /info.php?a[]=%3Ca+href=http://www.allstatepest.com.au/member/55946/%3Emovie+coming+soon+percy+jackson+Movie%3C/a%3E HTTP/1.0" 200 51215 "http://activparty.hu/" "Mozilla/5.0 (Windows NT 6.1; rv:5.0) Gecko/20100101 Firefox/5.02"
173.213.97.17 - - [02/May/2013:19:45:05 +0200] "GET /info.php?a[]=%3Ca+href=http://mail.andreagalup.com.ar/?a[]=%3Ca+href=http://thirdpartyinsurances.com/%3Elook+what+I+found%3C/a%3E%3Eadvice%3C/a%3E HTTP/1.0" 200 51562 "http://activparty.hu/" "Mozilla/5.0 (Windows NT 6.0) AppleWebKit/535.1 (KHTML, like Gecko) Chrome/13.0.782.112 Safari/535.1"
173.213.97.17 - - [02/May/2013:19:45:08 +0200] "GET /info.php?a[]=%3Ca+href=http://www.bekkaboo.com/phpBB2/profile.php?mode=viewprofile&u=76430%3E[7]%3C/a%3E HTTP/1.0" 200 51298 "http://activparty.hu/" "Mozilla/5.0 (Windows NT 6.0) AppleWebKit/535.1 (KHTML, like Gecko) Chrome/13.0.782.112 Safari/535.1"
94.242.255.138 - - [02/May/2013:19:48:38 +0200] "GET /info.php?a[]=%3Ca+href=http://www.allstatepest.com.au/member/55946/%3Emovie+coming+soon+percy+jackson+Movie%3C/a%3E HTTP/1.1" 200 51606 "http://activparty.hu/" "Mozilla/5.0 (Windows NT 6.1; WOW64) AppleWebKit/535.1 (KHTML, like Gecko) Chrome/13.0.782.112 Safari/535.1"
176.61.140.239 - - [02/May/2013:19:55:49 +0200] "GET /info.php?a[]=%3Ca+href=http://mail.andreagalup.com.ar/?a[]=%3Ca+href=http://thirdpartyinsurances.com/%3Elook+what+I+found%3C/a%3E%3Eadvice%3C/a%3E HTTP/1.0" 200 51690 "http://activparty.hu/" "Mozilla/4.0 (compatible; MSIE 8.0; Windows NT 6.0; Trident/4.0; Mozilla/4.0 (compatible; MSIE 6.0; Windows NT 5.1; SV1) ; .NET CLR 3.5.30729)"
176.61.140.239 - - [02/May/2013:19:55:50 +0200] "GET /info.php?a[]=%3Ca+href=http://mail.andreagalup.com.ar/?a[]=%3Ca+href=http://thirdpartyinsurances.com/%3Elook+what+I+found%3C/a%3E%3Eadvice%3C/a%3E HTTP/1.0" 200 51468 "http://activparty.hu/" "Mozilla/5.0 (Windows NT 5.1; rv:13.0) Gecko/20100101 Firefox/13.0.1"
216.151.130.179 - - [02/May/2013:19:56:55 +0200] "GET /info.php HTTP/1.1" 200 50394 "http://activparty.hu/" "Mozilla/5.0 (Windows NT 6.1; rv:2.0b7pre) Gecko/20100921 Firefox/4.0b7pre"
