84.108.87.170 - - [09/May/2013:10:01:35 +0200] "GET /images/logo.gif HTTP/1.1" 200 2246 "http://www.activparty.hu/" "Mozilla/5.0 (Windows NT 6.1) AppleWebKit/537.31 (KHTML, like Gecko) Chrome/26.0.1410.64 Safari/537.31"
84.108.87.170 - - [09/May/2013:10:01:35 +0200] "GET /images/letoltes_off.gif HTTP/1.1" 200 821 "http://www.activparty.hu/" "Mozilla/5.0 (Windows NT 6.1) AppleWebKit/537.31 (KHTML, like Gecko) Chrome/26.0.1410.64 Safari/537.31"
84.108.87.170 - - [09/May/2013:10:01:35 +0200] "GET /images/belepes_off.gif HTTP/1.1" 200 772 "http://www.activparty.hu/" "Mozilla/5.0 (Windows NT 6.1) AppleWebKit/537.31 (KHTML, like Gecko) Chrome/26.0.1410.64 Safari/537.31"
84.108.87.170 - - [09/May/2013:10:01:36 +0200] "GET /images/belepes_on.gif HTTP/1.1" 200 771 "http://www.activparty.hu/" "Mozilla/5.0 (Windows NT 6.1) AppleWebKit/537.31 (KHTML, like Gecko) Chrome/26.0.1410.64 Safari/537.31"
84.108.87.170 - - [09/May/2013:10:01:36 +0200] "GET /images/letoltes_on.gif HTTP/1.1" 200 821 "http://www.activparty.hu/" "Mozilla/5.0 (Windows NT 6.1) AppleWebKit/537.31 (KHTML, like Gecko) Chrome/26.0.1410.64 Safari/537.31"
84.108.87.170 - - [09/May/2013:10:01:37 +0200] "GET /favicon.ico HTTP/1.1" 404 - "-" "Mozilla/5.0 (Windows NT 6.1) AppleWebKit/537.31 (KHTML, like Gecko) Chrome/26.0.1410.64 Safari/537.31"
198.52.128.250 - - [09/May/2013:11:07:49 +0200] "GET /info.php HTTP/1.0" 200 50122 "http://activparty.hu/" "Mozilla/5.0 (Windows NT 6.1; WOW64; rv:5.0) Gecko/20100101 Firefox/5.0"
198.52.128.250 - - [09/May/2013:11:07:59 +0200] "GET /info.php HTTP/1.0" 200 50388 "http://ksiegapozycjonera.sos.pl" "Mozilla/5.0 pozycjonowanie (Windows NT 5.1; U; en) Presto/2.10.229 Version/11.60"
198.52.128.250 - - [09/May/2013:11:10:46 +0200] "GET /info.php HTTP/1.0" 200 50277 "http://activparty.hu/" "Mozilla/4.0 (compatible; MSIE 6.0; Windows NT 5.1; SV1; MRA 5.8 (build 4157); .NET CLR 2.0.50727; AskTbPTV/5.11.3.15590)"
157.56.229.189 - - [09/May/2013:16:11:26 +0200] "GET /robots.txt HTTP/1.1" 404 - "-" "Mozilla/5.0 (compatible; bingbot/2.0; +http://www.bing.com/bingbot.htm)"
157.56.229.189 - - [09/May/2013:16:13:16 +0200] "GET / HTTP/1.1" 200 3021 "-" "Mozilla/5.0 (compatible; bingbot/2.0; +http://www.bing.com/bingbot.htm)"
65.55.24.245 - - [09/May/2013:17:23:39 +0200] "GET /robots.txt HTTP/1.1" 404 - "-" "Mozilla/5.0 (compatible; bingbot/2.0; +http://www.bing.com/bingbot.htm)"
65.55.24.245 - - [09/May/2013:17:24:45 +0200] "GET /aktivparty.html HTTP/1.1" 200 1528 "-" "Mozilla/5.0 (compatible; bingbot/2.0; +http://www.bing.com/bingbot.htm)"
78.8.193.176 - - [09/May/2013:18:24:06 +0200] "GET /info.php?a[]=%3Ca+href=http://2223.jawamdam.com.pl%3Ew$p1erajmy+hosp1cja%3C/a%3E HTTP/1.1" 200 51159 "http://activparty.hu/" "Opera/9.80 (Windows NT 6.2; Win64; x64) Presto/2.12.388 Version/12.15"
157.56.229.189 - - [09/May/2013:18:58:16 +0200] "GET /robots.txt HTTP/1.1" 404 - "-" "Mozilla/5.0 (compatible; bingbot/2.0; +http://www.bing.com/bingbot.htm)"
157.56.229.189 - - [09/May/2013:19:00:45 +0200] "GET / HTTP/1.1" 200 3021 "-" "Mozilla/5.0 (compatible; bingbot/2.0; +http://www.bing.com/bingbot.htm)"
157.56.229.189 - - [09/May/2013:19:00:45 +0200] "GET / HTTP/1.1" 200 3021 "-" "Mozilla/5.0 (compatible; bingbot/2.0; +http://www.bing.com/bingbot.htm)"
157.56.229.189 - - [09/May/2013:19:00:47 +0200] "GET /activ_party.swf HTTP/1.1" 200 662438 "-" "Mozilla/5.0 (compatible; bingbot/2.0; +http://www.bing.com/bingbot.htm)"
157.56.229.189 - - [09/May/2013:19:57:53 +0200] "GET /robots.txt HTTP/1.1" 404 - "-" "Mozilla/5.0 (compatible; bingbot/2.0; +http://www.bing.com/bingbot.htm)"
157.56.229.189 - - [09/May/2013:19:59:46 +0200] "GET / HTTP/1.1" 200 3021 "-" "Mozilla/5.0 (compatible; bingbot/2.0; +http://www.bing.com/bingbot.htm)"
142.54.176.242 - - [09/May/2013:20:28:55 +0200] "GET / HTTP/1.1" 200 3021 "-" "PHP/5.2.17p1"
209.237.150.164 - - [09/May/2013:21:15:04 +0200] "GET / HTTP/1.0" 200 3021 "-" "Mozilla/4.04 [en] (Win95; I ;Nav)"
220.181.108.76 - - [09/May/2013:21:56:53 +0200] "GET / HTTP/1.1" 200 3021 "-" "Mozilla/5.0 (compatible; Baiduspider/2.0; +http://www.baidu.com/search/spider.html)"
66.249.78.49 - - [10/May/2013:00:06:22 +0200] "GET /robots.txt HTTP/1.1" 404 - "-" "Mozilla/5.0 (compatible; Googlebot/2.1; +http://www.google.com/bot.html)"
66.249.76.82 - - [10/May/2013:00:06:23 +0200] "GET /info.php?a%5B%5D=%3Ca+href=http://www.2circolodidatticocaltagirone.it/modules.php?name=Your_Account&op=userinfo&username=Larry00N%3E2Circolodidatticocaltagirone.it%3C/a%3E HTTP/1.1" 200 51549 "-" "Mozilla/5.0 (compatible; Googlebot/2.1; +http://www.google.com/bot.html)"
66.249.78.49 - - [10/May/2013:00:11:48 +0200] "GET /info.php?a%5B%5D=%3Ca+href=http://lochcarrongarage.com/index.php?option=com_blog&view=comments&pid=37247&Itemid=0%3Elochcarrongarage.com%3C/a%3E HTTP/1.1" 200 51469 "-" "Mozilla/5.0 (compatible; Googlebot/2.1; +http://www.google.com/bot.html)"
66.249.78.49 - - [10/May/2013:00:13:26 +0200] "GET /info.php?a%5B%5D=%3Ca+href=http://www.periquitos.com.br/forum/profile.php?mode=viewprofile&u=163483%3EFind+Out+More%3C/a%3E HTTP/1.1" 200 51057 "-" "Mozilla/5.0 (compatible; Googlebot/2.1; +http://www.google.com/bot.html)"
66.249.78.49 - - [10/May/2013:00:13:38 +0200] "GET /info.php?a%5B%5D=%3Ca+href=http://midlake.net/forum/profile.php?mode=viewprofile&u=207689%3Emidlake.Net%3C/a%3E HTTP/1.1" 200 50933 "-" "Mozilla/5.0 (compatible; Googlebot/2.1; +http://www.google.com/bot.html)"
66.249.78.49 - - [10/May/2013:00:15:19 +0200] "GET /info.php?a%5B%5D=%3Ca+href=http://www.bekkaboo.com/phpBB2/profile.php?mode=viewprofile&u=76430%3E%5B7%5D%3C/a%3E HTTP/1.1" 200 50933 "-" "Mozilla/5.0 (compatible; Googlebot/2.1; +http://www.google.com/bot.html)"
66.249.78.49 - - [10/May/2013:00:16:00 +0200] "GET /info.php?a%5B%5D=%3Ca+href=http://www.m2bob-forum.eu//index.php//index.php/index.php?page=User&userID=66366%3Ewww.m2bob-forum.eu%3C/a%3E HTTP/1.1" 200 51133 "-" "Mozilla/5.0 (compatible; Googlebot/2.1; +http://www.google.com/bot.html)"
66.249.78.49 - - [10/May/2013:00:17:51 +0200] "GET /info.php?a%5B%5D=%3Ca+href=http://courses.migrantclinician.org/user/view.php?id=84863&course=1%3Ehttp://courses.migrantclinician.org/user/view.php?id=84863&course=1%3C/a%3E HTTP/1.1" 200 51303 "-" "Mozilla/5.0 (compatible; Googlebot/2.1; +http://www.google.com/bot.html)"
66.249.78.49 - - [10/May/2013:00:18:09 +0200] "GET /info.php?a%5B%5D=%3Ca+href=http://moodle.trainingprospects.com.au/user/view.php?id=108594&course=1%3Emoodle.trainingprospects.com.au%3C/a%3E HTTP/1.1" 200 51165 "-" "Mozilla/5.0 (compatible; Googlebot/2.1; +http://www.google.com/bot.html)"
23.22.131.24 - - [10/May/2013:00:21:58 +0200] "GET /info.php?a[]=%3Ca+href=http://midlake.net/forum/profile.php?mode=viewprofile&u=207689%3Emidlake.Net%3C/a%3E HTTP/1.1" 200 50366 "-" "viralvideochart.unrulymedia.com"
23.22.131.24 - - [10/May/2013:00:22:32 +0200] "GET /info.php?a[]=%3Ca+href=http://www.periquitos.com.br/forum/profile.php?mode=viewprofile&u=163483%3EFind+Out+More%3C/a%3E HTTP/1.1" 200 50490 "-" "viralvideochart.unrulymedia.com"
206.113.193.50 - - [10/May/2013:00:27:08 +0200] "GET /robots.txt HTTP/1.1" 404 - "-" "BlogPulseLive (support@blogpulse.com)"
206.113.193.50 - - [10/May/2013:00:27:09 +0200] "GET /info.php?a[]=%3Ca+href=http://lochcarrongarage.com/index.php?option=com_blog&view=comments&pid=37247&Itemid=0%3Elochcarrongarage.com%3C/a%3E HTTP/1.1" 200 51203 "-" "BlogPulseLive (support@blogpulse.com)"
206.113.193.50 - - [10/May/2013:00:29:03 +0200] "GET /robots.txt HTTP/1.1" 404 - "-" "BlogPulseLive (support@blogpulse.com)"
206.113.193.50 - - [10/May/2013:00:29:03 +0200] "GET /info.php?a[]=%3Ca+href=http://www.periquitos.com.br/forum/profile.php?mode=viewprofile&u=163483%3EFind+Out+More%3C/a%3E HTTP/1.1" 200 50796 "-" "BlogPulseLive (support@blogpulse.com)"
206.113.193.50 - - [10/May/2013:00:29:12 +0200] "GET /info.php?a[]=%3Ca+href=http://midlake.net/forum/profile.php?mode=viewprofile&u=207689%3Emidlake.Net%3C/a%3E HTTP/1.1" 200 50672 "-" "BlogPulseLive (support@blogpulse.com)"
206.113.193.50 - - [10/May/2013:00:32:13 +0200] "GET /robots.txt HTTP/1.1" 404 - "-" "BlogPulseLive (support@blogpulse.com)"
206.113.193.50 - - [10/May/2013:00:32:14 +0200] "GET /info.php?a[]=%3Ca+href=http://www.m2bob-forum.eu//index.php//index.php/index.php?page=User&userID=66366%3Ewww.m2bob-forum.eu%3C/a%3E HTTP/1.1" 200 50872 "-" "BlogPulseLive (support@blogpulse.com)"
206.113.193.50 - - [10/May/2013:00:34:50 +0200] "GET /robots.txt HTTP/1.1" 404 - "-" "BlogPulseLive (support@blogpulse.com)"
206.113.193.50 - - [10/May/2013:00:34:50 +0200] "GET /info.php?a[]=%3Ca+href=http://courses.migrantclinician.org/user/view.php?id=84863&course=1%3Ehttp://courses.migrantclinician.org/user/view.php?id=84863&course=1%3C/a%3E HTTP/1.1" 200 51042 "-" "BlogPulseLive (support@blogpulse.com)"
66.249.78.49 - - [10/May/2013:02:14:35 +0200] "GET / HTTP/1.1" 200 3021 "-" "Mozilla/5.0 (iPhone; U; CPU iPhone OS 4_1 like Mac OS X; en-us) AppleWebKit/532.9 (KHTML, like Gecko) Version/4.0.5 Mobile/8B117 Safari/6531.22.7 (compatible; Googlebot-Mobile/2.1; +http://www.google.com/bot.html)"
198.204.251.172 - - [10/May/2013:03:03:13 +0200] "GET /info.php HTTP/1.0" 200 50186 "http://activparty.hu/" "Mozilla/4.0 (compatible; MSIE 6.0; MSIE 5.5; Windows NT 5.0) Opera 7.02 Bork-edition [en]"
198.204.251.172 - - [10/May/2013:03:03:15 +0200] "GET /info.php?a[]=%3Ca+href=https://farmersinsurancescam.wordpress.com/%3Ejust+click+the+next+site%3C/a%3E HTTP/1.0" 200 51170 "http://activparty.hu/" "Mozilla/4.0 (compatible; MSIE 6.0; MSIE 5.5; Windows NT 5.0) Opera 7.02 Bork-edition [en]"
178.33.22.172 - - [10/May/2013:03:14:14 +0200] "GET /info.php HTTP/1.0" 200 50182 "http://activparty.hu/" "Mozilla/4.0 (compatible; MSIE 6.0; MSIE 5.5; Windows NT 5.0) Opera 7.02 Bork-edition [en]"
178.33.22.172 - - [10/May/2013:03:37:35 +0200] "GET /info.php?a[]=%3Ca+href=http://packhabitat.fr HTTP/1.0" 200 50757 "http://activparty.hu/" "Mozilla/4.0 (compatible; MSIE 7.0; Windows NT 5.1; Trident/4.0; .NET CLR 2.0.50727; .NET CLR 3.0.4506.2152; .NET CLR 3.5.30729)"
178.33.22.172 - - [10/May/2013:03:37:36 +0200] "GET /info.php?a[]=%3Ca+href=http://sexanal.us/site/1470/%3Ehttp://sexanal.us%3C/a%3E HTTP/1.0" 200 51043 "http://activparty.hu/" "Mozilla/4.0 (compatible; MSIE 7.0; Windows NT 5.1; Trident/4.0; .NET CLR 2.0.50727; .NET CLR 3.0.4506.2152; .NET CLR 3.5.30729)"
5.135.47.95 - - [10/May/2013:03:49:09 +0200] "GET /info.php HTTP/1.0" 200 50228 "http://activparty.hu/" "Mozilla/5.0 (Windows NT 6.1; WOW64) AppleWebKit/535.1 (KHTML, like Gecko) Chrome/13.0.782.112 Safari/535.1"
157.56.229.189 - - [10/May/2013:05:03:19 +0200] "GET /robots.txt HTTP/1.1" 404 - "-" "Mozilla/5.0 (compatible; bingbot/2.0; +http://www.bing.com/bingbot.htm)"
157.56.229.189 - - [10/May/2013:05:05:15 +0200] "GET / HTTP/1.1" 200 3021 "-" "Mozilla/5.0 (compatible; bingbot/2.0; +http://www.bing.com/bingbot.htm)"
94.23.23.127 - - [10/May/2013:06:23:20 +0200] "GET /robots.txt HTTP/1.0" 404 - "-" "Mozilla/5.0 (compatible; MJ12bot/v1.4.3; http://www.majestic12.co.uk/bot.php?+)"
94.23.23.127 - - [10/May/2013:06:23:21 +0200] "GET / HTTP/1.0" 200 3021 "-" "Mozilla/5.0 (compatible; MJ12bot/v1.4.3; http://www.majestic12.co.uk/bot.php?+)"
94.23.23.127 - - [10/May/2013:06:23:22 +0200] "GET /robots.txt HTTP/1.0" 404 - "-" "Mozilla/5.0 (compatible; MJ12bot/v1.4.3; http://www.majestic12.co.uk/bot.php?+)"
94.23.23.127 - - [10/May/2013:06:23:23 +0200] "GET / HTTP/1.0" 200 3021 "-" "Mozilla/5.0 (compatible; MJ12bot/v1.4.3; http://www.majestic12.co.uk/bot.php?+)"
157.56.229.189 - - [10/May/2013:08:38:52 +0200] "GET /robots.txt HTTP/1.1" 404 - "-" "Mozilla/5.0 (compatible; bingbot/2.0; +http://www.bing.com/bingbot.htm)"
157.56.229.189 - - [10/May/2013:08:40:43 +0200] "GET / HTTP/1.1" 200 3021 "-" "Mozilla/5.0 (compatible; bingbot/2.0; +http://www.bing.com/bingbot.htm)"
94.23.23.127 - - [10/May/2013:09:22:46 +0200] "GET /robots.txt HTTP/1.0" 404 - "-" "Mozilla/5.0 (compatible; MJ12bot/v1.4.3; http://www.majestic12.co.uk/bot.php?+)"
94.23.23.127 - - [10/May/2013:09:22:49 +0200] "GET /info.php?option=com_blog&view=comments&pid=37247&Itemid=0%3Elochcarrongarage.com%3C/a%3E HTTP/1.0" 200 51023 "-" "Mozilla/5.0 (compatible; MJ12bot/v1.4.3; http://www.majestic12.co.uk/bot.php?+)"
94.23.23.127 - - [10/May/2013:09:22:52 +0200] "GET /info.php?mode=viewprofile&u=163483%3EFind%20Out%20More%3C/a%3E HTTP/1.0" 200 50530 "-" "Mozilla/5.0 (compatible; MJ12bot/v1.4.3; http://www.majestic12.co.uk/bot.php?+)"
65.55.24.245 - - [10/May/2013:09:43:41 +0200] "GET /robots.txt HTTP/1.1" 404 - "-" "Mozilla/5.0 (compatible; bingbot/2.0; +http://www.bing.com/bingbot.htm)"
65.55.24.245 - - [10/May/2013:09:45:46 +0200] "GET /aktivparty.html HTTP/1.1" 200 1528 "-" "Mozilla/5.0 (compatible; bingbot/2.0; +http://www.bing.com/bingbot.htm)"
8.35.201.38 - - [10/May/2013:10:39:57 +0200] "GET / HTTP/1.1" 200 3021 "-" "AppEngine-Google; (+http://code.google.com/appengine; appid: boink-proxy)"
82.131.181.58 - - [10/May/2013:12:07:36 +0200] "GET / HTTP/1.1" 200 3021 "https://www.google.hu/" "Mozilla/5.0 (Windows NT 6.1) AppleWebKit/537.31 (KHTML, like Gecko) Chrome/26.0.1410.64 Safari/537.31"
82.131.181.58 - - [10/May/2013:12:07:37 +0200] "GET /images/logo.gif HTTP/1.1" 200 2246 "http://activparty.hu/" "Mozilla/5.0 (Windows NT 6.1) AppleWebKit/537.31 (KHTML, like Gecko) Chrome/26.0.1410.64 Safari/537.31"
82.131.181.58 - - [10/May/2013:12:07:37 +0200] "GET /images/letoltes_off.gif HTTP/1.1" 200 821 "http://activparty.hu/" "Mozilla/5.0 (Windows NT 6.1) AppleWebKit/537.31 (KHTML, like Gecko) Chrome/26.0.1410.64 Safari/537.31"
82.131.181.58 - - [10/May/2013:12:07:37 +0200] "GET /images/belepes_off.gif HTTP/1.1" 200 772 "http://activparty.hu/" "Mozilla/5.0 (Windows NT 6.1) AppleWebKit/537.31 (KHTML, like Gecko) Chrome/26.0.1410.64 Safari/537.31"
82.131.181.58 - - [10/May/2013:12:07:37 +0200] "GET /images/belepes_on.gif HTTP/1.1" 200 771 "http://activparty.hu/" "Mozilla/5.0 (Windows NT 6.1) AppleWebKit/537.31 (KHTML, like Gecko) Chrome/26.0.1410.64 Safari/537.31"
82.131.181.58 - - [10/May/2013:12:07:37 +0200] "GET /images/letoltes_on.gif HTTP/1.1" 200 821 "http://activparty.hu/" "Mozilla/5.0 (Windows NT 6.1) AppleWebKit/537.31 (KHTML, like Gecko) Chrome/26.0.1410.64 Safari/537.31"
82.131.181.58 - - [10/May/2013:12:07:37 +0200] "GET /favicon.ico HTTP/1.1" 404 - "-" "Mozilla/5.0 (Windows NT 6.1) AppleWebKit/537.31 (KHTML, like Gecko) Chrome/26.0.1410.64 Safari/537.31"
82.131.181.58 - - [10/May/2013:12:07:38 +0200] "GET /favicon.ico HTTP/1.1" 404 - "-" "Mozilla/5.0 (Windows NT 6.1) AppleWebKit/537.31 (KHTML, like Gecko) Chrome/26.0.1410.64 Safari/537.31"
82.131.181.58 - - [10/May/2013:12:07:41 +0200] "GET /aktivparty.html HTTP/1.1" 200 1528 "http://activparty.hu/" "Mozilla/5.0 (Windows NT 6.1) AppleWebKit/537.31 (KHTML, like Gecko) Chrome/26.0.1410.64 Safari/537.31"
82.131.181.58 - - [10/May/2013:12:07:41 +0200] "GET /js/AC_RunActiveContent.js HTTP/1.1" 200 8321 "http://activparty.hu/aktivparty.html" "Mozilla/5.0 (Windows NT 6.1) AppleWebKit/537.31 (KHTML, like Gecko) Chrome/26.0.1410.64 Safari/537.31"
82.131.181.58 - - [10/May/2013:12:07:41 +0200] "GET /favicon.ico HTTP/1.1" 404 - "-" "Mozilla/5.0 (Windows NT 6.1) AppleWebKit/537.31 (KHTML, like Gecko) Chrome/26.0.1410.64 Safari/537.31"
82.131.181.58 - - [10/May/2013:12:07:43 +0200] "GET /activ_party.swf HTTP/1.1" 200 1771834 "http://activparty.hu/aktivparty.html" "Mozilla/5.0 (Windows NT 6.1) AppleWebKit/537.31 (KHTML, like Gecko) Chrome/26.0.1410.64 Safari/537.31"
66.249.78.49 - - [10/May/2013:12:25:23 +0200] "GET /robots.txt HTTP/1.1" 404 - "-" "Mozilla/5.0 (compatible; Googlebot/2.1; +http://www.google.com/bot.html)"
66.249.78.49 - - [10/May/2013:12:25:24 +0200] "GET /aktivparty.html HTTP/1.1" 200 1528 "-" "SAMSUNG-SGH-E250/1.0 Profile/MIDP-2.0 Configuration/CLDC-1.1 UP.Browser/6.2.3.3.c.1.101 (GUI) MMP/2.0 (compatible; Googlebot-Mobile/2.1; +http://www.google.com/bot.html)"
77.88.42.27 - - [10/May/2013:13:01:16 +0200] "GET /robots.txt HTTP/1.1" 404 - "-" "Mozilla/5.0 (compatible; YandexBot/3.0; +http://yandex.com/bots)"
77.88.42.27 - - [10/May/2013:13:01:17 +0200] "GET /robots.txt HTTP/1.1" 404 - "-" "Mozilla/5.0 (compatible; YandexBot/3.0; +http://yandex.com/bots)"
77.88.42.27 - - [10/May/2013:13:01:18 +0200] "GET / HTTP/1.1" 200 3021 "-" "Mozilla/5.0 (compatible; YandexBot/3.0; +http://yandex.com/bots)"
77.88.42.27 - - [10/May/2013:13:01:19 +0200] "GET / HTTP/1.1" 200 3021 "-" "Mozilla/5.0 (compatible; YandexBot/3.0; +http://yandex.com/bots)"
77.88.42.27 - - [10/May/2013:13:01:23 +0200] "GET / HTTP/1.1" 200 3021 "-" "Mozilla/5.0 (compatible; YandexBot/3.0; +http://yandex.com/bots)"
77.88.42.27 - - [10/May/2013:13:01:25 +0200] "GET / HTTP/1.1" 200 3021 "-" "Mozilla/5.0 (compatible; YandexBot/3.0; +http://yandex.com/bots)"
66.249.78.18 - - [10/May/2013:15:04:06 +0200] "GET /robots.txt HTTP/1.1" 404 - "-" "Mozilla/5.0 (compatible; Googlebot/2.1; +http://www.google.com/bot.html)"
66.249.78.18 - - [10/May/2013:15:04:06 +0200] "GET / HTTP/1.1" 200 3021 "-" "Mozilla/5.0 (compatible; Googlebot/2.1; +http://www.google.com/bot.html)"
195.62.25.214 - - [10/May/2013:15:49:27 +0200] "GET /info.php?a%5B%5D=%3Ca+href=http://midlake.net/forum/index.php HTTP/1.0" 200 50662 "http://activparty.hu/info.php?a%5B%5D=%3Ca+href=http://midlake.net/forum/index.php" "Mozilla/5.0 (Windows NT 6.1) AppleWebKit/537.4 (KHTML, like Gecko) Chrome/22.0.1229.94 Safari/537.4"
178.255.215.73 - - [10/May/2013:16:28:59 +0200] "GET /robots.txt HTTP/1.1" 404 - "-" "Mozilla/5.0 (compatible; Exabot/3.0; +http://www.exabot.com/go/robot)"
178.255.215.73 - - [10/May/2013:16:28:59 +0200] "GET / HTTP/1.1" 200 3021 "-" "Mozilla/5.0 (compatible; Exabot/3.0; +http://www.exabot.com/go/robot)"
194.12.64.4 - - [10/May/2013:16:50:29 +0200] "HEAD /wp-admin/ HTTP/1.1" 404 - "-" "Mozilla/3.0 (compatible; Indy Library)"
65.55.24.245 - - [10/May/2013:19:38:52 +0200] "GET /robots.txt HTTP/1.1" 404 - "-" "Mozilla/5.0 (compatible; bingbot/2.0; +http://www.bing.com/bingbot.htm)"
65.55.24.245 - - [10/May/2013:19:40:14 +0200] "GET /aktivparty.html HTTP/1.1" 200 1528 "-" "Mozilla/5.0 (compatible; bingbot/2.0; +http://www.bing.com/bingbot.htm)"
157.56.229.189 - - [10/May/2013:20:10:44 +0200] "GET / HTTP/1.1" 200 3021 "-" "Mozilla/5.0 (compatible; bingbot/2.0; +http://www.bing.com/bingbot.htm)"
157.56.229.189 - - [10/May/2013:20:10:44 +0200] "GET / HTTP/1.1" 200 3021 "-" "Mozilla/5.0 (compatible; bingbot/2.0; +http://www.bing.com/bingbot.htm)"
157.56.229.189 - - [10/May/2013:20:10:44 +0200] "GET / HTTP/1.1" 200 3021 "-" "Mozilla/5.0 (compatible; bingbot/2.0; +http://www.bing.com/bingbot.htm)"
157.56.229.189 - - [10/May/2013:20:10:47 +0200] "GET /activ_party.swf HTTP/1.1" 200 660978 "-" "Mozilla/5.0 (compatible; bingbot/2.0; +http://www.bing.com/bingbot.htm)"
66.249.78.49 - - [10/May/2013:20:29:54 +0200] "GET / HTTP/1.1" 200 3021 "-" "Mozilla/5.0 (compatible; Googlebot/2.1; +http://www.google.com/bot.html)"
37.59.88.239 - - [10/May/2013:23:05:41 +0200] "GET /info.php HTTP/1.0" 200 50180 "http://activparty.hu/" "Mozilla/4.0 (compatible; MSIE 6.0; MSIE 5.5; Windows NT 5.0) Opera 7.02 Bork-edition [en]"
37.59.88.239 - - [10/May/2013:23:05:52 +0200] "GET /info.php?a[]=%3Ca+href=http://gsaser.com.pl%3Egsa+search+engine+ranker%3C/a%3E HTTP/1.0" 200 50966 "http://activparty.hu/" "Mozilla/4.0 (compatible; MSIE 6.0; MSIE 5.5; Windows NT 5.0) Opera 7.02 Bork-edition [en]"
174.34.178.181 - - [10/May/2013:23:12:57 +0200] "GET /info.php?a[]=%3Ca+href=http://gsaser.com.pl%3Egsa+search+engine+ranker%3C/a%3E HTTP/1.0" 200 51021 "http://activparty.hu/" "Mozilla/5.0 (Windows NT 6.1; WOW64) AppleWebKit/535.1 (KHTML, like Gecko) Chrome/13.0.782.112 Safari/535.1"
220.181.108.76 - - [10/May/2013:23:32:27 +0200] "GET / HTTP/1.1" 200 3021 "-" "Mozilla/5.0 (compatible; Baiduspider/2.0; +http://www.baidu.com/search/spider.html)"
78.8.193.176 - - [10/May/2013:23:40:24 +0200] "GET /info.php?a[]=%3Ca+href=http://2223.jawamdam.com.pl%3Ew$p1erajmy+hosp1cja%3C/a%3E HTTP/1.1" 200 51172 "http://www.instapaper.com/" "Opera/9.80 (Windows NT 6.2; Win64; x64) Presto/2.12.388 Version/12.15"
82.21.244.148 - - [11/May/2013:00:31:35 +0200] "GET / HTTP/1.1" 200 3021 "-" "-"
157.56.229.189 - - [11/May/2013:00:40:49 +0200] "GET /robots.txt HTTP/1.1" 404 - "-" "Mozilla/5.0 (compatible; bingbot/2.0; +http://www.bing.com/bingbot.htm)"
157.56.229.189 - - [11/May/2013:00:42:43 +0200] "GET / HTTP/1.1" 200 3021 "-" "Mozilla/5.0 (compatible; bingbot/2.0; +http://www.bing.com/bingbot.htm)"
72.46.130.154 - - [11/May/2013:00:47:50 +0200] "POST /info.php?a=%3Ca+href=http://lochcarrongarage.com/index.php?option=com_blog& HTTP/1.1" 200 49848 "-" "-"
37.59.74.236 - - [11/May/2013:00:55:11 +0200] "GET /info.php HTTP/1.0" 200 50228 "http://activparty.hu/" "Mozilla/4.0 (compatible; MSIE 6.0; Windows NT 5.1; SV1; FunWebProducts; .NET CLR 1.1.4322; PeoplePal 6.2)"
173.208.165.90 - - [11/May/2013:00:59:04 +0200] "GET /robots.txt HTTP/1.0" 404 - "-" "Mozilla/5.0 (compatible; MJ12bot/v1.4.3; http://www.majestic12.co.uk/bot.php?+)"
173.208.165.90 - - [11/May/2013:00:59:07 +0200] "GET /info.php?mode=viewprofile&u=163483%3EFind+Out+More%3C/a%3E HTTP/1.0" 200 50315 "-" "Mozilla/5.0 (compatible; MJ12bot/v1.4.3; http://www.majestic12.co.uk/bot.php?+)"
78.8.193.176 - - [11/May/2013:01:40:03 +0200] "GET /info.php?a[]=%3Ca+href=http://7400.jawamdam.com.pl%3Ew$p1erajmy+hosp1cja%3C/a%3E HTTP/1.1" 200 51265 "http://activparty.hu/" "Mozilla/4.0 (compatible; MSIE 6.0; Windows NT 5.1; SV1; FunWebProducts; .NET CLR 1.1.4322; PeoplePal 6.2)"
78.8.193.176 - - [11/May/2013:01:40:05 +0200] "GET /info.php?a[]=%3Ca+href=http://7486.jawamdam.com.pl%3Ew$p1erajmy+hosp1cja%3C/a%3E HTTP/1.1" 200 51265 "http://activparty.hu/" "Mozilla/4.0 (compatible; MSIE 6.0; Windows NT 5.1; SV1; FunWebProducts; .NET CLR 1.1.4322; PeoplePal 6.2)"
78.8.193.176 - - [11/May/2013:01:40:23 +0200] "GET /info.php?a[]=%3Ca+href=http://7486.jawamdam.com.pl%3Ew$p1erajmy+hosp1cja%3C/a%3E HTTP/1.1" 200 51175 "http://activparty.hu/" "Mozilla/4.0 (compatible; MSIE 7.0; Windows NT 5.1; SV1; .NET CLR 2.0.50727)"
78.8.193.176 - - [11/May/2013:01:52:57 +0200] "GET /info.php?a[]=%3Ca+href=http://7486.jawamdam.com.pl%3Ew$p1erajmy+hosp1cja%3C/a%3E HTTP/1.1" 200 51169 "http://www10.dcccafe.com/" "Opera/9.80 (Windows NT 6.2; Win64; x64) Presto/2.12.388 Version/12.15"
195.74.38.68 - - [11/May/2013:01:52:57 +0200] "GET / HTTP/1.0" 200 3021 "-" "-"
195.74.38.68 - - [11/May/2013:01:52:57 +0200] "GET / HTTP/1.1" 200 3021 "-" "-"
66.249.78.49 - - [11/May/2013:01:54:55 +0200] "GET /robots.txt HTTP/1.1" 404 - "-" "Mozilla/5.0 (compatible; Googlebot/2.1; +http://www.google.com/bot.html)"
66.249.76.82 - - [11/May/2013:01:54:55 +0200] "GET / HTTP/1.1" 200 3021 "-" "DoCoMo/2.0 N905i(c100;TB;W24H16) (compatible; Googlebot-Mobile/2.1; +http://www.google.com/bot.html)"
66.249.78.49 - - [11/May/2013:02:23:56 +0200] "GET / HTTP/1.1" 200 3021 "-" "SAMSUNG-SGH-E250/1.0 Profile/MIDP-2.0 Configuration/CLDC-1.1 UP.Browser/6.2.3.3.c.1.101 (GUI) MMP/2.0 (compatible; Googlebot-Mobile/2.1; +http://www.google.com/bot.html)"
82.21.244.148 - - [11/May/2013:03:02:03 +0200] "GET /templates/beez/index.php HTTP/1.1" 404 - "-" "-"
82.21.244.148 - - [11/May/2013:03:02:03 +0200] "GET /templates/rhuk_milkyway/index.php HTTP/1.1" 404 - "-" "-"
82.21.244.148 - - [11/May/2013:03:02:03 +0200] "GET /templates/system/index.php HTTP/1.1" 404 - "-" "-"
195.62.25.214 - - [11/May/2013:03:18:13 +0200] "GET /info.php?a%5B%5D=%3Ca+href=http://midlake.net/forum/index.php+++Result:+ HTTP/1.0" 200 51067 "http://activparty.hu/info.php?a%5B%5D=%3Ca+href=http://midlake.net/forum/index.php+++Result:+#trans%5Bhu%5D;+%ED%E5+%ED%E0%F8%EB%EE%F1%FC+%F4%EE%F0%EC%FB+%E4%EB%FF+%EE%F2%EF%F0%E0%E2%EA%E8;" "Opera/9.80 (Windows NT 5.1; MRA 6.0 (build 5831)) Presto/2.12.388 Version/12.10"
82.21.244.148 - - [11/May/2013:03:21:16 +0200] "GET / HTTP/1.1" 200 3021 "-" "-"
216.151.130.179 - - [11/May/2013:04:59:09 +0200] "GET /info.php HTTP/1.1" 200 50389 "http://activparty.hu/" "Opera/9.80 (Windows NT 6.2; Win64; x64) Presto/2.12.388 Version/12.15"
37.59.247.3 - - [11/May/2013:05:21:44 +0200] "GET /info.php HTTP/1.0" 200 50157 "http://activparty.hu/" "Mozilla/4.0 (compatible; MSIE 7.0; Windows NT 5.1; Trident/4.0; .NET CLR 1.1.4322)"
192.95.0.211 - - [11/May/2013:05:38:31 +0200] "GET /info.php HTTP/1.0" 200 50210 "http://activparty.hu/" "Mozilla/5.0 (Windows NT 6.0) AppleWebKit/535.1 (KHTML, like Gecko) Chrome/13.0.782.112 Safari/535.1"
192.95.0.211 - - [11/May/2013:05:38:50 +0200] "GET /info.php HTTP/1.0" 200 50350 "http://gsaser.com.pl" "Opera/9.80 gsa search engine ranker (Windows NT 5.1; U; en) Presto/2.10.229 Version/11.60"
151.237.189.110 - - [11/May/2013:06:42:50 +0200] "GET /info.php HTTP/1.0" 200 50138 "http://activparty.hu/" "Mozilla/5.0 (Windows NT 6.1; rv:2.0b7pre) Gecko/20100921 Firefox/4.0b7pre"
157.56.229.189 - - [11/May/2013:06:58:11 +0200] "GET /robots.txt HTTP/1.1" 404 - "-" "Mozilla/5.0 (compatible; bingbot/2.0; +http://www.bing.com/bingbot.htm)"
157.56.229.189 - - [11/May/2013:07:00:16 +0200] "GET / HTTP/1.1" 200 3021 "-" "Mozilla/5.0 (compatible; bingbot/2.0; +http://www.bing.com/bingbot.htm)"
82.80.249.137 - - [11/May/2013:07:40:45 +0200] "GET / HTTP/1.0" 200 3021 "-" "Mozilla/5.0 (X11; Ubuntu; Linux x86_64; rv:11.0) Gecko/20100101 Firefox/11.0"
82.80.249.137 - - [11/May/2013:07:40:45 +0200] "GET /aktivparty.html HTTP/1.0" 200 1528 "http://activparty.hu" "Mozilla/5.0 (X11; Ubuntu; Linux x86_64; rv:11.0) Gecko/20100101 Firefox/11.0"
208.73.208.170 - - [11/May/2013:07:47:47 +0200] "HEAD / HTTP/1.1" 200 0 "-" "-"
78.8.193.176 - - [11/May/2013:08:19:09 +0200] "GET /info.php?a[]=%3Ca+href=http://2223.jawamdam.com.pl%3Ew$p1erajmy+hosp1cja%3C/a%3E HTTP/1.1" 200 51169 "http://activparty.hu/" "Mozilla/5.0 (Windows NT 6.1; rv:2.0b7pre) Gecko/20100921 Firefox/4.0b7pre"
78.8.193.176 - - [11/May/2013:08:19:12 +0200] "GET /info.php?a[]=%3Ca+href=http://2223.jawamdam.com.pl%3Ew$p1erajmy+hosp1cja%3C/a%3E HTTP/1.1" 200 51414 "http://5470.jawamdam.com.pl" "Opera/9.80 w$p1erajmy hosp1cja (Windows NT 5.1; U; en) Presto/2.10.229 Version/11.60"
78.8.193.176 - - [11/May/2013:08:20:26 +0200] "GET /info.php?a[]=%3Ca+href=http://2223.jawamdam.com.pl%3Ew$p1erajmy+hosp1cja%3C/a%3E HTTP/1.1" 200 51364 "http://activparty.hu/" "Mozilla/5.0 (Linux; U; Android 2.2; fr-fr; Desire_A8181 Build/FRF91) App3leWebKit/53.1 (KHTML, like Gecko) Version/4.0 Mobile Safari/533.1"
78.8.193.176 - - [11/May/2013:08:22:06 +0200] "GET /info.php?a[]=%3Ca+href=http://2223.jawamdam.com.pl%3Ew$p1erajmy+hosp1cja%3C/a%3E HTTP/1.1" 200 51169 "http://activparty.hu/" "Mozilla/5.0 (Windows NT 6.1; rv:2.0b7pre) Gecko/20100921 Firefox/4.0b7pre"
89.132.103.64 - - [11/May/2013:09:27:45 +0200] "GET /robots.txt HTTP/1.1" 404 - "-" "Mozilla/5.0 (compatible; JobKeresoBot; http://www.jobkereso.com/help.jsp)"
89.132.103.64 - - [11/May/2013:09:27:45 +0200] "GET / HTTP/1.1" 200 3021 "-" "Mozilla/5.0 (compatible; JobKeresoBot; http://www.jobkereso.com/help.jsp)"
78.8.193.176 - - [11/May/2013:09:49:41 +0200] "GET /info.php?a[]=%3Ca+href=http://7400.jawamdam.com.pl%3Ew$p1erajmy+hosp1cja%3C/a%3E HTTP/1.1" 200 51247 "http://activparty.hu/" "Mozilla/5.0 (Windows NT 6.0) AppleWebKit/535.1 (KHTML, like Gecko) Chrome/13.0.782.112 Safari/535.1"
78.8.193.176 - - [11/May/2013:09:49:48 +0200] "GET /info.php?a[]=%3Ca+href=http://7400.jawamdam.com.pl%3Ew$p1erajmy+hosp1cja%3C/a%3E HTTP/1.1" 200 51417 "http://6647.jawamdam.com.pl" "Mozilla/4.0 w$p1erajmy hosp1cja (Windows NT 5.1; U; en) Presto/2.10.229 Version/11.60"
78.8.193.176 - - [11/May/2013:09:52:09 +0200] "GET /info.php?a[]=%3Ca+href=http://7400.jawamdam.com.pl%3Ew$p1erajmy+hosp1cja%3C/a%3E HTTP/1.1" 200 51142 "http://activparty.hu/" "Mozilla/5.0 (Windows NT 6.1; rv:5.0) Gecko/20100101 Firefox/5.02"
78.8.193.176 - - [11/May/2013:09:57:16 +0200] "GET /info.php?a[]=%3Ca+href=http://abiturient.pro/wiki/%D0%A3%D1%87%D0%B0%D1%81%D1%82%D0%BD%D0%B8%D0%BA:RobbieCol%3Eerotyka%3C/a%3E HTTP/1.1" 200 51507 "http://activparty.hu/" "Mozilla/4.0 (compatible; MSIE 6.0; MSIE 5.5; Windows NT 5.0) Opera 7.02 Bork-edition [en]"
78.8.193.176 - - [11/May/2013:09:57:17 +0200] "GET /info.php?a[]=%3Ca+href=http://11776.jawamdam.com.pl%3Ew$p1erajmy+hosp1cja%3C/a%3E HTTP/1.1" 200 51225 "http://activparty.hu/" "Mozilla/4.0 (compatible; MSIE 6.0; MSIE 5.5; Windows NT 5.0) Opera 7.02 Bork-edition [en]"
78.8.193.176 - - [11/May/2013:09:58:40 +0200] "GET /info.php?a[]=%3Ca+href=http://11776.jawamdam.com.pl%3Ew$p1erajmy+hosp1cja%3C/a%3E HTTP/1.1" 200 51177 "http://activparty.hu/" "Mozilla/5.0 (Windows NT 6.1; rv:2.0b7pre) Gecko/20100921 Firefox/4.0b7pre"
78.8.193.176 - - [11/May/2013:09:59:07 +0200] "GET /info.php?a[]=%3Ca+href=http://11776.jawamdam.com.pl%3Ew$p1erajmy+hosp1cja%3C/a%3E HTTP/1.1" 200 51195 "http://stats.united-domains.de/" "Opera/9.80 (Windows NT 6.2; Win64; x64) Presto/2.12.388 Version/12.15"
198.143.143.246 - - [11/May/2013:10:59:46 +0200] "GET /info.php HTTP/1.0" 200 50138 "http://activparty.hu/" "Mozilla/5.0 (Windows NT 6.1; rv:2.0b7pre) Gecko/20100921 Firefox/4.0b7pre"
198.143.143.246 - - [11/May/2013:10:59:48 +0200] "GET /info.php HTTP/1.0" 200 50374 "http://wholovesyoumost.com" "Mozilla/4.0 best dating sites (Windows NT 5.1; U; en) Presto/2.10.229 Version/11.60"
157.56.229.189 - - [11/May/2013:11:04:24 +0200] "GET /robots.txt HTTP/1.1" 404 - "-" "Mozilla/5.0 (compatible; bingbot/2.0; +http://www.bing.com/bingbot.htm)"
157.56.229.189 - - [11/May/2013:11:06:12 +0200] "GET / HTTP/1.1" 200 3021 "-" "Mozilla/5.0 (compatible; bingbot/2.0; +http://www.bing.com/bingbot.htm)"
198.52.128.141 - - [11/May/2013:11:12:20 +0200] "GET /info.php HTTP/1.0" 200 50118 "http://activparty.hu/" "Mozilla/5.0 (Windows NT 5.1; rv:5.0.1) Gecko/20100101 Firefox/5.0.1"
37.58.52.15 - - [11/May/2013:12:25:13 +0200] "GET /robots.txt HTTP/1.0" 404 - "-" "Mozilla/5.0 (compatible; AcoonBot/4.11.1; +http://www.acoon.de/robot.asp)"
37.58.52.15 - - [11/May/2013:12:25:13 +0200] "GET / HTTP/1.0" 200 3021 "-" "Mozilla/5.0 (compatible; AcoonBot/4.11.1; +http://www.acoon.de/robot.asp)"
65.55.215.89 - - [11/May/2013:12:49:24 +0200] "GET /robots.txt HTTP/1.1" 404 - "-" "msnbot-media/1.1 (+http://search.msn.com/msnbot.htm)"
65.55.215.89 - - [11/May/2013:12:49:25 +0200] "GET /images/belepes_off.gif HTTP/1.1" 200 772 "-" "msnbot-media/1.1 (+http://search.msn.com/msnbot.htm)"
198.143.144.133 - - [11/May/2013:12:57:18 +0200] "GET /info.php HTTP/1.0" 200 50237 "http://activparty.hu/" "Mozilla/5.0 (Windows NT 6.1; WOW64) AppleWebKit/535.1 (KHTML, like Gecko) Chrome/13.0.782.112 Safari/535.1"
198.143.144.133 - - [11/May/2013:12:57:29 +0200] "GET /info.php HTTP/1.0" 200 50347 "http://gsaser.com.pl/" "Mozilla/4.0 Read the Full Post (Windows NT 5.1; U; en) Presto/2.10.229 Version/11.60"
69.58.178.59 - - [11/May/2013:13:11:13 +0200] "GET /robots.txt HTTP/1.1" 404 - "-" "BlackBerry9000/4.6.0.167 Profile/MIDP-2.0 Configuration/CLDC-1.1 VendorID/102 ips-agent"
69.58.178.59 - - [11/May/2013:13:11:14 +0200] "GET / HTTP/1.1" 200 3021 "-" "Mozilla/5.0 (X11; Ubuntu; Linux i686; rv:14.0; ips-agent) Gecko/20100101 Firefox/14.0.1"
69.58.178.59 - - [11/May/2013:13:11:15 +0200] "GET /aktivparty.html HTTP/1.1" 200 1528 "-" "Mozilla/5.0 (X11; Ubuntu; Linux i686; rv:14.0; ips-agent) Gecko/20100101 Firefox/14.0.1"
198.50.136.245 - - [11/May/2013:13:13:12 +0200] "GET /info.php HTTP/1.0" 200 50235 "http://activparty.hu/" "Mozilla/5.0 (Windows NT 6.1; WOW64) AppleWebKit/535.1 (KHTML, like Gecko) Chrome/13.0.782.112 Safari/535.1"
198.143.144.133 - - [11/May/2013:13:17:51 +0200] "GET /info.php HTTP/1.0" 200 50333 "http://activparty.hu/" "Mozilla/5.0 (Linux; U; Android 2.2; fr-fr; Desire_A8181 Build/FRF91) App3leWebKit/53.1 (KHTML, like Gecko) Version/4.0 Mobile Safari/533.1"
88.190.47.197 - - [11/May/2013:13:27:34 +0200] "GET /info.php?a[]=%3Ca+href=http://sexanal.us/site/1470/%3Ehttp://sexanal.us%3C/a%3E HTTP/1.1" 200 51144 "http://www10.dcccafe.com/" "Opera/9.80 (Windows NT 6.2; Win64; x64) Presto/2.12.388 Version/12.15"
96.44.128.138 - - [11/May/2013:13:27:34 +0200] "GET / HTTP/1.1" 200 3021 "-" "Whois365 Inquirer - http://www.whois365.com"
88.190.47.197 - - [11/May/2013:13:27:35 +0200] "GET /info.php?a[]=%3Ca+href=http://sexanal.us/site/1470/%3Ehttp://sexanal.us%3C/a%3E HTTP/1.1" 200 51158 "http://1418.c-uk.360tag.com/" "Opera/9.80 (Windows NT 6.2; Win64; x64) Presto/2.12.388 Version/12.15"
88.190.47.197 - - [11/May/2013:13:27:41 +0200] "GET / HTTP/1.1" 200 3021 "http://big5.southcn.com/" "Opera/9.80 (Windows NT 6.2; Win64; x64) Presto/2.12.388 Version/12.15"
174.122.126.194 - - [11/May/2013:13:27:42 +0200] "GET / HTTP/1.1" 200 3021 "-" "-"
72.52.213.100 - - [11/May/2013:13:27:43 +0200] "GET / HTTP/1.0" 200 3021 "-" "-"
72.52.213.100 - - [11/May/2013:13:27:44 +0200] "GET / HTTP/1.1" 200 3021 "-" "-"
96.44.128.138 - - [11/May/2013:13:27:44 +0200] "GET / HTTP/1.1" 200 3021 "-" "Whois365 Inquirer - http://www.whois365.com"
96.44.128.138 - - [11/May/2013:13:27:44 +0200] "GET / HTTP/1.1" 200 3021 "-" "Whois365 Inquirer - http://www.whois365.com"
88.190.47.197 - - [11/May/2013:13:27:47 +0200] "GET /info.php?a[]=%3Ca+href=http://sexanal.us/site/1470/%3Ehttp://sexanal.us%3C/a%3E HTTP/1.1" 200 51129 "http://1.xg4ken.com/" "Opera/9.80 (Windows NT 6.2; Win64; x64) Presto/2.12.388 Version/12.15"
88.190.47.197 - - [11/May/2013:13:27:48 +0200] "GET / HTTP/1.1" 200 3021 "http://big5.mep.gov.cn/" "Opera/9.80 (Windows NT 6.2; Win64; x64) Presto/2.12.388 Version/12.15"
193.33.187.190 - - [11/May/2013:13:27:49 +0200] "GET /robots.txt HTTP/1.0" 404 - "-" "-"
193.33.187.190 - - [11/May/2013:13:27:49 +0200] "HEAD / HTTP/1.1" 200 0 "-" "Mozilla/4.0 (compatible; MSIE 5.5; Windows NT 5.0)"
193.33.187.190 - - [11/May/2013:13:27:49 +0200] "GET / HTTP/1.0" 200 3021 "-" "-"
81.88.50.172 - - [11/May/2013:13:27:49 +0200] "GET / HTTP/1.1" 200 3021 "-" "-"
62.128.194.74 - - [11/May/2013:13:27:49 +0200] "GET / HTTP/1.0" 200 3021 "-" "Opera/9.80 (Windows NT 6.2; Win64; x64) Presto/2.12.388 Version/12.15"
213.239.200.116 - - [11/May/2013:13:27:52 +0200] "GET /robots.txt HTTP/1.0" 404 - "-" "-"
213.239.200.116 - - [11/May/2013:13:27:52 +0200] "GET / HTTP/1.0" 200 3021 "-" "YandeG 1.02"
68.169.38.106 - - [11/May/2013:13:27:53 +0200] "GET / HTTP/1.1" 200 3021 "-" "Mozilla/4.0 (compatible; MSIE 6.0; Windows NT 5.1; en)"
217.172.180.207 - - [11/May/2013:13:27:55 +0200] "HEAD / HTTP/1.1" 200 0 "-" "Opera/9.23 (Windows NT 5.1; U; en)"
217.172.180.207 - - [11/May/2013:13:27:55 +0200] "GET / HTTP/1.1" 200 3021 "-" "Opera/9.23 (Windows NT 5.1; U; en)"
8.35.201.50 - - [11/May/2013:13:27:56 +0200] "GET / HTTP/1.1" 200 3021 "-" "AppEngine-Google; (+http://code.google.com/appengine; appid: lamb-da)"
81.17.242.107 - - [11/May/2013:13:27:57 +0200] "GET / HTTP/1.1" 200 3021 "-" "-"
81.17.242.107 - - [11/May/2013:13:27:57 +0200] "GET / HTTP/1.1" 200 3021 "-" "-"
184.22.255.119 - - [11/May/2013:13:27:59 +0200] "GET / HTTP/1.0" 200 3021 "-" "SimplePie/1.2.1-dev (Feed Parser; http://simplepie.org; Allow like Gecko) Build/20130308000852"
173.255.195.23 - - [11/May/2013:13:27:59 +0200] "GET / HTTP/1.1" 200 3021 "http://www.google.com/search?hl=en&q=google&btnG=Google+Search" "Opera/9.80 (Windows NT 6.2; Win64; x64) Presto/2.12.388 Version/12.15"
128.30.52.72 - - [11/May/2013:13:28:00 +0200] "GET / HTTP/1.1" 200 3021 "-" "W3C_Validator/1.3 http://validator.w3.org/services"
182.50.130.51 - - [11/May/2013:13:28:00 +0200] "GET / HTTP/1.1" 200 3021 "-" "Opera/9.80 (Windows NT 6.2; Win64; x64) Presto/2.12.388 Version/12.15"
74.208.180.59 - - [11/May/2013:13:28:00 +0200] "GET / HTTP/1.1" 200 3021 "-" "-"
81.88.50.214 - - [11/May/2013:13:28:10 +0200] "GET / HTTP/1.1" 200 3021 "-" "-"
78.47.93.235 - - [11/May/2013:13:28:14 +0200] "GET / HTTP/1.1" 200 3021 "-" "Mozilla/5.0 (Windows; U; Windows NT 5.1; en-US; rv:1.8.1.2) Gecko/20070219 Firefox/2.0.0.2"
78.47.93.235 - - [11/May/2013:13:28:14 +0200] "GET /robots.txt HTTP/1.1" 404 - "-" "Mozilla/5.0 (Windows; U; Windows NT 5.1; en-US; rv:1.8.1.2) Gecko/20070219 Firefox/2.0.0.2"
31.31.72.32 - - [11/May/2013:13:28:15 +0200] "GET / HTTP/1.1" 200 3021 "-" "-"
113.195.145.38 - - [11/May/2013:13:28:16 +0200] "GET / HTTP/1.1" 200 3021 "-" "Opera/9.80 (Windows NT 6.2; Win64; x64) Presto/2.12.388 Version/12.15"
217.172.180.207 - - [11/May/2013:13:28:16 +0200] "HEAD / HTTP/1.1" 200 0 "-" "Opera/9.23 (Windows NT 5.1; U; en)"
217.172.180.207 - - [11/May/2013:13:28:16 +0200] "GET / HTTP/1.1" 200 3021 "-" "Opera/9.23 (Windows NT 5.1; U; en)"
174.120.243.34 - - [11/May/2013:13:28:18 +0200] "GET / HTTP/1.0" 200 3021 "-" "-"
174.120.243.34 - - [11/May/2013:13:28:18 +0200] "GET / HTTP/1.1" 200 3021 "-" "-"
113.195.145.38 - - [11/May/2013:13:28:19 +0200] "GET / HTTP/1.1" 200 3021 "-" "Opera/9.80 (Windows NT 6.2; Win64; x64) Presto/2.12.388 Version/12.15"
174.142.82.182 - - [11/May/2013:13:28:20 +0200] "GET / HTTP/1.0" 200 3021 "-" "-"
182.50.130.51 - - [11/May/2013:13:28:20 +0200] "GET / HTTP/1.1" 200 3021 "-" "Opera/9.80 (Windows NT 6.2; Win64; x64) Presto/2.12.388 Version/12.15"
174.120.243.34 - - [11/May/2013:13:28:21 +0200] "GET / HTTP/1.0" 200 3021 "-" "-"
174.120.243.34 - - [11/May/2013:13:28:22 +0200] "GET / HTTP/1.0" 200 3021 "-" "-"
81.88.50.212 - - [11/May/2013:13:30:37 +0200] "GET /robots.txt HTTP/1.1" 404 - "-" "Peeplo Screenshot Bot/0.20 ( abuse at peeplo dot_com )"
81.88.58.249 - - [11/May/2013:13:31:47 +0200] "HEAD / HTTP/1.1" 200 0 "-" "Peeplo Screenshot Bot/0.20 ( abuse at peeplo dot_com )"
81.88.58.250 - - [11/May/2013:13:31:48 +0200] "GET / HTTP/1.1" 200 3021 "-" "Peeplo Screenshot Bot/0.20 ( abuse at peeplo dot_com )"
81.88.58.250 - - [11/May/2013:13:31:48 +0200] "GET /images/belepes_off.gif HTTP/1.1" 200 772 "http://activparty.hu/" "Peeplo Screenshot Bot/0.20 ( abuse at peeplo dot_com )"
81.88.58.249 - - [11/May/2013:13:31:48 +0200] "GET /images/logo.gif HTTP/1.1" 200 2246 "http://activparty.hu/" "Peeplo Screenshot Bot/0.20 ( abuse at peeplo dot_com )"
81.88.58.249 - - [11/May/2013:13:31:48 +0200] "GET /images/letoltes_off.gif HTTP/1.1" 200 821 "http://activparty.hu/" "Peeplo Screenshot Bot/0.20 ( abuse at peeplo dot_com )"
81.88.58.250 - - [11/May/2013:13:31:48 +0200] "GET /images/belepes_on.gif HTTP/1.1" 200 771 "http://activparty.hu/" "Peeplo Screenshot Bot/0.20 ( abuse at peeplo dot_com )"
81.88.58.249 - - [11/May/2013:13:31:48 +0200] "GET /images/letoltes_on.gif HTTP/1.1" 200 821 "http://activparty.hu/" "Peeplo Screenshot Bot/0.20 ( abuse at peeplo dot_com )"
204.232.202.19 - - [11/May/2013:13:32:12 +0200] "GET / HTTP/1.1" 200 3021 "http://ismyblogworking.com/activparty.hu" "Mozilla/4.0 (compatible; MSIE 6.0; Windows NT 5.1; http://ismyblogbroken.com/)"
204.232.202.19 - - [11/May/2013:13:32:13 +0200] "HEAD / HTTP/1.1" 304 - "-" "Mozilla/4.0 (compatible; MSIE 6.0; Windows NT 5.1; http://ismyblogbroken.com/)"
204.232.202.19 - - [11/May/2013:13:32:14 +0200] "GET / HTTP/1.1" 200 3021 "-" "Mozilla/5.0 (compatible; Googlebot/2.1; actually this is http://ismyblogworking.com/)"
204.232.202.19 - - [11/May/2013:13:32:14 +0200] "GET /robots.txt HTTP/1.1" 404 - "-" "Mozilla/4.0 (compatible; MSIE 6.0; Windows NT 5.1; http://ismyblogbroken.com/)"
184.154.174.13 - - [11/May/2013:13:42:45 +0200] "GET /info.php HTTP/1.0" 200 50142 "http://activparty.hu/" "Mozilla/4.0 (compatible; MSIE 7.0; Windows NT 5.1; SV1; .NET CLR 2.0.50727)"
184.154.174.13 - - [11/May/2013:13:42:53 +0200] "GET /info.php?a[]=%3Ca+href=http://gsaser.com.pl/%3Ecom.pl%3C/a%3E HTTP/1.0" 200 50745 "http://activparty.hu/" "Mozilla/4.0 (compatible; MSIE 7.0; Windows NT 5.1; SV1; .NET CLR 2.0.50727)"
195.62.25.214 - - [11/May/2013:13:45:20 +0200] "GET /info.php?a%5B%5D=%3Ca+href=http://midlake.net/forum/index.php+++Result:+ HTTP/1.0" 200 51025 "http://activparty.hu/info.php?a%5B%5D=%3Ca+href=http://midlake.net/forum/index.php+++Result:+#trans%5Bhu%5D;+%ED%E5+%ED%E0%F8%EB%EE%F1%FC+%F4%EE%F0%EC%FB+%E4%EB%FF+%EE%F2%EF%F0%E0%E2%EA%E8;" "Mozilla/5.0 (Windows NT 5.1; rv:15.0) Gecko/20100101 Firefox/15.0"
184.154.174.13 - - [11/May/2013:13:47:14 +0200] "GET /info.php HTTP/1.0" 200 50122 "http://activparty.hu/" "Mozilla/5.0 (Windows NT 6.1; WOW64; rv:5.0) Gecko/20100101 Firefox/5.0"
184.154.119.227 - - [11/May/2013:13:57:36 +0200] "GET /info.php HTTP/1.0" 200 50342 "http://activparty.hu/" "Mozilla/4.0 (compatible; MSIE 8.0; Windows NT 6.0; Trident/4.0; Mozilla/4.0 (compatible; MSIE 6.0; Windows NT 5.1; SV1) ; .NET CLR 3.5.30729)"
184.154.119.227 - - [11/May/2013:13:57:47 +0200] "GET /info.php?a[]=%3Ca+href=http://Gsaser.com.pl/%3Egsa+search+engine+ranker%3C/a%3E HTTP/1.0" 200 51136 "http://activparty.hu/" "Mozilla/4.0 (compatible; MSIE 8.0; Windows NT 6.0; Trident/4.0; Mozilla/4.0 (compatible; MSIE 6.0; Windows NT 5.1; SV1) ; .NET CLR 3.5.30729)"
184.154.119.227 - - [11/May/2013:13:58:49 +0200] "GET /info.php?a[]=%3Ca+href=http://Gsaser.com.pl/%3Egsa+search+engine+ranker%3C/a%3E HTTP/1.0" 200 51010 "http://activparty.hu/" "Mozilla/5.0 (Windows NT 6.0) AppleWebKit/535.1 (KHTML, like Gecko) Chrome/13.0.782.112 Safari/535.1"
198.143.143.237 - - [11/May/2013:13:59:59 +0200] "GET /info.php?a[]=%3Ca+href=http://gsaser.com.pl/%3Ecom.pl%3C/a%3E HTTP/1.0" 200 50746 "http://activparty.hu/" "Mozilla/5.0 (Windows NT 6.1; rv:2.0b7pre) Gecko/20100921 Firefox/4.0b7pre"
199.116.118.142 - - [11/May/2013:14:11:46 +0200] "GET /info.php HTTP/1.0" 200 50300 "http://activparty.hu/" "Mozilla/4.0 (compatible; MSIE 7.0; Windows NT 5.1; Trident/4.0; .NET CLR 2.0.50727; .NET CLR 3.0.4506.2152; .NET CLR 3.5.30729)"
199.116.118.142 - - [11/May/2013:14:11:50 +0200] "GET /info.php?a[]=%3Ca+href=http://gsaser.com.pl%3Egsa+search+engine+ranker%3C/a%3E HTTP/1.0" 200 51086 "http://activparty.hu/" "Mozilla/4.0 (compatible; MSIE 7.0; Windows NT 5.1; Trident/4.0; .NET CLR 2.0.50727; .NET CLR 3.0.4506.2152; .NET CLR 3.5.30729)"
199.116.118.142 - - [11/May/2013:14:14:47 +0200] "GET /info.php?a[]=%3Ca+href=http://gsaser.com.pl%3Egsa+search+engine+ranker%3C/a%3E HTTP/1.0" 200 51086 "http://activparty.hu/" "Mozilla/4.0 (compatible; MSIE 7.0; Windows NT 5.1; Trident/4.0; .NET CLR 2.0.50727; .NET CLR 3.0.4506.2152; .NET CLR 3.5.30729)"
37.59.88.239 - - [11/May/2013:14:23:35 +0200] "GET /info.php HTTP/1.0" 200 50180 "http://activparty.hu/" "Mozilla/4.0 (compatible; MSIE 6.0; MSIE 5.5; Windows NT 5.0) Opera 7.02 Bork-edition [en]"
37.59.88.239 - - [11/May/2013:14:23:45 +0200] "GET /info.php?a[]=%3Ca+href=http://gsaser.Com.pl/%3Egsa+search+engine+ranker%3C/a%3E HTTP/1.0" 200 50974 "http://activparty.hu/" "Mozilla/4.0 (compatible; MSIE 6.0; MSIE 5.5; Windows NT 5.0) Opera 7.02 Bork-edition [en]"
184.154.38.148 - - [11/May/2013:14:23:55 +0200] "GET /info.php HTTP/1.0" 200 50235 "http://activparty.hu/" "Mozilla/5.0 (Windows NT 6.1; WOW64) AppleWebKit/535.1 (KHTML, like Gecko) Chrome/13.0.782.112 Safari/535.1"
178.255.215.73 - - [11/May/2013:14:30:50 +0200] "GET /robots.txt HTTP/1.1" 404 - "-" "Mozilla/5.0 (compatible; Exabot/3.0; +http://www.exabot.com/go/robot)"
178.255.215.73 - - [11/May/2013:14:30:50 +0200] "GET / HTTP/1.1" 304 - "-" "Mozilla/5.0 (compatible; Exabot/3.0; +http://www.exabot.com/go/robot)"
37.59.88.239 - - [11/May/2013:14:31:48 +0200] "GET /info.php?a[]=%3Ca+href=http://gsaser.Com.pl/%3Egsa+search+engine+ranker%3C/a%3E HTTP/1.0" 200 50953 "http://activparty.hu/" "Mozilla/4.0 (compatible; MSIE 7.0; Windows NT 5.1; Trident/4.0; .NET CLR 1.1.4322)"
198.143.143.237 - - [11/May/2013:14:42:06 +0200] "GET /info.php HTTP/1.0" 200 50165 "http://activparty.hu/" "Mozilla/4.0 (compatible; MSIE 7.0; Windows NT 5.1; Trident/4.0; .NET CLR 1.1.4322)"
66.249.78.49 - - [11/May/2013:14:45:06 +0200] "GET /robots.txt HTTP/1.1" 404 - "-" "Mozilla/5.0 (compatible; Googlebot/2.1; +http://www.google.com/bot.html)"
66.249.78.49 - - [11/May/2013:14:45:06 +0200] "GET /aktivparty.html HTTP/1.1" 304 - "-" "Mozilla/5.0 (compatible; Googlebot/2.1; +http://www.google.com/bot.html)"
199.116.118.142 - - [11/May/2013:14:48:19 +0200] "GET /info.php HTTP/1.0" 200 50129 "http://activparty.hu/" "Mozilla/5.0 (Windows NT 6.1; WOW64; rv:5.0) Gecko/20100101 Firefox/5.0"
199.116.118.142 - - [11/May/2013:14:48:28 +0200] "GET /info.php HTTP/1.0" 200 50362 "http://Gsaser.com.pl/" "Opera/9.80 gsa search engine Ranker (Windows NT 5.1; U; en) Presto/2.10.229 Version/11.60"
184.154.119.227 - - [11/May/2013:14:48:57 +0200] "GET /info.php HTTP/1.0" 200 50186 "http://activparty.hu/" "Mozilla/4.0 (compatible; MSIE 6.0; MSIE 5.5; Windows NT 5.0) Opera 7.02 Bork-edition [en]"
184.154.119.227 - - [11/May/2013:14:49:05 +0200] "GET /info.php?a[]=%3Ca+href=http://Gsaser.Com.pl/%3Egsa+search+engine+ranker%3C/a%3E HTTP/1.0" 200 50980 "http://activparty.hu/" "Mozilla/4.0 (compatible; MSIE 6.0; MSIE 5.5; Windows NT 5.0) Opera 7.02 Bork-edition [en]"
199.180.128.96 - - [11/May/2013:14:50:09 +0200] "GET /info.php HTTP/1.0" 200 50331 "http://activparty.hu/" "Mozilla/5.0 (Linux; U; Android 2.2; fr-fr; Desire_A8181 Build/FRF91) App3leWebKit/53.1 (KHTML, like Gecko) Version/4.0 Mobile Safari/533.1"
184.154.119.227 - - [11/May/2013:14:52:03 +0200] "GET /info.php?a[]=%3Ca+href=http://Gsaser.Com.pl/%3Egsa+search+engine+ranker%3C/a%3E HTTP/1.0" 200 51073 "http://activparty.hu/" "Mozilla/4.0 (compatible; MSIE 6.0; Windows NT 5.1; SV1; MRA 5.8 (build 4157); .NET CLR 2.0.50727; AskTbPTV/5.11.3.15590)"
199.116.118.142 - - [11/May/2013:14:52:36 +0200] "GET /info.php HTTP/1.0" 200 50129 "http://activparty.hu/" "Mozilla/5.0 (Windows NT 6.1; WOW64; rv:5.0) Gecko/20100101 Firefox/5.0"
198.143.144.133 - - [11/May/2013:14:55:46 +0200] "GET /info.php HTTP/1.0" 200 50139 "http://activparty.hu/" "Mozilla/4.0 (compatible; MSIE 7.0; Windows NT 5.1; SV1; .NET CLR 2.0.50727)"
199.116.118.142 - - [11/May/2013:14:56:30 +0200] "GET /info.php HTTP/1.0" 200 50120 "http://activparty.hu/" "Mozilla/5.0 (Windows NT 5.1; rv:5.0.1) Gecko/20100101 Firefox/5.0.1"
199.116.118.142 - - [11/May/2013:14:58:31 +0200] "GET /info.php HTTP/1.0" 200 50234 "http://activparty.hu/" "Mozilla/4.0 (compatible; MSIE 6.0; Windows NT 5.1; SV1; FunWebProducts; .NET CLR 1.1.4322; PeoplePal 6.2)"
198.143.144.133 - - [11/May/2013:15:02:25 +0200] "GET /info.php HTTP/1.0" 200 50133 "http://activparty.hu/" "Mozilla/5.0 (Windows NT 6.1; rv:2.0b7pre) Gecko/20100921 Firefox/4.0b7pre"
199.116.118.142 - - [11/May/2013:15:02:33 +0200] "GET /info.php HTTP/1.0" 200 50120 "http://activparty.hu/" "Mozilla/5.0 (Windows NT 5.1; rv:13.0) Gecko/20100101 Firefox/13.0.1"
66.249.78.49 - - [11/May/2013:15:04:20 +0200] "GET /info.php?a%5B%5D=%3Ca+href=http://Gsaser.com.pl/%3Egsa+search+engine+ranker%3C/a%3E HTTP/1.1" 200 50615 "-" "Mozilla/5.0 (compatible; Googlebot/2.1; +http://www.google.com/bot.html)"
66.249.78.49 - - [11/May/2013:15:05:37 +0200] "GET /info.php?a%5B%5D=%3Ca+href=http://gsaser.com.pl/%3Ecom.pl%3C/a%3E HTTP/1.1" 200 50429 "-" "Mozilla/5.0 (compatible; Googlebot/2.1; +http://www.google.com/bot.html)"
66.249.78.49 - - [11/May/2013:15:05:45 +0200] "GET /info.php?a%5B%5D=%3Ca+href=http://gsaser.com.pl/%3Ecom.pl%3C/a%3E HTTP/1.1" 200 50736 "-" "Mozilla/5.0 (compatible; Googlebot/2.1; +http://www.google.com/bot.html)"
198.143.144.133 - - [11/May/2013:15:06:15 +0200] "GET /info.php HTTP/1.0" 200 50120 "http://activparty.hu/" "Mozilla/5.0 (Windows NT 5.1; rv:5.0.1) Gecko/20100101 Firefox/5.0.1"
199.116.118.142 - - [11/May/2013:15:06:46 +0200] "GET /info.php HTTP/1.0" 200 50129 "http://activparty.hu/" "Mozilla/5.0 (Windows NT 6.1; WOW64; rv:5.0) Gecko/20100101 Firefox/5.0"
199.116.118.142 - - [11/May/2013:15:08:39 +0200] "GET /info.php HTTP/1.0" 200 50333 "http://activparty.hu/" "Mozilla/5.0 (Linux; U; Android 2.2; fr-fr; Desire_A8181 Build/FRF91) App3leWebKit/53.1 (KHTML, like Gecko) Version/4.0 Mobile Safari/533.1"
198.143.144.133 - - [11/May/2013:15:09:38 +0200] "GET /info.php HTTP/1.0" 200 50216 "http://activparty.hu/" "Mozilla/5.0 (Windows NT 6.0) AppleWebKit/535.1 (KHTML, like Gecko) Chrome/13.0.782.112 Safari/535.1"
199.116.118.142 - - [11/May/2013:15:11:42 +0200] "GET /info.php HTTP/1.0" 200 50120 "http://activparty.hu/" "Mozilla/5.0 (Windows NT 5.1; rv:5.0.1) Gecko/20100101 Firefox/5.0.1"
198.143.144.133 - - [11/May/2013:15:11:46 +0200] "GET /info.php HTTP/1.0" 200 50133 "http://activparty.hu/" "Mozilla/5.0 (Windows NT 6.1; rv:2.0b7pre) Gecko/20100921 Firefox/4.0b7pre"
199.116.118.142 - - [11/May/2013:15:12:48 +0200] "GET /info.php HTTP/1.0" 200 50216 "http://activparty.hu/" "Mozilla/5.0 (Windows NT 6.0) AppleWebKit/535.1 (KHTML, like Gecko) Chrome/13.0.782.112 Safari/535.1"
206.113.193.50 - - [11/May/2013:15:13:22 +0200] "GET /robots.txt HTTP/1.1" 404 - "-" "BlogPulseLive (support@blogpulse.com)"
206.113.193.50 - - [11/May/2013:15:13:22 +0200] "GET /info.php?a[]=%3Ca+href=http://Gsaser.com.pl/%3Egsa+search+engine+ranker%3C/a%3E HTTP/1.1" 200 50354 "-" "BlogPulseLive (support@blogpulse.com)"
199.116.118.142 - - [11/May/2013:15:14:45 +0200] "GET /info.php HTTP/1.0" 200 50333 "http://activparty.hu/" "Mozilla/5.0 (Linux; U; Android 2.2; fr-fr; Desire_A8181 Build/FRF91) App3leWebKit/53.1 (KHTML, like Gecko) Version/4.0 Mobile Safari/533.1"
198.143.144.133 - - [11/May/2013:15:15:06 +0200] "GET /info.php HTTP/1.0" 200 50234 "http://activparty.hu/" "Mozilla/4.0 (compatible; MSIE 6.0; Windows NT 5.1; SV1; FunWebProducts; .NET CLR 1.1.4322; PeoplePal 6.2)"
37.59.88.246 - - [11/May/2013:15:22:54 +0200] "GET /info.php HTTP/1.0" 200 50159 "http://activparty.hu/" "Mozilla/4.0 (compatible; MSIE 7.0; Windows NT 5.1; Trident/4.0; .NET CLR 1.1.4322)"
199.116.118.142 - - [11/May/2013:15:24:19 +0200] "GET /info.php HTTP/1.0" 200 50216 "http://activparty.hu/" "Mozilla/5.0 (Windows NT 6.0) AppleWebKit/535.1 (KHTML, like Gecko) Chrome/13.0.782.112 Safari/535.1"
37.59.88.246 - - [11/May/2013:15:25:52 +0200] "GET /info.php HTTP/1.0" 200 50159 "http://activparty.hu/" "Mozilla/4.0 (compatible; MSIE 7.0; Windows NT 5.1; Trident/4.0; .NET CLR 1.1.4322)"
