219.140.211.74 - - [16/Jun/2013:02:45:36 +0200] "GET / HTTP/1.1" 200 3021 "http://activparty.hu/" "Mozilla/4.0 (compatible; MSIE 6.0; Windows NT 5.1; SV1;)"
219.140.211.74 - - [16/Jun/2013:02:45:39 +0200] "GET /forums/index.php?action=registernew HTTP/1.1" 404 - "http://activparty.hu/" "Mozilla/4.0 (compatible; MSIE 6.0; Windows NT 5.1; SV1;)"
219.140.211.74 - - [16/Jun/2013:02:45:41 +0200] "GET /index.php?option=com_registration&task=register HTTP/1.1" 404 - "http://activparty.hu/index.php?option=com_registration&task=register" "Mozilla/4.0 (compatible; MSIE 6.0; Windows NT 5.1; SV1;)"
219.140.211.74 - - [16/Jun/2013:02:45:42 +0200] "GET / HTTP/1.1" 200 3021 "http://activparty.hu/" "Mozilla/4.0 (compatible; MSIE 6.0; Windows NT 5.1; SV1;)"
219.140.211.74 - - [16/Jun/2013:02:45:42 +0200] "GET /index.php?option=com_registration&task=register HTTP/1.1" 404 - "http://activparty.hu/" "Mozilla/4.0 (compatible; MSIE 6.0; Windows NT 5.1; SV1;)"
219.140.211.74 - - [16/Jun/2013:02:45:43 +0200] "GET / HTTP/1.1" 200 3021 "-" "Mozilla/4.0 (compatible; MSIE 6.0; Windows NT 5.1; SV1;)"
219.140.211.74 - - [16/Jun/2013:02:45:43 +0200] "GET /registration_rules.asp?FID=0 HTTP/1.1" 404 - "http://activparty.hu/registration_rules.asp?FID=0" "Mozilla/4.0 (compatible; MSIE 6.0; Windows NT 5.1; SV1;)"
219.140.211.74 - - [16/Jun/2013:02:45:47 +0200] "GET /register.php HTTP/1.1" 404 - "http://activparty.hu/register.php" "Mozilla/4.0 (compatible; MSIE 6.0; Windows NT 5.1; SV1;)"
219.140.211.74 - - [16/Jun/2013:02:45:48 +0200] "GET /register.php HTTP/1.1" 404 - "http://activparty.hu/" "Mozilla/5.0 (Windows NT 5.1; rv:17.0) Gecko/20100101 Firefox/17.0"
219.140.211.74 - - [16/Jun/2013:02:45:48 +0200] "GET /profile.php?mode=register&agreed=true&coppa=0 HTTP/1.1" 404 - "http://activparty.hu/profile.php?mode=register" "Mozilla/4.0 (compatible; MSIE 6.0; Windows NT 5.1; SV1;)"
219.140.211.74 - - [16/Jun/2013:02:45:49 +0200] "GET /ucp.php?mode=register HTTP/1.1" 404 - "http://activparty.hu/" "Mozilla/4.0 (compatible; MSIE 6.0; Windows NT 5.1; SV1;)"
219.140.211.74 - - [16/Jun/2013:02:45:52 +0200] "GET / HTTP/1.1" 200 3021 "-" "Mozilla/4.0 (compatible; MSIE 6.0; Windows NT 5.1; SV1;)"
219.140.211.74 - - [16/Jun/2013:02:46:13 +0200] "GET /register.php HTTP/1.1" 404 - "http://activparty.hu/" "Mozilla/4.0 (compatible; MSIE 6.0; Windows NT 5.1; SV1;)"
219.140.211.74 - - [16/Jun/2013:02:46:14 +0200] "GET /signup.php HTTP/1.1" 404 - "http://activparty.hu/" "Mozilla/4.0 (compatible; MSIE 6.0; Windows NT 5.1; SV1;)"
219.140.211.74 - - [16/Jun/2013:02:46:15 +0200] "GET /index.php?app=core&module=global§ion=login HTTP/1.1" 404 - "-" "Mozilla/4.0 (compatible; MSIE 6.0; Windows NT 5.1; SV1;)"
219.140.211.74 - - [16/Jun/2013:02:46:15 +0200] "GET /index.php?act=Login&CODE=00 HTTP/1.1" 404 - "-" "Mozilla/4.0 (compatible; MSIE 6.0; Windows NT 5.1; SV1;)"
219.140.211.74 - - [16/Jun/2013:02:46:19 +0200] "GET /account/register.php HTTP/1.1" 404 - "http://activparty.hu/" "Mozilla/4.0 (compatible; MSIE 6.0; Windows NT 5.1; SV1;)"
219.140.211.74 - - [16/Jun/2013:02:46:21 +0200] "GET /index.php?action=register HTTP/1.1" 404 - "http://activparty.hu/" "Mozilla/4.0 (compatible; MSIE 6.0; Windows NT 5.1; SV1;)"
219.140.211.74 - - [16/Jun/2013:02:46:25 +0200] "GET /join.php HTTP/1.1" 404 - "http://activparty.hu/" "Mozilla/4.0 (compatible; MSIE 6.0; Windows NT 5.1; SV1;)"
219.140.211.74 - - [16/Jun/2013:02:46:28 +0200] "GET /join_form.php HTTP/1.1" 404 - "http://activparty.hu/" "Mozilla/4.0 (compatible; MSIE 6.0; Windows NT 5.1; SV1;)"
219.140.211.74 - - [16/Jun/2013:02:46:29 +0200] "GET / HTTP/1.1" 200 3021 "-" "Mozilla/4.0 (compatible; MSIE 6.0; Windows NT 5.1; SV1;)"
219.140.211.74 - - [16/Jun/2013:02:46:29 +0200] "GET /signup HTTP/1.1" 404 - "http://activparty.hu/" "Mozilla/4.0 (compatible; MSIE 6.0; Windows NT 5.1; SV1;)"
219.140.211.74 - - [16/Jun/2013:02:46:30 +0200] "GET / HTTP/1.1" 200 3021 "-" "Mozilla/4.0 (compatible; MSIE 6.0; Windows NT 5.1; SV1;)"
219.140.211.74 - - [16/Jun/2013:02:46:32 +0200] "GET / HTTP/1.1" 200 3021 "-" "Mozilla/4.0 (compatible; MSIE 6.0; Windows NT 5.1; SV1;)"
219.140.211.74 - - [16/Jun/2013:02:46:35 +0200] "GET /signup HTTP/1.1" 404 - "http://activparty.hu/" "Mozilla/4.0 (compatible; MSIE 6.0; Windows NT 5.1; SV1;)"
219.140.211.74 - - [16/Jun/2013:02:46:36 +0200] "GET /join.php HTTP/1.1" 404 - "-" "Mozilla/4.0 (compatible; MSIE 6.0; Windows NT 5.1; SV1;)"
219.140.211.74 - - [16/Jun/2013:02:46:36 +0200] "GET /index.php?p=member/signup HTTP/1.1" 404 - "http://activparty.hu/" "Mozilla/4.0 (compatible; MSIE 6.0; Windows NT 5.1; SV1;)"
219.140.211.74 - - [16/Jun/2013:02:46:37 +0200] "GET /signup.php HTTP/1.1" 404 - "http://activparty.hu/" "Mozilla/4.0 (compatible; MSIE 6.0; Windows NT 5.1; SV1;)"
219.140.211.74 - - [16/Jun/2013:02:46:39 +0200] "GET /YaBB.cgi/ HTTP/1.1" 404 - "-" "Mozilla/4.0 (compatible; MSIE 6.0; Windows NT 5.1; SV1;)"
219.140.211.74 - - [16/Jun/2013:02:46:40 +0200] "GET /YaBB.pl/ HTTP/1.1" 404 - "-" "Mozilla/4.0 (compatible; MSIE 6.0; Windows NT 5.1; SV1;)"
219.140.211.74 - - [16/Jun/2013:02:46:41 +0200] "GET /member/register HTTP/1.1" 404 - "http://activparty.hu/" "Mozilla/4.0 (compatible; MSIE 6.0; Windows NT 5.1; SV1;)"
219.140.211.74 - - [16/Jun/2013:02:46:41 +0200] "GET /index.php/forums/member/register HTTP/1.1" 404 - "http://activparty.hu/" "Mozilla/4.0 (compatible; MSIE 6.0; Windows NT 5.1; SV1;)"
219.140.211.74 - - [16/Jun/2013:02:46:42 +0200] "GET /forum/member/register HTTP/1.1" 404 - "http://activparty.hu/" "Mozilla/4.0 (compatible; MSIE 6.0; Windows NT 5.1; SV1;)"
219.140.211.74 - - [16/Jun/2013:02:46:43 +0200] "GET /register/ HTTP/1.1" 404 - "http://activparty.hu/" "Mozilla/4.0 (compatible; MSIE 6.0; Windows NT 5.1; SV1;)"
219.140.211.74 - - [16/Jun/2013:02:46:43 +0200] "GET /signup.php HTTP/1.1" 404 - "http://activparty.hu/" "Mozilla/4.0 (compatible; MSIE 6.0; Windows NT 5.1; SV1;)"
219.140.211.74 - - [16/Jun/2013:02:46:45 +0200] "GET /signup.php HTTP/1.1" 404 - "http://activparty.hu/" "Mozilla/4.0 (compatible; MSIE 6.0; Windows NT 5.1; SV1;)"
219.140.211.74 - - [16/Jun/2013:02:46:47 +0200] "GET /site/signup.php HTTP/1.1" 404 - "http://activparty.hu/" "Mozilla/4.0 (compatible; MSIE 6.0; Windows NT 5.1; SV1;)"
219.140.211.74 - - [16/Jun/2013:02:46:49 +0200] "GET /register.php HTTP/1.1" 404 - "http://activparty.hu/" "Mozilla/4.0 (compatible; MSIE 6.0; Windows NT 5.1; SV1;)"
219.140.211.74 - - [16/Jun/2013:02:46:50 +0200] "GET /join.php HTTP/1.1" 404 - "http://activparty.hu/" "Mozilla/4.0 (compatible; MSIE 6.0; Windows NT 5.1; SV1;)"
219.140.211.74 - - [16/Jun/2013:02:46:50 +0200] "GET /blogs/load/recent HTTP/1.1" 404 - "http://activparty.hu/" "Mozilla/4.0 (compatible; MSIE 6.0; Windows NT 5.1; SV1;)"
219.140.211.74 - - [16/Jun/2013:02:46:51 +0200] "GET /member/join.php HTTP/1.1" 404 - "http://activparty.hu/" "Mozilla/4.0 (compatible; MSIE 6.0; Windows NT 5.1; SV1;)"
219.140.211.74 - - [16/Jun/2013:02:46:52 +0200] "GET /index.php?page=blogs HTTP/1.1" 404 - "-" "Mozilla/4.0 (compatible; MSIE 6.0; Windows NT 5.1; SV1;)"
113.212.68.114 - - [16/Jun/2013:02:48:04 +0200] "GET /info.php HTTP/1.1" 200 50372 "http://activparty.hu/" "Mozilla/5.0 (Windows NT 6.1; rv:5.0) Gecko/20100101 Firefox/5.02"
113.212.68.114 - - [16/Jun/2013:03:03:38 +0200] "GET /info.php HTTP/1.1" 200 50488 "http://activparty.hu/" "Mozilla/4.0 (compatible; MSIE 6.0; Windows NT 5.1; SV1; FunWebProducts; .NET CLR 1.1.4322; PeoplePal 6.2)"
113.212.68.114 - - [16/Jun/2013:03:16:23 +0200] "GET /info.php HTTP/1.1" 200 50381 "http://activparty.hu/" "Mozilla/5.0 (Windows NT 5.1; rv:5.0.1) Gecko/20100101 Firefox/5.0.1"
113.212.68.114 - - [16/Jun/2013:03:28:21 +0200] "GET /info.php HTTP/1.1" 200 50426 "http://activparty.hu/" "Mozilla/4.0 (compatible; MSIE 7.0; Windows NT 5.1; Trident/4.0; .NET CLR 1.1.4322)"
5.135.47.97 - - [16/Jun/2013:03:40:46 +0200] "GET /info.php?a[]=%3Ca+href=http://www.phraelocal.go.th/modules.php?name=Your_Account&op=userinfo&username=SharellEllis1977%3Ehttp://www.scribblymate.com/blogs/entry/How-To-Get-To-Denia-Spain-By-Train-From-2013-05-05-7%3C/a%3E HTTP/1.0" 200 52263 "http://activparty.hu/" "Mozilla/5.0 (Windows NT 6.1; rv:5.0) Gecko/20100101 Firefox/5.02"
5.135.47.97 - - [16/Jun/2013:03:40:46 +0200] "GET /info.php?a[]=%3Ca+href=http://bolmedia.bol-Online.com/tribute2living/pg/blog/read/1511288/how-to-make-your-stay-comfortable-in-spain-as-expats%3Esimilar+resource+site%3C/a%3E HTTP/1.0" 200 51643 "http://activparty.hu/" "Mozilla/5.0 (Windows NT 6.1; rv:5.0) Gecko/20100101 Firefox/5.02"
87.98.165.144 - - [16/Jun/2013:03:46:34 +0200] "GET /info.php?a[]=%3Ca+href=http://Onlineeducationexperience.com/node/86070%3Elinked+internet+page%3C/a%3E HTTP/1.0" 200 51081 "http://activparty.hu/" "Mozilla/5.0 (Windows NT 6.1; WOW64; rv:5.0) Gecko/20100101 Firefox/5.0"
87.98.165.144 - - [16/Jun/2013:03:46:34 +0200] "GET /info.php?a[]=%3Ca+href=http://Www.Liemusic.com/nuke/modules.php?name=Your_Account&op=userinfo&username=RiaRichardson1975%3ERecommended+Site%3C/a%3E HTTP/1.0" 200 51911 "http://activparty.hu/" "Mozilla/5.0 (Linux; U; Android 2.2; fr-fr; Desire_A8181 Build/FRF91) App3leWebKit/53.1 (KHTML, like Gecko) Version/4.0 Mobile Safari/533.1"
113.212.68.114 - - [16/Jun/2013:03:46:41 +0200] "GET /info.php HTTP/1.1" 200 50477 "http://activparty.hu/" "Mozilla/5.0 (Windows NT 6.0) AppleWebKit/535.1 (KHTML, like Gecko) Chrome/13.0.782.112 Safari/535.1"
87.98.165.144 - - [16/Jun/2013:03:50:02 +0200] "GET /info.php?a[]=%3Ca+href=http://Www.Saanjhpakheru.com/profile-3785/info/%3Ehttp://Www.Saanjhpakheru.com/profile-3785/info%3C/a%3E HTTP/1.0" 200 51465 "http://activparty.hu/" "Mozilla/5.0 (Linux; U; Android 2.2; fr-fr; Desire_A8181 Build/FRF91) App3leWebKit/53.1 (KHTML, like Gecko) Version/4.0 Mobile Safari/533.1"
113.212.68.114 - - [16/Jun/2013:04:04:17 +0200] "GET /info.php HTTP/1.1" 200 50399 "http://activparty.hu/" "Mozilla/5.0 (Windows NT 6.1; rv:2.0b7pre) Gecko/20100921 Firefox/4.0b7pre"
5.135.47.93 - - [16/Jun/2013:04:10:06 +0200] "GET /info.php?a[]=%3Ca+href=http://Xn--imprezy-integracyjne-bielsko-biaa-nof.pl/%3Eimprezy+integracyjne%3C/a%3E HTTP/1.1" 200 51820 "http://activparty.hu/" "Mozilla/5.0 (Linux; U; Android 2.2; fr-fr; Desire_A8181 Build/FRF91) App3leWebKit/53.1 (KHTML, like Gecko) Version/4.0 Mobile Safari/533.1"
46.4.241.81 - - [16/Jun/2013:04:16:41 +0200] "GET /info.php?a[]=%3Ca+href=http://Xn--imprezy-integracyjne-bielsko-biaa-nof.pl/%3Eimprezy+integracyjne%3C/a%3E HTTP/1.0" 200 51139 "http://activparty.hu/" "Mozilla/4.0 (compatible; MSIE 7.0; Windows NT 5.1; Trident/4.0; .NET CLR 1.1.4322)"
113.212.68.114 - - [16/Jun/2013:04:19:57 +0200] "GET /info.php HTTP/1.1" 200 50445 "http://activparty.hu/" "Mozilla/4.0 (compatible; MSIE 6.0; MSIE 5.5; Windows NT 5.0) Opera 7.02 Bork-edition [en]"
5.39.4.212 - - [16/Jun/2013:04:34:43 +0200] "GET /info.php?a[]=%3Ca+href=http://www.sporula.com/forum/profile.php?mode=viewprofile&u=149175%3Ehttp://wiki.reyesoft.com/?title=Usuario:CucBarnes1987%3C/a%3E HTTP/1.1" 200 52109 "http://activparty.hu/" "Opera/9.80 (Windows NT 6.2; Win64; x64) Presto/2.12.388 Version/12.15"
5.39.4.212 - - [16/Jun/2013:04:34:43 +0200] "GET /info.php?a[]=%3Ca+href=http://wiki.juenger.com/index.php?title=Benutzer:ClarettaMyers76%3Emouse+click+the+next+internet+page+( HTTP/1.1" 200 51831 "http://activparty.hu/" "Mozilla/5.0 (Windows NT 5.1; rv:13.0) Gecko/20100101 Firefox/13.0.1"
113.212.68.114 - - [16/Jun/2013:04:36:40 +0200] "GET /info.php HTTP/1.1" 200 50381 "http://activparty.hu/" "Mozilla/5.0 (Windows NT 5.1; rv:13.0) Gecko/20100101 Firefox/13.0.1"
178.32.254.70 - - [16/Jun/2013:04:46:41 +0200] "GET /info.php?a[]=%3Ca+href=http://michaeljohnsonline.com/forum/profile.php?mode=viewprofile&u=142216%3Ehttp://mylifespeaks.blogspot.Co.uk/2009/06/so-who-do-you-hate.html%3C/a%3E HTTP/1.0" 200 51747 "http://activparty.hu/" "Mozilla/5.0 (Windows NT 6.1; rv:5.0) Gecko/20100101 Firefox/5.02"
113.212.68.114 - - [16/Jun/2013:04:52:56 +0200] "GET /info.php HTTP/1.1" 200 50426 "http://activparty.hu/" "Mozilla/4.0 (compatible; MSIE 7.0; Windows NT 5.1; Trident/4.0; .NET CLR 1.1.4322)"
113.212.68.114 - - [16/Jun/2013:05:08:56 +0200] "GET /info.php HTTP/1.1" 200 50372 "http://activparty.hu/" "Mozilla/5.0 (Windows NT 6.1; rv:5.0) Gecko/20100101 Firefox/5.02"
113.212.68.114 - - [16/Jun/2013:05:33:17 +0200] "GET /info.php HTTP/1.1" 200 50424 "http://activparty.hu/" "Mozilla/4.0 (compatible; MSIE 7.0; Windows NT 5.1; Trident/4.0; .NET CLR 1.1.4322)"
113.212.68.114 - - [16/Jun/2013:05:47:46 +0200] "GET /info.php HTTP/1.1" 200 50405 "http://activparty.hu/" "Mozilla/4.0 (compatible; MSIE 7.0; Windows NT 5.1; SV1; .NET CLR 2.0.50727)"
178.33.181.43 - - [16/Jun/2013:06:02:42 +0200] "GET /info.php HTTP/1.0" 200 50122 "http://activparty.hu/" "Opera/9.80 (Windows NT 6.2; Win64; x64) Presto/2.12.388 Version/12.15"
178.33.181.43 - - [16/Jun/2013:06:02:50 +0200] "GET /info.php?a[]=%3Ca+href=http://www.vourtimeri.com%3Eserrurier%3C/a%3E HTTP/1.0" 200 50786 "http://activparty.hu/" "Opera/9.80 (Windows NT 6.2; Win64; x64) Presto/2.12.388 Version/12.15"
113.212.68.114 - - [16/Jun/2013:06:03:55 +0200] "GET /info.php HTTP/1.1" 200 50382 "http://activparty.hu/" "Opera/9.80 (Windows NT 6.2; Win64; x64) Presto/2.12.388 Version/12.15"
113.212.68.114 - - [16/Jun/2013:06:18:01 +0200] "GET /info.php HTTP/1.1" 200 50381 "http://activparty.hu/" "Mozilla/5.0 (Windows NT 5.1; rv:5.0.1) Gecko/20100101 Firefox/5.0.1"
113.212.68.114 - - [16/Jun/2013:06:29:53 +0200] "GET /info.php HTTP/1.1" 200 50603 "http://activparty.hu/" "Mozilla/4.0 (compatible; MSIE 8.0; Windows NT 6.0; Trident/4.0; Mozilla/4.0 (compatible; MSIE 6.0; Windows NT 5.1; SV1) ; .NET CLR 3.5.30729)"
5.135.85.125 - - [16/Jun/2013:06:31:42 +0200] "GET /info.php?a[]=%3Ca+href=http://peachesbyplums.Wordpress.com/2009/03/17/wedding-inspirations-09-big-hit/%3Eclimatech+Chino%3C/a%3E HTTP/1.1" 200 51851 "http://activparty.hu/" "Mozilla/4.0 (compatible; MSIE 6.0; MSIE 5.5; Windows NT 5.0) Opera 7.02 Bork-edition [en]"
184.154.28.82 - - [16/Jun/2013:06:38:50 +0200] "GET /info.php?a[]=%3Ca+href=http://kmd.com.tw.hypestat.com/%3Eaccounting+principles+definitions%3C/a%3E HTTP/1.1" 200 51579 "http://activparty.hu/" "Mozilla/5.0 (Windows NT 6.1; rv:2.0b7pre) Gecko/20100921 Firefox/4.0b7pre"
184.154.28.82 - - [16/Jun/2013:06:38:53 +0200] "GET /info.php?a[]=%3Ca+href=http://kmd.com.tw.hypestat.com/%3Eaccounting+principles+definitions%3C/a%3E HTTP/1.1" 200 51917 "http://mksjunak.pl/?page_id=9" "Opera/9.80 bright starts shopping cart cover instructions (Windows NT 5.1; U; en) Presto/2.10.229 Version/11.60"
113.212.68.114 - - [16/Jun/2013:06:43:22 +0200] "GET /info.php HTTP/1.1" 200 50561 "http://activparty.hu/" "Mozilla/4.0 (compatible; MSIE 7.0; Windows NT 5.1; Trident/4.0; .NET CLR 2.0.50727; .NET CLR 3.0.4506.2152; .NET CLR 3.5.30729)"
113.212.68.114 - - [16/Jun/2013:06:56:42 +0200] "GET /info.php HTTP/1.1" 200 50372 "http://activparty.hu/" "Mozilla/5.0 (Windows NT 6.1; rv:5.0) Gecko/20100101 Firefox/5.02"
46.4.241.88 - - [16/Jun/2013:07:00:21 +0200] "GET /info.php?a[]=%3Ca+href=http://Www.Saanjhpakheru.com/profile-3785/info/%3Ehttp://Www.Saanjhpakheru.com/profile-3785/info%3C/a%3E HTTP/1.0" 200 51356 "http://activparty.hu/" "Mozilla/4.0 (compatible; MSIE 6.0; Windows NT 5.1; SV1; FunWebProducts; .NET CLR 1.1.4322; PeoplePal 6.2)"
113.212.68.114 - - [16/Jun/2013:07:10:54 +0200] "GET /info.php HTTP/1.1" 200 50396 "http://activparty.hu/" "Mozilla/5.0 (Windows NT 6.1; rv:2.0b7pre) Gecko/20100921 Firefox/4.0b7pre"
113.212.68.114 - - [16/Jun/2013:07:25:11 +0200] "GET /info.php HTTP/1.1" 200 50495 "http://activparty.hu/" "Mozilla/4.0 (compatible; MSIE 6.0; Windows NT 5.1; SV1; FunWebProducts; .NET CLR 1.1.4322; PeoplePal 6.2)"
66.29.219.12 - - [16/Jun/2013:07:34:02 +0200] "GET /robots.txt HTTP/1.1" 404 - "-" "Mozilla/5.0 (compatible; Qualidator.com Bot 1.0;)"
66.29.219.12 - - [16/Jun/2013:07:34:02 +0200] "GET / HTTP/1.1" 200 3021 "-" "Mozilla/5.0 (compatible; Qualidator.com Bot 1.0;)"
66.29.219.12 - - [16/Jun/2013:07:34:02 +0200] "GET /aktivparty.html HTTP/1.1" 200 1528 "-" "Mozilla/5.0 (compatible; Qualidator.com Bot 1.0;)"
66.29.219.12 - - [16/Jun/2013:07:34:03 +0200] "GET /js/AC_RunActiveContent.js HTTP/1.1" 200 8321 "-" "Mozilla/5.0 (compatible; Qualidator.com Bot 1.0;)"
117.21.191.253 - - [16/Jun/2013:07:34:04 +0200] "GET / HTTP/1.1" 200 3021 "-" "Opera/9.80 (Windows NT 6.2; Win64; x64) Presto/2.12.388 Version/12.15"
66.29.219.12 - - [16/Jun/2013:07:34:05 +0200] "GET /robots.txt HTTP/1.1" 404 - "-" "Mozilla/5.0 (compatible; Qualidator.com Bot 1.0;)"
203.104.132.63 - - [16/Jun/2013:07:34:09 +0200] "GET /info.php?a[]=%3Ca+href=http://www.kalevvesi.ee/phpinfo.php?a[]=%3Ca+href=http://www.sejour-saint-martin.fr%3Eavis+reservation+hotelliere%3C/a%3E%3Eavis+vacances%3C/a%3E HTTP/1.1" 200 51348 "-" "Mozilla/5.0 (Windows; U; Windows NT 5.1; ja-JP) Naver Transcoder, AppleWebKit/533.18.1 (KHTML, like Gecko) Version/5.0.2 Safari/533.18.5"
203.104.132.63 - - [16/Jun/2013:07:34:12 +0200] "GET /info.php?a[]=%3Ca+href=http://www.kalevvesi.ee/phpinfo.php?a[]=%3Ca+href=http://www.sejour-saint-martin.fr%3Eavis+reservation+hotelliere%3C/a%3E%3Eavis+vacances%3C/a%3E HTTP/1.1" 200 51030 "-" "DoCoMo/1.0/N505i/c20/TB/W24H12"
207.241.226.239 - - [16/Jun/2013:07:34:12 +0200] "GET /robots.txt HTTP/1.1" 404 - "-" "ia_archiver(OS-Wayback)"
203.104.132.63 - - [16/Jun/2013:07:34:12 +0200] "GET /info.php?=PHPE9568F34-D428-11d2-A769-00AA001ACF42 HTTP/1.0" 200 2962 "-" "HTTP Fetcher/1.1.0"
203.104.132.63 - - [16/Jun/2013:07:34:12 +0200] "GET /info.php?=PHPE9568F35-D428-11d2-A769-00AA001ACF42 HTTP/1.0" 200 4440 "-" "HTTP Fetcher/1.1.0"
207.241.226.239 - - [16/Jun/2013:07:34:13 +0200] "GET /robots.txt HTTP/1.1" 404 - "-" "ia_archiver(OS-Wayback)"
88.190.47.197 - - [16/Jun/2013:07:34:20 +0200] "GET / HTTP/1.1" 200 3021 "http://stockxp.com/" "Opera/9.80 (Windows NT 6.2; Win64; x64) Presto/2.12.388 Version/12.15"
174.122.178.100 - - [16/Jun/2013:07:34:21 +0200] "GET / HTTP/1.0" 200 3021 "-" "-"
174.122.178.100 - - [16/Jun/2013:07:34:21 +0200] "GET / HTTP/1.0" 200 3021 "-" "-"
66.147.244.170 - - [16/Jun/2013:07:34:24 +0200] "GET / HTTP/1.0" 200 3021 "-" "-"
88.190.47.197 - - [16/Jun/2013:07:34:25 +0200] "GET /Xrbhjfvf HTTP/1.1" 404 - "http://tesco-ms-ops02.usdk.net/" "Opera/9.80 (Windows NT 6.2; Win64; x64) Presto/2.12.388 Version/12.15"
117.21.191.253 - - [16/Jun/2013:07:34:40 +0200] "GET / HTTP/1.1" 200 3021 "-" "Opera/9.80 (Windows NT 6.2; Win64; x64) Presto/2.12.388 Version/12.15"
109.200.21.194 - - [16/Jun/2013:07:34:54 +0200] "GET /favicon.ico HTTP/1.0" 404 - "-" "-"
109.200.21.194 - - [16/Jun/2013:07:34:54 +0200] "GET / HTTP/1.0" 200 3021 "-" "-"
109.200.21.194 - - [16/Jun/2013:07:34:54 +0200] "HEAD / HTTP/1.0" 200 0 "-" "-"
88.190.47.197 - - [16/Jun/2013:07:35:03 +0200] "GET /info.php?a[]=%3Ca+href=http://www.kalevvesi.ee/phpinfo.php?a[]=%3Ca+href=http://www.sejour-saint-martin.fr%3Eavis+reservation+hotelliere%3C/a%3E%3Eavis+vacances%3C/a%3E HTTP/1.1" 200 51922 "http://www.tamindir.com/" "Opera/9.80 (Windows NT 6.2; Win64; x64) Presto/2.12.388 Version/12.15"
188.138.84.197 - - [16/Jun/2013:07:35:08 +0200] "GET / HTTP/1.0" 200 3021 "-" "-"
66.147.244.170 - - [16/Jun/2013:07:35:09 +0200] "GET / HTTP/1.0" 200 3021 "-" "-"
182.48.56.52 - - [16/Jun/2013:07:35:11 +0200] "GET / HTTP/1.1" 200 3021 "-" "Mozilla/4.0 (compatible; MSIE 6.0; Windows NT 5.1)"
206.223.150.215 - - [16/Jun/2013:07:35:11 +0200] "GET / HTTP/1.1" 200 3021 "-" "KeitaiBrowser/0.1"
184.173.215.141 - - [16/Jun/2013:07:35:17 +0200] "GET / HTTP/1.0" 200 3021 "-" "-"
184.173.215.141 - - [16/Jun/2013:07:35:18 +0200] "GET / HTTP/1.0" 200 3021 "-" "-"
64.131.74.212 - - [16/Jun/2013:07:35:20 +0200] "GET / HTTP/1.0" 200 3021 "-" "-"
61.247.205.31 - - [16/Jun/2013:07:35:21 +0200] "GET / HTTP/1.0" 200 3021 "http://activparty.hu" "Opera/9.80 (Windows NT 6.2; Win64; x64) Presto/2.12.388 Version/12.15"
113.195.145.38 - - [16/Jun/2013:07:35:27 +0200] "GET / HTTP/1.1" 200 3021 "-" "Opera/9.80 (Windows NT 6.2; Win64; x64) Presto/2.12.388 Version/12.15"
74.118.194.81 - - [16/Jun/2013:07:35:30 +0200] "GET / HTTP/1.1" 200 3021 "-" "Opera/9.80 (Windows NT 6.2; Win64; x64) Presto/2.12.388 Version/12.15"
88.190.47.197 - - [16/Jun/2013:07:35:33 +0200] "GET /Xrbhjfvf HTTP/1.1" 404 - "http://tesco-ms-ops02.usdk.net/" "Opera/9.80 (Windows NT 6.2; Win64; x64) Presto/2.12.388 Version/12.15"
89.30.153.13 - - [16/Jun/2013:07:35:33 +0200] "GET / HTTP/1.0" 200 3021 "-" "-"
89.30.153.13 - - [16/Jun/2013:07:35:33 +0200] "GET / HTTP/1.1" 200 3021 "-" "-"
88.190.47.197 - - [16/Jun/2013:07:35:35 +0200] "GET /info.php?a[]=<a+href=http://www.kalevvesi.ee/phpinfo.php?a[]=<a+href=http://www.sejour-saint-martin.fr>avis+reservation+hotelliere</a>>avis+vacances</a> HTTP/1.1" 200 52728 "http://justsamachar.com/" "Opera/9.80 (Windows NT 6.2; Win64; x64) Presto/2.12.388 Version/12.15"
88.190.47.197 - - [16/Jun/2013:07:35:38 +0200] "GET /info.php?a[]=%3Ca+href=http://www.kalevvesi.ee/phpinfo.php?a[]=%3Ca+href=http://www.sejour-saint-martin.fr%3Eavis+reservation+hotelliere%3C/a%3E%3Eavis+vacances%3C/a%3E HTTP/1.1" 200 51922 "http://www.tamindir.com/" "Opera/9.80 (Windows NT 6.2; Win64; x64) Presto/2.12.388 Version/12.15"
64.131.74.212 - - [16/Jun/2013:07:35:39 +0200] "GET / HTTP/1.0" 200 3021 "-" "-"
68.169.38.106 - - [16/Jun/2013:07:35:44 +0200] "GET / HTTP/1.1" 200 3021 "-" "Mozilla/4.0 (compatible; MSIE 6.0; Windows NT 5.1; en)"
173.167.254.35 - - [16/Jun/2013:07:35:51 +0200] "GET / HTTP/1.1" 200 3021 "http://www.google.com" "Googlebot/2.1 (http://www.googlebot.com/bot.html)"
173.167.254.35 - - [16/Jun/2013:07:35:51 +0200] "GET /favicon.ico HTTP/1.1" 404 - "" "-"
195.74.38.68 - - [16/Jun/2013:07:35:55 +0200] "GET / HTTP/1.0" 200 3021 "-" "-"
195.74.38.68 - - [16/Jun/2013:07:35:55 +0200] "GET / HTTP/1.1" 200 3021 "-" "-"
86.54.119.226 - - [16/Jun/2013:07:37:42 +0200] "GET /pipermail/trauma-list/2007-November/038335.html HTTP/1.1" 404 - "-" "-"
113.212.68.114 - - [16/Jun/2013:07:38:14 +0200] "GET /info.php HTTP/1.1" 200 50447 "http://activparty.hu/" "Mozilla/4.0 (compatible; MSIE 6.0; MSIE 5.5; Windows NT 5.0) Opera 7.02 Bork-edition [en]"
101.226.167.213 - - [16/Jun/2013:07:38:51 +0200] "GET /aktivparty.html HTTP/1.1" 200 1528 "http://activparty.hu/aktivparty.html" "Mozilla/4.0 (compatible; MSIE 8.0; Windows NT 6.1; Trident/4.0; SLCC2; .NET CLR 2.0.50727; .NET CLR 3.5.30729; .NET CLR 3.0.30729; Media Center PC 6.0; MDDR; .NET4.0C; .NET4.0E; .NET CLR 1.1.4322; Tablet PC 2.0); 360Spider"
5.39.4.215 - - [16/Jun/2013:07:41:53 +0200] "GET /info.php?a[]=%3Ca+href=http://markmeup.org/story.php?title=500-internal-server-error-379%3Eclick+the+up+coming+post%3C/a%3E HTTP/1.1" 200 51896 "http://activparty.hu/" "Mozilla/4.0 (compatible; MSIE 6.0; Windows NT 5.1; SV1; FunWebProducts; .NET CLR 1.1.4322; PeoplePal 6.2)"
113.212.68.114 - - [16/Jun/2013:07:54:24 +0200] "GET /info.php HTTP/1.1" 200 50593 "http://activparty.hu/" "Mozilla/5.0 (Linux; U; Android 2.2; fr-fr; Desire_A8181 Build/FRF91) App3leWebKit/53.1 (KHTML, like Gecko) Version/4.0 Mobile Safari/533.1"
81.144.138.34 - - [16/Jun/2013:08:03:11 +0200] "GET /robots.txt HTTP/1.1" 404 - "-" "Wotbox/2.01 (+http://www.wotbox.com/bot/)"
81.144.138.34 - - [16/Jun/2013:08:03:24 +0200] "GET / HTTP/1.1" 200 3021 "-" "Wotbox/2.01 (+http://www.wotbox.com/bot/)"
81.144.138.34 - - [16/Jun/2013:08:03:32 +0200] "GET /aktivparty.html HTTP/1.1" 200 1528 "-" "Wotbox/2.01 (+http://www.wotbox.com/bot/)"
176.31.213.101 - - [16/Jun/2013:08:04:50 +0200] "GET /info.php?a[]=%3Ca+href=http://circle-repairs.com/members/keirabrown85/activity/42917/%3Egolf+forums+spain+Canet+Berenger%3C/a%3E HTTP/1.1" 200 51926 "http://activparty.hu/" "Mozilla/5.0 (Windows NT 6.0) AppleWebKit/535.1 (KHTML, like Gecko) Chrome/13.0.782.112 Safari/535.1"
113.212.68.114 - - [16/Jun/2013:08:08:36 +0200] "GET /info.php HTTP/1.1" 200 50600 "http://activparty.hu/" "Mozilla/4.0 (compatible; MSIE 8.0; Windows NT 6.0; Trident/4.0; Mozilla/4.0 (compatible; MSIE 6.0; Windows NT 5.1; SV1) ; .NET CLR 3.5.30729)"
176.31.213.101 - - [16/Jun/2013:08:09:14 +0200] "GET /info.php?a[]=%3Ca+href=http://Cloudycreative.com/member.php?action=profile&uid=574%3Ecarp+day+fishing+holidays+Spain%3C/a%3E HTTP/1.1" 200 52048 "http://activparty.hu/" "Mozilla/4.0 (compatible; MSIE 6.0; Windows NT 5.1; SV1; FunWebProducts; .NET CLR 1.1.4322; PeoplePal 6.2)"
176.31.213.101 - - [16/Jun/2013:08:12:45 +0200] "GET /info.php?a[]=%3Ca+href=http://www.nodo50.org/stes/user/view.php?id=12652&course=1%3Emouse+click+the+following+internet+site%3C/a%3E HTTP/1.1" 200 52217 "http://activparty.hu/" "Mozilla/5.0 (Linux; U; Android 2.2; fr-fr; Desire_A8181 Build/FRF91) App3leWebKit/53.1 (KHTML, like Gecko) Version/4.0 Mobile Safari/533.1"
180.180.121.9 - - [16/Jun/2013:08:15:29 +0200] "GET /wp-login.php HTTP/1.1" 404 - "http://activparty.hu/wp-login.php" "Mozilla/4.0 (compatible; MSIE 6.0; Windows NT 5.1; SV1)"
113.212.68.114 - - [16/Jun/2013:08:21:26 +0200] "GET /info.php HTTP/1.1" 200 50380 "http://activparty.hu/" "Mozilla/5.0 (Windows NT 5.1; rv:13.0) Gecko/20100101 Firefox/13.0.1"
113.212.68.114 - - [16/Jun/2013:08:33:50 +0200] "GET /info.php HTTP/1.1" 200 50376 "http://activparty.hu/" "Mozilla/5.0 (Windows NT 5.1; rv:13.0) Gecko/20100101 Firefox/13.0.1"
113.212.68.114 - - [16/Jun/2013:08:49:47 +0200] "GET /info.php HTTP/1.1" 200 50561 "http://activparty.hu/" "Mozilla/4.0 (compatible; MSIE 7.0; Windows NT 5.1; Trident/4.0; .NET CLR 2.0.50727; .NET CLR 3.0.4506.2152; .NET CLR 3.5.30729)"
5.39.4.206 - - [16/Jun/2013:08:59:36 +0200] "GET /info.php?a[]=%3Ca+href=http://www.sevilcanasansor.com/index.php?do=/blog/157826/caravaning-la-manga-murcia-spain/add-comment/%3Ehttp://www.sevilcanasansor.com%3C/a%3E HTTP/1.0" 200 51675 "http://activparty.hu/" "Mozilla/5.0 (Windows NT 6.1; WOW64) AppleWebKit/535.1 (KHTML, like Gecko) Chrome/13.0.782.112 Safari/535.1"
113.212.68.114 - - [16/Jun/2013:09:05:55 +0200] "GET /info.php HTTP/1.1" 200 50603 "http://activparty.hu/" "Mozilla/4.0 (compatible; MSIE 8.0; Windows NT 6.0; Trident/4.0; Mozilla/4.0 (compatible; MSIE 6.0; Windows NT 5.1; SV1) ; .NET CLR 3.5.30729)"
5.135.47.93 - - [16/Jun/2013:09:12:46 +0200] "GET /info.php?a[]=%3Ca+href=http://www.thompsons.au.com/modules.php?name=Your_Account&op=userinfo&username=EllanEdwards1980%3Ehttp://sample2.foxco.eu/index.php?do=/profile-13244/info/%3C/a%3E HTTP/1.1" 200 52622 "http://activparty.hu/" "Mozilla/5.0 (Windows NT 6.1; WOW64) AppleWebKit/535.1 (KHTML, like Gecko) Chrome/13.0.782.112 Safari/535.1"
113.212.68.114 - - [16/Jun/2013:09:18:27 +0200] "GET /info.php HTTP/1.1" 200 50559 "http://activparty.hu/" "Mozilla/4.0 (compatible; MSIE 7.0; Windows NT 5.1; Trident/4.0; .NET CLR 2.0.50727; .NET CLR 3.0.4506.2152; .NET CLR 3.5.30729)"
5.39.4.206 - - [16/Jun/2013:09:21:33 +0200] "GET /info.php?a[]=%3Ca+href=http://ourfogottenpast.com/blog/view/133929/the-euro-weakens-as-spain039s-debt-grows-and-greece-still-struggles%3Esportfishing+lakes+( HTTP/1.0" 200 51516 "http://activparty.hu/" "Opera/9.80 (Windows NT 6.2; Win64; x64) Presto/2.12.388 Version/12.15"
5.39.4.206 - - [16/Jun/2013:09:21:33 +0200] "GET /info.php?a[]=%3Ca+href=http://hooknhound.com/index.php?option=com_blog&view=comments&pid=135904&Itemid=0%3Ehooknhound.com+( HTTP/1.0" 200 51746 "http://activparty.hu/" "Mozilla/4.0 (compatible; MSIE 6.0; Windows NT 5.1; SV1; FunWebProducts; .NET CLR 1.1.4322; PeoplePal 6.2)"
113.212.68.114 - - [16/Jun/2013:09:31:06 +0200] "GET /info.php HTTP/1.1" 200 50594 "http://activparty.hu/" "Mozilla/5.0 (Linux; U; Android 2.2; fr-fr; Desire_A8181 Build/FRF91) App3leWebKit/53.1 (KHTML, like Gecko) Version/4.0 Mobile Safari/533.1"
113.212.68.114 - - [16/Jun/2013:09:46:52 +0200] "GET /info.php HTTP/1.1" 200 50367 "http://activparty.hu/" "Mozilla/5.0 (Windows NT 6.1; rv:5.0) Gecko/20100101 Firefox/5.02"
113.212.68.114 - - [16/Jun/2013:10:00:07 +0200] "GET /info.php HTTP/1.1" 200 50603 "http://activparty.hu/" "Mozilla/4.0 (compatible; MSIE 8.0; Windows NT 6.0; Trident/4.0; Mozilla/4.0 (compatible; MSIE 6.0; Windows NT 5.1; SV1) ; .NET CLR 3.5.30729)"
113.212.68.114 - - [16/Jun/2013:10:17:07 +0200] "GET /info.php HTTP/1.1" 200 50390 "http://activparty.hu/" "Mozilla/5.0 (Windows NT 6.1; WOW64; rv:5.0) Gecko/20100101 Firefox/5.0"
113.212.68.114 - - [16/Jun/2013:10:31:38 +0200] "GET /info.php HTTP/1.1" 200 50475 "http://activparty.hu/" "Mozilla/5.0 (Windows NT 6.0) AppleWebKit/535.1 (KHTML, like Gecko) Chrome/13.0.782.112 Safari/535.1"
178.255.215.73 - - [16/Jun/2013:10:36:07 +0200] "GET /robots.txt HTTP/1.1" 404 - "-" "Mozilla/5.0 (compatible; Exabot/3.0; +http://www.exabot.com/go/robot)"
178.255.215.73 - - [16/Jun/2013:10:36:07 +0200] "GET / HTTP/1.1" 304 - "-" "Mozilla/5.0 (compatible; Exabot/3.0; +http://www.exabot.com/go/robot)"
113.212.68.114 - - [16/Jun/2013:10:45:32 +0200] "GET /info.php HTTP/1.1" 200 50495 "http://activparty.hu/" "Mozilla/4.0 (compatible; MSIE 6.0; Windows NT 5.1; SV1; FunWebProducts; .NET CLR 1.1.4322; PeoplePal 6.2)"
113.212.68.114 - - [16/Jun/2013:11:05:30 +0200] "GET /info.php HTTP/1.1" 200 50603 "http://activparty.hu/" "Mozilla/4.0 (compatible; MSIE 8.0; Windows NT 6.0; Trident/4.0; Mozilla/4.0 (compatible; MSIE 6.0; Windows NT 5.1; SV1) ; .NET CLR 3.5.30729)"
176.31.213.104 - - [16/Jun/2013:11:19:57 +0200] "GET /info.php?a[]=%3Ca+href=http://robotc.mx/wikimex/index.php?title=Buy_Property_In_Spain_Keeping_The_Taxes_In_Mind%3Esimply+click+the+following+web+site%3C/a%3E HTTP/1.0" 200 51681 "http://activparty.hu/" "Mozilla/5.0 (Windows NT 6.1; WOW64) AppleWebKit/535.1 (KHTML, like Gecko) Chrome/13.0.782.112 Safari/535.1"
113.212.68.114 - - [16/Jun/2013:11:22:20 +0200] "GET /info.php HTTP/1.1" 200 50447 "http://activparty.hu/" "Mozilla/4.0 (compatible; MSIE 6.0; MSIE 5.5; Windows NT 5.0) Opera 7.02 Bork-edition [en]"
113.212.68.114 - - [16/Jun/2013:11:35:16 +0200] "GET /info.php HTTP/1.1" 200 50594 "http://activparty.hu/" "Mozilla/5.0 (Linux; U; Android 2.2; fr-fr; Desire_A8181 Build/FRF91) App3leWebKit/53.1 (KHTML, like Gecko) Version/4.0 Mobile Safari/533.1"
113.212.68.114 - - [16/Jun/2013:11:49:27 +0200] "GET /info.php HTTP/1.1" 200 50540 "http://activparty.hu/" "Mozilla/4.0 (compatible; MSIE 6.0; Windows NT 5.1; SV1; MRA 5.8 (build 4157); .NET CLR 2.0.50727; AskTbPTV/5.11.3.15590)"
94.23.114.57 - - [16/Jun/2013:12:00:16 +0200] "GET /info.php?a[]=%3Ca+href=http://www.zpenergy.com/modules.php?name=Your_Account&op=userinfo&username=NeelyGordon88%3EOur+Web+Page%3C/a%3E HTTP/1.0" 200 51786 "http://activparty.hu/" "Mozilla/4.0 (compatible; MSIE 7.0; Windows NT 5.1; Trident/4.0; .NET CLR 2.0.50727; .NET CLR 3.0.4506.2152; .NET CLR 3.5.30729)"
113.212.68.114 - - [16/Jun/2013:12:04:59 +0200] "GET /info.php HTTP/1.1" 200 50381 "http://activparty.hu/" "Mozilla/5.0 (Windows NT 5.1; rv:5.0.1) Gecko/20100101 Firefox/5.0.1"
37.59.241.235 - - [16/Jun/2013:12:09:26 +0200] "GET /info.php?a[]=%3Ca+href=http://dr.eggs.free.fr/admin/phpinfo.php?a[]=%3Ca+href=http://dickdiver.di.funpic.de/wordpress/?p=10%3Echerry+bomb+muffler+youtube%3C/a%3E%3Esnsd+before+plastic+surgery+photos%3C/a%3E HTTP/1.0" 200 52050 "http://activparty.hu/" "Mozilla/4.0 (compatible; MSIE 7.0; Windows NT 5.1; Trident/4.0; .NET CLR 1.1.4322)"
37.59.241.235 - - [16/Jun/2013:12:09:32 +0200] "GET /info.php?a[]=%3Ca+href=http://stephaniechurchillpr.com/member/4411%3Einternet+archive+books+search+subject+india+description+and+travel%3C/a%3E HTTP/1.0" 200 51538 "http://activparty.hu/" "Mozilla/4.0 (compatible; MSIE 7.0; Windows NT 5.1; Trident/4.0; .NET CLR 1.1.4322)"
178.156.191.194 - - [16/Jun/2013:12:15:37 +0200] "GET / HTTP/1.0" 200 3021 "-" "Mozilla/5.0 (Macintosh; U; Intel Mac OS X 10_5_8; en-US)"
178.156.191.194 - - [16/Jun/2013:12:15:37 +0200] "GET /aktivparty.html HTTP/1.0" 200 1528 "-" "Mozilla/5.0 (Macintosh; U; Intel Mac OS X 10_5_8; en-US)"
113.212.68.114 - - [16/Jun/2013:12:17:07 +0200] "GET /info.php HTTP/1.1" 200 50603 "http://activparty.hu/" "Mozilla/4.0 (compatible; MSIE 8.0; Windows NT 6.0; Trident/4.0; Mozilla/4.0 (compatible; MSIE 6.0; Windows NT 5.1; SV1) ; .NET CLR 3.5.30729)"
42.156.137.49 - - [16/Jun/2013:12:19:03 +0200] "GET / HTTP/1.1" 200 3021 "-" "YisouSpider"
5.39.36.79 - - [16/Jun/2013:12:19:34 +0200] "GET /info.php?a[]=%3Ca+href=http://tok.az/index.php?option=com_fireboard&func=myprofile&do=profileinfo%3Eplastic+surgery+breast+enlargement+pictures%3C/a%3E HTTP/1.0" 200 51883 "http://activparty.hu/" "Mozilla/5.0 (Windows NT 6.1; WOW64) AppleWebKit/535.1 (KHTML, like Gecko) Chrome/13.0.782.112 Safari/535.1"
5.39.36.79 - - [16/Jun/2013:12:19:37 +0200] "GET /info.php?a[]=%3Ca+href=http://tok.az/index.php?option=com_fireboard&func=myprofile&do=profileinfo%3Eplastic+surgery+breast+enlargement+pictures%3C/a%3E HTTP/1.0" 200 52017 "http://beauty.seotaipeiseo.com/" "Mozilla/4.0 \xe9\x9a\x86\xe4\xb9\xb3 (Windows NT 5.1; U; en) Presto/2.10.229 Version/11.60"
151.230.232.2 - - [16/Jun/2013:12:21:13 +0200] "GET /info.php HTTP/1.1" 200 50592 "http://activparty.hu/" "Mozilla/5.0 (Linux; U; Android 2.2; fr-fr; Desire_A8181 Build/FRF91) App3leWebKit/53.1 (KHTML, like Gecko) Version/4.0 Mobile Safari/533.1"
87.98.130.111 - - [16/Jun/2013:12:21:14 +0200] "GET /info.php?a[]=%3Ca+href=http://paydayloansfrommrcutts.blog.co.uk/%3Epayday+loans%3C/a%3E HTTP/1.0" 200 51159 "http://activparty.hu/" "Mozilla/5.0 (Linux; U; Android 2.2; fr-fr; Desire_A8181 Build/FRF91) App3leWebKit/53.1 (KHTML, like Gecko) Version/4.0 Mobile Safari/533.1"
5.135.47.97 - - [16/Jun/2013:12:25:00 +0200] "GET /info.php?a[]=%3Ca+href=http://www.szakibazis.com/blogs/entry/Experiment-With-Many-Of-These-Great-Fishing%3Esimply+click+the+up+coming+article%3C/a%3E HTTP/1.0" 200 51503 "http://activparty.hu/" "Mozilla/5.0 (Windows NT 6.1; WOW64; rv:5.0) Gecko/20100101 Firefox/5.0"
5.135.47.97 - - [16/Jun/2013:12:25:00 +0200] "GET /info.php?a[]=%3Ca+href=http://www.kageroh69.sakura.ne.jp/wiki/index.php?title=Family_Vacation_Tips_For_Your_Next_Costa_Rica_Trip%3EClick+Here%3C/a%3E HTTP/1.0" 200 51618 "http://activparty.hu/" "Mozilla/4.0 (compatible; MSIE 7.0; Windows NT 5.1; Trident/4.0; .NET CLR 2.0.50727; .NET CLR 3.0.4506.2152; .NET CLR 3.5.30729)"
176.31.213.120 - - [16/Jun/2013:12:30:01 +0200] "GET /info.php?a[]=%3Ca+href=http://pluft.Google-Scraps.us/pluft/index.php?p=blogs/viewstory/299848%3Ehttp://pluft.Google-Scraps.us%3C/a%3E HTTP/1.0" 200 51482 "http://activparty.hu/" "Mozilla/4.0 (compatible; MSIE 7.0; Windows NT 5.1; Trident/4.0; .NET CLR 2.0.50727; .NET CLR 3.0.4506.2152; .NET CLR 3.5.30729)"
151.230.232.2 - - [16/Jun/2013:12:32:03 +0200] "GET /info.php HTTP/1.1" 200 50559 "http://activparty.hu/" "Mozilla/4.0 (compatible; MSIE 7.0; Windows NT 5.1; Trident/4.0; .NET CLR 2.0.50727; .NET CLR 3.0.4506.2152; .NET CLR 3.5.30729)"
176.31.24.193 - - [16/Jun/2013:12:32:03 +0200] "GET /info.php?a[]=%3Ca+href=http://paydayloansfrommrcutts.blog.co.uk/%3Epayday+loans%3C/a%3E HTTP/1.0" 200 51126 "http://activparty.hu/" "Mozilla/4.0 (compatible; MSIE 7.0; Windows NT 5.1; Trident/4.0; .NET CLR 2.0.50727; .NET CLR 3.0.4506.2152; .NET CLR 3.5.30729)"
113.212.68.114 - - [16/Jun/2013:12:37:44 +0200] "GET /info.php HTTP/1.1" 200 50382 "http://activparty.hu/" "Opera/9.80 (Windows NT 6.2; Win64; x64) Presto/2.12.388 Version/12.15"
5.135.93.23 - - [16/Jun/2013:12:46:01 +0200] "GET /info.php?a[]=%3Ca+href=http://poseidon.csd.auth.gr/LAB_LOCATION/website/admin/phpinfo.php?a[]=%3Ca+href=http://almeriaproperty.tumblr.com/post/34571144811/costa-brava-the-spanish-property-recession-beating%3Ehomepage%3C/a%3E%3Eapache2handler%3C/a%3E HTTP/1.0" 200 52246 "http://activparty.hu/" "Mozilla/5.0 (Windows NT 5.1; rv:13.0) Gecko/20100101 Firefox/13.0.1"
176.31.92.113 - - [16/Jun/2013:12:48:23 +0200] "GET /info.php?a[]=%3Ca+href=http://blog.thelist7week.com/?p=12%3Estem+and+leaf+plot+worksheets%3C/a%3E HTTP/1.1" 200 51761 "http://activparty.hu/" "Mozilla/4.0 (compatible; MSIE 7.0; Windows NT 5.1; Trident/4.0; .NET CLR 2.0.50727; .NET CLR 3.0.4506.2152; .NET CLR 3.5.30729)"
176.31.92.113 - - [16/Jun/2013:12:48:26 +0200] "GET /info.php?a[]=%E5%BE%B5%E4%BF%A1%E7%A4%BE+(%3Ca+href=http://www.tw007.org%3Ehttp://www.tw007.org%3C/a%3E) HTTP/1.1" 200 51739 "http://activparty.hu/" "Mozilla/4.0 (compatible; MSIE 7.0; Windows NT 5.1; Trident/4.0; .NET CLR 2.0.50727; .NET CLR 3.0.4506.2152; .NET CLR 3.5.30729)"
113.212.68.114 - - [16/Jun/2013:12:50:37 +0200] "GET /info.php HTTP/1.1" 200 50387 "http://activparty.hu/" "Opera/9.80 (Windows NT 6.2; Win64; x64) Presto/2.12.388 Version/12.15"
62.75.145.184 - - [16/Jun/2013:12:51:49 +0200] "GET / HTTP/1.1" 200 3021 "-" "Mozilla/5.0 (Windows; U; Windows NT 6.1; en-US) AppleWebKit/534.7 (KHTML, like Gecko) Chrome/7.0.517.44 Safari/534.7"
62.75.145.184 - - [16/Jun/2013:12:51:49 +0200] "GET / HTTP/1.1" 200 3021 "-" "Mozilla/5.0 (Windows; U; Windows NT 6.1; en-US) AppleWebKit/534.7 (KHTML, like Gecko) Chrome/7.0.517.44 Safari/534.7"
62.75.145.184 - - [16/Jun/2013:12:51:50 +0200] "GET / HTTP/1.1" 200 3021 "-" "Mozilla/5.0 (Windows; U; Windows NT 6.1; en-US) AppleWebKit/534.7 (KHTML, like Gecko) Chrome/7.0.517.44 Safari/534.7"
62.75.145.184 - - [16/Jun/2013:12:51:51 +0200] "GET / HTTP/1.1" 200 3021 "-" "Mozilla/5.0 (Windows; U; Windows NT 6.1; en-US) AppleWebKit/534.7 (KHTML, like Gecko) Chrome/7.0.517.44 Safari/534.7"
62.75.145.184 - - [16/Jun/2013:12:51:51 +0200] "GET / HTTP/1.1" 200 3021 "-" "Mozilla/5.0 (Windows; U; Windows NT 6.1; en-US) AppleWebKit/534.7 (KHTML, like Gecko) Chrome/7.0.517.44 Safari/534.7"
178.216.48.174 - - [16/Jun/2013:12:52:16 +0200] "GET /info.php?a[]=%3Ca+href=http://paydayloansfrommrcutts.blog.co.uk/%3Epayday+loans%3C/a%3E HTTP/1.0" 200 50954 "http://activparty.hu/" "Opera/9.80 (Windows NT 6.2; Win64; x64) Presto/2.12.388 Version/12.15"
1.162.163.82 - - [16/Jun/2013:13:02:47 +0200] "GET /info.php?a[]=%E5%BE%B5%E4%BF%A1%E7%A4%BE+(%3Ca+href=http://www.tw007.org%3Ehttp://www.tw007.org%3C/a%3E) HTTP/1.1" 200 51529 "http://activparty.hu/" "Mozilla/4.0 (compatible; MSIE 8.0; Windows NT 6.0; Trident/4.0; Mozilla/4.0 (compatible; MSIE 6.0; Windows NT 5.1; SV1) ; .NET CLR 3.5.30729)"
113.212.68.114 - - [16/Jun/2013:13:05:47 +0200] "GET /info.php HTTP/1.1" 200 50379 "http://activparty.hu/" "Mozilla/5.0 (Windows NT 5.1; rv:5.0.1) Gecko/20100101 Firefox/5.0.1"
216.152.251.50 - - [16/Jun/2013:13:07:14 +0200] "GET /info.php HTTP/1.1" 200 50477 "http://activparty.hu/" "Mozilla/5.0 (Windows NT 6.0) AppleWebKit/535.1 (KHTML, like Gecko) Chrome/13.0.782.112 Safari/535.1"
178.32.232.219 - - [16/Jun/2013:13:07:15 +0200] "GET /info.php HTTP/1.0" 200 50447 "http://paydayloansfrommrcutts.blog.co.uk/" "Mozilla/4.0 payday loans (Windows NT 5.1; U; en) Presto/2.10.229 Version/11.60"
77.88.42.27 - - [16/Jun/2013:13:13:57 +0200] "GET /robots.txt HTTP/1.1" 404 - "-" "Mozilla/5.0 (compatible; YandexBot/3.0; +http://yandex.com/bots)"
77.88.42.27 - - [16/Jun/2013:13:13:59 +0200] "GET /images/letoltes_off.gif HTTP/1.1" 304 - "-" "Mozilla/5.0 (compatible; YandexImages/3.0; +http://yandex.com/bots)"
151.230.232.2 - - [16/Jun/2013:13:40:21 +0200] "GET /info.php HTTP/1.1" 200 50538 "http://activparty.hu/" "Mozilla/4.0 (compatible; MSIE 6.0; Windows NT 5.1; SV1; MRA 5.8 (build 4157); .NET CLR 2.0.50727; AskTbPTV/5.11.3.15590)"
151.237.177.3 - - [16/Jun/2013:13:40:32 +0200] "GET /info.php?a[]=%3Ca+href=http://paydayloansfrommrcutts.blog.co.uk/%3Epayday+loans%3C/a%3E HTTP/1.0" 200 51105 "http://activparty.hu/" "Mozilla/4.0 (compatible; MSIE 6.0; Windows NT 5.1; SV1; MRA 5.8 (build 4157); .NET CLR 2.0.50727; AskTbPTV/5.11.3.15590)"
178.32.254.70 - - [16/Jun/2013:13:44:03 +0200] "GET /info.php?a[]=%3Ca+href=http://robinmaxson.blogspot.co.uk/2010/07/and-venogram-says.html%3Erelevant+resource+site%3C/a%3E HTTP/1.0" 200 51383 "http://activparty.hu/" "Mozilla/4.0 (compatible; MSIE 6.0; Windows NT 5.1; SV1; MRA 5.8 (build 4157); .NET CLR 2.0.50727; AskTbPTV/5.11.3.15590)"
77.88.42.27 - - [16/Jun/2013:13:49:47 +0200] "GET /images/belepes_off.gif HTTP/1.1" 304 - "-" "Mozilla/5.0 (compatible; YandexImages/3.0; +http://yandex.com/bots)"
5.135.85.91 - - [16/Jun/2013:13:52:39 +0200] "GET /info.php?a[]=%3Ca+href=http://eco-rock.com/ForoECO/profile.php?mode=viewprofile&u=41886%3Eeco-rock.com%3C/a%3E HTTP/1.0" 200 51470 "http://activparty.hu/" "Mozilla/4.0 (compatible; MSIE 8.0; Windows NT 6.0; Trident/4.0; Mozilla/4.0 (compatible; MSIE 6.0; Windows NT 5.1; SV1) ; .NET CLR 3.5.30729)"
5.135.85.91 - - [16/Jun/2013:13:52:39 +0200] "GET /info.php?a[]=%3Ca+href=http://netting.Wordpress.com/2008/11/04/rroba-134/%3Enetting.Wordpress.com%3C/a%3E HTTP/1.0" 200 51294 "http://activparty.hu/" "Mozilla/4.0 (compatible; MSIE 8.0; Windows NT 6.0; Trident/4.0; Mozilla/4.0 (compatible; MSIE 6.0; Windows NT 5.1; SV1) ; .NET CLR 3.5.30729)"
113.212.68.114 - - [16/Jun/2013:14:01:08 +0200] "GET /info.php HTTP/1.1" 200 50387 "http://activparty.hu/" "Opera/9.80 (Windows NT 6.2; Win64; x64) Presto/2.12.388 Version/12.15"
46.105.56.131 - - [16/Jun/2013:14:08:28 +0200] "GET /info.php?a[]=%3Ca+href=http://phantoms.write2me.nl/%3EHotel+Herceg+Novi%3C/a%3E HTTP/1.0" 200 50936 "http://activparty.hu/" "Mozilla/4.0 (compatible; MSIE 7.0; Windows NT 5.1; Trident/4.0; .NET CLR 1.1.4322)"
216.152.251.50 - - [16/Jun/2013:14:14:44 +0200] "GET /info.php HTTP/1.1" 200 50495 "http://activparty.hu/" "Mozilla/5.0 (Windows NT 6.1; WOW64) AppleWebKit/535.1 (KHTML, like Gecko) Chrome/13.0.782.112 Safari/535.1"
188.165.157.7 - - [16/Jun/2013:14:14:45 +0200] "GET /info.php HTTP/1.0" 200 50444 "http://paydayloansfrommrcutts.blog.co.uk/" "Opera/9.80 payday loans (Windows NT 5.1; U; en) Presto/2.10.229 Version/11.60"
113.212.68.114 - - [16/Jun/2013:14:15:21 +0200] "GET /info.php HTTP/1.1" 200 50382 "http://activparty.hu/" "Mozilla/5.0 (Windows NT 5.1; rv:5.0.1) Gecko/20100101 Firefox/5.0.1"
113.212.68.114 - - [16/Jun/2013:14:27:27 +0200] "GET /info.php HTTP/1.1" 200 50476 "http://activparty.hu/" "Mozilla/5.0 (Windows NT 6.0) AppleWebKit/535.1 (KHTML, like Gecko) Chrome/13.0.782.112 Safari/535.1"
151.230.232.2 - - [16/Jun/2013:14:29:59 +0200] "GET /info.php HTTP/1.1" 200 50396 "http://activparty.hu/" "Mozilla/5.0 (Windows NT 6.1; rv:2.0b7pre) Gecko/20100921 Firefox/4.0b7pre"
178.32.232.220 - - [16/Jun/2013:14:29:59 +0200] "GET /info.php HTTP/1.0" 200 50441 "http://paydayloansfrommrcutts.blog.co.uk/" "Mozilla/5.0 payday loans (Windows NT 5.1; U; en) Presto/2.10.229 Version/11.60"
5.39.4.215 - - [16/Jun/2013:14:32:31 +0200] "GET /info.php?a[]=%3Ca+href=http://www.spirit-of-rock.com/wiki/index.php?title=Qrops_Transfers_For_Expats_Living_Abroad%3Espirit-of-rock.com+( HTTP/1.1" 200 51866 "http://activparty.hu/" "Mozilla/5.0 (Windows NT 6.1; rv:2.0b7pre) Gecko/20100921 Firefox/4.0b7pre"
5.39.4.215 - - [16/Jun/2013:14:32:31 +0200] "GET /info.php?a[]=%3Ca+href=http://www.lescoraules.ch/forum/profile.php?mode=viewprofile&u=95116%3EGet+More+Information%3C/a%3E HTTP/1.1" 200 51906 "http://activparty.hu/" "Mozilla/4.0 (compatible; MSIE 7.0; Windows NT 5.1; SV1; .NET CLR 2.0.50727)"
176.31.213.102 - - [16/Jun/2013:14:40:22 +0200] "GET /info.php?a[]=%3Ca+href=http://www.wikifredensborg.dk/index.php?title=Spain_Stumbles_While_Switzerland_Sails_In_World_Cup_Soccer_Match%3Emy+home+page%3C/a%3E HTTP/1.1" 200 52092 "http://activparty.hu/" "Mozilla/4.0 (compatible; MSIE 6.0; MSIE 5.5; Windows NT 5.0) Opera 7.02 Bork-edition [en]"
176.31.213.102 - - [16/Jun/2013:14:40:22 +0200] "GET /info.php?a[]=%3Ca+href=http://lmaocr.com/members/barbararivera87/activity/632590%3Elmaocr.com+( HTTP/1.1" 200 51637 "http://activparty.hu/" "Mozilla/5.0 (Windows NT 6.1; WOW64) AppleWebKit/535.1 (KHTML, like Gecko) Chrome/13.0.782.112 Safari/535.1"
113.212.68.114 - - [16/Jun/2013:14:40:44 +0200] "GET /info.php HTTP/1.1" 200 50593 "http://activparty.hu/" "Mozilla/5.0 (Linux; U; Android 2.2; fr-fr; Desire_A8181 Build/FRF91) App3leWebKit/53.1 (KHTML, like Gecko) Version/4.0 Mobile Safari/533.1"
77.88.42.27 - - [16/Jun/2013:14:50:40 +0200] "GET /images/logo.gif HTTP/1.1" 304 - "-" "Mozilla/5.0 (compatible; YandexImages/3.0; +http://yandex.com/bots)"
113.212.68.114 - - [16/Jun/2013:14:54:58 +0200] "GET /info.php HTTP/1.1" 200 50387 "http://activparty.hu/" "Mozilla/5.0 (Windows NT 6.1; WOW64; rv:5.0) Gecko/20100101 Firefox/5.0"
176.31.213.120 - - [16/Jun/2013:15:07:29 +0200] "GET /info.php?a[]=%3Ca+href=http://brain.kaist.ac.kr/wiki/index.php/Vistit_Costa_Blanca%3Ebrain.kaist.ac.kr%3C/a%3E HTTP/1.0" 200 51138 "http://activparty.hu/" "Mozilla/5.0 (Windows NT 6.1; rv:2.0b7pre) Gecko/20100921 Firefox/4.0b7pre"
113.212.68.114 - - [16/Jun/2013:15:08:56 +0200] "GET /info.php HTTP/1.1" 200 50500 "http://activparty.hu/" "Mozilla/5.0 (Windows NT 6.1; WOW64) AppleWebKit/535.1 (KHTML, like Gecko) Chrome/13.0.782.112 Safari/535.1"
188.165.152.88 - - [16/Jun/2013:15:15:43 +0200] "GET /info.php?a[]=%3Ca+href=http://phantoms.write2me.nl/%3EHotel+Herceg+Novi%3C/a%3E HTTP/1.0" 200 50963 "http://activparty.hu/" "Mozilla/4.0 (compatible; MSIE 6.0; MSIE 5.5; Windows NT 5.0) Opera 7.02 Bork-edition [en]"
188.165.152.88 - - [16/Jun/2013:15:15:43 +0200] "GET /info.php?a[]=tourisme+(%3Ca+href=http://www.rodovidbank.com/files/info.php?a[]=%3Ca+href=http://xxmad.free.fr/phpinfo.php?a[]=%3Ca+href=http://www.sejour-saint-martin.fr/wp-content/themes/thepalace/js/palace-functions.js?ver=1.0%3Econscience%3C/a%3E%3Eavis+hotel%3C/a%3E%3Ewww.rodovidbank.com%3C/a%3E) HTTP/1.0" 200 52783 "http://activparty.hu/" "Mozilla/4.0 (compatible; MSIE 6.0; MSIE 5.5; Windows NT 5.0) Opera 7.02 Bork-edition [en]"
113.212.68.114 - - [16/Jun/2013:15:24:04 +0200] "GET /info.php HTTP/1.1" 200 50386 "http://activparty.hu/" "Opera/9.80 (Windows NT 6.2; Win64; x64) Presto/2.12.388 Version/12.15"
216.152.251.50 - - [16/Jun/2013:15:30:59 +0200] "GET /info.php HTTP/1.1" 200 50476 "http://activparty.hu/" "Mozilla/5.0 (Windows NT 6.0) AppleWebKit/535.1 (KHTML, like Gecko) Chrome/13.0.782.112 Safari/535.1"
37.59.209.227 - - [16/Jun/2013:15:31:00 +0200] "GET /info.php HTTP/1.0" 200 50441 "http://paydayloansfrommrcutts.blog.co.uk/" "Opera/9.80 payday loans (Windows NT 5.1; U; en) Presto/2.10.229 Version/11.60"
113.212.68.114 - - [16/Jun/2013:15:36:50 +0200] "GET /info.php HTTP/1.1" 200 50494 "http://activparty.hu/" "Mozilla/4.0 (compatible; MSIE 6.0; Windows NT 5.1; SV1; FunWebProducts; .NET CLR 1.1.4322; PeoplePal 6.2)"
216.152.251.50 - - [16/Jun/2013:15:37:49 +0200] "GET /info.php HTTP/1.1" 200 50539 "http://activparty.hu/" "Mozilla/4.0 (compatible; MSIE 6.0; Windows NT 5.1; SV1; MRA 5.8 (build 4157); .NET CLR 2.0.50727; AskTbPTV/5.11.3.15590)"
5.135.114.20 - - [16/Jun/2013:15:37:51 +0200] "GET /info.php?a[]=%3Ca+href=http://paydayloansfrommrcutts.blog.co.uk/%3Epayday+loans%3C/a%3E HTTP/1.0" 200 51102 "http://activparty.hu/" "Mozilla/4.0 (compatible; MSIE 6.0; Windows NT 5.1; SV1; MRA 5.8 (build 4157); .NET CLR 2.0.50727; AskTbPTV/5.11.3.15590)"
113.212.68.114 - - [16/Jun/2013:15:51:43 +0200] "GET /info.php HTTP/1.1" 200 50380 "http://activparty.hu/" "Mozilla/5.0 (Windows NT 5.1; rv:13.0) Gecko/20100101 Firefox/13.0.1"
113.212.68.114 - - [16/Jun/2013:16:07:50 +0200] "GET /info.php HTTP/1.1" 200 50497 "http://activparty.hu/" "Mozilla/5.0 (Windows NT 6.1; WOW64) AppleWebKit/535.1 (KHTML, like Gecko) Chrome/13.0.782.112 Safari/535.1"
46.4.241.81 - - [16/Jun/2013:16:15:22 +0200] "GET /info.php?a[]=%3Ca+href=http://thegreendoctors.com/index.php?option=com_blog&view=comments&pid=331789&Itemid=85%3Ework+Ryver+wheels%3C/a%3E HTTP/1.0" 200 51771 "http://activparty.hu/" "Mozilla/5.0 (Windows NT 5.1; rv:5.0.1) Gecko/20100101 Firefox/5.0.1"
216.152.251.50 - - [16/Jun/2013:16:16:28 +0200] "GET /info.php HTTP/1.1" 200 50441 "http://activparty.hu/" "Mozilla/4.0 (compatible; MSIE 6.0; MSIE 5.5; Windows NT 5.0) Opera 7.02 Bork-edition [en]"
178.33.213.43 - - [16/Jun/2013:16:16:29 +0200] "GET /info.php?a[]=%3Ca+href=http://paydayloansfrommrcutts.blog.co.uk/%3Epayday+loans%3C/a%3E HTTP/1.0" 200 51006 "http://activparty.hu/" "Mozilla/4.0 (compatible; MSIE 6.0; MSIE 5.5; Windows NT 5.0) Opera 7.02 Bork-edition [en]"
207.241.237.101 - - [16/Jun/2013:16:22:24 +0200] "GET /robots.txt HTTP/1.0" 404 - "-" "Mozilla/5.0 (compatible; archive.org_bot +http://www.archive.org/details/archive.org_bot)"
207.241.237.101 - - [16/Jun/2013:16:22:28 +0200] "GET / HTTP/1.0" 200 3021 "-" "Mozilla/5.0 (compatible; archive.org_bot +http://www.archive.org/details/archive.org_bot)"
113.212.68.114 - - [16/Jun/2013:16:27:28 +0200] "GET /info.php HTTP/1.1" 200 50398 "http://activparty.hu/" "Mozilla/5.0 (Windows NT 6.1; rv:2.0b7pre) Gecko/20100921 Firefox/4.0b7pre"
113.212.68.114 - - [16/Jun/2013:16:39:48 +0200] "GET /info.php HTTP/1.1" 200 50379 "http://activparty.hu/" "Mozilla/5.0 (Windows NT 5.1; rv:13.0) Gecko/20100101 Firefox/13.0.1"
5.135.53.227 - - [16/Jun/2013:16:41:23 +0200] "GET /info.php?a[]=%3Ca+href=http://Successfulthinkersnetwork.com/stn/groups/the-ideal-travel-ways-to-read-before-you-leave/%3Ethespainforums.com+( HTTP/1.1" 200 51997 "http://activparty.hu/" "Mozilla/4.0 (compatible; MSIE 6.0; Windows NT 5.1; SV1; FunWebProducts; .NET CLR 1.1.4322; PeoplePal 6.2)"
113.212.68.114 - - [16/Jun/2013:16:53:16 +0200] "GET /info.php HTTP/1.1" 200 50536 "http://activparty.hu/" "Mozilla/4.0 (compatible; MSIE 6.0; Windows NT 5.1; SV1; MRA 5.8 (build 4157); .NET CLR 2.0.50727; AskTbPTV/5.11.3.15590)"
113.212.68.114 - - [16/Jun/2013:17:04:54 +0200] "GET /info.php HTTP/1.1" 200 50388 "http://activparty.hu/" "Mozilla/5.0 (Windows NT 6.1; WOW64; rv:5.0) Gecko/20100101 Firefox/5.0"
216.152.251.50 - - [16/Jun/2013:17:08:53 +0200] "GET /info.php HTTP/1.1" 200 50494 "http://activparty.hu/" "Mozilla/4.0 (compatible; MSIE 6.0; Windows NT 5.1; SV1; FunWebProducts; .NET CLR 1.1.4322; PeoplePal 6.2)"
5.135.114.20 - - [16/Jun/2013:17:08:54 +0200] "GET /info.php?a[]=%3Ca+href=http://paydayloansfrommrcutts.blog.co.uk/%3Epayday+loans%3C/a%3E HTTP/1.0" 200 51052 "http://activparty.hu/" "Mozilla/4.0 (compatible; MSIE 6.0; Windows NT 5.1; SV1; FunWebProducts; .NET CLR 1.1.4322; PeoplePal 6.2)"
