113.212.68.114 - - [16/Jun/2013:17:14:05 +0200] "GET /info.php HTTP/1.1" 200 50392 "http://activparty.hu/" "Mozilla/5.0 (Windows NT 6.1; WOW64; rv:5.0) Gecko/20100101 Firefox/5.0"
5.39.43.216 - - [16/Jun/2013:17:25:56 +0200] "GET /info.php?a[]=%3Ca+href=http://journals.fotki.com/kashareeve/kashareeve/entry/gtwsqwdqbfdg/%3Efranchise+blanchiment+dentaire%3C/a%3E HTTP/1.0" 200 51325 "http://activparty.hu/" "Mozilla/5.0 (Windows NT 6.1; rv:2.0b7pre) Gecko/20100921 Firefox/4.0b7pre"
5.39.43.216 - - [16/Jun/2013:17:25:57 +0200] "GET /info.php?a[]=%3Ca+href=http://journals.fotki.com/kashareeve/kashareeve/entry/gtwsqwdqbfdg/%3Efranchise+blanchiment+dentaire%3C/a%3E HTTP/1.0" 200 52380 "http://www.moretel.com.tw/images/info.php?a[]=%3Ca+href=http://Randyd10Qrqdztj.Wordpress.com/2013/05/17/5-luxury-holidays/%3Ebudget+hire+cars%3C/a%3E" "Opera/9.80 paris tourist office (Cliquez sur cette page) (Windows NT 5.1; U; en) Presto/2.10.229 Version/11.60"
5.39.43.216 - - [16/Jun/2013:17:25:57 +0200] "GET /info.php?a[]=%3Ca+href=http://journals.fotki.com/kashareeve/kashareeve/entry/gtwsqwdqbfdg/%3Efranchise+blanchiment+dentaire%3C/a%3E HTTP/1.0" 200 51996 "http://activparty.hu/" "Opera/9.80 paris tourist office (Cliquez sur cette page) (Windows NT 5.1; U; en) Presto/2.10.229 Version/11.60"
5.39.43.216 - - [16/Jun/2013:17:25:58 +0200] "GET /info.php?a[]=paris+tourist+office+(%3Ca+href=http://www.moretel.com.tw/images/info.php?a[]=%3Ca+href=http://Randyd10Qrqdztj.Wordpress.com/2013/05/17/5-luxury-holidays/%3Ebudget+hire+cars%3C/a%3E%3ECliquez+sur+cette+page%3C/a%3E) HTTP/1.0" 200 52880 "http://activparty.hu/" "Opera/9.80 paris tourist office (Cliquez sur cette page) (Windows NT 5.1; U; en) Presto/2.10.229 Version/11.60"
113.212.68.114 - - [16/Jun/2013:17:28:03 +0200] "GET /info.php HTTP/1.1" 200 50560 "http://activparty.hu/" "Mozilla/4.0 (compatible; MSIE 7.0; Windows NT 5.1; Trident/4.0; .NET CLR 2.0.50727; .NET CLR 3.0.4506.2152; .NET CLR 3.5.30729)"
5.39.4.212 - - [16/Jun/2013:17:34:35 +0200] "GET /info.php?a[]=%3Ca+href=http://xn--monta-ekologicznych-Szamb-mmf.pl%3Eszambo%3C/a%3E HTTP/1.1" 200 51406 "http://activparty.hu/" "Mozilla/5.0 (Windows NT 5.1; rv:5.0.1) Gecko/20100101 Firefox/5.0.1"
5.39.4.212 - - [16/Jun/2013:17:38:30 +0200] "GET /info.php?a[]=%3Ca+href=http://asianhottest.com/members/ozellalexander1981/activity/7784%3Ehttp://asianhottest.com/members/ozellalexander1981/activity/7784+( HTTP/1.1" 200 51991 "http://activparty.hu/" "Mozilla/5.0 (Windows NT 6.1; rv:5.0) Gecko/20100101 Firefox/5.02"
113.212.68.114 - - [16/Jun/2013:17:40:57 +0200] "GET /info.php HTTP/1.1" 200 50398 "http://activparty.hu/" "Mozilla/5.0 (Windows NT 6.1; rv:2.0b7pre) Gecko/20100921 Firefox/4.0b7pre"
83.139.189.31 - - [16/Jun/2013:17:42:53 +0200] "GET /administrator/index.php HTTP/1.1" 404 - "http://activparty.hu/administrator/index.php" "Mozilla/4.0 (compatible; MSIE 6.0; Windows NT 5.1; SV1)"
94.23.114.59 - - [16/Jun/2013:17:50:43 +0200] "GET /info.php?a[]=%3Ca+href=http://andyhub.com/projects/foodhub/index.php?title=Best_Places_To_Live_In_Nevada_2011%3Eclick+the+next+web+site%3C/a%3E HTTP/1.0" 200 51464 "http://activparty.hu/" "Mozilla/4.0 (compatible; MSIE 7.0; Windows NT 5.1; SV1; .NET CLR 2.0.50727)"
113.212.68.114 - - [16/Jun/2013:17:54:31 +0200] "GET /info.php HTTP/1.1" 200 50387 "http://activparty.hu/" "Opera/9.80 (Windows NT 6.2; Win64; x64) Presto/2.12.388 Version/12.15"
113.212.68.114 - - [16/Jun/2013:18:09:27 +0200] "GET /info.php HTTP/1.1" 200 50388 "http://activparty.hu/" "Mozilla/5.0 (Windows NT 6.1; WOW64; rv:5.0) Gecko/20100101 Firefox/5.0"
176.31.204.58 - - [16/Jun/2013:18:16:09 +0200] "GET /info.php?a[]=%3Ca+href=http://phantoms.write2me.nl/%3EHotel+Herceg+Novi%3C/a%3E HTTP/1.0" 200 50962 "http://activparty.hu/" "Mozilla/4.0 (compatible; MSIE 6.0; MSIE 5.5; Windows NT 5.0) Opera 7.02 Bork-edition [en]"
113.212.68.114 - - [16/Jun/2013:18:22:59 +0200] "GET /info.php HTTP/1.1" 200 50561 "http://activparty.hu/" "Mozilla/4.0 (compatible; MSIE 7.0; Windows NT 5.1; Trident/4.0; .NET CLR 2.0.50727; .NET CLR 3.0.4506.2152; .NET CLR 3.5.30729)"
113.212.68.114 - - [16/Jun/2013:18:41:45 +0200] "GET /info.php HTTP/1.1" 200 50399 "http://activparty.hu/" "Mozilla/5.0 (Windows NT 6.1; rv:2.0b7pre) Gecko/20100921 Firefox/4.0b7pre"
113.212.68.114 - - [16/Jun/2013:19:05:41 +0200] "GET /info.php HTTP/1.1" 200 50399 "http://activparty.hu/" "Mozilla/5.0 (Windows NT 6.1; rv:2.0b7pre) Gecko/20100921 Firefox/4.0b7pre"
113.212.68.114 - - [16/Jun/2013:19:22:00 +0200] "GET /info.php HTTP/1.1" 200 50370 "http://activparty.hu/" "Mozilla/5.0 (Windows NT 6.1; rv:5.0) Gecko/20100101 Firefox/5.02"
113.212.68.114 - - [16/Jun/2013:19:34:17 +0200] "GET /info.php HTTP/1.1" 200 50385 "http://activparty.hu/" "Mozilla/5.0 (Windows NT 6.1; WOW64; rv:5.0) Gecko/20100101 Firefox/5.0"
95.27.174.148 - - [16/Jun/2013:19:47:33 +0200] "GET / HTTP/1.0" 200 3021 "http://yandex.ru/yandsearch?text=activparty.hu&lr=213" "Mozilla/4.0 (compatible; MSIE 6.0; Windows NT 5.1; SV1; .NET CLR 1.1.4322)"
113.212.68.114 - - [16/Jun/2013:19:48:31 +0200] "GET /info.php HTTP/1.1" 200 50540 "http://activparty.hu/" "Mozilla/4.0 (compatible; MSIE 6.0; Windows NT 5.1; SV1; MRA 5.8 (build 4157); .NET CLR 2.0.50727; AskTbPTV/5.11.3.15590)"
113.212.68.114 - - [16/Jun/2013:20:03:12 +0200] "GET /info.php HTTP/1.1" 200 50390 "http://activparty.hu/" "Mozilla/5.0 (Windows NT 6.1; WOW64; rv:5.0) Gecko/20100101 Firefox/5.0"
113.212.68.114 - - [16/Jun/2013:20:16:27 +0200] "GET /info.php HTTP/1.1" 200 50495 "http://activparty.hu/" "Mozilla/4.0 (compatible; MSIE 6.0; Windows NT 5.1; SV1; FunWebProducts; .NET CLR 1.1.4322; PeoplePal 6.2)"
113.212.68.114 - - [16/Jun/2013:20:29:46 +0200] "GET /info.php HTTP/1.1" 200 50424 "http://activparty.hu/" "Mozilla/4.0 (compatible; MSIE 7.0; Windows NT 5.1; Trident/4.0; .NET CLR 1.1.4322)"
66.249.72.82 - - [16/Jun/2013:20:43:46 +0200] "GET /robots.txt HTTP/1.1" 404 - "-" "Mozilla/5.0 (compatible; Googlebot/2.1; +http://www.google.com/bot.html)"
66.249.72.82 - - [16/Jun/2013:20:43:46 +0200] "GET / HTTP/1.1" 200 3021 "-" "Mozilla/5.0 (iPhone; U; CPU iPhone OS 4_1 like Mac OS X; en-us) AppleWebKit/532.9 (KHTML, like Gecko) Version/4.0.5 Mobile/8B117 Safari/6531.22.7 (compatible; Googlebot-Mobile/2.1; +http://www.google.com/bot.html)"
113.212.68.114 - - [16/Jun/2013:20:45:05 +0200] "GET /info.php HTTP/1.1" 200 50376 "http://activparty.hu/" "Mozilla/5.0 (Windows NT 5.1; rv:5.0.1) Gecko/20100101 Firefox/5.0.1"
113.212.68.114 - - [16/Jun/2013:21:00:23 +0200] "GET /info.php HTTP/1.1" 200 50387 "http://activparty.hu/" "Opera/9.80 (Windows NT 6.2; Win64; x64) Presto/2.12.388 Version/12.15"
66.249.72.82 - - [16/Jun/2013:21:03:41 +0200] "GET /aktivparty.html HTTP/1.1" 304 - "-" "Mozilla/5.0 (iPhone; U; CPU iPhone OS 4_1 like Mac OS X; en-us) AppleWebKit/532.9 (KHTML, like Gecko) Version/4.0.5 Mobile/8B117 Safari/6531.22.7 (compatible; Googlebot-Mobile/2.1; +http://www.google.com/bot.html)"
184.82.92.240 - - [16/Jun/2013:21:04:56 +0200] "GET /info.php?a[]=%3Ca+href=http://tareksultan.com/corporate-social-responsibility-at-agility/%3Esimple+accounting+software+for+contractors%3C/a%3E HTTP/1.1" 200 52154 "http://activparty.hu/" "Mozilla/5.0 (Linux; U; Android 2.2; fr-fr; Desire_A8181 Build/FRF91) App3leWebKit/53.1 (KHTML, like Gecko) Version/4.0 Mobile Safari/533.1"
184.82.92.240 - - [16/Jun/2013:21:04:57 +0200] "GET /info.php?a[]=%3Ca+href=http://forums.camillacastro.us/index.php?do=/blog/9160/%3Eboston+market+frozen+dinner+calories%3C/a%3E HTTP/1.1" 200 52018 "http://activparty.hu/" "Mozilla/5.0 (Linux; U; Android 2.2; fr-fr; Desire_A8181 Build/FRF91) App3leWebKit/53.1 (KHTML, like Gecko) Version/4.0 Mobile Safari/533.1"
113.212.68.114 - - [16/Jun/2013:21:15:50 +0200] "GET /info.php HTTP/1.1" 200 50477 "http://activparty.hu/" "Mozilla/5.0 (Windows NT 6.0) AppleWebKit/535.1 (KHTML, like Gecko) Chrome/13.0.782.112 Safari/535.1"
97.74.144.95 - - [16/Jun/2013:21:29:21 +0200] "GET /info.php?a[]=%3Ca+href=http://sovis.s223.xrea.com/bookmark/bookmarks.php/linwoodpoling%3Ehotel%3C/a%3E HTTP/1.0" 200 49961 "-" "WordPress/3.4.1; http://www.diosesimaginario.com"
113.212.68.114 - - [16/Jun/2013:21:36:48 +0200] "GET /info.php HTTP/1.1" 200 50381 "http://activparty.hu/" "Mozilla/5.0 (Windows NT 5.1; rv:13.0) Gecko/20100101 Firefox/13.0.1"
37.59.202.89 - - [16/Jun/2013:21:48:24 +0200] "GET /info.php?a[]=%3Ca+href=http://liskw.wordpress.com/2008/02/21/black-board/%3Edevis+prothese+dentaire%3C/a%3E HTTP/1.1" 200 51697 "http://activparty.hu/" "Mozilla/4.0 (compatible; MSIE 6.0; MSIE 5.5; Windows NT 5.0) Opera 7.02 Bork-edition [en]"
37.59.202.89 - - [16/Jun/2013:21:48:24 +0200] "GET /info.php?a[]=%3Ca+href=http://lodj.ivelem.net/test.php?a[]=%3Ca+href=http://www.tj-loko-liberec.cz/modules.php?name=Your_Account&op=userinfo&username=BobbySher%3Esimply+click+the+next+website%3C/a%3E%3Evoyages%3C/a%3E HTTP/1.1" 200 52899 "http://activparty.hu/" "Mozilla/4.0 (compatible; MSIE 6.0; MSIE 5.5; Windows NT 5.0) Opera 7.02 Bork-edition [en]"
113.212.68.114 - - [16/Jun/2013:21:50:08 +0200] "GET /info.php HTTP/1.1" 200 50477 "http://activparty.hu/" "Mozilla/5.0 (Windows NT 6.0) AppleWebKit/535.1 (KHTML, like Gecko) Chrome/13.0.782.112 Safari/535.1"
113.212.68.114 - - [16/Jun/2013:22:07:59 +0200] "GET /info.php HTTP/1.1" 200 50426 "http://activparty.hu/" "Mozilla/4.0 (compatible; MSIE 7.0; Windows NT 5.1; Trident/4.0; .NET CLR 1.1.4322)"
77.88.42.27 - - [16/Jun/2013:22:21:01 +0200] "GET /robots.txt HTTP/1.1" 404 - "-" "Mozilla/5.0 (compatible; YandexBot/3.0; +http://yandex.com/bots)"
77.88.42.27 - - [16/Jun/2013:22:21:03 +0200] "GET / HTTP/1.1" 200 3021 "-" "Mozilla/5.0 (compatible; YandexBot/3.0; +http://yandex.com/bots)"
77.88.42.27 - - [16/Jun/2013:22:21:04 +0200] "GET / HTTP/1.1" 200 3021 "-" "Mozilla/5.0 (compatible; YandexBot/3.0; +http://yandex.com/bots)"
77.88.42.27 - - [16/Jun/2013:22:21:09 +0200] "GET / HTTP/1.1" 200 3021 "-" "Mozilla/5.0 (compatible; YandexBot/3.0; +http://yandex.com/bots)"
77.88.42.27 - - [16/Jun/2013:22:21:09 +0200] "GET / HTTP/1.1" 200 3021 "-" "Mozilla/5.0 (compatible; YandexBot/3.0; +http://yandex.com/bots)"
113.212.68.114 - - [16/Jun/2013:22:28:37 +0200] "GET /info.php HTTP/1.1" 200 50498 "http://activparty.hu/" "Mozilla/5.0 (Windows NT 6.1; WOW64) AppleWebKit/535.1 (KHTML, like Gecko) Chrome/13.0.782.112 Safari/535.1"
87.98.166.141 - - [16/Jun/2013:22:29:57 +0200] "GET /info.php?a[]=%3Ca+href=http://scarygrandeur74.wordpress.com/ HTTP/1.1" 200 51186 "http://activparty.hu/" "Mozilla/5.0 (Linux; U; Android 2.2; fr-fr; Desire_A8181 Build/FRF91) App3leWebKit/53.1 (KHTML, like Gecko) Version/4.0 Mobile Safari/533.1"
87.98.166.141 - - [16/Jun/2013:22:29:57 +0200] "GET /info.php?a[]=%3Ca+href=http://wholovesyoumost.com%3ERecommended+Internet+site%3C/a%3E HTTP/1.1" 200 51366 "http://activparty.hu/" "Mozilla/4.0 (compatible; MSIE 6.0; Windows NT 5.1; SV1; MRA 5.8 (build 4157); .NET CLR 2.0.50727; AskTbPTV/5.11.3.15590)"
87.98.166.141 - - [16/Jun/2013:22:29:57 +0200] "GET /info.php?a[]=%3Ca+href=https://scarygrandeur74.wordpress.com/%3Eadvance+auto+parts+coupon%3C/a%3E HTTP/1.1" 200 51476 "http://activparty.hu/" "Mozilla/4.0 (compatible; MSIE 6.0; Windows NT 5.1; SV1; MRA 5.8 (build 4157); .NET CLR 2.0.50727; AskTbPTV/5.11.3.15590)"
113.212.68.114 - - [16/Jun/2013:22:43:13 +0200] "GET /info.php HTTP/1.1" 200 50400 "http://activparty.hu/" "Mozilla/4.0 (compatible; MSIE 7.0; Windows NT 5.1; SV1; .NET CLR 2.0.50727)"
113.212.68.114 - - [16/Jun/2013:22:54:49 +0200] "GET /info.php HTTP/1.1" 200 50381 "http://activparty.hu/" "Mozilla/5.0 (Windows NT 5.1; rv:13.0) Gecko/20100101 Firefox/13.0.1"
95.211.188.53 - - [16/Jun/2013:23:01:05 +0200] "GET /info.php?a=%3Ca+href=http://www.periquitos.com.br/forum/profile.php?mode=viewprofile HTTP/1.0" 200 50739 "http://activparty.hu/info.php?a=%3Ca+href=http://www.periquitos.com.br/forum/profile.php?mode=viewprofile&" "Opera/9.80 (Windows NT 6.0) Presto/2.12.388 Version/12.10"
113.212.68.114 - - [16/Jun/2013:23:05:36 +0200] "GET /info.php HTTP/1.1" 200 50387 "http://activparty.hu/" "Opera/9.80 (Windows NT 6.2; Win64; x64) Presto/2.12.388 Version/12.15"
113.212.68.114 - - [16/Jun/2013:23:05:40 +0200] "GET /info.php?a[]=%3Ca+href=http://www.miquelrubirola.cat/wiki/index.php?title=Usuario:Lonxjyk%3Elongchamp+outlet%3C/a%3E HTTP/1.1" 200 51449 "http://activparty.hu/" "Opera/9.80 (Windows NT 6.2; Win64; x64) Presto/2.12.388 Version/12.15"
113.212.68.114 - - [16/Jun/2013:23:10:44 +0200] "GET /info.php HTTP/1.1" 200 50379 "http://activparty.hu/" "Mozilla/5.0 (Windows NT 5.1; rv:13.0) Gecko/20100101 Firefox/13.0.1"
113.212.68.114 - - [16/Jun/2013:23:13:26 +0200] "GET /info.php?a[]=%3Ca+href=http://www.miquelrubirola.cat/wiki/index.php?title=Usuario:Lonxjyk%3Elongchamp+outlet%3C/a%3E HTTP/1.1" 200 51600 "http://activparty.hu/" "Mozilla/4.0 (compatible; MSIE 6.0; Windows NT 5.1; SV1; MRA 5.8 (build 4157); .NET CLR 2.0.50727; AskTbPTV/5.11.3.15590)"
113.212.68.114 - - [16/Jun/2013:23:31:32 +0200] "GET /info.php HTTP/1.1" 200 50495 "http://activparty.hu/" "Mozilla/4.0 (compatible; MSIE 6.0; Windows NT 5.1; SV1; FunWebProducts; .NET CLR 1.1.4322; PeoplePal 6.2)"
113.212.68.114 - - [16/Jun/2013:23:46:32 +0200] "GET /info.php HTTP/1.1" 200 50603 "http://activparty.hu/" "Mozilla/4.0 (compatible; MSIE 8.0; Windows NT 6.0; Trident/4.0; Mozilla/4.0 (compatible; MSIE 6.0; Windows NT 5.1; SV1) ; .NET CLR 3.5.30729)"
37.59.247.42 - - [16/Jun/2013:23:47:01 +0200] "GET /info.php HTTP/1.0" 200 50231 "http://activparty.hu/" "Mozilla/5.0 (Windows NT 6.1; WOW64) AppleWebKit/535.1 (KHTML, like Gecko) Chrome/13.0.782.112 Safari/535.1"
37.59.247.42 - - [16/Jun/2013:23:47:02 +0200] "GET /info.php?a[]=%3Ca+href=http://mikesocial.com/profile/AlvaroHow%3Edog+sitting+rates+virginia%3C/a%3E HTTP/1.0" 200 51185 "http://activparty.hu/" "Mozilla/5.0 (Windows NT 6.1; WOW64) AppleWebKit/535.1 (KHTML, like Gecko) Chrome/13.0.782.112 Safari/535.1"
194.72.238.241 - - [16/Jun/2013:23:56:20 +0200] "HEAD / HTTP/1.0" 200 0 "http://www.netcraft.com/survey/" "Mozilla/4.0 (compatible; Netcraft Web Server Survey)"
113.212.68.114 - - [17/Jun/2013:00:00:00 +0200] "GET /info.php HTTP/1.1" 200 50367 "http://activparty.hu/" "Mozilla/5.0 (Windows NT 6.1; rv:5.0) Gecko/20100101 Firefox/5.02"
188.165.169.251 - - [17/Jun/2013:00:08:00 +0200] "GET /info.php?a[]=%3Ca+href=http://phantoms.write2me.nl/%3EHotel+Herceg+Novi%3C/a%3E HTTP/1.0" 200 50900 "http://activparty.hu/" "Mozilla/5.0 (Windows NT 5.1; rv:5.0.1) Gecko/20100101 Firefox/5.0.1"
182.118.25.228 - - [17/Jun/2013:00:15:38 +0200] "GET /robots.txt HTTP/1.1" 404 - "http://www.activparty.hu/robots.txt" "Mozilla/5.0 (Windows; U; Windows NT 5.1; zh-CN; rv:1.8.0.11) Firefox/1.5.0.11; 360Spider"
113.212.68.114 - - [17/Jun/2013:00:16:14 +0200] "GET /info.php HTTP/1.1" 200 50498 "http://activparty.hu/" "Mozilla/5.0 (Windows NT 6.1; WOW64) AppleWebKit/535.1 (KHTML, like Gecko) Chrome/13.0.782.112 Safari/535.1"
5.34.241.243 - - [17/Jun/2013:00:17:53 +0200] "GET /info.php?a[]=%3Ca+href=http://tok.az/index.php?option=com_fireboard&func=myprofile&do=profileinfo%3Eplastic+surgery+breast+enlargement+pictures%3C/a%3E HTTP/1.0" 200 51810 "http://activparty.hu/" "Mozilla/4.0 (compatible; MSIE 7.0; Windows NT 5.1; Trident/4.0; .NET CLR 1.1.4322)"
5.34.241.243 - - [17/Jun/2013:00:18:00 +0200] "GET /info.php?a[]=%3Ca+href=http://filestream.org/user/view/profile/login/mitchelmi%3Esolar+space+heater+plans%3C/a%3E HTTP/1.0" 200 51225 "http://activparty.hu/" "Mozilla/4.0 (compatible; MSIE 7.0; Windows NT 5.1; Trident/4.0; .NET CLR 1.1.4322)"
113.212.68.114 - - [17/Jun/2013:00:38:38 +0200] "GET /info.php HTTP/1.1" 200 50477 "http://activparty.hu/" "Mozilla/5.0 (Windows NT 6.0) AppleWebKit/535.1 (KHTML, like Gecko) Chrome/13.0.782.112 Safari/535.1"
113.212.68.114 - - [17/Jun/2013:00:53:39 +0200] "GET /info.php HTTP/1.1" 200 50498 "http://activparty.hu/" "Mozilla/5.0 (Windows NT 6.1; WOW64) AppleWebKit/535.1 (KHTML, like Gecko) Chrome/13.0.782.112 Safari/535.1"
113.212.68.114 - - [17/Jun/2013:01:09:08 +0200] "GET /info.php HTTP/1.1" 200 50381 "http://activparty.hu/" "Mozilla/5.0 (Windows NT 5.1; rv:13.0) Gecko/20100101 Firefox/13.0.1"
79.172.241.100 - - [17/Jun/2013:01:15:43 +0200] "GET / HTTP/1.1" 200 3021 "http://musorszervezes.lapozz.hu/" "Mozilla/5.0 (Windows; U; Windows NT 6.1; hu-HU; rv:1.9.2.10) Gecko/20100914 Firefox/3.6.10 ( .NET CLR 3.5.30729)"
113.212.68.114 - - [17/Jun/2013:01:24:50 +0200] "GET /info.php HTTP/1.1" 200 50372 "http://activparty.hu/" "Mozilla/5.0 (Windows NT 6.1; rv:5.0) Gecko/20100101 Firefox/5.02"
46.4.241.92 - - [17/Jun/2013:01:34:52 +0200] "GET /info.php?a[]=%3Ca+href=http://mikesocial.com/profile/AlvaroHow%3Edog+sitting+rates+virginia%3C/a%3E HTTP/1.0" 200 51288 "http://activparty.hu/" "Mozilla/4.0 (compatible; MSIE 8.0; Windows NT 6.0; Trident/4.0; Mozilla/4.0 (compatible; MSIE 6.0; Windows NT 5.1; SV1) ; .NET CLR 3.5.30729)"
113.212.68.114 - - [17/Jun/2013:01:38:19 +0200] "GET /info.php HTTP/1.1" 200 50538 "http://activparty.hu/" "Mozilla/4.0 (compatible; MSIE 6.0; Windows NT 5.1; SV1; MRA 5.8 (build 4157); .NET CLR 2.0.50727; AskTbPTV/5.11.3.15590)"
198.50.179.60 - - [17/Jun/2013:01:50:16 +0200] "GET /info.php?a[]=%3Ca+href=http://dr.eggs.free.fr/admin/phpinfo.php?a[]=%3Ca+href=http://dickdiver.di.funpic.de/wordpress/?p=10%3Echerry+bomb+muffler+youtube%3C/a%3E%3Esnsd+before+plastic+surgery+photos%3C/a%3E HTTP/1.0" 200 52011 "http://activparty.hu/" "Opera/9.80 (Windows NT 6.2; Win64; x64) Presto/2.12.388 Version/12.15"
198.50.179.60 - - [17/Jun/2013:01:50:19 +0200] "GET /info.php?a[]=%3Ca+href=http://beauty.seofortaipei.com/%3E%E5%BE%AE%E6%99%B6%E7%93%B7%E9%9A%86%E9%BC%BB%3C/a%3E HTTP/1.0" 200 51062 "http://activparty.hu/" "Opera/9.80 (Windows NT 6.2; Win64; x64) Presto/2.12.388 Version/12.15"
113.212.68.114 - - [17/Jun/2013:01:51:07 +0200] "GET /info.php HTTP/1.1" 200 50381 "http://activparty.hu/" "Mozilla/5.0 (Windows NT 5.1; rv:13.0) Gecko/20100101 Firefox/13.0.1"
75.134.151.92 - - [17/Jun/2013:01:57:24 +0200] "GET /robots.txt HTTP/1.0" 404 - "-" "Mozilla/5.0 (compatible; MJ12bot/v1.4.3; http://www.majestic12.co.uk/bot.php?+)"
75.134.151.92 - - [17/Jun/2013:01:57:28 +0200] "GET / HTTP/1.1" 200 3021 "-" "Mozilla/5.0 (compatible; MJ12bot/v1.4.3; http://www.majestic12.co.uk/bot.php?+)"
113.212.68.114 - - [17/Jun/2013:02:00:54 +0200] "GET /info.php HTTP/1.1" 200 50540 "http://activparty.hu/" "Mozilla/4.0 (compatible; MSIE 6.0; Windows NT 5.1; SV1; MRA 5.8 (build 4157); .NET CLR 2.0.50727; AskTbPTV/5.11.3.15590)"
212.227.118.40 - - [17/Jun/2013:02:07:51 +0200] "GET /info.php?a=%3Ca+href=http://www.treaming.net/userinfo.php?uid=17028%3Ewww.Treaming.Net%3C/a%3E HTTP/1.0" 200 49836 "-" "WordPress/3.5.1; http://guillaume-lecomte.fr/Blog"
1.162.163.82 - - [17/Jun/2013:02:10:12 +0200] "GET /info.php?a[]=%3Ca+href=http://beauty.seofortaipei.com/%3E%E5%BE%AE%E6%99%B6%E7%93%B7%E9%9A%86%E9%BC%BB%3C/a%3E HTTP/1.1" 200 51413 "http://activparty.hu/" "Mozilla/5.0 (Windows NT 6.0) AppleWebKit/535.1 (KHTML, like Gecko) Chrome/13.0.782.112 Safari/535.1"
178.33.213.50 - - [17/Jun/2013:02:11:41 +0200] "GET /info.php HTTP/1.0" 200 50212 "http://activparty.hu/" "Mozilla/5.0 (Windows NT 6.0) AppleWebKit/535.1 (KHTML, like Gecko) Chrome/13.0.782.112 Safari/535.1"
178.33.213.50 - - [17/Jun/2013:02:11:42 +0200] "GET /info.php?a[]=%3Ca+href=http://www.revivrea2.fr/DanelleHe%3Ekitchen+design+tool+home+depot%3C/a%3E HTTP/1.0" 200 51164 "http://activparty.hu/" "Mozilla/5.0 (Windows NT 6.0) AppleWebKit/535.1 (KHTML, like Gecko) Chrome/13.0.782.112 Safari/535.1"
178.33.213.50 - - [17/Jun/2013:02:14:20 +0200] "GET /info.php?a[]=%3Ca+href=http://www.revivrea2.fr/DanelleHe%3Ekitchen+design+tool+home+depot%3C/a%3E HTTP/1.0" 200 51134 "http://activparty.hu/" "Mozilla/4.0 (compatible; MSIE 6.0; MSIE 5.5; Windows NT 5.0) Opera 7.02 Bork-edition [en]"
113.212.68.114 - - [17/Jun/2013:02:14:30 +0200] "GET /info.php HTTP/1.1" 200 50442 "http://activparty.hu/" "Mozilla/4.0 (compatible; MSIE 6.0; MSIE 5.5; Windows NT 5.0) Opera 7.02 Bork-edition [en]"
66.249.72.82 - - [17/Jun/2013:02:28:13 +0200] "GET /robots.txt HTTP/1.1" 404 - "-" "Mozilla/5.0 (compatible; Googlebot/2.1; +http://www.google.com/bot.html)"
66.249.72.82 - - [17/Jun/2013:02:28:13 +0200] "GET /info.php?=PHPB8B5F2A0-3C92-11d3-A3A9-4C7B08C10000 HTTP/1.1" 200 12458 "-" "Mozilla/5.0 (compatible; Googlebot/2.1; +http://www.google.com/bot.html)"
113.212.68.114 - - [17/Jun/2013:02:33:06 +0200] "GET /info.php HTTP/1.1" 200 50381 "http://activparty.hu/" "Mozilla/5.0 (Windows NT 5.1; rv:5.0.1) Gecko/20100101 Firefox/5.0.1"
176.31.150.153 - - [17/Jun/2013:02:56:16 +0200] "GET /info.php?a[]=%3Ca+href=http://gsaser.com.pl/%3Ecom.pl%3C/a%3E HTTP/1.1" 200 51055 "http://activparty.hu/" "Mozilla/4.0 (compatible; MSIE 6.0; MSIE 5.5; Windows NT 5.0) Opera 7.02 Bork-edition [en]"
176.31.150.153 - - [17/Jun/2013:02:56:16 +0200] "GET /info.php?a[]=%3Ca+href=http://di.aplikacjeandroid.slask.pl/%3E%EF%BB%BFpowi%C4%99kszanie+penisa%3C/a%3E HTTP/1.1" 200 51385 "http://activparty.hu/" "Mozilla/4.0 (compatible; MSIE 6.0; MSIE 5.5; Windows NT 5.0) Opera 7.02 Bork-edition [en]"
113.212.68.114 - - [17/Jun/2013:02:58:28 +0200] "GET /info.php HTTP/1.1" 200 50535 "http://activparty.hu/" "Mozilla/4.0 (compatible; MSIE 6.0; Windows NT 5.1; SV1; MRA 5.8 (build 4157); .NET CLR 2.0.50727; AskTbPTV/5.11.3.15590)"
176.31.150.153 - - [17/Jun/2013:02:59:53 +0200] "GET /info.php?a[]=%3Ca+href=http://di.aplikacjeandroid.slask.pl/%3E%EF%BB%BFpowi%C4%99kszanie+penisa%3C/a%3E HTTP/1.1" 200 51319 "http://activparty.hu/" "Mozilla/5.0 (Windows NT 5.1; rv:13.0) Gecko/20100101 Firefox/13.0.1"
113.212.68.114 - - [17/Jun/2013:03:13:31 +0200] "GET /info.php HTTP/1.1" 200 50498 "http://activparty.hu/" "Mozilla/5.0 (Windows NT 6.1; WOW64) AppleWebKit/535.1 (KHTML, like Gecko) Chrome/13.0.782.112 Safari/535.1"
113.212.68.114 - - [17/Jun/2013:03:27:22 +0200] "GET /info.php HTTP/1.1" 200 50561 "http://activparty.hu/" "Mozilla/4.0 (compatible; MSIE 7.0; Windows NT 5.1; Trident/4.0; .NET CLR 2.0.50727; .NET CLR 3.0.4506.2152; .NET CLR 3.5.30729)"
182.118.35.29 - - [17/Jun/2013:03:41:33 +0200] "GET /robots.txt HTTP/1.1" 404 - "http://www.activparty.hu/robots.txt" "Mozilla/4.0 (compatible; MSIE 8.0; Windows NT 6.1; Trident/4.0; SLCC2; .NET CLR 2.0.50727; .NET CLR 3.5.30729; .NET CLR 3.0.30729; Media Center PC 6.0; MDDR; .NET4.0C; .NET4.0E; .NET CLR 1.1.4322; Tablet PC 2.0)"
113.212.68.114 - - [17/Jun/2013:03:47:32 +0200] "GET /info.php HTTP/1.1" 200 50447 "http://activparty.hu/" "Mozilla/4.0 (compatible; MSIE 6.0; MSIE 5.5; Windows NT 5.0) Opera 7.02 Bork-edition [en]"
113.212.68.114 - - [17/Jun/2013:04:04:02 +0200] "GET /info.php HTTP/1.1" 200 50493 "http://activparty.hu/" "Mozilla/4.0 (compatible; MSIE 6.0; Windows NT 5.1; SV1; FunWebProducts; .NET CLR 1.1.4322; PeoplePal 6.2)"
113.212.68.114 - - [17/Jun/2013:04:16:46 +0200] "GET /info.php HTTP/1.1" 200 50426 "http://activparty.hu/" "Mozilla/4.0 (compatible; MSIE 7.0; Windows NT 5.1; Trident/4.0; .NET CLR 1.1.4322)"
113.212.68.114 - - [17/Jun/2013:04:31:30 +0200] "GET /info.php HTTP/1.1" 200 50372 "http://activparty.hu/" "Mozilla/5.0 (Windows NT 6.1; rv:5.0) Gecko/20100101 Firefox/5.02"
101.226.169.209 - - [17/Jun/2013:04:43:56 +0200] "GET /robots.txt HTTP/1.1" 404 - "http://activparty.hu/robots.txt" "Mozilla/4.0 (compatible; MSIE 8.0; Windows NT 6.1; Trident/4.0; SLCC2; .NET CLR 2.0.50727; .NET CLR 3.5.30729; .NET CLR 3.0.30729; Media Center PC 6.0; MDDR; .NET4.0C; .NET4.0E; .NET CLR 1.1.4322; Tablet PC 2.0); 360Spider"
113.212.68.114 - - [17/Jun/2013:04:53:58 +0200] "GET /info.php HTTP/1.1" 200 50447 "http://activparty.hu/" "Mozilla/4.0 (compatible; MSIE 6.0; MSIE 5.5; Windows NT 5.0) Opera 7.02 Bork-edition [en]"
113.212.68.114 - - [17/Jun/2013:05:10:52 +0200] "GET /info.php HTTP/1.1" 200 50426 "http://activparty.hu/" "Mozilla/4.0 (compatible; MSIE 7.0; Windows NT 5.1; Trident/4.0; .NET CLR 1.1.4322)"
113.212.68.114 - - [17/Jun/2013:05:25:20 +0200] "GET /info.php HTTP/1.1" 200 50559 "http://activparty.hu/" "Mozilla/4.0 (compatible; MSIE 7.0; Windows NT 5.1; Trident/4.0; .NET CLR 2.0.50727; .NET CLR 3.0.4506.2152; .NET CLR 3.5.30729)"
113.212.68.114 - - [17/Jun/2013:05:42:27 +0200] "GET /info.php HTTP/1.1" 200 50405 "http://activparty.hu/" "Mozilla/4.0 (compatible; MSIE 7.0; Windows NT 5.1; SV1; .NET CLR 2.0.50727)"
93.115.83.252 - - [17/Jun/2013:05:46:22 +0200] "GET /info.php HTTP/1.1" 200 49315 "-" "Mozilla/4.0 (compatible; MSIE 6.0; Windows NT 5.1; SV1)"
93.115.83.252 - - [17/Jun/2013:05:46:23 +0200] "GET /info.php?=PHPB8B5F2A0-3C92-11d3-A3A9-4C7B08C10000 HTTP/1.1" 200 12464 "-" "Mozilla/4.0 (compatible; MSIE 6.0; Windows NT 5.1; SV1)"
113.212.68.114 - - [17/Jun/2013:05:57:22 +0200] "GET /info.php HTTP/1.1" 200 50498 "http://activparty.hu/" "Mozilla/5.0 (Windows NT 6.1; WOW64) AppleWebKit/535.1 (KHTML, like Gecko) Chrome/13.0.782.112 Safari/535.1"
113.212.68.114 - - [17/Jun/2013:06:11:43 +0200] "GET /info.php HTTP/1.1" 200 50390 "http://activparty.hu/" "Mozilla/5.0 (Windows NT 6.1; WOW64; rv:5.0) Gecko/20100101 Firefox/5.0"
113.212.68.114 - - [17/Jun/2013:06:26:58 +0200] "GET /info.php HTTP/1.1" 200 50398 "http://activparty.hu/" "Mozilla/4.0 (compatible; MSIE 7.0; Windows NT 5.1; SV1; .NET CLR 2.0.50727)"
113.212.68.114 - - [17/Jun/2013:06:44:16 +0200] "GET /info.php HTTP/1.1" 200 50447 "http://activparty.hu/" "Mozilla/4.0 (compatible; MSIE 6.0; MSIE 5.5; Windows NT 5.0) Opera 7.02 Bork-edition [en]"
113.212.68.114 - - [17/Jun/2013:06:53:40 +0200] "GET /info.php HTTP/1.1" 200 50603 "http://activparty.hu/" "Mozilla/4.0 (compatible; MSIE 8.0; Windows NT 6.0; Trident/4.0; Mozilla/4.0 (compatible; MSIE 6.0; Windows NT 5.1; SV1) ; .NET CLR 3.5.30729)"
5.135.99.197 - - [17/Jun/2013:07:12:08 +0200] "GET /info.php HTTP/1.1" 200 50636 "http://activparty.hu/" "Mozilla/5.0 (Windows NT 6.1; WOW64; rv:5.0) Gecko/20100101 Firefox/5.0"
5.135.99.197 - - [17/Jun/2013:07:12:08 +0200] "GET /info.php?a[]=%3Ca+href=http://www.reclicksnetwork.com/MagdaSaxo%3Elaser+hair+removal+brazilian%3C/a%3E HTTP/1.1" 200 51614 "http://activparty.hu/" "Mozilla/5.0 (Windows NT 6.1; WOW64; rv:5.0) Gecko/20100101 Firefox/5.0"
113.212.68.114 - - [17/Jun/2013:07:15:08 +0200] "GET /info.php HTTP/1.1" 200 50372 "http://activparty.hu/" "Mozilla/5.0 (Windows NT 6.1; rv:5.0) Gecko/20100101 Firefox/5.02"
5.135.99.197 - - [17/Jun/2013:07:16:21 +0200] "GET /info.php?a[]=%3Ca+href=http://www.reclicksnetwork.com/MagdaSaxo%3Elaser+hair+removal+brazilian%3C/a%3E HTTP/1.1" 200 51596 "http://activparty.hu/" "Mozilla/5.0 (Windows NT 6.1; rv:5.0) Gecko/20100101 Firefox/5.02"
113.212.68.114 - - [17/Jun/2013:07:28:07 +0200] "GET /info.php HTTP/1.1" 200 50426 "http://activparty.hu/" "Mozilla/4.0 (compatible; MSIE 7.0; Windows NT 5.1; Trident/4.0; .NET CLR 1.1.4322)"
113.212.68.114 - - [17/Jun/2013:07:42:27 +0200] "GET /info.php HTTP/1.1" 200 50445 "http://activparty.hu/" "Mozilla/4.0 (compatible; MSIE 6.0; MSIE 5.5; Windows NT 5.0) Opera 7.02 Bork-edition [en]"
50.97.161.229 - - [17/Jun/2013:07:45:59 +0200] "HEAD / HTTP/1.1" 200 0 "-" "SiteCheck - http://downforeveryoneorjustme.com"
113.212.68.114 - - [17/Jun/2013:07:57:33 +0200] "GET /info.php HTTP/1.1" 200 50387 "http://activparty.hu/" "Opera/9.80 (Windows NT 6.2; Win64; x64) Presto/2.12.388 Version/12.15"
113.212.68.114 - - [17/Jun/2013:08:12:02 +0200] "GET /info.php HTTP/1.1" 200 50477 "http://activparty.hu/" "Mozilla/5.0 (Windows NT 6.0) AppleWebKit/535.1 (KHTML, like Gecko) Chrome/13.0.782.112 Safari/535.1"
108.59.8.80 - - [17/Jun/2013:08:32:11 +0200] "GET /robots.txt HTTP/1.0" 404 - "-" "Mozilla/5.0 (compatible; MJ12bot/v1.4.3; http://www.majestic12.co.uk/bot.php?+)"
108.59.8.80 - - [17/Jun/2013:08:32:13 +0200] "GET /info.php?option=com_blog&view=comments&pid=37247&Itemid=0%3Elochcarrongarage.com%3C/a%3E HTTP/1.0" 200 51014 "-" "Mozilla/5.0 (compatible; MJ12bot/v1.4.3; http://www.majestic12.co.uk/bot.php?+)"
108.59.8.80 - - [17/Jun/2013:08:32:15 +0200] "GET /info.php?mode=viewprofile&u=163483%3EFind%20Out%20More%3C/a%3E HTTP/1.0" 200 50526 "-" "Mozilla/5.0 (compatible; MJ12bot/v1.4.3; http://www.majestic12.co.uk/bot.php?+)"
108.59.8.80 - - [17/Jun/2013:08:32:17 +0200] "GET /info.php?a%5B%5D=%3Ca%20href=http://www.sejour-saint-martin.fr%3Eavis%20reservation%20hotelliere%3C/a%3E%3Eavis%20vacances%3C/a%3E HTTP/1.0" 200 50999 "-" "Mozilla/5.0 (compatible; MJ12bot/v1.4.3; http://www.majestic12.co.uk/bot.php?+)"
108.59.8.80 - - [17/Jun/2013:08:32:19 +0200] "GET /info.php?a%5B%5D=%3Ca%20href=thirdpartyinsurances.com/%3Elook%20what%20I%20found%3C/a%3E%3Eadvice%3C/a%3E HTTP/1.0" 200 50799 "-" "Mozilla/5.0 (compatible; MJ12bot/v1.4.3; http://www.majestic12.co.uk/bot.php?+)"
113.212.68.114 - - [17/Jun/2013:08:59:37 +0200] "GET /info.php HTTP/1.1" 200 50540 "http://activparty.hu/" "Mozilla/4.0 (compatible; MSIE 6.0; Windows NT 5.1; SV1; MRA 5.8 (build 4157); .NET CLR 2.0.50727; AskTbPTV/5.11.3.15590)"
46.4.241.92 - - [17/Jun/2013:09:02:29 +0200] "GET /info.php HTTP/1.0" 200 50271 "http://activparty.hu/" "Mozilla/4.0 (compatible; MSIE 6.0; Windows NT 5.1; SV1; MRA 5.8 (build 4157); .NET CLR 2.0.50727; AskTbPTV/5.11.3.15590)"
46.4.241.92 - - [17/Jun/2013:09:02:30 +0200] "GET /info.php?a[]=%3Ca+href=http://www.theinformationmatrix.com/timpedia/ClintonskPonderjk%3ENovel+Publishers+In+Usa%3C/a%3E HTTP/1.0" 200 51385 "http://activparty.hu/" "Mozilla/4.0 (compatible; MSIE 6.0; Windows NT 5.1; SV1; MRA 5.8 (build 4157); .NET CLR 2.0.50727; AskTbPTV/5.11.3.15590)"
1.162.163.82 - - [17/Jun/2013:09:16:47 +0200] "GET /info.php?a[]=%3Ca+href=http://kmd.com.tw.hypestat.com/%3Eaccounting+principles+definitions%3C/a%3E HTTP/1.1" 200 51524 "http://activparty.hu/" "Mozilla/5.0 (Linux; U; Android 2.2; fr-fr; Desire_A8181 Build/FRF91) App3leWebKit/53.1 (KHTML, like Gecko) Version/4.0 Mobile Safari/533.1"
113.212.68.114 - - [17/Jun/2013:09:17:56 +0200] "GET /info.php HTTP/1.1" 200 50449 "http://activparty.hu/" "Mozilla/4.0 (compatible; MSIE 6.0; MSIE 5.5; Windows NT 5.0) Opera 7.02 Bork-edition [en]"
113.212.68.114 - - [17/Jun/2013:09:36:37 +0200] "GET /info.php HTTP/1.1" 200 50380 "http://activparty.hu/" "Opera/9.80 (Windows NT 6.2; Win64; x64) Presto/2.12.388 Version/12.15"
113.212.68.114 - - [17/Jun/2013:09:49:46 +0200] "GET /info.php HTTP/1.1" 200 50381 "http://activparty.hu/" "Mozilla/5.0 (Windows NT 5.1; rv:5.0.1) Gecko/20100101 Firefox/5.0.1"
182.118.20.212 - - [17/Jun/2013:09:59:25 +0200] "GET / HTTP/1.1" 200 3021 "http://activparty.hu/" "Mozilla/5.0 (Windows; U; Windows NT 5.1; zh-CN; rv:1.8.0.11) Firefox/1.5.0.11; 360Spider"
182.118.44.91 - - [17/Jun/2013:09:59:27 +0200] "GET / HTTP/1.1" 200 3021 "-" "Mozilla/4.0 (compatible; MSIE 8.0; Windows NT 5.1; Trident/4.0)"
113.212.68.114 - - [17/Jun/2013:10:04:36 +0200] "GET /info.php HTTP/1.1" 200 50381 "http://activparty.hu/" "Mozilla/5.0 (Windows NT 5.1; rv:13.0) Gecko/20100101 Firefox/13.0.1"
77.111.90.197 - - [17/Jun/2013:10:19:07 +0200] "GET / HTTP/1.1" 200 3021 "-" "Mozilla/5.0 (X11; U; Linux i686; en-US; rv:1.9.0.4) Gecko/2008111318 Ubuntu/8.10 (intrepid) Firefox/3.0.4"
188.165.166.53 - - [17/Jun/2013:10:19:24 +0200] "GET /info.php?a[]=%3Ca+href=http://phantoms.write2me.nl/%3EHotel+Herceg+Novi%3C/a%3E HTTP/1.1" 200 51424 "http://activparty.hu/" "Mozilla/5.0 (Windows NT 6.1; rv:2.0b7pre) Gecko/20100921 Firefox/4.0b7pre"
113.212.68.114 - - [17/Jun/2013:10:27:46 +0200] "GET /info.php HTTP/1.1" 200 50603 "http://activparty.hu/" "Mozilla/4.0 (compatible; MSIE 8.0; Windows NT 6.0; Trident/4.0; Mozilla/4.0 (compatible; MSIE 6.0; Windows NT 5.1; SV1) ; .NET CLR 3.5.30729)"
178.32.170.151 - - [17/Jun/2013:10:53:03 +0200] "GET /info.php?a[]=%3Ca+href=http://journals.fotki.com/kashareeve/kashareeve/entry/gtwsqwdqbfdg/%3Efranchise+blanchiment+dentaire%3C/a%3E HTTP/1.0" 200 51314 "http://activparty.hu/" "Mozilla/5.0 (Windows NT 5.1; rv:5.0.1) Gecko/20100101 Firefox/5.0.1"
178.32.170.151 - - [17/Jun/2013:10:53:04 +0200] "GET /info.php?a[]=%3Ca+href=http://journals.fotki.com/kashareeve/kashareeve/entry/gtwsqwdqbfdg/%3Efranchise+blanchiment+dentaire%3C/a%3E HTTP/1.0" 200 51745 "http://on.pro.ac/index.php?do=/profile-36644/info/" "Mozilla/5.0 avis destination touristique (Windows NT 5.1; U; en) Presto/2.10.229 Version/11.60"
113.212.68.114 - - [17/Jun/2013:10:54:37 +0200] "GET /info.php HTTP/1.1" 200 50603 "http://activparty.hu/" "Mozilla/4.0 (compatible; MSIE 8.0; Windows NT 6.0; Trident/4.0; Mozilla/4.0 (compatible; MSIE 6.0; Windows NT 5.1; SV1) ; .NET CLR 3.5.30729)"
93.62.201.52 - - [17/Jun/2013:10:57:38 +0200] "GET / HTTP/1.1" 200 3021 "http://crm.digsys.hu/DIGSYSCRM/home/login.jsf" "Mozilla/5.0 (Windows NT 6.1; rv:21.0) Gecko/20100101 Firefox/21.0"
93.62.201.52 - - [17/Jun/2013:10:57:38 +0200] "GET /images/logo.gif HTTP/1.1" 200 2246 "http://activparty.hu/" "Mozilla/5.0 (Windows NT 6.1; rv:21.0) Gecko/20100101 Firefox/21.0"
93.62.201.52 - - [17/Jun/2013:10:57:38 +0200] "GET /images/belepes_off.gif HTTP/1.1" 200 772 "http://activparty.hu/" "Mozilla/5.0 (Windows NT 6.1; rv:21.0) Gecko/20100101 Firefox/21.0"
93.62.201.52 - - [17/Jun/2013:10:57:38 +0200] "GET /images/letoltes_off.gif HTTP/1.1" 200 821 "http://activparty.hu/" "Mozilla/5.0 (Windows NT 6.1; rv:21.0) Gecko/20100101 Firefox/21.0"
93.62.201.52 - - [17/Jun/2013:10:57:39 +0200] "GET /images/belepes_on.gif HTTP/1.1" 200 771 "http://activparty.hu/" "Mozilla/5.0 (Windows NT 6.1; rv:21.0) Gecko/20100101 Firefox/21.0"
93.62.201.52 - - [17/Jun/2013:10:57:39 +0200] "GET /images/letoltes_on.gif HTTP/1.1" 200 821 "http://activparty.hu/" "Mozilla/5.0 (Windows NT 6.1; rv:21.0) Gecko/20100101 Firefox/21.0"
93.62.201.52 - - [17/Jun/2013:10:57:39 +0200] "GET /favicon.ico HTTP/1.1" 404 - "-" "Mozilla/5.0 (Windows NT 6.1; rv:21.0) Gecko/20100101 Firefox/21.0"
93.62.201.52 - - [17/Jun/2013:10:57:45 +0200] "GET /aktivparty.html HTTP/1.1" 200 1528 "http://activparty.hu/" "Mozilla/5.0 (Windows NT 6.1; rv:21.0) Gecko/20100101 Firefox/21.0"
93.62.201.52 - - [17/Jun/2013:10:57:45 +0200] "GET /js/AC_RunActiveContent.js HTTP/1.1" 200 8321 "http://activparty.hu/aktivparty.html" "Mozilla/5.0 (Windows NT 6.1; rv:21.0) Gecko/20100101 Firefox/21.0"
93.62.201.52 - - [17/Jun/2013:10:57:55 +0200] "GET /activ_party.swf HTTP/1.1" 200 1771834 "http://activparty.hu/aktivparty.html" "Mozilla/5.0 (Windows NT 6.1; rv:21.0) Gecko/20100101 Firefox/21.0"
81.209.177.140 - - [17/Jun/2013:11:09:23 +0200] "GET /robots.txt HTTP/1.1" 404 - "-" "netEstate NE Crawler (+http://www.website-datenbank.de/)"
81.209.177.202 - - [17/Jun/2013:11:09:31 +0200] "GET / HTTP/1.1" 200 3021 "-" "netEstate NE Crawler (+http://www.website-datenbank.de/)"
113.212.68.114 - - [17/Jun/2013:11:14:21 +0200] "GET /info.php HTTP/1.1" 200 50540 "http://activparty.hu/" "Mozilla/4.0 (compatible; MSIE 6.0; Windows NT 5.1; SV1; MRA 5.8 (build 4157); .NET CLR 2.0.50727; AskTbPTV/5.11.3.15590)"
78.46.70.84 - - [17/Jun/2013:11:25:20 +0200] "GET /info.php HTTP/1.0" 200 50334 "http://activparty.hu/" "Mozilla/4.0 (compatible; MSIE 8.0; Windows NT 6.0; Trident/4.0; Mozilla/4.0 (compatible; MSIE 6.0; Windows NT 5.1; SV1) ; .NET CLR 3.5.30729)"
78.46.70.84 - - [17/Jun/2013:11:25:23 +0200] "GET /info.php?a[]=%3Ca+href=http://sustainabilitymarket.in/index.php?do=/profile-2767/info/%3E19+inch+lcd+tv+walmart%3C/a%3E HTTP/1.0" 200 51457 "http://activparty.hu/" "Mozilla/4.0 (compatible; MSIE 8.0; Windows NT 6.0; Trident/4.0; Mozilla/4.0 (compatible; MSIE 6.0; Windows NT 5.1; SV1) ; .NET CLR 3.5.30729)"
113.212.68.114 - - [17/Jun/2013:11:34:56 +0200] "GET /info.php HTTP/1.1" 200 50387 "http://activparty.hu/" "Opera/9.80 (Windows NT 6.2; Win64; x64) Presto/2.12.388 Version/12.15"
113.212.68.114 - - [17/Jun/2013:12:05:41 +0200] "GET /info.php HTTP/1.1" 200 50399 "http://activparty.hu/" "Mozilla/5.0 (Windows NT 6.1; rv:2.0b7pre) Gecko/20100921 Firefox/4.0b7pre"
176.31.220.95 - - [17/Jun/2013:12:24:56 +0200] "GET /info.php?a[]=%3Ca+href=http://phantoms.write2me.nl/%3EHotel+Herceg+Novi%3C/a%3E HTTP/1.0" 200 50957 "http://activparty.hu/" "Mozilla/4.0 (compatible; MSIE 6.0; MSIE 5.5; Windows NT 5.0) Opera 7.02 Bork-edition [en]"
113.212.68.114 - - [17/Jun/2013:12:27:14 +0200] "GET /info.php HTTP/1.1" 200 50381 "http://activparty.hu/" "Mozilla/5.0 (Windows NT 5.1; rv:5.0.1) Gecko/20100101 Firefox/5.0.1"
219.154.133.225 - - [17/Jun/2013:12:32:07 +0200] "GET /info.php?a%5B HTTP/1.0" 200 49988 "http://activparty.hu/info.php?a%5B" "Mozilla/5.0 (Windows NT 5.1; rv:17.0) Gecko/20100101 Firefox/17.0"
113.212.68.114 - - [17/Jun/2013:12:49:16 +0200] "GET /info.php HTTP/1.1" 200 50540 "http://activparty.hu/" "Mozilla/4.0 (compatible; MSIE 6.0; Windows NT 5.1; SV1; MRA 5.8 (build 4157); .NET CLR 2.0.50727; AskTbPTV/5.11.3.15590)"
188.165.169.251 - - [17/Jun/2013:12:54:39 +0200] "GET /info.php?a[]=%3Ca+href=http://journals.fotki.com/kashareeve/kashareeve/entry/gtwsqwdqbfdg/%3Efranchise+blanchiment+dentaire%3C/a%3E HTTP/1.0" 200 51361 "http://activparty.hu/" "Mozilla/4.0 (compatible; MSIE 7.0; Windows NT 5.1; Trident/4.0; .NET CLR 1.1.4322)"
188.165.169.251 - - [17/Jun/2013:12:54:39 +0200] "GET /info.php?a[]=baskets+armani+homme+[%3Ca+href=http://www.Kidsbox365.com/mvnforum/viewmember?member=KathyGold%3EPlus+d'informations%3C/a%3E] HTTP/1.0" 200 51489 "http://activparty.hu/" "Mozilla/4.0 (compatible; MSIE 7.0; Windows NT 5.1; Trident/4.0; .NET CLR 1.1.4322)"
151.230.232.2 - - [17/Jun/2013:12:58:41 +0200] "GET /info.php HTTP/1.1" 200 50419 "http://activparty.hu/" "Mozilla/4.0 (compatible; MSIE 7.0; Windows NT 5.1; Trident/4.0; .NET CLR 1.1.4322)"
46.105.97.165 - - [17/Jun/2013:12:58:41 +0200] "GET /info.php?a[]=%3Ca+href=http://paydayloansfrommrcutts.blog.co.uk/%3Epayday+loans%3C/a%3E HTTP/1.0" 200 50991 "http://activparty.hu/" "Mozilla/4.0 (compatible; MSIE 7.0; Windows NT 5.1; Trident/4.0; .NET CLR 1.1.4322)"
113.212.68.114 - - [17/Jun/2013:13:05:51 +0200] "GET /info.php HTTP/1.1" 200 50385 "http://activparty.hu/" "Mozilla/5.0 (Windows NT 6.1; WOW64; rv:5.0) Gecko/20100101 Firefox/5.0"
151.230.232.2 - - [17/Jun/2013:13:14:31 +0200] "GET /info.php HTTP/1.1" 200 50475 "http://activparty.hu/" "Mozilla/5.0 (Windows NT 6.0) AppleWebKit/535.1 (KHTML, like Gecko) Chrome/13.0.782.112 Safari/535.1"
178.32.232.216 - - [17/Jun/2013:13:14:32 +0200] "GET /info.php HTTP/1.0" 200 50447 "http://paydayloansfrommrcutts.blog.co.uk/" "Mozilla/4.0 payday loans (Windows NT 5.1; U; en) Presto/2.10.229 Version/11.60"
113.212.68.114 - - [17/Jun/2013:13:22:49 +0200] "GET /info.php HTTP/1.1" 200 50426 "http://activparty.hu/" "Mozilla/4.0 (compatible; MSIE 7.0; Windows NT 5.1; Trident/4.0; .NET CLR 1.1.4322)"
113.212.68.114 - - [17/Jun/2013:13:51:03 +0200] "GET /info.php HTTP/1.1" 200 50385 "http://activparty.hu/" "Mozilla/5.0 (Windows NT 6.1; WOW64; rv:5.0) Gecko/20100101 Firefox/5.0"
220.181.108.187 - - [17/Jun/2013:13:52:31 +0200] "GET /aktivparty.html HTTP/1.1" 200 1528 "-" "Mozilla/5.0 (compatible; Baiduspider/2.0; +http://www.baidu.com/search/spider.html)"
5.135.99.197 - - [17/Jun/2013:13:59:44 +0200] "GET /info.php?a[]=%3Ca+href=http://sustainabilitymarket.in/index.php?do=/profile-2767/info/%3E19+inch+lcd+tv+walmart%3C/a%3E HTTP/1.1" 200 51935 "http://activparty.hu/" "Mozilla/4.0 (compatible; MSIE 7.0; Windows NT 5.1; Trident/4.0; .NET CLR 2.0.50727; .NET CLR 3.0.4506.2152; .NET CLR 3.5.30729)"
113.212.68.114 - - [17/Jun/2013:14:10:25 +0200] "GET /info.php HTTP/1.1" 200 50398 "http://activparty.hu/" "Mozilla/5.0 (Windows NT 6.1; rv:2.0b7pre) Gecko/20100921 Firefox/4.0b7pre"
113.212.68.114 - - [17/Jun/2013:14:25:54 +0200] "GET /info.php HTTP/1.1" 200 50497 "http://activparty.hu/" "Mozilla/5.0 (Windows NT 6.1; WOW64) AppleWebKit/535.1 (KHTML, like Gecko) Chrome/13.0.782.112 Safari/535.1"
113.212.68.114 - - [17/Jun/2013:14:40:11 +0200] "GET /info.php HTTP/1.1" 200 50425 "http://activparty.hu/" "Mozilla/4.0 (compatible; MSIE 7.0; Windows NT 5.1; Trident/4.0; .NET CLR 1.1.4322)"
113.212.68.114 - - [17/Jun/2013:14:54:33 +0200] "GET /info.php HTTP/1.1" 200 50399 "http://activparty.hu/" "Mozilla/4.0 (compatible; MSIE 7.0; Windows NT 5.1; SV1; .NET CLR 2.0.50727)"
151.230.232.2 - - [17/Jun/2013:14:54:47 +0200] "GET /info.php HTTP/1.1" 200 50591 "http://activparty.hu/" "Mozilla/5.0 (Linux; U; Android 2.2; fr-fr; Desire_A8181 Build/FRF91) App3leWebKit/53.1 (KHTML, like Gecko) Version/4.0 Mobile Safari/533.1"
151.237.177.128 - - [17/Jun/2013:14:54:49 +0200] "GET /info.php?a[]=%3Ca+href=http://bingo2013.blog.co.uk/%3Ebingo%3C/a%3E HTTP/1.0" 200 50988 "http://activparty.hu/" "Mozilla/5.0 (Linux; U; Android 2.2; fr-fr; Desire_A8181 Build/FRF91) App3leWebKit/53.1 (KHTML, like Gecko) Version/4.0 Mobile Safari/533.1"
216.152.251.50 - - [17/Jun/2013:14:58:11 +0200] "GET /info.php HTTP/1.1" 200 50366 "http://activparty.hu/" "Mozilla/5.0 (Windows NT 6.1; rv:5.0) Gecko/20100101 Firefox/5.02"
188.165.157.13 - - [17/Jun/2013:14:58:12 +0200] "GET /info.php HTTP/1.0" 200 50347 "http://bingo2013.blog.co.uk/" "Mozilla/4.0 bingo (Windows NT 5.1; U; en) Presto/2.10.229 Version/11.60"
216.152.251.50 - - [17/Jun/2013:15:22:20 +0200] "GET /info.php HTTP/1.1" 200 50539 "http://activparty.hu/" "Mozilla/4.0 (compatible; MSIE 6.0; Windows NT 5.1; SV1; MRA 5.8 (build 4157); .NET CLR 2.0.50727; AskTbPTV/5.11.3.15590)"
188.165.174.208 - - [17/Jun/2013:15:22:21 +0200] "GET /info.php?a[]=%3Ca+href=http://bingo2013.blog.co.uk/%3Ebingo%3C/a%3E HTTP/1.0" 200 50934 "http://activparty.hu/" "Mozilla/4.0 (compatible; MSIE 6.0; Windows NT 5.1; SV1; MRA 5.8 (build 4157); .NET CLR 2.0.50727; AskTbPTV/5.11.3.15590)"
113.212.68.114 - - [17/Jun/2013:15:24:31 +0200] "GET /info.php HTTP/1.1" 200 50555 "http://activparty.hu/" "Mozilla/4.0 (compatible; MSIE 7.0; Windows NT 5.1; Trident/4.0; .NET CLR 2.0.50727; .NET CLR 3.0.4506.2152; .NET CLR 3.5.30729)"
113.212.68.114 - - [17/Jun/2013:15:50:34 +0200] "GET /info.php HTTP/1.1" 200 50603 "http://activparty.hu/" "Mozilla/4.0 (compatible; MSIE 8.0; Windows NT 6.0; Trident/4.0; Mozilla/4.0 (compatible; MSIE 6.0; Windows NT 5.1; SV1) ; .NET CLR 3.5.30729)"
192.188.242.162 - - [17/Jun/2013:15:55:24 +0200] "GET / HTTP/1.1" 200 3021 "http://www.kreativkatalogus.hu/ugynokseg.php?search=1&pagingActualHit=0&dbSearchSubType=3375&dbSearchCompanyNameId=&dbSearchCompanyName=" "Mozilla/5.0 (Windows NT 6.0) AppleWebKit/537.36 (KHTML, like Gecko) Chrome/27.0.1453.110 Safari/537.36"
192.188.242.162 - - [17/Jun/2013:15:55:24 +0200] "GET /images/logo.gif HTTP/1.1" 200 2246 "http://www.activparty.hu/" "Mozilla/5.0 (Windows NT 6.0) AppleWebKit/537.36 (KHTML, like Gecko) Chrome/27.0.1453.110 Safari/537.36"
192.188.242.162 - - [17/Jun/2013:15:55:24 +0200] "GET /images/belepes_off.gif HTTP/1.1" 200 772 "http://www.activparty.hu/" "Mozilla/5.0 (Windows NT 6.0) AppleWebKit/537.36 (KHTML, like Gecko) Chrome/27.0.1453.110 Safari/537.36"
192.188.242.162 - - [17/Jun/2013:15:55:24 +0200] "GET /images/letoltes_off.gif HTTP/1.1" 200 821 "http://www.activparty.hu/" "Mozilla/5.0 (Windows NT 6.0) AppleWebKit/537.36 (KHTML, like Gecko) Chrome/27.0.1453.110 Safari/537.36"
192.188.242.162 - - [17/Jun/2013:15:55:24 +0200] "GET /images/belepes_on.gif HTTP/1.1" 200 771 "http://www.activparty.hu/" "Mozilla/5.0 (Windows NT 6.0) AppleWebKit/537.36 (KHTML, like Gecko) Chrome/27.0.1453.110 Safari/537.36"
192.188.242.162 - - [17/Jun/2013:15:55:24 +0200] "GET /images/letoltes_on.gif HTTP/1.1" 200 821 "http://www.activparty.hu/" "Mozilla/5.0 (Windows NT 6.0) AppleWebKit/537.36 (KHTML, like Gecko) Chrome/27.0.1453.110 Safari/537.36"
192.188.242.162 - - [17/Jun/2013:15:55:24 +0200] "GET /favicon.ico HTTP/1.1" 404 - "-" "Mozilla/5.0 (Windows NT 6.0) AppleWebKit/537.36 (KHTML, like Gecko) Chrome/27.0.1453.110 Safari/537.36"
192.188.242.162 - - [17/Jun/2013:15:55:27 +0200] "GET /favicon.ico HTTP/1.1" 404 - "-" "Mozilla/5.0 (Windows NT 6.0) AppleWebKit/537.36 (KHTML, like Gecko) Chrome/27.0.1453.110 Safari/537.36"
192.188.242.162 - - [17/Jun/2013:15:56:08 +0200] "GET /aktivparty.html HTTP/1.1" 200 1528 "http://www.activparty.hu/" "Mozilla/5.0 (Windows NT 6.0) AppleWebKit/537.36 (KHTML, like Gecko) Chrome/27.0.1453.110 Safari/537.36"
192.188.242.162 - - [17/Jun/2013:15:56:08 +0200] "GET /js/AC_RunActiveContent.js HTTP/1.1" 200 8321 "http://www.activparty.hu/aktivparty.html" "Mozilla/5.0 (Windows NT 6.0) AppleWebKit/537.36 (KHTML, like Gecko) Chrome/27.0.1453.110 Safari/537.36"
192.188.242.162 - - [17/Jun/2013:15:56:08 +0200] "GET /favicon.ico HTTP/1.1" 404 - "-" "Mozilla/5.0 (Windows NT 6.0) AppleWebKit/537.36 (KHTML, like Gecko) Chrome/27.0.1453.110 Safari/537.36"
192.188.242.162 - - [17/Jun/2013:15:56:09 +0200] "GET /activ_party.swf HTTP/1.1" 200 1771834 "http://www.activparty.hu/aktivparty.html" "Mozilla/5.0 (Windows NT 6.0) AppleWebKit/537.36 (KHTML, like Gecko) Chrome/27.0.1453.110 Safari/537.36"
192.188.242.162 - - [17/Jun/2013:15:56:10 +0200] "GET /favicon.ico HTTP/1.1" 404 - "-" "Mozilla/5.0 (Windows NT 6.0) AppleWebKit/537.36 (KHTML, like Gecko) Chrome/27.0.1453.110 Safari/537.36"
192.188.242.162 - - [17/Jun/2013:15:56:15 +0200] "GET /elmenytrening.html HTTP/1.1" 200 2535 "http://www.activparty.hu/aktivparty.html" "Mozilla/5.0 (Windows NT 6.0) AppleWebKit/537.36 (KHTML, like Gecko) Chrome/27.0.1453.110 Safari/537.36"
192.188.242.162 - - [17/Jun/2013:15:56:15 +0200] "GET /images/alap.jpg HTTP/1.1" 200 34327 "http://www.activparty.hu/elmenytrening.html" "Mozilla/5.0 (Windows NT 6.0) AppleWebKit/537.36 (KHTML, like Gecko) Chrome/27.0.1453.110 Safari/537.36"
192.188.242.162 - - [17/Jun/2013:15:56:16 +0200] "GET /favicon.ico HTTP/1.1" 404 - "-" "Mozilla/5.0 (Windows NT 6.0) AppleWebKit/537.36 (KHTML, like Gecko) Chrome/27.0.1453.110 Safari/537.36"
192.188.242.162 - - [17/Jun/2013:15:56:17 +0200] "GET /favicon.ico HTTP/1.1" 404 - "-" "Mozilla/5.0 (Windows NT 6.0) AppleWebKit/537.36 (KHTML, like Gecko) Chrome/27.0.1453.110 Safari/537.36"
37.59.91.70 - - [17/Jun/2013:16:05:10 +0200] "GET /info.php HTTP/1.1" 200 50631 "http://activparty.hu/" "Opera/9.80 (Windows NT 6.2; Win64; x64) Presto/2.12.388 Version/12.15"
37.59.91.70 - - [17/Jun/2013:16:05:10 +0200] "GET /info.php?a[]=%3Ca+href=http://Www.Alexanderburstein.com/teaching/wikkawiki/wikka.php?wakka=BrianngCantwellfo%3Efirst+aid+certification+online+american+red+cross%3C/a%3E HTTP/1.1" 200 52179 "http://activparty.hu/" "Opera/9.80 (Windows NT 6.2; Win64; x64) Presto/2.12.388 Version/12.15"
113.212.68.114 - - [17/Jun/2013:16:12:25 +0200] "GET /info.php HTTP/1.1" 200 50561 "http://activparty.hu/" "Mozilla/4.0 (compatible; MSIE 7.0; Windows NT 5.1; Trident/4.0; .NET CLR 2.0.50727; .NET CLR 3.0.4506.2152; .NET CLR 3.5.30729)"
37.59.247.42 - - [17/Jun/2013:16:15:05 +0200] "GET /info.php?a[]=%3Ca+href=http://Www.Alexanderburstein.com/teaching/wikkawiki/wikka.php?wakka=BrianngCantwellfo%3Efirst+aid+certification+online+american+red+cross%3C/a%3E HTTP/1.1" 200 52193 "http://activparty.hu/" "Mozilla/5.0 (Windows NT 6.1; rv:2.0b7pre) Gecko/20100921 Firefox/4.0b7pre"
113.212.68.114 - - [17/Jun/2013:16:31:25 +0200] "GET /info.php HTTP/1.1" 200 50405 "http://activparty.hu/" "Mozilla/4.0 (compatible; MSIE 7.0; Windows NT 5.1; SV1; .NET CLR 2.0.50727)"
113.212.68.114 - - [17/Jun/2013:16:44:23 +0200] "GET /info.php HTTP/1.1" 200 50394 "http://activparty.hu/" "Mozilla/5.0 (Windows NT 6.1; rv:2.0b7pre) Gecko/20100921 Firefox/4.0b7pre"
151.230.232.2 - - [17/Jun/2013:16:56:21 +0200] "GET /info.php HTTP/1.1" 200 50403 "http://activparty.hu/" "Mozilla/4.0 (compatible; MSIE 7.0; Windows NT 5.1; SV1; .NET CLR 2.0.50727)"
37.59.88.253 - - [17/Jun/2013:16:56:22 +0200] "GET /info.php?a[]=%3Ca+href=http://paydayloansfrommrcutts.blog.co.uk/%3Epayday+loans%3C/a%3E HTTP/1.0" 200 50968 "http://activparty.hu/" "Mozilla/4.0 (compatible; MSIE 7.0; Windows NT 5.1; SV1; .NET CLR 2.0.50727)"
113.212.68.114 - - [17/Jun/2013:17:06:05 +0200] "GET /info.php HTTP/1.1" 200 50540 "http://activparty.hu/" "Mozilla/4.0 (compatible; MSIE 6.0; Windows NT 5.1; SV1; MRA 5.8 (build 4157); .NET CLR 2.0.50727; AskTbPTV/5.11.3.15590)"
216.152.251.50 - - [17/Jun/2013:17:27:52 +0200] "GET /info.php HTTP/1.1" 200 50426 "http://activparty.hu/" "Mozilla/4.0 (compatible; MSIE 7.0; Windows NT 5.1; Trident/4.0; .NET CLR 1.1.4322)"
178.32.232.219 - - [17/Jun/2013:17:27:53 +0200] "GET /info.php?a[]=%3Ca+href=http://bingo2013.blog.co.uk/%3Ebingo%3C/a%3E HTTP/1.0" 200 50819 "http://activparty.hu/" "Mozilla/4.0 (compatible; MSIE 7.0; Windows NT 5.1; Trident/4.0; .NET CLR 1.1.4322)"
113.212.68.114 - - [17/Jun/2013:17:43:05 +0200] "GET /info.php HTTP/1.1" 200 50405 "http://activparty.hu/" "Mozilla/4.0 (compatible; MSIE 7.0; Windows NT 5.1; SV1; .NET CLR 2.0.50727)"
216.152.251.50 - - [17/Jun/2013:17:50:10 +0200] "GET /info.php HTTP/1.1" 200 50405 "http://activparty.hu/" "Mozilla/4.0 (compatible; MSIE 7.0; Windows NT 5.1; SV1; .NET CLR 2.0.50727)"
188.165.174.209 - - [17/Jun/2013:17:50:12 +0200] "GET /info.php?a[]=%3Ca+href=http://bingo2013.blog.co.uk/%3Ebingo%3C/a%3E HTTP/1.0" 200 50800 "http://activparty.hu/" "Mozilla/4.0 (compatible; MSIE 7.0; Windows NT 5.1; SV1; .NET CLR 2.0.50727)"
216.152.251.50 - - [17/Jun/2013:18:00:44 +0200] "GET /info.php HTTP/1.1" 200 50426 "http://activparty.hu/" "Mozilla/4.0 (compatible; MSIE 7.0; Windows NT 5.1; Trident/4.0; .NET CLR 1.1.4322)"
5.39.53.140 - - [17/Jun/2013:18:00:45 +0200] "GET /info.php?a[]=%3Ca+href=http://bingo2013.blog.co.uk/%3Ebingo%3C/a%3E HTTP/1.0" 200 50813 "http://activparty.hu/" "Mozilla/4.0 (compatible; MSIE 7.0; Windows NT 5.1; Trident/4.0; .NET CLR 1.1.4322)"
113.212.68.114 - - [17/Jun/2013:18:03:56 +0200] "GET /info.php HTTP/1.1" 200 50379 "http://activparty.hu/" "Mozilla/5.0 (Windows NT 5.1; rv:5.0.1) Gecko/20100101 Firefox/5.0.1"
113.212.68.114 - - [17/Jun/2013:18:25:02 +0200] "GET /info.php HTTP/1.1" 200 50561 "http://activparty.hu/" "Mozilla/4.0 (compatible; MSIE 7.0; Windows NT 5.1; Trident/4.0; .NET CLR 2.0.50727; .NET CLR 3.0.4506.2152; .NET CLR 3.5.30729)"
