94.23.109.178 - - [20/Jun/2013:20:23:51 +0200] "GET /info.php?a[]=%3Ca+href=http://phantoms.write2me.nl/%3EHotel+Herceg+Novi%3C/a%3E HTTP/1.0" 200 50903 "http://activparty.hu/" "Mozilla/5.0 (Windows NT 6.1; WOW64; rv:5.0) Gecko/20100101 Firefox/5.0"
113.212.68.114 - - [20/Jun/2013:20:25:36 +0200] "GET /info.php HTTP/1.1" 200 50377 "http://activparty.hu/" "Mozilla/5.0 (Windows NT 5.1; rv:13.0) Gecko/20100101 Firefox/13.0.1"
77.88.42.27 - - [20/Jun/2013:20:37:58 +0200] "GET /robots.txt HTTP/1.1" 404 - "-" "Mozilla/5.0 (compatible; YandexBot/3.0; +http://yandex.com/bots)"
77.88.42.27 - - [20/Jun/2013:20:38:00 +0200] "GET /images/logo.gif HTTP/1.1" 304 - "-" "Mozilla/5.0 (compatible; YandexImages/3.0; +http://yandex.com/bots)"
77.88.42.27 - - [20/Jun/2013:20:58:25 +0200] "GET /images/belepes_off.gif HTTP/1.1" 304 - "-" "Mozilla/5.0 (compatible; YandexImages/3.0; +http://yandex.com/bots)"
113.212.68.114 - - [20/Jun/2013:21:05:25 +0200] "GET /info.php HTTP/1.1" 200 50388 "http://activparty.hu/" "Mozilla/5.0 (Windows NT 6.1; WOW64; rv:5.0) Gecko/20100101 Firefox/5.0"
176.31.213.121 - - [20/Jun/2013:21:29:53 +0200] "GET /info.php?a[]=%3Ca+href=http://Xn--imprezy-integracyjne-bielsko-biaa-nof.pl/%3Eimprezy+integracyjne%3C/a%3E HTTP/1.0" 200 51215 "http://activparty.hu/" "Mozilla/5.0 (Windows NT 6.1; WOW64) AppleWebKit/535.1 (KHTML, like Gecko) Chrome/13.0.782.112 Safari/535.1"
176.31.213.121 - - [20/Jun/2013:21:29:54 +0200] "GET /info.php?a[]=%3Ca+href=http://Xn--imprezy-integracyjne-bielsko-biaa-nof.pl/%3Eimprezy+integracyjne%3C/a%3E HTTP/1.0" 200 52360 "http://anmalan.vasterbottensalghundklubb.com/info.php?a[]=%3Ca+href=http://www.brainatom.com/groups/ways-to-simplify-your-real-estate-sales/%3EDolores+Costa+Blanca+Spain+Weather+Forecast+(" "Mozilla/4.0 just click the following page (Windows NT 5.1; U; en) Presto/2.10.229 Version/11.60"
176.31.213.121 - - [20/Jun/2013:21:29:54 +0200] "GET /info.php?a[]=%3Ca+href=http://Xn--imprezy-integracyjne-bielsko-biaa-nof.pl/%3Eimprezy+integracyjne%3C/a%3E HTTP/1.0" 200 51854 "http://activparty.hu/" "Mozilla/4.0 just click the following page (Windows NT 5.1; U; en) Presto/2.10.229 Version/11.60"
176.31.213.121 - - [20/Jun/2013:21:29:55 +0200] "GET /info.php?a[]=%3Ca+href=http://anmalan.vasterbottensalghundklubb.com/info.php?a[]=%3Ca+href=http://www.brainatom.com/groups/ways-to-simplify-your-real-estate-sales/%3EDolores+Costa+Blanca+Spain+Weather+Forecast+(%3Ejust+click+the+following+page%3C/a%3E HTTP/1.0" 200 53162 "http://activparty.hu/" "Mozilla/4.0 just click the following page (Windows NT 5.1; U; en) Presto/2.10.229 Version/11.60"
113.212.68.114 - - [20/Jun/2013:21:30:11 +0200] "GET /info.php HTTP/1.1" 200 50388 "http://activparty.hu/" "Mozilla/5.0 (Windows NT 6.1; WOW64; rv:5.0) Gecko/20100101 Firefox/5.0"
176.31.3.253 - - [20/Jun/2013:21:42:39 +0200] "GET /info.php?a[]=%3Ca+href=http://Xn--imprezy-integracyjne-bielsko-biaa-nof.pl/%3Eimprezy+integracyjne%3C/a%3E HTTP/1.1" 200 51703 "http://activparty.hu/" "Mozilla/5.0 (Windows NT 6.0) AppleWebKit/535.1 (KHTML, like Gecko) Chrome/13.0.782.112 Safari/535.1"
176.31.3.253 - - [20/Jun/2013:21:42:41 +0200] "GET /info.php?a[]=%3Ca+href=http://Xn--imprezy-integracyjne-bielsko-biaa-nof.pl/%3Eimprezy+integracyjne%3C/a%3E HTTP/1.1" 200 52662 "http://Www4.Favecrafts.com/fcbb/index.php?t=finduser&usr_login=SharellSimmons1973&S=7f0c15605f9b48e89521b942739f4a5e&rd=2&btn_submit=Find" "Opera/9.80 please click the following page (Windows NT 5.1; U; en) Presto/2.10.229 Version/11.60"
176.31.3.253 - - [20/Jun/2013:21:46:55 +0200] "GET /info.php?a[]=%3Ca+href=http://Xn--imprezy-integracyjne-bielsko-biaa-nof.pl/%3Eimprezy+integracyjne%3C/a%3E HTTP/1.1" 200 51647 "http://activparty.hu/" "Mozilla/4.0 (compatible; MSIE 7.0; Windows NT 5.1; Trident/4.0; .NET CLR 1.1.4322)"
176.31.3.253 - - [20/Jun/2013:21:46:55 +0200] "GET /info.php?a[]=%3Ca+href=http://samritha.com/phpBB2/profile.php?mode=viewprofile&u=37413%3Eclick+through+the+next+website+page%3C/a%3E HTTP/1.1" 200 52052 "http://activparty.hu/" "Mozilla/4.0 (compatible; MSIE 7.0; Windows NT 5.1; Trident/4.0; .NET CLR 1.1.4322)"
5.39.4.206 - - [20/Jun/2013:21:52:11 +0200] "GET /info.php?a[]=%3Ca+href=http://Xn--imprezy-integracyjne-bielsko-biaa-nof.pl/%3Eimprezy+integracyjne%3C/a%3E HTTP/1.0" 200 51108 "http://activparty.hu/" "Mozilla/5.0 (Windows NT 6.1; rv:2.0b7pre) Gecko/20100921 Firefox/4.0b7pre"
5.39.4.206 - - [20/Jun/2013:21:52:11 +0200] "GET /info.php?a[]=%3Ca+href=http://Xn--imprezy-integracyjne-bielsko-biaa-nof.pl/%3Eimprezy+integracyjne%3C/a%3E HTTP/1.0" 200 51809 "http://www.mistro.ag/snifl/forum/index.php?t=usrinfo&id=4450&S=bff062364592eecc38e2d0d5e13b0e76" "Mozilla/4.0 Suggested Web page (Windows NT 5.1; U; en) Presto/2.10.229 Version/11.60"
5.39.4.206 - - [20/Jun/2013:21:55:14 +0200] "GET /info.php?a[]=%3Ca+href=http://Hurl.me/EaRNlM%3Eorganizacja+imprez+firmowych%3C/a%3E HTTP/1.0" 200 50911 "http://activparty.hu/" "Mozilla/5.0 (Windows NT 6.1; rv:5.0) Gecko/20100101 Firefox/5.02"
5.39.4.206 - - [20/Jun/2013:21:55:15 +0200] "GET /info.php?a[]=%3Ca+href=http://Hurl.me/EaRNlM%3Eorganizacja+imprez+firmowych%3C/a%3E HTTP/1.0" 200 51693 "http://babsi-beauty-gossip.blogspot.fr/2012/05/half-up-hair-der-neue-alte-trend-aus.html?m=1" "Opera/9.80 http://www.seolinkads.com/technology/dolores-spain-tml-wiki (Windows NT 5.1; U; en) Presto/2.10.229 Version/11.60"
94.23.109.178 - - [20/Jun/2013:21:58:02 +0200] "GET /info.php?a[]=%3Ca+href=http://phantoms.write2me.nl/%3EHotel+Herceg+Novi%3C/a%3E HTTP/1.0" 200 50885 "http://activparty.hu/" "Mozilla/5.0 (Windows NT 6.1; rv:5.0) Gecko/20100101 Firefox/5.02"
113.212.68.114 - - [20/Jun/2013:21:59:17 +0200] "GET /info.php HTTP/1.1" 200 50403 "http://activparty.hu/" "Mozilla/4.0 (compatible; MSIE 7.0; Windows NT 5.1; SV1; .NET CLR 2.0.50727)"
5.135.47.78 - - [20/Jun/2013:22:08:28 +0200] "GET /info.php?a[]=%3Ca+href=http://1csr.ru?s=The+Northern+Costa+Blanca+-+Spain%3Ejust+click+the+up+coming+page%3C/a%3E HTTP/1.1" 200 51796 "http://activparty.hu/" "Opera/9.80 (Windows NT 6.2; Win64; x64) Presto/2.12.388 Version/12.15"
50.87.115.94 - - [20/Jun/2013:22:10:59 +0200] "GET /info.php?a=%3Ca+href=http://wiki.lightenedblade.com/index.php?title=User:LaurenaRice87%3ESpanish+property+Alicante+( HTTP/1.0" 200 50041 "-" "WordPress/3.5.1; http://www.powergardensheds.com"
184.154.74.140 - - [20/Jun/2013:22:11:24 +0200] "GET /info.php?a[]=%3Ca+href=http://fengur.org/?p=320%3Esemag+20mm+uk%3C/a%3E HTTP/1.0" 200 50877 "http://activparty.hu/" "Mozilla/4.0 (compatible; MSIE 7.0; Windows NT 5.1; Trident/4.0; .NET CLR 1.1.4322)"
77.88.42.27 - - [20/Jun/2013:22:26:31 +0200] "GET /images/letoltes_off.gif HTTP/1.1" 304 - "-" "Mozilla/5.0 (compatible; YandexImages/3.0; +http://yandex.com/bots)"
5.39.108.16 - - [20/Jun/2013:22:28:47 +0200] "GET /info.php?a[]=%3Ca+href=http://phantoms.write2me.nl/%3EHotel+Herceg+Novi%3C/a%3E HTTP/1.0" 200 51007 "http://activparty.hu/" "Mozilla/5.0 (Windows NT 6.1; WOW64) AppleWebKit/535.1 (KHTML, like Gecko) Chrome/13.0.782.112 Safari/535.1"
5.135.85.91 - - [20/Jun/2013:22:45:03 +0200] "GET /info.php?a[]=%3Ca+href=http://xn--monta-ekologicznych-Szamb-mmf.pl%3Eszambo%3C/a%3E HTTP/1.0" 200 50885 "http://activparty.hu/" "Mozilla/5.0 (Windows NT 6.1; rv:5.0) Gecko/20100101 Firefox/5.02"
5.135.85.91 - - [20/Jun/2013:22:45:03 +0200] "GET /info.php?a[]=%3Ca+href=http://xn--monta-ekologicznych-Szamb-mmf.pl%3Eszambo%3C/a%3E HTTP/1.0" 200 51742 "http://dc243.rackhosting.com/?a[]=%3Ca+href=http://onlinebedesten.org/ElidiaCole70%3Esimply+click+the+up+coming+website+page+(" "Mozilla/5.0 rackhosting.com (Windows NT 5.1; U; en) Presto/2.10.229 Version/11.60"
5.135.85.91 - - [20/Jun/2013:22:45:04 +0200] "GET /info.php?a[]=%3Ca+href=http://xn--monta-ekologicznych-Szamb-mmf.pl%3Eszambo%3C/a%3E HTTP/1.0" 200 51427 "http://activparty.hu/" "Mozilla/5.0 rackhosting.com (Windows NT 5.1; U; en) Presto/2.10.229 Version/11.60"
5.135.85.91 - - [20/Jun/2013:22:45:05 +0200] "GET /info.php?a[]=%3Ca+href=http://dc243.rackhosting.com/?a[]=%3Ca+href=http://onlinebedesten.org/ElidiaCole70%3Esimply+click+the+up+coming+website+page+(%3Erackhosting.com%3C/a%3E HTTP/1.0" 200 52280 "http://activparty.hu/" "Mozilla/5.0 rackhosting.com (Windows NT 5.1; U; en) Presto/2.10.229 Version/11.60"
5.135.85.91 - - [20/Jun/2013:22:46:52 +0200] "GET /info.php?a[]=%3Ca+href=http://Xn--imprezy-integracyjne-bielsko-biaa-nof.pl/%3Eimprezy+integracyjne%3C/a%3E HTTP/1.0" 200 51101 "http://activparty.hu/" "Mozilla/5.0 (Windows NT 6.1; WOW64; rv:5.0) Gecko/20100101 Firefox/5.0"
5.135.85.91 - - [20/Jun/2013:22:46:53 +0200] "GET /info.php?a[]=%3Ca+href=http://Xn--imprezy-integracyjne-bielsko-biaa-nof.pl/%3Eimprezy+integracyjne%3C/a%3E HTTP/1.0" 200 51481 "http://www.Jacobssf.com/member/197694" "Opera/9.80 click through the following internet site (Windows NT 5.1; U; en) Presto/2.10.229 Version/11.60"
113.212.68.114 - - [20/Jun/2013:22:54:35 +0200] "GET /info.php HTTP/1.1" 200 50473 "http://activparty.hu/" "Mozilla/5.0 (Windows NT 6.0) AppleWebKit/535.1 (KHTML, like Gecko) Chrome/13.0.782.112 Safari/535.1"
37.59.202.68 - - [20/Jun/2013:22:56:43 +0200] "GET /info.php?a[]=%3Ca+href=http://phantoms.write2me.nl/%3EHotel+Herceg+Novi%3C/a%3E HTTP/1.0" 200 50893 "http://activparty.hu/" "Opera/9.80 (Windows NT 6.2; Win64; x64) Presto/2.12.388 Version/12.15"
66.249.73.168 - - [20/Jun/2013:23:26:18 +0200] "GET / HTTP/1.1" 200 3021 "-" "SAMSUNG-SGH-E250/1.0 Profile/MIDP-2.0 Configuration/CLDC-1.1 UP.Browser/6.2.3.3.c.1.101 (GUI) MMP/2.0 (compatible; Googlebot-Mobile/2.1; +http://www.google.com/bot.html)"
5.39.4.215 - - [20/Jun/2013:23:45:28 +0200] "GET /info.php?a[]=%3Ca+href=http://Xn--imprezy-integracyjne-bielsko-biaa-nof.pl/%3Eimprezy+integracyjne%3C/a%3E HTTP/1.1" 200 51612 "http://activparty.hu/" "Mozilla/5.0 (Windows NT 6.1; WOW64; rv:5.0) Gecko/20100101 Firefox/5.0"
184.154.149.124 - - [20/Jun/2013:23:47:59 +0200] "GET /info.php?a[]=%3Ca+href=http://www.africaff.org/xe/26873%3Eproper+use+of+semicolon+however%3C/a%3E HTTP/1.0" 200 51136 "http://activparty.hu/" "Mozilla/4.0 (compatible; MSIE 6.0; MSIE 5.5; Windows NT 5.0) Opera 7.02 Bork-edition [en]"
184.154.149.124 - - [20/Jun/2013:23:48:08 +0200] "GET /info.php?a[]=%3Ca+href=http://www.keywordseo.com.tw%3E%E9%97%9C%E9%8D%B5%E5%AD%97%3C/a%3E HTTP/1.0" 200 50980 "http://activparty.hu/" "Mozilla/4.0 (compatible; MSIE 6.0; MSIE 5.5; Windows NT 5.0) Opera 7.02 Bork-edition [en]"
194.72.238.241 - - [20/Jun/2013:23:51:18 +0200] "HEAD / HTTP/1.0" 200 0 "http://www.netcraft.com/survey/" "Mozilla/4.0 (compatible; Netcraft Web Server Survey)"
113.212.68.114 - - [21/Jun/2013:00:00:24 +0200] "GET /info.php HTTP/1.1" 200 50559 "http://activparty.hu/" "Mozilla/4.0 (compatible; MSIE 7.0; Windows NT 5.1; Trident/4.0; .NET CLR 2.0.50727; .NET CLR 3.0.4506.2152; .NET CLR 3.5.30729)"
5.135.47.101 - - [21/Jun/2013:00:17:27 +0200] "GET /info.php?a[]=%3Ca+href=http://1csr.ru?s=The+Northern+Costa+Blanca+-+Spain%3Ejust+click+the+up+coming+page%3C/a%3E HTTP/1.1" 200 51792 "http://activparty.hu/" "Mozilla/5.0 (Windows NT 5.1; rv:5.0.1) Gecko/20100101 Firefox/5.0.1"
46.105.131.118 - - [21/Jun/2013:00:18:00 +0200] "GET /info.php HTTP/1.1" 200 50809 "http://activparty.hu/" "Mozilla/4.0 (compatible; MSIE 7.0; Windows NT 5.1; Trident/4.0; .NET CLR 2.0.50727; .NET CLR 3.0.4506.2152; .NET CLR 3.5.30729)"
46.105.131.118 - - [21/Jun/2013:00:18:00 +0200] "GET /info.php?a[]=%3Ca+href=http://net4company.com/blog/803/picking-out-the-very-best-sheboygan-mortgage-loan-loan-company/%3E20+year+mortgage+rates+michigan%3C/a%3E HTTP/1.1" 200 52265 "http://activparty.hu/" "Mozilla/4.0 (compatible; MSIE 7.0; Windows NT 5.1; Trident/4.0; .NET CLR 2.0.50727; .NET CLR 3.0.4506.2152; .NET CLR 3.5.30729)"
67.72.106.168 - - [21/Jun/2013:00:18:30 +0200] "GET /info.php?a=%3Ca+href=http://www.treaming.net/userinfo.php?uid=17028%3Ewww.Treaming.Net%3C/a%3E HTTP/1.0" 200 49844 "-" "WordPress/3.5.1; http://www.socialmediaplayground.com"
5.135.47.101 - - [21/Jun/2013:00:20:34 +0200] "GET /info.php?a[]=%3Ca+href=http://gsaser.com.pl/%3Ecom.pl%3C/a%3E HTTP/1.1" 200 51239 "http://activparty.hu/" "Opera/9.80 (Windows NT 6.2; Win64; x64) Presto/2.12.388 Version/12.15"
5.135.47.101 - - [21/Jun/2013:00:20:37 +0200] "GET /info.php?a[]=%3Ca+href=http://www.ths.Schulen-offenbach.de/moodle/user/view.php?id=28261&course=1%3EHighly+recommended+Web-site%3C/a%3E HTTP/1.1" 200 51995 "http://activparty.hu/" "Opera/9.80 (Windows NT 6.2; Win64; x64) Presto/2.12.388 Version/12.15"
46.4.227.149 - - [21/Jun/2013:00:24:19 +0200] "GET /info.php?a[]=%3Ca+href=http://net4company.com/blog/803/picking-out-the-very-best-sheboygan-mortgage-loan-loan-company/%3E20+year+mortgage+rates+michigan%3C/a%3E HTTP/1.0" 200 51884 "http://activparty.hu/" "Mozilla/4.0 (compatible; MSIE 6.0; MSIE 5.5; Windows NT 5.0) Opera 7.02 Bork-edition [en]"
216.152.251.50 - - [21/Jun/2013:00:33:17 +0200] "GET /info.php HTTP/1.1" 200 50496 "http://activparty.hu/" "Mozilla/5.0 (Windows NT 6.1; WOW64) AppleWebKit/535.1 (KHTML, like Gecko) Chrome/13.0.782.112 Safari/535.1"
142.91.79.58 - - [21/Jun/2013:00:33:19 +0200] "GET /info.php HTTP/1.0" 200 50372 "http://fatburners2.blog.co.uk/" "Mozilla/5.0 fat burners (Windows NT 5.1; U; en) Presto/2.10.229 Version/11.60"
113.212.68.114 - - [21/Jun/2013:00:45:40 +0200] "GET /info.php HTTP/1.1" 200 50444 "http://activparty.hu/" "Mozilla/4.0 (compatible; MSIE 6.0; MSIE 5.5; Windows NT 5.0) Opera 7.02 Bork-edition [en]"
37.59.247.42 - - [21/Jun/2013:00:46:45 +0200] "GET /info.php HTTP/1.1" 200 50644 "http://activparty.hu/" "Mozilla/5.0 (Windows NT 6.1; rv:2.0b7pre) Gecko/20100921 Firefox/4.0b7pre"
37.59.247.42 - - [21/Jun/2013:00:46:52 +0200] "GET /info.php?a[]=%3Ca+href=http://alumni.smcsmankapur.org/members/eldonbert/activity/9422/%3Efree+online+physic+reading+online%3C/a%3E HTTP/1.1" 200 51855 "http://activparty.hu/" "Mozilla/5.0 (Windows NT 6.1; rv:2.0b7pre) Gecko/20100921 Firefox/4.0b7pre"
66.249.73.168 - - [21/Jun/2013:00:48:24 +0200] "GET /aktivparty.html HTTP/1.1" 200 1528 "-" "Mozilla/5.0 (compatible; Googlebot/2.1; +http://www.google.com/bot.html)"
113.212.68.114 - - [21/Jun/2013:01:17:22 +0200] "GET /info.php HTTP/1.1" 200 50425 "http://activparty.hu/" "Mozilla/4.0 (compatible; MSIE 7.0; Windows NT 5.1; Trident/4.0; .NET CLR 1.1.4322)"
94.23.114.59 - - [21/Jun/2013:01:33:32 +0200] "GET /info.php?a[]=%3Ca+href=http://tok.az/index.php?option=com_fireboard&func=myprofile&do=profileinfo%3Eplastic+surgery+breast+enlargement+pictures%3C/a%3E HTTP/1.0" 200 51883 "http://activparty.hu/" "Mozilla/4.0 (compatible; MSIE 6.0; Windows NT 5.1; SV1; FunWebProducts; .NET CLR 1.1.4322; PeoplePal 6.2)"
94.23.114.59 - - [21/Jun/2013:01:33:35 +0200] "GET /info.php?a[]=%3Ca+href=http://beauty.seotaipeiseo.com/%3E%E9%86%AB%E7%BE%8E%E8%A8%BA%E6%89%80%3C/a%3E HTTP/1.0" 200 51107 "http://activparty.hu/" "Mozilla/4.0 (compatible; MSIE 6.0; Windows NT 5.1; SV1; FunWebProducts; .NET CLR 1.1.4322; PeoplePal 6.2)"
113.212.68.114 - - [21/Jun/2013:01:44:44 +0200] "GET /info.php HTTP/1.1" 200 50602 "http://activparty.hu/" "Mozilla/4.0 (compatible; MSIE 8.0; Windows NT 6.0; Trident/4.0; Mozilla/4.0 (compatible; MSIE 6.0; Windows NT 5.1; SV1) ; .NET CLR 3.5.30729)"
184.82.92.240 - - [21/Jun/2013:01:48:08 +0200] "GET /info.php?a[]=%3Ca+href=http://dr.eggs.free.fr/admin/phpinfo.php?a[]=%3Ca+href=http://dickdiver.di.funpic.de/wordpress/?p=10%3Echerry+bomb+muffler+youtube%3C/a%3E%3Esnsd+before+plastic+surgery+photos%3C/a%3E HTTP/1.0" 200 52163 "http://activparty.hu/" "Mozilla/4.0 (compatible; MSIE 6.0; Windows NT 5.1; SV1; MRA 5.8 (build 4157); .NET CLR 2.0.50727; AskTbPTV/5.11.3.15590)"
184.82.92.240 - - [21/Jun/2013:01:48:11 +0200] "GET /info.php?a[]=%3Ca+href=http://beauty.seofortaipei.com/%3E%E5%BE%AE%E6%99%B6%E7%93%B7%E9%9A%86%E9%BC%BB%3C/a%3E HTTP/1.0" 200 51214 "http://activparty.hu/" "Mozilla/4.0 (compatible; MSIE 6.0; Windows NT 5.1; SV1; MRA 5.8 (build 4157); .NET CLR 2.0.50727; AskTbPTV/5.11.3.15590)"
184.154.149.123 - - [21/Jun/2013:02:08:57 +0200] "GET /info.php?a[]=%3Ca+href=http://www.africaff.org/xe/26873%3Eproper+use+of+semicolon+however%3C/a%3E HTTP/1.0" 200 51137 "http://activparty.hu/" "Mozilla/4.0 (compatible; MSIE 6.0; MSIE 5.5; Windows NT 5.0) Opera 7.02 Bork-edition [en]"
184.154.149.123 - - [21/Jun/2013:02:09:01 +0200] "GET /info.php?a[]=%3Ca+href=http://www.keywordseo.com.tw%3ESEO%E6%94%B6%E8%B2%BB%3C/a%3E HTTP/1.0" 200 50945 "http://activparty.hu/" "Mozilla/4.0 (compatible; MSIE 6.0; MSIE 5.5; Windows NT 5.0) Opera 7.02 Bork-edition [en]"
184.154.74.138 - - [21/Jun/2013:02:15:42 +0200] "GET /info.php?a[]=%3Ca+href=http://dr.eggs.free.fr/admin/phpinfo.php?a[]=%3Ca+href=http://dickdiver.di.funpic.de/wordpress/?p=10%3Echerry+bomb+muffler+youtube%3C/a%3E%3Esnsd+before+plastic+surgery+photos%3C/a%3E HTTP/1.0" 200 52012 "http://activparty.hu/" "Opera/9.80 (Windows NT 6.2; Win64; x64) Presto/2.12.388 Version/12.15"
113.212.68.114 - - [21/Jun/2013:02:22:32 +0200] "GET /info.php HTTP/1.1" 200 50497 "http://activparty.hu/" "Mozilla/5.0 (Windows NT 6.1; WOW64) AppleWebKit/535.1 (KHTML, like Gecko) Chrome/13.0.782.112 Safari/535.1"
113.212.68.114 - - [21/Jun/2013:02:48:49 +0200] "GET /info.php HTTP/1.1" 200 50369 "http://activparty.hu/" "Mozilla/5.0 (Windows NT 6.1; rv:5.0) Gecko/20100101 Firefox/5.02"
113.212.68.114 - - [21/Jun/2013:02:48:55 +0200] "GET /info.php HTTP/1.1" 200 50647 "http://www.pmahcgnol.com" "Mozilla/4.0 Si avr il pi grandi sconti (Windows NT 5.1; U; en) Presto/2.10.229 Version/11.60"
217.118.50.211 - - [21/Jun/2013:02:49:41 +0200] "GET /robots.txt HTTP/1.0" 404 - "-" "Mozilla/5.0 (compatible; MJ12bot/v1.4.3; http://www.majestic12.co.uk/bot.php?+)"
217.118.50.211 - - [21/Jun/2013:02:49:46 +0200] "GET /aktivparty.html HTTP/1.0" 200 1528 "-" "Mozilla/5.0 (compatible; MJ12bot/v1.4.3; http://www.majestic12.co.uk/bot.php?+)"
217.118.50.211 - - [21/Jun/2013:02:50:01 +0200] "GET /robots.txt HTTP/1.0" 404 - "-" "Mozilla/5.0 (compatible; MJ12bot/v1.4.3; http://www.majestic12.co.uk/bot.php?+)"
217.118.50.211 - - [21/Jun/2013:02:50:06 +0200] "GET /aktivparty.html HTTP/1.0" 200 1528 "-" "Mozilla/5.0 (compatible; MJ12bot/v1.4.3; http://www.majestic12.co.uk/bot.php?+)"
113.212.68.114 - - [21/Jun/2013:02:53:41 +0200] "GET /info.php HTTP/1.1" 200 50492 "http://activparty.hu/" "Mozilla/5.0 (Windows NT 6.1; WOW64) AppleWebKit/535.1 (KHTML, like Gecko) Chrome/13.0.782.112 Safari/535.1"
113.212.68.114 - - [21/Jun/2013:03:01:47 +0200] "GET /info.php HTTP/1.1" 200 50602 "http://activparty.hu/" "Mozilla/4.0 (compatible; MSIE 8.0; Windows NT 6.0; Trident/4.0; Mozilla/4.0 (compatible; MSIE 6.0; Windows NT 5.1; SV1) ; .NET CLR 3.5.30729)"
37.59.91.70 - - [21/Jun/2013:03:05:19 +0200] "GET /info.php HTTP/1.1" 200 50648 "http://activparty.hu/" "Mozilla/4.0 (compatible; MSIE 7.0; Windows NT 5.1; SV1; .NET CLR 2.0.50727)"
37.59.91.70 - - [21/Jun/2013:03:05:19 +0200] "GET /info.php?a[]=%3Ca+href=http://www.lyrik-base.de/JasminFor%3Eyouth+leadership+training+manual%3C/a%3E HTTP/1.1" 200 51610 "http://activparty.hu/" "Mozilla/4.0 (compatible; MSIE 7.0; Windows NT 5.1; SV1; .NET CLR 2.0.50727)"
77.88.42.27 - - [21/Jun/2013:03:05:21 +0200] "GET /robots.txt HTTP/1.1" 404 - "-" "Mozilla/5.0 (compatible; YandexBot/3.0; +http://yandex.com/bots)"
77.88.42.27 - - [21/Jun/2013:03:05:24 +0200] "GET / HTTP/1.1" 200 3021 "-" "Mozilla/5.0 (compatible; YandexBot/3.0; +http://yandex.com/bots)"
77.88.42.27 - - [21/Jun/2013:03:05:40 +0200] "GET / HTTP/1.1" 200 3021 "-" "Mozilla/5.0 (compatible; YandexBot/3.0; +http://yandex.com/bots)"
77.88.42.27 - - [21/Jun/2013:03:06:42 +0200] "GET / HTTP/1.1" 200 3021 "-" "Mozilla/5.0 (compatible; YandexBot/3.0; +http://yandex.com/bots)"
77.88.42.27 - - [21/Jun/2013:03:11:47 +0200] "GET / HTTP/1.1" 200 3021 "-" "Mozilla/5.0 (compatible; YandexBot/3.0; +http://yandex.com/bots)"
178.32.186.130 - - [21/Jun/2013:03:15:27 +0200] "GET /info.php?a[]=%3Ca+href=http://www.lyrik-base.de/JasminFor%3Eyouth+leadership+training+manual%3C/a%3E HTTP/1.1" 200 51592 "http://activparty.hu/" "Mozilla/5.0 (Windows NT 5.1; rv:5.0.1) Gecko/20100101 Firefox/5.0.1"
113.212.68.114 - - [21/Jun/2013:03:24:15 +0200] "GET /info.php HTTP/1.1" 200 50602 "http://activparty.hu/" "Mozilla/4.0 (compatible; MSIE 8.0; Windows NT 6.0; Trident/4.0; Mozilla/4.0 (compatible; MSIE 6.0; Windows NT 5.1; SV1) ; .NET CLR 3.5.30729)"
113.212.68.114 - - [21/Jun/2013:03:51:53 +0200] "GET /info.php HTTP/1.1" 200 50444 "http://activparty.hu/" "Mozilla/4.0 (compatible; MSIE 6.0; MSIE 5.5; Windows NT 5.0) Opera 7.02 Bork-edition [en]"
113.212.68.114 - - [21/Jun/2013:04:22:05 +0200] "GET /info.php HTTP/1.1" 200 50425 "http://activparty.hu/" "Mozilla/4.0 (compatible; MSIE 7.0; Windows NT 5.1; Trident/4.0; .NET CLR 1.1.4322)"
5.39.4.215 - - [21/Jun/2013:04:22:33 +0200] "GET /info.php?a[]=%3Ca+href=HTTP://xn--imprezy-integracyjne-bielsko-Biaa-Nof.pl/%3Eimprezy+integracyjne%3C/a%3E HTTP/1.1" 200 51763 "http://activparty.hu/" "Mozilla/4.0 (compatible; MSIE 6.0; Windows NT 5.1; SV1; MRA 5.8 (build 4157); .NET CLR 2.0.50727; AskTbPTV/5.11.3.15590)"
5.39.4.215 - - [21/Jun/2013:04:22:34 +0200] "GET /info.php?a[]=%3Ca+href=http://www.yerliyedekparca.com/forum/member.php?action=profile&uid=46369%3Eyerliyedekparca.com%3C/a%3E HTTP/1.1" 200 52037 "http://activparty.hu/" "Mozilla/4.0 (compatible; MSIE 6.0; Windows NT 5.1; SV1; MRA 5.8 (build 4157); .NET CLR 2.0.50727; AskTbPTV/5.11.3.15590)"
198.147.22.96 - - [21/Jun/2013:04:27:06 +0200] "GET /info.php?a[]=%3Ca+href=http://blog.thelist7week.com/?p=12%3Estem+and+leaf+plot+worksheets%3C/a%3E HTTP/1.0" 200 51326 "http://activparty.hu/" "Mozilla/5.0 (Windows NT 6.1; WOW64; rv:5.0) Gecko/20100101 Firefox/5.0"
198.147.22.96 - - [21/Jun/2013:04:27:09 +0200] "GET /info.php?a[]=%3Ca+href=http://blog.thelist7week.com/?p=12%3Estem+and+leaf+plot+worksheets%3C/a%3E HTTP/1.0" 200 51502 "http://www.tw007.org" "Mozilla/4.0 \xe5\xbe\xb5\xe4\xbf\xa1 (Windows NT 5.1; U; en) Presto/2.10.229 Version/11.60"
112.111.188.9 - - [21/Jun/2013:04:39:47 +0200] "POST /info.php?a=%3ca+href=http://www.treaming.net/userinfo.php?uid=17028%3ewww.treaming.net%3c/a%3e HTTP/1.1" 200 50302 "-" "Mozilla/5.0 (compatible; Googlebot/2.1; +http://www.google.com/bot.html)"
5.135.113.136 - - [21/Jun/2013:04:42:51 +0200] "GET /info.php?a[]=%3Ca+href=http://gsaser.Com.pl%3Egsa+search+engine+ranker%3C/a%3E HTTP/1.1" 200 51438 "http://activparty.hu/" "Mozilla/4.0 (compatible; MSIE 7.0; Windows NT 5.1; SV1; .NET CLR 2.0.50727)"
5.135.113.136 - - [21/Jun/2013:04:42:51 +0200] "GET /info.php?a[]=%3Ca+href=http://home.unist.ac.kr/professor/milee/xe/?mid=study&page=1&listStyle=list&document_srl=23268&sort_index=readed_count&order_type=desc%3EMoodle.seda.ac.uk+-+Moodle.seda.ac.uk%3C/a%3E HTTP/1.1" 200 53120 "http://activparty.hu/" "Mozilla/4.0 (compatible; MSIE 7.0; Windows NT 5.1; SV1; .NET CLR 2.0.50727)"
101.226.166.217 - - [21/Jun/2013:04:42:57 +0200] "GET / HTTP/1.1" 200 3021 "http://activparty.hu/" "Mozilla/4.0 (compatible; MSIE 8.0; Windows NT 6.1; Trident/4.0; SLCC2; .NET CLR 2.0.50727; .NET CLR 3.5.30729; .NET CLR 3.0.30729; Media Center PC 6.0; MDDR; .NET4.0C; .NET4.0E; .NET CLR 1.1.4322; Tablet PC 2.0); 360Spider"
182.118.45.36 - - [21/Jun/2013:04:43:09 +0200] "GET / HTTP/1.1" 200 3021 "-" "Mozilla/4.0 (compatible; MSIE 8.0; Windows NT 5.1; Trident/4.0)"
94.23.114.59 - - [21/Jun/2013:04:48:02 +0200] "GET /info.php?a[]=%3Ca+href=HTTP://xn--imprezy-integracyjne-bielsko-Biaa-Nof.pl/%3Eimprezy+integracyjne%3C/a%3E HTTP/1.0" 200 51095 "http://activparty.hu/" "Mozilla/5.0 (Windows NT 5.1; rv:5.0.1) Gecko/20100101 Firefox/5.0.1"
94.23.114.59 - - [21/Jun/2013:04:48:05 +0200] "GET /info.php?a[]=%3Ca+href=HTTP://xn--imprezy-integracyjne-bielsko-Biaa-Nof.pl/%3Eimprezy+integracyjne%3C/a%3E HTTP/1.0" 200 51640 "http://tusindsmil.blogspot.co.uk/2009/07/practise-pain-and-suffering.html" "Opera/9.80 Read More Listed here (Windows NT 5.1; U; en) Presto/2.10.229 Version/11.60"
173.236.21.106 - - [21/Jun/2013:05:07:08 +0200] "GET /robots.txt HTTP/1.0" 404 - "-" "Mozilla/5.0 (compatible; MJ12bot/v1.4.3; http://www.majestic12.co.uk/bot.php?+)"
173.236.21.106 - - [21/Jun/2013:05:07:09 +0200] "GET /info.php?option=com_blog&view=comments&pid=37247&Itemid=0%3Elochcarrongarage.com%3C/a%3E HTTP/1.0" 200 51024 "-" "Mozilla/5.0 (compatible; MJ12bot/v1.4.3; http://www.majestic12.co.uk/bot.php?+)"
173.236.21.106 - - [21/Jun/2013:05:07:11 +0200] "GET /info.php?mode=viewprofile&u=163483%3EFind%20Out%20More%3C/a%3E HTTP/1.0" 200 50536 "-" "Mozilla/5.0 (compatible; MJ12bot/v1.4.3; http://www.majestic12.co.uk/bot.php?+)"
173.236.21.106 - - [21/Jun/2013:05:07:13 +0200] "GET /info.php?a%5B%5D=%3Ca%20href=http://www.sejour-saint-martin.fr%3Eavis%20reservation%20hotelliere%3C/a%3E%3Eavis%20vacances%3C/a%3E HTTP/1.0" 200 51004 "-" "Mozilla/5.0 (compatible; MJ12bot/v1.4.3; http://www.majestic12.co.uk/bot.php?+)"
173.236.21.106 - - [21/Jun/2013:05:07:15 +0200] "GET /info.php?a%5B%5D=%3Ca%20href=thirdpartyinsurances.com/%3Elook%20what%20I%20found%3C/a%3E%3Eadvice%3C/a%3E HTTP/1.0" 200 50804 "-" "Mozilla/5.0 (compatible; MJ12bot/v1.4.3; http://www.majestic12.co.uk/bot.php?+)"
178.32.140.28 - - [21/Jun/2013:05:13:06 +0200] "GET /info.php?a[]=%3Ca+href=http://Detektywenigma.pl/%3Eagencja+detektywistyczna%3C/a%3E HTTP/1.0" 200 50937 "http://activparty.hu/" "Mozilla/4.0 (compatible; MSIE 7.0; Windows NT 5.1; SV1; .NET CLR 2.0.50727)"
113.212.68.114 - - [21/Jun/2013:05:18:18 +0200] "GET /info.php HTTP/1.1" 200 50476 "http://activparty.hu/" "Mozilla/5.0 (Windows NT 6.0) AppleWebKit/535.1 (KHTML, like Gecko) Chrome/13.0.782.112 Safari/535.1"
46.4.241.80 - - [21/Jun/2013:05:23:11 +0200] "GET /info.php HTTP/1.1" 200 50720 "http://activparty.hu/" "Mozilla/5.0 (Windows NT 6.0) AppleWebKit/535.1 (KHTML, like Gecko) Chrome/13.0.782.112 Safari/535.1"
46.4.241.80 - - [21/Jun/2013:05:23:11 +0200] "GET /info.php?a[]=%3Ca+href=http://businessnetworkingportal.com/groups/handling-an-bronchial-asthma-attackasthma-to-start-with-assist-procedure/%3Efirst+aid+certification+online+uk%3C/a%3E HTTP/1.1" 200 52360 "http://activparty.hu/" "Mozilla/5.0 (Windows NT 6.0) AppleWebKit/535.1 (KHTML, like Gecko) Chrome/13.0.782.112 Safari/535.1"
91.121.36.89 - - [21/Jun/2013:05:32:23 +0200] "GET /info.php?a[]=%3Ca+href=http://businessnetworkingportal.com/groups/handling-an-bronchial-asthma-attackasthma-to-start-with-assist-procedure/%3Efirst+aid+certification+online+uk%3C/a%3E HTTP/1.1" 200 52284 "http://activparty.hu/" "Mozilla/5.0 (Windows NT 6.1; rv:2.0b7pre) Gecko/20100921 Firefox/4.0b7pre"
157.55.35.37 - - [21/Jun/2013:05:44:58 +0200] "GET /robots.txt HTTP/1.1" 404 - "-" "Mozilla/5.0 (compatible; bingbot/2.0; +http://www.bing.com/bingbot.htm)"
157.55.35.37 - - [21/Jun/2013:05:48:02 +0200] "GET / HTTP/1.1" 200 3021 "-" "Mozilla/5.0 (compatible; bingbot/2.0; +http://www.bing.com/bingbot.htm)"
113.212.68.114 - - [21/Jun/2013:05:57:08 +0200] "GET /info.php HTTP/1.1" 200 50446 "http://activparty.hu/" "Mozilla/4.0 (compatible; MSIE 6.0; MSIE 5.5; Windows NT 5.0) Opera 7.02 Bork-edition [en]"
113.212.68.114 - - [21/Jun/2013:06:18:06 +0200] "GET /info.php HTTP/1.1" 200 50396 "http://activparty.hu/" "Mozilla/5.0 (Windows NT 6.1; rv:2.0b7pre) Gecko/20100921 Firefox/4.0b7pre"
113.212.68.114 - - [21/Jun/2013:06:39:32 +0200] "GET /info.php HTTP/1.1" 200 50539 "http://activparty.hu/" "Mozilla/4.0 (compatible; MSIE 6.0; Windows NT 5.1; SV1; MRA 5.8 (build 4157); .NET CLR 2.0.50727; AskTbPTV/5.11.3.15590)"
113.212.68.114 - - [21/Jun/2013:07:07:40 +0200] "GET /info.php HTTP/1.1" 200 50497 "http://activparty.hu/" "Mozilla/5.0 (Windows NT 6.1; WOW64) AppleWebKit/535.1 (KHTML, like Gecko) Chrome/13.0.782.112 Safari/535.1"
5.135.47.65 - - [21/Jun/2013:07:16:46 +0200] "GET /info.php?a[]=%3Ca+href=http://Xn--imprezy-integracyjne-bielsko-biaa-nof.pl/%3Eimprezy+integracyjne%3C/a%3E HTTP/1.1" 200 51819 "http://activparty.hu/" "Mozilla/5.0 (Linux; U; Android 2.2; fr-fr; Desire_A8181 Build/FRF91) App3leWebKit/53.1 (KHTML, like Gecko) Version/4.0 Mobile Safari/533.1"
5.135.47.65 - - [21/Jun/2013:07:16:50 +0200] "GET /info.php?a[]=%3Ca+href=http://kenyauptodate.blogspot.de/2012/02/whitney-houston-musical-superstar-dies.html%3EVisit+My+Website%3C/a%3E HTTP/1.1" 200 52057 "http://activparty.hu/" "Mozilla/5.0 (Linux; U; Android 2.2; fr-fr; Desire_A8181 Build/FRF91) App3leWebKit/53.1 (KHTML, like Gecko) Version/4.0 Mobile Safari/533.1"
5.135.113.136 - - [21/Jun/2013:07:22:13 +0200] "GET /info.php?a[]=%3Ca+href=http://kenyauptodate.blogspot.de/2012/02/whitney-houston-musical-superstar-dies.html%3EVisit+My+Website%3C/a%3E HTTP/1.1" 200 51893 "http://activparty.hu/" "Mozilla/4.0 (compatible; MSIE 7.0; Windows NT 5.1; Trident/4.0; .NET CLR 1.1.4322)"
5.39.4.217 - - [21/Jun/2013:07:27:43 +0200] "GET /info.php?a[]=%3Ca+href=HTTP://xn--imprezy-integracyjne-bielsko-Biaa-Nof.pl/%3Eimprezy+integracyjne%3C/a%3E HTTP/1.0" 200 51208 "http://activparty.hu/" "Mozilla/5.0 (Windows NT 6.1; WOW64) AppleWebKit/535.1 (KHTML, like Gecko) Chrome/13.0.782.112 Safari/535.1"
5.39.4.217 - - [21/Jun/2013:07:27:44 +0200] "GET /info.php?a[]=%3Ca+href=HTTP://xn--imprezy-integracyjne-bielsko-Biaa-Nof.pl/%3Eimprezy+integracyjne%3C/a%3E HTTP/1.0" 200 51873 "http://www.media-humanrights.org/hrforum/profile.php?mode=viewprofile&u=156851" "Opera/9.80 http://www.media-humanrights.org/hrforum/profile.php?mode=viewprofile&u=156851 (Windows NT 5.1; U; en) Presto/2.10.229 Version/11.60"
5.39.4.217 - - [21/Jun/2013:07:30:17 +0200] "GET /info.php?a[]=%3Ca+href=http://gsaser.Com.pl/%3Egsa+search+engine+ranker%3C/a%3E HTTP/1.0" 200 50969 "http://activparty.hu/" "Mozilla/4.0 (compatible; MSIE 6.0; MSIE 5.5; Windows NT 5.0) Opera 7.02 Bork-edition [en]"
5.39.4.217 - - [21/Jun/2013:07:30:18 +0200] "GET /info.php?a[]=%3Ca+href=http://www.euromastkidsclub.nl/member/facebook_login?a[]=%3Ca+href=http://www.ufrb.edu.br/plugwiki/index.php?title=Benidorm_Therfore_The_Costa_Blanca_Spain_Travel_Tips%3EHttp://www.thespainforum.com/classifieds/showcat.php?cat=8%3C/a%3E%3Eclick+the+up+coming+article%3C/a%3E HTTP/1.0" 200 52749 "http://activparty.hu/" "Mozilla/4.0 (compatible; MSIE 6.0; MSIE 5.5; Windows NT 5.0) Opera 7.02 Bork-edition [en]"
5.39.4.217 - - [21/Jun/2013:07:33:39 +0200] "GET /info.php?a[]=%3Ca+href=http://www.euromastkidsclub.nl/member/facebook_login?a[]=%3Ca+href=http://www.ufrb.edu.br/plugwiki/index.php?title=Benidorm_Therfore_The_Costa_Blanca_Spain_Travel_Tips%3EHttp://www.thespainforum.com/classifieds/showcat.php?cat=8%3C/a%3E%3Eclick+the+up+coming+article%3C/a%3E HTTP/1.0" 200 52728 "http://activparty.hu/" "Mozilla/4.0 (compatible; MSIE 7.0; Windows NT 5.1; Trident/4.0; .NET CLR 1.1.4322)"
66.249.73.168 - - [21/Jun/2013:07:36:13 +0200] "GET /robots.txt HTTP/1.1" 404 - "-" "Mozilla/5.0 (compatible; Googlebot/2.1; +http://www.google.com/bot.html)"
66.249.73.168 - - [21/Jun/2013:07:36:13 +0200] "GET / HTTP/1.1" 200 3021 "-" "Mozilla/5.0 (iPhone; U; CPU iPhone OS 4_1 like Mac OS X; en-us) AppleWebKit/532.9 (KHTML, like Gecko) Version/4.0.5 Mobile/8B117 Safari/6531.22.7 (compatible; Googlebot-Mobile/2.1; +http://www.google.com/bot.html)"
113.212.68.114 - - [21/Jun/2013:07:38:18 +0200] "GET /info.php HTTP/1.1" 200 50380 "http://activparty.hu/" "Mozilla/5.0 (Windows NT 5.1; rv:13.0) Gecko/20100101 Firefox/13.0.1"
66.249.73.168 - - [21/Jun/2013:08:21:24 +0200] "GET /aktivparty.html HTTP/1.1" 304 - "-" "Mozilla/5.0 (iPhone; U; CPU iPhone OS 4_1 like Mac OS X; en-us) AppleWebKit/532.9 (KHTML, like Gecko) Version/4.0.5 Mobile/8B117 Safari/6531.22.7 (compatible; Googlebot-Mobile/2.1; +http://www.google.com/bot.html)"
5.135.47.90 - - [21/Jun/2013:08:24:38 +0200] "GET /info.php?a[]=%3Ca+href=http://Xn--imprezy-integracyjne-bielsko-biaa-nof.pl/%3Eimprezy+integracyjne%3C/a%3E HTTP/1.1" 200 51624 "http://activparty.hu/" "Mozilla/5.0 (Windows NT 6.1; rv:2.0b7pre) Gecko/20100921 Firefox/4.0b7pre"
5.135.47.90 - - [21/Jun/2013:08:24:45 +0200] "GET /info.php?a[]=%3Ca+href=http://Xn--imprezy-integracyjne-bielsko-biaa-nof.pl/%3Eimprezy+integracyjne%3C/a%3E HTTP/1.1" 200 52004 "http://www.priceshop.me/viewupdate.php?id=75425" "Opera/9.80 click the up coming post (Windows NT 5.1; U; en) Presto/2.10.229 Version/11.60"
113.212.68.114 - - [21/Jun/2013:08:25:07 +0200] "GET /info.php HTTP/1.1" 200 50602 "http://activparty.hu/" "Mozilla/4.0 (compatible; MSIE 8.0; Windows NT 6.0; Trident/4.0; Mozilla/4.0 (compatible; MSIE 6.0; Windows NT 5.1; SV1) ; .NET CLR 3.5.30729)"
5.135.47.107 - - [21/Jun/2013:08:34:39 +0200] "GET /info.php?a[]=%3Ca+href=HTTP://xn--imprezy-integracyjne-bielsko-Biaa-Nof.pl/%3Eimprezy+integracyjne%3C/a%3E HTTP/1.0" 200 51119 "http://activparty.hu/" "Mozilla/4.0 (compatible; MSIE 7.0; Windows NT 5.1; SV1; .NET CLR 2.0.50727)"
5.135.47.107 - - [21/Jun/2013:08:35:22 +0200] "GET /info.php?a[]=%3Ca+href=http://Xn--imprezy-integracyjne-bielsko-biaa-nof.pl/%3Eimprezy+integracyjne%3C/a%3E HTTP/1.0" 200 51113 "http://activparty.hu/" "Mozilla/5.0 (Windows NT 6.1; rv:2.0b7pre) Gecko/20100921 Firefox/4.0b7pre"
5.135.47.107 - - [21/Jun/2013:08:35:25 +0200] "GET /info.php?a[]=%3Ca+href=http://Xn--imprezy-integracyjne-bielsko-biaa-nof.pl/%3Eimprezy+integracyjne%3C/a%3E HTTP/1.0" 200 52362 "http://executive-english-uk.com/php.php?a[]=%3Ca+href=http://Ymcaleadersclub.org/social/blog/view/5394/guide-to-the-top-ten-vacation-sites-in-spain%3Eweather+forecast+nyc+(" "Mozilla/4.0 weather forecast nyc ( ) _GET[\"a\"] Array ( [0] => (Windows NT 5.1; U; en) Presto/2.10.229 Version/11.60"
5.135.47.107 - - [21/Jun/2013:08:35:27 +0200] "GET /info.php?a[]=%3Ca+href=http://Xn--imprezy-integracyjne-bielsko-biaa-nof.pl/%3Eimprezy+integracyjne%3C/a%3E HTTP/1.0" 200 51909 "http://activparty.hu/" "Mozilla/4.0 weather forecast nyc ( ) _GET[\"a\"] Array ( [0] => (Windows NT 5.1; U; en) Presto/2.10.229 Version/11.60"
5.135.47.107 - - [21/Jun/2013:08:35:29 +0200] "GET /info.php?a[]=%3Ca+href=http://executive-english-uk.com/php.php?a[]=%3Ca+href=http://Ymcaleadersclub.org/social/blog/view/5394/guide-to-the-top-ten-vacation-sites-in-spain%3Eweather+forecast+nyc+(%3Eweather+forecast+nyc+(+)+_GET[%22a%22]+Array+(+[0]+=%3E%3C/a%3E HTTP/1.0" 200 53345 "http://activparty.hu/" "Mozilla/4.0 weather forecast nyc ( ) _GET[\"a\"] Array ( [0] => (Windows NT 5.1; U; en) Presto/2.10.229 Version/11.60"
113.212.68.114 - - [21/Jun/2013:08:49:50 +0200] "GET /info.php HTTP/1.1" 200 50399 "http://activparty.hu/" "Mozilla/4.0 (compatible; MSIE 7.0; Windows NT 5.1; SV1; .NET CLR 2.0.50727)"
5.135.47.68 - - [21/Jun/2013:09:11:07 +0200] "GET /info.php?a[]=%3Ca+href=HTTP://xn--imprezy-integracyjne-bielsko-Biaa-Nof.pl/%3Eimprezy+integracyjne%3C/a%3E HTTP/1.1" 200 51606 "http://activparty.hu/" "Mozilla/5.0 (Windows NT 5.1; rv:5.0.1) Gecko/20100101 Firefox/5.0.1"
5.135.47.68 - - [21/Jun/2013:09:11:20 +0200] "GET /info.php?a[]=%3Ca+href=HTTP://xn--imprezy-integracyjne-bielsko-Biaa-Nof.pl/%3Eimprezy+integracyjne%3C/a%3E HTTP/1.1" 200 52748 "http://www.Duhaime.org/CustomSearchResults.aspx?search=http://www.worldlinks4u.com/members/lindamorris1984/activity/54438/" "Mozilla/5.0 http://www.Duhaime.org/CustomSearchResults.aspx?search=http://www.worldlinks4u.com/members/lindamorris1984/activity/54438 (Windows NT 5.1; U; en) Presto/2.10.229 Version/11.60"
5.135.47.68 - - [21/Jun/2013:09:15:52 +0200] "GET /info.php?a[]=%3Ca+href=http://Xn--imprezy-integracyjne-bielsko-biaa-nof.pl/%3Eimprezy+integracyjne%3C/a%3E HTTP/1.1" 200 51606 "http://activparty.hu/" "Mozilla/5.0 (Windows NT 5.1; rv:5.0.1) Gecko/20100101 Firefox/5.0.1"
5.135.47.68 - - [21/Jun/2013:09:16:06 +0200] "GET /info.php?a[]=%3Ca+href=http://Xn--imprezy-integracyjne-bielsko-biaa-nof.pl/%3Eimprezy+integracyjne%3C/a%3E HTTP/1.1" 200 52640 "http://jbana291.maido3.com/info.php?a[]=%3Ca+href=http://www.szakibazis.com/blogs/entry/Make-Traveling-Easier-With-One-Of-These%3Ehttp://www.szakibazis.com/+(" "Opera/9.80 apache2handler (Windows NT 5.1; U; en) Presto/2.10.229 Version/11.60"
5.135.47.68 - - [21/Jun/2013:09:16:20 +0200] "GET /info.php?a[]=%3Ca+href=http://Xn--imprezy-integracyjne-bielsko-biaa-nof.pl/%3Eimprezy+integracyjne%3C/a%3E HTTP/1.1" 200 52229 "http://activparty.hu/" "Opera/9.80 apache2handler (Windows NT 5.1; U; en) Presto/2.10.229 Version/11.60"
5.135.47.68 - - [21/Jun/2013:09:16:39 +0200] "GET /info.php?a[]=%3Ca+href=http://jbana291.maido3.com/info.php?a[]=%3Ca+href=http://www.szakibazis.com/blogs/entry/Make-Traveling-Easier-With-One-Of-These%3Ehttp://www.szakibazis.com/+(%3Eapache2handler%3C/a%3E HTTP/1.1" 200 53047 "http://activparty.hu/" "Opera/9.80 apache2handler (Windows NT 5.1; U; en) Presto/2.10.229 Version/11.60"
113.212.68.114 - - [21/Jun/2013:09:21:15 +0200] "GET /info.php HTTP/1.1" 200 50425 "http://activparty.hu/" "Mozilla/4.0 (compatible; MSIE 7.0; Windows NT 5.1; Trident/4.0; .NET CLR 1.1.4322)"
77.111.90.197 - - [21/Jun/2013:09:46:46 +0200] "GET / HTTP/1.1" 200 3021 "-" "Mozilla/5.0 (X11; U; Linux i686; en-US; rv:1.9.0.4) Gecko/2008111318 Ubuntu/8.10 (intrepid) Firefox/3.0.4"
87.98.165.144 - - [21/Jun/2013:09:46:49 +0200] "GET /info.php?a[]=%3Ca+href=http://1csr.ru?s=The+Northern+Costa+Blanca+-+Spain%3Ejust+click+the+up+coming+page%3C/a%3E HTTP/1.0" 200 51306 "http://activparty.hu/" "Mozilla/4.0 (compatible; MSIE 7.0; Windows NT 5.1; SV1; .NET CLR 2.0.50727)"
87.98.165.144 - - [21/Jun/2013:09:46:49 +0200] "GET /info.php?a[]=%3Ca+href=http://itunesu.wasatch.edu/groups/test/wiki/18d4e/Rojales_Spain.html%3ERelated+Web+Site%3C/a%3E HTTP/1.0" 200 51231 "http://activparty.hu/" "Mozilla/4.0 (compatible; MSIE 7.0; Windows NT 5.1; SV1; .NET CLR 2.0.50727)"
113.212.68.114 - - [21/Jun/2013:09:51:02 +0200] "GET /info.php HTTP/1.1" 200 50425 "http://activparty.hu/" "Mozilla/4.0 (compatible; MSIE 7.0; Windows NT 5.1; Trident/4.0; .NET CLR 1.1.4322)"
87.98.165.144 - - [21/Jun/2013:09:51:18 +0200] "GET /info.php?a[]=%3Ca+href=http://itunesu.wasatch.edu/groups/test/wiki/18d4e/Rojales_Spain.html%3ERelated+Web+Site%3C/a%3E HTTP/1.0" 200 51420 "http://activparty.hu/" "Mozilla/5.0 (Linux; U; Android 2.2; fr-fr; Desire_A8181 Build/FRF91) App3leWebKit/53.1 (KHTML, like Gecko) Version/4.0 Mobile Safari/533.1"
113.212.68.114 - - [21/Jun/2013:10:41:03 +0200] "GET /info.php HTTP/1.1" 200 50425 "http://activparty.hu/" "Mozilla/4.0 (compatible; MSIE 7.0; Windows NT 5.1; Trident/4.0; .NET CLR 1.1.4322)"
113.212.68.114 - - [21/Jun/2013:11:03:54 +0200] "GET /info.php HTTP/1.1" 200 50380 "http://activparty.hu/" "Mozilla/5.0 (Windows NT 5.1; rv:13.0) Gecko/20100101 Firefox/13.0.1"
157.55.35.76 - - [21/Jun/2013:11:16:47 +0200] "GET /robots.txt HTTP/1.1" 404 - "-" "Mozilla/5.0 (compatible; bingbot/2.0; +http://www.bing.com/bingbot.htm)"
157.55.35.76 - - [21/Jun/2013:11:17:43 +0200] "GET / HTTP/1.1" 200 3021 "-" "Mozilla/5.0 (compatible; bingbot/2.0; +http://www.bing.com/bingbot.htm)"
113.212.68.114 - - [21/Jun/2013:11:20:18 +0200] "GET /info.php HTTP/1.1" 200 50595 "http://activparty.hu/" "Mozilla/4.0 (compatible; MSIE 8.0; Windows NT 6.0; Trident/4.0; Mozilla/4.0 (compatible; MSIE 6.0; Windows NT 5.1; SV1) ; .NET CLR 3.5.30729)"
113.212.68.114 - - [21/Jun/2013:11:38:40 +0200] "GET /info.php HTTP/1.1" 200 50441 "http://activparty.hu/" "Mozilla/4.0 (compatible; MSIE 6.0; MSIE 5.5; Windows NT 5.0) Opera 7.02 Bork-edition [en]"
113.212.68.114 - - [21/Jun/2013:12:00:47 +0200] "GET /info.php HTTP/1.1" 200 50380 "http://activparty.hu/" "Mozilla/5.0 (Windows NT 5.1; rv:13.0) Gecko/20100101 Firefox/13.0.1"
85.25.97.143 - - [21/Jun/2013:12:03:36 +0200] "GET /info.php?a[]=%3Ca+href=http://www.treaming.net/userinfo.php?uid=17028%3Ewww.Treaming.Net%3C/a%3E HTTP/1.0" 200 49895 "-" "WordPress/3.0.4; http://www.trnd.com/fr/blog"
37.59.9.153 - - [21/Jun/2013:12:21:18 +0200] "GET /info.php?a[]=%3Ca+href=http://phantoms.write2me.nl/%3EHotel+Herceg+Novi%3C/a%3E HTTP/1.0" 200 50987 "http://activparty.hu/" "Mozilla/5.0 (Windows NT 6.0) AppleWebKit/535.1 (KHTML, like Gecko) Chrome/13.0.782.112 Safari/535.1"
37.59.9.153 - - [21/Jun/2013:12:21:19 +0200] "GET /info.php?a[]=%3Ca+href=http://phantoms.write2me.nl/%3EHotel+Herceg+Novi%3C/a%3E HTTP/1.0" 200 51412 "http://www.krudy-nyh.sulinet.hu/wiki/index.php/Szerkeszt%C5%91:ClarkD37" "Opera/9.80 armani cuir homme (Windows NT 5.1; U; en) Presto/2.10.229 Version/11.60"
37.59.9.153 - - [21/Jun/2013:12:21:20 +0200] "GET /info.php?a[]=%3Ca+href=http://phantoms.write2me.nl/%3EHotel+Herceg+Novi%3C/a%3E HTTP/1.0" 200 51262 "http://activparty.hu/" "Opera/9.80 armani cuir homme (Windows NT 5.1; U; en) Presto/2.10.229 Version/11.60"
37.59.9.153 - - [21/Jun/2013:12:21:24 +0200] "GET /info.php?a[]=%3Ca+href=http://www.krudy-nyh.sulinet.hu/wiki/index.php/Szerkeszt%C5%91:ClarkD37%3Earmani+cuir+homme%3C/a%3E HTTP/1.0" 200 51593 "http://activparty.hu/" "Opera/9.80 armani cuir homme (Windows NT 5.1; U; en) Presto/2.10.229 Version/11.60"
37.59.9.153 - - [21/Jun/2013:12:21:25 +0200] "GET /info.php?a[]=%3Ca+href=http://phantoms.write2me.nl/%3EHotel+Herceg+Novi%3C/a%3E HTTP/1.0" 200 51257 "http://activparty.hu/" "Opera/9.80 armani cuir homme (Windows NT 5.1; U; en) Presto/2.10.229 Version/11.60"
66.249.73.168 - - [21/Jun/2013:12:23:48 +0200] "GET /aktivparty.html HTTP/1.1" 304 - "-" "DoCoMo/2.0 N905i(c100;TB;W24H16) (compatible; Googlebot-Mobile/2.1; +http://www.google.com/bot.html)"
113.212.68.114 - - [21/Jun/2013:12:25:50 +0200] "GET /info.php HTTP/1.1" 200 50423 "http://activparty.hu/" "Mozilla/4.0 (compatible; MSIE 7.0; Windows NT 5.1; Trident/4.0; .NET CLR 1.1.4322)"
5.135.47.93 - - [21/Jun/2013:12:35:39 +0200] "GET /info.php?a[]=%3Ca+href=http://Xn--imprezy-integracyjne-bielsko-biaa-nof.pl/%3Eimprezy+integracyjne%3C/a%3E HTTP/1.1" 200 51786 "http://activparty.hu/" "Mozilla/4.0 (compatible; MSIE 7.0; Windows NT 5.1; Trident/4.0; .NET CLR 2.0.50727; .NET CLR 3.0.4506.2152; .NET CLR 3.5.30729)"
5.135.47.93 - - [21/Jun/2013:12:35:43 +0200] "GET /info.php?a[]=%3Ca+href=http://thuvienanh.haprogroup.vn/index.php?leve_______________________________________________%3C/a%3E___________________%3C/span%3E%3C/span%3E__________________%3Cspan_class=&level=picture&id=536%3EKurtis%3C/a%3E HTTP/1.1" 200 53090 "http://activparty.hu/" "Mozilla/4.0 (compatible; MSIE 7.0; Windows NT 5.1; Trident/4.0; .NET CLR 2.0.50727; .NET CLR 3.0.4506.2152; .NET CLR 3.5.30729)"
113.212.68.114 - - [21/Jun/2013:12:43:08 +0200] "GET /info.php HTTP/1.1" 200 50380 "http://activparty.hu/" "Mozilla/5.0 (Windows NT 5.1; rv:13.0) Gecko/20100101 Firefox/13.0.1"
113.212.68.114 - - [21/Jun/2013:12:43:15 +0200] "GET /info.php HTTP/1.1" 200 50706 "http://www.longchampofficialsales.co.uk" "Opera/9.80 longchamp online (Windows NT 5.1; U; en) Presto/2.10.229 Version/11.60"
113.212.68.114 - - [21/Jun/2013:12:49:05 +0200] "GET /info.php HTTP/1.1" 200 50386 "http://activparty.hu/" "Opera/9.80 (Windows NT 6.2; Win64; x64) Presto/2.12.388 Version/12.15"
113.212.68.114 - - [21/Jun/2013:12:59:18 +0200] "GET /info.php HTTP/1.1" 200 50593 "http://activparty.hu/" "Mozilla/5.0 (Linux; U; Android 2.2; fr-fr; Desire_A8181 Build/FRF91) App3leWebKit/53.1 (KHTML, like Gecko) Version/4.0 Mobile Safari/533.1"
157.55.35.76 - - [21/Jun/2013:13:00:26 +0200] "GET /robots.txt HTTP/1.1" 404 - "-" "Mozilla/5.0 (compatible; bingbot/2.0; +http://www.bing.com/bingbot.htm)"
157.55.35.76 - - [21/Jun/2013:13:01:11 +0200] "GET / HTTP/1.1" 200 3021 "-" "Mozilla/5.0 (compatible; bingbot/2.0; +http://www.bing.com/bingbot.htm)"
5.135.47.107 - - [21/Jun/2013:13:07:43 +0200] "GET /info.php?a[]=%3Ca+href=http://www.egtr.ru/wiki/index.php?title=How_To_Finance_Spanish_Property%3Erelevant+resource+site%3C/a%3E HTTP/1.0" 200 51499 "http://activparty.hu/" "Mozilla/4.0 (compatible; MSIE 8.0; Windows NT 6.0; Trident/4.0; Mozilla/4.0 (compatible; MSIE 6.0; Windows NT 5.1; SV1) ; .NET CLR 3.5.30729)"
46.4.241.88 - - [21/Jun/2013:13:13:17 +0200] "GET /info.php?a[]=%3Ca+href=HTTP://xn--imprezy-integracyjne-bielsko-Biaa-Nof.pl/%3Eimprezy+integracyjne%3C/a%3E HTTP/1.0" 200 51306 "http://activparty.hu/" "Mozilla/5.0 (Linux; U; Android 2.2; fr-fr; Desire_A8181 Build/FRF91) App3leWebKit/53.1 (KHTML, like Gecko) Version/4.0 Mobile Safari/533.1"
46.4.241.88 - - [21/Jun/2013:13:13:18 +0200] "GET /info.php?a[]=%3Ca+href=http://www.geolocationsolutions.com/chorus-angles-heralded-coming-iphone-verizon-networks/comment-page-943%3Esimilar+internet+page%3C/a%3E HTTP/1.0" 200 51760 "http://activparty.hu/" "Mozilla/5.0 (Linux; U; Android 2.2; fr-fr; Desire_A8181 Build/FRF91) App3leWebKit/53.1 (KHTML, like Gecko) Version/4.0 Mobile Safari/533.1"
176.31.213.102 - - [21/Jun/2013:13:18:18 +0200] "GET /info.php?a[]=%3Ca+href=http://www.geolocationsolutions.com/chorus-angles-heralded-coming-iphone-verizon-networks/comment-page-943%3Esimilar+internet+page%3C/a%3E HTTP/1.1" 200 52175 "http://activparty.hu/" "Mozilla/4.0 (compatible; MSIE 6.0; Windows NT 5.1; SV1; FunWebProducts; .NET CLR 1.1.4322; PeoplePal 6.2)"
113.212.68.114 - - [21/Jun/2013:13:47:12 +0200] "GET /info.php HTTP/1.1" 200 50602 "http://activparty.hu/" "Mozilla/4.0 (compatible; MSIE 8.0; Windows NT 6.0; Trident/4.0; Mozilla/4.0 (compatible; MSIE 6.0; Windows NT 5.1; SV1) ; .NET CLR 3.5.30729)"
80.108.65.127 - - [21/Jun/2013:13:47:32 +0200] "GET /robots.txt HTTP/1.0" 404 - "-" "Mozilla/5.0 (compatible; MJ12bot/v1.4.3; http://www.majestic12.co.uk/bot.php?+)"
80.108.65.127 - - [21/Jun/2013:13:47:34 +0200] "GET / HTTP/1.1" 200 3021 "-" "Mozilla/5.0 (compatible; MJ12bot/v1.4.3; http://www.majestic12.co.uk/bot.php?+)"
80.108.65.127 - - [21/Jun/2013:13:47:36 +0200] "GET /robots.txt HTTP/1.0" 404 - "-" "Mozilla/5.0 (compatible; MJ12bot/v1.4.3; http://www.majestic12.co.uk/bot.php?+)"
80.108.65.127 - - [21/Jun/2013:13:47:38 +0200] "GET / HTTP/1.1" 200 3021 "-" "Mozilla/5.0 (compatible; MJ12bot/v1.4.3; http://www.majestic12.co.uk/bot.php?+)"
37.59.202.89 - - [21/Jun/2013:13:51:42 +0200] "GET /info.php?a[]=%3Ca+href=http://phantoms.write2me.nl/%3EHotel+Herceg+Novi%3C/a%3E HTTP/1.1" 200 51415 "http://activparty.hu/" "Mozilla/5.0 (Windows NT 6.1; WOW64; rv:5.0) Gecko/20100101 Firefox/5.0"
123.125.71.72 - - [21/Jun/2013:13:53:03 +0200] "GET /info.php HTTP/1.1" 200 49697 "-" "Mozilla/5.0 (compatible; Baiduspider/2.0; +http://www.baidu.com/search/spider.html)"
176.31.205.227 - - [21/Jun/2013:13:57:02 +0200] "GET /info.php?a[]=%3Ca+href=http://phantoms.write2me.nl/%3EHotel+Herceg+Novi%3C/a%3E HTTP/1.0" 200 51105 "http://activparty.hu/" "Mozilla/5.0 (Linux; U; Android 2.2; fr-fr; Desire_A8181 Build/FRF91) App3leWebKit/53.1 (KHTML, like Gecko) Version/4.0 Mobile Safari/533.1"
176.31.205.227 - - [21/Jun/2013:13:57:02 +0200] "GET /info.php?a[]=%3Ca+href=http://more4you.ws/articles/submit.php%3Ebillet+d+avion+hotel+pas+cher%3C/a%3E HTTP/1.0" 200 51323 "http://activparty.hu/" "Mozilla/5.0 (Linux; U; Android 2.2; fr-fr; Desire_A8181 Build/FRF91) App3leWebKit/53.1 (KHTML, like Gecko) Version/4.0 Mobile Safari/533.1"
87.98.165.144 - - [21/Jun/2013:14:11:28 +0200] "GET /info.php?a[]=%3Ca+href=http://Xn--imprezy-integracyjne-bielsko-biaa-nof.pl/%3Eimprezy+integracyjne%3C/a%3E HTTP/1.0" 200 51251 "http://activparty.hu/" "Mozilla/4.0 (compatible; MSIE 6.0; Windows NT 5.1; SV1; MRA 5.8 (build 4157); .NET CLR 2.0.50727; AskTbPTV/5.11.3.15590)"
113.212.68.114 - - [21/Jun/2013:14:16:50 +0200] "GET /info.php HTTP/1.1" 200 50602 "http://activparty.hu/" "Mozilla/4.0 (compatible; MSIE 8.0; Windows NT 6.0; Trident/4.0; Mozilla/4.0 (compatible; MSIE 6.0; Windows NT 5.1; SV1) ; .NET CLR 3.5.30729)"
5.39.4.203 - - [21/Jun/2013:14:20:24 +0200] "GET /info.php?a[]=%3Ca+href=HTTP://xn--imprezy-integracyjne-bielsko-Biaa-Nof.pl/%3Eimprezy+integracyjne%3C/a%3E HTTP/1.0" 200 51091 "http://activparty.hu/" "Mozilla/5.0 (Windows NT 5.1; rv:5.0.1) Gecko/20100101 Firefox/5.0.1"
5.39.4.203 - - [21/Jun/2013:14:20:25 +0200] "GET /info.php?a[]=%3Ca+href=HTTP://xn--imprezy-integracyjne-bielsko-Biaa-Nof.pl/%3Eimprezy+integracyjne%3C/a%3E HTTP/1.0" 200 51810 "http://wickedjester.org/modules.php?name=Your_Account&op=userinfo&username=LashellParker90" "Mozilla/4.0 click the up coming document (Windows NT 5.1; U; en) Presto/2.10.229 Version/11.60"
113.212.68.114 - - [21/Jun/2013:14:40:36 +0200] "GET /info.php HTTP/1.1" 200 50495 "http://activparty.hu/" "Mozilla/5.0 (Windows NT 6.1; WOW64) AppleWebKit/535.1 (KHTML, like Gecko) Chrome/13.0.782.112 Safari/535.1"
113.212.68.114 - - [21/Jun/2013:15:00:31 +0200] "GET /info.php HTTP/1.1" 200 50497 "http://activparty.hu/" "Mozilla/5.0 (Windows NT 6.1; WOW64) AppleWebKit/535.1 (KHTML, like Gecko) Chrome/13.0.782.112 Safari/535.1"
113.212.68.114 - - [21/Jun/2013:15:27:20 +0200] "GET /info.php HTTP/1.1" 200 50539 "http://activparty.hu/" "Mozilla/4.0 (compatible; MSIE 6.0; Windows NT 5.1; SV1; MRA 5.8 (build 4157); .NET CLR 2.0.50727; AskTbPTV/5.11.3.15590)"
66.249.73.168 - - [21/Jun/2013:15:42:44 +0200] "GET /info.php HTTP/1.1" 200 50221 "-" "Mozilla/5.0 (iPhone; U; CPU iPhone OS 4_1 like Mac OS X; en-us) AppleWebKit/532.9 (KHTML, like Gecko) Version/4.0.5 Mobile/8B117 Safari/6531.22.7 (compatible; Googlebot-Mobile/2.1; +http://www.google.com/bot.html)"
66.249.73.168 - - [21/Jun/2013:15:43:50 +0200] "GET /activ_party.swf HTTP/1.1" 200 1771834 "-" "Mozilla/5.0 (iPhone; U; CPU iPhone OS 4_1 like Mac OS X; en-us) AppleWebKit/532.9 (KHTML, like Gecko) Version/4.0.5 Mobile/8B117 Safari/6531.22.7 (compatible; Googlebot-Mobile/2.1; +http://www.google.com/bot.html)"
66.249.73.168 - - [21/Jun/2013:15:44:19 +0200] "GET /info.php?a HTTP/1.1" 200 50363 "-" "Mozilla/5.0 (iPhone; U; CPU iPhone OS 4_1 like Mac OS X; en-us) AppleWebKit/532.9 (KHTML, like Gecko) Version/4.0.5 Mobile/8B117 Safari/6531.22.7 (compatible; Googlebot-Mobile/2.1; +http://www.google.com/bot.html)"
66.249.73.168 - - [21/Jun/2013:16:14:22 +0200] "GET /js/AC_RunActiveContent.js HTTP/1.1" 200 8321 "-" "Mozilla/5.0 (compatible; Googlebot/2.1; +http://www.google.com/bot.html)"
113.212.68.114 - - [21/Jun/2013:16:21:40 +0200] "GET /info.php HTTP/1.1" 200 50404 "http://activparty.hu/" "Mozilla/4.0 (compatible; MSIE 7.0; Windows NT 5.1; SV1; .NET CLR 2.0.50727)"
