46.229.164.99 - - [18/Jun/2013:23:46:03 +0200] "GET / HTTP/1.1" 200 3021 "-" "Mozilla/5.0 (compatible; SemrushBot/0.96.3; +http://www.semrush.com/bot.html)"
113.212.68.114 - - [18/Jun/2013:23:46:14 +0200] "GET /info.php HTTP/1.1" 200 50603 "http://activparty.hu/" "Mozilla/4.0 (compatible; MSIE 8.0; Windows NT 6.0; Trident/4.0; Mozilla/4.0 (compatible; MSIE 6.0; Windows NT 5.1; SV1) ; .NET CLR 3.5.30729)"
77.88.42.27 - - [18/Jun/2013:23:47:19 +0200] "GET /robots.txt HTTP/1.1" 404 - "-" "Mozilla/5.0 (compatible; YandexBot/3.0; +http://yandex.com/bots)"
77.88.42.27 - - [18/Jun/2013:23:47:21 +0200] "GET / HTTP/1.1" 200 3021 "-" "Mozilla/5.0 (compatible; YandexBot/3.0; +http://yandex.com/bots)"
77.88.42.27 - - [18/Jun/2013:23:47:39 +0200] "GET /robots.txt HTTP/1.1" 404 - "-" "Mozilla/5.0 (compatible; YandexBot/3.0; +http://yandex.com/bots)"
77.88.42.27 - - [18/Jun/2013:23:47:40 +0200] "GET / HTTP/1.1" 200 3021 "-" "Mozilla/5.0 (compatible; YandexBot/3.0; +http://yandex.com/bots)"
77.88.42.27 - - [18/Jun/2013:23:47:41 +0200] "GET / HTTP/1.1" 200 3021 "-" "Mozilla/5.0 (compatible; YandexBot/3.0; +http://yandex.com/bots)"
77.88.42.27 - - [18/Jun/2013:23:48:02 +0200] "GET / HTTP/1.1" 200 3021 "-" "Mozilla/5.0 (compatible; YandexBot/3.0; +http://yandex.com/bots)"
46.229.164.102 - - [18/Jun/2013:23:51:09 +0200] "GET /aktivparty.html HTTP/1.1" 200 1528 "-" "Mozilla/5.0 (compatible; SemrushBot/0.96.3; +http://www.semrush.com/bot.html)"
94.23.114.59 - - [18/Jun/2013:23:53:51 +0200] "GET /info.php?a[]=%3Ca+href=http://tok.az/index.php?option=com_fireboard&func=myprofile&do=profileinfo%3Eplastic+surgery+breast+enlargement+pictures%3C/a%3E HTTP/1.0" 200 51761 "http://activparty.hu/" "Mozilla/5.0 (Windows NT 6.1; rv:5.0) Gecko/20100101 Firefox/5.02"
5.39.4.215 - - [18/Jun/2013:23:56:38 +0200] "GET /info.php?a[]=%3Ca+href=http://Xn--imprezy-integracyjne-bielsko-biaa-nof.pl/%3Eimprezy+integracyjne%3C/a%3E HTTP/1.1" 200 51785 "http://activparty.hu/" "Mozilla/4.0 (compatible; MSIE 7.0; Windows NT 5.1; Trident/4.0; .NET CLR 2.0.50727; .NET CLR 3.0.4506.2152; .NET CLR 3.5.30729)"
5.39.4.215 - - [18/Jun/2013:23:56:38 +0200] "GET /info.php?a[]=%3Ca+href=http://mail.motionblur.no/groups/creativity/wiki/004d4/Alicante_Safari_Parks.html%3Evisit+the+next+web+site%3C/a%3E HTTP/1.1" 200 52083 "http://activparty.hu/" "Mozilla/4.0 (compatible; MSIE 7.0; Windows NT 5.1; Trident/4.0; .NET CLR 2.0.50727; .NET CLR 3.0.4506.2152; .NET CLR 3.5.30729)"
194.72.238.241 - - [18/Jun/2013:23:57:16 +0200] "HEAD / HTTP/1.0" 200 0 "http://www.netcraft.com/survey/" "Mozilla/4.0 (compatible; Netcraft Web Server Survey)"
5.39.4.215 - - [19/Jun/2013:00:01:28 +0200] "GET /info.php?a[]=%3Ca+href=http://mail.motionblur.no/groups/creativity/wiki/004d4/Alicante_Safari_Parks.html%3Evisit+the+next+web+site%3C/a%3E HTTP/1.1" 200 52017 "http://activparty.hu/" "Mozilla/4.0 (compatible; MSIE 6.0; Windows NT 5.1; SV1; FunWebProducts; .NET CLR 1.1.4322; PeoplePal 6.2)"
198.50.179.46 - - [19/Jun/2013:00:19:47 +0200] "GET /info.php?a[]=%3Ca+href=http://blog.thelist7week.com/?p=12%3Estem+and+leaf+plot+worksheets%3C/a%3E HTTP/1.1" 200 51698 "http://activparty.hu/" "Mozilla/5.0 (Windows NT 6.1; WOW64) AppleWebKit/535.1 (KHTML, like Gecko) Chrome/13.0.782.112 Safari/535.1"
198.50.179.46 - - [19/Jun/2013:00:19:55 +0200] "GET /info.php?a[]=%3Ca+href=http://blog.thelist7week.com/?p=12%3Estem+and+leaf+plot+worksheets%3C/a%3E HTTP/1.1" 200 52076 "http://massive-atlas.com/AllieMack/tab:info" "Mozilla/4.0 ios development image guidelines"
5.135.47.93 - - [19/Jun/2013:00:28:12 +0200] "GET /info.php?a[]=%3Ca+href=HTTP://xn--imprezy-integracyjne-bielsko-Biaa-Nof.pl/%3Eimprezy+integracyjne%3C/a%3E HTTP/1.1" 200 51652 "http://activparty.hu/" "Mozilla/4.0 (compatible; MSIE 7.0; Windows NT 5.1; Trident/4.0; .NET CLR 1.1.4322)"
5.135.47.93 - - [19/Jun/2013:00:28:13 +0200] "GET /info.php?a[]=%3Ca+href=http://www.armyocsng.com/portal/modules.php?name=Your_Account&op=userinfo&username=NaidaPerkins1983%3Emouse+click+the+following+internet+site%3C/a%3E HTTP/1.1" 200 52508 "http://activparty.hu/" "Mozilla/4.0 (compatible; MSIE 7.0; Windows NT 5.1; Trident/4.0; .NET CLR 1.1.4322)"
113.212.68.114 - - [19/Jun/2013:00:38:29 +0200] "GET /info.php HTTP/1.1" 200 50495 "http://activparty.hu/" "Mozilla/4.0 (compatible; MSIE 6.0; Windows NT 5.1; SV1; FunWebProducts; .NET CLR 1.1.4322; PeoplePal 6.2)"
5.135.47.107 - - [19/Jun/2013:00:50:45 +0200] "GET /info.php?a[]=%3Ca+href=http://Xn--Monta-Ekologicznych-Szamb-Mmf.pl/%3Eclick+through+the+next+web+page%3C/a%3E HTTP/1.0" 200 51200 "http://activparty.hu/" "Mozilla/4.0 (compatible; MSIE 7.0; Windows NT 5.1; SV1; .NET CLR 2.0.50727)"
5.135.47.107 - - [19/Jun/2013:00:50:46 +0200] "GET /info.php?a[]=%3Ca+href=http://www.albattiri.ga2h.com/vb/member.php?29-GilmaHunt111%3Ewww.albattiri.ga2h.com%3C/a%3E HTTP/1.0" 200 51178 "http://activparty.hu/" "Mozilla/4.0 (compatible; MSIE 7.0; Windows NT 5.1; SV1; .NET CLR 2.0.50727)"
5.135.47.107 - - [19/Jun/2013:00:54:25 +0200] "GET /info.php?a[]=%3Ca+href=http://www.albattiri.ga2h.com/vb/member.php?29-GilmaHunt111%3Ewww.albattiri.ga2h.com%3C/a%3E HTTP/1.0" 200 51199 "http://activparty.hu/" "Mozilla/4.0 (compatible; MSIE 7.0; Windows NT 5.1; Trident/4.0; .NET CLR 1.1.4322)"
113.212.68.114 - - [19/Jun/2013:01:01:40 +0200] "GET /info.php HTTP/1.1" 200 50372 "http://activparty.hu/" "Mozilla/5.0 (Windows NT 6.1; rv:5.0) Gecko/20100101 Firefox/5.02"
113.212.68.114 - - [19/Jun/2013:01:16:37 +0200] "GET /info.php HTTP/1.1" 200 50426 "http://activparty.hu/" "Mozilla/4.0 (compatible; MSIE 7.0; Windows NT 5.1; Trident/4.0; .NET CLR 1.1.4322)"
123.125.71.45 - - [19/Jun/2013:01:21:07 +0200] "GET /robots.txt HTTP/1.1" 404 - "-" "Mozilla/5.0 (Windows NT 5.1; rv:6.0.2) Gecko/20100101 Firefox/6.0.2"
5.39.53.131 - - [19/Jun/2013:01:27:29 +0200] "GET /info.php?a[]=%3Ca+href=http://phantoms.write2me.nl/%3EHotel+Herceg+Novi%3C/a%3E HTTP/1.0" 200 50958 "http://activparty.hu/" "Mozilla/4.0 (compatible; MSIE 6.0; MSIE 5.5; Windows NT 5.0) Opera 7.02 Bork-edition [en]"
113.212.68.114 - - [19/Jun/2013:01:32:30 +0200] "GET /info.php HTTP/1.1" 200 50592 "http://activparty.hu/" "Mozilla/5.0 (Linux; U; Android 2.2; fr-fr; Desire_A8181 Build/FRF91) App3leWebKit/53.1 (KHTML, like Gecko) Version/4.0 Mobile Safari/533.1"
69.175.120.186 - - [19/Jun/2013:01:34:17 +0200] "GET /info.php?a[]=%3Ca+href=http://blog.thelist7week.com/?p=12%3Estem+and+leaf+plot+worksheets%3C/a%3E HTTP/1.1" 200 51592 "http://activparty.hu/" "Mozilla/5.0 (Windows NT 6.1; WOW64; rv:5.0) Gecko/20100101 Firefox/5.0"
69.175.120.186 - - [19/Jun/2013:01:34:25 +0200] "GET /info.php?a[]=%3Ca+href=http://blog.thelist7week.com/?p=12%3Estem+and+leaf+plot+worksheets%3C/a%3E HTTP/1.1" 200 53178 "http://data-senter.dk/?a[]=%3Ca+href=http://www.migbusiness.com/46458/discover-exactly-why-the-particular-search-engines-key-phrase-tool-within-google-adwords-will-be-bad-for-seo/%3E%E7%B6%B2%E7%AB%99%E6%8E%E2%80%99%E5%90%8D%3C/a%3E" "Opera/9.80 iphone case review"
69.175.120.186 - - [19/Jun/2013:01:34:52 +0200] "GET /info.php?a[]=%3Ca+href=http://blog.thelist7week.com/?p=12%3Estem+and+leaf+plot+worksheets%3C/a%3E HTTP/1.1" 200 52545 "http://activparty.hu/" "Opera/9.80 iphone case review"
88.190.47.197 - - [19/Jun/2013:01:35:59 +0200] "GET /info.php?a[]=%3Ca+href=http://www.website-worth.org/depannagefrance.fr%3Eplombier+paris+6%3C/a%3E HTTP/1.1" 200 51321 "http://redirectingat.com/" "Opera/9.80 (Windows NT 6.2; Win64; x64) Presto/2.12.388 Version/12.15"
88.190.47.197 - - [19/Jun/2013:01:36:00 +0200] "GET /info.php?a[]=%3Ca+href=http://www.website-worth.org/depannagefrance.fr%3Eplombier+paris+6%3C/a%3E HTTP/1.1" 200 51850 "http://www.developmentnow.com/" "Opera/9.80 (Windows NT 6.2; Win64; x64) Presto/2.12.388 Version/12.15"
128.30.52.65 - - [19/Jun/2013:01:36:00 +0200] "GET /info.php?a[]=%3Ca%20href=http://www.website-worth.org/depannagefrance.fr%3Eplombier%20paris%206%3C/a%3E HTTP/1.1" 200 50628 "-" "W3C_Validator/1.3 http://validator.w3.org/services"
88.190.47.197 - - [19/Jun/2013:01:36:01 +0200] "GET /info.php?a[]=%3Ca+href=http://www.website-worth.org/depannagefrance.fr%3Eplombier+paris+6%3C/a%3E HTTP/1.1" 200 51838 "http://www.instapaper.com/" "Opera/9.80 (Windows NT 6.2; Win64; x64) Presto/2.12.388 Version/12.15"
87.98.166.141 - - [19/Jun/2013:01:47:43 +0200] "GET /info.php?a[]=%3Ca+href=http://www.pistonsandcamshafts.com/where-to-find-quality-automotive-parts-on-the-internet HTTP/1.1" 200 51434 "http://activparty.hu/" "Mozilla/4.0 (compatible; MSIE 7.0; Windows NT 5.1; Trident/4.0; .NET CLR 1.1.4322)"
87.98.166.141 - - [19/Jun/2013:01:47:44 +0200] "GET /info.php?a[]=%3Ca+href=http://monsterjoestrucking.com%3Eadvance+auto+parts+coupon%3C/a%3E HTTP/1.1" 200 51367 "http://activparty.hu/" "Mozilla/4.0 (compatible; MSIE 6.0; Windows NT 5.1; SV1; FunWebProducts; .NET CLR 1.1.4322; PeoplePal 6.2)"
87.98.166.141 - - [19/Jun/2013:01:47:44 +0200] "GET /info.php?a[]=%3Ca+href=http://www.pistonsandcamshafts.com/where-to-find-quality-automotive-parts-on-the-internet%3EAdvance+Auto+Parts+Coupon%3C/a%3E HTTP/1.1" 200 51839 "http://activparty.hu/" "Mozilla/4.0 (compatible; MSIE 6.0; Windows NT 5.1; SV1; FunWebProducts; .NET CLR 1.1.4322; PeoplePal 6.2)"
113.212.68.114 - - [19/Jun/2013:01:53:46 +0200] "GET /info.php HTTP/1.1" 200 50426 "http://activparty.hu/" "Mozilla/4.0 (compatible; MSIE 7.0; Windows NT 5.1; Trident/4.0; .NET CLR 1.1.4322)"
5.135.53.247 - - [19/Jun/2013:01:57:33 +0200] "GET /info.php?a[]=%3Ca+href=HTTP://xn--imprezy-integracyjne-bielsko-Biaa-Nof.pl/%3Eimprezy+integracyjne%3C/a%3E HTTP/1.1" 200 51599 "http://activparty.hu/" "Mozilla/5.0 (Windows NT 6.1; rv:5.0) Gecko/20100101 Firefox/5.02"
5.135.53.247 - - [19/Jun/2013:01:57:34 +0200] "GET /info.php?a[]=%3Ca+href=HTTP://xn--imprezy-integracyjne-bielsko-Biaa-Nof.pl/%3Eimprezy+integracyjne%3C/a%3E HTTP/1.1" 200 52165 "http://www.snowrider.ca/forum/profile.php?mode=viewprofile&u=145082" "Mozilla/4.0 just click the next document (Windows NT 5.1; U; en) Presto/2.10.229 Version/11.60"
88.190.47.197 - - [19/Jun/2013:02:09:58 +0200] "GET /info.php?a[]=%3Ca+href=http://www.rodovidbank.com/files/info.php?a[]=%3Ca+href=http://fandedemain.free.fr/hugo/phpinfo.php?a[]=%3Ca+href=http://www.voyagefactory.fr/wp-content/themes/droidpres/js/smthemes.js?ver=1519%3Esimplement%3C/a%3E%3Etourisme%3C/a%3E%3EWww.rodovidbank.com%3C/a%3E/ HTTP/1.1" 200 53379 "http://indica.celularbr.com/" "Opera/9.80 (Windows NT 6.2; Win64; x64) Presto/2.12.388 Version/12.15"
88.190.47.197 - - [19/Jun/2013:02:09:59 +0200] "GET /info.php?a[]=%3Ca+href=http://www.rodovidbank.com/files/info.php?a[]=%3Ca+href=http://fandedemain.free.fr/hugo/phpinfo.php?a[]=%3Ca+href=http://www.voyagefactory.fr/wp-content/themes/droidpres/js/smthemes.js?ver=1519%3Esimplement%3C/a%3E%3Etourisme%3C/a%3E%3EWww.rodovidbank.com%3C/a%3E/ HTTP/1.1" 200 53379 "http://indica.celularbr.com/" "Opera/9.80 (Windows NT 6.2; Win64; x64) Presto/2.12.388 Version/12.15"
88.190.47.197 - - [19/Jun/2013:02:09:59 +0200] "GET /info.php?a[]=%3Ca+href=http://www.rodovidbank.com/files/info.php?a[]=%3Ca+href=http://fandedemain.free.fr/hugo/phpinfo.php?a[]=%3Ca+href=http://www.voyagefactory.fr/wp-content/themes/droidpres/js/smthemes.js?ver=1519%3Esimplement%3C/a%3E%3Etourisme%3C/a%3E%3EWww.rodovidbank.com%3C/a%3E HTTP/1.1" 200 53377 "http://www.petitiononline.com/" "Opera/9.80 (Windows NT 6.2; Win64; x64) Presto/2.12.388 Version/12.15"
113.212.68.114 - - [19/Jun/2013:02:15:28 +0200] "GET /info.php HTTP/1.1" 200 50560 "http://activparty.hu/" "Mozilla/4.0 (compatible; MSIE 7.0; Windows NT 5.1; Trident/4.0; .NET CLR 2.0.50727; .NET CLR 3.0.4506.2152; .NET CLR 3.5.30729)"
188.165.152.95 - - [19/Jun/2013:02:29:12 +0200] "GET /info.php?a[]=%3Ca+href=http://phantoms.write2me.nl/%3EHotel+Herceg+Novi%3C/a%3E HTTP/1.0" 200 51011 "http://activparty.hu/" "Mozilla/4.0 (compatible; MSIE 6.0; Windows NT 5.1; SV1; FunWebProducts; .NET CLR 1.1.4322; PeoplePal 6.2)"
5.39.4.215 - - [19/Jun/2013:02:38:06 +0200] "GET /info.php?a[]=%3Ca+href=HTTP://xn--imprezy-integracyjne-bielsko-Biaa-Nof.pl/%3Eimprezy+integracyjne%3C/a%3E HTTP/1.1" 200 51763 "http://activparty.hu/" "Mozilla/4.0 (compatible; MSIE 6.0; Windows NT 5.1; SV1; MRA 5.8 (build 4157); .NET CLR 2.0.50727; AskTbPTV/5.11.3.15590)"
5.39.4.215 - - [19/Jun/2013:02:38:06 +0200] "GET /info.php?a[]=%3Ca+href=http://Wiki.fortresscraft.com/?a[]=%3Ca+href=http://springraise.bear-code.com/node/1312294%3Ehttp://springraise.bear-code.com/node/1312294+(%3Ehttp://Wiki.fortresscraft.com%3C/a%3E HTTP/1.1" 200 52557 "http://activparty.hu/" "Mozilla/4.0 (compatible; MSIE 6.0; Windows NT 5.1; SV1; MRA 5.8 (build 4157); .NET CLR 2.0.50727; AskTbPTV/5.11.3.15590)"
113.212.68.114 - - [19/Jun/2013:02:38:53 +0200] "GET /info.php HTTP/1.1" 200 50425 "http://activparty.hu/" "Mozilla/4.0 (compatible; MSIE 7.0; Windows NT 5.1; Trident/4.0; .NET CLR 1.1.4322)"
37.59.219.125 - - [19/Jun/2013:02:40:00 +0200] "GET /info.php?a[]=%3Ca+href=http://liskw.wordpress.com/2008/02/21/black-board/%3Edevis+prothese+dentaire%3C/a%3E HTTP/1.1" 200 51845 "http://activparty.hu/" "Mozilla/5.0 (Linux; U; Android 2.2; fr-fr; Desire_A8181 Build/FRF91) App3leWebKit/53.1 (KHTML, like Gecko) Version/4.0 Mobile Safari/533.1"
37.59.219.125 - - [19/Jun/2013:02:40:00 +0200] "GET /info.php?=PHPB8B5F2A0-3C92-11d3-A3A9-4C7B08C10000 HTTP/1.1" 200 12458 "http://activparty.hu/" "Mozilla/5.0 (Linux; U; Android 2.2; fr-fr; Desire_A8181 Build/FRF91) App3leWebKit/53.1 (KHTML, like Gecko) Version/4.0 Mobile Safari/533.1"
5.39.4.215 - - [19/Jun/2013:02:41:48 +0200] "GET /info.php?a[]=%3Ca+href=http://Wiki.fortresscraft.com/?a[]=%3Ca+href=http://springraise.bear-code.com/node/1312294%3Ehttp://springraise.bear-code.com/node/1312294+(%3Ehttp://Wiki.fortresscraft.com%3C/a%3E HTTP/1.1" 200 52557 "http://activparty.hu/" "Mozilla/4.0 (compatible; MSIE 6.0; Windows NT 5.1; SV1; MRA 5.8 (build 4157); .NET CLR 2.0.50727; AskTbPTV/5.11.3.15590)"
37.59.219.125 - - [19/Jun/2013:02:43:12 +0200] "GET /info.php?a[]=%3Ca+href=http://journals.fotki.com/kashareeve/kashareeve/entry/gtwsqwdqbfdg/%3Efranchise+blanchiment+dentaire%3C/a%3E HTTP/1.1" 200 51830 "http://activparty.hu/" "Opera/9.80 (Windows NT 6.2; Win64; x64) Presto/2.12.388 Version/12.15"
37.59.219.125 - - [19/Jun/2013:02:43:12 +0200] "GET /info.php?a[]=avis+reservation+hotelliere+-+%3Ca+href=http://jupiter.sweb.ru/phpinfo.php?a[]=%3Ca+href=http://www.lindenchamber.net/userinfo.php?uid=69015%3EFull+Guide%3C/a%3E%3EClic+sur+cet+page+Web%3C/a%3E+- HTTP/1.1" 200 52584 "http://activparty.hu/" "Opera/9.80 (Windows NT 6.2; Win64; x64) Presto/2.12.388 Version/12.15"
5.135.47.68 - - [19/Jun/2013:02:54:22 +0200] "GET /info.php?a[]=%3Ca+href=http://xn--monta-ekologicznych-Szamb-mmf.pl%3Eszambo%3C/a%3E HTTP/1.1" 200 51414 "http://activparty.hu/" "Opera/9.80 (Windows NT 6.2; Win64; x64) Presto/2.12.388 Version/12.15"
113.212.68.114 - - [19/Jun/2013:02:59:06 +0200] "GET /info.php HTTP/1.1" 200 50407 "http://activparty.hu/" "Mozilla/4.0 (compatible; MSIE 7.0; Windows NT 5.1; SV1; .NET CLR 2.0.50727)"
88.190.47.197 - - [19/Jun/2013:03:05:45 +0200] "GET /info.php?a[]=%3Ca+href=http://ip-50-63-57-203.ip.secureserver.net/blogs/48521/74805/electricite%3Eplease+click+the+following+post%3C/a%3E?mpch=sem HTTP/1.1" 200 51729 "http://activparty.hu/" "Opera/9.80 (Windows NT 6.2; Win64; x64) Presto/2.12.388 Version/12.15"
88.190.47.197 - - [19/Jun/2013:03:05:45 +0200] "GET /info.php?a[]=%3Ca+href=http://ip-50-63-57-203.ip.secureserver.net/blogs/48521/74805/electricite%3Eplease+click+the+following+post%3C/a%3E&et_rp=1 HTTP/1.1" 200 53085 "http://www.etracker.de/" "Opera/9.80 (Windows NT 6.2; Win64; x64) Presto/2.12.388 Version/12.15"
46.4.58.196 - - [19/Jun/2013:03:05:45 +0200] "GET /info.php?a[]=%3Ca+href=http://ip-50-63-57-203.ip.secureserver.net/blogs/48521/74805/electricite%3Eplease+click+the+following+post%3C/a%3E HTTP/1.0" 200 49455 "-" "-"
46.4.58.196 - - [19/Jun/2013:03:05:45 +0200] "GET /info.php?a[]=%3Ca+href=http://ip-50-63-57-203.ip.secureserver.net/blogs/48521/74805/electricite%3Eplease+click+the+following+post%3C/a%3E HTTP/1.0" 200 15673 "-" "-"
88.190.47.197 - - [19/Jun/2013:03:05:47 +0200] "GET /info.php?a[]=%3Ca+href=http://ip-50-63-57-203.ip.secureserver.net/blogs/48521/74805/electricite%3Eplease+click+the+following+post%3C/a%3E HTTP/1.1" 200 52894 "http://www.instapaper.com/" "Opera/9.80 (Windows NT 6.2; Win64; x64) Presto/2.12.388 Version/12.15"
113.212.68.114 - - [19/Jun/2013:03:18:55 +0200] "GET /info.php HTTP/1.1" 200 50372 "http://activparty.hu/" "Mozilla/5.0 (Windows NT 6.1; rv:5.0) Gecko/20100101 Firefox/5.02"
88.190.47.197 - - [19/Jun/2013:03:24:20 +0200] "GET /info.php?a[]=%3Ca+href=http://johnpond.thoughts.com/posts/emporio-boutique--2%3Ehttp://johnpond.thoughts.com%3C/a%3E HTTP/1.1" 200 52658 "http://www.opalok.com/" "Opera/9.80 (Windows NT 6.2; Win64; x64) Presto/2.12.388 Version/12.15"
88.190.47.197 - - [19/Jun/2013:03:24:22 +0200] "GET /info.php?a[]=%3Ca+href=http://johnpond.thoughts.com/posts/emporio-boutique--2%3Ehttp://johnpond.thoughts.com%3C/a%3E HTTP/1.1" 200 52676 "http://1418.c-uk.360tag.com/" "Opera/9.80 (Windows NT 6.2; Win64; x64) Presto/2.12.388 Version/12.15"
184.154.149.125 - - [19/Jun/2013:03:40:37 +0200] "GET /info.php?a[]=%3Ca+href=http://fengur.org/?p=320%3Esemag+20mm+uk%3C/a%3E HTTP/1.0" 200 50827 "http://activparty.hu/" "Mozilla/5.0 (Windows NT 6.1; rv:5.0) Gecko/20100101 Firefox/5.02"
184.154.149.125 - - [19/Jun/2013:03:40:40 +0200] "GET /info.php?a[]=%3Ca+href=http://fengur.org/?p=320%3Esemag+20mm+uk%3C/a%3E HTTP/1.0" 200 51087 "http://www.keywordseo.com.tw" "Mozilla/4.0 \xe6\x8e\x92\xe5\x90\x8d\xe5\x84\xaa\xe5\x8c\x96 (Windows NT 5.1; U; en) Presto/2.10.229 Version/11.60"
113.212.68.114 - - [19/Jun/2013:03:41:00 +0200] "GET /info.php HTTP/1.1" 200 50561 "http://activparty.hu/" "Mozilla/4.0 (compatible; MSIE 7.0; Windows NT 5.1; Trident/4.0; .NET CLR 2.0.50727; .NET CLR 3.0.4506.2152; .NET CLR 3.5.30729)"
46.4.241.81 - - [19/Jun/2013:03:48:45 +0200] "GET /info.php?a[]=%3Ca+href=HTTP://xn--imprezy-integracyjne-bielsko-Biaa-Nof.pl/%3Eimprezy+integracyjne%3C/a%3E HTTP/1.0" 200 51118 "http://activparty.hu/" "Mozilla/4.0 (compatible; MSIE 7.0; Windows NT 5.1; SV1; .NET CLR 2.0.50727)"
46.4.241.81 - - [19/Jun/2013:03:48:46 +0200] "GET /info.php?a[]=%3Ca+href=http://mail.pancera.Com.vn/?a[]=%3Ca+href=http://compassspace.com/profile/LoreanFerguson1978%3ECompassspace.Com%3C/a%3E%3Ecom.vn%3C/a%3E HTTP/1.0" 200 51550 "http://activparty.hu/" "Mozilla/4.0 (compatible; MSIE 7.0; Windows NT 5.1; SV1; .NET CLR 2.0.50727)"
46.4.241.81 - - [19/Jun/2013:03:51:38 +0200] "GET /info.php?a[]=%3Ca+href=http://mail.pancera.Com.vn/?a[]=%3Ca+href=http://compassspace.com/profile/LoreanFerguson1978%3ECompassspace.Com%3C/a%3E%3Ecom.vn%3C/a%3E HTTP/1.0" 200 51739 "http://activparty.hu/" "Mozilla/5.0 (Linux; U; Android 2.2; fr-fr; Desire_A8181 Build/FRF91) App3leWebKit/53.1 (KHTML, like Gecko) Version/4.0 Mobile Safari/533.1"
113.212.68.114 - - [19/Jun/2013:04:04:30 +0200] "GET /info.php HTTP/1.1" 200 50399 "http://activparty.hu/" "Mozilla/5.0 (Windows NT 6.1; rv:2.0b7pre) Gecko/20100921 Firefox/4.0b7pre"
194.109.117.211 - - [19/Jun/2013:04:13:22 +0200] "GET /info.php?a[]=%3Ca+href=http://phantoms.write2me.nl/%3EHotel+Herceg+Novi%3C/a%3E HTTP/1.1" 200 50702 "-" "OpenLink Virtuoso RDF crawler"
88.190.47.197 - - [19/Jun/2013:04:13:22 +0200] "GET /info.php?a[]=%3Ca+href=http://phantoms.write2me.nl/%3EHotel+Herceg+Novi%3C/a%3E/ HTTP/1.1" 200 51194 "http://indica.celularbr.com/" "Opera/9.80 (Windows NT 6.2; Win64; x64) Presto/2.12.388 Version/12.15"
46.4.58.196 - - [19/Jun/2013:04:13:23 +0200] "GET /info.php?a[]=%3Ca+href=http://phantoms.write2me.nl/%3EHotel+Herceg+Novi%3C/a%3E HTTP/1.0" 200 48963 "-" "-"
88.190.47.197 - - [19/Jun/2013:04:13:23 +0200] "GET /info.php?a[]=%3Ca+href=http://phantoms.write2me.nl/%3EHotel+Herceg+Novi%3C/a%3E?mpch=sem HTTP/1.1" 200 51237 "http://activparty.hu/" "Opera/9.80 (Windows NT 6.2; Win64; x64) Presto/2.12.388 Version/12.15"
46.4.58.196 - - [19/Jun/2013:04:13:23 +0200] "GET /info.php?a[]=%3Ca+href=http://phantoms.write2me.nl/%3EHotel+Herceg+Novi%3C/a%3E HTTP/1.0" 200 15673 "-" "-"
88.190.47.197 - - [19/Jun/2013:04:13:23 +0200] "GET /info.php?a[]=%3Ca+href=http://phantoms.write2me.nl/%3EHotel+Herceg+Novi%3C/a%3E HTTP/1.1" 200 51174 "http://mgw.hatena.ne.jp/" "Opera/9.80 (Windows NT 6.2; Win64; x64) Presto/2.12.388 Version/12.15"
128.30.52.72 - - [19/Jun/2013:04:13:24 +0200] "GET /info.php?a[]=%3Ca%20href=http://phantoms.write2me.nl/%3EHotel%20Herceg%20Novi%3C/a%3E HTTP/1.1" 200 50479 "-" "W3C_Validator/1.3 http://validator.w3.org/services"
113.212.68.114 - - [19/Jun/2013:04:33:15 +0200] "GET /info.php HTTP/1.1" 200 50447 "http://activparty.hu/" "Mozilla/4.0 (compatible; MSIE 6.0; MSIE 5.5; Windows NT 5.0) Opera 7.02 Bork-edition [en]"
5.135.47.68 - - [19/Jun/2013:04:47:26 +0200] "GET /info.php?a[]=%3Ca+href=http://217.113.205.116/profile.php?mode=viewprofile&u=108717%3E217.113.205.116%3C/a%3E HTTP/1.1" 200 51870 "http://activparty.hu/" "Mozilla/5.0 (Windows NT 6.1; WOW64) AppleWebKit/535.1 (KHTML, like Gecko) Chrome/13.0.782.112 Safari/535.1"
5.135.47.68 - - [19/Jun/2013:04:47:27 +0200] "GET /info.php?a[]=%3Ca+href=http://217.113.205.116/profile.php?mode=viewprofile&u=108717%3E217.113.205.116%3C/a%3E HTTP/1.1" 200 52727 "http://marbelloariauhotel.com.br/index.php?a[]=%3Ca+href=http://arbtag.com/index.php?do=/blog/37359/spain-property-market/%3Esimilar+webpage%3C/a%3E" "Opera/9.80 apache2handler (Windows NT 5.1; U; en) Presto/2.10.229 Version/11.60"
5.135.47.68 - - [19/Jun/2013:04:47:27 +0200] "GET /info.php?a[]=%3Ca+href=http://217.113.205.116/profile.php?mode=viewprofile&u=108717%3E217.113.205.116%3C/a%3E HTTP/1.1" 200 52346 "http://activparty.hu/" "Opera/9.80 apache2handler (Windows NT 5.1; U; en) Presto/2.10.229 Version/11.60"
5.135.47.68 - - [19/Jun/2013:04:47:29 +0200] "GET /info.php?a[]=%3Ca+href=http://marbelloariauhotel.com.br/index.php?a[]=%3Ca+href=http://arbtag.com/index.php?do=/blog/37359/spain-property-market/%3Esimilar+webpage%3C/a%3E%3Eclick+through+the+next+site%3C/a%3E HTTP/1.1" 200 53102 "http://activparty.hu/" "Opera/9.80 apache2handler (Windows NT 5.1; U; en) Presto/2.10.229 Version/11.60"
113.212.68.114 - - [19/Jun/2013:04:51:49 +0200] "GET /info.php HTTP/1.1" 200 50381 "http://activparty.hu/" "Mozilla/5.0 (Windows NT 5.1; rv:13.0) Gecko/20100101 Firefox/13.0.1"
88.190.47.197 - - [19/Jun/2013:04:58:15 +0200] "GET /info.php?a[]=%3Ca+href=http://boyrazsarkuteri.com/doloresfo%3ERecommended+Studying%3C/a%3E HTTP/1.1" 200 51795 "http://www.urbia.de/" "Opera/9.80 (Windows NT 6.2; Win64; x64) Presto/2.12.388 Version/12.15"
113.212.68.114 - - [19/Jun/2013:05:10:04 +0200] "GET /info.php HTTP/1.1" 200 50603 "http://activparty.hu/" "Mozilla/4.0 (compatible; MSIE 8.0; Windows NT 6.0; Trident/4.0; Mozilla/4.0 (compatible; MSIE 6.0; Windows NT 5.1; SV1) ; .NET CLR 3.5.30729)"
113.212.68.114 - - [19/Jun/2013:06:02:20 +0200] "GET /info.php HTTP/1.1" 200 50603 "http://activparty.hu/" "Mozilla/4.0 (compatible; MSIE 8.0; Windows NT 6.0; Trident/4.0; Mozilla/4.0 (compatible; MSIE 6.0; Windows NT 5.1; SV1) ; .NET CLR 3.5.30729)"
113.212.68.114 - - [19/Jun/2013:06:17:57 +0200] "GET /info.php HTTP/1.1" 200 50370 "http://activparty.hu/" "Mozilla/5.0 (Windows NT 6.1; rv:5.0) Gecko/20100101 Firefox/5.02"
176.31.213.104 - - [19/Jun/2013:06:25:22 +0200] "GET /info.php?a[]=%3Ca+href=http://212.27.63.45/wiki/index.php?title=Utilisateur:CyrstalFisher86%3Ejust+click+the+next+article+( HTTP/1.0" 200 51468 "http://activparty.hu/" "Mozilla/4.0 (compatible; MSIE 7.0; Windows NT 5.1; Trident/4.0; .NET CLR 2.0.50727; .NET CLR 3.0.4506.2152; .NET CLR 3.5.30729)"
176.31.213.104 - - [19/Jun/2013:06:25:24 +0200] "GET /info.php?a[]=%3Ca+href=http://www.history-world.org/phpinfo.php?a[]=%3Ca+href=http://clickforu.com/blog/411362/the-mccain-spain-gaffe-making-a-case-for-obama/%3EDiscover+More+Here+(%3EOur+Web+Site%3C/a%3E HTTP/1.0" 200 52138 "http://activparty.hu/" "Mozilla/4.0 (compatible; MSIE 7.0; Windows NT 5.1; Trident/4.0; .NET CLR 2.0.50727; .NET CLR 3.0.4506.2152; .NET CLR 3.5.30729)"
176.31.213.104 - - [19/Jun/2013:06:29:21 +0200] "GET /info.php?a[]=%3Ca+href=http://www.history-world.org/phpinfo.php?a[]=%3Ca+href=http://clickforu.com/blog/411362/the-mccain-spain-gaffe-making-a-case-for-obama/%3EDiscover+More+Here+(%3EOur+Web+Site%3C/a%3E HTTP/1.0" 200 52180 "http://activparty.hu/" "Mozilla/4.0 (compatible; MSIE 8.0; Windows NT 6.0; Trident/4.0; Mozilla/4.0 (compatible; MSIE 6.0; Windows NT 5.1; SV1) ; .NET CLR 3.5.30729)"
5.135.47.101 - - [19/Jun/2013:06:37:27 +0200] "GET /info.php?a[]=%3Ca+href=http://Xn--imprezy-integracyjne-bielsko-biaa-nof.pl/%3Eimprezy+integracyjne%3C/a%3E HTTP/1.0" 200 51141 "http://activparty.hu/" "Mozilla/4.0 (compatible; MSIE 7.0; Windows NT 5.1; Trident/4.0; .NET CLR 1.1.4322)"
5.135.47.101 - - [19/Jun/2013:06:37:28 +0200] "GET /info.php?a[]=%3Ca+href=http://www.perabu.com/index.php/member/70628/%3Ehttp://www.perabu.com%3C/a%3E HTTP/1.0" 200 51079 "http://activparty.hu/" "Mozilla/4.0 (compatible; MSIE 7.0; Windows NT 5.1; Trident/4.0; .NET CLR 1.1.4322)"
113.212.68.114 - - [19/Jun/2013:06:39:05 +0200] "GET /info.php HTTP/1.1" 200 50495 "http://activparty.hu/" "Mozilla/4.0 (compatible; MSIE 6.0; Windows NT 5.1; SV1; FunWebProducts; .NET CLR 1.1.4322; PeoplePal 6.2)"
5.135.47.101 - - [19/Jun/2013:06:41:22 +0200] "GET /info.php?a[]=%3Ca+href=http://www.perabu.com/index.php/member/70628/%3Ehttp://www.perabu.com%3C/a%3E HTTP/1.0" 200 51052 "http://activparty.hu/" "Mozilla/5.0 (Windows NT 6.1; rv:2.0b7pre) Gecko/20100921 Firefox/4.0b7pre"
208.89.215.179 - - [19/Jun/2013:07:01:43 +0200] "GET /info.php?a[]=%3Ca+href=http://dr.eggs.free.fr/admin/phpinfo.php?a[]=%3Ca+href=http://dickdiver.di.funpic.de/wordpress/?p=10%3Echerry+bomb+muffler+youtube%3C/a%3E%3Esnsd+before+plastic+surgery+photos%3C/a%3E HTTP/1.0" 200 52187 "http://activparty.hu/" "Mozilla/4.0 (compatible; MSIE 7.0; Windows NT 5.1; Trident/4.0; .NET CLR 2.0.50727; .NET CLR 3.0.4506.2152; .NET CLR 3.5.30729)"
113.212.68.114 - - [19/Jun/2013:07:07:40 +0200] "GET /info.php HTTP/1.1" 200 50426 "http://activparty.hu/" "Mozilla/4.0 (compatible; MSIE 7.0; Windows NT 5.1; Trident/4.0; .NET CLR 1.1.4322)"
113.212.68.114 - - [19/Jun/2013:07:21:39 +0200] "GET /info.php HTTP/1.1" 200 50603 "http://activparty.hu/" "Mozilla/4.0 (compatible; MSIE 8.0; Windows NT 6.0; Trident/4.0; Mozilla/4.0 (compatible; MSIE 6.0; Windows NT 5.1; SV1) ; .NET CLR 3.5.30729)"
113.212.68.114 - - [19/Jun/2013:07:36:58 +0200] "GET /info.php HTTP/1.1" 200 50399 "http://activparty.hu/" "Mozilla/5.0 (Windows NT 6.1; rv:2.0b7pre) Gecko/20100921 Firefox/4.0b7pre"
88.190.47.197 - - [19/Jun/2013:07:46:04 +0200] "GET /info.php?a[]=%3Ca+href=http://www.moodify.info/site/dr-benlolodavidchirurgiens-dentistes.fr%3Ewww.moodify.info%3C/a%3E HTTP/1.1" 200 51470 "http://1427.c-us.360tag.net/" "Opera/9.80 (Windows NT 6.2; Win64; x64) Presto/2.12.388 Version/12.15"
88.190.47.197 - - [19/Jun/2013:07:46:04 +0200] "GET /info.php HTTP/1.1" 200 50361 "http://rd.am/" "Opera/9.80 (Windows NT 6.2; Win64; x64) Presto/2.12.388 Version/12.15"
113.212.68.114 - - [19/Jun/2013:07:57:10 +0200] "GET /info.php HTTP/1.1" 200 50372 "http://activparty.hu/" "Mozilla/5.0 (Windows NT 6.1; rv:5.0) Gecko/20100101 Firefox/5.02"
178.32.254.70 - - [19/Jun/2013:07:58:46 +0200] "GET /info.php?a[]=%3Ca+href=http://www.moerty.com//index.php/index.php?page=User&userID=1266%3Esimply+click+www.moerty.com%3C/a%3E HTTP/1.0" 200 51514 "http://activparty.hu/" "Mozilla/4.0 (compatible; MSIE 6.0; Windows NT 5.1; SV1; FunWebProducts; .NET CLR 1.1.4322; PeoplePal 6.2)"
91.121.216.191 - - [19/Jun/2013:08:17:41 +0200] "GET /info.php?a[]=%3Ca+href=http://bolmedia.bol-Online.com/tribute2living/pg/blog/read/1511288/how-to-make-your-stay-comfortable-in-spain-as-expats%3Esimilar+resource+site%3C/a%3E HTTP/1.0" 200 51664 "http://activparty.hu/" "Opera/9.80 (Windows NT 6.2; Win64; x64) Presto/2.12.388 Version/12.15"
113.212.68.114 - - [19/Jun/2013:08:21:41 +0200] "GET /info.php HTTP/1.1" 200 50367 "http://activparty.hu/" "Mozilla/5.0 (Windows NT 6.1; rv:5.0) Gecko/20100101 Firefox/5.02"
46.105.56.131 - - [19/Jun/2013:08:37:18 +0200] "GET /info.php?a[]=%3Ca+href=http://phantoms.write2me.nl/%3EHotel+Herceg+Novi%3C/a%3E HTTP/1.0" 200 50920 "http://activparty.hu/" "Mozilla/4.0 (compatible; MSIE 7.0; Windows NT 5.1; SV1; .NET CLR 2.0.50727)"
113.212.68.114 - - [19/Jun/2013:08:46:59 +0200] "GET /info.php HTTP/1.1" 200 50447 "http://activparty.hu/" "Mozilla/4.0 (compatible; MSIE 6.0; MSIE 5.5; Windows NT 5.0) Opera 7.02 Bork-edition [en]"
94.23.145.88 - - [19/Jun/2013:09:05:55 +0200] "GET /info.php?a[]=%3Ca+href=http://phantoms.write2me.nl/%3EHotel+Herceg+Novi%3C/a%3E HTTP/1.0" 200 51053 "http://activparty.hu/" "Mozilla/4.0 (compatible; MSIE 6.0; Windows NT 5.1; SV1; MRA 5.8 (build 4157); .NET CLR 2.0.50727; AskTbPTV/5.11.3.15590)"
113.212.68.114 - - [19/Jun/2013:09:12:57 +0200] "GET /info.php HTTP/1.1" 200 50598 "http://activparty.hu/" "Mozilla/4.0 (compatible; MSIE 8.0; Windows NT 6.0; Trident/4.0; Mozilla/4.0 (compatible; MSIE 6.0; Windows NT 5.1; SV1) ; .NET CLR 3.5.30729)"
37.59.202.89 - - [19/Jun/2013:09:20:08 +0200] "GET /info.php?a[]=%3Ca+href=http://phantoms.write2me.nl/%3EHotel+Herceg+Novi%3C/a%3E HTTP/1.1" 200 51431 "http://activparty.hu/" "Mozilla/4.0 (compatible; MSIE 7.0; Windows NT 5.1; SV1; .NET CLR 2.0.50727)"
113.212.68.114 - - [19/Jun/2013:09:25:59 +0200] "GET /info.php HTTP/1.1" 200 50496 "http://activparty.hu/" "Mozilla/5.0 (Windows NT 6.1; WOW64) AppleWebKit/535.1 (KHTML, like Gecko) Chrome/13.0.782.112 Safari/535.1"
5.135.47.97 - - [19/Jun/2013:09:29:02 +0200] "GET /info.php?a[]=%3Ca+href=http://Xn--imprezy-integracyjne-bielsko-biaa-nof.pl/%3Eimprezy+integracyjne%3C/a%3E HTTP/1.0" 200 51307 "http://activparty.hu/" "Mozilla/5.0 (Linux; U; Android 2.2; fr-fr; Desire_A8181 Build/FRF91) App3leWebKit/53.1 (KHTML, like Gecko) Version/4.0 Mobile Safari/533.1"
5.135.47.97 - - [19/Jun/2013:09:29:03 +0200] "GET /info.php?a[]=%3Ca+href=http://hijosdelmetal-fanzine.blogspot.fr/2010/11/farm-school-holocaust-tracklist-portada.html%3Eminiclip.com.pk%3C/a%3E HTTP/1.0" 200 51581 "http://activparty.hu/" "Mozilla/5.0 (Linux; U; Android 2.2; fr-fr; Desire_A8181 Build/FRF91) App3leWebKit/53.1 (KHTML, like Gecko) Version/4.0 Mobile Safari/533.1"
5.135.47.97 - - [19/Jun/2013:09:32:24 +0200] "GET /info.php?a[]=%3Ca+href=http://Xn--Monta-Ekologicznych-Szamb-Mmf.pl/%3Eclick+through+the+next+web+page%3C/a%3E HTTP/1.0" 200 51177 "http://activparty.hu/" "Mozilla/5.0 (Windows NT 6.1; WOW64; rv:5.0) Gecko/20100101 Firefox/5.0"
5.135.47.97 - - [19/Jun/2013:09:32:30 +0200] "GET /info.php?a[]=%3Ca+href=http://Xn--Monta-Ekologicznych-Szamb-Mmf.pl/%3Eclick+through+the+next+web+page%3C/a%3E HTTP/1.0" 200 52025 "http://www.metal-landkort.dk/?a[]=%3Ca+href=http://worldnetworking.de.ki/blog/view/12460/carp-fishing-bait%3Einternet+site+(" "Mozilla/5.0 mouse click for source (Windows NT 5.1; U; en) Presto/2.10.229 Version/11.60"
5.135.47.97 - - [19/Jun/2013:09:32:33 +0200] "GET /info.php?a[]=%3Ca+href=http://Xn--Monta-Ekologicznych-Szamb-Mmf.pl/%3Eclick+through+the+next+web+page%3C/a%3E HTTP/1.0" 200 51721 "http://activparty.hu/" "Mozilla/5.0 mouse click for source (Windows NT 5.1; U; en) Presto/2.10.229 Version/11.60"
5.135.47.97 - - [19/Jun/2013:09:32:34 +0200] "GET /info.php?a[]=%3Ca+href=http://www.metal-landkort.dk/?a[]=%3Ca+href=http://worldnetworking.de.ki/blog/view/12460/carp-fishing-bait%3Einternet+site+(%3Emouse+click+for+source%3C/a%3E HTTP/1.0" 200 52302 "http://activparty.hu/" "Mozilla/5.0 mouse click for source (Windows NT 5.1; U; en) Presto/2.10.229 Version/11.60"
5.135.47.97 - - [19/Jun/2013:09:36:27 +0200] "GET /info.php?a[]=%3Ca+href=http://hijosdelmetal-fanzine.blogspot.fr/2010/11/farm-school-holocaust-tracklist-portada.html%3Eminiclip.com.pk%3C/a%3E HTTP/1.0" 200 51580 "http://activparty.hu/" "Mozilla/5.0 (Linux; U; Android 2.2; fr-fr; Desire_A8181 Build/FRF91) App3leWebKit/53.1 (KHTML, like Gecko) Version/4.0 Mobile Safari/533.1"
123.125.71.34 - - [19/Jun/2013:09:40:21 +0200] "GET / HTTP/1.1" 200 3021 "-" "Mozilla/5.0 (compatible; Baiduspider/2.0; +http://www.baidu.com/search/spider.html)"
113.212.68.114 - - [19/Jun/2013:10:00:21 +0200] "GET /info.php HTTP/1.1" 200 50404 "http://activparty.hu/" "Mozilla/4.0 (compatible; MSIE 7.0; Windows NT 5.1; SV1; .NET CLR 2.0.50727)"
113.212.68.114 - - [19/Jun/2013:10:21:26 +0200] "GET /info.php HTTP/1.1" 200 50387 "http://activparty.hu/" "Opera/9.80 (Windows NT 6.2; Win64; x64) Presto/2.12.388 Version/12.15"
176.31.3.253 - - [19/Jun/2013:10:26:34 +0200] "GET /info.php?a[]=%3Ca+href=http://inp.samorzad.uw.edu.pl/?q=node/114853%3Ehttp://inp.samorzad.uw.edu.pl/+( HTTP/1.1" 200 51753 "http://activparty.hu/" "Mozilla/4.0 (compatible; MSIE 7.0; Windows NT 5.1; Trident/4.0; .NET CLR 2.0.50727; .NET CLR 3.0.4506.2152; .NET CLR 3.5.30729)"
176.31.3.253 - - [19/Jun/2013:10:26:34 +0200] "GET /info.php?a[]=%3Ca+href=http://www.thompsons.au.com/modules.php?name=Your_Account&op=userinfo&username=KhadijahRoberts70%3Ehttp://bmxstunt.com/members-4/calistahudson87/activity/41234/%3C/a%3E HTTP/1.1" 200 52727 "http://activparty.hu/" "Mozilla/4.0 (compatible; MSIE 7.0; Windows NT 5.1; Trident/4.0; .NET CLR 2.0.50727; .NET CLR 3.0.4506.2152; .NET CLR 3.5.30729)"
176.31.61.238 - - [19/Jun/2013:10:35:17 +0200] "GET /info.php?a[]=%3Ca+href=http://paydayloansfrommrcutts.blog.co.uk/%3Epayday+loans%3C/a%3E HTTP/1.0" 200 50946 "http://activparty.hu/" "Mozilla/5.0 (Windows NT 5.1; rv:5.0.1) Gecko/20100101 Firefox/5.0.1"
176.31.61.238 - - [19/Jun/2013:10:36:16 +0200] "GET /info.php?a[]=%3Ca+href=http://paydayloansfrommrcutts.blog.co.uk/%3Epayday+loans%3C/a%3E HTTP/1.0" 200 51105 "http://activparty.hu/" "Mozilla/4.0 (compatible; MSIE 6.0; Windows NT 5.1; SV1; MRA 5.8 (build 4157); .NET CLR 2.0.50727; AskTbPTV/5.11.3.15590)"
113.212.68.114 - - [19/Jun/2013:10:41:50 +0200] "GET /info.php HTTP/1.1" 200 50495 "http://activparty.hu/" "Mozilla/4.0 (compatible; MSIE 6.0; Windows NT 5.1; SV1; FunWebProducts; .NET CLR 1.1.4322; PeoplePal 6.2)"
5.135.53.243 - - [19/Jun/2013:10:42:41 +0200] "GET /info.php?a[]=%3Ca+href=HTTP://xn--imprezy-integracyjne-bielsko-Biaa-Nof.pl/%3Eimprezy+integracyjne%3C/a%3E HTTP/1.0" 200 51102 "http://activparty.hu/" "Opera/9.80 (Windows NT 6.2; Win64; x64) Presto/2.12.388 Version/12.15"
5.135.53.243 - - [19/Jun/2013:10:42:42 +0200] "GET /info.php?a[]=%3Ca+href=http://www.booklovers.co.nz/index.php/member/79203/%3Eclick+through+the+following+internet+site%3C/a%3E HTTP/1.0" 200 51318 "http://activparty.hu/" "Opera/9.80 (Windows NT 6.2; Win64; x64) Presto/2.12.388 Version/12.15"
178.32.232.221 - - [19/Jun/2013:10:46:39 +0200] "GET /info.php?a[]=%3Ca+href=http://paydayloansfrommrcutts.blog.co.uk/%3Epayday+loans%3C/a%3E HTTP/1.0" 200 51158 "http://activparty.hu/" "Mozilla/5.0 (Linux; U; Android 2.2; fr-fr; Desire_A8181 Build/FRF91) App3leWebKit/53.1 (KHTML, like Gecko) Version/4.0 Mobile Safari/533.1"
5.135.53.243 - - [19/Jun/2013:10:46:50 +0200] "GET /info.php?a[]=%3Ca+href=http://www.booklovers.co.nz/index.php/member/79203/%3Eclick+through+the+following+internet+site%3C/a%3E HTTP/1.0" 200 51378 "http://activparty.hu/" "Mozilla/4.0 (compatible; MSIE 6.0; MSIE 5.5; Windows NT 5.0) Opera 7.02 Bork-edition [en]"
88.190.47.197 - - [19/Jun/2013:10:47:20 +0200] "GET /info.php?a[]=%3Ca+href=http://isiafaq.ivelem.com/test.php?a[]=%3Ca+href=http://Depannagefrance.fr/demandeassistance/feed/%3ESerrurier+courbevoie%3C/a%3E HTTP/1.1" 200 51758 "http://www.phonebook.com/" "Opera/9.80 (Windows NT 6.2; Win64; x64) Presto/2.12.388 Version/12.15"
88.190.47.197 - - [19/Jun/2013:10:47:20 +0200] "GET /info.php?a[]=%3Ca+href=http://isiafaq.ivelem.com/test.php?a[]=%3Ca+href=http://Depannagefrance.fr/demandeassistance/feed/%3ESerrurier+courbevoie%3C/a%3E HTTP/1.1" 200 51763 "http://redirectingat.com/" "Opera/9.80 (Windows NT 6.2; Win64; x64) Presto/2.12.388 Version/12.15"
88.190.47.197 - - [19/Jun/2013:10:47:21 +0200] "GET /info.php?a[]=%3Ca+href=http://isiafaq.ivelem.com/test.php?a[]=%3Ca+href=http://Depannagefrance.fr/demandeassistance/feed/%3ESerrurier+courbevoie%3C/a%3E.radabg.com/url/activparty.hu HTTP/1.1" 200 51983 "http://activparty.hu/" "Opera/9.80 (Windows NT 6.2; Win64; x64) Presto/2.12.388 Version/12.15"
88.190.47.197 - - [19/Jun/2013:10:47:21 +0200] "GET /info.php?a[]=%3Ca+href=http://isiafaq.ivelem.com/test.php?a[]=%3Ca+href=http://Depannagefrance.fr/demandeassistance/feed/%3ESerrurier+courbevoie%3C/a%3E HTTP/1.1" 200 52292 "http://www.developmentnow.com/" "Opera/9.80 (Windows NT 6.2; Win64; x64) Presto/2.12.388 Version/12.15"
128.30.52.73 - - [19/Jun/2013:10:47:21 +0200] "GET /info.php?a[]=%3Ca%20href=http://isiafaq.ivelem.com/test.php?a[]=%3Ca%20href=http://Depannagefrance.fr/demandeassistance/feed/%3ESerrurier%20courbevoie%3C/a%3E HTTP/1.1" 200 51070 "-" "W3C_Validator/1.3 http://validator.w3.org/services"
178.32.232.221 - - [19/Jun/2013:10:47:47 +0200] "GET /info.php HTTP/1.0" 200 50184 "http://activparty.hu/" "Mozilla/4.0 (compatible; MSIE 6.0; MSIE 5.5; Windows NT 5.0) Opera 7.02 Bork-edition [en]"
5.135.53.243 - - [19/Jun/2013:10:48:19 +0200] "GET /info.php?a[]=%3Ca+href=HTTP://xn--imprezy-integracyjne-bielsko-Biaa-Nof.pl/%3Eimprezy+integracyjne%3C/a%3E HTTP/1.0" 200 51162 "http://activparty.hu/" "Mozilla/4.0 (compatible; MSIE 6.0; MSIE 5.5; Windows NT 5.0) Opera 7.02 Bork-edition [en]"
5.135.53.243 - - [19/Jun/2013:10:48:20 +0200] "GET /info.php?a[]=%3Ca+href=http://www.david-Laserscanner.jp/wiki/index.php?title=Visit_Accommodation_In_Costa_Blanca_To_Enjoy_The_200_Kilometres_Of_Coast%3Evisit+this+web+page+link%3C/a%3E HTTP/1.0" 200 51828 "http://activparty.hu/" "Mozilla/4.0 (compatible; MSIE 6.0; MSIE 5.5; Windows NT 5.0) Opera 7.02 Bork-edition [en]"
5.135.53.243 - - [19/Jun/2013:10:53:24 +0200] "GET /info.php?a[]=%3Ca+href=http://www.david-Laserscanner.jp/wiki/index.php?title=Visit_Accommodation_In_Costa_Blanca_To_Enjoy_The_200_Kilometres_Of_Coast%3Evisit+this+web+page+link%3C/a%3E HTTP/1.0" 200 51970 "http://activparty.hu/" "Mozilla/5.0 (Linux; U; Android 2.2; fr-fr; Desire_A8181 Build/FRF91) App3leWebKit/53.1 (KHTML, like Gecko) Version/4.0 Mobile Safari/533.1"
113.212.68.114 - - [19/Jun/2013:11:07:11 +0200] "GET /info.php HTTP/1.1" 200 50447 "http://activparty.hu/" "Mozilla/4.0 (compatible; MSIE 6.0; MSIE 5.5; Windows NT 5.0) Opera 7.02 Bork-edition [en]"
176.31.155.124 - - [19/Jun/2013:11:16:27 +0200] "GET /info.php?a[]=%3Ca+href=http://phantoms.write2me.nl/%3EHotel+Herceg+Novi%3C/a%3E HTTP/1.0" 200 51057 "http://activparty.hu/" "Mozilla/4.0 (compatible; MSIE 6.0; Windows NT 5.1; SV1; MRA 5.8 (build 4157); .NET CLR 2.0.50727; AskTbPTV/5.11.3.15590)"
5.39.4.206 - - [19/Jun/2013:11:29:33 +0200] "GET /info.php?a[]=%3Ca+href=http://clickforu.com/profile-170599/info/%3ESpain+weather+conditions+averages,%3C/a%3E HTTP/1.0" 200 51263 "http://activparty.hu/" "Mozilla/5.0 (Windows NT 6.1; WOW64) AppleWebKit/535.1 (KHTML, like Gecko) Chrome/13.0.782.112 Safari/535.1"
113.212.68.114 - - [19/Jun/2013:11:29:49 +0200] "GET /info.php HTTP/1.1" 200 50603 "http://activparty.hu/" "Mozilla/4.0 (compatible; MSIE 8.0; Windows NT 6.0; Trident/4.0; Mozilla/4.0 (compatible; MSIE 6.0; Windows NT 5.1; SV1) ; .NET CLR 3.5.30729)"
5.39.4.206 - - [19/Jun/2013:11:41:20 +0200] "GET /info.php?a[]=%3Ca+href=HTTP://xn--imprezy-integracyjne-bielsko-Biaa-Nof.pl/%3Eimprezy+integracyjne%3C/a%3E HTTP/1.0" 200 51208 "http://activparty.hu/" "Mozilla/5.0 (Windows NT 6.1; WOW64) AppleWebKit/535.1 (KHTML, like Gecko) Chrome/13.0.782.112 Safari/535.1"
5.39.4.206 - - [19/Jun/2013:11:41:21 +0200] "GET /info.php?a[]=%3Ca+href=HTTP://xn--imprezy-integracyjne-bielsko-Biaa-Nof.pl/%3Eimprezy+integracyjne%3C/a%3E HTTP/1.0" 200 51798 "http://cakesbysandy.Blogspot.fr/2011/05/jazmyns-jewellery-box.html" "Mozilla/4.0 http://www.exapolis.com/buddypress/groups/costa-blanca-holidays-from-denia-to-torrevieja (Windows NT 5.1; U; en) Presto/2.10.229 Version/11.60"
113.212.68.114 - - [19/Jun/2013:11:50:45 +0200] "GET /info.php HTTP/1.1" 200 50421 "http://activparty.hu/" "Mozilla/4.0 (compatible; MSIE 7.0; Windows NT 5.1; Trident/4.0; .NET CLR 1.1.4322)"
91.121.216.191 - - [19/Jun/2013:11:52:12 +0200] "GET /info.php?a[]=%3Ca+href=http://Poshtoshbaby.com/Top100/index.php?a=stats&u=delciebrooks84%3EHighly+recommended+Online+site%3C/a%3E HTTP/1.0" 200 51443 "http://activparty.hu/" "Mozilla/5.0 (Windows NT 5.1; rv:5.0.1) Gecko/20100101 Firefox/5.0.1"
37.59.202.95 - - [19/Jun/2013:12:06:10 +0200] "GET /info.php?a[]=%3Ca+href=http://phantoms.write2me.nl/%3EHotel+Herceg+Novi%3C/a%3E HTTP/1.0" 200 51048 "http://activparty.hu/" "Mozilla/4.0 (compatible; MSIE 6.0; Windows NT 5.1; SV1; MRA 5.8 (build 4157); .NET CLR 2.0.50727; AskTbPTV/5.11.3.15590)"
46.4.241.81 - - [19/Jun/2013:12:07:09 +0200] "GET /info.php?a[]=%3Ca+href=HTTP://xn--imprezy-integracyjne-bielsko-Biaa-Nof.pl/%3Eimprezy+integracyjne%3C/a%3E HTTP/1.0" 200 51307 "http://activparty.hu/" "Mozilla/5.0 (Linux; U; Android 2.2; fr-fr; Desire_A8181 Build/FRF91) App3leWebKit/53.1 (KHTML, like Gecko) Version/4.0 Mobile Safari/533.1"
46.4.241.81 - - [19/Jun/2013:12:07:10 +0200] "GET /info.php?a[]=%3Ca+href=http://homeshopplus.com/socialnet/blog/view/1459354/all-inclusive-holiday-destinations-in-spain%3Emouse+click+the+next+article%3C/a%3E HTTP/1.0" 200 51757 "http://activparty.hu/" "Mozilla/5.0 (Linux; U; Android 2.2; fr-fr; Desire_A8181 Build/FRF91) App3leWebKit/53.1 (KHTML, like Gecko) Version/4.0 Mobile Safari/533.1"
46.4.241.81 - - [19/Jun/2013:12:11:12 +0200] "GET /info.php?a[]=%3Ca+href=http://homeshopplus.com/socialnet/blog/view/1459354/all-inclusive-holiday-destinations-in-spain%3Emouse+click+the+next+article%3C/a%3E HTTP/1.0" 200 51557 "http://activparty.hu/" "Mozilla/5.0 (Windows NT 6.1; rv:2.0b7pre) Gecko/20100921 Firefox/4.0b7pre"
113.212.68.114 - - [19/Jun/2013:12:12:21 +0200] "GET /info.php HTTP/1.1" 200 50535 "http://activparty.hu/" "Mozilla/4.0 (compatible; MSIE 6.0; Windows NT 5.1; SV1; MRA 5.8 (build 4157); .NET CLR 2.0.50727; AskTbPTV/5.11.3.15590)"
178.33.213.43 - - [19/Jun/2013:12:28:53 +0200] "GET /info.php HTTP/1.0" 200 50211 "http://activparty.hu/" "Mozilla/5.0 (Windows NT 6.0) AppleWebKit/535.1 (KHTML, like Gecko) Chrome/13.0.782.112 Safari/535.1"
178.33.213.43 - - [19/Jun/2013:12:31:10 +0200] "GET /info.php?a[]=%3Ca+href=http://paydayloansfrommrcutts.blog.co.uk/%3Epayday+loans%3C/a%3E HTTP/1.0" 200 50963 "http://activparty.hu/" "Mozilla/5.0 (Windows NT 6.1; rv:2.0b7pre) Gecko/20100921 Firefox/4.0b7pre"
178.33.213.43 - - [19/Jun/2013:12:31:14 +0200] "GET /info.php?a[]=%3Ca+href=http://paydayloansfrommrcutts.blog.co.uk/%3Epayday+loans%3C/a%3E HTTP/1.0" 200 51167 "http://activparty.hu/" "Mozilla/4.0 (compatible; MSIE 8.0; Windows NT 6.0; Trident/4.0; Mozilla/4.0 (compatible; MSIE 6.0; Windows NT 5.1; SV1) ; .NET CLR 3.5.30729)"
178.33.213.43 - - [19/Jun/2013:12:32:01 +0200] "GET /info.php?a[]=%3Ca+href=http://paydayloansfrommrcutts.blog.co.uk/%3Epayday+loans%3C/a%3E HTTP/1.0" 200 51041 "http://activparty.hu/" "Mozilla/5.0 (Windows NT 6.0) AppleWebKit/535.1 (KHTML, like Gecko) Chrome/13.0.782.112 Safari/535.1"
113.212.68.114 - - [19/Jun/2013:12:32:02 +0200] "GET /info.php HTTP/1.1" 200 50497 "http://activparty.hu/" "Mozilla/5.0 (Windows NT 6.1; WOW64) AppleWebKit/535.1 (KHTML, like Gecko) Chrome/13.0.782.112 Safari/535.1"
178.33.213.43 - - [19/Jun/2013:12:36:46 +0200] "GET /info.php HTTP/1.0" 200 50295 "http://activparty.hu/" "Mozilla/4.0 (compatible; MSIE 7.0; Windows NT 5.1; Trident/4.0; .NET CLR 2.0.50727; .NET CLR 3.0.4506.2152; .NET CLR 3.5.30729)"
178.33.213.43 - - [19/Jun/2013:12:38:30 +0200] "GET /info.php?a[]=%3Ca+href=http://paydayloansfrommrcutts.blog.co.uk/%3Epayday+loans%3C/a%3E HTTP/1.0" 200 50963 "http://activparty.hu/" "Mozilla/5.0 (Windows NT 6.1; rv:2.0b7pre) Gecko/20100921 Firefox/4.0b7pre"
37.59.29.99 - - [19/Jun/2013:12:47:58 +0200] "GET /info.php?a[]=%3Ca+href=http://paydayloansfrommrcutts.blog.co.uk/%3Epayday+loans%3C/a%3E HTTP/1.0" 200 51037 "http://activparty.hu/" "Mozilla/5.0 (Windows NT 6.0) AppleWebKit/535.1 (KHTML, like Gecko) Chrome/13.0.782.112 Safari/535.1"
37.59.29.99 - - [19/Jun/2013:12:47:58 +0200] "GET /info.php HTTP/1.0" 200 50291 "http://activparty.hu/" "Mozilla/4.0 (compatible; MSIE 7.0; Windows NT 5.1; Trident/4.0; .NET CLR 2.0.50727; .NET CLR 3.0.4506.2152; .NET CLR 3.5.30729)"
157.56.93.214 - - [19/Jun/2013:12:48:18 +0200] "GET /robots.txt HTTP/1.1" 404 - "-" "Mozilla/5.0 (compatible; bingbot/2.0; +http://www.bing.com/bingbot.htm)"
157.56.93.214 - - [19/Jun/2013:12:49:16 +0200] "GET / HTTP/1.1" 200 3021 "-" "Mozilla/5.0 (compatible; bingbot/2.0; +http://www.bing.com/bingbot.htm)"
157.56.93.214 - - [19/Jun/2013:12:49:16 +0200] "GET /aktivparty.html HTTP/1.1" 200 1528 "-" "Mozilla/5.0 (compatible; bingbot/2.0; +http://www.bing.com/bingbot.htm)"
94.23.109.135 - - [19/Jun/2013:12:49:52 +0200] "GET /info.php?a[]=%3Ca+href=http://phantoms.write2me.nl/%3EHotel+Herceg+Novi%3C/a%3E HTTP/1.0" 200 51108 "http://activparty.hu/" "Mozilla/5.0 (Linux; U; Android 2.2; fr-fr; Desire_A8181 Build/FRF91) App3leWebKit/53.1 (KHTML, like Gecko) Version/4.0 Mobile Safari/533.1"
94.23.109.135 - - [19/Jun/2013:12:49:53 +0200] "GET /post.php?L=english HTTP/1.0" 404 - "http://activparty.hu/" "Mozilla/5.0 (Linux; U; Android 2.2; fr-fr; Desire_A8181 Build/FRF91) App3leWebKit/53.1 (KHTML, like Gecko) Version/4.0 Mobile Safari/533.1"
88.190.47.197 - - [19/Jun/2013:12:56:18 +0200] "GET /info.php?a[]=%3Ca%20href=http://Respo.com.ar/DorthyIVY%3Eimplant%20dentaire%20pas%20cher%3C/a%3E HTTP/1.1" 200 51828 "http://external.portalconstructor.co.uk/" "Opera/9.80 (Windows NT 6.2; Win64; x64) Presto/2.12.388 Version/12.15"
88.190.47.197 - - [19/Jun/2013:12:56:19 +0200] "GET /info.php?a[]=%3ca+href=respo.com.ar/dorthyivy%3eimplant+dentaire+pas+cher%3c/a%3e HTTP/1.1" 200 51717 "http://info-dvd.ru/" "Opera/9.80 (Windows NT 6.2; Win64; x64) Presto/2.12.388 Version/12.15"
88.190.47.197 - - [19/Jun/2013:12:56:19 +0200] "GET /info.php?a[]=%3Ca+href=http://Respo.com.ar/DorthyIVY%3Eimplant+dentaire+pas+cher%3C/a%3E HTTP/1.1" 200 52154 "http://www.urbia.de/" "Opera/9.80 (Windows NT 6.2; Win64; x64) Presto/2.12.388 Version/12.15"
88.190.47.197 - - [19/Jun/2013:12:56:19 +0200] "GET /info.php?a[]=%3Ca+href=http://Respo.com.ar/DorthyIVY%3Eimplant+dentaire+pas+cher%3C/a%3E?mpch=sem HTTP/1.1" 200 51322 "http://activparty.hu/" "Opera/9.80 (Windows NT 6.2; Win64; x64) Presto/2.12.388 Version/12.15"
88.190.47.197 - - [19/Jun/2013:12:56:19 +0200] "GET /info.php?a[]=%3Ca+href=http://Respo.com.ar/DorthyIVY%3Eimplant+dentaire+pas+cher%3C/a%3E HTTP/1.1" 200 52166 "http://mgw.hatena.ne.jp/" "Opera/9.80 (Windows NT 6.2; Win64; x64) Presto/2.12.388 Version/12.15"
88.190.47.197 - - [19/Jun/2013:12:56:19 +0200] "GET /info.php?a[]=%3Ca+href=http://Respo.com.ar/DorthyIVY%3Eimplant+dentaire+pas+cher%3C/a%3E HTTP/1.1" 200 52169 "http://www10.dcccafe.com/" "Opera/9.80 (Windows NT 6.2; Win64; x64) Presto/2.12.388 Version/12.15"
113.212.68.114 - - [19/Jun/2013:12:59:15 +0200] "GET /info.php HTTP/1.1" 200 50474 "http://activparty.hu/" "Mozilla/5.0 (Windows NT 6.0) AppleWebKit/535.1 (KHTML, like Gecko) Chrome/13.0.782.112 Safari/535.1"
5.39.4.217 - - [19/Jun/2013:13:06:55 +0200] "GET /info.php?a[]=%3Ca+href=http://kermisfo.wegbreek.deamidase.mogol.nkat.forum.mythem.es/passnummern/gefahrener/gemeingueltiges/contrabandado/%3Ehttp://mainkeys.Com%3C/a%3E HTTP/1.0" 200 51753 "http://activparty.hu/" "Mozilla/4.0 (compatible; MSIE 7.0; Windows NT 5.1; Trident/4.0; .NET CLR 2.0.50727; .NET CLR 3.0.4506.2152; .NET CLR 3.5.30729)"
5.135.180.6 - - [19/Jun/2013:13:07:12 +0200] "GET /info.php?a[]=%3Ca+href=http://phantoms.write2me.nl/%3EHotel+Herceg+Novi%3C/a%3E HTTP/1.0" 200 50910 "http://activparty.hu/" "Mozilla/4.0 (compatible; MSIE 7.0; Windows NT 5.1; SV1; .NET CLR 2.0.50727)"
5.135.34.29 - - [19/Jun/2013:13:24:34 +0200] "GET /info.php HTTP/1.1" 200 50720 "http://activparty.hu/" "Mozilla/5.0 (Windows NT 6.0) AppleWebKit/535.1 (KHTML, like Gecko) Chrome/13.0.782.112 Safari/535.1"
5.135.34.29 - - [19/Jun/2013:13:24:36 +0200] "GET /info.php?a[]=%3Ca+href=http://www.hubfriend.com/index.php?do=/profile-810/info/%3Elandline+phone+service+in+texas%3C/a%3E HTTP/1.1" 200 51864 "http://activparty.hu/" "Mozilla/5.0 (Windows NT 6.0) AppleWebKit/535.1 (KHTML, like Gecko) Chrome/13.0.782.112 Safari/535.1"
113.212.68.114 - - [19/Jun/2013:13:28:20 +0200] "GET /info.php HTTP/1.1" 200 50602 "http://activparty.hu/" "Mozilla/4.0 (compatible; MSIE 8.0; Windows NT 6.0; Trident/4.0; Mozilla/4.0 (compatible; MSIE 6.0; Windows NT 5.1; SV1) ; .NET CLR 3.5.30729)"
5.135.34.29 - - [19/Jun/2013:13:29:29 +0200] "GET /info.php?a[]=%3Ca+href=http://www.hubfriend.com/index.php?do=/profile-810/info/%3Elandline+phone+service+in+texas%3C/a%3E HTTP/1.1" 200 51859 "http://activparty.hu/" "Mozilla/5.0 (Windows NT 6.0) AppleWebKit/535.1 (KHTML, like Gecko) Chrome/13.0.782.112 Safari/535.1"
5.39.4.215 - - [19/Jun/2013:13:35:09 +0200] "GET /info.php?a[]=%3Ca+href=http://new-cars-new.blogspot.co.uk/2010/09/opel-corsa-opc-2010.html%3Ehttp://www.cultura.ufpa.br/quites/index.php?title=Usu%C3%A1Rio:AsleyWoods89%3C/a%3E HTTP/1.1" 200 52133 "http://activparty.hu/" "Mozilla/5.0 (Windows NT 6.1; rv:5.0) Gecko/20100101 Firefox/5.02"
199.80.54.252 - - [19/Jun/2013:13:39:58 +0200] "GET / HTTP/1.1" 200 3021 "-" "Python-urllib/2.6"
91.198.94.218 - - [19/Jun/2013:13:42:07 +0200] "GET /info.php HTTP/1.0" 200 49911 "http://activparty.hu/info.php" "Mozilla/5.0 (Windows NT 5.1) AppleWebKit/537.19 (KHTML, like Gecko) Chrome/25.0.1323.1 Safari/537.19"
37.59.241.235 - - [19/Jun/2013:13:47:42 +0200] "GET /info.php?a[]=%3Ca+href=http://fengur.org/?p=320%3Esemag+20mm+uk%3C/a%3E HTTP/1.0" 200 50844 "http://activparty.hu/" "Mozilla/5.0 (Windows NT 6.1; rv:2.0b7pre) Gecko/20100921 Firefox/4.0b7pre"
