208.115.113.88 - - [23/Jun/2013:01:33:47 +0200] "GET /info.php?a=erotyka HTTP/1.1" 200 49359 "-" "Mozilla/5.0 (compatible; Ezooms/1.0; ezooms.bot@gmail.com)"
113.212.68.114 - - [23/Jun/2013:01:53:21 +0200] "GET /info.php HTTP/1.1" 200 50558 "http://activparty.hu/" "Mozilla/4.0 (compatible; MSIE 7.0; Windows NT 5.1; Trident/4.0; .NET CLR 2.0.50727; .NET CLR 3.0.4506.2152; .NET CLR 3.5.30729)"
112.111.189.205 - - [23/Jun/2013:02:20:12 +0200] "POST /info.php?a=%3ca+href=http://www.treaming.net/userinfo.php?uid=17028%3ewww.treaming.net%3c/a%3e HTTP/1.1" 200 49987 "-" "-"
5.135.47.127 - - [23/Jun/2013:02:44:01 +0200] "GET /info.php?a[]=%3Ca+href=HTTP://xn--imprezy-integracyjne-bielsko-Biaa-Nof.pl/%3Eimprezy+integracyjne%3C/a%3E HTTP/1.0" 200 51161 "http://activparty.hu/" "Mozilla/4.0 (compatible; MSIE 6.0; MSIE 5.5; Windows NT 5.0) Opera 7.02 Bork-edition [en]"
5.135.47.127 - - [23/Jun/2013:02:44:05 +0200] "GET /info.php?a[]=%3Ca+href=http://www.aac.lv/phpnuke/modules.php?name=Your_Account&op=userinfo&username=ArdeliaBerry72%3Esimply+click+the+up+coming+website%3C/a%3E HTTP/1.0" 200 51913 "http://activparty.hu/" "Mozilla/4.0 (compatible; MSIE 6.0; MSIE 5.5; Windows NT 5.0) Opera 7.02 Bork-edition [en]"
113.212.68.114 - - [23/Jun/2013:02:51:42 +0200] "GET /info.php HTTP/1.1" 200 50593 "http://activparty.hu/" "Mozilla/5.0 (Linux; U; Android 2.2; fr-fr; Desire_A8181 Build/FRF91) App3leWebKit/53.1 (KHTML, like Gecko) Version/4.0 Mobile Safari/533.1"
113.212.68.114 - - [23/Jun/2013:03:08:17 +0200] "GET /info.php HTTP/1.1" 200 50446 "http://activparty.hu/" "Mozilla/4.0 (compatible; MSIE 6.0; MSIE 5.5; Windows NT 5.0) Opera 7.02 Bork-edition [en]"
184.154.149.122 - - [23/Jun/2013:03:18:22 +0200] "GET /info.php?a[]=%3Ca+href=http://medical.market11-tw.org%3E3com+4500+firmware%3C/a%3E HTTP/1.1" 200 51436 "http://activparty.hu/" "Mozilla/5.0 (Windows NT 5.1; rv:5.0.1) Gecko/20100101 Firefox/5.0.1"
184.154.149.122 - - [23/Jun/2013:03:18:39 +0200] "GET /info.php?a[]=%3Ca+href=http://medical.market11-tw.org%3E3com+4500+firmware%3C/a%3E HTTP/1.1" 200 51816 "http://workingmom.kr/index.php?mid=wmom_talk_babysitter&document_srl=338460" "Mozilla/4.0 bankers boxes 701"
113.212.68.114 - - [23/Jun/2013:03:28:56 +0200] "GET /info.php HTTP/1.1" 200 50425 "http://activparty.hu/" "Mozilla/4.0 (compatible; MSIE 7.0; Windows NT 5.1; Trident/4.0; .NET CLR 1.1.4322)"
37.59.241.233 - - [23/Jun/2013:03:48:19 +0200] "GET /info.php?a[]=%3Ca+href=http://www.dailyroads.com/LenoreCan%3E%E7%B6%B2%E7%AB%99%E6%8E%E2%80%99%E5%90%8D%3C/a%3E HTTP/1.1" 200 51580 "http://activparty.hu/" "Mozilla/5.0 (Windows NT 5.1; rv:13.0) Gecko/20100101 Firefox/13.0.1"
37.59.241.233 - - [23/Jun/2013:03:48:23 +0200] "GET /info.php?a[]=%3Ca+href=http://www.dailyroads.com/LenoreCan%3E%E7%B6%B2%E7%AB%99%E6%8E%E2%80%99%E5%90%8D%3C/a%3E HTTP/1.1" 200 52592 "http://www.cepaxarquia.org/aula/blog/index.php?postid=26380" "Mozilla/4.0 environmental monitoring lab"
113.212.68.114 - - [23/Jun/2013:03:55:43 +0200] "GET /info.php HTTP/1.1" 200 50593 "http://activparty.hu/" "Mozilla/5.0 (Linux; U; Android 2.2; fr-fr; Desire_A8181 Build/FRF91) App3leWebKit/53.1 (KHTML, like Gecko) Version/4.0 Mobile Safari/533.1"
113.212.68.114 - - [23/Jun/2013:04:17:26 +0200] "GET /info.php HTTP/1.1" 200 50380 "http://activparty.hu/" "Mozilla/5.0 (Windows NT 5.1; rv:5.0.1) Gecko/20100101 Firefox/5.0.1"
5.39.40.131 - - [23/Jun/2013:04:25:49 +0200] "GET /info.php?a[]=%3Ca+href=http://journals.fotki.com/kashareeve/kashareeve/entry/gtwsqwdqbfdg/%3Efranchise+blanchiment+dentaire%3C/a%3E HTTP/1.1" 200 51820 "http://activparty.hu/" "Mozilla/5.0 (Windows NT 5.1; rv:5.0.1) Gecko/20100101 Firefox/5.0.1"
5.39.40.131 - - [23/Jun/2013:04:25:49 +0200] "GET /info.php?a[]=%3Ca+href=http://journals.fotki.com/kashareeve/kashareeve/entry/gtwsqwdqbfdg/%3Efranchise+blanchiment+dentaire%3C/a%3E HTTP/1.1" 200 52467 "http://catchingarainbow.blogs.letelegramme.com/archive/2007/01/12/chabichou-du-poitou.html" "Opera/9.80 billet d avion brad\xc3\xa9 (Windows NT 5.1; U; en) Presto/2.10.229 Version/11.60"
113.212.68.114 - - [23/Jun/2013:04:41:16 +0200] "GET /info.php HTTP/1.1" 200 50371 "http://activparty.hu/" "Mozilla/5.0 (Windows NT 6.1; rv:5.0) Gecko/20100101 Firefox/5.02"
5.39.36.73 - - [23/Jun/2013:05:03:19 +0200] "GET /info.php?a[]=%3Ca+href=http://tok.az/index.php?option=com_fireboard&func=myprofile&do=profileinfo%3Eplastic+surgery+breast+enlargement+pictures%3C/a%3E HTTP/1.0" 200 51765 "http://activparty.hu/" "Mozilla/5.0 (Windows NT 5.1; rv:5.0.1) Gecko/20100101 Firefox/5.0.1"
5.39.36.73 - - [23/Jun/2013:05:03:22 +0200] "GET /info.php?a[]=%3Ca+href=http://tok.az/index.php?option=com_fireboard&func=myprofile&do=profileinfo%3Eplastic+surgery+breast+enlargement+pictures%3C/a%3E HTTP/1.0" 200 52016 "http://beauty.seofortaipei.com/" "Mozilla/5.0 \xe8\xb1\x90\xe8\x83\xb8 (Windows NT 5.1; U; en) Presto/2.10.229 Version/11.60"
113.212.68.114 - - [23/Jun/2013:05:04:05 +0200] "GET /info.php HTTP/1.1" 200 50560 "http://activparty.hu/" "Mozilla/4.0 (compatible; MSIE 7.0; Windows NT 5.1; Trident/4.0; .NET CLR 2.0.50727; .NET CLR 3.0.4506.2152; .NET CLR 3.5.30729)"
192.95.7.15 - - [23/Jun/2013:05:05:27 +0200] "GET /info.php?a[]=%3Ca+href=http://blog.thelist7week.com/?p=12%3Estem+and+leaf+plot+worksheets%3C/a%3E HTTP/1.0" 200 51108 "http://activparty.hu/" "Mozilla/4.0 (compatible; MSIE 7.0; Windows NT 5.1; Trident/4.0; .NET CLR 1.1.4322)"
113.212.68.114 - - [23/Jun/2013:05:23:58 +0200] "GET /info.php HTTP/1.1" 200 50387 "http://activparty.hu/" "Mozilla/5.0 (Windows NT 6.1; WOW64; rv:5.0) Gecko/20100101 Firefox/5.0"
192.95.54.249 - - [23/Jun/2013:05:32:35 +0200] "GET /info.php?a[]=%3Ca+href=http://blog.thelist7week.com/?p=12%3Estem+and+leaf+plot+worksheets%3C/a%3E HTTP/1.0" 200 51226 "http://activparty.hu/" "Mozilla/4.0 (compatible; MSIE 6.0; Windows NT 5.1; SV1; MRA 5.8 (build 4157); .NET CLR 2.0.50727; AskTbPTV/5.11.3.15590)"
192.95.54.249 - - [23/Jun/2013:05:32:43 +0200] "GET /info.php?a[]=%3Ca+href=http://www.miradeed.com/pd/pd-class_list.asp?db_pd=mini%20SAS/SAS&db_class=Cable%20Assembly%3Emini+SAS%3C/a%3E HTTP/1.0" 200 51600 "http://activparty.hu/" "Mozilla/4.0 (compatible; MSIE 6.0; Windows NT 5.1; SV1; MRA 5.8 (build 4157); .NET CLR 2.0.50727; AskTbPTV/5.11.3.15590)"
113.212.68.114 - - [23/Jun/2013:05:44:47 +0200] "GET /info.php HTTP/1.1" 200 50380 "http://activparty.hu/" "Mozilla/5.0 (Windows NT 5.1; rv:5.0.1) Gecko/20100101 Firefox/5.0.1"
113.212.68.114 - - [23/Jun/2013:06:10:39 +0200] "GET /info.php HTTP/1.1" 200 50398 "http://activparty.hu/" "Mozilla/5.0 (Windows NT 6.1; rv:2.0b7pre) Gecko/20100921 Firefox/4.0b7pre"
5.135.99.198 - - [23/Jun/2013:06:23:28 +0200] "GET /info.php?a[]=%3Ca+href=http://wiki.e-shuster.pl/index.php/Half_Of_A_Yellow_Sun_By_Chimamanda_Ngozi_Adichie HTTP/1.0" 200 51297 "http://activparty.hu/" "Mozilla/4.0 (compatible; MSIE 8.0; Windows NT 6.0; Trident/4.0; Mozilla/4.0 (compatible; MSIE 6.0; Windows NT 5.1; SV1) ; .NET CLR 3.5.30729)"
5.135.99.198 - - [23/Jun/2013:06:23:28 +0200] "GET /info.php?a[]=%3Ca+href=http://hooknhound.com/index.php?option=com_blog&view=comments&pid=135904&Itemid=0%3Ehooknhound.com+( HTTP/1.0" 200 51752 "http://activparty.hu/" "Mozilla/5.0 (Windows NT 6.1; WOW64) AppleWebKit/535.1 (KHTML, like Gecko) Chrome/13.0.782.112 Safari/535.1"
5.135.99.198 - - [23/Jun/2013:06:23:30 +0200] "GET /info.php?a[]=%3Ca+href=http://hooknhound.com/index.php?option=com_blog&view=comments&pid=135904&Itemid=0%3Ehooknhound.com+( HTTP/1.0" 200 52256 "http://wiki.e-shuster.pl/index.php/Half_Of_A_Yellow_Sun_By_Chimamanda_Ngozi_Adichie" "Mozilla/4.0 click through the next page (Windows NT 5.1; U; en) Presto/2.10.229 Version/11.60"
113.212.68.114 - - [23/Jun/2013:06:31:23 +0200] "GET /info.php HTTP/1.1" 200 50404 "http://activparty.hu/" "Mozilla/4.0 (compatible; MSIE 7.0; Windows NT 5.1; SV1; .NET CLR 2.0.50727)"
69.175.85.131 - - [23/Jun/2013:06:39:15 +0200] "GET /info.php?a[]=%3Ca+href=http://blog.thelist7week.com/?p=12%3Estem+and+leaf+plot+worksheets%3C/a%3E HTTP/1.1" 200 51760 "http://activparty.hu/" "Mozilla/4.0 (compatible; MSIE 7.0; Windows NT 5.1; Trident/4.0; .NET CLR 2.0.50727; .NET CLR 3.0.4506.2152; .NET CLR 3.5.30729)"
5.135.47.127 - - [23/Jun/2013:06:40:35 +0200] "GET /info.php?a[]=%3Ca+href=HTTP://xn--imprezy-integracyjne-bielsko-Biaa-Nof.pl/%3Eimprezy+integracyjne%3C/a%3E HTTP/1.0" 200 51161 "http://activparty.hu/" "Mozilla/4.0 (compatible; MSIE 6.0; MSIE 5.5; Windows NT 5.0) Opera 7.02 Bork-edition [en]"
5.135.47.127 - - [23/Jun/2013:06:40:37 +0200] "GET /info.php?a[]=%3Ca+href=http://Www.surfacegallery.org/index.php/S=61a9975c34cc7aae88247f512a9cfba7f419e569/member/1391/%3Erelevant+webpage%3C/a%3E HTTP/1.0" 200 51473 "http://activparty.hu/" "Mozilla/4.0 (compatible; MSIE 6.0; MSIE 5.5; Windows NT 5.0) Opera 7.02 Bork-edition [en]"
5.135.99.203 - - [23/Jun/2013:06:45:51 +0200] "GET /info.php?a[]=%3Ca+href=http://Www.surfacegallery.org/index.php/S=61a9975c34cc7aae88247f512a9cfba7f419e569/member/1391/%3Erelevant+webpage%3C/a%3E HTTP/1.0" 200 51521 "http://activparty.hu/" "Mozilla/4.0 (compatible; MSIE 6.0; Windows NT 5.1; SV1; FunWebProducts; .NET CLR 1.1.4322; PeoplePal 6.2)"
113.212.68.114 - - [23/Jun/2013:06:50:41 +0200] "GET /info.php HTTP/1.1" 200 50398 "http://activparty.hu/" "Mozilla/5.0 (Windows NT 6.1; rv:2.0b7pre) Gecko/20100921 Firefox/4.0b7pre"
91.108.177.15 - - [23/Jun/2013:07:25:04 +0200] "GET /info.php?a[]=%3Ca+href=http://Xn--imprezy-integracyjne-bielsko-biaa-nof.pl/%3Eimprezy+integracyjne%3C/a%3E HTTP/1.0" 200 51122 "http://activparty.hu/" "Mozilla/4.0 (compatible; MSIE 7.0; Windows NT 5.1; SV1; .NET CLR 2.0.50727)"
91.108.177.15 - - [23/Jun/2013:07:25:05 +0200] "GET /info.php?a[]=%3Ca+href=http://giraffecomms.com/index.php/member/137539/%3Erelevant+internet+page%3C/a%3E HTTP/1.0" 200 51120 "http://activparty.hu/" "Mozilla/4.0 (compatible; MSIE 7.0; Windows NT 5.1; SV1; .NET CLR 2.0.50727)"
91.108.177.15 - - [23/Jun/2013:07:28:42 +0200] "GET /info.php?a[]=%3Ca+href=http://giraffecomms.com/index.php/member/137539/%3Erelevant+internet+page%3C/a%3E HTTP/1.0" 200 51102 "http://activparty.hu/" "Opera/9.80 (Windows NT 6.2; Win64; x64) Presto/2.12.388 Version/12.15"
113.212.68.114 - - [23/Jun/2013:07:43:40 +0200] "GET /info.php HTTP/1.1" 200 50381 "http://activparty.hu/" "Mozilla/5.0 (Windows NT 5.1; rv:5.0.1) Gecko/20100101 Firefox/5.0.1"
184.154.100.94 - - [23/Jun/2013:08:07:17 +0200] "GET /info.php?a[]=%3Ca+href=http://blog.thelist7week.com/?p=12%3Estem+and+leaf+plot+worksheets%3C/a%3E HTTP/1.1" 200 51742 "http://activparty.hu/" "Mozilla/4.0 (compatible; MSIE 6.0; Windows NT 5.1; SV1; MRA 5.8 (build 4157); .NET CLR 2.0.50727; AskTbPTV/5.11.3.15590)"
113.212.68.114 - - [23/Jun/2013:08:14:15 +0200] "GET /info.php HTTP/1.1" 200 50594 "http://activparty.hu/" "Mozilla/5.0 (Linux; U; Android 2.2; fr-fr; Desire_A8181 Build/FRF91) App3leWebKit/53.1 (KHTML, like Gecko) Version/4.0 Mobile Safari/533.1"
113.212.68.114 - - [23/Jun/2013:08:39:23 +0200] "GET /info.php HTTP/1.1" 200 50488 "http://activparty.hu/" "Mozilla/4.0 (compatible; MSIE 6.0; Windows NT 5.1; SV1; FunWebProducts; .NET CLR 1.1.4322; PeoplePal 6.2)"
220.255.2.49 - - [23/Jun/2013:08:59:34 +0200] "GET /info.php?a[]=%3Ca+href=https://www.facebook.com/CorporateGiftsSingapore%3Ecorporate+gifts+singapore%3C/a%3E HTTP/1.1" 200 51646 "http://activparty.hu/" "Mozilla/5.0 (Windows NT 6.1; rv:2.0b7pre) Gecko/20100921 Firefox/4.0b7pre"
113.212.68.114 - - [23/Jun/2013:09:00:25 +0200] "GET /info.php HTTP/1.1" 200 50561 "http://activparty.hu/" "Mozilla/4.0 (compatible; MSIE 7.0; Windows NT 5.1; Trident/4.0; .NET CLR 2.0.50727; .NET CLR 3.0.4506.2152; .NET CLR 3.5.30729)"
184.154.28.82 - - [23/Jun/2013:09:06:04 +0200] "GET /info.php?a[]=%3Ca+href=http://jantancelaka.blogspot.com/2010/11/gua-bersama-dengan-awek-korea.html%3ESEO%E6%94%B6%E8%B2%BB%3C/a%3E HTTP/1.1" 200 51765 "http://activparty.hu/" "Mozilla/5.0 (Windows NT 5.1; rv:13.0) Gecko/20100101 Firefox/13.0.1"
184.154.28.82 - - [23/Jun/2013:09:06:31 +0200] "GET /info.php?a[]=%3Ca+href=http://jantancelaka.blogspot.com/2010/11/gua-bersama-dengan-awek-korea.html%3ESEO%E6%94%B6%E8%B2%BB%3C/a%3E HTTP/1.1" 200 51854 "http://schoolyardonline.com/JaneenEas" "Mozilla/5.0 CTMS"
113.212.68.114 - - [23/Jun/2013:09:13:35 +0200] "GET /info.php HTTP/1.1" 200 50603 "http://activparty.hu/" "Mozilla/4.0 (compatible; MSIE 8.0; Windows NT 6.0; Trident/4.0; Mozilla/4.0 (compatible; MSIE 6.0; Windows NT 5.1; SV1) ; .NET CLR 3.5.30729)"
113.212.68.114 - - [23/Jun/2013:09:27:43 +0200] "GET /info.php HTTP/1.1" 200 50426 "http://activparty.hu/" "Mozilla/4.0 (compatible; MSIE 7.0; Windows NT 5.1; Trident/4.0; .NET CLR 1.1.4322)"
113.212.68.114 - - [23/Jun/2013:09:41:30 +0200] "GET /info.php HTTP/1.1" 200 50370 "http://activparty.hu/" "Mozilla/5.0 (Windows NT 6.1; rv:5.0) Gecko/20100101 Firefox/5.02"
113.212.68.114 - - [23/Jun/2013:10:00:27 +0200] "GET /info.php HTTP/1.1" 200 50556 "http://activparty.hu/" "Mozilla/4.0 (compatible; MSIE 7.0; Windows NT 5.1; Trident/4.0; .NET CLR 2.0.50727; .NET CLR 3.0.4506.2152; .NET CLR 3.5.30729)"
113.212.68.114 - - [23/Jun/2013:10:18:58 +0200] "GET /info.php HTTP/1.1" 200 50381 "http://activparty.hu/" "Mozilla/5.0 (Windows NT 5.1; rv:13.0) Gecko/20100101 Firefox/13.0.1"
113.212.68.114 - - [23/Jun/2013:10:36:10 +0200] "GET /info.php HTTP/1.1" 200 50387 "http://activparty.hu/" "Opera/9.80 (Windows NT 6.2; Win64; x64) Presto/2.12.388 Version/12.15"
220.255.2.74 - - [23/Jun/2013:10:42:08 +0200] "GET /info.php?a[]=%3Ca+href=http://www.osca.asia/%3Emodern+office+interior+design%3C/a%3E HTTP/1.1" 200 51615 "http://activparty.hu/" "Mozilla/4.0 (compatible; MSIE 6.0; Windows NT 5.1; SV1; MRA 5.8 (build 4157); .NET CLR 2.0.50727; AskTbPTV/5.11.3.15590)"
188.165.169.248 - - [23/Jun/2013:10:43:59 +0200] "GET /info.php?a[]=%3Ca+href=http://phantoms.write2me.nl/%3EHotel+Herceg+Novi%3C/a%3E HTTP/1.0" 200 51009 "http://activparty.hu/" "Mozilla/4.0 (compatible; MSIE 6.0; Windows NT 5.1; SV1; FunWebProducts; .NET CLR 1.1.4322; PeoplePal 6.2)"
176.31.204.56 - - [23/Jun/2013:10:56:09 +0200] "GET /info.php?a[]=%3Ca+href=http://phantoms.write2me.nl/%3EHotel+Herceg+Novi%3C/a%3E HTTP/1.0" 200 50902 "http://activparty.hu/" "Opera/9.80 (Windows NT 6.2; Win64; x64) Presto/2.12.388 Version/12.15"
37.59.88.254 - - [23/Jun/2013:10:58:01 +0200] "GET /info.php?a[]=%3Ca+href=http://Xn--imprezy-integracyjne-bielsko-biaa-nof.pl/%3Eimprezy+integracyjne%3C/a%3E HTTP/1.0" 200 51192 "http://activparty.hu/" "Mozilla/5.0 (Windows NT 6.0) AppleWebKit/535.1 (KHTML, like Gecko) Chrome/13.0.782.112 Safari/535.1"
37.59.88.254 - - [23/Jun/2013:10:58:02 +0200] "GET /info.php?a[]=%3Ca+href=http://Xn--imprezy-integracyjne-bielsko-biaa-nof.pl/%3Eimprezy+integracyjne%3C/a%3E HTTP/1.0" 200 51797 "http://seapp.ihandssocial.com/profile/elenegriffin1979" "Mozilla/4.0 http://www.agryd.com/index.php?do=/blog/191002/retiring-on-the-costa-blanca-spain-retire-in-spain/add-comment/ (Windows NT 5.1; U; en) Presto/2.10.229 Version/11.60"
113.212.68.114 - - [23/Jun/2013:11:00:06 +0200] "GET /info.php HTTP/1.1" 200 50379 "http://activparty.hu/" "Mozilla/5.0 (Windows NT 5.1; rv:13.0) Gecko/20100101 Firefox/13.0.1"
113.212.68.114 - - [23/Jun/2013:11:19:38 +0200] "GET /info.php HTTP/1.1" 200 50367 "http://activparty.hu/" "Mozilla/5.0 (Windows NT 6.1; rv:5.0) Gecko/20100101 Firefox/5.02"
199.180.132.197 - - [23/Jun/2013:11:29:53 +0200] "GET /info.php?a[]=%3Ca+href=http://dr.eggs.free.fr/admin/phpinfo.php?a[]=%3Ca+href=http://dickdiver.di.funpic.de/wordpress/?p=10%3Echerry+bomb+muffler+youtube%3C/a%3E%3Esnsd+before+plastic+surgery+photos%3C/a%3E HTTP/1.0" 200 52126 "http://activparty.hu/" "Mozilla/5.0 (Windows NT 6.1; WOW64) AppleWebKit/535.1 (KHTML, like Gecko) Chrome/13.0.782.112 Safari/535.1"
113.212.68.114 - - [23/Jun/2013:11:41:02 +0200] "GET /info.php HTTP/1.1" 200 50477 "http://activparty.hu/" "Mozilla/5.0 (Windows NT 6.0) AppleWebKit/535.1 (KHTML, like Gecko) Chrome/13.0.782.112 Safari/535.1"
66.249.78.49 - - [23/Jun/2013:11:58:10 +0200] "GET /robots.txt HTTP/1.1" 404 - "-" "Mozilla/5.0 (compatible; Googlebot/2.1; +http://www.google.com/bot.html)"
66.249.78.49 - - [23/Jun/2013:11:58:10 +0200] "GET /aktivparty.html HTTP/1.1" 304 - "-" "SAMSUNG-SGH-E250/1.0 Profile/MIDP-2.0 Configuration/CLDC-1.1 UP.Browser/6.2.3.3.c.1.101 (GUI) MMP/2.0 (compatible; Googlebot-Mobile/2.1; +http://www.google.com/bot.html)"
113.212.68.114 - - [23/Jun/2013:12:03:23 +0200] "GET /info.php HTTP/1.1" 200 50388 "http://activparty.hu/" "Mozilla/5.0 (Windows NT 6.1; WOW64; rv:5.0) Gecko/20100101 Firefox/5.0"
113.212.68.114 - - [23/Jun/2013:12:45:22 +0200] "GET /info.php HTTP/1.1" 200 50561 "http://activparty.hu/" "Mozilla/4.0 (compatible; MSIE 7.0; Windows NT 5.1; Trident/4.0; .NET CLR 2.0.50727; .NET CLR 3.0.4506.2152; .NET CLR 3.5.30729)"
87.98.245.196 - - [23/Jun/2013:12:49:41 +0200] "GET /info.php?a[]=%3Ca+href=http://gsaser.Com.pl%3Egsa+search+engine+ranker%3C/a%3E HTTP/1.0" 200 50926 "http://activparty.hu/" "Mozilla/4.0 (compatible; MSIE 7.0; Windows NT 5.1; SV1; .NET CLR 2.0.50727)"
87.98.245.196 - - [23/Jun/2013:12:49:42 +0200] "GET /info.php?a[]=%3Ca+href=http://dsvs-sote.de/board/index.php?title=Holiday_Homes_In_Spain%3Eclick+the+up+coming+website%3C/a%3E HTTP/1.0" 200 51311 "http://activparty.hu/" "Mozilla/4.0 (compatible; MSIE 7.0; Windows NT 5.1; SV1; .NET CLR 2.0.50727)"
87.98.245.196 - - [23/Jun/2013:12:51:20 +0200] "GET /info.php?a[]=%3Ca+href=http://dsvs-sote.de/board/index.php?title=Holiday_Homes_In_Spain%3Eclick+the+up+coming+website%3C/a%3E HTTP/1.0" 200 51301 "http://activparty.hu/" "Mozilla/5.0 (Windows NT 6.1; WOW64; rv:5.0) Gecko/20100101 Firefox/5.0"
5.39.47.166 - - [23/Jun/2013:12:58:45 +0200] "GET /info.php?a[]=%3Ca+href=http://www.vourtimeri.com HTTP/1.0" 200 50727 "http://activparty.hu/" "Mozilla/5.0 (Windows NT 6.1; WOW64) AppleWebKit/535.1 (KHTML, like Gecko) Chrome/13.0.782.112 Safari/535.1"
5.39.47.166 - - [23/Jun/2013:12:58:45 +0200] "GET /info.php?a[]=%3Ca+href=http://marcidiehl.com/i-confess-i-have-sinned-against-my-website/%3Eanonymous%3C/a%3E HTTP/1.0" 200 51105 "http://activparty.hu/" "Mozilla/5.0 (Windows NT 6.1; WOW64; rv:5.0) Gecko/20100101 Firefox/5.0"
5.39.47.166 - - [23/Jun/2013:12:58:46 +0200] "GET /info.php?a[]=%3Ca+href=http://marcidiehl.com/i-confess-i-have-sinned-against-my-website/%3Eanonymous%3C/a%3E HTTP/1.0" 200 51320 "http://www.vourtimeri.com" "Mozilla/4.0 serrurier (Windows NT 5.1; U; en) Presto/2.10.229 Version/11.60"
5.39.47.166 - - [23/Jun/2013:13:01:46 +0200] "GET /info.php?a[]=%3Ca+href=http://marcidiehl.com/i-confess-i-have-sinned-against-my-website/%3Eanonymous%3C/a%3E HTTP/1.0" 200 51309 "http://activparty.hu/" "Mozilla/5.0 (Linux; U; Android 2.2; fr-fr; Desire_A8181 Build/FRF91) App3leWebKit/53.1 (KHTML, like Gecko) Version/4.0 Mobile Safari/533.1"
113.212.68.114 - - [23/Jun/2013:13:08:13 +0200] "GET /info.php HTTP/1.1" 200 50498 "http://activparty.hu/" "Mozilla/5.0 (Windows NT 6.1; WOW64) AppleWebKit/535.1 (KHTML, like Gecko) Chrome/13.0.782.112 Safari/535.1"
113.212.68.114 - - [23/Jun/2013:13:36:02 +0200] "GET /info.php HTTP/1.1" 200 50605 "http://activparty.hu/" "Mozilla/4.0 (compatible; MSIE 8.0; Windows NT 6.0; Trident/4.0; Mozilla/4.0 (compatible; MSIE 6.0; Windows NT 5.1; SV1) ; .NET CLR 3.5.30729)"
151.230.138.26 - - [23/Jun/2013:13:39:17 +0200] "GET /info.php HTTP/1.1" 200 50381 "http://activparty.hu/" "Mozilla/5.0 (Windows NT 5.1; rv:5.0.1) Gecko/20100101 Firefox/5.0.1"
192.119.148.240 - - [23/Jun/2013:13:39:19 +0200] "GET /info.php HTTP/1.0" 200 50377 "http://shoestoragecabinet.info" "Opera/9.80 fat burners (Windows NT 5.1; U; en) Presto/2.10.229 Version/11.60"
113.212.68.114 - - [23/Jun/2013:13:58:04 +0200] "GET /info.php HTTP/1.1" 200 50385 "http://activparty.hu/" "Opera/9.80 (Windows NT 6.2; Win64; x64) Presto/2.12.388 Version/12.15"
5.135.47.120 - - [23/Jun/2013:14:10:17 +0200] "GET /info.php?a[]=%3Ca+href=HTTP://xn--imprezy-integracyjne-bielsko-Biaa-Nof.pl/%3Eimprezy+integracyjne%3C/a%3E HTTP/1.0" 200 51120 "http://activparty.hu/" "Mozilla/4.0 (compatible; MSIE 7.0; Windows NT 5.1; SV1; .NET CLR 2.0.50727)"
5.135.47.120 - - [23/Jun/2013:14:10:18 +0200] "GET /info.php?a[]=%3Ca+href=http://Www.Realtyfact.com/members/vinitanelson70/activity/9166/%3Emy+website%3C/a%3E HTTP/1.0" 200 51128 "http://activparty.hu/" "Mozilla/4.0 (compatible; MSIE 7.0; Windows NT 5.1; SV1; .NET CLR 2.0.50727)"
5.135.47.120 - - [23/Jun/2013:14:13:21 +0200] "GET /info.php?a[]=%3Ca+href=http://Www.Realtyfact.com/members/vinitanelson70/activity/9166/%3Emy+website%3C/a%3E HTTP/1.0" 200 51221 "http://activparty.hu/" "Mozilla/5.0 (Windows NT 6.1; WOW64) AppleWebKit/535.1 (KHTML, like Gecko) Chrome/13.0.782.112 Safari/535.1"
113.212.68.114 - - [23/Jun/2013:14:20:05 +0200] "GET /info.php HTTP/1.1" 200 50405 "http://activparty.hu/" "Mozilla/4.0 (compatible; MSIE 7.0; Windows NT 5.1; SV1; .NET CLR 2.0.50727)"
113.212.68.114 - - [23/Jun/2013:14:40:54 +0200] "GET /info.php HTTP/1.1" 200 50540 "http://activparty.hu/" "Mozilla/4.0 (compatible; MSIE 6.0; Windows NT 5.1; SV1; MRA 5.8 (build 4157); .NET CLR 2.0.50727; AskTbPTV/5.11.3.15590)"
208.115.111.72 - - [23/Jun/2013:14:59:21 +0200] "GET /robots.txt HTTP/1.1" 404 - "-" "Mozilla/5.0 (compatible; Ezooms/1.0; ezooms.bot@gmail.com)"
113.212.68.114 - - [23/Jun/2013:15:01:18 +0200] "GET /info.php HTTP/1.1" 200 50379 "http://activparty.hu/" "Mozilla/5.0 (Windows NT 5.1; rv:5.0.1) Gecko/20100101 Firefox/5.0.1"
113.212.68.114 - - [23/Jun/2013:15:18:15 +0200] "GET /info.php HTTP/1.1" 200 50561 "http://activparty.hu/" "Mozilla/4.0 (compatible; MSIE 7.0; Windows NT 5.1; Trident/4.0; .NET CLR 2.0.50727; .NET CLR 3.0.4506.2152; .NET CLR 3.5.30729)"
72.233.96.147 - - [23/Jun/2013:15:23:45 +0200] "GET /info.php?=PHPE9568F34-D428-11d2-A769-00AA001ACF42 HTTP/1.1" 200 2974 "http://activparty.hu/info.php?a=%3Ca+href=http://www.beautiescloset.com%3EOnline+shopping+Singapore%3C/a%3E" "Mozilla/5.0 (X11; Linux x86_64; rv:10.0.12) Gecko/20100101 Firefox/10.0.12 Iceweasel/10.0.12 Snapper/1.0"
72.233.96.147 - - [23/Jun/2013:15:23:45 +0200] "GET /info.php?a=%3Ca+href=http://www.beautiescloset.com%3EOnline+shopping+Singapore%3C/a%3E HTTP/1.1" 200 50817 "-" "Mozilla/5.0 (X11; Linux x86_64; rv:10.0.12) Gecko/20100101 Firefox/10.0.12 Iceweasel/10.0.12 Snapper/1.0"
72.233.96.147 - - [23/Jun/2013:15:23:45 +0200] "GET /info.php?=PHPE9568F35-D428-11d2-A769-00AA001ACF42 HTTP/1.1" 200 4453 "http://activparty.hu/info.php?a=%3Ca+href=http://www.beautiescloset.com%3EOnline+shopping+Singapore%3C/a%3E" "Mozilla/5.0 (X11; Linux x86_64; rv:10.0.12) Gecko/20100101 Firefox/10.0.12 Iceweasel/10.0.12 Snapper/1.0"
208.115.111.72 - - [23/Jun/2013:15:35:58 +0200] "GET /info.php?=PHPB8B5F2A0-3C92-11d3-A3A9-4C7B08C10000 HTTP/1.1" 200 12464 "-" "Mozilla/5.0 (compatible; Ezooms/1.0; ezooms.bot@gmail.com)"
113.212.68.114 - - [23/Jun/2013:15:37:23 +0200] "GET /info.php HTTP/1.1" 200 50495 "http://activparty.hu/" "Mozilla/4.0 (compatible; MSIE 6.0; Windows NT 5.1; SV1; FunWebProducts; .NET CLR 1.1.4322; PeoplePal 6.2)"
5.39.4.223 - - [23/Jun/2013:15:44:22 +0200] "GET /info.php?a[]=%3Ca+href=HTTP://xn--imprezy-integracyjne-bielsko-Biaa-Nof.pl/%3Eimprezy+integracyjne%3C/a%3E HTTP/1.0" 200 51098 "http://activparty.hu/" "Opera/9.80 (Windows NT 6.2; Win64; x64) Presto/2.12.388 Version/12.15"
5.39.4.223 - - [23/Jun/2013:15:44:23 +0200] "GET /info.php?a[]=%3Ca+href=http://bullstuff.blogspot.co.uk/2008/02/tia-review.html%3Ebullstuff.blogspot.co.uk%3C/a%3E HTTP/1.0" 200 51140 "http://activparty.hu/" "Opera/9.80 (Windows NT 6.2; Win64; x64) Presto/2.12.388 Version/12.15"
5.39.4.223 - - [23/Jun/2013:15:49:08 +0200] "GET /info.php?a[]=%3Ca+href=http://bullstuff.blogspot.co.uk/2008/02/tia-review.html%3Ebullstuff.blogspot.co.uk%3C/a%3E HTTP/1.0" 200 51153 "http://activparty.hu/" "Mozilla/4.0 (compatible; MSIE 7.0; Windows NT 5.1; SV1; .NET CLR 2.0.50727)"
5.39.4.223 - - [23/Jun/2013:15:52:02 +0200] "GET /info.php?a[]=%3Ca+href=http://axj.com/elgg/blog/view/163291/spanish-food-history%3Ehttp://axj.com/+( HTTP/1.0" 200 51220 "http://activparty.hu/" "Mozilla/4.0 (compatible; MSIE 7.0; Windows NT 5.1; Trident/4.0; .NET CLR 2.0.50727; .NET CLR 3.0.4506.2152; .NET CLR 3.5.30729)"
5.39.4.223 - - [23/Jun/2013:15:52:03 +0200] "GET /info.php?a[]=%3Ca+href=http://redesocial.Paineldemonstrativo.Com.br/LauranBailey70/tab:info%3Eredesocial.Paineldemonstrativo.Com.br%3C/a%3E HTTP/1.0" 200 51522 "http://activparty.hu/" "Mozilla/4.0 (compatible; MSIE 7.0; Windows NT 5.1; Trident/4.0; .NET CLR 2.0.50727; .NET CLR 3.0.4506.2152; .NET CLR 3.5.30729)"
5.39.4.223 - - [23/Jun/2013:15:54:09 +0200] "GET /info.php?a[]=%3Ca+href=http://Xn--imprezy-integracyjne-bielsko-biaa-nof.pl/%3Eimprezy+integracyjne%3C/a%3E HTTP/1.0" 200 51098 "http://activparty.hu/" "Opera/9.80 (Windows NT 6.2; Win64; x64) Presto/2.12.388 Version/12.15"
5.39.4.223 - - [23/Jun/2013:15:54:09 +0200] "GET /info.php?a[]=%3Ca+href=http://tviv.org/User:SusanSimpson86%3Ehttp://tviv.org/User:SusanSimpson86%3C/a%3E HTTP/1.0" 200 51063 "http://activparty.hu/" "Opera/9.80 (Windows NT 6.2; Win64; x64) Presto/2.12.388 Version/12.15"
113.212.68.114 - - [23/Jun/2013:15:55:39 +0200] "GET /info.php HTTP/1.1" 200 50405 "http://activparty.hu/" "Mozilla/4.0 (compatible; MSIE 7.0; Windows NT 5.1; SV1; .NET CLR 2.0.50727)"
5.39.4.223 - - [23/Jun/2013:15:56:10 +0200] "GET /info.php?a[]=%3Ca+href=http://redesocial.Paineldemonstrativo.Com.br/LauranBailey70/tab:info%3Eredesocial.Paineldemonstrativo.Com.br%3C/a%3E HTTP/1.0" 200 51366 "http://activparty.hu/" "Mozilla/4.0 (compatible; MSIE 7.0; Windows NT 5.1; SV1; .NET CLR 2.0.50727)"
5.39.4.223 - - [23/Jun/2013:15:58:55 +0200] "GET /info.php?a[]=%3Ca+href=http://tviv.org/User:SusanSimpson86%3Ehttp://tviv.org/User:SusanSimpson86%3C/a%3E HTTP/1.0" 200 51107 "http://activparty.hu/" "Mozilla/4.0 (compatible; MSIE 7.0; Windows NT 5.1; Trident/4.0; .NET CLR 1.1.4322)"
209.104.216.244 - - [23/Jun/2013:16:05:14 +0200] "GET /info.php HTTP/1.0" 200 50279 "http://activparty.hu/" "Mozilla/4.0 (compatible; MSIE 6.0; Windows NT 5.1; SV1; MRA 5.8 (build 4157); .NET CLR 2.0.50727; AskTbPTV/5.11.3.15590)"
209.104.216.244 - - [23/Jun/2013:16:05:15 +0200] "GET /info.php?a[]=large+penis+(%3Ca+href=http://sintorn.se/index.php?title=Anv%C3%A4ndare:MelbaBall%3Ehttp://sintorn.se/index.php?title=Anv%C3%A4ndare:MelbaBall%3C/a%3E) HTTP/1.0" 200 51723 "http://activparty.hu/" "Mozilla/4.0 (compatible; MSIE 6.0; Windows NT 5.1; SV1; MRA 5.8 (build 4157); .NET CLR 2.0.50727; AskTbPTV/5.11.3.15590)"
113.212.68.114 - - [23/Jun/2013:16:15:10 +0200] "GET /info.php HTTP/1.1" 200 50495 "http://activparty.hu/" "Mozilla/4.0 (compatible; MSIE 6.0; Windows NT 5.1; SV1; FunWebProducts; .NET CLR 1.1.4322; PeoplePal 6.2)"
113.212.68.114 - - [23/Jun/2013:16:31:32 +0200] "GET /info.php HTTP/1.1" 200 50372 "http://activparty.hu/" "Mozilla/5.0 (Windows NT 6.1; rv:5.0) Gecko/20100101 Firefox/5.02"
113.212.68.114 - - [23/Jun/2013:16:48:36 +0200] "GET /info.php HTTP/1.1" 200 50421 "http://activparty.hu/" "Mozilla/4.0 (compatible; MSIE 7.0; Windows NT 5.1; Trident/4.0; .NET CLR 1.1.4322)"
113.212.68.114 - - [23/Jun/2013:17:05:26 +0200] "GET /info.php HTTP/1.1" 200 50388 "http://activparty.hu/" "Mozilla/5.0 (Windows NT 6.1; WOW64; rv:5.0) Gecko/20100101 Firefox/5.0"
113.212.68.114 - - [23/Jun/2013:17:29:44 +0200] "GET /info.php HTTP/1.1" 200 50498 "http://activparty.hu/" "Mozilla/5.0 (Windows NT 6.1; WOW64) AppleWebKit/535.1 (KHTML, like Gecko) Chrome/13.0.782.112 Safari/535.1"
91.108.177.15 - - [23/Jun/2013:17:35:45 +0200] "GET /info.php?a[]=%3Ca+href=HTTP://xn--imprezy-integracyjne-bielsko-Biaa-Nof.pl/%3Eimprezy+integracyjne%3C/a%3E HTTP/1.0" 200 51098 "http://activparty.hu/" "Mozilla/5.0 (Windows NT 5.1; rv:5.0.1) Gecko/20100101 Firefox/5.0.1"
91.108.177.15 - - [23/Jun/2013:17:35:46 +0200] "GET /info.php?a[]=%3Ca+href=HTTP://xn--imprezy-integracyjne-bielsko-Biaa-Nof.pl/%3Eimprezy+integracyjne%3C/a%3E HTTP/1.0" 200 52126 "http://dragon6.abchk.com/info.php?a[]=%3Ca+href=http://foryourbigday.com/groups/valuable-advice-in-terms-of-travel/%3Eclick+through+the+following+article+(" "Mozilla/5.0 Read Full Article (Windows NT 5.1; U; en) Presto/2.10.229 Version/11.60"
91.108.177.15 - - [23/Jun/2013:17:35:48 +0200] "GET /info.php?a[]=%3Ca+href=HTTP://xn--imprezy-integracyjne-bielsko-Biaa-Nof.pl/%3Eimprezy+integracyjne%3C/a%3E HTTP/1.0" 200 51724 "http://activparty.hu/" "Mozilla/5.0 Read Full Article (Windows NT 5.1; U; en) Presto/2.10.229 Version/11.60"
91.108.177.15 - - [23/Jun/2013:17:35:51 +0200] "GET /info.php?a[]=%3Ca+href=http://dragon6.abchk.com/info.php?a[]=%3Ca+href=http://foryourbigday.com/groups/valuable-advice-in-terms-of-travel/%3Eclick+through+the+following+article+(%3ERead+Full+Article%3C/a%3E HTTP/1.0" 200 52622 "http://activparty.hu/" "Mozilla/5.0 Read Full Article (Windows NT 5.1; U; en) Presto/2.10.229 Version/11.60"
113.212.68.114 - - [23/Jun/2013:17:57:38 +0200] "GET /info.php HTTP/1.1" 200 50589 "http://activparty.hu/" "Mozilla/5.0 (Linux; U; Android 2.2; fr-fr; Desire_A8181 Build/FRF91) App3leWebKit/53.1 (KHTML, like Gecko) Version/4.0 Mobile Safari/533.1"
112.111.190.55 - - [23/Jun/2013:18:06:43 +0200] "POST /info.php?a=%3ca+href=http://www.treaming.net/userinfo.php?uid=17028%3ewww.treaming.net%3c/a%3e HTTP/1.1" 200 49986 "-" "-"
113.212.68.114 - - [23/Jun/2013:18:14:54 +0200] "GET /info.php HTTP/1.1" 200 50390 "http://activparty.hu/" "Mozilla/5.0 (Windows NT 6.1; WOW64; rv:5.0) Gecko/20100101 Firefox/5.0"
113.212.68.114 - - [23/Jun/2013:18:34:56 +0200] "GET /info.php HTTP/1.1" 200 50372 "http://activparty.hu/" "Mozilla/5.0 (Windows NT 6.1; rv:5.0) Gecko/20100101 Firefox/5.02"
5.135.99.209 - - [23/Jun/2013:18:35:38 +0200] "GET /info.php?a[]=%3Ca+href=HTTP://xn--imprezy-integracyjne-bielsko-Biaa-Nof.pl/%3Eimprezy+integracyjne%3C/a%3E HTTP/1.0" 200 51111 "http://activparty.hu/" "Mozilla/5.0 (Windows NT 6.1; WOW64; rv:5.0) Gecko/20100101 Firefox/5.0"
113.212.68.114 - - [23/Jun/2013:18:51:07 +0200] "GET /info.php HTTP/1.1" 200 50561 "http://activparty.hu/" "Mozilla/4.0 (compatible; MSIE 7.0; Windows NT 5.1; Trident/4.0; .NET CLR 2.0.50727; .NET CLR 3.0.4506.2152; .NET CLR 3.5.30729)"
113.212.68.114 - - [23/Jun/2013:19:05:13 +0200] "GET /info.php HTTP/1.1" 200 50498 "http://activparty.hu/" "Mozilla/5.0 (Windows NT 6.1; WOW64) AppleWebKit/535.1 (KHTML, like Gecko) Chrome/13.0.782.112 Safari/535.1"
46.229.164.97 - - [23/Jun/2013:19:20:19 +0200] "GET /robots.txt HTTP/1.1" 404 - "-" "Mozilla/5.0 (compatible; SemrushBot/0.96.3; +http://www.semrush.com/bot.html)"
182.118.20.175 - - [23/Jun/2013:19:23:03 +0200] "GET / HTTP/1.1" 200 3021 "http://www.activparty.hu/" "Mozilla/5.0 (Windows; U; Windows NT 5.1; zh-CN; rv:1.8.0.11) Firefox/1.5.0.11; 360Spider"
182.118.43.236 - - [23/Jun/2013:19:23:05 +0200] "GET / HTTP/1.1" 200 3021 "-" "Mozilla/4.0 (compatible; MSIE 8.0; Windows NT 5.1; Trident/4.0)"
113.212.68.114 - - [23/Jun/2013:19:23:36 +0200] "GET /info.php HTTP/1.1" 200 50477 "http://activparty.hu/" "Mozilla/5.0 (Windows NT 6.0) AppleWebKit/535.1 (KHTML, like Gecko) Chrome/13.0.782.112 Safari/535.1"
113.212.68.114 - - [23/Jun/2013:19:37:45 +0200] "GET /info.php HTTP/1.1" 200 50540 "http://activparty.hu/" "Mozilla/4.0 (compatible; MSIE 6.0; Windows NT 5.1; SV1; MRA 5.8 (build 4157); .NET CLR 2.0.50727; AskTbPTV/5.11.3.15590)"
5.39.4.211 - - [23/Jun/2013:19:39:20 +0200] "GET /info.php?a[]=%3Ca+href=http://wiki.nacta.edu.cn/index.php/The_Brief_History_Of_Alicante_Airport HTTP/1.0" 200 51098 "http://activparty.hu/" "Mozilla/4.0 (compatible; MSIE 6.0; Windows NT 5.1; SV1; FunWebProducts; .NET CLR 1.1.4322; PeoplePal 6.2)"
5.39.4.211 - - [23/Jun/2013:19:39:23 +0200] "GET /info.php?a[]=%3Ca+href=http://217.113.205.116/profile.php?mode=viewprofile&u=108717%3E217.113.205.116%3C/a%3E HTTP/1.0" 200 51355 "http://activparty.hu/" "Mozilla/5.0 (Windows NT 6.1; WOW64) AppleWebKit/535.1 (KHTML, like Gecko) Chrome/13.0.782.112 Safari/535.1"
5.39.4.211 - - [23/Jun/2013:19:39:24 +0200] "GET /info.php?a[]=%3Ca+href=http://nidarte.blogspot.com/2009/05/ultimos-trabalhinhos.html%3ESuggested+Browsing%3C/a%3E HTTP/1.0" 200 51214 "http://activparty.hu/" "Mozilla/4.0 (compatible; MSIE 6.0; MSIE 5.5; Windows NT 5.0) Opera 7.02 Bork-edition [en]"
5.39.4.211 - - [23/Jun/2013:19:39:24 +0200] "GET /info.php?a[]=%3Ca+href=http://217.113.205.116/profile.php?mode=viewprofile&u=108717%3E217.113.205.116%3C/a%3E HTTP/1.0" 200 51831 "http://boscarol.com/wiki/index.php?title=Segmentation_In_The_Spanish_Property_Market" "Mozilla/4.0 visit web site (Windows NT 5.1; U; en) Presto/2.10.229 Version/11.60"
5.39.4.211 - - [23/Jun/2013:19:39:30 +0200] "GET /info.php?a[]=%3Ca+href=http://wiki.nacta.edu.cn/index.php/The_Brief_History_Of_Alicante_Airport%3Emouse+click+the+next+web+site%3C/a%3E HTTP/1.0" 200 51446 "http://activparty.hu/" "Mozilla/4.0 (compatible; MSIE 6.0; MSIE 5.5; Windows NT 5.0) Opera 7.02 Bork-edition [en]"
37.59.91.50 - - [23/Jun/2013:19:45:34 +0200] "GET /info.php?a[]=%3Ca+href=http://wiki.nacta.edu.cn/index.php/The_Brief_History_Of_Alicante_Airport%3Emouse+click+the+next+web+site%3C/a%3E HTTP/1.0" 200 51604 "http://activparty.hu/" "Mozilla/4.0 (compatible; MSIE 8.0; Windows NT 6.0; Trident/4.0; Mozilla/4.0 (compatible; MSIE 6.0; Windows NT 5.1; SV1) ; .NET CLR 3.5.30729)"
199.180.130.235 - - [23/Jun/2013:19:47:19 +0200] "GET /info.php?a[]=%3Ca+href=http://www.keywordseo.com.tw%3E%E9%97%9C%E9%8D%B5%E5%AD%97%3C/a%3E HTTP/1.0" 200 51075 "http://activparty.hu/" "Mozilla/4.0 (compatible; MSIE 6.0; Windows NT 5.1; SV1; MRA 5.8 (build 4157); .NET CLR 2.0.50727; AskTbPTV/5.11.3.15590)"
5.39.4.201 - - [23/Jun/2013:19:50:55 +0200] "GET /info.php?a[]=%3Ca+href=HTTP://xn--imprezy-integracyjne-bielsko-Biaa-Nof.pl/%3Eimprezy+integracyjne%3C/a%3E HTTP/1.0" 200 51137 "http://activparty.hu/" "Mozilla/4.0 (compatible; MSIE 7.0; Windows NT 5.1; Trident/4.0; .NET CLR 1.1.4322)"
5.39.4.201 - - [23/Jun/2013:19:50:59 +0200] "GET /info.php?a[]=%3Ca+href=http://odp.nit.net.cn/wiki/index.php/Spain_Announced_New_Regulations_Over_Shoes_Import%3Ehttp://odp.nit.net.cn%3C/a%3E HTTP/1.0" 200 51403 "http://activparty.hu/" "Mozilla/4.0 (compatible; MSIE 7.0; Windows NT 5.1; Trident/4.0; .NET CLR 1.1.4322)"
113.212.68.114 - - [23/Jun/2013:19:51:13 +0200] "GET /info.php HTTP/1.1" 200 50381 "http://activparty.hu/" "Mozilla/5.0 (Windows NT 5.1; rv:5.0.1) Gecko/20100101 Firefox/5.0.1"
5.39.4.201 - - [23/Jun/2013:19:51:59 +0200] "GET /info.php?a[]=%3Ca+href=http://odp.nit.net.cn/wiki/index.php/Spain_Announced_New_Regulations_Over_Shoes_Import%3Ehttp://odp.nit.net.cn%3C/a%3E HTTP/1.0" 200 51358 "http://activparty.hu/" "Mozilla/5.0 (Windows NT 5.1; rv:13.0) Gecko/20100101 Firefox/13.0.1"
113.212.68.114 - - [23/Jun/2013:20:03:52 +0200] "GET /info.php HTTP/1.1" 200 50381 "http://activparty.hu/" "Mozilla/5.0 (Windows NT 5.1; rv:5.0.1) Gecko/20100101 Firefox/5.0.1"
113.212.68.114 - - [23/Jun/2013:20:20:10 +0200] "GET /info.php HTTP/1.1" 200 50387 "http://activparty.hu/" "Opera/9.80 (Windows NT 6.2; Win64; x64) Presto/2.12.388 Version/12.15"
113.212.68.114 - - [23/Jun/2013:20:35:29 +0200] "GET /info.php HTTP/1.1" 200 50601 "http://activparty.hu/" "Mozilla/4.0 (compatible; MSIE 8.0; Windows NT 6.0; Trident/4.0; Mozilla/4.0 (compatible; MSIE 6.0; Windows NT 5.1; SV1) ; .NET CLR 3.5.30729)"
113.212.68.114 - - [23/Jun/2013:20:54:16 +0200] "GET /info.php HTTP/1.1" 200 50372 "http://activparty.hu/" "Mozilla/5.0 (Windows NT 6.1; rv:5.0) Gecko/20100101 Firefox/5.02"
66.249.78.49 - - [23/Jun/2013:20:58:29 +0200] "GET /robots.txt HTTP/1.1" 404 - "-" "Mozilla/5.0 (compatible; Googlebot/2.1; +http://www.google.com/bot.html)"
66.249.78.49 - - [23/Jun/2013:20:58:29 +0200] "GET / HTTP/1.1" 200 3021 "-" "SAMSUNG-SGH-E250/1.0 Profile/MIDP-2.0 Configuration/CLDC-1.1 UP.Browser/6.2.3.3.c.1.101 (GUI) MMP/2.0 (compatible; Googlebot-Mobile/2.1; +http://www.google.com/bot.html)"
113.212.68.114 - - [23/Jun/2013:21:11:12 +0200] "GET /info.php HTTP/1.1" 200 50495 "http://activparty.hu/" "Mozilla/4.0 (compatible; MSIE 6.0; Windows NT 5.1; SV1; FunWebProducts; .NET CLR 1.1.4322; PeoplePal 6.2)"
113.212.68.114 - - [23/Jun/2013:21:31:12 +0200] "GET /info.php HTTP/1.1" 200 50381 "http://activparty.hu/" "Mozilla/5.0 (Windows NT 5.1; rv:13.0) Gecko/20100101 Firefox/13.0.1"
113.212.68.114 - - [23/Jun/2013:21:45:34 +0200] "GET /info.php HTTP/1.1" 200 50370 "http://activparty.hu/" "Mozilla/5.0 (Windows NT 6.1; rv:5.0) Gecko/20100101 Firefox/5.02"
184.154.154.246 - - [23/Jun/2013:21:50:43 +0200] "GET /info.php?a[]=%3Ca+href=http://tok.az/index.php?option=com_fireboard&func=myprofile&do=profileinfo%3Eplastic+surgery+breast+enlargement+pictures%3C/a%3E HTTP/1.0" 200 51782 "http://activparty.hu/" "Opera/9.80 (Windows NT 6.2; Win64; x64) Presto/2.12.388 Version/12.15"
113.212.68.114 - - [23/Jun/2013:22:03:51 +0200] "GET /info.php HTTP/1.1" 200 50498 "http://activparty.hu/" "Mozilla/5.0 (Windows NT 6.1; WOW64) AppleWebKit/535.1 (KHTML, like Gecko) Chrome/13.0.782.112 Safari/535.1"
113.212.68.114 - - [23/Jun/2013:22:22:00 +0200] "GET /info.php HTTP/1.1" 200 50387 "http://activparty.hu/" "Opera/9.80 (Windows NT 6.2; Win64; x64) Presto/2.12.388 Version/12.15"
37.59.88.254 - - [23/Jun/2013:22:42:10 +0200] "GET /info.php?a[]=%3Ca+href=http://Phpchatsoftware.com/mediawiki/index.php/User:SandraDaniels1978 HTTP/1.0" 200 51009 "http://activparty.hu/" "Mozilla/4.0 (compatible; MSIE 7.0; Windows NT 5.1; Trident/4.0; .NET CLR 1.1.4322)"
37.59.88.254 - - [23/Jun/2013:22:42:10 +0200] "GET /info.php?a[]=%3Ca+href=http://Cloudycreative.com/member.php?action=profile&uid=574%3Ecarp+day+fishing+holidays+Spain%3C/a%3E HTTP/1.0" 200 51436 "http://activparty.hu/" "Mozilla/5.0 (Windows NT 6.1; rv:2.0b7pre) Gecko/20100921 Firefox/4.0b7pre"
37.59.88.254 - - [23/Jun/2013:22:42:11 +0200] "GET /info.php?a[]=%3Ca+href=http://Cloudycreative.com/member.php?action=profile&uid=574%3Ecarp+day+fishing+holidays+Spain%3C/a%3E HTTP/1.0" 200 51991 "http://Phpchatsoftware.com/mediawiki/index.php/User:SandraDaniels1978" "Mozilla/4.0 mouse click the following internet site (Windows NT 5.1; U; en) Presto/2.10.229 Version/11.60"
113.212.68.114 - - [23/Jun/2013:22:50:05 +0200] "GET /info.php HTTP/1.1" 200 50498 "http://activparty.hu/" "Mozilla/5.0 (Windows NT 6.1; WOW64) AppleWebKit/535.1 (KHTML, like Gecko) Chrome/13.0.782.112 Safari/535.1"
5.135.47.107 - - [23/Jun/2013:23:07:18 +0200] "GET /info.php?a[]=%3Ca+href=HTTP://xn--imprezy-integracyjne-bielsko-Biaa-Nof.pl/%3Eimprezy+integracyjne%3C/a%3E HTTP/1.0" 200 51120 "http://activparty.hu/" "Mozilla/4.0 (compatible; MSIE 7.0; Windows NT 5.1; SV1; .NET CLR 2.0.50727)"
5.135.47.107 - - [23/Jun/2013:23:07:19 +0200] "GET /info.php?a[]=%3Ca+href=http://tantei1.free.fr/hunter/profile.php?mode=viewprofile&u=72047%3Ehttp://tantei1.free.fr/%3C/a%3E HTTP/1.0" 200 51378 "http://activparty.hu/" "Mozilla/4.0 (compatible; MSIE 7.0; Windows NT 5.1; SV1; .NET CLR 2.0.50727)"
113.212.68.114 - - [23/Jun/2013:23:25:23 +0200] "GET /info.php HTTP/1.1" 200 50447 "http://activparty.hu/" "Mozilla/4.0 (compatible; MSIE 6.0; MSIE 5.5; Windows NT 5.0) Opera 7.02 Bork-edition [en]"
208.89.208.207 - - [23/Jun/2013:23:42:16 +0200] "GET /info.php?a[]=%3Ca+href=http://www.dailyroads.com/LenoreCan%3E%E7%B6%B2%E7%AB%99%E6%8E%E2%80%99%E5%90%8D%3C/a%3E HTTP/1.0" 200 51184 "http://activparty.hu/" "Mozilla/4.0 (compatible; MSIE 6.0; Windows NT 5.1; SV1; FunWebProducts; .NET CLR 1.1.4322; PeoplePal 6.2)"
208.89.208.207 - - [23/Jun/2013:23:43:04 +0200] "GET /info.php?a[]=%3Ca+href=http://blog.thelist7week.com/?p=12%3Estem+and+leaf+plot+worksheets%3C/a%3E HTTP/1.0" 200 51250 "http://activparty.hu/" "Mozilla/4.0 (compatible; MSIE 7.0; Windows NT 5.1; Trident/4.0; .NET CLR 2.0.50727; .NET CLR 3.0.4506.2152; .NET CLR 3.5.30729)"
208.89.208.207 - - [23/Jun/2013:23:43:13 +0200] "GET /info.php?a[]=%3Ca+href=http://www.tw007.org%3E%E5%BE%B5%E4%BF%A1%E5%85%AC%E5%8F%B8%3C/a%3E HTTP/1.0" 200 51090 "http://activparty.hu/" "Mozilla/4.0 (compatible; MSIE 7.0; Windows NT 5.1; Trident/4.0; .NET CLR 2.0.50727; .NET CLR 3.0.4506.2152; .NET CLR 3.5.30729)"
113.212.68.114 - - [23/Jun/2013:23:52:19 +0200] "GET /info.php HTTP/1.1" 200 50403 "http://activparty.hu/" "Mozilla/4.0 (compatible; MSIE 7.0; Windows NT 5.1; SV1; .NET CLR 2.0.50727)"
194.72.238.241 - - [23/Jun/2013:23:52:45 +0200] "HEAD / HTTP/1.0" 200 0 "http://www.netcraft.com/survey/" "Mozilla/4.0 (compatible; Netcraft Web Server Survey)"
5.135.99.202 - - [24/Jun/2013:00:12:35 +0200] "GET /info.php?a[]=%3Ca+href=http://wikiank.freehostia.com/index.php?title=Usu%C3%A1rio:CatherynGriffin1985 HTTP/1.0" 200 51124 "http://activparty.hu/" "Mozilla/5.0 (Windows NT 6.0) AppleWebKit/535.1 (KHTML, like Gecko) Chrome/13.0.782.112 Safari/535.1"
5.135.99.202 - - [24/Jun/2013:00:12:36 +0200] "GET /info.php?a[]=%3Ca+href=http://markmeup.org/story.php?title=500-internal-server-error-379%3Eclick+the+up+coming+post%3C/a%3E HTTP/1.0" 200 51370 "http://activparty.hu/" "Mozilla/5.0 (Windows NT 6.0) AppleWebKit/535.1 (KHTML, like Gecko) Chrome/13.0.782.112 Safari/535.1"
5.135.99.202 - - [24/Jun/2013:00:12:38 +0200] "GET /info.php?a[]=%3Ca+href=http://markmeup.org/story.php?title=500-internal-server-error-379%3Eclick+the+up+coming+post%3C/a%3E HTTP/1.0" 200 51843 "http://wikiank.freehostia.com/index.php?title=Usu%C3%A1rio:CatherynGriffin1985" "Mozilla/4.0 additional reading (Windows NT 5.1; U; en) Presto/2.10.229 Version/11.60"
5.135.99.202 - - [24/Jun/2013:00:12:40 +0200] "GET /info.php?a[]=%3Ca+href=http://markmeup.org/story.php?title=500-internal-server-error-379%3Eclick+the+up+coming+post%3C/a%3E HTTP/1.0" 200 51672 "http://activparty.hu/" "Mozilla/4.0 additional reading (Windows NT 5.1; U; en) Presto/2.10.229 Version/11.60"
5.135.99.202 - - [24/Jun/2013:00:12:42 +0200] "GET /info.php?a[]=%3Ca+href=http://wikiank.freehostia.com/index.php?title=Usu%C3%A1rio:CatherynGriffin1985%3Eadditional+reading%3C/a%3E HTTP/1.0" 200 51678 "http://activparty.hu/" "Mozilla/4.0 additional reading (Windows NT 5.1; U; en) Presto/2.10.229 Version/11.60"
113.212.68.114 - - [24/Jun/2013:00:22:09 +0200] "GET /info.php HTTP/1.1" 200 50477 "http://activparty.hu/" "Mozilla/5.0 (Windows NT 6.0) AppleWebKit/535.1 (KHTML, like Gecko) Chrome/13.0.782.112 Safari/535.1"
176.31.90.70 - - [24/Jun/2013:00:23:17 +0200] "GET /info.php?a[]=%3Ca+href=http://Www.Iisadmin.Co.uk/?p=4 HTTP/1.0" 200 50766 "http://activparty.hu/" "Mozilla/4.0 (compatible; MSIE 6.0; Windows NT 5.1; SV1; FunWebProducts; .NET CLR 1.1.4322; PeoplePal 6.2)"
176.31.90.70 - - [24/Jun/2013:00:23:18 +0200] "GET /info.php?a[]=%3Ca+href=http://werbe-kiste.de/blogs/entry/Why-British-Expats-Are-Selling-Up-And%3Emouse+click+the+next+web+site%3C/a%3E HTTP/1.0" 200 51382 "http://activparty.hu/" "Opera/9.80 (Windows NT 6.2; Win64; x64) Presto/2.12.388 Version/12.15"
176.31.90.70 - - [24/Jun/2013:00:23:19 +0200] "GET /info.php?a[]=%3Ca+href=http://Www.Iisadmin.Co.uk/?p=4%3EWww.Iisadmin.Co.uk%3C/a%3E HTTP/1.0" 200 50896 "http://activparty.hu/" "Opera/9.80 (Windows NT 6.2; Win64; x64) Presto/2.12.388 Version/12.15"
176.31.90.70 - - [24/Jun/2013:00:26:43 +0200] "GET /info.php?a[]=%3Ca+href=http://Www.Iisadmin.Co.uk/?p=4%3EWww.Iisadmin.Co.uk%3C/a%3E HTTP/1.0" 200 50986 "http://activparty.hu/" "Mozilla/5.0 (Windows NT 6.0) AppleWebKit/535.1 (KHTML, like Gecko) Chrome/13.0.782.112 Safari/535.1"
208.115.203.169 - - [24/Jun/2013:00:26:49 +0200] "GET /info.php?a[]=%3Ca+href=http://www.dailyroads.com/LenoreCan%3E%E7%B6%B2%E7%AB%99%E6%8E%E2%80%99%E5%90%8D%3C/a%3E HTTP/1.0" 200 51076 "http://activparty.hu/" "Mozilla/5.0 (Windows NT 6.1; WOW64; rv:5.0) Gecko/20100101 Firefox/5.0"
208.115.203.169 - - [24/Jun/2013:00:26:55 +0200] "GET /info.php?a[]=%3Ca+href=http://www.dailyroads.com/LenoreCan%3E%E7%B6%B2%E7%AB%99%E6%8E%E2%80%99%E5%90%8D%3C/a%3E HTTP/1.0" 200 51081 "http://activparty.hu/" "Mozilla/5.0 (Windows NT 6.1; WOW64; rv:5.0) Gecko/20100101 Firefox/5.0"
184.154.177.246 - - [24/Jun/2013:00:27:09 +0200] "GET /info.php?a[]=%3Ca+href=http://www.dailyroads.com/LenoreCan%3E%E7%B6%B2%E7%AB%99%E6%8E%E2%80%99%E5%90%8D%3C/a%3E HTTP/1.0" 200 51309 "https://www.hermes-net.de/scuttle/bookmarks.php/cyruslamb?action=add" "Mozilla/5.0 (Windows NT 6.0) AppleWebKit/535.1 (KHTML, like Gecko) Chrome/13.0.782.112 Safari/535.1"
66.249.78.49 - - [24/Jun/2013:00:36:16 +0200] "GET / HTTP/1.1" 200 3021 "-" "Mozilla/5.0 (compatible; Googlebot/2.1; +http://www.google.com/bot.html)"
113.212.68.114 - - [24/Jun/2013:00:40:38 +0200] "GET /info.php HTTP/1.1" 200 50405 "http://activparty.hu/" "Mozilla/4.0 (compatible; MSIE 7.0; Windows NT 5.1; SV1; .NET CLR 2.0.50727)"
113.212.68.114 - - [24/Jun/2013:00:56:01 +0200] "GET /info.php HTTP/1.1" 200 50445 "http://activparty.hu/" "Mozilla/4.0 (compatible; MSIE 6.0; MSIE 5.5; Windows NT 5.0) Opera 7.02 Bork-edition [en]"
5.135.99.195 - - [24/Jun/2013:00:57:48 +0200] "GET /info.php?a[]=%3Ca+href=http://www.pcipedia.es/index.php/Review:_Monarch_Airlines_-_Flying_From_Gatwick_London_To_Alicante_Spain_-_Ridiculous_Hand_Luggage_Rules_Useless_Cabin_Staff HTTP/1.0" 200 51651 "http://activparty.hu/" "Mozilla/5.0 (Windows NT 6.1; rv:5.0) Gecko/20100101 Firefox/5.02"
5.135.99.195 - - [24/Jun/2013:00:57:49 +0200] "GET /info.php?a[]=%3Ca+href=http://wiki.codekin.com/index.php?title=%EC%82%AC%EC%9A%A9%EC%9E%90:EvelynnMyers1981%3EVilanova+I+La+Geltru+Property+( HTTP/1.0" 200 51392 "http://activparty.hu/" "Mozilla/5.0 (Windows NT 5.1; rv:5.0.1) Gecko/20100101 Firefox/5.0.1"
5.135.99.195 - - [24/Jun/2013:00:57:51 +0200] "GET /info.php?a[]=%3Ca+href=http://wiki.codekin.com/index.php?title=%EC%82%AC%EC%9A%A9%EC%9E%90:EvelynnMyers1981%3EVilanova+I+La+Geltru+Property+( HTTP/1.0" 200 52417 "http://www.pcipedia.es/index.php/Review:_Monarch_Airlines_-_Flying_From_Gatwick_London_To_Alicante_Spain_-_Ridiculous_Hand_Luggage_Rules_Useless_Cabin_Staff" "Mozilla/5.0 Source Webpage (Windows NT 5.1; U; en) Presto/2.10.229 Version/11.60"
113.212.68.114 - - [24/Jun/2013:01:09:45 +0200] "GET /info.php HTTP/1.1" 200 50405 "http://activparty.hu/" "Mozilla/4.0 (compatible; MSIE 7.0; Windows NT 5.1; SV1; .NET CLR 2.0.50727)"
113.212.68.114 - - [24/Jun/2013:01:22:09 +0200] "GET /info.php HTTP/1.1" 200 50405 "http://activparty.hu/" "Mozilla/4.0 (compatible; MSIE 7.0; Windows NT 5.1; SV1; .NET CLR 2.0.50727)"
5.39.4.198 - - [24/Jun/2013:01:29:11 +0200] "GET /info.php?a[]=%3Ca+href=http://Xn--imprezy-integracyjne-bielsko-biaa-nof.pl/%3Eimprezy+integracyjne%3C/a%3E HTTP/1.0" 200 51206 "http://activparty.hu/" "Mozilla/4.0 (compatible; MSIE 6.0; Windows NT 5.1; SV1; FunWebProducts; .NET CLR 1.1.4322; PeoplePal 6.2)"
5.39.4.198 - - [24/Jun/2013:01:29:14 +0200] "GET /info.php?a[]=%3Ca+href=http://cgcollat.com/CamelliaRoberts1986%3Eclick+through+the+next+website%3C/a%3E HTTP/1.0" 200 51224 "http://activparty.hu/" "Mozilla/4.0 (compatible; MSIE 6.0; Windows NT 5.1; SV1; FunWebProducts; .NET CLR 1.1.4322; PeoplePal 6.2)"
5.39.4.198 - - [24/Jun/2013:01:30:39 +0200] "GET /info.php?a[]=%3Ca+href=http://cgcollat.com/CamelliaRoberts1986%3Eclick+through+the+next+website%3C/a%3E HTTP/1.0" 200 51290 "http://activparty.hu/" "Mozilla/4.0 (compatible; MSIE 7.0; Windows NT 5.1; Trident/4.0; .NET CLR 2.0.50727; .NET CLR 3.0.4506.2152; .NET CLR 3.5.30729)"
113.212.68.114 - - [24/Jun/2013:01:35:51 +0200] "GET /info.php HTTP/1.1" 200 50405 "http://activparty.hu/" "Mozilla/4.0 (compatible; MSIE 7.0; Windows NT 5.1; SV1; .NET CLR 2.0.50727)"
113.212.68.114 - - [24/Jun/2013:01:52:37 +0200] "GET /info.php HTTP/1.1" 200 50594 "http://activparty.hu/" "Mozilla/5.0 (Linux; U; Android 2.2; fr-fr; Desire_A8181 Build/FRF91) App3leWebKit/53.1 (KHTML, like Gecko) Version/4.0 Mobile Safari/533.1"
5.135.99.202 - - [24/Jun/2013:02:03:36 +0200] "GET /info.php?a[]=%3Ca+href=http://Www.eatingcultures.com/tikiwiki-2.2/tiki-index.php?page=UserPageagnuscunningham1983 HTTP/1.0" 200 51228 "http://activparty.hu/" "Mozilla/5.0 (Windows NT 6.0) AppleWebKit/535.1 (KHTML, like Gecko) Chrome/13.0.782.112 Safari/535.1"
5.135.99.202 - - [24/Jun/2013:02:03:37 +0200] "GET /info.php?a[]=%3Ca+href=http://www.amigosdivebelize.com/index.php?option=com_blog&view=comments&pid=147650&Itemid=0%3Ewww.amigosdivebelize.com+( HTTP/1.0" 200 51976 "http://activparty.hu/" "Mozilla/4.0 (compatible; MSIE 7.0; Windows NT 5.1; Trident/4.0; .NET CLR 2.0.50727; .NET CLR 3.0.4506.2152; .NET CLR 3.5.30729)"
5.135.99.202 - - [24/Jun/2013:02:03:39 +0200] "GET /info.php?a[]=%3Ca+href=http://Www.eatingcultures.com/tikiwiki-2.2/tiki-index.php?page=UserPageagnuscunningham1983%3ERead+the+Full+Content%3C/a%3E HTTP/1.0" 200 51616 "http://activparty.hu/" "Mozilla/4.0 (compatible; MSIE 7.0; Windows NT 5.1; Trident/4.0; .NET CLR 2.0.50727; .NET CLR 3.0.4506.2152; .NET CLR 3.5.30729)"
113.212.68.114 - - [24/Jun/2013:02:03:43 +0200] "GET /info.php HTTP/1.1" 200 50447 "http://activparty.hu/" "Mozilla/4.0 (compatible; MSIE 6.0; MSIE 5.5; Windows NT 5.0) Opera 7.02 Bork-edition [en]"
5.135.99.202 - - [24/Jun/2013:02:05:16 +0200] "GET /info.php?a[]=%3Ca+href=http://Www.eatingcultures.com/tikiwiki-2.2/tiki-index.php?page=UserPageagnuscunningham1983%3ERead+the+Full+Content%3C/a%3E HTTP/1.0" 200 51595 "http://activparty.hu/" "Mozilla/4.0 (compatible; MSIE 6.0; Windows NT 5.1; SV1; MRA 5.8 (build 4157); .NET CLR 2.0.50727; AskTbPTV/5.11.3.15590)"
113.212.68.114 - - [24/Jun/2013:02:19:08 +0200] "GET /info.php HTTP/1.1" 200 50381 "http://activparty.hu/" "Mozilla/5.0 (Windows NT 5.1; rv:5.0.1) Gecko/20100101 Firefox/5.0.1"
113.212.68.114 - - [24/Jun/2013:02:40:07 +0200] "GET /info.php HTTP/1.1" 200 50405 "http://activparty.hu/" "Mozilla/4.0 (compatible; MSIE 7.0; Windows NT 5.1; SV1; .NET CLR 2.0.50727)"
176.31.90.66 - - [24/Jun/2013:02:43:54 +0200] "GET /info.php?a[]=%3Ca+href=HTTP://xn--imprezy-integracyjne-bielsko-Biaa-Nof.pl/%3Eimprezy+integracyjne%3C/a%3E HTTP/1.0" 200 51114 "http://activparty.hu/" "Mozilla/5.0 (Windows NT 6.1; rv:2.0b7pre) Gecko/20100921 Firefox/4.0b7pre"
