5.135.99.198 - - [02/Jul/2013:04:14:48 +0200] "GET /info.php?a[]=%3Ca+href=http://Xn--imprezy-integracyjne-bielsko-biaa-nof.pl/%3Eimprezy+integracyjne%3C/a%3E HTTP/1.0" 200 51257 "http://activparty.hu/" "Mozilla/4.0 (compatible; MSIE 6.0; Windows NT 5.1; SV1; MRA 5.8 (build 4157); .NET CLR 2.0.50727; AskTbPTV/5.11.3.15590)"
5.135.99.198 - - [02/Jul/2013:04:14:49 +0200] "GET /info.php?a[]=%3Ca+href=http://Historyproject.templebeth-El.org/index.php?title=User_talk:EleneKelly1982%3Esimply+click+the+next+website+page%3C/a%3E HTTP/1.0" 200 51649 "http://activparty.hu/" "Mozilla/4.0 (compatible; MSIE 6.0; Windows NT 5.1; SV1; MRA 5.8 (build 4157); .NET CLR 2.0.50727; AskTbPTV/5.11.3.15590)"
65.55.24.217 - - [02/Jul/2013:04:15:16 +0200] "GET /robots.txt HTTP/1.1" 404 - "-" "Mozilla/5.0 (compatible; bingbot/2.0; +http://www.bing.com/bingbot.htm)"
65.55.24.217 - - [02/Jul/2013:04:16:13 +0200] "GET / HTTP/1.1" 200 3021 "-" "Mozilla/5.0 (compatible; bingbot/2.0; +http://www.bing.com/bingbot.htm)"
5.135.99.198 - - [02/Jul/2013:04:17:25 +0200] "GET /info.php?a[]=%3Ca+href=HTTP://xn--imprezy-integracyjne-bielsko-Biaa-Nof.pl/%3Eimprezy+integracyjne%3C/a%3E HTTP/1.0" 200 51116 "http://activparty.hu/" "Mozilla/5.0 (Windows NT 6.1; rv:2.0b7pre) Gecko/20100921 Firefox/4.0b7pre"
5.135.99.198 - - [02/Jul/2013:04:17:28 +0200] "GET /info.php?a[]=%3Ca+href=HTTP://xn--imprezy-integracyjne-bielsko-Biaa-Nof.pl/%3Eimprezy+integracyjne%3C/a%3E HTTP/1.0" 200 51550 "http://Adaptcoding.com/code/wiki/ShadufOrozcoxo" "Mozilla/5.0 click through the up coming internet page (Windows NT 5.1; U; en) Presto/2.10.229 Version/11.60"
5.135.99.198 - - [02/Jul/2013:04:21:51 +0200] "GET /info.php?a[]=%3Ca+href=http://Historyproject.templebeth-El.org/index.php?title=User_talk:EleneKelly1982%3Esimply+click+the+next+website+page%3C/a%3E HTTP/1.0" 200 51556 "http://activparty.hu/" "Mozilla/4.0 (compatible; MSIE 6.0; MSIE 5.5; Windows NT 5.0) Opera 7.02 Bork-edition [en]"
5.39.19.73 - - [02/Jul/2013:04:44:41 +0200] "GET /info.php?a[]=%3Ca+href=HTTP://xn--imprezy-integracyjne-bielsko-Biaa-Nof.pl/%3Eimprezy+integracyjne%3C/a%3E HTTP/1.0" 200 51085 "http://activparty.hu/" "Mozilla/5.0 (Windows NT 6.1; rv:5.0) Gecko/20100101 Firefox/5.02"
5.39.19.73 - - [02/Jul/2013:04:44:42 +0200] "GET /info.php?a[]=%3Ca+href=HTTP://xn--imprezy-integracyjne-bielsko-Biaa-Nof.pl/%3Eimprezy+integracyjne%3C/a%3E HTTP/1.0" 200 51411 "http://Www.Arambu.com/EulahEdwards1980" "Mozilla/4.0 Www.Arambu.com (Windows NT 5.1; U; en) Presto/2.10.229 Version/11.60"
66.249.78.49 - - [02/Jul/2013:04:47:43 +0200] "GET /aktivparty.html HTTP/1.1" 304 - "-" "Mozilla/5.0 (iPhone; U; CPU iPhone OS 4_1 like Mac OS X; en-us) AppleWebKit/532.9 (KHTML, like Gecko) Version/4.0.5 Mobile/8B117 Safari/6531.22.7 (compatible; Googlebot-Mobile/2.1; +http://www.google.com/bot.html)"
46.229.164.97 - - [02/Jul/2013:04:50:02 +0200] "GET /robots.txt HTTP/1.1" 404 - "-" "Mozilla/5.0 (compatible; SemrushBot/0.96.3; +http://www.semrush.com/bot.html)"
91.238.134.155 - - [02/Jul/2013:04:51:47 +0200] "GET /info.php?a[]=%3Ca+href=http://peacemc.sarawakmethodist.org/uchome/space.php?uid=44717&do=blog&id=161931%3Ehttp://peacemc.sarawakmethodist.org/uchome/space.php?uid=44717&do=blog&id=161931%3C/a%3E HTTP/1.1" 200 52216 "http://activparty.hu/" "Mozilla/5.0 (Windows NT 6.1; WOW64; rv:5.0) Gecko/20100101 Firefox/5.0"
37.59.88.232 - - [02/Jul/2013:05:43:54 +0200] "GET /info.php?a[]=%3Ca+href=http://phantoms.write2me.nl/%3EHotel+Herceg+Novi%3C/a%3E HTTP/1.0" 200 51055 "http://activparty.hu/" "Mozilla/4.0 (compatible; MSIE 6.0; Windows NT 5.1; SV1; MRA 5.8 (build 4157); .NET CLR 2.0.50727; AskTbPTV/5.11.3.15590)"
37.59.88.232 - - [02/Jul/2013:05:43:54 +0200] "GET /info.php?a%5B%5D=avis+vacances+%3A%3A+%3Ca+href%3Dhttp%3A%2F%2Fsizuha.iptime.org%2Fmediawiki%2Findex.php%2F%25EC%2582%25AC%25EC%259A%25A9%25EC%259E%2590%3AMarcusPol%3Eiptime.org%3C%2Fa%3E+%3A%3A HTTP/1.0" 200 51907 "http://activparty.hu/" "Mozilla/4.0 (compatible; MSIE 6.0; Windows NT 5.1; SV1; MRA 5.8 (build 4157); .NET CLR 2.0.50727; AskTbPTV/5.11.3.15590)"
91.108.177.15 - - [02/Jul/2013:05:57:23 +0200] "GET /info.php?a[]=%3Ca+href=HTTP://xn--imprezy-integracyjne-bielsko-Biaa-Nof.pl/%3Eimprezy+integracyjne%3C/a%3E HTTP/1.0" 200 51356 "http://activparty.hu/" "Opera/9.80 (Windows NT 6.2; Win64; x64) Presto/2.12.388 Version/12.15"
91.108.177.15 - - [02/Jul/2013:05:57:25 +0200] "GET /info.php?a[]=%3Ca+href=http://www.archiroot.org.uk/doku.php/vaginal_simplex_encephalitis/how_to_get_the_best_deals_on_a_rental_car_in_spain/a_taste_of_the_costa_blanca_spain%3Ewww.archiroot.org.uk%3C/a%3E HTTP/1.0" 200 52126 "http://activparty.hu/" "Opera/9.80 (Windows NT 6.2; Win64; x64) Presto/2.12.388 Version/12.15"
66.249.78.49 - - [02/Jul/2013:05:59:05 +0200] "GET /info.php?a%5B%5D=%3Ca+href=http://peacemc.sarawakmethodist.org/uchome/space.php?uid=44717&do=blog&id=161931%3Ehttp://peacemc.sarawakmethodist.org/uchome/space.php?uid=44717&do=blog&id=161931%3C/a%3E HTTP/1.1" 200 51647 "-" "Mozilla/5.0 (compatible; Googlebot/2.1; +http://www.google.com/bot.html)"
37.59.91.50 - - [02/Jul/2013:06:04:54 +0200] "GET /info.php?a[]=%3Ca+href=http://www.archiroot.org.uk/doku.php/vaginal_simplex_encephalitis/how_to_get_the_best_deals_on_a_rental_car_in_spain/a_taste_of_the_costa_blanca_spain%3Ewww.archiroot.org.uk%3C/a%3E HTTP/1.0" 200 51866 "http://activparty.hu/" "Mozilla/5.0 (Windows NT 5.1; rv:13.0) Gecko/20100101 Firefox/13.0.1"
37.59.91.50 - - [02/Jul/2013:06:08:02 +0200] "GET /info.php?a[]=%3Ca+href=http://Xn--imprezy-integracyjne-bielsko-biaa-nof.pl/%3Eimprezy+integracyjne%3C/a%3E HTTP/1.0" 200 51087 "http://activparty.hu/" "Mozilla/5.0 (Windows NT 6.1; rv:5.0) Gecko/20100101 Firefox/5.02"
37.59.91.50 - - [02/Jul/2013:06:08:03 +0200] "GET /info.php?a[]=%3Ca+href=http://Xn--imprezy-integracyjne-bielsko-biaa-nof.pl/%3Eimprezy+integracyjne%3C/a%3E HTTP/1.0" 200 51728 "http://Www.mannheim-web.info/index.php?go=valid&user=60b7a34c3ec1e8fae84199852a996b84" "Mozilla/4.0 Spanien Community (Windows NT 5.1; U; en) Presto/2.10.229 Version/11.60"
5.135.99.202 - - [02/Jul/2013:06:13:43 +0200] "GET /info.php?a[]=%3Ca+href=HTTP://xn--imprezy-integracyjne-bielsko-Biaa-Nof.pl/%3Eimprezy+integracyjne%3C/a%3E HTTP/1.0" 200 51212 "http://activparty.hu/" "Mozilla/4.0 (compatible; MSIE 6.0; Windows NT 5.1; SV1; FunWebProducts; .NET CLR 1.1.4322; PeoplePal 6.2)"
5.135.99.202 - - [02/Jul/2013:06:13:44 +0200] "GET /info.php?a[]=%3Ca+href=http://Www.duhaime.org/CustomSearchResults.aspx?search=http://www.catholicemploymentnetwork.org/cenconnectpro/profile/BlakePeterson79%3Emore+helpful+hints%3C/a%3E HTTP/1.0" 200 51858 "http://activparty.hu/" "Mozilla/4.0 (compatible; MSIE 6.0; Windows NT 5.1; SV1; FunWebProducts; .NET CLR 1.1.4322; PeoplePal 6.2)"
5.135.99.202 - - [02/Jul/2013:06:14:48 +0200] "GET /info.php?a[]=%3Ca+href=http://Hurl.me/EaRNlM%3Eorganizacja+imprez+firmowych%3C/a%3E HTTP/1.0" 200 50973 "http://activparty.hu/" "Mozilla/4.0 (compatible; MSIE 7.0; Windows NT 5.1; Trident/4.0; .NET CLR 1.1.4322)"
5.135.99.202 - - [02/Jul/2013:06:14:59 +0200] "GET /info.php?a[]=%3Ca+href=http://flashans.ru/wiki/wiki/2010_fifa_world_cup/spanish_property_for_sale/golf_holidays_spain%3EHighly+recommended+Internet+site%3C/a%3E HTTP/1.0" 200 51603 "http://activparty.hu/" "Mozilla/4.0 (compatible; MSIE 7.0; Windows NT 5.1; Trident/4.0; .NET CLR 1.1.4322)"
5.135.99.202 - - [02/Jul/2013:06:19:39 +0200] "GET /info.php?a[]=%3Ca+href=http://flashans.ru/wiki/wiki/2010_fifa_world_cup/spanish_property_for_sale/golf_holidays_spain%3EHighly+recommended+Internet+site%3C/a%3E HTTP/1.0" 200 51654 "http://activparty.hu/" "Mozilla/5.0 (Windows NT 6.0) AppleWebKit/535.1 (KHTML, like Gecko) Chrome/13.0.782.112 Safari/535.1"
80.99.53.64 - - [02/Jul/2013:06:47:05 +0200] "GET /aktivparty.html HTTP/1.1" 200 1528 "http://www.google.hu/url?sa=t&rct=j&q=&esrc=s&source=web&cd=1&cad=rja&ved=0CCsQFjAA&url=http%3A%2F%2Factivparty.hu%2Faktivparty.html&ei=RVvSUYLyLsbvsgaunYCQBw&usg=AFQjCNFPCrs68wIbvMpHBJd0OHYamMg0RQ&sig2=ZkY_oavV0t0CLSOb2QbcGg&bvm=bv.48705608,d.Yms" "Mozilla/5.0 (Windows NT 5.1; rv:22.0) Gecko/20100101 Firefox/22.0"
80.99.53.64 - - [02/Jul/2013:06:47:05 +0200] "GET /js/AC_RunActiveContent.js HTTP/1.1" 200 8321 "http://activparty.hu/aktivparty.html" "Mozilla/5.0 (Windows NT 5.1; rv:22.0) Gecko/20100101 Firefox/22.0"
80.99.53.64 - - [02/Jul/2013:06:47:07 +0200] "GET /activ_party.swf HTTP/1.1" 200 1771834 "http://activparty.hu/aktivparty.html" "Mozilla/5.0 (Windows NT 5.1; rv:22.0) Gecko/20100101 Firefox/22.0"
80.99.53.64 - - [02/Jul/2013:06:47:07 +0200] "GET /favicon.ico HTTP/1.1" 404 - "-" "Mozilla/5.0 (Windows NT 5.1; rv:22.0) Gecko/20100101 Firefox/22.0"
80.99.53.64 - - [02/Jul/2013:06:47:07 +0200] "GET /favicon.ico HTTP/1.1" 404 - "-" "Mozilla/5.0 (Windows NT 5.1; rv:22.0) Gecko/20100101 Firefox/22.0"
91.238.134.155 - - [02/Jul/2013:07:02:35 +0200] "GET /info.php?a[]=%3Ca+href=http://Www.Airshipdowns.com/tiki-index.php?page=UserPagecaitlinco HTTP/1.1" 200 51246 "http://activparty.hu/" "Mozilla/4.0 (compatible; MSIE 7.0; Windows NT 5.1; Trident/4.0; .NET CLR 1.1.4322)"
91.238.134.155 - - [02/Jul/2013:07:02:36 +0200] "GET /info.php?a[]=%3Ca+href=http://Wiki.ru.Wowmod.eu/index.php?title=%D0%A3%D1%87%D0%B0%D1%81%D1%82%D0%BD%D0%B8%D0%BA:DomingoTh%3Epermanent+make+up%3C/a%3E HTTP/1.1" 200 51691 "http://activparty.hu/" "Mozilla/4.0 (compatible; MSIE 7.0; Windows NT 5.1; SV1; .NET CLR 2.0.50727)"
91.238.134.155 - - [02/Jul/2013:07:02:37 +0200] "GET /info.php?a[]=%3Ca+href=http://Www.Airshipdowns.com/tiki-index.php?page=UserPagecaitlinco%3Ek%C3%BChlschrank%3C/a%3E HTTP/1.1" 200 51434 "http://activparty.hu/" "Mozilla/4.0 (compatible; MSIE 7.0; Windows NT 5.1; SV1; .NET CLR 2.0.50727)"
182.118.25.204 - - [02/Jul/2013:07:08:14 +0200] "GET /robots.txt HTTP/1.1" 404 - "http://www.activparty.hu/robots.txt" "Mozilla/5.0 (Windows; U; Windows NT 5.1; zh-CN; rv:1.8.0.11) Firefox/1.5.0.11; 360Spider"
123.125.71.117 - - [02/Jul/2013:07:09:22 +0200] "GET /robots.txt HTTP/1.1" 404 - "-" "Mozilla/5.0 (compatible; Baiduspider/2.0; +http://www.baidu.com/search/spider.html)"
91.238.134.155 - - [02/Jul/2013:07:09:39 +0200] "GET /info.php?a[]=%3Ca+href=http://Www.Airshipdowns.com/tiki-index.php?page=UserPagecaitlinco%3Ek%C3%BChlschrank%3C/a%3E HTTP/1.1" 200 51421 "http://activparty.hu/" "Opera/9.80 (Windows NT 6.2; Win64; x64) Presto/2.12.388 Version/12.15"
91.108.177.185 - - [02/Jul/2013:07:51:35 +0200] "GET /info.php?a[]=%3Ca+href=http://Xn--Monta-Ekologicznych-Szamb-Mmf.pl/%3Eclick+through+the+next+web+page%3C/a%3E HTTP/1.0" 200 51182 "http://activparty.hu/" "Mozilla/5.0 (Windows NT 5.1; rv:5.0.1) Gecko/20100101 Firefox/5.0.1"
5.135.99.200 - - [02/Jul/2013:07:59:16 +0200] "GET /info.php?a[]=%3Ca+href=http://gsaser.Com.pl/%3Egsa+search+engine+ranker%3C/a%3E HTTP/1.0" 200 50910 "http://activparty.hu/" "Mozilla/5.0 (Windows NT 5.1; rv:5.0.1) Gecko/20100101 Firefox/5.0.1"
5.135.99.200 - - [02/Jul/2013:07:59:20 +0200] "GET /info.php?a[]=%3Ca+href=http://gsaser.Com.pl/%3Egsa+search+engine+ranker%3C/a%3E HTTP/1.0" 200 52157 "http://Www.debet.Kiev.ua/v12/wiki/index.php?title=%D0%9E%D0%B1%D1%81%D1%83%D0%B6%D0%B4%D0%B5%D0%BD%D0%B8%D0%B5_%D1%83%D1%87%D0%B0%D1%81%D1%82%D0%BD%D0%B8%D0%BA%D0%B0:AnnellePatterson47" "Opera/9.80 click the following internet site (Windows NT 5.1; U; en) Presto/2.10.229 Version/11.60"
5.135.99.200 - - [02/Jul/2013:07:59:28 +0200] "GET /info.php?a[]=%3Ca+href=http://gsaser.Com.pl/%3Egsa+search+engine+ranker%3C/a%3E HTTP/1.0" 200 51668 "http://activparty.hu/" "Opera/9.80 click the following internet site (Windows NT 5.1; U; en) Presto/2.10.229 Version/11.60"
5.135.99.200 - - [02/Jul/2013:07:59:32 +0200] "GET /info.php?a[]=%3Ca+href=http://Www.debet.Kiev.ua/v12/wiki/index.php?title=%D0%9E%D0%B1%D1%81%D1%83%D0%B6%D0%B4%D0%B5%D0%BD%D0%B8%D0%B5_%D1%83%D1%87%D0%B0%D1%81%D1%82%D0%BD%D0%B8%D0%BA%D0%B0:AnnellePatterson47%3Eclick+the+following+internet+site%3C/a%3E HTTP/1.0" 200 52906 "http://activparty.hu/" "Opera/9.80 click the following internet site (Windows NT 5.1; U; en) Presto/2.10.229 Version/11.60"
5.135.99.200 - - [02/Jul/2013:07:59:41 +0200] "GET /info.php?a[]=%3Ca+href=http://Xn--imprezy-integracyjne-bielsko-biaa-nof.pl/%3Eimprezy+integracyjne%3C/a%3E HTTP/1.0" 200 51278 "http://activparty.hu/" "Mozilla/4.0 (compatible; MSIE 7.0; Windows NT 5.1; Trident/4.0; .NET CLR 2.0.50727; .NET CLR 3.0.4506.2152; .NET CLR 3.5.30729)"
5.135.99.200 - - [02/Jul/2013:07:59:49 +0200] "GET /info.php?a[]=%3Ca+href=http://briker.org/forum/index.php?action=profile&u=124745%3EMore+about+the+author%3C/a%3E HTTP/1.0" 200 51490 "http://activparty.hu/" "Mozilla/4.0 (compatible; MSIE 7.0; Windows NT 5.1; Trident/4.0; .NET CLR 2.0.50727; .NET CLR 3.0.4506.2152; .NET CLR 3.5.30729)"
5.135.99.200 - - [02/Jul/2013:08:04:04 +0200] "GET /info.php?a[]=%3Ca+href=http://Xn--imprezy-integracyjne-bielsko-biaa-nof.pl/%3Eimprezy+integracyjne%3C/a%3E HTTP/1.0" 200 51194 "http://activparty.hu/" "Mozilla/5.0 (Windows NT 6.0) AppleWebKit/535.1 (KHTML, like Gecko) Chrome/13.0.782.112 Safari/535.1"
5.135.99.200 - - [02/Jul/2013:08:04:05 +0200] "GET /info.php?a[]=%3Ca+href=http://Xn--imprezy-integracyjne-bielsko-biaa-nof.pl/%3Eimprezy+integracyjne%3C/a%3E HTTP/1.0" 200 51733 "http://wda-innsbruck.at/mediawiki/index.php/Live_The_Dream_With_VW_Campervan_Hire_Spain" "Mozilla/5.0 Read A great deal more (Windows NT 5.1; U; en) Presto/2.10.229 Version/11.60"
91.238.134.155 - - [02/Jul/2013:08:07:03 +0200] "GET /info.php?a[]=%3Ca+href=http://200.0.156.162/index.php/Notable_post_on_Inside_Criteria_In_Kitchen_Scale_from_Sr._ALANE_CAREY%3E156.162%3C/a%3E HTTP/1.1" 200 51748 "http://activparty.hu/" "Mozilla/5.0 (Windows NT 6.1; WOW64) AppleWebKit/535.1 (KHTML, like Gecko) Chrome/13.0.782.112 Safari/535.1"
91.108.177.188 - - [02/Jul/2013:08:10:43 +0200] "GET /info.php?a[]=%3Ca+href=http://xn--monta-ekologicznych-Szamb-mmf.pl%3Eszambo%3C/a%3E HTTP/1.0" 200 51126 "http://activparty.hu/" "Mozilla/4.0 (compatible; MSIE 8.0; Windows NT 6.0; Trident/4.0; Mozilla/4.0 (compatible; MSIE 6.0; Windows NT 5.1; SV1) ; .NET CLR 3.5.30729)"
91.108.177.188 - - [02/Jul/2013:08:10:43 +0200] "GET /info.php?a[]=%3Ca+href=http://gsaser.Com.pl/%3Egsa+search+engine+ranker%3C/a%3E HTTP/1.0" 200 50914 "http://activparty.hu/" "Mozilla/5.0 (Windows NT 5.1; rv:5.0.1) Gecko/20100101 Firefox/5.0.1"
91.108.177.15 - - [02/Jul/2013:08:22:09 +0200] "GET /info.php?a[]=%3Ca+href=http://Xn--imprezy-integracyjne-bielsko-biaa-nof.pl/%3Eimprezy+integracyjne%3C/a%3E HTTP/1.0" 200 51504 "http://activparty.hu/" "Mozilla/4.0 (compatible; MSIE 6.0; Windows NT 5.1; SV1; MRA 5.8 (build 4157); .NET CLR 2.0.50727; AskTbPTV/5.11.3.15590)"
91.108.177.15 - - [02/Jul/2013:08:22:13 +0200] "GET /info.php?a[]=%3Ca+href=http://Wiki.Edc-Samara.ru/index.php?title=Spain_-_Catalonia%3Evisit+the+following+internet+page%3C/a%3E HTTP/1.0" 200 51711 "http://activparty.hu/" "Mozilla/4.0 (compatible; MSIE 6.0; Windows NT 5.1; SV1; MRA 5.8 (build 4157); .NET CLR 2.0.50727; AskTbPTV/5.11.3.15590)"
5.135.47.127 - - [02/Jul/2013:08:27:25 +0200] "GET /info.php?a[]=%3Ca+href=http://Wiki.Edc-Samara.ru/index.php?title=Spain_-_Catalonia%3Evisit+the+following+internet+page%3C/a%3E HTTP/1.0" 200 51324 "http://activparty.hu/" "Mozilla/4.0 (compatible; MSIE 7.0; Windows NT 5.1; SV1; .NET CLR 2.0.50727)"
46.229.164.97 - - [02/Jul/2013:08:58:17 +0200] "GET /robots.txt HTTP/1.1" 404 - "-" "Mozilla/5.0 (compatible; SemrushBot/0.96.3; +http://www.semrush.com/bot.html)"
220.255.2.90 - - [02/Jul/2013:09:05:26 +0200] "GET / HTTP/1.1" 200 3021 "http://activparty.hu" "Mozilla/4.0 (compatible; MSIE 7.0; Windows NT 5.1; Trident/4.0; .NET CLR 1.1.4322)"
220.255.1.196 - - [02/Jul/2013:09:05:28 +0200] "GET /aktivparty.html HTTP/1.1" 200 1528 "http://activparty.hu/" "Mozilla/4.0 (compatible; MSIE 7.0; Windows NT 5.1; Trident/4.0; .NET CLR 1.1.4322)"
5.39.4.221 - - [02/Jul/2013:09:22:45 +0200] "GET /info.php?a[]=%3Ca+href=http://Detektywenigma.pl/%3Eagencja+detektywistyczna%3C/a%3E HTTP/1.0" 200 50934 "http://activparty.hu/" "Mozilla/4.0 (compatible; MSIE 7.0; Windows NT 5.1; SV1; .NET CLR 2.0.50727)"
37.59.91.52 - - [02/Jul/2013:09:42:28 +0200] "GET /info.php?a[]=%3Ca+href=http://1csr.ru?s=The+Northern+Costa+Blanca+-+Spain%3Ejust+click+the+up+coming+page%3C/a%3E HTTP/1.0" 200 51326 "http://activparty.hu/" "Mozilla/4.0 (compatible; MSIE 7.0; Windows NT 5.1; Trident/4.0; .NET CLR 1.1.4322)"
37.59.91.52 - - [02/Jul/2013:09:42:29 +0200] "GET /info.php?a[]=%3Ca+href=http://www.er.uqam.ca/nobel/fpe3650/wiki/index.php/All_Inclusive_Holiday_Destinations_In_Spain%3Ewww.er.uqam.ca%3C/a%3E HTTP/1.0" 200 51415 "http://activparty.hu/" "Mozilla/4.0 (compatible; MSIE 7.0; Windows NT 5.1; Trident/4.0; .NET CLR 1.1.4322)"
217.195.202.14 - - [02/Jul/2013:10:07:19 +0200] "GET /info.php?a=%3Ca+href=http://renerkxg.newsvine.com/_news/2013/06/26/19155578-additionally-most-sites-can-tell-who-has-linked-to-them-and-will-then-check-out-your-site-and-even-maybe-post-a-link HTTP/1.1" 200 51983 "http://activparty.hu/" "Mozilla/5.0 (Windows NT 6.1; rv:2.0b7pre) Gecko/20100921 Firefox/4.0b7pre"
217.195.202.14 - - [02/Jul/2013:10:07:20 +0200] "GET /info.php?a=%3Ca+href=http://travel.mobile15-tw.org.dedicatedornot.com/%3Eplay+free+cool+online+car+games+racing+games%3C/a%3E HTTP/1.1" 200 51578 "http://activparty.hu/" "Mozilla/4.0 (compatible; MSIE 7.0; Windows NT 5.1; Trident/4.0; .NET CLR 1.1.4322)"
217.195.202.14 - - [02/Jul/2013:10:07:21 +0200] "GET /info.php?a%5B%5D=click+here+%28%3Ca+href%3Dhttp%3A%2F%2Frenerkxg.newsvine.com%2F_news%2F2013%2F06%2F26%2F19155578-additionally-most-sites-can-tell-who-has-linked-to-them-and-will-then-check-out-your-site-and-even-maybe-post-a-link%3ESuggested+Looking+at%3C%2Fa%3E%29 HTTP/1.1" 200 52676 "http://activparty.hu/" "Mozilla/4.0 (compatible; MSIE 7.0; Windows NT 5.1; Trident/4.0; .NET CLR 1.1.4322)"
217.195.202.14 - - [02/Jul/2013:10:10:16 +0200] "GET /info.php?a%5B%5D=click+here+%28%3Ca+href%3Dhttp%3A%2F%2Frenerkxg.newsvine.com%2F_news%2F2013%2F06%2F26%2F19155578-additionally-most-sites-can-tell-who-has-linked-to-them-and-will-then-check-out-your-site-and-even-maybe-post-a-link%3ESuggested+Looking+at%3C%2Fa%3E%29 HTTP/1.1" 200 52748 "http://activparty.hu/" "Mozilla/5.0 (Windows NT 6.1; WOW64) AppleWebKit/535.1 (KHTML, like Gecko) Chrome/13.0.782.112 Safari/535.1"
5.135.99.209 - - [02/Jul/2013:10:20:20 +0200] "GET /info.php?a[]=%3Ca+href=HTTP://xn--imprezy-integracyjne-bielsko-Biaa-Nof.pl/%3Eimprezy+integracyjne%3C/a%3E HTTP/1.0" 200 51116 "http://activparty.hu/" "Mozilla/5.0 (Windows NT 6.1; rv:2.0b7pre) Gecko/20100921 Firefox/4.0b7pre"
5.135.99.209 - - [02/Jul/2013:10:28:34 +0200] "GET /info.php?a[]=%3Ca+href=HTTP://xn--imprezy-integracyjne-bielsko-Biaa-Nof.pl/%3Eimprezy+integracyjne%3C/a%3E HTTP/1.0" 200 51098 "http://activparty.hu/" "Mozilla/5.0 (Windows NT 5.1; rv:13.0) Gecko/20100101 Firefox/13.0.1"
5.135.99.209 - - [02/Jul/2013:10:28:35 +0200] "GET /info.php?a[]=%3Ca+href=HTTP://xn--imprezy-integracyjne-bielsko-Biaa-Nof.pl/%3Eimprezy+integracyjne%3C/a%3E HTTP/1.0" 200 51892 "http://www.archiroot.org.uk/doku.php/how_to_easily_create_friends_if_you_retire_to_spain/profile_kimberlymiller1983" "Opera/9.80 Recommended Web page (Windows NT 5.1; U; en) Presto/2.10.229 Version/11.60"
91.108.177.179 - - [02/Jul/2013:10:35:17 +0200] "GET /info.php?a[]=%3Ca+href=http://cvmx.de/fforum///index.php?t=finduser&usr_login=MedaParker1980&S=20822e1b87be91de809fb0f8f5613405&rd=2&btn_submit=Find%3ESpain+forums%3C/a%3E HTTP/1.0" 200 52190 "http://activparty.hu/" "Mozilla/4.0 (compatible; MSIE 7.0; Windows NT 5.1; SV1; .NET CLR 2.0.50727)"
37.59.91.50 - - [02/Jul/2013:10:42:56 +0200] "GET /info.php?a[]=%3Ca+href=http://Xn--imprezy-integracyjne-bielsko-biaa-nof.pl/%3Eimprezy+integracyjne%3C/a%3E HTTP/1.0" 200 51250 "http://activparty.hu/" "Mozilla/4.0 (compatible; MSIE 6.0; Windows NT 5.1; SV1; MRA 5.8 (build 4157); .NET CLR 2.0.50727; AskTbPTV/5.11.3.15590)"
37.59.91.50 - - [02/Jul/2013:10:42:58 +0200] "GET /info.php?a[]=%3Ca+href=http://Wiki.Torfabrik.de/index.php/A_Taste_Of_The_Costa_Blanca_Spain%3Elinked+web-site%3C/a%3E HTTP/1.0" 200 51343 "http://activparty.hu/" "Mozilla/4.0 (compatible; MSIE 6.0; Windows NT 5.1; SV1; MRA 5.8 (build 4157); .NET CLR 2.0.50727; AskTbPTV/5.11.3.15590)"
37.59.91.50 - - [02/Jul/2013:10:44:06 +0200] "GET /info.php?a[]=%3Ca+href=http://Wiki.Torfabrik.de/index.php/A_Taste_Of_The_Costa_Blanca_Spain%3Elinked+web-site%3C/a%3E HTTP/1.0" 200 51184 "http://activparty.hu/" "Mozilla/5.0 (Windows NT 5.1; rv:13.0) Gecko/20100101 Firefox/13.0.1"
91.108.177.179 - - [02/Jul/2013:10:56:01 +0200] "GET /info.php?a[]=%3Ca+href=http://Xn--imprezy-integracyjne-bielsko-biaa-nof.pl/%3Eimprezy+integracyjne%3C/a%3E HTTP/1.0" 200 51111 "http://activparty.hu/" "Mozilla/5.0 (Windows NT 6.1; WOW64; rv:5.0) Gecko/20100101 Firefox/5.0"
91.108.177.179 - - [02/Jul/2013:10:56:08 +0200] "GET /info.php?a[]=%3Ca+href=http://Xn--imprezy-integracyjne-bielsko-biaa-nof.pl/%3Eimprezy+integracyjne%3C/a%3E HTTP/1.0" 200 51767 "http://www.duhaime.org/CustomSearchResults.aspx?search=http://isadoracollins1974.lovelyish.hk/weblog/" "Mozilla/5.0 Menu (Windows NT 5.1; U; en) Presto/2.10.229 Version/11.60"
91.108.177.179 - - [02/Jul/2013:10:57:38 +0200] "GET /info.php?a[]=%3Ca+href=HTTP://xn--imprezy-integracyjne-bielsko-Biaa-Nof.pl/%3Eimprezy+integracyjne%3C/a%3E HTTP/1.0" 200 51103 "http://activparty.hu/" "Opera/9.80 (Windows NT 6.2; Win64; x64) Presto/2.12.388 Version/12.15"
91.108.177.179 - - [02/Jul/2013:10:58:32 +0200] "GET /info.php?a[]=%3Ca+href=http://the-home-income-station.com/myjournal/groups/alicante-airport-in-a-nutshell-947353022/%3Erelevant+website%3C/a%3E HTTP/1.0" 200 51399 "http://activparty.hu/" "Opera/9.80 (Windows NT 6.2; Win64; x64) Presto/2.12.388 Version/12.15"
91.108.177.179 - - [02/Jul/2013:10:59:12 +0200] "GET /info.php?a[]=%3Ca+href=http://the-home-income-station.com/myjournal/groups/alicante-airport-in-a-nutshell-947353022/%3Erelevant+website%3C/a%3E HTTP/1.0" 200 51620 "http://activparty.hu/" "Mozilla/4.0 (compatible; MSIE 8.0; Windows NT 6.0; Trident/4.0; Mozilla/4.0 (compatible; MSIE 6.0; Windows NT 5.1; SV1) ; .NET CLR 3.5.30729)"
5.39.4.204 - - [02/Jul/2013:11:08:43 +0200] "GET /info.php?a[]=%3Ca+href=HTTP://xn--imprezy-integracyjne-bielsko-Biaa-Nof.pl/%3Eimprezy+integracyjne%3C/a%3E HTTP/1.0" 200 51305 "http://activparty.hu/" "Mozilla/5.0 (Linux; U; Android 2.2; fr-fr; Desire_A8181 Build/FRF91) App3leWebKit/53.1 (KHTML, like Gecko) Version/4.0 Mobile Safari/533.1"
5.39.4.204 - - [02/Jul/2013:11:08:45 +0200] "GET /info.php?a[]=%3Ca+href=http://wiki.nlpower.com/wiki/doku.php/interesting_factors_to_see_and_do_in_seville_spain%3Emouse+click+the+up+coming+website%3C/a%3E HTTP/1.0" 200 51753 "http://activparty.hu/" "Mozilla/5.0 (Linux; U; Android 2.2; fr-fr; Desire_A8181 Build/FRF91) App3leWebKit/53.1 (KHTML, like Gecko) Version/4.0 Mobile Safari/533.1"
5.39.4.204 - - [02/Jul/2013:11:09:23 +0200] "GET /info.php?a[]=%3Ca+href=http://wiki.nlpower.com/wiki/doku.php/interesting_factors_to_see_and_do_in_seville_spain%3Emouse+click+the+up+coming+website%3C/a%3E HTTP/1.0" 200 51539 "http://activparty.hu/" "Mozilla/5.0 (Windows NT 5.1; rv:13.0) Gecko/20100101 Firefox/13.0.1"
176.31.105.7 - - [02/Jul/2013:11:15:17 +0200] "GET /info.php?a[]=%3Ca+href=HTTP://xn--imprezy-integracyjne-bielsko-Biaa-Nof.pl/%3Eimprezy+integracyjne%3C/a%3E HTTP/1.1" 200 51614 "http://activparty.hu/" "Opera/9.80 (Windows NT 6.2; Win64; x64) Presto/2.12.388 Version/12.15"
176.31.105.7 - - [02/Jul/2013:11:15:17 +0200] "GET /info.php?a[]=%3Ca+href=http://www.biolocation.ru/wiki/index.php/Spain_-_Catalonia%3Ejust+click+the+next+web+site%3C/a%3E HTTP/1.1" 200 51782 "http://activparty.hu/" "Opera/9.80 (Windows NT 6.2; Win64; x64) Presto/2.12.388 Version/12.15"
157.55.32.105 - - [02/Jul/2013:11:26:57 +0200] "GET /robots.txt HTTP/1.1" 404 - "-" "Mozilla/5.0 (compatible; bingbot/2.0; +http://www.bing.com/bingbot.htm)"
157.55.32.105 - - [02/Jul/2013:11:36:16 +0200] "GET / HTTP/1.1" 200 3021 "-" "Mozilla/5.0 (compatible; bingbot/2.0; +http://www.bing.com/bingbot.htm)"
91.238.134.155 - - [02/Jul/2013:11:52:41 +0200] "GET /info.php?a[]=%3Ca+href=http://Wiki.ru.Wowmod.eu/index.php?title=%D0%A3%D1%87%D0%B0%D1%81%D1%82%D0%BD%D0%B8%D0%BA:DomingoTh%3Epermanent+make+up%3C/a%3E HTTP/1.1" 200 51652 "http://activparty.hu/" "Mozilla/5.0 (Windows NT 6.1; rv:5.0) Gecko/20100101 Firefox/5.02"
199.187.122.91 - - [02/Jul/2013:12:09:31 +0200] "GET /robots.txt HTTP/1.1" 404 - "-" "Mozilla/4.0 (compatible; MSIE 6.0; Windows NT 5.1; SV1; .NET CLR 2.0.50727)"
91.238.134.155 - - [02/Jul/2013:12:12:19 +0200] "GET /info.php?a[]=%3Ca+href=http://www.wskov.dk/rejser/index.php/Bruger:LibbyWool HTTP/1.1" 200 51167 "http://activparty.hu/" "Mozilla/4.0 (compatible; MSIE 6.0; MSIE 5.5; Windows NT 5.0) Opera 7.02 Bork-edition [en]"
91.238.134.155 - - [02/Jul/2013:12:12:21 +0200] "GET /info.php?a[]=%3Ca+href=http://Wiki.ru.Wowmod.eu/index.php?title=%D0%A3%D1%87%D0%B0%D1%81%D1%82%D0%BD%D0%B8%D0%BA:DomingoTh%3Epermanent+make+up%3C/a%3E HTTP/1.1" 200 51843 "http://activparty.hu/" "Mozilla/4.0 (compatible; MSIE 7.0; Windows NT 5.1; Trident/4.0; .NET CLR 2.0.50727; .NET CLR 3.0.4506.2152; .NET CLR 3.5.30729)"
91.238.134.155 - - [02/Jul/2013:12:12:24 +0200] "GET /info.php?a[]=%3Ca+href=http://www.wskov.dk/rejser/index.php/Bruger:LibbyWool%3EG%C3%A4Stebett%3C/a%3E HTTP/1.1" 200 51479 "http://activparty.hu/" "Mozilla/4.0 (compatible; MSIE 7.0; Windows NT 5.1; Trident/4.0; .NET CLR 2.0.50727; .NET CLR 3.0.4506.2152; .NET CLR 3.5.30729)"
199.187.122.91 - - [02/Jul/2013:12:14:22 +0200] "GET / HTTP/1.1" 200 3021 "-" "Mozilla/4.0 (compatible; MSIE 6.0; Windows NT 5.1; SV1; .NET CLR 2.0.50727)"
199.187.122.91 - - [02/Jul/2013:12:14:22 +0200] "GET /aktivparty.html HTTP/1.1" 200 1528 "-" "Mozilla/4.0 (compatible; MSIE 6.0; Windows NT 5.1; SV1; .NET CLR 2.0.50727)"
91.238.134.155 - - [02/Jul/2013:12:18:17 +0200] "GET /info.php?a[]=%3Ca+href=http://www.wskov.dk/rejser/index.php/Bruger:LibbyWool%3EG%C3%A4Stebett%3C/a%3E HTTP/1.1" 200 51308 "http://activparty.hu/" "Mozilla/5.0 (Windows NT 6.1; WOW64; rv:5.0) Gecko/20100101 Firefox/5.0"
5.39.4.222 - - [02/Jul/2013:12:44:32 +0200] "GET /info.php?a[]=%3Ca+href=http://Xn--imprezy-integracyjne-bielsko-biaa-nof.pl/%3Eimprezy+integracyjne%3C/a%3E HTTP/1.0" 200 51204 "http://activparty.hu/" "Mozilla/4.0 (compatible; MSIE 6.0; Windows NT 5.1; SV1; FunWebProducts; .NET CLR 1.1.4322; PeoplePal 6.2)"
5.39.4.222 - - [02/Jul/2013:12:44:32 +0200] "GET /info.php?a[]=%3Ca+href=http://www.mainetodo.com/modules.php?name=Your_Account&op=userinfo&username=VerniaHernandez89%3Ehttp://www.mainetodo.com/modules.php?name=Your_Account&op=userinfo&username=VerniaHernandez89%3C/a%3E HTTP/1.0" 200 52228 "http://activparty.hu/" "Mozilla/4.0 (compatible; MSIE 6.0; Windows NT 5.1; SV1; FunWebProducts; .NET CLR 1.1.4322; PeoplePal 6.2)"
91.238.134.155 - - [02/Jul/2013:12:46:29 +0200] "GET /info.php?a[]=%3Ca+href=http://85.171.42.117/groups/horairessecretariat/wiki/57cb7/Exploring_Effective_Methods_Of_contact_lenses.html%3Ekontaktlinsen%3C/a%3E HTTP/1.1" 200 51813 "http://activparty.hu/" "Mozilla/4.0 (compatible; MSIE 6.0; MSIE 5.5; Windows NT 5.0) Opera 7.02 Bork-edition [en]"
37.59.91.51 - - [02/Jul/2013:12:50:00 +0200] "GET /info.php?a[]=%3Ca+href=http://Xn--imprezy-integracyjne-bielsko-biaa-nof.pl/%3Eimprezy+integracyjne%3C/a%3E HTTP/1.0" 200 51092 "http://activparty.hu/" "Mozilla/5.0 (Windows NT 5.1; rv:5.0.1) Gecko/20100101 Firefox/5.0.1"
37.59.91.51 - - [02/Jul/2013:13:13:26 +0200] "GET /info.php?a[]=%3Ca+href=http://Xn--imprezy-integracyjne-bielsko-biaa-nof.pl/%3Eimprezy+integracyjne%3C/a%3E HTTP/1.0" 200 51093 "http://activparty.hu/" "Opera/9.80 (Windows NT 6.2; Win64; x64) Presto/2.12.388 Version/12.15"
37.59.91.51 - - [02/Jul/2013:13:13:27 +0200] "GET /info.php?a[]=%3Ca+href=http://www.archiroot.org.uk/doku.php/vaginal_simplex_encephalitis/ricky_rubio_bolts_from_timberwolves/a_guide_to_costa_blanca_weather%3ECheck+This+Out%3C/a%3E HTTP/1.0" 200 51712 "http://activparty.hu/" "Opera/9.80 (Windows NT 6.2; Win64; x64) Presto/2.12.388 Version/12.15"
220.255.2.28 - - [02/Jul/2013:13:15:23 +0200] "GET /info.php?a[]=%3Ca+href=https://www.facebook.com/CorporateGiftsSingapore%3Ecorporate+gifts+singapore%3C/a%3E HTTP/1.1" 200 51848 "http://activparty.hu/" "Mozilla/4.0 (compatible; MSIE 8.0; Windows NT 6.0; Trident/4.0; Mozilla/4.0 (compatible; MSIE 6.0; Windows NT 5.1; SV1) ; .NET CLR 3.5.30729)"
5.135.47.127 - - [02/Jul/2013:13:18:34 +0200] "GET /info.php?a[]=%3Ca+href=http://www.archiroot.org.uk/doku.php/vaginal_simplex_encephalitis/ricky_rubio_bolts_from_timberwolves/a_guide_to_costa_blanca_weather%3ECheck+This+Out%3C/a%3E HTTP/1.0" 200 51727 "http://activparty.hu/" "Mozilla/4.0 (compatible; MSIE 7.0; Windows NT 5.1; SV1; .NET CLR 2.0.50727)"
66.249.78.49 - - [02/Jul/2013:13:19:24 +0200] "GET /info.php?a%5B%5D=%3Ca+href=http://www.wskov.dk/rejser/index.php/Bruger:LibbyWool%3EG%C3%A4Stebett%3C/a%3E HTTP/1.1" 200 50739 "-" "Mozilla/5.0 (compatible; Googlebot/2.1; +http://www.google.com/bot.html)"
91.238.134.155 - - [02/Jul/2013:13:36:50 +0200] "GET /info.php?a[]=%3Ca+href=http://Wiki.ru.Wowmod.eu/index.php?title=%D0%A3%D1%87%D0%B0%D1%81%D1%82%D0%BD%D0%B8%D0%BA:DomingoTh%3Epermanent+make+up%3C/a%3E HTTP/1.1" 200 51822 "http://activparty.hu/" "Mozilla/4.0 (compatible; MSIE 6.0; Windows NT 5.1; SV1; MRA 5.8 (build 4157); .NET CLR 2.0.50727; AskTbPTV/5.11.3.15590)"
5.39.119.86 - - [02/Jul/2013:13:52:31 +0200] "GET /info.php?a[]=%3Ca+href=HTTP://xn--imprezy-integracyjne-bielsko-Biaa-Nof.pl/%3Eimprezy+integracyjne%3C/a%3E HTTP/1.1" 200 51827 "http://activparty.hu/" "Mozilla/4.0 (compatible; MSIE 8.0; Windows NT 6.0; Trident/4.0; Mozilla/4.0 (compatible; MSIE 6.0; Windows NT 5.1; SV1) ; .NET CLR 3.5.30729)"
5.39.119.86 - - [02/Jul/2013:13:52:31 +0200] "GET /info.php?a[]=%3Ca+href=http://www.loopinmarketplace.jp/userinfo.php?uid=31344%3Ehttp://www.loopinmarketplace.jp%3C/a%3E HTTP/1.1" 200 51917 "http://activparty.hu/" "Mozilla/4.0 (compatible; MSIE 8.0; Windows NT 6.0; Trident/4.0; Mozilla/4.0 (compatible; MSIE 6.0; Windows NT 5.1; SV1) ; .NET CLR 3.5.30729)"
91.238.134.155 - - [02/Jul/2013:13:53:11 +0200] "GET /info.php?a[]=%3Ca+href=http://www.aliciaskins.com/phpizabi/?L=blogs.blog&article=113914%3Ewaeschestaender%3C/a%3E HTTP/1.1" 200 51752 "http://activparty.hu/" "Mozilla/5.0 (Linux; U; Android 2.2; fr-fr; Desire_A8181 Build/FRF91) App3leWebKit/53.1 (KHTML, like Gecko) Version/4.0 Mobile Safari/533.1"
5.135.47.69 - - [02/Jul/2013:13:56:31 +0200] "GET /info.php?a[]=%3Ca+href=http://phantoms.write2me.nl/%3EHotel+Herceg+Novi%3C/a%3E HTTP/1.0" 200 50935 "http://activparty.hu/" "Mozilla/4.0 (compatible; MSIE 7.0; Windows NT 5.1; Trident/4.0; .NET CLR 1.1.4322)"
5.39.119.86 - - [02/Jul/2013:13:56:44 +0200] "GET /info.php?a[]=%3Ca+href=http://www.loopinmarketplace.jp/userinfo.php?uid=31344%3Ehttp://www.loopinmarketplace.jp%3C/a%3E HTTP/1.1" 200 51686 "http://activparty.hu/" "Mozilla/5.0 (Windows NT 6.1; rv:5.0) Gecko/20100101 Firefox/5.02"
5.39.119.86 - - [02/Jul/2013:14:00:42 +0200] "GET /info.php?a[]=%3Ca+href=http://Xn--imprezy-integracyjne-bielsko-biaa-nof.pl/%3Eimprezy+integracyjne%3C/a%3E HTTP/1.1" 200 51671 "http://activparty.hu/" "Mozilla/4.0 (compatible; MSIE 6.0; MSIE 5.5; Windows NT 5.0) Opera 7.02 Bork-edition [en]"
5.39.119.86 - - [02/Jul/2013:14:00:42 +0200] "GET /info.php?a[]=%3Ca+href=http://Archiroot.org.uk/doku.php/profile_taunyarice84%3Ehttp://Archiroot.org.uk/doku.php/profile_taunyarice84%3C/a%3E HTTP/1.1" 200 51929 "http://activparty.hu/" "Mozilla/4.0 (compatible; MSIE 6.0; MSIE 5.5; Windows NT 5.0) Opera 7.02 Bork-edition [en]"
5.39.119.86 - - [02/Jul/2013:14:04:37 +0200] "GET /info.php?a[]=%3Ca+href=http://Archiroot.org.uk/doku.php/profile_taunyarice84%3Ehttp://Archiroot.org.uk/doku.php/profile_taunyarice84%3C/a%3E HTTP/1.1" 200 51887 "http://activparty.hu/" "Mozilla/4.0 (compatible; MSIE 7.0; Windows NT 5.1; SV1; .NET CLR 2.0.50727)"
66.249.78.49 - - [02/Jul/2013:14:55:44 +0200] "GET / HTTP/1.1" 200 3021 "-" "Mozilla/5.0 (compatible; Googlebot/2.1; +http://www.google.com/bot.html)"
66.249.78.49 - - [02/Jul/2013:14:57:12 +0200] "GET /info.php?a%5B%5D=%3Ca+href=http://www.aliciaskins.com/phpizabi/?L=blogs.blog&article=113914%3Ewaeschestaender%3C/a%3E HTTP/1.1" 200 50979 "-" "Mozilla/5.0 (compatible; Googlebot/2.1; +http://www.google.com/bot.html)"
174.120.10.162 - - [02/Jul/2013:14:58:37 +0200] "GET / HTTP/1.0" 200 3021 "-" "-"
176.31.105.7 - - [02/Jul/2013:15:01:08 +0200] "GET /info.php?a[]=%3Ca+href=HTTP://xn--imprezy-integracyjne-bielsko-Biaa-Nof.pl/%3Eimprezy+integracyjne%3C/a%3E HTTP/1.1" 200 51607 "http://activparty.hu/" "Mozilla/5.0 (Windows NT 5.1; rv:5.0.1) Gecko/20100101 Firefox/5.0.1"
176.31.105.7 - - [02/Jul/2013:15:01:10 +0200] "GET /info.php?a[]=%3Ca+href=HTTP://xn--imprezy-integracyjne-bielsko-Biaa-Nof.pl/%3Eimprezy+integracyjne%3C/a%3E HTTP/1.1" 200 52275 "http://board.dragosien.de//index.php//index.php//index.php/index.php?page=User&userID=23835" "Opera/9.80 board.dragosien.de (Windows NT 5.1; U; en) Presto/2.10.229 Version/11.60"
198.143.143.62 - - [02/Jul/2013:15:12:46 +0200] "GET /info.php?a%5B%5D=<%3Ba HTTP/1.0" 200 50784 "http://activparty.hu/" "Mozilla/4.0 (compatible; MSIE 8.0; Windows NT 6.0; Trident/4.0; Mozilla/4.0 (compatible; MSIE 6.0; Windows NT 5.1; SV1) ; .NET CLR 3.5.30729)"
198.143.143.62 - - [02/Jul/2013:15:12:50 +0200] "GET /info.php?a%5B%5D=%3Ca+href%3Dhttp%3A%2F%2Fwww.making-cents.info%2Fleading-options-ar500-steel-targets%3Ehow+to+make+steel+pistol+targets%3C%2Fa%3E HTTP/1.0" 200 51664 "http://activparty.hu/" "Mozilla/4.0 (compatible; MSIE 8.0; Windows NT 6.0; Trident/4.0; Mozilla/4.0 (compatible; MSIE 6.0; Windows NT 5.1; SV1) ; .NET CLR 3.5.30729)"
157.55.32.105 - - [02/Jul/2013:15:12:52 +0200] "GET /robots.txt HTTP/1.1" 404 - "-" "Mozilla/5.0 (compatible; bingbot/2.0; +http://www.bing.com/bingbot.htm)"
157.55.32.105 - - [02/Jul/2013:15:16:22 +0200] "GET / HTTP/1.1" 200 3021 "-" "Mozilla/5.0 (compatible; bingbot/2.0; +http://www.bing.com/bingbot.htm)"
5.39.4.198 - - [02/Jul/2013:15:21:40 +0200] "GET /info.php?a[]=%3Ca+href=http://212.27.63.45/wiki/index.php?title=Utilisateur:CyrstalFisher86%3Ejust+click+the+next+article+( HTTP/1.0" 200 51278 "http://activparty.hu/" "Mozilla/5.0 (Windows NT 5.1; rv:5.0.1) Gecko/20100101 Firefox/5.0.1"
5.39.4.198 - - [02/Jul/2013:15:21:46 +0200] "GET /info.php?a[]=%3Ca+href=http://212.27.63.45/wiki/index.php?title=Utilisateur:CyrstalFisher86%3Ejust+click+the+next+article+( HTTP/1.0" 200 52111 "http://www.duhaime.org/CustomSearchResults.aspx?search=http://citydon.de/how-guarantee-great-travel-experience-anywhere-you-go-0" "Opera/9.80 My Site (Windows NT 5.1; U; en) Presto/2.10.229 Version/11.60"
80.99.38.86 - - [02/Jul/2013:16:28:27 +0200] "GET /aktivparty.html HTTP/1.1" 200 1528 "http://www.google.hu/url?sa=t&rct=j&q=&esrc=s&source=web&cd=2&ved=0CDgQFjAB&url=http%3A%2F%2Factivparty.hu%2Faktivparty.html&ei=d-PSUfvzB8zBPPfCgLgB&usg=AFQjCNFPCrs68wIbvMpHBJd0OHYamMg0RQ&sig2=dliB-UUncn9MfyYHKMRLnA&bvm=bv.48572450,d.ZWU" "Mozilla/5.0 (Windows NT 5.1; rv:12.0) Gecko/20100101 Firefox/12.0"
80.99.38.86 - - [02/Jul/2013:16:28:27 +0200] "GET /js/AC_RunActiveContent.js HTTP/1.1" 200 8321 "http://activparty.hu/aktivparty.html" "Mozilla/5.0 (Windows NT 5.1; rv:12.0) Gecko/20100101 Firefox/12.0"
80.99.38.86 - - [02/Jul/2013:16:28:28 +0200] "GET /activ_party.swf HTTP/1.1" 200 1771834 "http://activparty.hu/aktivparty.html" "Mozilla/5.0 (Windows NT 5.1; rv:12.0) Gecko/20100101 Firefox/12.0"
80.99.38.86 - - [02/Jul/2013:16:28:28 +0200] "GET /favicon.ico HTTP/1.1" 404 - "-" "Mozilla/5.0 (Windows NT 5.1; rv:12.0) Gecko/20100101 Firefox/12.0"
80.99.38.86 - - [02/Jul/2013:16:28:28 +0200] "GET /favicon.ico HTTP/1.1" 404 - "-" "Mozilla/5.0 (Windows NT 5.1; rv:12.0) Gecko/20100101 Firefox/12.0"
5.135.99.202 - - [02/Jul/2013:16:52:23 +0200] "GET /info.php?a[]=%3Ca+href=http://Xn--imprezy-integracyjne-bielsko-biaa-nof.pl/%3Eimprezy+integracyjne%3C/a%3E HTTP/1.0" 200 51190 "http://activparty.hu/" "Mozilla/5.0 (Windows NT 6.0) AppleWebKit/535.1 (KHTML, like Gecko) Chrome/13.0.782.112 Safari/535.1"
5.135.99.202 - - [02/Jul/2013:16:52:24 +0200] "GET /info.php?a[]=%3Ca+href=http://Xn--imprezy-integracyjne-bielsko-biaa-nof.pl/%3Eimprezy+integracyjne%3C/a%3E HTTP/1.0" 200 51567 "http://forum.coasterado.de/member.php/184277-EstefanaJenkins78" "Opera/9.80 forum.coasterado.de (Windows NT 5.1; U; en) Presto/2.10.229 Version/11.60"
91.108.177.15 - - [02/Jul/2013:17:01:39 +0200] "GET /info.php?a[]=%3Ca+href=http://gsaser.Com.pl%3Egsa+search+engine+ranker%3C/a%3E HTTP/1.0" 200 51159 "http://activparty.hu/" "Mozilla/5.0 (Windows NT 6.1; WOW64; rv:5.0) Gecko/20100101 Firefox/5.0"
91.108.177.15 - - [02/Jul/2013:17:01:43 +0200] "GET /info.php?a[]=%3Ca+href=http://gsaser.Com.pl%3Egsa+search+engine+ranker%3C/a%3E HTTP/1.0" 200 51560 "http://itp.nyu.edu/RepresentingEarth/?p=756&cpage=127" "Mozilla/5.0 Orville (Windows NT 5.1; U; en) Presto/2.10.229 Version/11.60"
37.145.168.171 - - [02/Jul/2013:17:14:40 +0200] "GET / HTTP/1.1" 200 3021 "http://yandex.ru/yandsearch?lr=213&text=activ+party" "Mozilla/5.0 (Windows NT 6.1; WOW64) AppleWebKit/537.36 (KHTML, like Gecko) Chrome/27.0.1453.116 Safari/537.36"
37.145.168.171 - - [02/Jul/2013:17:14:41 +0200] "GET /images/logo.gif HTTP/1.1" 200 2246 "http://www.activparty.hu/" "Mozilla/5.0 (Windows NT 6.1; WOW64) AppleWebKit/537.36 (KHTML, like Gecko) Chrome/27.0.1453.116 Safari/537.36"
37.145.168.171 - - [02/Jul/2013:17:14:41 +0200] "GET /images/letoltes_off.gif HTTP/1.1" 200 821 "http://www.activparty.hu/" "Mozilla/5.0 (Windows NT 6.1; WOW64) AppleWebKit/537.36 (KHTML, like Gecko) Chrome/27.0.1453.116 Safari/537.36"
37.145.168.171 - - [02/Jul/2013:17:14:41 +0200] "GET /images/belepes_off.gif HTTP/1.1" 200 772 "http://www.activparty.hu/" "Mozilla/5.0 (Windows NT 6.1; WOW64) AppleWebKit/537.36 (KHTML, like Gecko) Chrome/27.0.1453.116 Safari/537.36"
37.145.168.171 - - [02/Jul/2013:17:14:41 +0200] "GET /images/belepes_on.gif HTTP/1.1" 200 771 "http://www.activparty.hu/" "Mozilla/5.0 (Windows NT 6.1; WOW64) AppleWebKit/537.36 (KHTML, like Gecko) Chrome/27.0.1453.116 Safari/537.36"
37.145.168.171 - - [02/Jul/2013:17:14:41 +0200] "GET /images/letoltes_on.gif HTTP/1.1" 200 821 "http://www.activparty.hu/" "Mozilla/5.0 (Windows NT 6.1; WOW64) AppleWebKit/537.36 (KHTML, like Gecko) Chrome/27.0.1453.116 Safari/537.36"
37.145.168.171 - - [02/Jul/2013:17:14:41 +0200] "GET /favicon.ico HTTP/1.1" 404 - "-" "Mozilla/5.0 (Windows NT 6.1; WOW64) AppleWebKit/537.36 (KHTML, like Gecko) Chrome/27.0.1453.116 Safari/537.36"
5.39.4.222 - - [02/Jul/2013:17:28:28 +0200] "GET /info.php?a[]=%3Ca+href=HTTP://xn--imprezy-integracyjne-bielsko-Biaa-Nof.pl/%3Eimprezy+integracyjne%3C/a%3E HTTP/1.0" 200 51096 "http://activparty.hu/" "Opera/9.80 (Windows NT 6.2; Win64; x64) Presto/2.12.388 Version/12.15"
5.39.4.222 - - [02/Jul/2013:17:28:30 +0200] "GET /info.php?a[]=%3Ca+href=http://myprivatevideovault.com/read_blog/42647/costa-blanca-and-its-resorts%3Esimply+click+the+up+coming+document%3C/a%3E HTTP/1.0" 200 51456 "http://activparty.hu/" "Opera/9.80 (Windows NT 6.2; Win64; x64) Presto/2.12.388 Version/12.15"
5.39.4.222 - - [02/Jul/2013:17:31:09 +0200] "GET /info.php?a[]=%3Ca+href=http://myprivatevideovault.com/read_blog/42647/costa-blanca-and-its-resorts%3Esimply+click+the+up+coming+document%3C/a%3E HTTP/1.0" 200 51609 "http://activparty.hu/" "Mozilla/4.0 (compatible; MSIE 6.0; Windows NT 5.1; SV1; MRA 5.8 (build 4157); .NET CLR 2.0.50727; AskTbPTV/5.11.3.15590)"
88.190.47.232 - - [02/Jul/2013:17:44:46 +0200] "GET /info.php?a=%3ca+href=http://www.treaming.net/userinfo.php?uid=17028%3ewww.treaming.net%3c/a%3e HTTP/1.0" 200 50864 "http://activparty.hu/info.php?a=%3ca+href=http://www.treaming.net/userinfo.php?uid=17028%3ewww.treaming.net%3c/a%3e" "Opera/9.80 (Windows NT 6.1; U; ru) Presto/2.10.289 Version/12.02"
5.39.4.222 - - [02/Jul/2013:18:15:50 +0200] "GET /info.php?a[]=%3Ca+href=http://danskpanser.dk/phpBB2/profile.php?mode=viewprofile&u=129815%3Eclick+through+the+up+coming+article%3C/a%3E HTTP/1.0" 200 51580 "http://activparty.hu/" "Mozilla/4.0 (compatible; MSIE 6.0; MSIE 5.5; Windows NT 5.0) Opera 7.02 Bork-edition [en]"
101.226.166.210 - - [02/Jul/2013:18:31:37 +0200] "GET /robots.txt HTTP/1.1" 404 - "http://activparty.hu/robots.txt" "Mozilla/4.0 (compatible; MSIE 8.0; Windows NT 6.1; Trident/4.0; SLCC2; .NET CLR 2.0.50727; .NET CLR 3.5.30729; .NET CLR 3.0.30729; Media Center PC 6.0; MDDR; .NET4.0C; .NET4.0E; .NET CLR 1.1.4322; Tablet PC 2.0); 360Spider"
209.249.53.52 - - [02/Jul/2013:18:41:03 +0200] "GET /robots.txt HTTP/1.1" 404 - "-" "Mozilla/4.0 (compatible; MSIE 6.0; Windows NT 5.1; .NET CLR 1.1.4322; .NET CLR 1.0.3705)"
209.249.53.184 - - [02/Jul/2013:18:41:04 +0200] "GET /info.php?a[]=G?Stebett HTTP/1.1" 200 52034 "-" "Mozilla/4.0 (compatible; MSIE 6.0; Windows NT 5.1; SV1 + FairShare-http://fairshare.cc)"
66.249.78.49 - - [02/Jul/2013:20:15:23 +0200] "GET /robots.txt HTTP/1.1" 404 - "-" "Mozilla/5.0 (compatible; Googlebot/2.1; +http://www.google.com/bot.html)"
66.249.78.49 - - [02/Jul/2013:20:15:23 +0200] "GET / HTTP/1.1" 200 3021 "-" "SAMSUNG-SGH-E250/1.0 Profile/MIDP-2.0 Configuration/CLDC-1.1 UP.Browser/6.2.3.3.c.1.101 (GUI) MMP/2.0 (compatible; Googlebot-Mobile/2.1; +http://www.google.com/bot.html)"
5.135.99.198 - - [02/Jul/2013:21:08:36 +0200] "GET /info.php?a[]=%3Ca+href=HTTP://xn--imprezy-integracyjne-bielsko-Biaa-Nof.pl/%3Eimprezy+integracyjne%3C/a%3E HTTP/1.0" 200 51162 "http://activparty.hu/" "Mozilla/4.0 (compatible; MSIE 6.0; MSIE 5.5; Windows NT 5.0) Opera 7.02 Bork-edition [en]"
5.135.5.109 - - [02/Jul/2013:21:29:07 +0200] "GET /info.php?a%5B%5D=%3Ca+href%3Dhttp%3A%2F%2Fwww.dead-mans-autochop.com%2Fcgi-bin%2Finfo.php%3Fa%5B%5D%3D%253Ca%2Bhref%3Dhttps%3A%2F%2Fwww.flash-accessories.fr%3Ewww.flash-accessories.fr%3C%2Fa%3E HTTP/1.0" 200 51691 "http://activparty.hu/" "Mozilla/5.0 (Windows NT 6.1; rv:5.0) Gecko/20100101 Firefox/5.02"
77.88.42.27 - - [02/Jul/2013:22:27:35 +0200] "GET /robots.txt HTTP/1.1" 404 - "-" "Mozilla/5.0 (compatible; YandexBot/3.0; +http://yandex.com/bots)"
77.88.42.27 - - [02/Jul/2013:22:27:37 +0200] "GET / HTTP/1.1" 200 3021 "-" "Mozilla/5.0 (compatible; YandexBot/3.0; +http://yandex.com/bots)"
77.88.42.27 - - [02/Jul/2013:22:27:38 +0200] "GET /robots.txt HTTP/1.1" 404 - "-" "Mozilla/5.0 (compatible; YandexBot/3.0; +http://yandex.com/bots)"
77.88.42.27 - - [02/Jul/2013:22:27:40 +0200] "GET / HTTP/1.1" 200 3021 "-" "Mozilla/5.0 (compatible; YandexBot/3.0; +http://yandex.com/bots)"
77.88.42.27 - - [02/Jul/2013:22:27:41 +0200] "GET / HTTP/1.1" 200 3021 "-" "Mozilla/5.0 (compatible; YandexBot/3.0; +http://yandex.com/bots)"
77.88.42.27 - - [02/Jul/2013:22:27:50 +0200] "GET / HTTP/1.1" 200 3021 "-" "Mozilla/5.0 (compatible; YandexBot/3.0; +http://yandex.com/bots)"
157.55.32.105 - - [02/Jul/2013:22:30:35 +0200] "GET /robots.txt HTTP/1.1" 404 - "-" "Mozilla/5.0 (compatible; bingbot/2.0; +http://www.bing.com/bingbot.htm)"
157.55.32.105 - - [02/Jul/2013:22:32:27 +0200] "GET / HTTP/1.1" 200 3021 "-" "Mozilla/5.0 (compatible; bingbot/2.0; +http://www.bing.com/bingbot.htm)"
37.59.91.57 - - [02/Jul/2013:22:33:21 +0200] "GET /info.php?a[]=%3Ca+href=http://gsaser.Com.pl/%3Egsa+search+engine+ranker%3C/a%3E HTTP/1.0" 200 50930 "http://activparty.hu/" "Mozilla/4.0 (compatible; MSIE 7.0; Windows NT 5.1; SV1; .NET CLR 2.0.50727)"
37.59.91.57 - - [02/Jul/2013:23:13:20 +0200] "GET /info.php?a[]=%3Ca+href=HTTP://xn--imprezy-integracyjne-bielsko-Biaa-Nof.pl/%3Eimprezy+integracyjne%3C/a%3E HTTP/1.0" 200 51316 "http://activparty.hu/" "Mozilla/4.0 (compatible; MSIE 8.0; Windows NT 6.0; Trident/4.0; Mozilla/4.0 (compatible; MSIE 6.0; Windows NT 5.1; SV1) ; .NET CLR 3.5.30729)"
42.120.161.49 - - [02/Jul/2013:23:30:02 +0200] "GET / HTTP/1.1" 200 3021 "-" "YisouSpider"
91.108.177.187 - - [02/Jul/2013:23:34:40 +0200] "GET /info.php?a[]=%3Ca+href=HTTP://xn--imprezy-integracyjne-bielsko-Biaa-Nof.pl/%3Eimprezy+integracyjne%3C/a%3E HTTP/1.0" 200 51140 "http://activparty.hu/" "Mozilla/4.0 (compatible; MSIE 7.0; Windows NT 5.1; Trident/4.0; .NET CLR 1.1.4322)"
169.228.66.234 - - [02/Jul/2013:23:36:51 +0200] "GET /info.php?a=%253ca+href=http://www.periquitos.com.br/forum/profile.php?mode=viewprofile&u=163483%253efind+out+more%253c/a%253e HTTP/1.1" 200 50015 "-" "Mozilla/5.0 (Windows NT 6.1; WOW64) AppleWebKit/535.1 (KHTML, like Gecko) Chrome/13.0.782.112 Safari/535.1"
182.118.20.215 - - [02/Jul/2013:23:39:22 +0200] "GET /info.php?a[]=%3Ca+href=travel.mobile HTTP/1.1" 200 50588 "http://activparty.hu/info.php?a[]=%3Ca+href=travel.mobile" "Mozilla/5.0 (Windows; U; Windows NT 5.1; zh-CN; rv:1.8.0.11) Firefox/1.5.0.11; 360Spider"