216.244.66.240 - - [30/Aug/2017:00:04:45 +0200] "GET /robots.txt HTTP/1.1" 200 1627 "-" "Mozilla/5.0 (compatible; DotBot/1.1; http://www.opensiteexplorer.org/dotbot, help@moz.com)"
216.244.66.240 - - [30/Aug/2017:00:04:45 +0200] "GET /robots.txt HTTP/1.1" 200 1627 "-" "Mozilla/5.0 (compatible; DotBot/1.1; http://www.opensiteexplorer.org/dotbot, help@moz.com)"
66.249.64.157 - - [30/Aug/2017:00:08:59 +0200] "GET / HTTP/1.1" 503 2542 "-" "Mozilla/5.0 (compatible; Googlebot/2.1; +http://www.google.com/bot.html)"
216.244.66.240 - - [30/Aug/2017:00:20:24 +0200] "GET /content/erd%C5%91gazd%C3%A1lkod%C3%A1s HTTP/1.1" 503 2542 "-" "Mozilla/5.0 (compatible; DotBot/1.1; http://www.opensiteexplorer.org/dotbot, help@moz.com)"
40.77.167.15 - - [30/Aug/2017:00:20:30 +0200] "GET /lovastanya HTTP/1.1" 301 312 "-" "Mozilla/5.0 (iPhone; CPU iPhone OS 7_0 like Mac OS X) AppleWebKit/537.51.1 (KHTML, like Gecko) Version/7.0 Mobile/11A465 Safari/9537.53 (compatible; bingbot/2.0; +http://www.bing.com/bingbot.htm)"
40.77.167.15 - - [30/Aug/2017:00:20:31 +0200] "GET /lovastanya/ HTTP/1.1" 200 1461 "-" "Mozilla/5.0 (iPhone; CPU iPhone OS 7_0 like Mac OS X) AppleWebKit/537.51.1 (KHTML, like Gecko) Version/7.0 Mobile/11A465 Safari/9537.53 (compatible; bingbot/2.0; +http://www.bing.com/bingbot.htm)"
216.244.66.240 - - [30/Aug/2017:00:22:01 +0200] "GET /content/gy%C5%B1r%C5%B1f%C5%B1i-tal%C3%A1lkoz%C3%A1sok HTTP/1.1" 503 2542 "-" "Mozilla/5.0 (compatible; DotBot/1.1; http://www.opensiteexplorer.org/dotbot, help@moz.com)"
157.55.39.90 - - [30/Aug/2017:00:25:11 +0200] "GET /robots.txt HTTP/1.1" 200 1627 "-" "Mozilla/5.0 (compatible; bingbot/2.0; +http://www.bing.com/bingbot.htm)"
40.77.167.15 - - [30/Aug/2017:00:25:15 +0200] "GET /lovastanya/bemutatkozas.html HTTP/1.1" 200 6933 "-" "Mozilla/5.0 (iPhone; CPU iPhone OS 7_0 like Mac OS X) AppleWebKit/537.51.1 (KHTML, like Gecko) Version/7.0 Mobile/11A465 Safari/9537.53 (compatible; bingbot/2.0; +http://www.bing.com/bingbot.htm)"
157.55.39.47 - - [30/Aug/2017:00:25:16 +0200] "GET /robots.txt HTTP/1.1" 200 1627 "-" "Mozilla/5.0 (compatible; bingbot/2.0; +http://www.bing.com/bingbot.htm)"
40.77.167.15 - - [30/Aug/2017:00:25:26 +0200] "GET /lovastanya/jobbkeret.html HTTP/1.1" 200 1546 "-" "Mozilla/5.0 (iPhone; CPU iPhone OS 7_0 like Mac OS X) AppleWebKit/537.51.1 (KHTML, like Gecko) Version/7.0 Mobile/11A465 Safari/9537.53 (compatible; bingbot/2.0; +http://www.bing.com/bingbot.htm)"
40.77.167.53 - - [30/Aug/2017:00:25:35 +0200] "GET /lovastanya/fejlec.html HTTP/1.1" 200 976 "-" "Mozilla/5.0 (iPhone; CPU iPhone OS 7_0 like Mac OS X) AppleWebKit/537.51.1 (KHTML, like Gecko) Version/7.0 Mobile/11A465 Safari/9537.53 (compatible; bingbot/2.0; +http://www.bing.com/bingbot.htm)"
157.55.39.90 - - [30/Aug/2017:00:25:45 +0200] "GET /lovastanya/navbar.html HTTP/1.1" 200 6160 "-" "Mozilla/5.0 (iPhone; CPU iPhone OS 7_0 like Mac OS X) AppleWebKit/537.51.1 (KHTML, like Gecko) Version/7.0 Mobile/11A465 Safari/9537.53 (compatible; bingbot/2.0; +http://www.bing.com/bingbot.htm)"
74.117.179.19 - - [30/Aug/2017:00:37:52 +0200] "GET /rss.xml HTTP/1.1" 503 2542 "-" "FeedlyBot/1.0 (http://feedly.com)"
199.101.134.194 - - [30/Aug/2017:00:39:23 +0200] "GET /rss.xml HTTP/1.1" 503 2542 "-" "FeedlyBot/1.0 (http://feedly.com)"
115.61.92.16 - - [30/Aug/2017:00:41:40 +0200] "GET / HTTP/1.1" 503 2542 "-" "-"
216.244.66.198 - - [30/Aug/2017:00:44:59 +0200] "GET /robots.txt HTTP/1.1" 200 1627 "-" "Mozilla/5.0 (compatible; DotBot/1.1; http://www.opensiteexplorer.org/dotbot, help@moz.com)"
216.244.66.240 - - [30/Aug/2017:00:58:07 +0200] "GET /robots.txt HTTP/1.1" 200 1627 "-" "Mozilla/5.0 (compatible; DotBot/1.1; http://www.opensiteexplorer.org/dotbot, help@moz.com)"
157.55.39.249 - - [30/Aug/2017:00:58:30 +0200] "GET /content/k%C3%B6sz%C3%B6nt%C3%BCnk-gy%C5%B1r%C5%B1f%C5%B1n HTTP/1.1" 503 2542 "-" "Mozilla/5.0 (iPhone; CPU iPhone OS 7_0 like Mac OS X) AppleWebKit/537.51.1 (KHTML, like Gecko) Version/7.0 Mobile/11A465 Safari/9537.53 (compatible; bingbot/2.0; +http://www.bing.com/bingbot.htm)"
66.249.64.159 - - [30/Aug/2017:01:05:58 +0200] "GET / HTTP/1.1" 503 2542 "-" "Mozilla/5.0 (compatible; Googlebot/2.1; +http://www.google.com/bot.html)"
216.244.66.240 - - [30/Aug/2017:01:12:25 +0200] "GET /content/bioterm%C3%A9kek HTTP/1.1" 503 2542 "-" "Mozilla/5.0 (compatible; DotBot/1.1; http://www.opensiteexplorer.org/dotbot, help@moz.com)"
51.255.65.52 - - [30/Aug/2017:01:14:08 +0200] "GET /content/k%C3%B6sz%C3%B6nt%C3%BCnk-gy%C5%B1r%C5%B1f%C5%B1n HTTP/1.1" 503 2542 "-" "Mozilla/5.0 (compatible; AhrefsBot/5.2; +http://ahrefs.com/robot/)"
199.30.24.234 - - [30/Aug/2017:01:26:19 +0200] "GET /lovastanya/lovastanya_fej.css HTTP/1.1" 200 6259 "-" "Mozilla/5.0 (iPhone; CPU iPhone OS 7_0 like Mac OS X) AppleWebKit/537.51.1 (KHTML, like Gecko) Version/7.0 Mobile/11A465 Safari/9537.53 BingPreview/1.0b"
199.30.25.100 - - [30/Aug/2017:01:26:20 +0200] "GET /lovastanya/lovastanya.css HTTP/1.1" 200 8894 "-" "Mozilla/5.0 (iPhone; CPU iPhone OS 7_0 like Mac OS X) AppleWebKit/537.51.1 (KHTML, like Gecko) Version/7.0 Mobile/11A465 Safari/9537.53 BingPreview/1.0b"
51.255.65.46 - - [30/Aug/2017:01:39:06 +0200] "GET /content/leteleped%C3%A9s HTTP/1.1" 503 2542 "-" "Mozilla/5.0 (compatible; AhrefsBot/5.2; +http://ahrefs.com/robot/)"
157.55.39.90 - - [30/Aug/2017:01:40:28 +0200] "GET /content/gy%C3%85%C2%B1r%C3%85%C2%B1f%C3%85%C2%B1-t%C3%83%C2%A1voli-m%C3%83%C2%BAltja HTTP/1.1" 503 2542 "-" "Mozilla/5.0 (iPhone; CPU iPhone OS 7_0 like Mac OS X) AppleWebKit/537.51.1 (KHTML, like Gecko) Version/7.0 Mobile/11A465 Safari/9537.53 (compatible; bingbot/2.0; +http://www.bing.com/bingbot.htm)"
216.244.66.240 - - [30/Aug/2017:01:51:18 +0200] "GET /robots.txt HTTP/1.1" 200 1627 "-" "Mozilla/5.0 (compatible; DotBot/1.1; http://www.opensiteexplorer.org/dotbot, help@moz.com)"
216.244.66.198 - - [30/Aug/2017:01:55:08 +0200] "GET /erdeiiskola/ HTTP/1.1" 200 954 "-" "Mozilla/5.0 (compatible; DotBot/1.1; http://www.opensiteexplorer.org/dotbot, help@moz.com)"
80.77.124.233 - - [30/Aug/2017:01:55:55 +0200] "GET /erdeiiskola HTTP/1.1" 301 321 "-" "Mozilla/5.0 (Windows NT 6.1; Win64; x64) AppleWebKit/537.36 (KHTML, like Gecko) Chrome/60.0.3112.101 Safari/537.36"
80.77.124.233 - - [30/Aug/2017:01:55:55 +0200] "GET /erdeiiskola/ HTTP/1.1" 200 954 "-" "Mozilla/5.0 (Windows NT 6.1; Win64; x64) AppleWebKit/537.36 (KHTML, like Gecko) Chrome/60.0.3112.101 Safari/537.36"
216.244.66.240 - - [30/Aug/2017:02:06:13 +0200] "GET /content/egyes%C3%BClet HTTP/1.1" 503 2542 "-" "Mozilla/5.0 (compatible; DotBot/1.1; http://www.opensiteexplorer.org/dotbot, help@moz.com)"
216.244.66.250 - - [30/Aug/2017:02:08:51 +0200] "GET /robots.txt HTTP/1.1" 200 1627 "-" "Mozilla/5.0 (compatible; DotBot/1.1; http://www.opensiteexplorer.org/dotbot, help@moz.com)"
157.55.39.249 - - [30/Aug/2017:02:33:44 +0200] "GET / HTTP/1.1" 503 2542 "-" "Mozilla/5.0 (iPhone; CPU iPhone OS 7_0 like Mac OS X) AppleWebKit/537.51.1 (KHTML, like Gecko) Version/7.0 Mobile/11A465 Safari/9537.53 (compatible; bingbot/2.0; +http://www.bing.com/bingbot.htm)"
66.249.64.149 - - [30/Aug/2017:03:09:00 +0200] "GET /content/megk%C3%B6zel%C3%ADt%C3%A9s HTTP/1.1" 503 2542 "-" "Mozilla/5.0 (compatible; Googlebot/2.1; +http://www.google.com/bot.html)"
178.154.171.9 - - [30/Aug/2017:03:14:00 +0200] "GET /robots.txt HTTP/1.1" 200 1627 "-" "Mozilla/5.0 (compatible; YandexBot/3.0; +http://yandex.com/bots)"
95.108.213.10 - - [30/Aug/2017:03:14:08 +0200] "GET /robots.txt HTTP/1.1" 200 1627 "-" "Mozilla/5.0 (compatible; YandexBot/3.0; +http://yandex.com/bots)"
178.154.171.9 - - [30/Aug/2017:03:14:20 +0200] "GET / HTTP/1.1" 503 2542 "-" "Mozilla/5.0 (compatible; YandexBot/3.0; +http://yandex.com/bots)"
178.154.171.9 - - [30/Aug/2017:03:14:27 +0200] "GET / HTTP/1.1" 503 2542 "-" "Mozilla/5.0 (compatible; YandexBot/3.0; +http://yandex.com/bots)"
95.108.213.10 - - [30/Aug/2017:03:14:40 +0200] "GET / HTTP/1.1" 503 2542 "-" "Mozilla/5.0 (compatible; YandexBot/3.0; +http://yandex.com/bots)"
5.45.207.36 - - [30/Aug/2017:03:14:48 +0200] "GET / HTTP/1.1" 503 2542 "-" "Mozilla/5.0 (compatible; YandexBot/3.0; +http://yandex.com/bots)"
87.250.224.131 - - [30/Aug/2017:03:15:01 +0200] "GET / HTTP/1.1" 503 2542 "-" "Mozilla/5.0 (compatible; YandexBot/3.0; +http://yandex.com/bots)"
157.55.39.90 - - [30/Aug/2017:03:15:05 +0200] "GET /content/term%C3%83%C2%A9kek-szolg%C3%83%C2%A1ltat%C3%83%C2%A1sok HTTP/1.1" 503 2542 "-" "Mozilla/5.0 (iPhone; CPU iPhone OS 7_0 like Mac OS X) AppleWebKit/537.51.1 (KHTML, like Gecko) Version/7.0 Mobile/11A465 Safari/9537.53 (compatible; bingbot/2.0; +http://www.bing.com/bingbot.htm)"
87.250.224.76 - - [30/Aug/2017:03:15:08 +0200] "GET / HTTP/1.1" 503 2542 "-" "Mozilla/5.0 (compatible; YandexBot/3.0; +http://yandex.com/bots)"
213.180.203.30 - - [30/Aug/2017:03:15:21 +0200] "GET / HTTP/1.1" 503 2542 "-" "Mozilla/5.0 (compatible; YandexBot/3.0; +http://yandex.com/bots)"
141.8.142.10 - - [30/Aug/2017:03:15:28 +0200] "GET / HTTP/1.1" 503 2542 "-" "Mozilla/5.0 (compatible; YandexBot/3.0; +http://yandex.com/bots)"
216.244.66.250 - - [30/Aug/2017:03:22:00 +0200] "GET /erdeiiskola HTTP/1.1" 301 321 "-" "Mozilla/5.0 (compatible; DotBot/1.1; http://www.opensiteexplorer.org/dotbot, help@moz.com)"
195.233.250.6 - - [30/Aug/2017:03:30:27 +0200] "GET /lovastanya/bemutatkozas.html HTTP/1.1" 304 - "-" "Mozilla/4.0 (compatible;)"
95.108.133.195 - - [30/Aug/2017:03:33:27 +0200] "GET /favicon.ico HTTP/1.1" 404 57 "-" "Mozilla/5.0 (Windows NT 6.1; WOW64) AppleWebKit/537.36 (KHTML, like Gecko) Chrome/59.0.3071.125 YaBrowser/17.7.1.719 Yowser/2.5 Safari/537.36"
216.244.66.198 - - [30/Aug/2017:03:35:02 +0200] "GET /robots.txt HTTP/1.1" 200 1627 "-" "Mozilla/5.0 (compatible; DotBot/1.1; http://www.opensiteexplorer.org/dotbot, help@moz.com)"
216.244.66.240 - - [30/Aug/2017:03:39:42 +0200] "GET /robots.txt HTTP/1.1" 200 1627 "-" "Mozilla/5.0 (compatible; DotBot/1.1; http://www.opensiteexplorer.org/dotbot, help@moz.com)"
216.244.66.198 - - [30/Aug/2017:03:46:32 +0200] "GET / HTTP/1.1" 503 2542 "-" "Mozilla/5.0 (compatible; DotBot/1.1; http://www.opensiteexplorer.org/dotbot, help@moz.com)"
137.74.203.194 - - [30/Aug/2017:03:47:01 +0200] "GET / HTTP/1.1" 503 2542 "-" "Mozilla/5.0 (compatible; AhrefsBot/5.2; +http://ahrefs.com/robot/)"
157.55.39.249 - - [30/Aug/2017:03:53:43 +0200] "GET / HTTP/1.1" 503 2542 "-" "Mozilla/5.0 (compatible; bingbot/2.0; +http://www.bing.com/bingbot.htm)"
216.244.66.240 - - [30/Aug/2017:03:57:33 +0200] "GET /content/l%C3%A1tnival%C3%B3k-gy%C5%B1r%C5%B1f%C5%B1n-%C3%A9s-k%C3%B6rny%C3%A9k%C3%A9n HTTP/1.1" 503 2542 "-" "Mozilla/5.0 (compatible; DotBot/1.1; http://www.opensiteexplorer.org/dotbot, help@moz.com)"
5.9.83.200 - - [30/Aug/2017:04:06:35 +0200] "GET /robots.txt HTTP/1.1" 200 1627 "-" "Mozilla/5.0 (compatible; Windows; U; Windows NT 6.2; en-US; rv:12.0) Gecko/20120403211507 Firefox/12.0"
5.9.83.200 - - [30/Aug/2017:04:06:36 +0200] "GET /rss.xml HTTP/1.1" 503 2542 "-" "Mozilla/5.0 (compatible; Windows; U; Windows NT 6.2; en-US; rv:12.0) Gecko/20120403211507 Firefox/12.0"
68.180.229.232 - - [30/Aug/2017:04:07:33 +0200] "GET /robots.txt HTTP/1.1" 200 1627 "-" "Mozilla/5.0 (compatible; Yahoo! Slurp; http://help.yahoo.com/help/us/ysearch/slurp)"
68.180.229.232 - - [30/Aug/2017:04:07:34 +0200] "GET /lovastanya/images/vendeghaz/7furdo.jpg HTTP/1.1" 200 39811 "-" "Mozilla/5.0 (compatible; Yahoo! Slurp; http://help.yahoo.com/help/us/ysearch/slurp)"
157.55.39.47 - - [30/Aug/2017:04:39:37 +0200] "GET /robots.txt HTTP/1.1" 200 1627 "-" "Mozilla/5.0 (compatible; bingbot/2.0; +http://www.bing.com/bingbot.htm)"
157.55.39.249 - - [30/Aug/2017:04:39:44 +0200] "GET / HTTP/1.1" 503 2542 "-" "Mozilla/5.0 (compatible; bingbot/2.0; +http://www.bing.com/bingbot.htm)"
66.249.64.145 - - [30/Aug/2017:04:42:14 +0200] "GET / HTTP/1.1" 503 2542 "-" "Mozilla/5.0 (compatible; Googlebot/2.1; +http://www.google.com/bot.html)"
157.55.39.90 - - [30/Aug/2017:04:46:13 +0200] "GET /content/megk%C3%83%C2%B6zel%C3%83%C2%ADt%C3%83%C2%A9s HTTP/1.1" 503 2542 "-" "Mozilla/5.0 (iPhone; CPU iPhone OS 7_0 like Mac OS X) AppleWebKit/537.51.1 (KHTML, like Gecko) Version/7.0 Mobile/11A465 Safari/9537.53 (compatible; bingbot/2.0; +http://www.bing.com/bingbot.htm)"
36.248.60.9 - - [30/Aug/2017:04:50:34 +0200] "GET / HTTP/1.1" 503 2542 "-" "Mozilla/5.0 (iPhone; CPU iPhone OS 9_1 like Mac OS X) AppleWebKit/601.1.46 (KHTML, like Gecko) Version/9.0 Mobile/13B143 Safari/601.1"
91.227.68.154 - - [30/Aug/2017:04:51:13 +0200] "HEAD / HTTP/1.0" 503 0 "-" "Mozilla/4.0 (compatible; MSIE 7.0; Windows NT 5.1)"
217.182.132.95 - - [30/Aug/2017:05:02:56 +0200] "GET /content/lovastanya-vend%C3%A9gh%C3%A1z HTTP/1.1" 503 2542 "-" "Mozilla/5.0 (compatible; AhrefsBot/5.2; +http://ahrefs.com/robot/)"
68.180.229.232 - - [30/Aug/2017:05:39:33 +0200] "GET / HTTP/1.1" 503 2542 "-" "Mozilla/5.0 (compatible; Yahoo! Slurp; http://help.yahoo.com/help/us/ysearch/slurp)"
91.200.12.60 - - [30/Aug/2017:05:43:03 +0200] "GET /sites/all/libraries/elfinder/src/elfinder-src.php.html HTTP/1.1" 503 2542 "http://gyurufu.hu/sites/all/libraries/elfinder/src/elfinder-src.php.html" "Mozilla/5.0 (Windows NT 6.1; WOW64) AppleWebKit/537.36 (KHTML, like Gecko) Chrome/42.0.2311.152 Safari/537.36"
91.200.12.60 - - [30/Aug/2017:05:43:04 +0200] "GET /sites/all/libraries/elfinder/src/elfinder-src.php.html HTTP/1.1" 503 2542 "http://www.google.com/" "Mozilla/5.0 (Windows NT 6.1; Win64; x64) AppleWebKit/537.36 (KHTML, like Gecko) Chrome/56.0.2896.3 Safari/537.36"
217.182.132.183 - - [30/Aug/2017:05:57:48 +0200] "GET /content/gy%C5%B1r%C5%B1f%C5%B1-alap%C3%ADtv%C3%A1ny HTTP/1.1" 503 2542 "-" "Mozilla/5.0 (compatible; AhrefsBot/5.2; +http://ahrefs.com/robot/)"
113.128.105.122 - - [30/Aug/2017:06:02:27 +0200] "GET / HTTP/1.1" 503 2542 "-" "Mozilla/5.0 (iPhone; CPU iPhone OS 9_1 like Mac OS X) AppleWebKit/601.1.46 (KHTML, like Gecko) Version/9.0 Mobile/13B143 Safari/601.1"
123.245.92.24 - - [30/Aug/2017:06:05:48 +0200] "GET / HTTP/1.1" 503 2542 "-" "Mozilla/5.0 (iPhone; CPU iPhone OS 9_1 like Mac OS X) AppleWebKit/601.1.46 (KHTML, like Gecko) Version/9.0 Mobile/13B143 Safari/601.1"
123.191.138.123 - - [30/Aug/2017:06:12:24 +0200] "GET / HTTP/1.1" 503 2542 "-" "Mozilla/5.0 (iPhone; CPU iPhone OS 9_1 like Mac OS X) AppleWebKit/601.1.46 (KHTML, like Gecko) Version/9.0 Mobile/13B143 Safari/601.1"
112.230.32.239 - - [30/Aug/2017:06:15:18 +0200] "GET / HTTP/1.1" 503 2542 "-" "Mozilla/5.0 (iPhone; CPU iPhone OS 9_1 like Mac OS X) AppleWebKit/601.1.46 (KHTML, like Gecko) Version/9.0 Mobile/13B143 Safari/601.1"
138.197.188.223 - - [30/Aug/2017:06:17:35 +0200] "HEAD / HTTP/1.1" 503 0 "-" "curl/7.35.0"
88.198.0.163 - - [30/Aug/2017:06:33:47 +0200] "GET /robots.txt HTTP/1.1" 200 1627 "-" "Mozilla/5.0 (compatible; MJ12bot/v1.4.7; http://mj12bot.com/)"
88.198.0.163 - - [30/Aug/2017:06:33:58 +0200] "GET /content/megk%C3%B6zel%C3%ADt%C3%A9s HTTP/1.1" 503 2542 "-" "Mozilla/5.0 (compatible; MJ12bot/v1.4.7; http://mj12bot.com/)"
88.198.0.163 - - [30/Aug/2017:06:34:04 +0200] "GET /robots.txt HTTP/1.1" 200 1627 "-" "Mozilla/5.0 (compatible; MJ12bot/v1.4.7; http://mj12bot.com/)"
88.198.0.163 - - [30/Aug/2017:06:34:14 +0200] "GET /content/az-egyes%C3%BClet-c%C3%A9lja-%C3%A9s-k%C3%B6zhaszn%C3%BAs%C3%A1gi-jelent%C3%A9sei HTTP/1.1" 503 2542 "-" "Mozilla/5.0 (compatible; MJ12bot/v1.4.7; http://mj12bot.com/)"
88.198.0.163 - - [30/Aug/2017:06:34:25 +0200] "GET /content/gy%C5%B1r%C5%B1f%C5%B1i-tal%C3%A1lkoz%C3%A1sok HTTP/1.1" 503 2542 "-" "Mozilla/5.0 (compatible; MJ12bot/v1.4.7; http://mj12bot.com/)"
88.198.0.163 - - [30/Aug/2017:06:34:36 +0200] "GET /content/hullad%C3%A9k-kezel%C3%A9s HTTP/1.1" 503 2542 "-" "Mozilla/5.0 (compatible; MJ12bot/v1.4.7; http://mj12bot.com/)"
88.198.0.163 - - [30/Aug/2017:06:34:46 +0200] "GET /content/megk%C3%B6zel%C3%ADt%C3%A9s HTTP/1.1" 503 2542 "-" "Mozilla/5.0 (compatible; MJ12bot/v1.4.7; http://mj12bot.com/)"
88.198.0.163 - - [30/Aug/2017:06:34:57 +0200] "GET /content/permakult%C3%BAra-tanfolyamok HTTP/1.1" 503 2542 "-" "Mozilla/5.0 (compatible; MJ12bot/v1.4.7; http://mj12bot.com/)"
51.255.65.15 - - [30/Aug/2017:06:44:52 +0200] "GET /content/energia HTTP/1.1" 503 2542 "-" "Mozilla/5.0 (compatible; AhrefsBot/5.2; +http://ahrefs.com/robot/)"
40.77.167.15 - - [30/Aug/2017:06:52:09 +0200] "GET /lovastanya/images/vendeghaz/3szoba3.jpg HTTP/1.1" 200 21243 "-" "Mozilla/5.0 (compatible; bingbot/2.0; +http://www.bing.com/bingbot.htm)"
40.77.167.15 - - [30/Aug/2017:06:55:21 +0200] "GET /erdeiiskola/images/jatszoter.jpg HTTP/1.1" 200 44631 "-" "Mozilla/5.0 (compatible; bingbot/2.0; +http://www.bing.com/bingbot.htm)"
157.55.39.90 - - [30/Aug/2017:06:59:46 +0200] "GET /content/h%C3%ADrek-esem%C3%A9nyek HTTP/1.1" 503 2542 "-" "Mozilla/5.0 (iPhone; CPU iPhone OS 7_0 like Mac OS X) AppleWebKit/537.51.1 (KHTML, like Gecko) Version/7.0 Mobile/11A465 Safari/9537.53 (compatible; bingbot/2.0; +http://www.bing.com/bingbot.htm)"
40.77.167.15 - - [30/Aug/2017:07:03:00 +0200] "GET /erdeiiskola/images/hagyomany/ijaszokt.jpg HTTP/1.1" 200 71283 "-" "Mozilla/5.0 (compatible; bingbot/2.0; +http://www.bing.com/bingbot.htm)"
157.55.39.90 - - [30/Aug/2017:07:03:17 +0200] "GET /erdeiiskola/images/termeszet/vadlesen.jpg HTTP/1.1" 200 76592 "-" "Mozilla/5.0 (compatible; bingbot/2.0; +http://www.bing.com/bingbot.htm)"
157.55.39.249 - - [30/Aug/2017:07:09:32 +0200] "GET /erdeiiskola/images/termeszet/termeszet.jpg HTTP/1.1" 200 75077 "-" "Mozilla/5.0 (compatible; bingbot/2.0; +http://www.bing.com/bingbot.htm)"
157.55.39.249 - - [30/Aug/2017:07:10:18 +0200] "GET /erdeiiskola/images/hagyomany/lovasoktatas.jpg HTTP/1.1" 200 69319 "-" "Mozilla/5.0 (compatible; bingbot/2.0; +http://www.bing.com/bingbot.htm)"
157.55.39.90 - - [30/Aug/2017:07:13:39 +0200] "GET /content/friss-h%C3%83%C2%ADrek-gy%C3%85%C2%B1r%C3%85%C2%B1f%C3%85%C2%B1r%C3%85%C2%91l HTTP/1.1" 503 2542 "-" "Mozilla/5.0 (compatible; bingbot/2.0; +http://www.bing.com/bingbot.htm)"
157.55.39.90 - - [30/Aug/2017:07:21:59 +0200] "GET /content/friss-h%C3%83%C2%ADrek-gy%C3%85%C2%B1r%C3%85%C2%B1f%C3%85%C2%B1r%C3%85%C2%91l HTTP/1.1" 503 2542 "-" "Mozilla/5.0 (iPhone; CPU iPhone OS 7_0 like Mac OS X) AppleWebKit/537.51.1 (KHTML, like Gecko) Version/7.0 Mobile/11A465 Safari/9537.53 (compatible; bingbot/2.0; +http://www.bing.com/bingbot.htm)"
216.244.66.240 - - [30/Aug/2017:07:25:42 +0200] "GET /robots.txt HTTP/1.1" 200 1627 "-" "Mozilla/5.0 (compatible; DotBot/1.1; http://www.opensiteexplorer.org/dotbot, help@moz.com)"
216.244.66.240 - - [30/Aug/2017:07:41:39 +0200] "GET /content/v%C3%A1lyog%C3%A9p%C3%ADt%C3%A9sz-t%C3%A1borok-%C3%A9s-szaktan%C3%A1csad%C3%A1s HTTP/1.1" 503 2542 "-" "Mozilla/5.0 (compatible; DotBot/1.1; http://www.opensiteexplorer.org/dotbot, help@moz.com)"
175.42.0.212 - - [30/Aug/2017:07:48:11 +0200] "GET / HTTP/1.1" 503 2542 "-" "Mozilla/5.0 (iPhone; CPU iPhone OS 9_1 like Mac OS X) AppleWebKit/601.1.46 (KHTML, like Gecko) Version/9.0 Mobile/13B143 Safari/601.1"
194.187.170.130 - - [30/Aug/2017:07:52:36 +0200] "GET /robots.txt HTTP/1.0" 200 1627 "-" "Mozilla/5.0 (compatible; Qwantify/2.4w; +https://www.qwant.com/)/2.4w"
194.187.170.130 - - [30/Aug/2017:07:52:37 +0200] "GET / HTTP/1.0" 503 2530 "-" "Mozilla/5.0 (compatible; Qwantify/2.4w; +https://www.qwant.com/)/2.4w"
5.196.87.173 - - [30/Aug/2017:08:07:47 +0200] "GET /robots.txt HTTP/1.1" 200 1627 "-" "Mozilla/5.0 (compatible; AhrefsBot/5.2; +http://ahrefs.com/robot/)"
5.196.87.173 - - [30/Aug/2017:08:07:47 +0200] "GET /robots.txt HTTP/1.1" 200 1627 "-" "Mozilla/5.0 (compatible; AhrefsBot/5.2; +http://ahrefs.com/robot/)"
51.255.71.112 - - [30/Aug/2017:08:07:48 +0200] "GET / HTTP/1.1" 503 2542 "-" "Mozilla/5.0 (compatible; AhrefsBot/5.2; +http://ahrefs.com/robot/)"
157.55.39.90 - - [30/Aug/2017:08:10:43 +0200] "GET /erdeiiskola/images/termeszet/vadlesen.jpg HTTP/1.1" 200 76592 "-" "Mozilla/5.0 (compatible; bingbot/2.0; +http://www.bing.com/bingbot.htm)"
157.55.39.90 - - [30/Aug/2017:08:20:12 +0200] "GET /content/h%C3%A1ziszappan HTTP/1.1" 503 2542 "-" "Mozilla/5.0 (iPhone; CPU iPhone OS 7_0 like Mac OS X) AppleWebKit/537.51.1 (KHTML, like Gecko) Version/7.0 Mobile/11A465 Safari/9537.53 (compatible; bingbot/2.0; +http://www.bing.com/bingbot.htm)"
164.132.161.60 - - [30/Aug/2017:08:28:32 +0200] "GET / HTTP/1.1" 503 2542 "-" "Mozilla/5.0 (compatible; AhrefsBot/5.2; +http://ahrefs.com/robot/)"
123.160.234.84 - - [30/Aug/2017:08:47:40 +0200] "GET / HTTP/1.1" 503 2542 "-" "Mozilla/5.0 (iPhone; CPU iPhone OS 9_1 like Mac OS X) AppleWebKit/601.1.46 (KHTML, like Gecko) Version/9.0 Mobile/13B143 Safari/601.1"
36.32.14.207 - - [30/Aug/2017:09:04:28 +0200] "GET / HTTP/1.1" 503 2542 "-" "Mozilla/5.0 (iPhone; CPU iPhone OS 9_1 like Mac OS X) AppleWebKit/601.1.46 (KHTML, like Gecko) Version/9.0 Mobile/13B143 Safari/601.1"
157.55.39.90 - - [30/Aug/2017:09:17:35 +0200] "GET /content/mez%C3%85%C2%91gazdas%C3%83%C2%A1g HTTP/1.1" 503 2542 "-" "Mozilla/5.0 (compatible; bingbot/2.0; +http://www.bing.com/bingbot.htm)"
178.159.37.56 - - [30/Aug/2017:09:19:32 +0200] "GET /lovastanya/foglalas.html HTTP/1.0" 200 20392 "http://www.gyurufu.hu/lovastanya/foglalas.html" "Mozilla/5.0 (Windows NT 10.0; Win64; x64) AppleWebKit/537.36 (KHTML, like Gecko) Chrome/57.0.2987.110 Safari/537.36"
178.159.37.56 - - [30/Aug/2017:09:19:34 +0200] "POST /lovastanya/nvform.php HTTP/1.0" 200 644 "http://www.gyurufu.hu/lovastanya/foglalas.html" "Mozilla/5.0 (Windows NT 10.0; Win64; x64) AppleWebKit/537.36 (KHTML, like Gecko) Chrome/57.0.2987.110 Safari/537.36"
199.101.134.200 - - [30/Aug/2017:09:24:48 +0200] "GET /rss.xml HTTP/1.1" 503 2542 "-" "FeedlyBot/1.0 (http://feedly.com)"
208.94.232.182 - - [30/Aug/2017:09:26:30 +0200] "GET /rss.xml HTTP/1.1" 503 2542 "-" "FeedlyBot/1.0 (http://feedly.com)"
5.9.83.200 - - [30/Aug/2017:09:38:56 +0200] "GET /rss.xml HTTP/1.1" 503 2542 "-" "Mozilla/5.0 (compatible; Windows; U; Windows NT 6.2; en-US; rv:12.0) Gecko/20120403211507 Firefox/12.0"
217.182.132.190 - - [30/Aug/2017:09:42:34 +0200] "GET /content/%C3%A9p%C3%ADt%C3%A9szet HTTP/1.1" 503 2542 "-" "Mozilla/5.0 (compatible; AhrefsBot/5.2; +http://ahrefs.com/robot/)"
40.77.167.53 - - [30/Aug/2017:09:59:55 +0200] "GET /lovastanya/vendeghaz.html HTTP/1.1" 200 14589 "-" "Mozilla/5.0 (iPhone; CPU iPhone OS 7_0 like Mac OS X) AppleWebKit/537.51.1 (KHTML, like Gecko) Version/7.0 Mobile/11A465 Safari/9537.53 (compatible; bingbot/2.0; +http://www.bing.com/bingbot.htm)"
40.77.167.15 - - [30/Aug/2017:10:00:12 +0200] "GET /lovastanya/images/vendeghaz_280.jpg HTTP/1.1" 200 15186 "-" "Mozilla/5.0 (iPhone; CPU iPhone OS 7_0 like Mac OS X) AppleWebKit/537.51.1 (KHTML, like Gecko) Version/7.0 Mobile/11A465 Safari/9537.53 (compatible; bingbot/2.0; +http://www.bing.com/bingbot.htm)"
40.77.167.53 - - [30/Aug/2017:10:00:17 +0200] "GET /lovastanya/lovastanya.css HTTP/1.1" 200 8894 "-" "Mozilla/5.0 (iPhone; CPU iPhone OS 7_0 like Mac OS X) AppleWebKit/537.51.1 (KHTML, like Gecko) Version/7.0 Mobile/11A465 Safari/9537.53 (compatible; bingbot/2.0; +http://www.bing.com/bingbot.htm)"
182.119.230.4 - - [30/Aug/2017:10:03:10 +0200] "GET / HTTP/1.1" 503 2542 "-" "Mozilla/5.0 (iPhone; CPU iPhone OS 9_1 like Mac OS X) AppleWebKit/601.1.46 (KHTML, like Gecko) Version/9.0 Mobile/13B143 Safari/601.1"
124.235.138.65 - - [30/Aug/2017:10:14:51 +0200] "GET / HTTP/1.1" 503 2542 "-" "Mozilla/5.0 (iPhone; CPU iPhone OS 9_1 like Mac OS X) AppleWebKit/601.1.46 (KHTML, like Gecko) Version/9.0 Mobile/13B143 Safari/601.1"
85.25.210.234 - - [30/Aug/2017:10:35:29 +0200] "GET /robots.txt HTTP/1.1" 200 1627 "-" "Mozilla/5.0 (compatible; seoscanners.net/1; +spider@seoscanners.net)"
85.25.210.234 - - [30/Aug/2017:10:35:29 +0200] "GET /lovastanya/images/telek/13lokaram.jpg HTTP/1.1" 200 63316 "-" "Mozilla/5.0 (compatible; seoscanners.net/1; +spider@seoscanners.net)"
145.132.2.64 - - [30/Aug/2017:10:36:25 +0200] "GET / HTTP/1.1" 503 2542 "-" "Java/1.6.0_04"
157.55.39.167 - - [30/Aug/2017:10:47:38 +0200] "GET /content/hullad%C3%A9k-kezel%C3%A9s HTTP/1.1" 503 2542 "-" "Mozilla/5.0 (iPhone; CPU iPhone OS 7_0 like Mac OS X) AppleWebKit/537.51.1 (KHTML, like Gecko) Version/7.0 Mobile/11A465 Safari/9537.53 (compatible; bingbot/2.0; +http://www.bing.com/bingbot.htm)"
207.46.13.58 - - [30/Aug/2017:10:59:46 +0200] "GET /content/jurtaegyetem HTTP/1.1" 503 2542 "-" "Mozilla/5.0 (iPhone; CPU iPhone OS 7_0 like Mac OS X) AppleWebKit/537.51.1 (KHTML, like Gecko) Version/7.0 Mobile/11A465 Safari/9537.53 (compatible; bingbot/2.0; +http://www.bing.com/bingbot.htm)"
40.77.167.53 - - [30/Aug/2017:11:04:04 +0200] "GET /content/kezdetekt%C5%91l-mostan%C3%A1ig HTTP/1.1" 503 2542 "-" "Mozilla/5.0 (iPhone; CPU iPhone OS 7_0 like Mac OS X) AppleWebKit/537.51.1 (KHTML, like Gecko) Version/7.0 Mobile/11A465 Safari/9537.53 (compatible; bingbot/2.0; +http://www.bing.com/bingbot.htm)"
40.77.167.53 - - [30/Aug/2017:11:13:46 +0200] "GET /erdeiiskola/programok.html HTTP/1.1" 200 12642 "-" "Mozilla/5.0 (compatible; bingbot/2.0; +http://www.bing.com/bingbot.htm)"
66.249.64.149 - - [30/Aug/2017:11:26:02 +0200] "GET /robots.txt HTTP/1.1" 200 1627 "-" "Mozilla/5.0 (compatible; Googlebot/2.1; +http://www.google.com/bot.html)"
164.132.161.97 - - [30/Aug/2017:11:27:43 +0200] "GET /user/login HTTP/1.1" 200 16393 "-" "Mozilla/5.0 (compatible; AhrefsBot/5.2; +http://ahrefs.com/robot/)"
37.17.163.38 - - [30/Aug/2017:11:29:27 +0200] "GET /lovastanya/ HTTP/1.1" 200 1461 "https://www.google.hu/" "Mozilla/5.0 (Windows NT 6.1; Win64; x64) AppleWebKit/537.36 (KHTML, like Gecko) Chrome/60.0.3112.113 Safari/537.36"
37.17.163.38 - - [30/Aug/2017:11:29:27 +0200] "GET /lovastanya/jobbkeret.html HTTP/1.1" 200 1546 "http://www.gyurufu.hu/lovastanya/" "Mozilla/5.0 (Windows NT 6.1; Win64; x64) AppleWebKit/537.36 (KHTML, like Gecko) Chrome/60.0.3112.113 Safari/537.36"
37.17.163.38 - - [30/Aug/2017:11:29:27 +0200] "GET /lovastanya/fejlec.html HTTP/1.1" 200 976 "http://www.gyurufu.hu/lovastanya/" "Mozilla/5.0 (Windows NT 6.1; Win64; x64) AppleWebKit/537.36 (KHTML, like Gecko) Chrome/60.0.3112.113 Safari/537.36"
37.17.163.38 - - [30/Aug/2017:11:29:27 +0200] "GET /lovastanya/navbar.html HTTP/1.1" 200 6160 "http://www.gyurufu.hu/lovastanya/" "Mozilla/5.0 (Windows NT 6.1; Win64; x64) AppleWebKit/537.36 (KHTML, like Gecko) Chrome/60.0.3112.113 Safari/537.36"
37.17.163.38 - - [30/Aug/2017:11:29:27 +0200] "GET /lovastanya/bemutatkozas.html HTTP/1.1" 200 6933 "http://www.gyurufu.hu/lovastanya/" "Mozilla/5.0 (Windows NT 6.1; Win64; x64) AppleWebKit/537.36 (KHTML, like Gecko) Chrome/60.0.3112.113 Safari/537.36"
37.17.163.38 - - [30/Aug/2017:11:29:27 +0200] "GET /lovastanya/lovastanya.css HTTP/1.1" 200 8894 "http://www.gyurufu.hu/lovastanya/jobbkeret.html" "Mozilla/5.0 (Windows NT 6.1; Win64; x64) AppleWebKit/537.36 (KHTML, like Gecko) Chrome/60.0.3112.113 Safari/537.36"
37.17.163.38 - - [30/Aug/2017:11:29:27 +0200] "GET /lovastanya/images/lovastanya_emb1.gif HTTP/1.1" 200 8238 "http://www.gyurufu.hu/lovastanya/jobbkeret.html" "Mozilla/5.0 (Windows NT 6.1; Win64; x64) AppleWebKit/537.36 (KHTML, like Gecko) Chrome/60.0.3112.113 Safari/537.36"
37.17.163.38 - - [30/Aug/2017:11:29:27 +0200] "GET /lovastanya/images/veronika_emb.gif HTTP/1.1" 200 4951 "http://www.gyurufu.hu/lovastanya/jobbkeret.html" "Mozilla/5.0 (Windows NT 6.1; Win64; x64) AppleWebKit/537.36 (KHTML, like Gecko) Chrome/60.0.3112.113 Safari/537.36"
37.17.163.38 - - [30/Aug/2017:11:29:27 +0200] "GET /lovastanya/lovastanya_fej.css HTTP/1.1" 200 6259 "http://www.gyurufu.hu/lovastanya/fejlec.html" "Mozilla/5.0 (Windows NT 6.1; Win64; x64) AppleWebKit/537.36 (KHTML, like Gecko) Chrome/60.0.3112.113 Safari/537.36"
37.17.163.38 - - [30/Aug/2017:11:29:27 +0200] "GET /lovastanya/images/gym_emb1.gif HTTP/1.1" 200 1469 "http://www.gyurufu.hu/lovastanya/jobbkeret.html" "Mozilla/5.0 (Windows NT 6.1; Win64; x64) AppleWebKit/537.36 (KHTML, like Gecko) Chrome/60.0.3112.113 Safari/537.36"
37.17.163.38 - - [30/Aug/2017:11:29:27 +0200] "GET /lovastanya/images/glbnav_left.gif HTTP/1.1" 200 194 "http://www.gyurufu.hu/lovastanya/navbar.html" "Mozilla/5.0 (Windows NT 6.1; Win64; x64) AppleWebKit/537.36 (KHTML, like Gecko) Chrome/60.0.3112.113 Safari/537.36"
37.17.163.38 - - [30/Aug/2017:11:29:27 +0200] "GET /lovastanya/images/vhaz_osz.jpg HTTP/1.1" 200 13627 "http://www.gyurufu.hu/lovastanya/bemutatkozas.html" "Mozilla/5.0 (Windows NT 6.1; Win64; x64) AppleWebKit/537.36 (KHTML, like Gecko) Chrome/60.0.3112.113 Safari/537.36"
37.17.163.38 - - [30/Aug/2017:11:29:27 +0200] "GET /lovastanya/images/glbnav_right.gif HTTP/1.1" 200 194 "http://www.gyurufu.hu/lovastanya/navbar.html" "Mozilla/5.0 (Windows NT 6.1; Win64; x64) AppleWebKit/537.36 (KHTML, like Gecko) Chrome/60.0.3112.113 Safari/537.36"
37.17.163.38 - - [30/Aug/2017:11:29:27 +0200] "GET /lovastanya/images/gyurufu_280.jpg HTTP/1.1" 200 11188 "http://www.gyurufu.hu/lovastanya/bemutatkozas.html" "Mozilla/5.0 (Windows NT 6.1; Win64; x64) AppleWebKit/537.36 (KHTML, like Gecko) Chrome/60.0.3112.113 Safari/537.36"
37.17.163.38 - - [30/Aug/2017:11:29:27 +0200] "GET /lovastanya/images/lorol_280.jpg HTTP/1.1" 200 13259 "http://www.gyurufu.hu/lovastanya/bemutatkozas.html" "Mozilla/5.0 (Windows NT 6.1; Win64; x64) AppleWebKit/537.36 (KHTML, like Gecko) Chrome/60.0.3112.113 Safari/537.36"
37.17.163.38 - - [30/Aug/2017:11:29:27 +0200] "GET /lovastanya/images/fejlec_backgr.gif HTTP/1.1" 200 26598 "http://www.gyurufu.hu/lovastanya/fejlec.html" "Mozilla/5.0 (Windows NT 6.1; Win64; x64) AppleWebKit/537.36 (KHTML, like Gecko) Chrome/60.0.3112.113 Safari/537.36"
37.17.163.38 - - [30/Aug/2017:11:29:27 +0200] "GET /lovastanya/images/glbnav_background.gif HTTP/1.1" 200 496 "http://www.gyurufu.hu/lovastanya/lovastanya_fej.css" "Mozilla/5.0 (Windows NT 6.1; Win64; x64) AppleWebKit/537.36 (KHTML, like Gecko) Chrome/60.0.3112.113 Safari/537.36"
37.17.163.38 - - [30/Aug/2017:11:29:27 +0200] "GET /lovastanya/images/navbar_backgr.gif HTTP/1.1" 200 22429 "http://www.gyurufu.hu/lovastanya/navbar.html" "Mozilla/5.0 (Windows NT 6.1; Win64; x64) AppleWebKit/537.36 (KHTML, like Gecko) Chrome/60.0.3112.113 Safari/537.36"
37.17.163.38 - - [30/Aug/2017:11:29:28 +0200] "GET /favicon.ico HTTP/1.1" 404 57 "http://www.gyurufu.hu/lovastanya/" "Mozilla/5.0 (Windows NT 6.1; Win64; x64) AppleWebKit/537.36 (KHTML, like Gecko) Chrome/60.0.3112.113 Safari/537.36"
51.255.65.51 - - [30/Aug/2017:11:31:17 +0200] "GET /content/aktu%C3%A1lis-esem%C3%A9nyek-gy%C5%B1r%C5%B1f%C5%B1n HTTP/1.1" 200 22143 "-" "Mozilla/5.0 (compatible; AhrefsBot/5.2; +http://ahrefs.com/robot/)"
91.200.12.60 - - [30/Aug/2017:11:43:59 +0200] "GET /sites/all/libraries/elfinder/src/elfinder-src.php.html HTTP/1.1" 404 4562 "http://www.gyurufu.hu/sites/all/libraries/elfinder/src/elfinder-src.php.html" "Mozilla/5.0 (Windows NT 6.1; WOW64) AppleWebKit/537.36 (KHTML, like Gecko) Chrome/42.0.2311.152 Safari/537.36"
91.200.12.60 - - [30/Aug/2017:11:43:59 +0200] "GET /sites/all/libraries/elfinder/src/elfinder-src.php.html HTTP/1.1" 404 4562 "http://www.google.com/" "Mozilla/5.0 (Windows NT 6.1; Win64; x64) AppleWebKit/537.36 (KHTML, like Gecko) Chrome/56.0.2896.3 Safari/537.36"
77.111.91.248 - - [30/Aug/2017:11:53:24 +0200] "GET /lovastanya/index.html HTTP/1.1" 200 1449 "-" "Mozilla/5.0 (Windows NT 6.1; Win64; x64) AppleWebKit/537.36 (KHTML, like Gecko) Chrome/60.0.3112.101 Safari/537.36"
216.244.66.240 - - [30/Aug/2017:11:59:42 +0200] "GET /robots.txt HTTP/1.1" 200 1627 "-" "Mozilla/5.0 (compatible; DotBot/1.1; http://www.opensiteexplorer.org/dotbot, help@moz.com)"
115.61.92.16 - - [30/Aug/2017:12:00:00 +0200] "GET / HTTP/1.1" 200 21929 "-" "-"
142.4.200.37 - - [30/Aug/2017:12:00:35 +0200] "GET /robots.txt HTTP/1.1" 200 1627 "-" "Mozilla/5.0 (compatible; ExtLinksBot/1.5 +https://extlinks.com/Bot.html)"
142.4.200.37 - - [30/Aug/2017:12:01:00 +0200] "GET /robots.txt HTTP/1.1" 200 1627 "-" "Mozilla/5.0 (compatible; ExtLinksBot/1.5 +https://extlinks.com/Bot.html)"
80.77.124.233 - - [30/Aug/2017:12:06:32 +0200] "GET /lovastanya HTTP/1.1" 301 320 "-" "Mozilla/5.0 (Windows NT 6.1; Win64; x64) AppleWebKit/537.36 (KHTML, like Gecko) Chrome/60.0.3112.101 Safari/537.36"
80.77.124.233 - - [30/Aug/2017:12:06:32 +0200] "GET /lovastanya/ HTTP/1.1" 200 1461 "-" "Mozilla/5.0 (Windows NT 6.1; Win64; x64) AppleWebKit/537.36 (KHTML, like Gecko) Chrome/60.0.3112.101 Safari/537.36"
216.244.66.240 - - [30/Aug/2017:12:15:44 +0200] "GET /content/mez%C5%91gazdas%C3%A1g HTTP/1.1" 200 19758 "-" "Mozilla/5.0 (compatible; DotBot/1.1; http://www.opensiteexplorer.org/dotbot, help@moz.com)"
77.111.91.248 - - [30/Aug/2017:12:19:37 +0200] "GET /erdeiiskola/index.html HTTP/1.1" 200 942 "-" "Mozilla/5.0 (Windows NT 6.1; Win64; x64) AppleWebKit/537.36 (KHTML, like Gecko) Chrome/60.0.3112.101 Safari/537.36"
199.193.251.133 - - [30/Aug/2017:12:20:35 +0200] "HEAD / HTTP/1.1" 200 0 "https://www.inboundlinks.win/InboundLinks/www.gyurufu.hu" "Mozilla/5.0 (compatible; MSIE 9.0; Windows NT 6.1; WOW64; Trident/5.0)"
66.249.64.149 - - [30/Aug/2017:12:27:37 +0200] "GET / HTTP/1.1" 200 21929 "-" "Mozilla/5.0 (compatible; Googlebot/2.1; +http://www.google.com/bot.html)"
217.182.132.154 - - [30/Aug/2017:12:32:07 +0200] "GET /content/aktu%C3%A1lis-esem%C3%A9nyek-gy%C5%B1r%C5%B1f%C5%B1n HTTP/1.1" 200 22143 "-" "Mozilla/5.0 (compatible; AhrefsBot/5.2; +http://ahrefs.com/robot/)"
115.61.92.16 - - [30/Aug/2017:12:37:16 +0200] "GET / HTTP/1.1" 200 21929 "-" "-"
1.192.178.43 - - [30/Aug/2017:12:48:13 +0200] "GET / HTTP/1.1" 200 21925 "-" "-"
91.137.151.210 - - [30/Aug/2017:13:03:51 +0200] "GET /lovastanya/ HTTP/1.1" 200 1461 "https://www.google.hu/" "Mozilla/5.0 (Windows NT 5.1; rv:52.0) Gecko/20100101 Firefox/52.0"
91.137.151.210 - - [30/Aug/2017:13:03:51 +0200] "GET /lovastanya/fejlec.html HTTP/1.1" 200 976 "http://www.gyurufu.hu/lovastanya/" "Mozilla/5.0 (Windows NT 5.1; rv:52.0) Gecko/20100101 Firefox/52.0"
91.137.151.210 - - [30/Aug/2017:13:03:51 +0200] "GET /lovastanya/navbar.html HTTP/1.1" 200 6160 "http://www.gyurufu.hu/lovastanya/" "Mozilla/5.0 (Windows NT 5.1; rv:52.0) Gecko/20100101 Firefox/52.0"
91.137.151.210 - - [30/Aug/2017:13:03:51 +0200] "GET /lovastanya/jobbkeret.html HTTP/1.1" 200 1546 "http://www.gyurufu.hu/lovastanya/" "Mozilla/5.0 (Windows NT 5.1; rv:52.0) Gecko/20100101 Firefox/52.0"
91.137.151.210 - - [30/Aug/2017:13:03:51 +0200] "GET /lovastanya/bemutatkozas.html HTTP/1.1" 200 6933 "http://www.gyurufu.hu/lovastanya/" "Mozilla/5.0 (Windows NT 5.1; rv:52.0) Gecko/20100101 Firefox/52.0"
91.137.151.210 - - [30/Aug/2017:13:03:51 +0200] "GET /lovastanya/lovastanya_fej.css HTTP/1.1" 200 6259 "http://www.gyurufu.hu/lovastanya/fejlec.html" "Mozilla/5.0 (Windows NT 5.1; rv:52.0) Gecko/20100101 Firefox/52.0"
91.137.151.210 - - [30/Aug/2017:13:03:51 +0200] "GET /lovastanya/lovastanya.css HTTP/1.1" 200 8894 "http://www.gyurufu.hu/lovastanya/jobbkeret.html" "Mozilla/5.0 (Windows NT 5.1; rv:52.0) Gecko/20100101 Firefox/52.0"
91.137.151.210 - - [30/Aug/2017:13:03:52 +0200] "GET /lovastanya/images/lovastanya_emb1.gif HTTP/1.1" 200 8238 "http://www.gyurufu.hu/lovastanya/fejlec.html" "Mozilla/5.0 (Windows NT 5.1; rv:52.0) Gecko/20100101 Firefox/52.0"
91.137.151.210 - - [30/Aug/2017:13:03:52 +0200] "GET /lovastanya/images/veronika_emb.gif HTTP/1.1" 200 4951 "http://www.gyurufu.hu/lovastanya/jobbkeret.html" "Mozilla/5.0 (Windows NT 5.1; rv:52.0) Gecko/20100101 Firefox/52.0"
91.137.151.210 - - [30/Aug/2017:13:03:52 +0200] "GET /lovastanya/images/gym_emb1.gif HTTP/1.1" 200 1469 "http://www.gyurufu.hu/lovastanya/jobbkeret.html" "Mozilla/5.0 (Windows NT 5.1; rv:52.0) Gecko/20100101 Firefox/52.0"
91.137.151.210 - - [30/Aug/2017:13:03:52 +0200] "GET /lovastanya/images/glbnav_left.gif HTTP/1.1" 200 194 "http://www.gyurufu.hu/lovastanya/navbar.html" "Mozilla/5.0 (Windows NT 5.1; rv:52.0) Gecko/20100101 Firefox/52.0"
91.137.151.210 - - [30/Aug/2017:13:03:52 +0200] "GET /lovastanya/images/gyurufu_280.jpg HTTP/1.1" 200 11188 "http://www.gyurufu.hu/lovastanya/bemutatkozas.html" "Mozilla/5.0 (Windows NT 5.1; rv:52.0) Gecko/20100101 Firefox/52.0"
91.137.151.210 - - [30/Aug/2017:13:03:52 +0200] "GET /lovastanya/images/navbar_backgr.gif HTTP/1.1" 200 22429 "http://www.gyurufu.hu/lovastanya/navbar.html" "Mozilla/5.0 (Windows NT 5.1; rv:52.0) Gecko/20100101 Firefox/52.0"
91.137.151.210 - - [30/Aug/2017:13:03:52 +0200] "GET /lovastanya/images/vhaz_osz.jpg HTTP/1.1" 200 13627 "http://www.gyurufu.hu/lovastanya/bemutatkozas.html" "Mozilla/5.0 (Windows NT 5.1; rv:52.0) Gecko/20100101 Firefox/52.0"
91.137.151.210 - - [30/Aug/2017:13:03:52 +0200] "GET /lovastanya/images/fejlec_backgr.gif HTTP/1.1" 200 26598 "http://www.gyurufu.hu/lovastanya/fejlec.html" "Mozilla/5.0 (Windows NT 5.1; rv:52.0) Gecko/20100101 Firefox/52.0"
91.137.151.210 - - [30/Aug/2017:13:03:52 +0200] "GET /lovastanya/images/lorol_280.jpg HTTP/1.1" 200 13259 "http://www.gyurufu.hu/lovastanya/bemutatkozas.html" "Mozilla/5.0 (Windows NT 5.1; rv:52.0) Gecko/20100101 Firefox/52.0"
91.137.151.210 - - [30/Aug/2017:13:03:52 +0200] "GET /lovastanya/images/glbnav_right.gif HTTP/1.1" 200 194 "http://www.gyurufu.hu/lovastanya/navbar.html" "Mozilla/5.0 (Windows NT 5.1; rv:52.0) Gecko/20100101 Firefox/52.0"
91.137.151.210 - - [30/Aug/2017:13:03:52 +0200] "GET /lovastanya/images/glbnav_background.gif HTTP/1.1" 200 496 "http://www.gyurufu.hu/lovastanya/lovastanya_fej.css" "Mozilla/5.0 (Windows NT 5.1; rv:52.0) Gecko/20100101 Firefox/52.0"
91.137.151.210 - - [30/Aug/2017:13:03:52 +0200] "GET /favicon.ico HTTP/1.1" 404 57 "-" "Mozilla/5.0 (Windows NT 5.1; rv:52.0) Gecko/20100101 Firefox/52.0"
91.137.151.210 - - [30/Aug/2017:13:03:52 +0200] "GET /favicon.ico HTTP/1.1" 404 57 "-" "Mozilla/5.0 (Windows NT 5.1; rv:52.0) Gecko/20100101 Firefox/52.0"
91.137.151.210 - - [30/Aug/2017:13:04:12 +0200] "GET /lovastanya/www.gyurufu.hu/erdeiiskola HTTP/1.1" 404 4562 "http://www.gyurufu.hu/lovastanya/bemutatkozas.html" "Mozilla/5.0 (Windows NT 5.1; rv:52.0) Gecko/20100101 Firefox/52.0"
91.137.151.210 - - [30/Aug/2017:13:04:12 +0200] "GET /modules/nice_menus/nice_menus.css?g HTTP/1.1" 200 3607 "http://www.gyurufu.hu/lovastanya/www.gyurufu.hu/erdeiiskola" "Mozilla/5.0 (Windows NT 5.1; rv:52.0) Gecko/20100101 Firefox/52.0"
91.137.151.210 - - [30/Aug/2017:13:04:12 +0200] "GET /modules/nice_menus/nice_menus_default.css?g HTTP/1.1" 200 4978 "http://www.gyurufu.hu/lovastanya/www.gyurufu.hu/erdeiiskola" "Mozilla/5.0 (Windows NT 5.1; rv:52.0) Gecko/20100101 Firefox/52.0"
91.137.151.210 - - [30/Aug/2017:13:04:12 +0200] "GET /modules/node/node.css?g HTTP/1.1" 200 740 "http://www.gyurufu.hu/lovastanya/www.gyurufu.hu/erdeiiskola" "Mozilla/5.0 (Windows NT 5.1; rv:52.0) Gecko/20100101 Firefox/52.0"
91.137.151.210 - - [30/Aug/2017:13:04:12 +0200] "GET /modules/system/system.css?g HTTP/1.1" 200 10020 "http://www.gyurufu.hu/lovastanya/www.gyurufu.hu/erdeiiskola" "Mozilla/5.0 (Windows NT 5.1; rv:52.0) Gecko/20100101 Firefox/52.0"
91.137.151.210 - - [30/Aug/2017:13:04:12 +0200] "GET /modules/system/defaults.css?g HTTP/1.1" 200 757 "http://www.gyurufu.hu/lovastanya/www.gyurufu.hu/erdeiiskola" "Mozilla/5.0 (Windows NT 5.1; rv:52.0) Gecko/20100101 Firefox/52.0"
91.137.151.210 - - [30/Aug/2017:13:04:12 +0200] "GET /modules/system/system-menus.css?g HTTP/1.1" 200 935 "http://www.gyurufu.hu/lovastanya/www.gyurufu.hu/erdeiiskola" "Mozilla/5.0 (Windows NT 5.1; rv:52.0) Gecko/20100101 Firefox/52.0"
91.137.151.210 - - [30/Aug/2017:13:04:12 +0200] "GET /modules/user/user.css?g HTTP/1.1" 200 1127 "http://www.gyurufu.hu/lovastanya/www.gyurufu.hu/erdeiiskola" "Mozilla/5.0 (Windows NT 5.1; rv:52.0) Gecko/20100101 Firefox/52.0"
91.137.151.210 - - [30/Aug/2017:13:04:12 +0200] "GET /modules/photos/photos.css?g HTTP/1.1" 200 5645 "http://www.gyurufu.hu/lovastanya/www.gyurufu.hu/erdeiiskola" "Mozilla/5.0 (Windows NT 5.1; rv:52.0) Gecko/20100101 Firefox/52.0"
91.137.151.210 - - [30/Aug/2017:13:04:12 +0200] "GET /modules/photos/photos.js?g HTTP/1.1" 200 2409 "http://www.gyurufu.hu/lovastanya/www.gyurufu.hu/erdeiiskola" "Mozilla/5.0 (Windows NT 5.1; rv:52.0) Gecko/20100101 Firefox/52.0"
91.137.151.210 - - [30/Aug/2017:13:04:12 +0200] "GET /modules/google_analytics/googleanalytics.js?g HTTP/1.1" 200 2268 "http://www.gyurufu.hu/lovastanya/www.gyurufu.hu/erdeiiskola" "Mozilla/5.0 (Windows NT 5.1; rv:52.0) Gecko/20100101 Firefox/52.0"
91.137.151.210 - - [30/Aug/2017:13:04:12 +0200] "GET /themes/aboutpeople/style.css?g HTTP/1.1" 200 32283 "http://www.gyurufu.hu/lovastanya/www.gyurufu.hu/erdeiiskola" "Mozilla/5.0 (Windows NT 5.1; rv:52.0) Gecko/20100101 Firefox/52.0"
91.137.151.210 - - [30/Aug/2017:13:04:12 +0200] "GET /misc/drupal.js?g HTTP/1.1" 200 9745 "http://www.gyurufu.hu/lovastanya/www.gyurufu.hu/erdeiiskola" "Mozilla/5.0 (Windows NT 5.1; rv:52.0) Gecko/20100101 Firefox/52.0"
91.137.151.210 - - [30/Aug/2017:13:04:12 +0200] "GET /misc/jquery.js?g HTTP/1.1" 200 31089 "http://www.gyurufu.hu/lovastanya/www.gyurufu.hu/erdeiiskola" "Mozilla/5.0 (Windows NT 5.1; rv:52.0) Gecko/20100101 Firefox/52.0"
91.137.151.210 - - [30/Aug/2017:13:04:12 +0200] "GET /sites/default/files/languages/hu_8582a244f490b74610256ab428690e24.js?g HTTP/1.1" 200 1838 "http://www.gyurufu.hu/lovastanya/www.gyurufu.hu/erdeiiskola" "Mozilla/5.0 (Windows NT 5.1; rv:52.0) Gecko/20100101 Firefox/52.0"
91.137.151.210 - - [30/Aug/2017:13:04:12 +0200] "GET /misc/powered-blue-80x15.png HTTP/1.1" 200 1011 "http://www.gyurufu.hu/lovastanya/www.gyurufu.hu/erdeiiskola" "Mozilla/5.0 (Windows NT 5.1; rv:52.0) Gecko/20100101 Firefox/52.0"
91.137.151.210 - - [30/Aug/2017:13:04:12 +0200] "GET /themes/aboutpeople/img/bg.gif HTTP/1.1" 200 4764 "http://www.gyurufu.hu/themes/aboutpeople/style.css?g" "Mozilla/5.0 (Windows NT 5.1; rv:52.0) Gecko/20100101 Firefox/52.0"
91.137.151.210 - - [30/Aug/2017:13:04:12 +0200] "GET /themes/aboutpeople/img/login_line.png HTTP/1.1" 200 510 "http://www.gyurufu.hu/themes/aboutpeople/style.css?g" "Mozilla/5.0 (Windows NT 5.1; rv:52.0) Gecko/20100101 Firefox/52.0"
91.137.151.210 - - [30/Aug/2017:13:04:12 +0200] "GET /themes/aboutpeople/img/use11r.gif HTTP/1.1" 200 1001 "http://www.gyurufu.hu/themes/aboutpeople/style.css?g" "Mozilla/5.0 (Windows NT 5.1; rv:52.0) Gecko/20100101 Firefox/52.0"
91.137.151.210 - - [30/Aug/2017:13:04:12 +0200] "GET /themes/aboutpeople/img/menulinks.png HTTP/1.1" 200 1465 "http://www.gyurufu.hu/themes/aboutpeople/style.css?g" "Mozilla/5.0 (Windows NT 5.1; rv:52.0) Gecko/20100101 Firefox/52.0"
91.137.151.210 - - [30/Aug/2017:13:04:12 +0200] "GET /themes/aboutpeople/img/menulinks_corner.png HTTP/1.1" 200 215 "http://www.gyurufu.hu/themes/aboutpeople/style.css?g" "Mozilla/5.0 (Windows NT 5.1; rv:52.0) Gecko/20100101 Firefox/52.0"
91.137.151.210 - - [30/Aug/2017:13:04:12 +0200] "GET /themes/aboutpeople/img/banners/rotate.php HTTP/1.1" 200 38338 "http://www.gyurufu.hu/themes/aboutpeople/style.css?g" "Mozilla/5.0 (Windows NT 5.1; rv:52.0) Gecko/20100101 Firefox/52.0"
91.137.151.210 - - [30/Aug/2017:13:04:19 +0200] "GET /lovastanya/images/glbnav_hover.gif HTTP/1.1" 200 523 "http://www.gyurufu.hu/lovastanya/lovastanya_fej.css" "Mozilla/5.0 (Windows NT 5.1; rv:52.0) Gecko/20100101 Firefox/52.0"
91.137.151.210 - - [30/Aug/2017:13:04:27 +0200] "GET /lovastanya/www.gyurufu.hu HTTP/1.1" 404 4562 "http://www.gyurufu.hu/lovastanya/bemutatkozas.html" "Mozilla/5.0 (Windows NT 5.1; rv:52.0) Gecko/20100101 Firefox/52.0"
91.137.151.210 - - [30/Aug/2017:13:04:28 +0200] "GET /themes/aboutpeople/img/banners/rotate.php HTTP/1.1" 200 38338 "http://www.gyurufu.hu/themes/aboutpeople/style.css?g" "Mozilla/5.0 (Windows NT 5.1; rv:52.0) Gecko/20100101 Firefox/52.0"
82.208.136.112 - - [30/Aug/2017:13:11:31 +0200] "GET /?q=user/login HTTP/1.1" 200 16396 "-" "Mozilla/5.0 (compatible; MSIE 9.0; Windows NT 5.1; Trident/5.0)"
82.208.136.112 - - [30/Aug/2017:13:13:51 +0200] "POST /?q=user/login HTTP/1.1" 200 16575 "http://gyurufu.hu/?q=user/login" "Mozilla/5.0 (compatible; MSIE 9.0; Windows NT 5.1; Trident/5.0)"
188.36.7.58 - - [30/Aug/2017:13:19:11 +0200] "GET /lovastanya/index.html HTTP/1.1" 200 1449 "-" "Mozilla/5.0 (iPhone; CPU iPhone OS 10_3_3 like Mac OS X) AppleWebKit/603.3.8 (KHTML, like Gecko) Version/10.0 Mobile/14G60 Safari/602.1"
188.36.7.58 - - [30/Aug/2017:13:19:12 +0200] "GET /apple-touch-icon-120x120-precomposed.png HTTP/1.1" 404 4562 "-" "MobileSafari/602.1 CFNetwork/811.5.4 Darwin/16.7.0"
188.36.7.58 - - [30/Aug/2017:13:19:12 +0200] "GET /apple-touch-icon-120x120.png HTTP/1.1" 404 4562 "-" "MobileSafari/602.1 CFNetwork/811.5.4 Darwin/16.7.0"
188.36.7.58 - - [30/Aug/2017:13:19:13 +0200] "GET /apple-touch-icon-precomposed.png HTTP/1.1" 404 4562 "-" "MobileSafari/602.1 CFNetwork/811.5.4 Darwin/16.7.0"
188.36.7.58 - - [30/Aug/2017:13:19:13 +0200] "GET /apple-touch-icon.png HTTP/1.1" 404 4562 "-" "MobileSafari/602.1 CFNetwork/811.5.4 Darwin/16.7.0"
188.36.7.58 - - [30/Aug/2017:13:19:13 +0200] "GET /favicon.ico HTTP/1.1" 404 57 "-" "MobileSafari/602.1 CFNetwork/811.5.4 Darwin/16.7.0"
188.36.7.58 - - [30/Aug/2017:13:19:14 +0200] "GET /apple-touch-icon-120x120-precomposed.png HTTP/1.1" 404 4562 "-" "MobileSafari/602.1 CFNetwork/811.5.4 Darwin/16.7.0"
188.36.7.58 - - [30/Aug/2017:13:19:15 +0200] "GET /apple-touch-icon-120x120.png HTTP/1.1" 404 4562 "-" "MobileSafari/602.1 CFNetwork/811.5.4 Darwin/16.7.0"
188.36.7.58 - - [30/Aug/2017:13:19:15 +0200] "GET /apple-touch-icon-precomposed.png HTTP/1.1" 404 4562 "-" "MobileSafari/602.1 CFNetwork/811.5.4 Darwin/16.7.0"
188.36.7.58 - - [30/Aug/2017:13:19:16 +0200] "GET /apple-touch-icon.png HTTP/1.1" 404 4562 "-" "MobileSafari/602.1 CFNetwork/811.5.4 Darwin/16.7.0"
188.36.7.58 - - [30/Aug/2017:13:19:16 +0200] "GET /favicon.ico HTTP/1.1" 404 57 "-" "MobileSafari/602.1 CFNetwork/811.5.4 Darwin/16.7.0"
66.249.64.145 - - [30/Aug/2017:13:26:37 +0200] "GET /content HTTP/1.1" 301 317 "-" "Mozilla/5.0 (compatible; Googlebot/2.1; +http://www.google.com/bot.html)"
66.249.64.149 - - [30/Aug/2017:13:26:38 +0200] "GET /content/ HTTP/1.1" 403 1172 "-" "Mozilla/5.0 (compatible; Googlebot/2.1; +http://www.google.com/bot.html)"
194.143.236.118 - - [30/Aug/2017:13:29:05 +0200] "GET /lovastanya HTTP/1.1" 301 320 "http://helgaleidecker.com/aktualis.html" "Mozilla/5.0 (Windows NT 10.0; Win64; x64) AppleWebKit/537.36 (KHTML, like Gecko) Chrome/60.0.3112.113 Safari/537.36"
194.143.236.118 - - [30/Aug/2017:13:29:05 +0200] "GET /lovastanya/ HTTP/1.1" 200 1461 "http://helgaleidecker.com/aktualis.html" "Mozilla/5.0 (Windows NT 10.0; Win64; x64) AppleWebKit/537.36 (KHTML, like Gecko) Chrome/60.0.3112.113 Safari/537.36"
194.143.236.118 - - [30/Aug/2017:13:29:05 +0200] "GET /lovastanya/jobbkeret.html HTTP/1.1" 200 1546 "http://www.gyurufu.hu/lovastanya/" "Mozilla/5.0 (Windows NT 10.0; Win64; x64) AppleWebKit/537.36 (KHTML, like Gecko) Chrome/60.0.3112.113 Safari/537.36"
194.143.236.118 - - [30/Aug/2017:13:29:05 +0200] "GET /lovastanya/bemutatkozas.html HTTP/1.1" 200 6933 "http://www.gyurufu.hu/lovastanya/" "Mozilla/5.0 (Windows NT 10.0; Win64; x64) AppleWebKit/537.36 (KHTML, like Gecko) Chrome/60.0.3112.113 Safari/537.36"
194.143.236.118 - - [30/Aug/2017:13:29:05 +0200] "GET /lovastanya/navbar.html HTTP/1.1" 200 6160 "http://www.gyurufu.hu/lovastanya/" "Mozilla/5.0 (Windows NT 10.0; Win64; x64) AppleWebKit/537.36 (KHTML, like Gecko) Chrome/60.0.3112.113 Safari/537.36"
194.143.236.118 - - [30/Aug/2017:13:29:05 +0200] "GET /lovastanya/lovastanya.css HTTP/1.1" 200 8894 "http://www.gyurufu.hu/lovastanya/jobbkeret.html" "Mozilla/5.0 (Windows NT 10.0; Win64; x64) AppleWebKit/537.36 (KHTML, like Gecko) Chrome/60.0.3112.113 Safari/537.36"
194.143.236.118 - - [30/Aug/2017:13:29:05 +0200] "GET /lovastanya/fejlec.html HTTP/1.1" 200 976 "http://www.gyurufu.hu/lovastanya/" "Mozilla/5.0 (Windows NT 10.0; Win64; x64) AppleWebKit/537.36 (KHTML, like Gecko) Chrome/60.0.3112.113 Safari/537.36"
194.143.236.118 - - [30/Aug/2017:13:29:05 +0200] "GET /lovastanya/images/veronika_emb.gif HTTP/1.1" 200 4951 "http://www.gyurufu.hu/lovastanya/jobbkeret.html" "Mozilla/5.0 (Windows NT 10.0; Win64; x64) AppleWebKit/537.36 (KHTML, like Gecko) Chrome/60.0.3112.113 Safari/537.36"
194.143.236.118 - - [30/Aug/2017:13:29:05 +0200] "GET /lovastanya/images/lovastanya_emb1.gif HTTP/1.1" 200 8238 "http://www.gyurufu.hu/lovastanya/jobbkeret.html" "Mozilla/5.0 (Windows NT 10.0; Win64; x64) AppleWebKit/537.36 (KHTML, like Gecko) Chrome/60.0.3112.113 Safari/537.36"
194.143.236.118 - - [30/Aug/2017:13:29:05 +0200] "GET /lovastanya/lovastanya_fej.css HTTP/1.1" 200 6259 "http://www.gyurufu.hu/lovastanya/navbar.html" "Mozilla/5.0 (Windows NT 10.0; Win64; x64) AppleWebKit/537.36 (KHTML, like Gecko) Chrome/60.0.3112.113 Safari/537.36"
194.143.236.118 - - [30/Aug/2017:13:29:05 +0200] "GET /lovastanya/images/glbnav_left.gif HTTP/1.1" 200 194 "http://www.gyurufu.hu/lovastanya/navbar.html" "Mozilla/5.0 (Windows NT 10.0; Win64; x64) AppleWebKit/537.36 (KHTML, like Gecko) Chrome/60.0.3112.113 Safari/537.36"
194.143.236.118 - - [30/Aug/2017:13:29:05 +0200] "GET /lovastanya/images/gym_emb1.gif HTTP/1.1" 200 1469 "http://www.gyurufu.hu/lovastanya/jobbkeret.html" "Mozilla/5.0 (Windows NT 10.0; Win64; x64) AppleWebKit/537.36 (KHTML, like Gecko) Chrome/60.0.3112.113 Safari/537.36"
194.143.236.118 - - [30/Aug/2017:13:29:05 +0200] "GET /lovastanya/images/gyurufu_280.jpg HTTP/1.1" 200 11188 "http://www.gyurufu.hu/lovastanya/bemutatkozas.html" "Mozilla/5.0 (Windows NT 10.0; Win64; x64) AppleWebKit/537.36 (KHTML, like Gecko) Chrome/60.0.3112.113 Safari/537.36"
194.143.236.118 - - [30/Aug/2017:13:29:05 +0200] "GET /lovastanya/images/vhaz_osz.jpg HTTP/1.1" 200 13627 "http://www.gyurufu.hu/lovastanya/bemutatkozas.html" "Mozilla/5.0 (Windows NT 10.0; Win64; x64) AppleWebKit/537.36 (KHTML, like Gecko) Chrome/60.0.3112.113 Safari/537.36"
194.143.236.118 - - [30/Aug/2017:13:29:05 +0200] "GET /lovastanya/images/lorol_280.jpg HTTP/1.1" 200 13259 "http://www.gyurufu.hu/lovastanya/bemutatkozas.html" "Mozilla/5.0 (Windows NT 10.0; Win64; x64) AppleWebKit/537.36 (KHTML, like Gecko) Chrome/60.0.3112.113 Safari/537.36"
