66.249.93.64 - - [04/Oct/2019:01:23:51 +0200] "GET / HTTP/1.1" 200 19676 "-" "Mozilla/5.0 (X11; Linux x86_64) AppleWebKit/537.36 (KHTML, like Gecko) Chrome/49.0.2623.75 Safari/537.36 Google Favicon"
66.249.93.64 - - [04/Oct/2019:01:23:51 +0200] "GET /favicon.ico HTTP/1.1" 404 57 "-" "Mozilla/5.0 (X11; Linux x86_64) AppleWebKit/537.36 (KHTML, like Gecko) Chrome/49.0.2623.75 Safari/537.36 Google Favicon"
5.9.83.200 - - [04/Oct/2019:01:29:52 +0200] "GET /robots.txt HTTP/1.1" 200 1627 "-" "Mozilla/5.0 (compatible; um-IC/1.0; mailto: techinfo@ubermetrics-technologies.com; Windows NT 6.1; WOW64; rv:40.0) Gecko/20100101 Firefox/40.1"
5.9.83.200 - - [04/Oct/2019:01:29:53 +0200] "GET /rss.xml HTTP/1.1" 200 3891 "-" "Mozilla/5.0 (compatible; um-IC/1.0; mailto: techinfo@ubermetrics-technologies.com; Windows NT 6.1; WOW64; rv:40.0) Gecko/20100101 Firefox/40.1"
66.249.73.205 - - [04/Oct/2019:01:37:52 +0200] "GET /robots.txt HTTP/1.1" 200 1627 "-" "Mozilla/5.0 (compatible; Googlebot/2.1; +http://www.google.com/bot.html)"
66.249.73.203 - - [04/Oct/2019:01:37:52 +0200] "GET /erdeiiskola/vezetok.html HTTP/1.1" 304 - "-" "Mozilla/5.0 (Linux; Android 6.0.1; Nexus 5X Build/MMB29P) AppleWebKit/537.36 (KHTML, like Gecko) Chrome/41.0.2272.96 Mobile Safari/537.36 (compatible; Googlebot/2.1; +http://www.google.com/bot.html)"
17.58.99.162 - - [04/Oct/2019:01:40:59 +0200] "GET /content/az-egyes%C3%BClet-tags%C3%A1ga HTTP/1.1" 200 18934 "-" "Mozilla/5.0 (Macintosh; Intel Mac OS X 10_10_1) AppleWebKit/600.2.5 (KHTML, like Gecko) Version/8.0.2 Safari/600.2.5 (Applebot/0.1; +http://www.apple.com/go/applebot)"
46.229.168.129 - - [04/Oct/2019:02:33:48 +0200] "GET /robots.txt HTTP/1.1" 200 1627 "-" "Mozilla/5.0 (compatible; SemrushBot/6~bl; +http://www.semrush.com/bot.html)"
46.229.168.146 - - [04/Oct/2019:02:33:53 +0200] "GET /content/aktu%C3%A1lis-esem%C3%A9nyek-gy%C5%B1r%C5%B1f%C5%B1n HTTP/1.1" 200 17066 "-" "Mozilla/5.0 (compatible; SemrushBot/6~bl; +http://www.semrush.com/bot.html)"
46.229.168.141 - - [04/Oct/2019:03:09:24 +0200] "GET /robots.txt HTTP/1.1" 200 1627 "-" "Mozilla/5.0 (compatible; SemrushBot/6~bl; +http://www.semrush.com/bot.html)"
46.229.168.141 - - [04/Oct/2019:03:09:25 +0200] "GET /content/h%C3%ADrek-esem%C3%A9nyek?destination=node%2F35 HTTP/1.1" 200 16643 "-" "Mozilla/5.0 (compatible; SemrushBot/6~bl; +http://www.semrush.com/bot.html)"
66.249.73.205 - - [04/Oct/2019:03:15:50 +0200] "GET /lovastanya/vendeghaz.html HTTP/1.1" 200 14589 "-" "Mozilla/5.0 (Linux; Android 6.0.1; Nexus 5X Build/MMB29P) AppleWebKit/537.36 (KHTML, like Gecko) Chrome/41.0.2272.96 Mobile Safari/537.36 (compatible; Googlebot/2.1; +http://www.google.com/bot.html)"
8.29.198.26 - - [04/Oct/2019:03:22:23 +0200] "GET /rss.xml HTTP/1.1" 200 3891 "-" "Feedly/1.0 (+http://www.feedly.com/fetcher.html; 1 subscribers; like FeedFetcher-Google)"
17.58.99.162 - - [04/Oct/2019:03:35:50 +0200] "GET /content/%C3%A9p%C3%ADt%C3%A9szet HTTP/1.1" 200 19331 "-" "Mozilla/5.0 (Macintosh; Intel Mac OS X 10_10_1) AppleWebKit/600.2.5 (KHTML, like Gecko) Version/8.0.2 Safari/600.2.5 (Applebot/0.1; +http://www.apple.com/go/applebot)"
185.47.185.167 - - [04/Oct/2019:03:49:45 +0200] "GET /lovastanya/ HTTP/1.1" 200 1461 "-" "Mozilla/5.0 (iPhone; CPU iPhone OS 10_3_3 like Mac OS X) AppleWebKit/603.3.8 (KHTML, like Gecko) Version/10.0 Mobile/14G60 Safari/602.1"
185.47.185.167 - - [04/Oct/2019:03:49:46 +0200] "GET /apple-touch-icon-120x120-precomposed.png HTTP/1.1" 404 4562 "-" "MobileSafari/602.1 CFNetwork/811.5.4 Darwin/16.7.0"
185.47.185.167 - - [04/Oct/2019:03:49:47 +0200] "GET /apple-touch-icon-120x120.png HTTP/1.1" 404 4562 "-" "MobileSafari/602.1 CFNetwork/811.5.4 Darwin/16.7.0"
185.47.185.167 - - [04/Oct/2019:03:49:47 +0200] "GET /apple-touch-icon-precomposed.png HTTP/1.1" 404 4562 "-" "MobileSafari/602.1 CFNetwork/811.5.4 Darwin/16.7.0"
185.47.185.167 - - [04/Oct/2019:03:49:48 +0200] "GET /apple-touch-icon.png HTTP/1.1" 404 4562 "-" "MobileSafari/602.1 CFNetwork/811.5.4 Darwin/16.7.0"
185.47.185.167 - - [04/Oct/2019:03:49:48 +0200] "GET /favicon.ico HTTP/1.1" 404 57 "-" "MobileSafari/602.1 CFNetwork/811.5.4 Darwin/16.7.0"
185.47.185.167 - - [04/Oct/2019:03:49:48 +0200] "GET /apple-touch-icon-120x120-precomposed.png HTTP/1.1" 404 4562 "-" "MobileSafari/602.1 CFNetwork/811.5.4 Darwin/16.7.0"
185.47.185.167 - - [04/Oct/2019:03:49:49 +0200] "GET /apple-touch-icon-120x120.png HTTP/1.1" 404 4562 "-" "MobileSafari/602.1 CFNetwork/811.5.4 Darwin/16.7.0"
185.47.185.167 - - [04/Oct/2019:03:49:50 +0200] "GET /apple-touch-icon-precomposed.png HTTP/1.1" 404 4562 "-" "MobileSafari/602.1 CFNetwork/811.5.4 Darwin/16.7.0"
185.47.185.167 - - [04/Oct/2019:03:49:50 +0200] "GET /apple-touch-icon.png HTTP/1.1" 404 4562 "-" "MobileSafari/602.1 CFNetwork/811.5.4 Darwin/16.7.0"
185.47.185.167 - - [04/Oct/2019:03:49:50 +0200] "GET /favicon.ico HTTP/1.1" 404 57 "-" "MobileSafari/602.1 CFNetwork/811.5.4 Darwin/16.7.0"
157.55.39.30 - - [04/Oct/2019:03:50:45 +0200] "GET /robots.txt HTTP/1.1" 200 1627 "-" "Mozilla/5.0 (compatible; bingbot/2.0; +http://www.bing.com/bingbot.htm)"
157.55.39.179 - - [04/Oct/2019:03:50:50 +0200] "GET / HTTP/1.1" 200 19672 "-" "Mozilla/5.0 (compatible; bingbot/2.0; +http://www.bing.com/bingbot.htm)"
40.77.188.119 - - [04/Oct/2019:03:50:52 +0200] "GET /modules/nice_menus/nice_menus.css?g HTTP/1.1" 200 3607 "http://gyurufu.hu/" "Mozilla/5.0 (Windows NT 6.1; WOW64) AppleWebKit/534+ (KHTML, like Gecko) BingPreview/1.0b"
40.77.188.119 - - [04/Oct/2019:03:50:52 +0200] "GET /modules/nice_menus/nice_menus_default.css?g HTTP/1.1" 200 4978 "http://gyurufu.hu/" "Mozilla/5.0 (Windows NT 6.1; WOW64) AppleWebKit/534+ (KHTML, like Gecko) BingPreview/1.0b"
40.77.188.119 - - [04/Oct/2019:03:50:52 +0200] "GET /modules/photos/photos.css?g HTTP/1.1" 200 5645 "http://gyurufu.hu/" "Mozilla/5.0 (Windows NT 6.1; WOW64) AppleWebKit/534+ (KHTML, like Gecko) BingPreview/1.0b"
40.77.188.119 - - [04/Oct/2019:03:50:52 +0200] "GET /modules/system/defaults.css?g HTTP/1.1" 200 757 "http://gyurufu.hu/" "Mozilla/5.0 (Windows NT 6.1; WOW64) AppleWebKit/534+ (KHTML, like Gecko) BingPreview/1.0b"
40.77.188.119 - - [04/Oct/2019:03:50:53 +0200] "GET /modules/system/system.css?g HTTP/1.1" 200 10020 "http://gyurufu.hu/" "Mozilla/5.0 (Windows NT 6.1; WOW64) AppleWebKit/534+ (KHTML, like Gecko) BingPreview/1.0b"
40.77.188.119 - - [04/Oct/2019:03:50:53 +0200] "GET /modules/system/system-menus.css?g HTTP/1.1" 200 935 "http://gyurufu.hu/" "Mozilla/5.0 (Windows NT 6.1; WOW64) AppleWebKit/534+ (KHTML, like Gecko) BingPreview/1.0b"
40.77.188.119 - - [04/Oct/2019:03:50:53 +0200] "GET /modules/user/user.css?g HTTP/1.1" 200 1127 "http://gyurufu.hu/" "Mozilla/5.0 (Windows NT 6.1; WOW64) AppleWebKit/534+ (KHTML, like Gecko) BingPreview/1.0b"
40.77.188.119 - - [04/Oct/2019:03:50:53 +0200] "GET /misc/jquery.js?g HTTP/1.1" 200 31089 "http://gyurufu.hu/" "Mozilla/5.0 (Windows NT 6.1; WOW64) AppleWebKit/534+ (KHTML, like Gecko) BingPreview/1.0b"
40.77.188.119 - - [04/Oct/2019:03:50:54 +0200] "GET /misc/drupal.js?g HTTP/1.1" 200 9745 "http://gyurufu.hu/" "Mozilla/5.0 (Windows NT 6.1; WOW64) AppleWebKit/534+ (KHTML, like Gecko) BingPreview/1.0b"
40.77.188.119 - - [04/Oct/2019:03:50:54 +0200] "GET /sites/default/files/languages/hu_8582a244f490b74610256ab428690e24.js?g HTTP/1.1" 200 1838 "http://gyurufu.hu/" "Mozilla/5.0 (Windows NT 6.1; WOW64) AppleWebKit/534+ (KHTML, like Gecko) BingPreview/1.0b"
40.77.188.119 - - [04/Oct/2019:03:50:54 +0200] "GET /modules/photos/photos.js?g HTTP/1.1" 200 2409 "http://gyurufu.hu/" "Mozilla/5.0 (Windows NT 6.1; WOW64) AppleWebKit/534+ (KHTML, like Gecko) BingPreview/1.0b"
157.55.39.181 - - [04/Oct/2019:03:50:54 +0200] "GET /robots.txt HTTP/1.1" 200 1627 "-" "Mozilla/5.0 (compatible; bingbot/2.0; +http://www.bing.com/bingbot.htm)"
40.77.188.119 - - [04/Oct/2019:03:50:55 +0200] "GET /themes/aboutpeople/img/banners/rotate.php HTTP/1.1" 200 38338 "http://gyurufu.hu/" "Mozilla/5.0 (Windows NT 6.1; WOW64) AppleWebKit/534+ (KHTML, like Gecko) BingPreview/1.0b"
46.229.168.131 - - [04/Oct/2019:04:14:22 +0200] "GET /robots.txt HTTP/1.1" 200 1627 "-" "Mozilla/5.0 (compatible; SemrushBot/6~bl; +http://www.semrush.com/bot.html)"
46.229.168.153 - - [04/Oct/2019:04:14:23 +0200] "GET /content/gy%C5%B1r%C5%B1f%C5%B1-lak%C3%B3i?destination=node%2F56 HTTP/1.1" 200 17971 "-" "Mozilla/5.0 (compatible; SemrushBot/6~bl; +http://www.semrush.com/bot.html)"
66.249.73.201 - - [04/Oct/2019:04:18:11 +0200] "GET / HTTP/1.1" 200 19676 "-" "Mozilla/5.0 (compatible; Googlebot/2.1; +http://www.google.com/bot.html)"
195.56.55.225 - - [04/Oct/2019:04:21:07 +0200] "GET /admin/reports/request-test HTTP/1.0" 200 12 "-" "Drupal (+http://drupal.org/)"
185.2.4.76 - - [04/Oct/2019:04:21:08 +0200] "POST /xmlrpc.php HTTP/1.1" 200 380 "-" "Mozilla/5.0 (Windows; U; Windows NT 5.1; en-US; rv:1.9.0.1) Gecko/2008070208 Firefox/3.0.1"
195.56.55.225 - - [04/Oct/2019:04:21:10 +0200] "GET /admin/reports/request-test HTTP/1.0" 200 12 "-" "Drupal (+http://drupal.org/)"
185.2.4.76 - - [04/Oct/2019:04:21:10 +0200] "POST /xmlrpc.php HTTP/1.1" 200 380 "-" "Mozilla/5.0 (Windows; U; Windows NT 5.1; en-US; rv:1.9.0.1) Gecko/2008070208 Firefox/3.0.1"
66.249.73.203 - - [04/Oct/2019:04:27:08 +0200] "GET /content/kapcsolatok HTTP/1.1" 200 18236 "-" "Mozilla/5.0 (Linux; Android 6.0.1; Nexus 5X Build/MMB29P) AppleWebKit/537.36 (KHTML, like Gecko) Chrome/41.0.2272.96 Mobile Safari/537.36 (compatible; Googlebot/2.1; +http://www.google.com/bot.html)"
13.126.22.143 - - [04/Oct/2019:04:48:27 +0200] "GET /robots.txt HTTP/1.1" 200 1627 "-" "Anonymous Coward/1.0 (built with StormCrawler Archetype 1.14; http://someorganization.com/; someone@someorganization.com)"
13.126.22.143 - - [04/Oct/2019:04:48:28 +0200] "GET / HTTP/1.1" 200 19676 "-" "Anonymous Coward/1.0 (built with StormCrawler Archetype 1.14; http://someorganization.com/; someone@someorganization.com)"
13.126.22.143 - - [04/Oct/2019:04:48:59 +0200] "GET / HTTP/1.1" 200 19676 "-" "Mozilla/5.0 (Macintosh; Intel Mac OS X 10_11_6) AppleWebKit/537.36 (KHTML, like Gecko) Chrome/53.0.2785.143 Safari/537.36"
66.249.73.205 - - [04/Oct/2019:04:53:08 +0200] "GET /content/leteleped%C3%A9s HTTP/1.1" 200 17099 "-" "Mozilla/5.0 (Linux; Android 6.0.1; Nexus 5X Build/MMB29P) AppleWebKit/537.36 (KHTML, like Gecko) Chrome/41.0.2272.96 Mobile Safari/537.36 (compatible; Googlebot/2.1; +http://www.google.com/bot.html)"
66.249.73.203 - - [04/Oct/2019:05:03:25 +0200] "GET / HTTP/1.1" 200 19676 "-" "Mozilla/5.0 (Linux; Android 6.0.1; Nexus 5X Build/MMB29P) AppleWebKit/537.36 (KHTML, like Gecko) Chrome/41.0.2272.96 Mobile Safari/537.36 (compatible; Googlebot/2.1; +http://www.google.com/bot.html)"
148.251.70.179 - - [04/Oct/2019:05:34:31 +0200] "GET /robots.txt HTTP/1.1" 200 1627 "-" "Mozilla/5.0 (compatible; MJ12bot/v1.4.8; http://mj12bot.com/)"
148.251.70.179 - - [04/Oct/2019:05:34:43 +0200] "GET / HTTP/1.1" 200 19676 "-" "Mozilla/5.0 (compatible; MJ12bot/v1.4.8; http://mj12bot.com/)"
17.58.99.162 - - [04/Oct/2019:05:43:36 +0200] "GET /content/az-egyes%C3%BClet-c%C3%A9lja-%C3%A9s-k%C3%B6zhaszn%C3%BAs%C3%A1gi-jelent%C3%A9sei HTTP/1.1" 200 20507 "-" "Mozilla/5.0 (Macintosh; Intel Mac OS X 10_10_1) AppleWebKit/600.2.5 (KHTML, like Gecko) Version/8.0.2 Safari/600.2.5 (Applebot/0.1; +http://www.apple.com/go/applebot)"
185.47.185.167 - - [04/Oct/2019:05:58:08 +0200] "GET /lovastanya/ HTTP/1.1" 200 1461 "-" "Mozilla/5.0 (iPhone; CPU iPhone OS 10_3_3 like Mac OS X) AppleWebKit/603.3.8 (KHTML, like Gecko) Version/10.0 Mobile/14G60 Safari/602.1"
185.47.185.167 - - [04/Oct/2019:05:58:11 +0200] "GET /apple-touch-icon-120x120-precomposed.png HTTP/1.1" 404 4562 "-" "MobileSafari/602.1 CFNetwork/811.5.4 Darwin/16.7.0"
185.47.185.167 - - [04/Oct/2019:05:58:12 +0200] "GET /apple-touch-icon-120x120.png HTTP/1.1" 404 4562 "-" "MobileSafari/602.1 CFNetwork/811.5.4 Darwin/16.7.0"
185.47.185.167 - - [04/Oct/2019:05:58:12 +0200] "GET /apple-touch-icon-precomposed.png HTTP/1.1" 404 4562 "-" "MobileSafari/602.1 CFNetwork/811.5.4 Darwin/16.7.0"
185.47.185.167 - - [04/Oct/2019:05:58:13 +0200] "GET /apple-touch-icon.png HTTP/1.1" 404 4562 "-" "MobileSafari/602.1 CFNetwork/811.5.4 Darwin/16.7.0"
185.47.185.167 - - [04/Oct/2019:05:58:13 +0200] "GET /favicon.ico HTTP/1.1" 404 57 "-" "MobileSafari/602.1 CFNetwork/811.5.4 Darwin/16.7.0"
185.47.185.167 - - [04/Oct/2019:05:58:13 +0200] "GET /apple-touch-icon-120x120-precomposed.png HTTP/1.1" 404 4562 "-" "MobileSafari/602.1 CFNetwork/811.5.4 Darwin/16.7.0"
185.47.185.167 - - [04/Oct/2019:05:58:14 +0200] "GET /apple-touch-icon-120x120.png HTTP/1.1" 404 4562 "-" "MobileSafari/602.1 CFNetwork/811.5.4 Darwin/16.7.0"
185.47.185.167 - - [04/Oct/2019:05:58:15 +0200] "GET /apple-touch-icon-precomposed.png HTTP/1.1" 404 4562 "-" "MobileSafari/602.1 CFNetwork/811.5.4 Darwin/16.7.0"
185.47.185.167 - - [04/Oct/2019:05:58:15 +0200] "GET /apple-touch-icon.png HTTP/1.1" 404 4562 "-" "MobileSafari/602.1 CFNetwork/811.5.4 Darwin/16.7.0"
185.47.185.167 - - [04/Oct/2019:05:58:15 +0200] "GET /favicon.ico HTTP/1.1" 404 57 "-" "MobileSafari/602.1 CFNetwork/811.5.4 Darwin/16.7.0"
46.229.168.146 - - [04/Oct/2019:05:59:35 +0200] "GET /robots.txt HTTP/1.1" 200 1627 "-" "Mozilla/5.0 (compatible; SemrushBot/6~bl; +http://www.semrush.com/bot.html)"
46.229.168.137 - - [04/Oct/2019:05:59:36 +0200] "GET /content/r%C3%A9gi-h%C3%ADrek-%C3%A9s-%C3%ADrott-dokumentumok-gy%C5%B1r%C5%B1f%C5%B1r%C5%91l HTTP/1.1" 200 22088 "-" "Mozilla/5.0 (compatible; SemrushBot/6~bl; +http://www.semrush.com/bot.html)"
42.236.10.109 - - [04/Oct/2019:06:02:33 +0200] "GET / HTTP/1.1" 200 19676 "http://www.gyurufu.hu/" "Mozilla/5.0 (Windows NT 6.1; WOW64) AppleWebKit/537.36 (KHTML, like Gecko) Chrome/50.0.2661.102 Safari/537.36; 360Spider"
89.234.68.90 - - [04/Oct/2019:06:24:26 +0200] "GET / HTTP/1.1" 200 19672 "http://gyurufu.hu" "Mozilla/5.0 (Windows; U; Windows NT 5.1; en-US; rv:1.9.2.8) Gecko/20100721 Firefox/3.6.8"
89.234.68.90 - - [04/Oct/2019:06:24:34 +0200] "GET /content/k%C3%B6sz%C3%B6nt%C3%BCnk-gy%C5%B1r%C5%B1f%C5%B1n HTTP/1.1" 200 16746 "http://gyurufu.hu" "Mozilla/5.0 (Windows; U; Windows NT 5.1; en-US; rv:1.9.2.8) Gecko/20100721 Firefox/3.6.8"
89.234.68.90 - - [04/Oct/2019:06:24:48 +0200] "GET /content/gy%C5%B1r%C5%B1f%C5%B1i-falugondnoks%C3%A1g HTTP/1.1" 200 21000 "http://gyurufu.hu" "Mozilla/5.0 (Windows; U; Windows NT 5.1; en-US; rv:1.9.2.8) Gecko/20100721 Firefox/3.6.8"
89.234.68.90 - - [04/Oct/2019:06:24:57 +0200] "GET /content/v%C3%A1lyog%C3%A9p%C3%ADt%C3%A9sz-t%C3%A1borok-%C3%A9s-szaktan%C3%A1csad%C3%A1s HTTP/1.1" 200 16911 "http://gyurufu.hu" "Mozilla/5.0 (Windows; U; Windows NT 5.1; en-US; rv:1.9.2.8) Gecko/20100721 Firefox/3.6.8"
89.234.68.90 - - [04/Oct/2019:06:25:03 +0200] "GET /content/t%C3%A1rsadalmi-tev%C3%A9kenys%C3%A9g-nemzetk%C3%B6zi-kapcsolatok HTTP/1.1" 200 19534 "http://gyurufu.hu" "Mozilla/5.0 (Windows; U; Windows NT 5.1; en-US; rv:1.9.2.8) Gecko/20100721 Firefox/3.6.8"
89.234.68.90 - - [04/Oct/2019:06:25:12 +0200] "GET /content/term%C3%A9kek-szolg%C3%A1ltat%C3%A1sok HTTP/1.1" 200 17814 "http://gyurufu.hu" "Mozilla/5.0 (Windows; U; Windows NT 5.1; en-US; rv:1.9.2.8) Gecko/20100721 Firefox/3.6.8"
89.234.68.109 - - [04/Oct/2019:06:28:12 +0200] "GET / HTTP/1.1" 200 19672 "http://gyurufu.hu" "Mozilla/5.0 (Windows; U; Windows NT 5.1; en-US; rv:1.9.2.8) Gecko/20100721 Firefox/3.6.8"
89.234.68.109 - - [04/Oct/2019:06:28:29 +0200] "GET /content/k%C3%B6sz%C3%B6nt%C3%BCnk-gy%C5%B1r%C5%B1f%C5%B1n HTTP/1.1" 200 16746 "http://gyurufu.hu" "Mozilla/5.0 (Windows; U; Windows NT 5.1; en-US; rv:1.9.2.8) Gecko/20100721 Firefox/3.6.8"
89.234.68.109 - - [04/Oct/2019:06:28:43 +0200] "GET /content/gy%C5%B1r%C5%B1f%C5%B1i-falugondnoks%C3%A1g HTTP/1.1" 200 21000 "http://gyurufu.hu" "Mozilla/5.0 (Windows; U; Windows NT 5.1; en-US; rv:1.9.2.8) Gecko/20100721 Firefox/3.6.8"
89.234.68.109 - - [04/Oct/2019:06:29:02 +0200] "GET /content/v%C3%A1lyog%C3%A9p%C3%ADt%C3%A9sz-t%C3%A1borok-%C3%A9s-szaktan%C3%A1csad%C3%A1s HTTP/1.1" 200 16911 "http://gyurufu.hu" "Mozilla/5.0 (Windows; U; Windows NT 5.1; en-US; rv:1.9.2.8) Gecko/20100721 Firefox/3.6.8"
89.234.68.109 - - [04/Oct/2019:06:29:20 +0200] "GET /content/t%C3%A1rsadalmi-tev%C3%A9kenys%C3%A9g-nemzetk%C3%B6zi-kapcsolatok HTTP/1.1" 200 19534 "http://gyurufu.hu" "Mozilla/5.0 (Windows; U; Windows NT 5.1; en-US; rv:1.9.2.8) Gecko/20100721 Firefox/3.6.8"
89.234.68.109 - - [04/Oct/2019:06:29:37 +0200] "GET /content/term%C3%A9kek-szolg%C3%A1ltat%C3%A1sok HTTP/1.1" 200 17814 "http://gyurufu.hu" "Mozilla/5.0 (Windows; U; Windows NT 5.1; en-US; rv:1.9.2.8) Gecko/20100721 Firefox/3.6.8"
66.249.73.205 - - [04/Oct/2019:06:43:57 +0200] "GET /content/gy%C5%B1r%C5%B1f%C5%B1-lett-baranya-biodiverzit%C3%A1s-f%C5%91v%C3%A1rosa HTTP/1.1" 200 18956 "-" "Mozilla/5.0 (Linux; Android 6.0.1; Nexus 5X Build/MMB29P) AppleWebKit/537.36 (KHTML, like Gecko) Chrome/41.0.2272.96 Mobile Safari/537.36 (compatible; Googlebot/2.1; +http://www.google.com/bot.html)"
37.76.98.240 - - [04/Oct/2019:06:47:24 +0200] "GET /lovastanya/images/vendeghaz/10tetoter.png HTTP/1.1" 200 98091 "https://www.google.hu/" "Mozilla/5.0 (iPad; CPU OS 9_3_2 like Mac OS X) AppleWebKit/601.1.46 (KHTML, like Gecko) Version/9.0 Mobile/13F69 Safari/601.1"
66.249.73.201 - - [04/Oct/2019:06:53:09 +0200] "GET /lovastanya/ HTTP/1.1" 200 1461 "-" "Mozilla/5.0 (Linux; Android 6.0.1; Nexus 5X Build/MMB29P) AppleWebKit/537.36 (KHTML, like Gecko) Chrome/41.0.2272.96 Mobile Safari/537.36 (compatible; Googlebot/2.1; +http://www.google.com/bot.html)"
66.249.65.95 - - [04/Oct/2019:06:55:20 +0200] "GET / HTTP/1.1" 200 19672 "-" "Mozilla/5.0 (Linux; Android 6.0.1; Nexus 5X Build/MMB29P) AppleWebKit/537.36 (KHTML, like Gecko) Chrome/41.0.2272.96 Mobile Safari/537.36 (compatible; Googlebot/2.1; +http://www.google.com/bot.html)"
157.55.39.181 - - [04/Oct/2019:07:07:33 +0200] "GET /content/ HTTP/1.1" 403 1172 "-" "Mozilla/5.0 (compatible; bingbot/2.0; +http://www.bing.com/bingbot.htm)"
5.9.83.200 - - [04/Oct/2019:07:18:23 +0200] "GET /robots.txt HTTP/1.1" 200 1627 "-" "Mozilla/5.0 (compatible; um-IC/1.0; mailto: techinfo@ubermetrics-technologies.com; Windows NT 6.1; WOW64; rv:40.0) Gecko/20100101 Firefox/40.1"
5.9.83.200 - - [04/Oct/2019:07:18:23 +0200] "GET /rss.xml HTTP/1.1" 200 3891 "-" "Mozilla/5.0 (compatible; um-IC/1.0; mailto: techinfo@ubermetrics-technologies.com; Windows NT 6.1; WOW64; rv:40.0) Gecko/20100101 Firefox/40.1"
89.234.68.71 - - [04/Oct/2019:07:25:05 +0200] "GET / HTTP/1.1" 200 19672 "http://gyurufu.hu" "Mozilla/5.0 (Windows; U; Windows NT 5.1; en-US; rv:1.9.2.8) Gecko/20100721 Firefox/3.6.8"
89.234.68.71 - - [04/Oct/2019:07:25:13 +0200] "GET /content/k%C3%B6sz%C3%B6nt%C3%BCnk-gy%C5%B1r%C5%B1f%C5%B1n HTTP/1.1" 200 16746 "http://gyurufu.hu" "Mozilla/5.0 (Windows; U; Windows NT 5.1; en-US; rv:1.9.2.8) Gecko/20100721 Firefox/3.6.8"
89.234.68.71 - - [04/Oct/2019:07:25:32 +0200] "GET /content/gy%C5%B1r%C5%B1f%C5%B1i-falugondnoks%C3%A1g HTTP/1.1" 200 21000 "http://gyurufu.hu" "Mozilla/5.0 (Windows; U; Windows NT 5.1; en-US; rv:1.9.2.8) Gecko/20100721 Firefox/3.6.8"
89.234.68.71 - - [04/Oct/2019:07:25:49 +0200] "GET /content/v%C3%A1lyog%C3%A9p%C3%ADt%C3%A9sz-t%C3%A1borok-%C3%A9s-szaktan%C3%A1csad%C3%A1s HTTP/1.1" 200 16911 "http://gyurufu.hu" "Mozilla/5.0 (Windows; U; Windows NT 5.1; en-US; rv:1.9.2.8) Gecko/20100721 Firefox/3.6.8"
89.234.68.71 - - [04/Oct/2019:07:26:05 +0200] "GET /content/t%C3%A1rsadalmi-tev%C3%A9kenys%C3%A9g-nemzetk%C3%B6zi-kapcsolatok HTTP/1.1" 200 19534 "http://gyurufu.hu" "Mozilla/5.0 (Windows; U; Windows NT 5.1; en-US; rv:1.9.2.8) Gecko/20100721 Firefox/3.6.8"
89.234.68.71 - - [04/Oct/2019:07:26:21 +0200] "GET /content/term%C3%A9kek-szolg%C3%A1ltat%C3%A1sok HTTP/1.1" 200 17814 "http://gyurufu.hu" "Mozilla/5.0 (Windows; U; Windows NT 5.1; en-US; rv:1.9.2.8) Gecko/20100721 Firefox/3.6.8"
17.58.99.162 - - [04/Oct/2019:07:27:31 +0200] "GET /content/szervezetek HTTP/1.1" 200 16567 "-" "Mozilla/5.0 (Macintosh; Intel Mac OS X 10_10_1) AppleWebKit/600.2.5 (KHTML, like Gecko) Version/8.0.2 Safari/600.2.5 (Applebot/0.1; +http://www.apple.com/go/applebot)"
77.75.78.168 - - [04/Oct/2019:07:51:05 +0200] "GET /robots.txt HTTP/1.1" 200 1627 "-" "Mozilla/5.0 (compatible; SeznamBot/3.2; +http://napoveda.seznam.cz/en/seznambot-intro/)"
77.75.78.168 - - [04/Oct/2019:07:51:16 +0200] "GET /content/v%C3%ADzgazd%C3%A1lkod%C3%A1s HTTP/1.1" 200 20213 "-" "Mozilla/5.0 (compatible; SeznamBot/3.2; +http://napoveda.seznam.cz/en/seznambot-intro/)"
167.71.74.56 - - [04/Oct/2019:08:00:04 +0200] "GET / HTTP/1.1" 200 19672 "-" "Mozilla/5.0 (Windows NT 10.0; Win64; x64) AppleWebKit/537.36 (KHTML, like Gecko) Chrome/63.0.3239.132 Safari/537.36"
167.71.74.56 - - [04/Oct/2019:08:00:05 +0200] "GET /wp-includes/wlwmanifest.xml HTTP/1.1" 404 4562 "-" "Mozilla/5.0 (Windows NT 10.0; Win64; x64) AppleWebKit/537.36 (KHTML, like Gecko) Chrome/63.0.3239.132 Safari/537.36"
167.71.74.56 - - [04/Oct/2019:08:00:06 +0200] "GET /xmlrpc.php?rsd HTTP/1.1" 200 54 "-" "Mozilla/5.0 (Windows NT 10.0; Win64; x64) AppleWebKit/537.36 (KHTML, like Gecko) Chrome/63.0.3239.132 Safari/537.36"
167.71.74.56 - - [04/Oct/2019:08:00:07 +0200] "GET / HTTP/1.1" 200 19672 "-" "Mozilla/5.0 (Windows NT 10.0; Win64; x64) AppleWebKit/537.36 (KHTML, like Gecko) Chrome/63.0.3239.132 Safari/537.36"
167.71.74.56 - - [04/Oct/2019:08:00:07 +0200] "GET /blog/wp-includes/wlwmanifest.xml HTTP/1.1" 404 4562 "-" "Mozilla/5.0 (Windows NT 10.0; Win64; x64) AppleWebKit/537.36 (KHTML, like Gecko) Chrome/63.0.3239.132 Safari/537.36"
167.71.74.56 - - [04/Oct/2019:08:00:08 +0200] "GET /wordpress/wp-includes/wlwmanifest.xml HTTP/1.1" 404 4562 "-" "Mozilla/5.0 (Windows NT 10.0; Win64; x64) AppleWebKit/537.36 (KHTML, like Gecko) Chrome/63.0.3239.132 Safari/537.36"
167.71.74.56 - - [04/Oct/2019:08:00:08 +0200] "GET /wp/wp-includes/wlwmanifest.xml HTTP/1.1" 404 4562 "-" "Mozilla/5.0 (Windows NT 10.0; Win64; x64) AppleWebKit/537.36 (KHTML, like Gecko) Chrome/63.0.3239.132 Safari/537.36"
167.71.74.56 - - [04/Oct/2019:08:00:09 +0200] "GET /site/wp-includes/wlwmanifest.xml HTTP/1.1" 404 4562 "-" "Mozilla/5.0 (Windows NT 10.0; Win64; x64) AppleWebKit/537.36 (KHTML, like Gecko) Chrome/63.0.3239.132 Safari/537.36"
167.71.74.56 - - [04/Oct/2019:08:00:10 +0200] "GET /cms/wp-includes/wlwmanifest.xml HTTP/1.1" 404 4562 "-" "Mozilla/5.0 (Windows NT 10.0; Win64; x64) AppleWebKit/537.36 (KHTML, like Gecko) Chrome/63.0.3239.132 Safari/537.36"
17.58.99.162 - - [04/Oct/2019:08:16:26 +0200] "GET /content/bioterm%C3%A9kek HTTP/1.1" 200 16731 "-" "Mozilla/5.0 (Macintosh; Intel Mac OS X 10_10_1) AppleWebKit/600.2.5 (KHTML, like Gecko) Version/8.0.2 Safari/600.2.5 (Applebot/0.1; +http://www.apple.com/go/applebot)"
17.58.99.162 - - [04/Oct/2019:08:18:45 +0200] "GET /content/gy%C5%B1r%C5%B1f%C5%B1-t%C3%A1voli-m%C3%BAltja HTTP/1.1" 200 26772 "-" "Mozilla/5.0 (Macintosh; Intel Mac OS X 10_10_1) AppleWebKit/600.2.5 (KHTML, like Gecko) Version/8.0.2 Safari/600.2.5 (Applebot/0.1; +http://www.apple.com/go/applebot)"
17.58.99.162 - - [04/Oct/2019:08:21:01 +0200] "GET /content/mez%C5%91gazdas%C3%A1g HTTP/1.1" 200 19676 "-" "Mozilla/5.0 (Macintosh; Intel Mac OS X 10_10_1) AppleWebKit/600.2.5 (KHTML, like Gecko) Version/8.0.2 Safari/600.2.5 (Applebot/0.1; +http://www.apple.com/go/applebot)"
46.229.168.151 - - [04/Oct/2019:08:32:57 +0200] "GET /robots.txt HTTP/1.1" 200 1627 "-" "Mozilla/5.0 (compatible; SemrushBot/6~bl; +http://www.semrush.com/bot.html)"
46.229.168.134 - - [04/Oct/2019:08:33:00 +0200] "GET /content/permakult%C3%BAra-tanfolyamok?destination=node%2F51 HTTP/1.1" 200 19174 "-" "Mozilla/5.0 (compatible; SemrushBot/6~bl; +http://www.semrush.com/bot.html)"
66.249.73.201 - - [04/Oct/2019:08:37:20 +0200] "GET /content/megk%C3%B6zel%C3%ADt%C3%A9s HTTP/1.1" 200 21876 "-" "Mozilla/5.0 (Linux; Android 6.0.1; Nexus 5X Build/MMB29P) AppleWebKit/537.36 (KHTML, like Gecko) Chrome/41.0.2272.96 Mobile Safari/537.36 (compatible; Googlebot/2.1; +http://www.google.com/bot.html)"
66.249.73.201 - - [04/Oct/2019:08:37:52 +0200] "GET /content/gy%C5%B1r%C5%B1f%C5%B1-alap%C3%ADtv%C3%A1ny HTTP/1.1" 200 16774 "-" "Mozilla/5.0 (Linux; Android 6.0.1; Nexus 5X Build/MMB29P) AppleWebKit/537.36 (KHTML, like Gecko) Chrome/41.0.2272.96 Mobile Safari/537.36 (compatible; Googlebot/2.1; +http://www.google.com/bot.html)"
66.249.73.201 - - [04/Oct/2019:08:37:57 +0200] "GET /content/r%C3%A9sz%C3%B6nkorm%C3%A1nyzat HTTP/1.1" 200 16604 "-" "Mozilla/5.0 (Linux; Android 6.0.1; Nexus 5X Build/MMB29P) AppleWebKit/537.36 (KHTML, like Gecko) Chrome/41.0.2272.96 Mobile Safari/537.36 (compatible; Googlebot/2.1; +http://www.google.com/bot.html)"
17.58.99.162 - - [04/Oct/2019:08:53:08 +0200] "GET / HTTP/1.1" 200 19676 "-" "Mozilla/5.0 (Macintosh; Intel Mac OS X 10_10_1) AppleWebKit/600.2.5 (KHTML, like Gecko) Version/8.0.2 Safari/600.2.5 (Applebot/0.1; +http://www.apple.com/go/applebot)"
46.229.168.150 - - [04/Oct/2019:08:56:32 +0200] "GET /robots.txt HTTP/1.1" 200 1627 "-" "Mozilla/5.0 (compatible; SemrushBot/6~bl; +http://www.semrush.com/bot.html)"
46.229.168.149 - - [04/Oct/2019:08:56:33 +0200] "GET /content/r%C3%A9gi-h%C3%ADrek-%C3%A9s-%C3%ADrott-dokumentumok-gy%C5%B1r%C5%B1f%C5%B1r%C5%91l HTTP/1.1" 200 22088 "-" "Mozilla/5.0 (compatible; SemrushBot/6~bl; +http://www.semrush.com/bot.html)"
66.249.73.203 - - [04/Oct/2019:09:00:43 +0200] "GET /content/gy%C5%B1r%C5%B1f%C5%B1i-falugondnoks%C3%A1g HTTP/1.1" 200 21000 "-" "Mozilla/5.0 (Linux; Android 6.0.1; Nexus 5X Build/MMB29P) AppleWebKit/537.36 (KHTML, like Gecko) Chrome/41.0.2272.96 Mobile Safari/537.36 (compatible; Googlebot/2.1; +http://www.google.com/bot.html)"
66.249.73.203 - - [04/Oct/2019:09:07:25 +0200] "GET /lovastanya/index.html HTTP/1.1" 304 - "-" "Mozilla/5.0 (Linux; Android 6.0.1; Nexus 5X Build/MMB29P) AppleWebKit/537.36 (KHTML, like Gecko) Chrome/41.0.2272.96 Mobile Safari/537.36 (compatible; Googlebot/2.1; +http://www.google.com/bot.html)"
66.249.73.203 - - [04/Oct/2019:09:07:27 +0200] "GET /gyurufunet HTTP/1.1" 200 20495 "-" "Mozilla/5.0 (Linux; Android 6.0.1; Nexus 5X Build/MMB29P) AppleWebKit/537.36 (KHTML, like Gecko) Chrome/41.0.2272.96 Mobile Safari/537.36 (compatible; Googlebot/2.1; +http://www.google.com/bot.html)"
31.13.127.25 - - [04/Oct/2019:09:19:43 +0200] "GET / HTTP/1.1" 200 19676 "-" "facebookexternalhit/1.1 (+http://www.facebook.com/externalhit_uatext.php)"
69.171.251.55 - - [04/Oct/2019:09:48:44 +0200] "GET /?fbclid=IwAR2i6jSa3Cl06l1yNyaD9HE--8dboGeOQemE7uByMrR-zgmBBW70K98hQRE HTTP/1.1" 200 19745 "-" "Mozilla/5.0 (Windows NT 6.1; Win64; x64) AppleWebKit/537.36 (KHTML, like Gecko) Chrome/77.0.3865.90 Safari/537.36"
69.171.251.4 - - [04/Oct/2019:09:48:44 +0200] "GET /modules/nice_menus/nice_menus_default.css?g HTTP/1.1" 200 4978 "-" "Mozilla/5.0 (Windows NT 6.1; Win64; x64) AppleWebKit/537.36 (KHTML, like Gecko) Chrome/77.0.3865.90 Safari/537.36"
69.171.251.1 - - [04/Oct/2019:09:48:45 +0200] "GET /modules/nice_menus/nice_menus.css?g HTTP/1.1" 200 3607 "-" "Mozilla/5.0 (Windows NT 6.1; Win64; x64) AppleWebKit/537.36 (KHTML, like Gecko) Chrome/77.0.3865.90 Safari/537.36"
69.171.251.4 - - [04/Oct/2019:09:48:45 +0200] "GET /modules/node/node.css?g HTTP/1.1" 200 740 "-" "Mozilla/5.0 (Windows NT 6.1; Win64; x64) AppleWebKit/537.36 (KHTML, like Gecko) Chrome/77.0.3865.90 Safari/537.36"
69.171.251.1 - - [04/Oct/2019:09:48:45 +0200] "GET /modules/photos/photos.css?g HTTP/1.1" 200 5645 "-" "Mozilla/5.0 (Windows NT 6.1; Win64; x64) AppleWebKit/537.36 (KHTML, like Gecko) Chrome/77.0.3865.90 Safari/537.36"
69.171.251.4 - - [04/Oct/2019:09:48:45 +0200] "GET /modules/system/defaults.css?g HTTP/1.1" 200 757 "-" "Mozilla/5.0 (Windows NT 6.1; Win64; x64) AppleWebKit/537.36 (KHTML, like Gecko) Chrome/77.0.3865.90 Safari/537.36"
69.171.251.4 - - [04/Oct/2019:09:48:45 +0200] "GET /modules/system/system.css?g HTTP/1.1" 200 10020 "-" "Mozilla/5.0 (Windows NT 6.1; Win64; x64) AppleWebKit/537.36 (KHTML, like Gecko) Chrome/77.0.3865.90 Safari/537.36"
69.171.251.1 - - [04/Oct/2019:09:48:45 +0200] "GET /modules/system/system-menus.css?g HTTP/1.1" 200 935 "-" "Mozilla/5.0 (Windows NT 6.1; Win64; x64) AppleWebKit/537.36 (KHTML, like Gecko) Chrome/77.0.3865.90 Safari/537.36"
69.171.251.1 - - [04/Oct/2019:09:48:45 +0200] "GET /modules/user/user.css?g HTTP/1.1" 200 1127 "-" "Mozilla/5.0 (Windows NT 6.1; Win64; x64) AppleWebKit/537.36 (KHTML, like Gecko) Chrome/77.0.3865.90 Safari/537.36"
69.171.251.4 - - [04/Oct/2019:09:48:45 +0200] "GET /themes/aboutpeople/style.css?g HTTP/1.1" 200 32283 "-" "Mozilla/5.0 (Windows NT 6.1; Win64; x64) AppleWebKit/537.36 (KHTML, like Gecko) Chrome/77.0.3865.90 Safari/537.36"
69.171.251.1 - - [04/Oct/2019:09:48:45 +0200] "GET /misc/jquery.js?g HTTP/1.1" 200 31089 "-" "Mozilla/5.0 (Windows NT 6.1; Win64; x64) AppleWebKit/537.36 (KHTML, like Gecko) Chrome/77.0.3865.90 Safari/537.36"
69.171.251.4 - - [04/Oct/2019:09:48:46 +0200] "GET /misc/drupal.js?g HTTP/1.1" 200 9745 "-" "Mozilla/5.0 (Windows NT 6.1; Win64; x64) AppleWebKit/537.36 (KHTML, like Gecko) Chrome/77.0.3865.90 Safari/537.36"
69.171.251.1 - - [04/Oct/2019:09:48:46 +0200] "GET /sites/default/files/languages/hu_8582a244f490b74610256ab428690e24.js?g HTTP/1.1" 200 1838 "-" "Mozilla/5.0 (Windows NT 6.1; Win64; x64) AppleWebKit/537.36 (KHTML, like Gecko) Chrome/77.0.3865.90 Safari/537.36"
69.171.251.4 - - [04/Oct/2019:09:48:46 +0200] "GET /modules/google_analytics/googleanalytics.js?g HTTP/1.1" 200 2268 "-" "Mozilla/5.0 (Windows NT 6.1; Win64; x64) AppleWebKit/537.36 (KHTML, like Gecko) Chrome/77.0.3865.90 Safari/537.36"
69.171.251.1 - - [04/Oct/2019:09:48:46 +0200] "GET /modules/photos/photos.js?g HTTP/1.1" 200 2409 "-" "Mozilla/5.0 (Windows NT 6.1; Win64; x64) AppleWebKit/537.36 (KHTML, like Gecko) Chrome/77.0.3865.90 Safari/537.36"
69.171.251.4 - - [04/Oct/2019:09:48:46 +0200] "GET /themes/aboutpeople/img/sticky.gif HTTP/1.1" 200 560 "-" "Mozilla/5.0 (Windows NT 6.1; Win64; x64) AppleWebKit/537.36 (KHTML, like Gecko) Chrome/77.0.3865.90 Safari/537.36"
69.171.251.1 - - [04/Oct/2019:09:48:46 +0200] "GET /misc/powered-blue-80x15.png HTTP/1.1" 200 1011 "-" "Mozilla/5.0 (Windows NT 6.1; Win64; x64) AppleWebKit/537.36 (KHTML, like Gecko) Chrome/77.0.3865.90 Safari/537.36"
69.171.251.1 - - [04/Oct/2019:09:48:46 +0200] "GET /themes/aboutpeople/img/bg.gif HTTP/1.1" 200 4764 "-" "Mozilla/5.0 (Windows NT 6.1; Win64; x64) AppleWebKit/537.36 (KHTML, like Gecko) Chrome/77.0.3865.90 Safari/537.36"
69.171.251.4 - - [04/Oct/2019:09:48:46 +0200] "GET /themes/aboutpeople/img/banners/rotate.php HTTP/1.1" 200 38338 "-" "Mozilla/5.0 (Windows NT 6.1; Win64; x64) AppleWebKit/537.36 (KHTML, like Gecko) Chrome/77.0.3865.90 Safari/537.36"
69.171.251.4 - - [04/Oct/2019:09:48:47 +0200] "GET /themes/aboutpeople/img/menulinks_corner.png HTTP/1.1" 200 215 "-" "Mozilla/5.0 (Windows NT 6.1; Win64; x64) AppleWebKit/537.36 (KHTML, like Gecko) Chrome/77.0.3865.90 Safari/537.36"
69.171.251.1 - - [04/Oct/2019:09:48:47 +0200] "GET /themes/aboutpeople/img/menulinks.png HTTP/1.1" 200 1465 "-" "Mozilla/5.0 (Windows NT 6.1; Win64; x64) AppleWebKit/537.36 (KHTML, like Gecko) Chrome/77.0.3865.90 Safari/537.36"
69.171.251.4 - - [04/Oct/2019:09:48:47 +0200] "GET /modules/nice_menus/arrow-right.png HTTP/1.1" 200 258 "-" "Mozilla/5.0 (Windows NT 6.1; Win64; x64) AppleWebKit/537.36 (KHTML, like Gecko) Chrome/77.0.3865.90 Safari/537.36"
69.171.251.1 - - [04/Oct/2019:09:48:47 +0200] "GET /themes/aboutpeople/img/slinks.gif HTTP/1.1" 200 487 "-" "Mozilla/5.0 (Windows NT 6.1; Win64; x64) AppleWebKit/537.36 (KHTML, like Gecko) Chrome/77.0.3865.90 Safari/537.36"
69.171.251.8 - - [04/Oct/2019:09:48:47 +0200] "GET /themes/aboutpeople/img/bgblock.gif HTTP/1.1" 200 1287 "-" "Mozilla/5.0 (Windows NT 6.1; Win64; x64) AppleWebKit/537.36 (KHTML, like Gecko) Chrome/77.0.3865.90 Safari/537.36"
69.171.251.4 - - [04/Oct/2019:09:48:47 +0200] "GET /themes/aboutpeople/img/login_line.png HTTP/1.1" 200 510 "-" "Mozilla/5.0 (Windows NT 6.1; Win64; x64) AppleWebKit/537.36 (KHTML, like Gecko) Chrome/77.0.3865.90 Safari/537.36"
69.171.251.1 - - [04/Oct/2019:09:48:47 +0200] "GET /themes/aboutpeople/img/menuline.png HTTP/1.1" 200 395 "-" "Mozilla/5.0 (Windows NT 6.1; Win64; x64) AppleWebKit/537.36 (KHTML, like Gecko) Chrome/77.0.3865.90 Safari/537.36"
69.171.251.8 - - [04/Oct/2019:09:48:47 +0200] "GET /themes/aboutpeople/img/login.gif HTTP/1.1" 200 1018 "-" "Mozilla/5.0 (Windows NT 6.1; Win64; x64) AppleWebKit/537.36 (KHTML, like Gecko) Chrome/77.0.3865.90 Safari/537.36"
69.171.251.4 - - [04/Oct/2019:09:48:47 +0200] "GET /themes/aboutpeople/img/down_arrow_hover.png HTTP/1.1" 200 115 "-" "Mozilla/5.0 (Windows NT 6.1; Win64; x64) AppleWebKit/537.36 (KHTML, like Gecko) Chrome/77.0.3865.90 Safari/537.36"
69.171.251.1 - - [04/Oct/2019:09:48:47 +0200] "GET /themes/aboutpeople/img/use11r.gif HTTP/1.1" 200 1001 "-" "Mozilla/5.0 (Windows NT 6.1; Win64; x64) AppleWebKit/537.36 (KHTML, like Gecko) Chrome/77.0.3865.90 Safari/537.36"
69.171.251.8 - - [04/Oct/2019:09:48:47 +0200] "GET /themes/aboutpeople/img/down_arrow.png HTTP/1.1" 200 149 "-" "Mozilla/5.0 (Windows NT 6.1; Win64; x64) AppleWebKit/537.36 (KHTML, like Gecko) Chrome/77.0.3865.90 Safari/537.36"
69.171.251.4 - - [04/Oct/2019:09:48:47 +0200] "GET /themes/aboutpeople/img/slinksover.gif HTTP/1.1" 200 478 "-" "Mozilla/5.0 (Windows NT 6.1; Win64; x64) AppleWebKit/537.36 (KHTML, like Gecko) Chrome/77.0.3865.90 Safari/537.36"
69.171.251.1 - - [04/Oct/2019:09:48:47 +0200] "GET /themes/aboutpeople/img/readmore.gif HTTP/1.1" 200 366 "-" "Mozilla/5.0 (Windows NT 6.1; Win64; x64) AppleWebKit/537.36 (KHTML, like Gecko) Chrome/77.0.3865.90 Safari/537.36"
69.171.251.1 - - [04/Oct/2019:09:48:47 +0200] "GET /favicon.ico HTTP/1.1" 404 57 "-" "Mozilla/5.0 (Windows NT 6.1; Win64; x64) AppleWebKit/537.36 (KHTML, like Gecko) Chrome/77.0.3865.90 Safari/537.36"
17.58.99.162 - - [04/Oct/2019:10:02:17 +0200] "GET /content/ny%C3%ADlt-napok-%C3%A9s-bemutat%C3%B3k HTTP/1.1" 200 17477 "-" "Mozilla/5.0 (Macintosh; Intel Mac OS X 10_10_1) AppleWebKit/600.2.5 (KHTML, like Gecko) Version/8.0.2 Safari/600.2.5 (Applebot/0.1; +http://www.apple.com/go/applebot)"
66.249.73.201 - - [04/Oct/2019:10:08:17 +0200] "GET /content/kezdetekt%C5%91l-mostan%C3%A1ig HTTP/1.1" 200 22353 "-" "Mozilla/5.0 (Linux; Android 6.0.1; Nexus 5X Build/MMB29P) AppleWebKit/537.36 (KHTML, like Gecko) Chrome/41.0.2272.96 Mobile Safari/537.36 (compatible; Googlebot/2.1; +http://www.google.com/bot.html)"
104.239.4.65 - - [04/Oct/2019:10:16:15 +0200] "GET /robots.txt HTTP/1.1" 200 1627 "-" "Dispatch/0.11.3"
38.135.200.66 - - [04/Oct/2019:10:16:17 +0200] "GET / HTTP/1.1" 200 19672 "-" "Dispatch/0.11.3"
104.239.4.251 - - [04/Oct/2019:10:48:04 +0200] "GET /content/leteleped%C3%A9s HTTP/1.1" 200 17099 "-" "Dispatch/0.11.3"
38.93.172.6 - - [04/Oct/2019:10:48:04 +0200] "GET /content/t%C3%A1rsadalmi-tev%C3%A9kenys%C3%A9g-nemzetk%C3%B6zi-kapcsolatok HTTP/1.1" 200 19534 "-" "Dispatch/0.11.3"
38.93.172.106 - - [04/Oct/2019:10:48:29 +0200] "GET /content/h%C3%A1ziszappan HTTP/1.1" 200 16579 "-" "Dispatch/0.11.3"
38.128.159.53 - - [04/Oct/2019:10:48:30 +0200] "GET /content/aktu%C3%A1lis-esem%C3%A9nyek-gy%C5%B1r%C5%B1f%C5%B1n HTTP/1.1" 200 17066 "-" "Dispatch/0.11.3"
38.93.172.166 - - [04/Oct/2019:10:50:32 +0200] "GET /content/mez%C5%91gazdas%C3%A1g HTTP/1.1" 200 19676 "-" "Dispatch/0.11.3"
104.239.0.173 - - [04/Oct/2019:10:50:35 +0200] "GET /content/az-egyes%C3%BClet-tags%C3%A1ga HTTP/1.1" 200 18934 "-" "Dispatch/0.11.3"
46.229.168.161 - - [04/Oct/2019:10:57:39 +0200] "GET /robots.txt HTTP/1.1" 200 1627 "-" "Mozilla/5.0 (compatible; SemrushBot/6~bl; +http://www.semrush.com/bot.html)"
46.229.168.152 - - [04/Oct/2019:10:57:40 +0200] "GET /content/term%C3%A9szetv%C3%A9delem?destination=node%2F33 HTTP/1.1" 200 26997 "-" "Mozilla/5.0 (compatible; SemrushBot/6~bl; +http://www.semrush.com/bot.html)"
66.249.73.203 - - [04/Oct/2019:11:17:55 +0200] "GET /content/gy%C5%B1r%C5%B1f%C5%B1-lak%C3%B3i HTTP/1.1" 200 17971 "-" "Mozilla/5.0 (Linux; Android 6.0.1; Nexus 5X Build/MMB29P) AppleWebKit/537.36 (KHTML, like Gecko) Chrome/41.0.2272.96 Mobile Safari/537.36 (compatible; Googlebot/2.1; +http://www.google.com/bot.html)"
23.252.241.53 - - [04/Oct/2019:11:22:08 +0200] "GET /content/v%C3%ADzgazd%C3%A1lkod%C3%A1s HTTP/1.1" 200 20213 "-" "Dispatch/0.11.3"
38.128.157.71 - - [04/Oct/2019:11:22:08 +0200] "GET /content/lovasoktat%C3%A1s HTTP/1.1" 200 16778 "-" "Dispatch/0.11.3"
195.56.55.225 - - [04/Oct/2019:11:25:01 +0200] "GET /admin/reports/request-test HTTP/1.0" 200 12 "-" "Drupal (+http://drupal.org/)"
166.62.117.176 - - [04/Oct/2019:11:25:01 +0200] "POST /xmlrpc.php HTTP/1.1" 200 380 "-" "Mozilla/5.0 (Windows; U; Windows NT 5.1; en-US; rv:1.9.0.1) Gecko/2008070208 Firefox/3.0.1"
195.56.55.225 - - [04/Oct/2019:11:25:10 +0200] "GET /admin/reports/request-test HTTP/1.0" 200 12 "-" "Drupal (+http://drupal.org/)"
166.62.117.176 - - [04/Oct/2019:11:25:10 +0200] "POST /xmlrpc.php HTTP/1.1" 200 380 "-" "Mozilla/5.0 (Windows; U; Windows NT 5.1; en-US; rv:1.9.0.1) Gecko/2008070208 Firefox/3.0.1"
193.225.206.220 - - [04/Oct/2019:11:26:21 +0200] "GET / HTTP/1.1" 200 19672 "-" "Mozilla/5.0 (Windows NT 10.0; Win64; x64; rv:64.0) Gecko/20100101 Firefox/64.0"
193.225.206.220 - - [04/Oct/2019:11:26:21 +0200] "GET /modules/nice_menus/nice_menus.css?g HTTP/1.1" 200 3607 "http://gyurufu.hu/" "Mozilla/5.0 (Windows NT 10.0; Win64; x64; rv:64.0) Gecko/20100101 Firefox/64.0"
193.225.206.220 - - [04/Oct/2019:11:26:21 +0200] "GET /modules/nice_menus/nice_menus_default.css?g HTTP/1.1" 200 4978 "http://gyurufu.hu/" "Mozilla/5.0 (Windows NT 10.0; Win64; x64; rv:64.0) Gecko/20100101 Firefox/64.0"
193.225.206.220 - - [04/Oct/2019:11:26:21 +0200] "GET /modules/photos/photos.css?g HTTP/1.1" 200 5645 "http://gyurufu.hu/" "Mozilla/5.0 (Windows NT 10.0; Win64; x64; rv:64.0) Gecko/20100101 Firefox/64.0"
193.225.206.220 - - [04/Oct/2019:11:26:21 +0200] "GET /modules/system/defaults.css?g HTTP/1.1" 200 757 "http://gyurufu.hu/" "Mozilla/5.0 (Windows NT 10.0; Win64; x64; rv:64.0) Gecko/20100101 Firefox/64.0"
193.225.206.220 - - [04/Oct/2019:11:26:21 +0200] "GET /modules/system/system.css?g HTTP/1.1" 200 10020 "http://gyurufu.hu/" "Mozilla/5.0 (Windows NT 10.0; Win64; x64; rv:64.0) Gecko/20100101 Firefox/64.0"
193.225.206.220 - - [04/Oct/2019:11:26:21 +0200] "GET /themes/aboutpeople/style.css?g HTTP/1.1" 200 32283 "http://gyurufu.hu/" "Mozilla/5.0 (Windows NT 10.0; Win64; x64; rv:64.0) Gecko/20100101 Firefox/64.0"
193.225.206.220 - - [04/Oct/2019:11:26:21 +0200] "GET /modules/user/user.css?g HTTP/1.1" 200 1127 "http://gyurufu.hu/" "Mozilla/5.0 (Windows NT 10.0; Win64; x64; rv:64.0) Gecko/20100101 Firefox/64.0"
193.225.206.220 - - [04/Oct/2019:11:26:21 +0200] "GET /misc/jquery.js?g HTTP/1.1" 200 31089 "http://gyurufu.hu/" "Mozilla/5.0 (Windows NT 10.0; Win64; x64; rv:64.0) Gecko/20100101 Firefox/64.0"
193.225.206.220 - - [04/Oct/2019:11:26:21 +0200] "GET /modules/system/system-menus.css?g HTTP/1.1" 200 935 "http://gyurufu.hu/" "Mozilla/5.0 (Windows NT 10.0; Win64; x64; rv:64.0) Gecko/20100101 Firefox/64.0"
193.225.206.220 - - [04/Oct/2019:11:26:21 +0200] "GET /modules/node/node.css?g HTTP/1.1" 200 740 "http://gyurufu.hu/" "Mozilla/5.0 (Windows NT 10.0; Win64; x64; rv:64.0) Gecko/20100101 Firefox/64.0"
193.225.206.220 - - [04/Oct/2019:11:26:21 +0200] "GET /modules/photos/photos.js?g HTTP/1.1" 200 2409 "http://gyurufu.hu/" "Mozilla/5.0 (Windows NT 10.0; Win64; x64; rv:64.0) Gecko/20100101 Firefox/64.0"
193.225.206.220 - - [04/Oct/2019:11:26:21 +0200] "GET /modules/google_analytics/googleanalytics.js?g HTTP/1.1" 200 2268 "http://gyurufu.hu/" "Mozilla/5.0 (Windows NT 10.0; Win64; x64; rv:64.0) Gecko/20100101 Firefox/64.0"
193.225.206.220 - - [04/Oct/2019:11:26:21 +0200] "GET /misc/drupal.js?g HTTP/1.1" 200 9745 "http://gyurufu.hu/" "Mozilla/5.0 (Windows NT 10.0; Win64; x64; rv:64.0) Gecko/20100101 Firefox/64.0"
193.225.206.220 - - [04/Oct/2019:11:26:21 +0200] "GET /sites/default/files/languages/hu_8582a244f490b74610256ab428690e24.js?g HTTP/1.1" 200 1838 "http://gyurufu.hu/" "Mozilla/5.0 (Windows NT 10.0; Win64; x64; rv:64.0) Gecko/20100101 Firefox/64.0"
193.225.206.220 - - [04/Oct/2019:11:26:21 +0200] "GET /misc/powered-blue-80x15.png HTTP/1.1" 200 1011 "http://gyurufu.hu/" "Mozilla/5.0 (Windows NT 10.0; Win64; x64; rv:64.0) Gecko/20100101 Firefox/64.0"
193.225.206.220 - - [04/Oct/2019:11:26:21 +0200] "GET /themes/aboutpeople/img/sticky.gif HTTP/1.1" 200 560 "http://gyurufu.hu/" "Mozilla/5.0 (Windows NT 10.0; Win64; x64; rv:64.0) Gecko/20100101 Firefox/64.0"
193.225.206.220 - - [04/Oct/2019:11:26:21 +0200] "GET /themes/aboutpeople/img/bg.gif HTTP/1.1" 200 4764 "http://gyurufu.hu/themes/aboutpeople/style.css?g" "Mozilla/5.0 (Windows NT 10.0; Win64; x64; rv:64.0) Gecko/20100101 Firefox/64.0"
193.225.206.220 - - [04/Oct/2019:11:26:21 +0200] "GET /themes/aboutpeople/img/login_line.png HTTP/1.1" 200 510 "http://gyurufu.hu/themes/aboutpeople/style.css?g" "Mozilla/5.0 (Windows NT 10.0; Win64; x64; rv:64.0) Gecko/20100101 Firefox/64.0"
193.225.206.220 - - [04/Oct/2019:11:26:21 +0200] "GET /themes/aboutpeople/img/use11r.gif HTTP/1.1" 200 1001 "http://gyurufu.hu/themes/aboutpeople/style.css?g" "Mozilla/5.0 (Windows NT 10.0; Win64; x64; rv:64.0) Gecko/20100101 Firefox/64.0"
193.225.206.220 - - [04/Oct/2019:11:26:21 +0200] "GET /themes/aboutpeople/img/menulinks.png HTTP/1.1" 200 1465 "http://gyurufu.hu/themes/aboutpeople/style.css?g" "Mozilla/5.0 (Windows NT 10.0; Win64; x64; rv:64.0) Gecko/20100101 Firefox/64.0"
193.225.206.220 - - [04/Oct/2019:11:26:21 +0200] "GET /themes/aboutpeople/img/menuline.png HTTP/1.1" 200 395 "http://gyurufu.hu/themes/aboutpeople/style.css?g" "Mozilla/5.0 (Windows NT 10.0; Win64; x64; rv:64.0) Gecko/20100101 Firefox/64.0"
193.225.206.220 - - [04/Oct/2019:11:26:21 +0200] "GET /themes/aboutpeople/img/menulinks_corner.png HTTP/1.1" 200 215 "http://gyurufu.hu/themes/aboutpeople/style.css?g" "Mozilla/5.0 (Windows NT 10.0; Win64; x64; rv:64.0) Gecko/20100101 Firefox/64.0"
193.225.206.220 - - [04/Oct/2019:11:26:21 +0200] "GET /themes/aboutpeople/img/down_arrow_hover.png HTTP/1.1" 200 115 "http://gyurufu.hu/themes/aboutpeople/style.css?g" "Mozilla/5.0 (Windows NT 10.0; Win64; x64; rv:64.0) Gecko/20100101 Firefox/64.0"
193.225.206.220 - - [04/Oct/2019:11:26:21 +0200] "GET /themes/aboutpeople/img/down_arrow.png HTTP/1.1" 200 149 "http://gyurufu.hu/themes/aboutpeople/style.css?g" "Mozilla/5.0 (Windows NT 10.0; Win64; x64; rv:64.0) Gecko/20100101 Firefox/64.0"
193.225.206.220 - - [04/Oct/2019:11:26:21 +0200] "GET /themes/aboutpeople/img/slinks.gif HTTP/1.1" 200 487 "http://gyurufu.hu/themes/aboutpeople/style.css?g" "Mozilla/5.0 (Windows NT 10.0; Win64; x64; rv:64.0) Gecko/20100101 Firefox/64.0"
193.225.206.220 - - [04/Oct/2019:11:26:21 +0200] "GET /themes/aboutpeople/img/slinksover.gif HTTP/1.1" 200 478 "http://gyurufu.hu/themes/aboutpeople/style.css?g" "Mozilla/5.0 (Windows NT 10.0; Win64; x64; rv:64.0) Gecko/20100101 Firefox/64.0"
193.225.206.220 - - [04/Oct/2019:11:26:21 +0200] "GET /themes/aboutpeople/img/bgblock.gif HTTP/1.1" 200 1287 "http://gyurufu.hu/themes/aboutpeople/style.css?g" "Mozilla/5.0 (Windows NT 10.0; Win64; x64; rv:64.0) Gecko/20100101 Firefox/64.0"
193.225.206.220 - - [04/Oct/2019:11:26:21 +0200] "GET /themes/aboutpeople/img/login.gif HTTP/1.1" 200 1018 "http://gyurufu.hu/themes/aboutpeople/style.css?g" "Mozilla/5.0 (Windows NT 10.0; Win64; x64; rv:64.0) Gecko/20100101 Firefox/64.0"
193.225.206.220 - - [04/Oct/2019:11:26:21 +0200] "GET /modules/nice_menus/arrow-right.png HTTP/1.1" 200 258 "http://gyurufu.hu/modules/nice_menus/nice_menus_default.css?g" "Mozilla/5.0 (Windows NT 10.0; Win64; x64; rv:64.0) Gecko/20100101 Firefox/64.0"
193.225.206.220 - - [04/Oct/2019:11:26:21 +0200] "GET /themes/aboutpeople/img/readmore.gif HTTP/1.1" 200 366 "http://gyurufu.hu/themes/aboutpeople/style.css?g" "Mozilla/5.0 (Windows NT 10.0; Win64; x64; rv:64.0) Gecko/20100101 Firefox/64.0"
193.225.206.220 - - [04/Oct/2019:11:26:21 +0200] "GET /themes/aboutpeople/img/banners/rotate.php HTTP/1.1" 200 38338 "http://gyurufu.hu/themes/aboutpeople/style.css?g" "Mozilla/5.0 (Windows NT 10.0; Win64; x64; rv:64.0) Gecko/20100101 Firefox/64.0"
193.225.206.220 - - [04/Oct/2019:11:26:21 +0200] "GET /favicon.ico HTTP/1.1" 404 57 "-" "Mozilla/5.0 (Windows NT 10.0; Win64; x64; rv:64.0) Gecko/20100101 Firefox/64.0"
193.225.206.220 - - [04/Oct/2019:11:26:22 +0200] "GET / HTTP/1.1" 200 19672 "-" "Mozilla/5.0 (Windows NT 10.0; Win64; x64) AppleWebKit/537.36 (KHTML, like Gecko) Chrome/77.0.3865.90 Safari/537.36"
193.225.206.220 - - [04/Oct/2019:11:26:23 +0200] "GET /modules/nice_menus/nice_menus_default.css?g HTTP/1.1" 200 4978 "http://gyurufu.hu/" "Mozilla/5.0 (Windows NT 10.0; Win64; x64) AppleWebKit/537.36 (KHTML, like Gecko) Chrome/77.0.3865.90 Safari/537.36"
193.225.206.220 - - [04/Oct/2019:11:26:23 +0200] "GET /modules/nice_menus/nice_menus.css?g HTTP/1.1" 200 3607 "http://gyurufu.hu/" "Mozilla/5.0 (Windows NT 10.0; Win64; x64) AppleWebKit/537.36 (KHTML, like Gecko) Chrome/77.0.3865.90 Safari/537.36"
193.225.206.220 - - [04/Oct/2019:11:26:23 +0200] "GET /modules/node/node.css?g HTTP/1.1" 200 740 "http://gyurufu.hu/" "Mozilla/5.0 (Windows NT 10.0; Win64; x64) AppleWebKit/537.36 (KHTML, like Gecko) Chrome/77.0.3865.90 Safari/537.36"
193.225.206.220 - - [04/Oct/2019:11:26:23 +0200] "GET /modules/photos/photos.css?g HTTP/1.1" 200 5645 "http://gyurufu.hu/" "Mozilla/5.0 (Windows NT 10.0; Win64; x64) AppleWebKit/537.36 (KHTML, like Gecko) Chrome/77.0.3865.90 Safari/537.36"
193.225.206.220 - - [04/Oct/2019:11:26:23 +0200] "GET /modules/system/defaults.css?g HTTP/1.1" 200 757 "http://gyurufu.hu/" "Mozilla/5.0 (Windows NT 10.0; Win64; x64) AppleWebKit/537.36 (KHTML, like Gecko) Chrome/77.0.3865.90 Safari/537.36"
193.225.206.220 - - [04/Oct/2019:11:26:23 +0200] "GET /modules/system/system.css?g HTTP/1.1" 200 10020 "http://gyurufu.hu/" "Mozilla/5.0 (Windows NT 10.0; Win64; x64) AppleWebKit/537.36 (KHTML, like Gecko) Chrome/77.0.3865.90 Safari/537.36"
193.225.206.220 - - [04/Oct/2019:11:26:23 +0200] "GET /modules/system/system-menus.css?g HTTP/1.1" 200 935 "http://gyurufu.hu/" "Mozilla/5.0 (Windows NT 10.0; Win64; x64) AppleWebKit/537.36 (KHTML, like Gecko) Chrome/77.0.3865.90 Safari/537.36"
193.225.206.220 - - [04/Oct/2019:11:26:23 +0200] "GET /modules/user/user.css?g HTTP/1.1" 200 1127 "http://gyurufu.hu/" "Mozilla/5.0 (Windows NT 10.0; Win64; x64) AppleWebKit/537.36 (KHTML, like Gecko) Chrome/77.0.3865.90 Safari/537.36"
193.225.206.220 - - [04/Oct/2019:11:26:23 +0200] "GET /themes/aboutpeople/style.css?g HTTP/1.1" 200 32283 "http://gyurufu.hu/" "Mozilla/5.0 (Windows NT 10.0; Win64; x64) AppleWebKit/537.36 (KHTML, like Gecko) Chrome/77.0.3865.90 Safari/537.36"
193.225.206.220 - - [04/Oct/2019:11:26:23 +0200] "GET /misc/jquery.js?g HTTP/1.1" 200 31089 "http://gyurufu.hu/" "Mozilla/5.0 (Windows NT 10.0; Win64; x64) AppleWebKit/537.36 (KHTML, like Gecko) Chrome/77.0.3865.90 Safari/537.36"
193.225.206.220 - - [04/Oct/2019:11:26:23 +0200] "GET /misc/drupal.js?g HTTP/1.1" 200 9745 "http://gyurufu.hu/" "Mozilla/5.0 (Windows NT 10.0; Win64; x64) AppleWebKit/537.36 (KHTML, like Gecko) Chrome/77.0.3865.90 Safari/537.36"
193.225.206.220 - - [04/Oct/2019:11:26:23 +0200] "GET /sites/default/files/languages/hu_8582a244f490b74610256ab428690e24.js?g HTTP/1.1" 200 1838 "http://gyurufu.hu/" "Mozilla/5.0 (Windows NT 10.0; Win64; x64) AppleWebKit/537.36 (KHTML, like Gecko) Chrome/77.0.3865.90 Safari/537.36"
193.225.206.220 - - [04/Oct/2019:11:26:23 +0200] "GET /modules/google_analytics/googleanalytics.js?g HTTP/1.1" 200 2268 "http://gyurufu.hu/" "Mozilla/5.0 (Windows NT 10.0; Win64; x64) AppleWebKit/537.36 (KHTML, like Gecko) Chrome/77.0.3865.90 Safari/537.36"
193.225.206.220 - - [04/Oct/2019:11:26:23 +0200] "GET /modules/photos/photos.js?g HTTP/1.1" 200 2409 "http://gyurufu.hu/" "Mozilla/5.0 (Windows NT 10.0; Win64; x64) AppleWebKit/537.36 (KHTML, like Gecko) Chrome/77.0.3865.90 Safari/537.36"
193.225.206.220 - - [04/Oct/2019:11:26:23 +0200] "GET /themes/aboutpeople/img/sticky.gif HTTP/1.1" 200 560 "http://gyurufu.hu/" "Mozilla/5.0 (Windows NT 10.0; Win64; x64) AppleWebKit/537.36 (KHTML, like Gecko) Chrome/77.0.3865.90 Safari/537.36"
193.225.206.220 - - [04/Oct/2019:11:26:23 +0200] "GET /misc/powered-blue-80x15.png HTTP/1.1" 200 1011 "http://gyurufu.hu/" "Mozilla/5.0 (Windows NT 10.0; Win64; x64) AppleWebKit/537.36 (KHTML, like Gecko) Chrome/77.0.3865.90 Safari/537.36"
193.225.206.220 - - [04/Oct/2019:11:26:23 +0200] "GET /themes/aboutpeople/img/bg.gif HTTP/1.1" 200 4764 "http://gyurufu.hu/themes/aboutpeople/style.css?g" "Mozilla/5.0 (Windows NT 10.0; Win64; x64) AppleWebKit/537.36 (KHTML, like Gecko) Chrome/77.0.3865.90 Safari/537.36"
193.225.206.220 - - [04/Oct/2019:11:26:23 +0200] "GET /themes/aboutpeople/img/login_line.png HTTP/1.1" 200 510 "http://gyurufu.hu/themes/aboutpeople/style.css?g" "Mozilla/5.0 (Windows NT 10.0; Win64; x64) AppleWebKit/537.36 (KHTML, like Gecko) Chrome/77.0.3865.90 Safari/537.36"
193.225.206.220 - - [04/Oct/2019:11:26:23 +0200] "GET /themes/aboutpeople/img/use11r.gif HTTP/1.1" 200 1001 "http://gyurufu.hu/themes/aboutpeople/style.css?g" "Mozilla/5.0 (Windows NT 10.0; Win64; x64) AppleWebKit/537.36 (KHTML, like Gecko) Chrome/77.0.3865.90 Safari/537.36"
193.225.206.220 - - [04/Oct/2019:11:26:23 +0200] "GET /themes/aboutpeople/img/menulinks.png HTTP/1.1" 200 1465 "http://gyurufu.hu/themes/aboutpeople/style.css?g" "Mozilla/5.0 (Windows NT 10.0; Win64; x64) AppleWebKit/537.36 (KHTML, like Gecko) Chrome/77.0.3865.90 Safari/537.36"
193.225.206.220 - - [04/Oct/2019:11:26:23 +0200] "GET /themes/aboutpeople/img/menulinks_corner.png HTTP/1.1" 200 215 "http://gyurufu.hu/themes/aboutpeople/style.css?g" "Mozilla/5.0 (Windows NT 10.0; Win64; x64) AppleWebKit/537.36 (KHTML, like Gecko) Chrome/77.0.3865.90 Safari/537.36"
