45.130.131.209 - - [04/Oct/2020:01:51:11 +0200] "POST /user/password HTTP/1.1" 200 15998 "-" "Mozilla/5.0 (Windows NT 6.3; WOW64) AppleWebKit/537.36 (KHTML, like Gecko) Chrome/67.0.2249.26 Safari/537.36"
45.130.131.209 - - [04/Oct/2020:01:51:12 +0200] "POST /user/password HTTP/1.1" 200 15868 "-" "Mozilla/5.0 (Windows NT 6.3; WOW64) AppleWebKit/537.36 (KHTML, like Gecko) Chrome/67.0.2249.26 Safari/537.36"
45.130.131.209 - - [04/Oct/2020:01:51:12 +0200] "POST /user/password HTTP/1.1" 200 16008 "-" "Mozilla/5.0 (Windows NT 6.3; WOW64) AppleWebKit/537.36 (KHTML, like Gecko) Chrome/67.0.2249.26 Safari/537.36"
45.130.131.209 - - [04/Oct/2020:01:51:13 +0200] "POST /user/password HTTP/1.1" 200 15998 "-" "Mozilla/5.0 (Windows NT 6.3; WOW64) AppleWebKit/537.36 (KHTML, like Gecko) Chrome/67.0.2249.26 Safari/537.36"
45.130.131.209 - - [04/Oct/2020:01:51:13 +0200] "POST /user/password HTTP/1.1" 200 15998 "-" "Mozilla/5.0 (Windows NT 6.3; WOW64) AppleWebKit/537.36 (KHTML, like Gecko) Chrome/67.0.2249.26 Safari/537.36"
45.130.131.209 - - [04/Oct/2020:01:51:14 +0200] "POST /user/password HTTP/1.1" 200 15868 "-" "Mozilla/5.0 (Windows NT 6.3; WOW64) AppleWebKit/537.36 (KHTML, like Gecko) Chrome/67.0.2249.26 Safari/537.36"
185.240.95.159 - - [04/Oct/2020:01:51:15 +0200] "GET /user/register HTTP/1.1" 403 15040 "-" "Opera/9.80 (Windows NT 10.0; Win64; x64); U) Presto/2.10.181 Version/12.00"
185.240.95.159 - - [04/Oct/2020:01:51:16 +0200] "GET /content/aktu%C3%A1lis-esem%C3%A9nyek-gy%C5%B1r%C5%B1f%C5%B1n HTTP/1.1" 200 17005 "-" "Opera/9.80 (Windows NT 10.0; Win64; x64); U) Presto/2.10.181 Version/12.00"
221.13.12.82 - - [04/Oct/2020:01:51:17 +0200] "GET / HTTP/1.1" 200 19615 "-" "Mozilla/5.0 (iPhone; CPU iPhone OS 9_1 like Mac OS X) AppleWebKit/601.1.46 (KHTML, like Gecko) Version/9.0 Mobile/13B143 Safari/601.1"
185.240.95.159 - - [04/Oct/2020:01:51:18 +0200] "GET /content/friss-h%C3%ADrek-gy%C5%B1r%C5%B1f%C5%B1r%C5%91l HTTP/1.1" 200 17259 "-" "Opera/9.80 (Windows NT 10.0; Win64; x64); U) Presto/2.10.181 Version/12.00"
185.240.95.159 - - [04/Oct/2020:01:51:18 +0200] "GET /content/megk%C3%B6zel%C3%ADt%C3%A9s HTTP/1.1" 200 21815 "-" "Opera/9.80 (Windows NT 10.0; Win64; x64); U) Presto/2.10.181 Version/12.00"
185.240.95.159 - - [04/Oct/2020:01:51:19 +0200] "GET /content/bioterm%C3%A9kek HTTP/1.1" 200 16713 "-" "Opera/9.80 (Windows NT 10.0; Win64; x64); U) Presto/2.10.181 Version/12.00"
185.240.95.159 - - [04/Oct/2020:01:51:21 +0200] "GET /content/lovastanya-vend%C3%A9gh%C3%A1z-falusi-sz%C3%A1ll%C3%A1shely-baranya-sz%C3%A1ll%C3%A1s-baranya-apartman-baranya-%C3%B6koturizmus HTTP/1.1" 200 18777 "-" "Opera/9.80 (Windows NT 10.0; Win64; x64); U) Presto/2.10.181 Version/12.00"
185.240.95.159 - - [04/Oct/2020:01:51:23 +0200] "GET /erdeiiskola/index.html HTTP/1.1" 200 942 "-" "Opera/9.80 (Windows NT 10.0; Win64; x64); U) Presto/2.10.181 Version/12.00"
185.240.95.159 - - [04/Oct/2020:01:51:24 +0200] "GET /content/szent-l%C3%A1szl%C3%B3-tan%C3%B6sv%C3%A9ny HTTP/1.1" 200 20370 "-" "Opera/9.80 (Windows NT 10.0; Win64; x64); U) Presto/2.10.181 Version/12.00"
185.240.95.159 - - [04/Oct/2020:01:51:25 +0200] "GET /content/kapcsolatok HTTP/1.1" 200 18059 "-" "Opera/9.80 (Windows NT 10.0; Win64; x64); U) Presto/2.10.181 Version/12.00"
185.240.95.159 - - [04/Oct/2020:01:51:26 +0200] "GET /content/k%C3%B6sz%C3%B6nt%C3%BCnk-gy%C5%B1r%C5%B1f%C5%B1n HTTP/1.1" 200 16685 "-" "Opera/9.80 (Windows NT 10.0; Win64; x64); U) Presto/2.10.181 Version/12.00"
185.240.95.159 - - [04/Oct/2020:01:51:27 +0200] "GET /content/gy%C5%B1r%C5%B1f%C5%B1-t%C3%A1voli-m%C3%BAltja HTTP/1.1" 200 26711 "-" "Opera/9.80 (Windows NT 10.0; Win64; x64); U) Presto/2.10.181 Version/12.00"
185.240.95.159 - - [04/Oct/2020:01:51:28 +0200] "GET /content/%C3%BAj-gy%C5%B1r%C5%B1f%C5%B1 HTTP/1.1" 200 20889 "-" "Opera/9.80 (Windows NT 10.0; Win64; x64); U) Presto/2.10.181 Version/12.00"
185.240.95.159 - - [04/Oct/2020:01:51:30 +0200] "GET /content/alapelvek HTTP/1.1" 200 20160 "-" "Opera/9.80 (Windows NT 10.0; Win64; x64); U) Presto/2.10.181 Version/12.00"
185.240.95.159 - - [04/Oct/2020:01:51:31 +0200] "GET /content/kezdetekt%C5%91l-mostan%C3%A1ig HTTP/1.1" 200 22292 "-" "Opera/9.80 (Windows NT 10.0; Win64; x64); U) Presto/2.10.181 Version/12.00"
185.240.95.159 - - [04/Oct/2020:01:51:32 +0200] "GET /content/gy%C5%B1r%C5%B1f%C5%B1-lak%C3%B3i HTTP/1.1" 200 17910 "-" "Opera/9.80 (Windows NT 10.0; Win64; x64); U) Presto/2.10.181 Version/12.00"
185.240.95.159 - - [04/Oct/2020:01:51:33 +0200] "GET /content/leteleped%C3%A9s HTTP/1.1" 200 17070 "-" "Opera/9.80 (Windows NT 10.0; Win64; x64); U) Presto/2.10.181 Version/12.00"
185.240.95.159 - - [04/Oct/2020:01:51:34 +0200] "GET /content/gazd%C3%A1lkod%C3%A1s-j%C3%B6v%C5%91nkkel HTTP/1.1" 200 16604 "-" "Opera/9.80 (Windows NT 10.0; Win64; x64); U) Presto/2.10.181 Version/12.00"
185.240.95.159 - - [04/Oct/2020:01:51:36 +0200] "GET /content/term%C3%A9szetv%C3%A9delem HTTP/1.1" 200 26936 "-" "Opera/9.80 (Windows NT 10.0; Win64; x64); U) Presto/2.10.181 Version/12.00"
185.240.95.159 - - [04/Oct/2020:01:51:37 +0200] "GET /content/mez%C5%91gazdas%C3%A1g HTTP/1.1" 200 19615 "-" "Opera/9.80 (Windows NT 10.0; Win64; x64); U) Presto/2.10.181 Version/12.00"
185.240.95.159 - - [04/Oct/2020:01:51:38 +0200] "GET /content/erd%C5%91gazd%C3%A1lkod%C3%A1s HTTP/1.1" 200 18885 "-" "Opera/9.80 (Windows NT 10.0; Win64; x64); U) Presto/2.10.181 Version/12.00"
185.240.95.159 - - [04/Oct/2020:01:51:39 +0200] "GET /content/v%C3%ADzgazd%C3%A1lkod%C3%A1s HTTP/1.1" 200 20152 "-" "Opera/9.80 (Windows NT 10.0; Win64; x64); U) Presto/2.10.181 Version/12.00"
185.240.95.159 - - [04/Oct/2020:01:51:40 +0200] "GET /content/energia HTTP/1.1" 200 19605 "-" "Opera/9.80 (Windows NT 10.0; Win64; x64); U) Presto/2.10.181 Version/12.00"
114.119.135.223 - - [04/Oct/2020:01:55:17 +0200] "GET /content/k%C3%B6sz%C3%B6nt%C3%BCnk-gy%C5%B1r%C5%B1f%C5%B1n HTTP/1.1" 200 16685 "-" "Mozilla/5.0 (Linux; Android 7.0;) AppleWebKit/537.36 (KHTML, like Gecko) Mobile Safari/537.36 (compatible; PetalBot;+https://aspiegel.com/petalbot)"
176.8.143.197 - - [04/Oct/2020:01:55:34 +0200] "GET / HTTP/1.1" 200 19615 "https://ukrtvir.com.ua/" "Mozilla/4.0 (compatible; MSIE 6.0; Windows XP)"
176.8.143.197 - - [04/Oct/2020:01:55:35 +0200] "GET / HTTP/1.1" 200 19615 "https://ukrtvir.com.ua/" "Mozilla/4.0 (compatible; MSIE 6.0; Windows XP)"
176.8.143.197 - - [04/Oct/2020:01:55:36 +0200] "GET / HTTP/1.1" 200 19615 "https://ukrtvir.com.ua/" "Mozilla/4.0 (compatible; MSIE 6.0; Windows XP)"
185.191.171.35 - - [04/Oct/2020:02:11:56 +0200] "GET /robots.txt HTTP/1.1" 200 1627 "-" "Mozilla/5.0 (compatible; SemrushBot/6~bl; +http://www.semrush.com/bot.html)"
185.191.171.25 - - [04/Oct/2020:02:11:57 +0200] "GET /content/k%C3%B6sz%C3%B6nt%C3%BCnk-gy%C5%B1r%C5%B1f%C5%B1n?destination=node%2F16 HTTP/1.1" 200 16685 "-" "Mozilla/5.0 (compatible; SemrushBot/6~bl; +http://www.semrush.com/bot.html)"
114.119.147.246 - - [04/Oct/2020:02:13:19 +0200] "GET /content/r%C3%A9gi-h%C3%ADrek-%C3%A9s-%C3%ADrott-dokumentumok-gy%C5%B1r%C5%B1f%C5%B1r%C5%91l HTTP/1.1" 200 22027 "-" "Mozilla/5.0 (Linux; Android 7.0;) AppleWebKit/537.36 (KHTML, like Gecko) Mobile Safari/537.36 (compatible; PetalBot;+https://aspiegel.com/petalbot)"
176.8.143.197 - - [04/Oct/2020:02:14:38 +0200] "GET / HTTP/1.1" 200 19615 "https://soch.biographiya.com/" "Mozilla/4.0 (compatible; MSIE 6.0; Windows XP)"
176.8.143.197 - - [04/Oct/2020:02:14:39 +0200] "GET / HTTP/1.1" 200 19615 "https://soch.biographiya.com/" "Mozilla/4.0 (compatible; MSIE 6.0; Windows XP)"
176.8.143.197 - - [04/Oct/2020:02:14:40 +0200] "GET / HTTP/1.1" 200 19615 "https://soch.biographiya.com/" "Mozilla/4.0 (compatible; MSIE 6.0; Windows XP)"
54.81.119.92 - - [04/Oct/2020:02:17:45 +0200] "GET /rss.xml HTTP/1.1" 200 3891 "https://www.google.com/" "Mozilla/5.0 (Windows NT 10.0; Win64; x64) AppleWebKit/537.36 (KHTML, like Gecko) Chrome/78.0.3904.108 Safari/537.36"
66.249.66.89 - - [04/Oct/2020:02:26:34 +0200] "GET /lovastanya/ HTTP/1.1" 200 1461 "-" "Mozilla/5.0 (Linux; Android 6.0.1; Nexus 5X Build/MMB29P) AppleWebKit/537.36 (KHTML, like Gecko) Chrome/85.0.4183.132 Mobile Safari/537.36 (compatible; Googlebot/2.1; +http://www.google.com/bot.html)"
66.249.66.89 - - [04/Oct/2020:02:32:54 +0200] "GET / HTTP/1.1" 200 19615 "-" "Mozilla/5.0 (Linux; Android 6.0.1; Nexus 5X Build/MMB29P) AppleWebKit/537.36 (KHTML, like Gecko) Chrome/85.0.4183.132 Mobile Safari/537.36 (compatible; Googlebot/2.1; +http://www.google.com/bot.html)"
40.77.188.69 - - [04/Oct/2020:02:34:25 +0200] "GET / HTTP/1.1" 200 19611 "-" "Mozilla/5.0 (Windows NT 10.0; Win64; x64) AppleWebKit/537.36 (KHTML, like Gecko) Chrome/85.0.4183.121 Safari/537.36"
40.77.188.69 - - [04/Oct/2020:02:34:26 +0200] "GET /modules/nice_menus/nice_menus.css?g HTTP/1.1" 200 3607 "http://gyurufu.hu/" "Mozilla/5.0 (Windows NT 10.0; Win64; x64) AppleWebKit/537.36 (KHTML, like Gecko) Chrome/85.0.4183.121 Safari/537.36"
40.77.188.69 - - [04/Oct/2020:02:34:26 +0200] "GET /modules/nice_menus/nice_menus_default.css?g HTTP/1.1" 200 4978 "http://gyurufu.hu/" "Mozilla/5.0 (Windows NT 10.0; Win64; x64) AppleWebKit/537.36 (KHTML, like Gecko) Chrome/85.0.4183.121 Safari/537.36"
40.77.188.69 - - [04/Oct/2020:02:34:26 +0200] "GET /modules/system/defaults.css?g HTTP/1.1" 200 757 "http://gyurufu.hu/" "Mozilla/5.0 (Windows NT 10.0; Win64; x64) AppleWebKit/537.36 (KHTML, like Gecko) Chrome/85.0.4183.121 Safari/537.36"
40.77.188.69 - - [04/Oct/2020:02:34:26 +0200] "GET /modules/system/system.css?g HTTP/1.1" 200 10020 "http://gyurufu.hu/" "Mozilla/5.0 (Windows NT 10.0; Win64; x64) AppleWebKit/537.36 (KHTML, like Gecko) Chrome/85.0.4183.121 Safari/537.36"
40.77.188.69 - - [04/Oct/2020:02:34:26 +0200] "GET /modules/photos/photos.css?g HTTP/1.1" 200 5645 "http://gyurufu.hu/" "Mozilla/5.0 (Windows NT 10.0; Win64; x64) AppleWebKit/537.36 (KHTML, like Gecko) Chrome/85.0.4183.121 Safari/537.36"
40.77.188.69 - - [04/Oct/2020:02:34:26 +0200] "GET /modules/node/node.css?g HTTP/1.1" 200 740 "http://gyurufu.hu/" "Mozilla/5.0 (Windows NT 10.0; Win64; x64) AppleWebKit/537.36 (KHTML, like Gecko) Chrome/85.0.4183.121 Safari/537.36"
40.77.188.69 - - [04/Oct/2020:02:34:26 +0200] "GET /modules/system/system-menus.css?g HTTP/1.1" 200 935 "http://gyurufu.hu/" "Mozilla/5.0 (Windows NT 10.0; Win64; x64) AppleWebKit/537.36 (KHTML, like Gecko) Chrome/85.0.4183.121 Safari/537.36"
40.77.188.69 - - [04/Oct/2020:02:34:26 +0200] "GET /modules/user/user.css?g HTTP/1.1" 200 1127 "http://gyurufu.hu/" "Mozilla/5.0 (Windows NT 10.0; Win64; x64) AppleWebKit/537.36 (KHTML, like Gecko) Chrome/85.0.4183.121 Safari/537.36"
40.77.188.69 - - [04/Oct/2020:02:34:26 +0200] "GET /modules/google_analytics/googleanalytics.js?g HTTP/1.1" 200 2268 "http://gyurufu.hu/" "Mozilla/5.0 (Windows NT 10.0; Win64; x64) AppleWebKit/537.36 (KHTML, like Gecko) Chrome/85.0.4183.121 Safari/537.36"
40.77.188.69 - - [04/Oct/2020:02:34:26 +0200] "GET /misc/jquery.js?g HTTP/1.1" 200 31089 "http://gyurufu.hu/" "Mozilla/5.0 (Windows NT 10.0; Win64; x64) AppleWebKit/537.36 (KHTML, like Gecko) Chrome/85.0.4183.121 Safari/537.36"
40.77.188.69 - - [04/Oct/2020:02:34:26 +0200] "GET /misc/drupal.js?g HTTP/1.1" 200 9745 "http://gyurufu.hu/" "Mozilla/5.0 (Windows NT 10.0; Win64; x64) AppleWebKit/537.36 (KHTML, like Gecko) Chrome/85.0.4183.121 Safari/537.36"
40.77.188.69 - - [04/Oct/2020:02:34:26 +0200] "GET /themes/aboutpeople/style.css?g HTTP/1.1" 200 32283 "http://gyurufu.hu/" "Mozilla/5.0 (Windows NT 10.0; Win64; x64) AppleWebKit/537.36 (KHTML, like Gecko) Chrome/85.0.4183.121 Safari/537.36"
40.77.188.69 - - [04/Oct/2020:02:34:26 +0200] "GET /sites/default/files/languages/hu_8582a244f490b74610256ab428690e24.js?g HTTP/1.1" 200 1838 "http://gyurufu.hu/" "Mozilla/5.0 (Windows NT 10.0; Win64; x64) AppleWebKit/537.36 (KHTML, like Gecko) Chrome/85.0.4183.121 Safari/537.36"
40.77.188.69 - - [04/Oct/2020:02:34:26 +0200] "GET /modules/photos/photos.js?g HTTP/1.1" 200 2409 "http://gyurufu.hu/" "Mozilla/5.0 (Windows NT 10.0; Win64; x64) AppleWebKit/537.36 (KHTML, like Gecko) Chrome/85.0.4183.121 Safari/537.36"
40.77.190.77 - - [04/Oct/2020:02:34:27 +0200] "GET / HTTP/1.1" 200 19611 "-" "Mozilla/5.0 (Windows NT 10.0; Win64; x64) AppleWebKit/537.36 (KHTML, like Gecko) Chrome/85.0.4183.121 Safari/537.36 Edg/85.0.564.63"
40.77.188.69 - - [04/Oct/2020:02:34:27 +0200] "GET /themes/aboutpeople/img/banners/rotate.php HTTP/1.1" 200 38338 "http://gyurufu.hu/themes/aboutpeople/style.css?g" "Mozilla/5.0 (Windows NT 10.0; Win64; x64) AppleWebKit/537.36 (KHTML, like Gecko) Chrome/85.0.4183.121 Safari/537.36"
40.77.190.77 - - [04/Oct/2020:02:34:27 +0200] "GET /modules/nice_menus/nice_menus.css?g HTTP/1.1" 200 3607 "http://gyurufu.hu/" "Mozilla/5.0 (Windows NT 10.0; Win64; x64) AppleWebKit/537.36 (KHTML, like Gecko) Chrome/85.0.4183.121 Safari/537.36 Edg/85.0.564.63"
40.77.190.77 - - [04/Oct/2020:02:34:27 +0200] "GET /modules/nice_menus/nice_menus_default.css?g HTTP/1.1" 200 4978 "http://gyurufu.hu/" "Mozilla/5.0 (Windows NT 10.0; Win64; x64) AppleWebKit/537.36 (KHTML, like Gecko) Chrome/85.0.4183.121 Safari/537.36 Edg/85.0.564.63"
40.77.190.77 - - [04/Oct/2020:02:34:28 +0200] "GET /modules/node/node.css?g HTTP/1.1" 200 740 "http://gyurufu.hu/" "Mozilla/5.0 (Windows NT 10.0; Win64; x64) AppleWebKit/537.36 (KHTML, like Gecko) Chrome/85.0.4183.121 Safari/537.36 Edg/85.0.564.63"
40.77.190.77 - - [04/Oct/2020:02:34:28 +0200] "GET /modules/photos/photos.css?g HTTP/1.1" 200 5645 "http://gyurufu.hu/" "Mozilla/5.0 (Windows NT 10.0; Win64; x64) AppleWebKit/537.36 (KHTML, like Gecko) Chrome/85.0.4183.121 Safari/537.36 Edg/85.0.564.63"
40.77.190.77 - - [04/Oct/2020:02:34:28 +0200] "GET /modules/system/defaults.css?g HTTP/1.1" 200 757 "http://gyurufu.hu/" "Mozilla/5.0 (Windows NT 10.0; Win64; x64) AppleWebKit/537.36 (KHTML, like Gecko) Chrome/85.0.4183.121 Safari/537.36 Edg/85.0.564.63"
40.77.190.77 - - [04/Oct/2020:02:34:28 +0200] "GET /modules/system/system.css?g HTTP/1.1" 200 10020 "http://gyurufu.hu/" "Mozilla/5.0 (Windows NT 10.0; Win64; x64) AppleWebKit/537.36 (KHTML, like Gecko) Chrome/85.0.4183.121 Safari/537.36 Edg/85.0.564.63"
40.77.190.77 - - [04/Oct/2020:02:34:28 +0200] "GET /modules/system/system-menus.css?g HTTP/1.1" 200 935 "http://gyurufu.hu/" "Mozilla/5.0 (Windows NT 10.0; Win64; x64) AppleWebKit/537.36 (KHTML, like Gecko) Chrome/85.0.4183.121 Safari/537.36 Edg/85.0.564.63"
40.77.190.77 - - [04/Oct/2020:02:34:28 +0200] "GET /modules/user/user.css?g HTTP/1.1" 200 1127 "http://gyurufu.hu/" "Mozilla/5.0 (Windows NT 10.0; Win64; x64) AppleWebKit/537.36 (KHTML, like Gecko) Chrome/85.0.4183.121 Safari/537.36 Edg/85.0.564.63"
40.77.190.77 - - [04/Oct/2020:02:34:28 +0200] "GET /themes/aboutpeople/style.css?g HTTP/1.1" 200 32283 "http://gyurufu.hu/" "Mozilla/5.0 (Windows NT 10.0; Win64; x64) AppleWebKit/537.36 (KHTML, like Gecko) Chrome/85.0.4183.121 Safari/537.36 Edg/85.0.564.63"
40.77.190.77 - - [04/Oct/2020:02:34:28 +0200] "GET /misc/jquery.js?g HTTP/1.1" 200 31089 "http://gyurufu.hu/" "Mozilla/5.0 (Windows NT 10.0; Win64; x64) AppleWebKit/537.36 (KHTML, like Gecko) Chrome/85.0.4183.121 Safari/537.36 Edg/85.0.564.63"
40.77.190.77 - - [04/Oct/2020:02:34:28 +0200] "GET /misc/drupal.js?g HTTP/1.1" 200 9745 "http://gyurufu.hu/" "Mozilla/5.0 (Windows NT 10.0; Win64; x64) AppleWebKit/537.36 (KHTML, like Gecko) Chrome/85.0.4183.121 Safari/537.36 Edg/85.0.564.63"
40.77.190.77 - - [04/Oct/2020:02:34:28 +0200] "GET /sites/default/files/languages/hu_8582a244f490b74610256ab428690e24.js?g HTTP/1.1" 200 1838 "http://gyurufu.hu/" "Mozilla/5.0 (Windows NT 10.0; Win64; x64) AppleWebKit/537.36 (KHTML, like Gecko) Chrome/85.0.4183.121 Safari/537.36 Edg/85.0.564.63"
40.77.190.77 - - [04/Oct/2020:02:34:28 +0200] "GET /modules/google_analytics/googleanalytics.js?g HTTP/1.1" 200 2268 "http://gyurufu.hu/" "Mozilla/5.0 (Windows NT 10.0; Win64; x64) AppleWebKit/537.36 (KHTML, like Gecko) Chrome/85.0.4183.121 Safari/537.36 Edg/85.0.564.63"
40.77.190.77 - - [04/Oct/2020:02:34:28 +0200] "GET /modules/photos/photos.js?g HTTP/1.1" 200 2409 "http://gyurufu.hu/" "Mozilla/5.0 (Windows NT 10.0; Win64; x64) AppleWebKit/537.36 (KHTML, like Gecko) Chrome/85.0.4183.121 Safari/537.36 Edg/85.0.564.63"
40.77.190.77 - - [04/Oct/2020:02:34:28 +0200] "GET /themes/aboutpeople/img/banners/rotate.php HTTP/1.1" 200 38338 "http://gyurufu.hu/themes/aboutpeople/style.css?g" "Mozilla/5.0 (Windows NT 10.0; Win64; x64) AppleWebKit/537.36 (KHTML, like Gecko) Chrome/85.0.4183.121 Safari/537.36 Edg/85.0.564.63"
145.236.121.192 - - [04/Oct/2020:02:36:11 +0200] "GET /lovastanya/ HTTP/1.1" 200 1461 "-" "Mozilla/5.0 (iPhone; CPU iPhone OS 12_4_8 like Mac OS X) AppleWebKit/605.1.15 (KHTML, like Gecko) Version/12.1.2 Mobile/15E148 Safari/604.1"
145.236.121.192 - - [04/Oct/2020:02:36:11 +0200] "GET /apple-touch-icon-120x120-precomposed.png HTTP/1.1" 404 4562 "-" "MobileSafari/604.1 CFNetwork/978.0.7 Darwin/18.7.0"
145.236.121.192 - - [04/Oct/2020:02:36:12 +0200] "GET /apple-touch-icon-120x120.png HTTP/1.1" 404 4562 "-" "MobileSafari/604.1 CFNetwork/978.0.7 Darwin/18.7.0"
145.236.121.192 - - [04/Oct/2020:02:36:12 +0200] "GET /apple-touch-icon-precomposed.png HTTP/1.1" 404 4562 "-" "MobileSafari/604.1 CFNetwork/978.0.7 Darwin/18.7.0"
145.236.121.192 - - [04/Oct/2020:02:36:12 +0200] "GET /apple-touch-icon.png HTTP/1.1" 404 4562 "-" "MobileSafari/604.1 CFNetwork/978.0.7 Darwin/18.7.0"
145.236.121.192 - - [04/Oct/2020:02:36:12 +0200] "GET /favicon.ico HTTP/1.1" 404 57 "-" "MobileSafari/604.1 CFNetwork/978.0.7 Darwin/18.7.0"
145.236.121.192 - - [04/Oct/2020:02:36:12 +0200] "GET /apple-touch-icon-120x120-precomposed.png HTTP/1.1" 404 4562 "-" "MobileSafari/604.1 CFNetwork/978.0.7 Darwin/18.7.0"
145.236.121.192 - - [04/Oct/2020:02:36:13 +0200] "GET /apple-touch-icon-120x120.png HTTP/1.1" 404 4562 "-" "MobileSafari/604.1 CFNetwork/978.0.7 Darwin/18.7.0"
145.236.121.192 - - [04/Oct/2020:02:36:13 +0200] "GET /apple-touch-icon-precomposed.png HTTP/1.1" 404 4562 "-" "MobileSafari/604.1 CFNetwork/978.0.7 Darwin/18.7.0"
145.236.121.192 - - [04/Oct/2020:02:36:13 +0200] "GET /apple-touch-icon.png HTTP/1.1" 404 4562 "-" "MobileSafari/604.1 CFNetwork/978.0.7 Darwin/18.7.0"
145.236.121.192 - - [04/Oct/2020:02:36:13 +0200] "GET /favicon.ico HTTP/1.1" 404 57 "-" "MobileSafari/604.1 CFNetwork/978.0.7 Darwin/18.7.0"
114.119.132.58 - - [04/Oct/2020:02:37:45 +0200] "GET / HTTP/1.1" 200 19615 "-" "Mozilla/5.0 (Linux; Android 7.0;) AppleWebKit/537.36 (KHTML, like Gecko) Mobile Safari/537.36 (compatible; PetalBot;+https://aspiegel.com/petalbot)"
17.58.98.113 - - [04/Oct/2020:02:44:03 +0200] "GET /content/az-egyes%C3%BClet-c%C3%A9lja-%C3%A9s-k%C3%B6zhaszn%C3%BAs%C3%A1gi-jelent%C3%A9sei HTTP/1.1" 200 20410 "-" "Mozilla/5.0 (Macintosh; Intel Mac OS X 10_15_5) AppleWebKit/605.1.15 (KHTML, like Gecko) Version/13.1.1 Safari/605.1.15 (Applebot/0.1; +http://www.apple.com/go/applebot)"
114.119.152.70 - - [04/Oct/2020:02:46:43 +0200] "GET /content/az-egyes%C3%BClet-c%C3%A9lja-%C3%A9s-k%C3%B6zhaszn%C3%BAs%C3%A1gi-jelent%C3%A9sei HTTP/1.1" 200 20410 "-" "Mozilla/5.0 (Linux; Android 7.0;) AppleWebKit/537.36 (KHTML, like Gecko) Mobile Safari/537.36 (compatible; PetalBot;+https://aspiegel.com/petalbot)"
114.119.147.246 - - [04/Oct/2020:02:52:38 +0200] "GET /biodiverzitas/ismerteto.html HTTP/1.1" 200 2696 "-" "Mozilla/5.0 (Linux; Android 7.0;) AppleWebKit/537.36 (KHTML, like Gecko) Mobile Safari/537.36 (compatible; PetalBot;+https://aspiegel.com/petalbot)"
185.191.171.36 - - [04/Oct/2020:02:53:17 +0200] "GET /content/veronika-erdei-iskola-gy%C5%B1r%C5%B1f%C5%B1n HTTP/1.1" 200 24603 "-" "Mozilla/5.0 (compatible; SemrushBot/6~bl; +http://www.semrush.com/bot.html)"
49.233.143.96 - - [04/Oct/2020:02:57:20 +0200] "GET /search/?kw=www.ymwears.cn HTTP/1.1" 404 4562 "-" "Mozilla/5.0 (iPhone; CPU iPhone OS 10_3_3 like Mac OS X) AppleWebKit/603.3.8 (KHTML, like Gecko) Mobile/14G60 MicroMessenger/6.7.2 NetType/4G Language/zh_CN"
49.233.143.96 - - [04/Oct/2020:02:57:21 +0200] "GET /search?keyword=www.ymwears.cn HTTP/1.1" 404 4562 "-" "Mozilla/5.0 (iPhone; CPU iPhone OS 10_3_3 like Mac OS X) AppleWebKit/603.3.8 (KHTML, like Gecko) Mobile/14G60 MicroMessenger/6.7.2 NetType/4G Language/zh_CN"
49.233.143.96 - - [04/Oct/2020:02:57:22 +0200] "GET /plus/search.php?keyword=www.ymwears.cn HTTP/1.1" 404 4562 "-" "Mozilla/5.0 (iPhone; CPU iPhone OS 10_3_3 like Mac OS X) AppleWebKit/603.3.8 (KHTML, like Gecko) Mobile/14G60 MicroMessenger/6.7.2 NetType/4G Language/zh_CN"
49.233.143.96 - - [04/Oct/2020:02:57:23 +0200] "GET /search?q=www.ymwears.cn HTTP/1.1" 404 4562 "-" "Mozilla/5.0 (iPhone; CPU iPhone OS 10_3_3 like Mac OS X) AppleWebKit/603.3.8 (KHTML, like Gecko) Mobile/14G60 MicroMessenger/6.7.2 NetType/4G Language/zh_CN"
49.233.143.96 - - [04/Oct/2020:02:57:25 +0200] "GET /?s=www.ymwears.cn HTTP/1.1" 200 19636 "-" "Mozilla/5.0 (iPhone; CPU iPhone OS 10_3_3 like Mac OS X) AppleWebKit/603.3.8 (KHTML, like Gecko) Mobile/14G60 MicroMessenger/6.7.2 NetType/4G Language/zh_CN"
49.233.143.96 - - [04/Oct/2020:02:57:26 +0200] "GET /?q=www.ymwears.cn HTTP/1.1" 404 4562 "-" "Mozilla/5.0 (iPhone; CPU iPhone OS 10_3_3 like Mac OS X) AppleWebKit/603.3.8 (KHTML, like Gecko) Mobile/14G60 MicroMessenger/6.7.2 NetType/4G Language/zh_CN"
49.233.143.96 - - [04/Oct/2020:02:57:28 +0200] "GET /search.php?q=www.ymwears.cn HTTP/1.1" 404 4562 "-" "Mozilla/5.0 (iPhone; CPU iPhone OS 10_3_3 like Mac OS X) AppleWebKit/603.3.8 (KHTML, like Gecko) Mobile/14G60 MicroMessenger/6.7.2 NetType/4G Language/zh_CN"
49.233.143.96 - - [04/Oct/2020:02:57:29 +0200] "GET /search?q=www.ymwears.cn HTTP/1.1" 404 4562 "-" "Mozilla/5.0 (iPhone; CPU iPhone OS 10_3_3 like Mac OS X) AppleWebKit/603.3.8 (KHTML, like Gecko) Mobile/14G60 MicroMessenger/6.7.2 NetType/4G Language/zh_CN"
49.233.143.96 - - [04/Oct/2020:02:57:30 +0200] "GET /search/?q=www.ymwears.cn HTTP/1.1" 404 4562 "-" "Mozilla/5.0 (iPhone; CPU iPhone OS 10_3_3 like Mac OS X) AppleWebKit/603.3.8 (KHTML, like Gecko) Mobile/14G60 MicroMessenger/6.7.2 NetType/4G Language/zh_CN"
49.233.143.96 - - [04/Oct/2020:02:57:31 +0200] "GET /search/www.ymwears.cn HTTP/1.1" 404 4562 "-" "Mozilla/5.0 (iPhone; CPU iPhone OS 10_3_3 like Mac OS X) AppleWebKit/603.3.8 (KHTML, like Gecko) Mobile/14G60 MicroMessenger/6.7.2 NetType/4G Language/zh_CN"
49.233.143.96 - - [04/Oct/2020:02:57:32 +0200] "GET /search.html?q=www.ymwears.cn HTTP/1.1" 404 4562 "-" "Mozilla/5.0 (iPhone; CPU iPhone OS 10_3_3 like Mac OS X) AppleWebKit/603.3.8 (KHTML, like Gecko) Mobile/14G60 MicroMessenger/6.7.2 NetType/4G Language/zh_CN"
49.233.143.96 - - [04/Oct/2020:02:57:33 +0200] "GET /search/?query=www.ymwears.cn HTTP/1.1" 404 4562 "-" "Mozilla/5.0 (iPhone; CPU iPhone OS 10_3_3 like Mac OS X) AppleWebKit/603.3.8 (KHTML, like Gecko) Mobile/14G60 MicroMessenger/6.7.2 NetType/4G Language/zh_CN"
49.233.143.96 - - [04/Oct/2020:02:57:35 +0200] "GET /plus/search.php?q=www.ymwears.cn HTTP/1.1" 404 4562 "-" "Mozilla/5.0 (iPhone; CPU iPhone OS 10_3_3 like Mac OS X) AppleWebKit/603.3.8 (KHTML, like Gecko) Mobile/14G60 MicroMessenger/6.7.2 NetType/4G Language/zh_CN"
49.233.143.96 - - [04/Oct/2020:02:57:36 +0200] "GET /search?query=www.ymwears.cn HTTP/1.1" 404 4562 "-" "Mozilla/5.0 (iPhone; CPU iPhone OS 10_3_3 like Mac OS X) AppleWebKit/603.3.8 (KHTML, like Gecko) Mobile/14G60 MicroMessenger/6.7.2 NetType/4G Language/zh_CN"
49.233.143.96 - - [04/Oct/2020:02:57:37 +0200] "GET /www.ymwears.cn HTTP/1.1" 404 4562 "-" "Mozilla/5.0 (iPhone; CPU iPhone OS 10_3_3 like Mac OS X) AppleWebKit/603.3.8 (KHTML, like Gecko) Mobile/14G60 MicroMessenger/6.7.2 NetType/4G Language/zh_CN"
185.191.171.40 - - [04/Oct/2020:03:07:39 +0200] "GET /content/az-egyes%C3%BClet-c%C3%A9lja-%C3%A9s-k%C3%B6zhaszn%C3%BAs%C3%A1gi-jelent%C3%A9sei?destination=node%2F9 HTTP/1.1" 200 20410 "-" "Mozilla/5.0 (compatible; SemrushBot/6~bl; +http://www.semrush.com/bot.html)"
207.180.203.210 - - [04/Oct/2020:03:15:46 +0200] "GET /robots.txt HTTP/1.1" 200 1627 "-" "Mozilla/5.0 (compatible; MJ12bot/v1.4.8; http://mj12bot.com/)"
207.180.203.210 - - [04/Oct/2020:03:16:17 +0200] "GET /content/kezdetekt%C5%91l-mostan%C3%A1ig HTTP/1.1" 200 22292 "-" "Mozilla/5.0 (compatible; MJ12bot/v1.4.8; http://mj12bot.com/)"
207.180.203.210 - - [04/Oct/2020:03:16:37 +0200] "GET /content/leteleped%C3%A9s HTTP/1.1" 200 17070 "-" "Mozilla/5.0 (compatible; MJ12bot/v1.4.8; http://mj12bot.com/)"
207.180.203.210 - - [04/Oct/2020:03:17:01 +0200] "GET /content/permakult%C3%BAra-tanfolyamok HTTP/1.1" 200 19113 "-" "Mozilla/5.0 (compatible; MJ12bot/v1.4.8; http://mj12bot.com/)"
207.180.203.210 - - [04/Oct/2020:03:17:24 +0200] "GET /content/v%C3%ADzgazd%C3%A1lkod%C3%A1s HTTP/1.1" 200 20152 "-" "Mozilla/5.0 (compatible; MJ12bot/v1.4.8; http://mj12bot.com/)"
207.180.203.210 - - [04/Oct/2020:03:17:56 +0200] "GET /lovastanya%C2%A0Postac%C3%ADm: HTTP/1.1" 404 4562 "-" "Mozilla/5.0 (compatible; MJ12bot/v1.4.8; http://mj12bot.com/)"
114.119.133.85 - - [04/Oct/2020:03:20:30 +0200] "GET /content/alap%C3%ADtv%C3%A1ny-egyes%C3%BClet HTTP/1.1" 200 18654 "-" "Mozilla/5.0 (Linux; Android 7.0;) AppleWebKit/537.36 (KHTML, like Gecko) Mobile Safari/537.36 (compatible; PetalBot;+https://aspiegel.com/petalbot)"
66.249.66.89 - - [04/Oct/2020:03:23:20 +0200] "GET / HTTP/1.1" 200 19615 "-" "Mozilla/5.0 (compatible; Googlebot/2.1; +http://www.google.com/bot.html)"
157.55.39.104 - - [04/Oct/2020:03:28:36 +0200] "GET /lovastanya/images/telek/11futoszar.jpg HTTP/1.1" 200 52281 "-" "Mozilla/5.0 (compatible; bingbot/2.0; +http://www.bing.com/bingbot.htm)"
114.119.152.70 - - [04/Oct/2020:03:32:15 +0200] "GET /content/%C3%BAj-gy%C5%B1r%C5%B1f%C5%B1 HTTP/1.1" 200 20889 "-" "Mozilla/5.0 (Linux; Android 7.0;) AppleWebKit/537.36 (KHTML, like Gecko) Mobile Safari/537.36 (compatible; PetalBot;+https://aspiegel.com/petalbot)"
114.119.131.205 - - [04/Oct/2020:03:42:52 +0200] "GET / HTTP/1.1" 200 19615 "-" "Mozilla/5.0 (Linux; Android 7.0;) AppleWebKit/537.36 (KHTML, like Gecko) Mobile Safari/537.36 (compatible; PetalBot;+https://aspiegel.com/petalbot)"
114.119.148.60 - - [04/Oct/2020:03:55:34 +0200] "GET /content/h%C3%A1ziszappan HTTP/1.1" 404 4562 "-" "Mozilla/5.0 (Linux; Android 7.0;) AppleWebKit/537.36 (KHTML, like Gecko) Mobile Safari/537.36 (compatible; PetalBot;+https://aspiegel.com/petalbot)"
114.119.131.35 - - [04/Oct/2020:04:01:30 +0200] "GET /content/v%C3%A1llalkoz%C3%A1sok HTTP/1.1" 200 17563 "-" "Mozilla/5.0 (Linux; Android 7.0;) AppleWebKit/537.36 (KHTML, like Gecko) Mobile Safari/537.36 (compatible; PetalBot;+https://aspiegel.com/petalbot)"
114.119.131.14 - - [04/Oct/2020:04:07:20 +0200] "GET /content/friss-h%C3%ADrek-gy%C5%B1r%C5%B1f%C5%B1r%C5%91l HTTP/1.1" 200 17259 "-" "Mozilla/5.0 (Linux; Android 7.0;) AppleWebKit/537.36 (KHTML, like Gecko) Mobile Safari/537.36 (compatible; PetalBot;+https://aspiegel.com/petalbot)"
31.202.101.40 - - [04/Oct/2020:04:40:34 +0200] "GET /xmlrpc.php HTTP/1.1" 200 54 "-" "Chrome 73.75 7|Mozilla/5.0 (Windows NT 6.1) AppleWebKit/537.36 (KHTML, like Gecko) Chrome/73.0.3683.75 Safari/537.36"
31.202.101.40 - - [04/Oct/2020:04:40:37 +0200] "GET /?author=1 HTTP/1.1" 200 19624 "-" "Chrome 73.75 7|Mozilla/5.0 (Windows NT 6.1) AppleWebKit/537.36 (KHTML, like Gecko) Chrome/73.0.3683.75 Safari/537.36"
31.202.101.40 - - [04/Oct/2020:04:40:38 +0200] "GET /?author=2 HTTP/1.1" 200 19624 "-" "Chrome 73.75 7|Mozilla/5.0 (Windows NT 6.1) AppleWebKit/537.36 (KHTML, like Gecko) Chrome/73.0.3683.75 Safari/537.36"
31.202.101.40 - - [04/Oct/2020:04:40:39 +0200] "GET /?author=3 HTTP/1.1" 200 19624 "-" "Chrome 73.75 7|Mozilla/5.0 (Windows NT 6.1) AppleWebKit/537.36 (KHTML, like Gecko) Chrome/73.0.3683.75 Safari/537.36"
31.202.101.40 - - [04/Oct/2020:04:40:40 +0200] "GET /?author=4 HTTP/1.1" 200 19624 "-" "Chrome 73.75 7|Mozilla/5.0 (Windows NT 6.1) AppleWebKit/537.36 (KHTML, like Gecko) Chrome/73.0.3683.75 Safari/537.36"
31.202.101.40 - - [04/Oct/2020:04:40:41 +0200] "GET /?author=5 HTTP/1.1" 200 19624 "-" "Chrome 73.75 7|Mozilla/5.0 (Windows NT 6.1) AppleWebKit/537.36 (KHTML, like Gecko) Chrome/73.0.3683.75 Safari/537.36"
157.55.39.108 - - [04/Oct/2020:04:42:33 +0200] "GET /lovastanya/images/vendeghaz/3furdo.jpg HTTP/1.1" 200 32810 "-" "Mozilla/5.0 (compatible; bingbot/2.0; +http://www.bing.com/bingbot.htm)"
46.185.71.138 - - [04/Oct/2020:04:43:55 +0200] "GET / HTTP/1.1" 200 19615 "https://3rd-faction.com/" "Mozilla/4.0 (compatible; MSIE 6.0; MSIE 5.5; Windows NT 4.0) Opera 7.0 [en]"
46.185.71.138 - - [04/Oct/2020:04:43:56 +0200] "GET / HTTP/1.1" 200 19615 "https://3rd-faction.com/" "Mozilla/4.0 (compatible; MSIE 6.0; MSIE 5.5; Windows NT 4.0) Opera 7.0 [en]"
46.185.71.138 - - [04/Oct/2020:04:43:57 +0200] "GET / HTTP/1.1" 200 19615 "https://3rd-faction.com/" "Mozilla/4.0 (compatible; MSIE 6.0; MSIE 5.5; Windows NT 4.0) Opera 7.0 [en]"
159.69.45.202 - - [04/Oct/2020:04:47:47 +0200] "GET /robots.txt HTTP/1.1" 200 1627 "-" "Mozilla/5.0 (compatible; um-IC/1.0; mailto: techinfo@ubermetrics-technologies.com; Windows NT 6.1; WOW64; rv:40.0) Gecko/20100101 Firefox/40.1"
159.69.45.202 - - [04/Oct/2020:04:47:47 +0200] "GET /rss.xml HTTP/1.1" 200 3891 "-" "Mozilla/5.0 (compatible; um-IC/1.0; mailto: techinfo@ubermetrics-technologies.com; Windows NT 6.1; WOW64; rv:40.0) Gecko/20100101 Firefox/40.1"
213.239.216.194 - - [04/Oct/2020:04:49:10 +0200] "GET /robots.txt HTTP/1.1" 200 1627 "-" "Mozilla/5.0 (compatible; MJ12bot/v1.4.8; http://mj12bot.com/)"
213.239.216.194 - - [04/Oct/2020:04:49:22 +0200] "GET /content/az-egyes%C3%BClet-c%C3%A9lja-%C3%A9s-k%C3%B6zhaszn%C3%BAs%C3%A1gi-jelent%C3%A9sei HTTP/1.1" 200 20446 "-" "Mozilla/5.0 (compatible; MJ12bot/v1.4.8; http://mj12bot.com/)"
213.239.216.194 - - [04/Oct/2020:04:49:33 +0200] "GET /content/megk%C3%B6zel%C3%ADt%C3%A9s HTTP/1.1" 200 21815 "-" "Mozilla/5.0 (compatible; MJ12bot/v1.4.8; http://mj12bot.com/)"
114.119.131.14 - - [04/Oct/2020:04:52:44 +0200] "GET /content/mez%C5%91gazdas%C3%A1g HTTP/1.1" 200 19615 "-" "Mozilla/5.0 (Linux; Android 7.0;) AppleWebKit/537.36 (KHTML, like Gecko) Mobile Safari/537.36 (compatible; PetalBot;+https://aspiegel.com/petalbot)"
5.9.70.72 - - [04/Oct/2020:04:57:19 +0200] "GET /robots.txt HTTP/1.1" 200 1627 "-" "Mozilla/5.0 (compatible; MJ12bot/v1.4.8; http://mj12bot.com/)"
5.9.70.72 - - [04/Oct/2020:04:57:30 +0200] "GET / HTTP/1.1" 200 19611 "-" "Mozilla/5.0 (compatible; MJ12bot/v1.4.8; http://mj12bot.com/)"
157.55.39.105 - - [04/Oct/2020:05:06:54 +0200] "GET /content/gazd%C3%A1lkod%C3%A1s-j%C3%B6v%C5%91nkkel HTTP/1.1" 200 16604 "-" "Mozilla/5.0 (compatible; bingbot/2.0; +http://www.bing.com/bingbot.htm)"
157.55.39.79 - - [04/Oct/2020:05:11:41 +0200] "GET /erdeiiskola/images/hagyomany/terkepismeret.jpg HTTP/1.1" 200 59595 "-" "Mozilla/5.0 (compatible; bingbot/2.0; +http://www.bing.com/bingbot.htm)"
66.249.66.89 - - [04/Oct/2020:05:13:45 +0200] "GET /content/jurtaegyetem HTTP/1.1" 200 20541 "-" "Mozilla/5.0 (Linux; Android 6.0.1; Nexus 5X Build/MMB29P) AppleWebKit/537.36 (KHTML, like Gecko) Chrome/85.0.4183.132 Mobile Safari/537.36 (compatible; Googlebot/2.1; +http://www.google.com/bot.html)"
157.55.39.241 - - [04/Oct/2020:05:29:07 +0200] "GET /content/images/termeszet/termeszet.jpg HTTP/1.1" 304 - "-" "Mozilla/5.0 (compatible; bingbot/2.0; +http://www.bing.com/bingbot.htm)"
42.236.10.71 - - [04/Oct/2020:05:29:08 +0200] "GET / HTTP/1.1" 200 19611 "http://gyurufu.hu/" "Mozilla/5.0 (Windows NT 6.1; WOW64) AppleWebKit/537.36 (KHTML, like Gecko) Chrome/50.4.2661.102 Safari/537.36; 360Spider"
42.236.10.81 - - [04/Oct/2020:05:32:22 +0200] "GET / HTTP/1.1" 200 19615 "http://www.gyurufu.hu/" "Mozilla/5.0 (Windows NT 6.1; WOW64) AppleWebKit/537.36 (KHTML, like Gecko) Chrome/50.4.2661.102 Safari/537.36; 360Spider"
114.119.131.35 - - [04/Oct/2020:05:43:55 +0200] "GET /lovastanya/images/lovak/index.htm HTTP/1.1" 200 406 "-" "Mozilla/5.0 (Linux; Android 7.0;) AppleWebKit/537.36 (KHTML, like Gecko) Mobile Safari/537.36 (compatible; PetalBot;+https://aspiegel.com/petalbot)"
34.255.182.147 - - [04/Oct/2020:05:49:00 +0200] "GET /rss.xml HTTP/1.1" 200 3831 "-" "Mozilla/5.0 (Macintosh; Intel Mac OS X 10_15_4) AppleWebKit/537.36 (KHTML, like Gecko) Chrome/83.0.4103.61 Safari/537.36"
114.119.131.205 - - [04/Oct/2020:05:50:56 +0200] "GET /erdeiiskola/informacio.html HTTP/1.1" 200 3164 "-" "Mozilla/5.0 (Linux; Android 7.0;) AppleWebKit/537.36 (KHTML, like Gecko) Mobile Safari/537.36 (compatible; PetalBot;+https://aspiegel.com/petalbot)"
157.55.39.79 - - [04/Oct/2020:05:55:44 +0200] "GET /lovastanya/images/telek/vendeghaz.jpg HTTP/1.1" 200 79391 "-" "Mozilla/5.0 (compatible; bingbot/2.0; +http://www.bing.com/bingbot.htm)"
114.119.131.35 - - [04/Oct/2020:06:00:23 +0200] "GET /lovastanya/megkozelites.html HTTP/1.1" 200 5908 "-" "Mozilla/5.0 (Linux; Android 7.0;) AppleWebKit/537.36 (KHTML, like Gecko) Mobile Safari/537.36 (compatible; PetalBot;+https://aspiegel.com/petalbot)"
8.29.198.25 - - [04/Oct/2020:06:11:43 +0200] "GET /rss.xml HTTP/1.1" 200 3891 "-" "Feedly/1.0 (+http://www.feedly.com/fetcher.html; 1 subscribers; like FeedFetcher-Google)"
108.178.61.58 - - [04/Oct/2020:06:22:16 +0200] "GET / HTTP/1.1" 200 19611 "-" "Mozilla/5.0 (Windows NT 10.0; WOW64) AppleWebKit/537.36 (KHTML, like Gecko) Chrome/66.0.3359.117 Safari/537.36"
45.88.3.205 - - [04/Oct/2020:06:25:48 +0200] "GET / HTTP/1.1" 200 19615 "https://spektr-clinic.ru/" "Mozilla/4.0 (compatible; MSIE 6.0; Windows XP)"
45.88.3.205 - - [04/Oct/2020:06:25:48 +0200] "GET / HTTP/1.1" 200 19615 "https://spektr-clinic.ru/" "Mozilla/4.0 (compatible; MSIE 6.0; Windows XP)"
45.88.3.205 - - [04/Oct/2020:06:25:48 +0200] "GET / HTTP/1.1" 200 19615 "https://spektr-clinic.ru/" "Mozilla/4.0 (compatible; MSIE 6.0; Windows XP)"
45.88.3.205 - - [04/Oct/2020:06:29:09 +0200] "GET / HTTP/1.1" 200 19615 "https://teenfuck.tv/" "Mozilla/4.0 (compatible; MSIE 6.0; Windows XP)"
45.88.3.205 - - [04/Oct/2020:06:29:09 +0200] "GET / HTTP/1.1" 200 19615 "https://teenfuck.tv/" "Mozilla/4.0 (compatible; MSIE 6.0; Windows XP)"
45.88.3.205 - - [04/Oct/2020:06:29:10 +0200] "GET / HTTP/1.1" 200 19615 "https://teenfuck.tv/" "Mozilla/4.0 (compatible; MSIE 6.0; Windows XP)"
185.191.171.14 - - [04/Oct/2020:06:32:47 +0200] "GET /robots.txt HTTP/1.1" 200 1627 "-" "Mozilla/5.0 (compatible; SemrushBot/6~bl; +http://www.semrush.com/bot.html)"
185.191.171.44 - - [04/Oct/2020:06:32:49 +0200] "GET /content/gy%C5%B1r%C5%B1f%C5%B1i-falugondnoks%C3%A1g?destination=node%2F11 HTTP/1.1" 200 20939 "-" "Mozilla/5.0 (compatible; SemrushBot/6~bl; +http://www.semrush.com/bot.html)"
66.249.66.87 - - [04/Oct/2020:06:50:53 +0200] "GET /content/images/vasut.jpg HTTP/1.1" 200 40416 "-" "Googlebot-Image/1.0"
114.119.133.85 - - [04/Oct/2020:06:52:33 +0200] "GET /content/gy%C5%B1r%C5%B1f%C5%B1%C3%A9rt-nonprofit-kft HTTP/1.1" 200 20894 "-" "Mozilla/5.0 (Linux; Android 7.0;) AppleWebKit/537.36 (KHTML, like Gecko) Mobile Safari/537.36 (compatible; PetalBot;+https://aspiegel.com/petalbot)"
66.249.66.87 - - [04/Oct/2020:06:54:00 +0200] "GET /content/leteleped%C3%A9s HTTP/1.1" 200 17070 "-" "Mozilla/5.0 (Linux; Android 6.0.1; Nexus 5X Build/MMB29P) AppleWebKit/537.36 (KHTML, like Gecko) Chrome/85.0.4183.132 Mobile Safari/537.36 (compatible; Googlebot/2.1; +http://www.google.com/bot.html)"
185.191.171.10 - - [04/Oct/2020:06:58:49 +0200] "GET /robots.txt HTTP/1.1" 200 1627 "-" "Mozilla/5.0 (compatible; SemrushBot/6~bl; +http://www.semrush.com/bot.html)"
185.191.171.5 - - [04/Oct/2020:06:58:50 +0200] "GET /content/mez%C5%91gazdas%C3%A1g HTTP/1.1" 200 19615 "-" "Mozilla/5.0 (compatible; SemrushBot/6~bl; +http://www.semrush.com/bot.html)"
66.249.66.87 - - [04/Oct/2020:07:00:50 +0200] "GET /lovastanya/images/telek/10ijaszpalya.jpg HTTP/1.1" 200 79901 "-" "Googlebot-Image/1.0"
144.76.186.38 - - [04/Oct/2020:07:04:36 +0200] "GET /robots.txt HTTP/1.1" 200 1627 "-" "Mozilla/5.0 (compatible; MJ12bot/v1.4.8; http://mj12bot.com/)"
144.76.186.38 - - [04/Oct/2020:07:04:46 +0200] "GET /content/az-egyes%C3%BClet-c%C3%A9lja-%C3%A9s-k%C3%B6zhaszn%C3%BAs%C3%A1gi-jelent%C3%A9sei HTTP/1.1" 200 20410 "-" "Mozilla/5.0 (compatible; MJ12bot/v1.4.8; http://mj12bot.com/)"
144.76.186.38 - - [04/Oct/2020:07:04:58 +0200] "GET /content/megk%C3%B6zel%C3%ADt%C3%A9s HTTP/1.1" 200 21815 "-" "Mozilla/5.0 (compatible; MJ12bot/v1.4.8; http://mj12bot.com/)"
144.76.186.38 - - [04/Oct/2020:07:04:59 +0200] "GET /robots.txt HTTP/1.1" 200 1627 "-" "Mozilla/5.0 (compatible; MJ12bot/v1.4.8; http://mj12bot.com/)"
144.76.186.38 - - [04/Oct/2020:07:05:10 +0200] "GET /content/aktu%C3%A1lis-esem%C3%A9nyek-gy%25 HTTP/1.1" 404 4562 "-" "Mozilla/5.0 (compatible; MJ12bot/v1.4.8; http://mj12bot.com/)"
144.76.186.38 - - [04/Oct/2020:07:05:21 +0200] "GET /content/bioterm%C3%A9kek HTTP/1.1" 200 16713 "-" "Mozilla/5.0 (compatible; MJ12bot/v1.4.8; http://mj12bot.com/)"
144.76.186.38 - - [04/Oct/2020:07:05:33 +0200] "GET /content/gy%C5%B1r%C5%B1f%C5%B1i-tal%C3%A1lkoz%C3%A1sok HTTP/1.1" 200 21494 "-" "Mozilla/5.0 (compatible; MJ12bot/v1.4.8; http://mj12bot.com/)"
144.76.186.38 - - [04/Oct/2020:07:05:44 +0200] "GET /content/hullad%C3%A9k-kezel%C3%A9s HTTP/1.1" 200 18896 "-" "Mozilla/5.0 (compatible; MJ12bot/v1.4.8; http://mj12bot.com/)"
114.119.147.246 - - [04/Oct/2020:07:10:53 +0200] "GET /lovastanya/images/vendeghaz/10tetoter.png HTTP/1.1" 200 98091 "-" "Mozilla/5.0 (Linux; Android 7.0;) AppleWebKit/537.36 (KHTML, like Gecko) Mobile Safari/537.36 (compatible; PetalBot;+https://aspiegel.com/petalbot)"
66.249.66.88 - - [04/Oct/2020:07:10:53 +0200] "GET /lovastanya/images/telek/09lakohaz.jpg HTTP/1.1" 304 - "-" "Googlebot-Image/1.0"
66.249.66.88 - - [04/Oct/2020:07:21:13 +0200] "GET /content/images/orszagterkep.jpg HTTP/1.1" 304 - "-" "Googlebot-Image/1.0"
114.119.135.223 - - [04/Oct/2020:07:28:10 +0200] "GET /content/lovastanya-vend%C3%A9gh%C3%A1z-falusi-sz%C3%A1ll%C3%A1shely-baranya-sz%C3%A1ll%C3%A1s-baranya-apartman-baranya-%C3%B6koturizmus?feedback_url=http%3A%2F%2Fgyurufu.hu%2Fcontent%2Flovastanya-vend%C3%A9gh%C3%A1z-falusi-sz%C3%A1ll%C3%A1shely-baranya-sz%C3%A1ll%C3%A1s-baranya-apartman-baranya-%C3%B6koturizmus&mode=reserve&lang=hu&calendar&prefill=true&resource_id HTTP/1.1" 200 18915 "-" "Mozilla/5.0 (Linux; Android 7.0;) AppleWebKit/537.36 (KHTML, like Gecko) Mobile Safari/537.36 (compatible; PetalBot;+https://aspiegel.com/petalbot)"
66.249.66.87 - - [04/Oct/2020:07:31:11 +0200] "GET /lovastanya/images/gym_emb1.gif HTTP/1.1" 304 - "-" "Googlebot-Image/1.0"
114.119.128.50 - - [04/Oct/2020:07:33:58 +0200] "GET /content/term%C3%A9szetv%C3%A9delem HTTP/1.1" 200 26936 "-" "Mozilla/5.0 (Linux; Android 7.0;) AppleWebKit/537.36 (KHTML, like Gecko) Mobile Safari/537.36 (compatible; PetalBot;+https://aspiegel.com/petalbot)"
114.119.131.35 - - [04/Oct/2020:07:41:08 +0200] "GET /content/r%C3%A9sz%C3%B6nkorm%C3%A1nyzat HTTP/1.1" 200 16543 "-" "Mozilla/5.0 (Linux; Android 7.0;) AppleWebKit/537.36 (KHTML, like Gecko) Mobile Safari/537.36 (compatible; PetalBot;+https://aspiegel.com/petalbot)"
66.249.66.88 - - [04/Oct/2020:07:41:12 +0200] "GET /lovastanya/images/vendeghaz_280.jpg HTTP/1.1" 304 - "-" "Googlebot-Image/1.0"
66.249.66.88 - - [04/Oct/2020:07:44:19 +0200] "GET /content/t%C3%A1rsadalmi-tev%C3%A9kenys%C3%A9g-nemzetk%C3%B6zi-kapcsolatok HTTP/1.1" 200 19473 "-" "Mozilla/5.0 (Linux; Android 6.0.1; Nexus 5X Build/MMB29P) AppleWebKit/537.36 (KHTML, like Gecko) Chrome/85.0.4183.132 Mobile Safari/537.36 (compatible; Googlebot/2.1; +http://www.google.com/bot.html)"
114.119.133.213 - - [04/Oct/2020:07:49:47 +0200] "GET /robots.txt HTTP/1.1" 200 1627 "-" "(compatible;PetalBot;+https://aspiegel.com/petalbot)"
157.55.39.102 - - [04/Oct/2020:07:51:10 +0200] "GET /erdeiiskola/images/iranytu280.jpg HTTP/1.1" 200 9384 "-" "Mozilla/5.0 (compatible; bingbot/2.0; +http://www.bing.com/bingbot.htm)"
66.249.66.87 - - [04/Oct/2020:07:51:31 +0200] "GET /lovastanya/images/vendeghaz/3furdo.jpg HTTP/1.1" 200 32810 "-" "Googlebot-Image/1.0"
66.249.66.88 - - [04/Oct/2020:08:01:11 +0200] "GET /lovastanya/images/telek/06jurta.jpg HTTP/1.1" 304 - "-" "Googlebot-Image/1.0"
185.191.171.11 - - [04/Oct/2020:08:05:09 +0200] "GET /robots.txt HTTP/1.1" 200 1627 "-" "Mozilla/5.0 (compatible; SemrushBot/6~bl; +http://www.semrush.com/bot.html)"
185.191.171.37 - - [04/Oct/2020:08:05:10 +0200] "GET /content/egyes%C3%BClet?destination=node%2F7 HTTP/1.1" 200 18424 "-" "Mozilla/5.0 (compatible; SemrushBot/6~bl; +http://www.semrush.com/bot.html)"
66.249.66.88 - - [04/Oct/2020:08:11:24 +0200] "GET /lovastanya/images/vendeghaz/7furdo.jpg HTTP/1.1" 200 39811 "-" "Googlebot-Image/1.0"
66.249.66.87 - - [04/Oct/2020:08:14:17 +0200] "GET /lovastanya/images/vendeghaz/7szoba3.jpg HTTP/1.1" 200 20294 "-" "Googlebot-Image/1.0"
114.119.152.70 - - [04/Oct/2020:08:21:18 +0200] "GET /erdeiiskola/programok.html HTTP/1.1" 200 12642 "-" "Mozilla/5.0 (Linux; Android 7.0;) AppleWebKit/537.36 (KHTML, like Gecko) Mobile Safari/537.36 (compatible; PetalBot;+https://aspiegel.com/petalbot)"
66.249.66.89 - - [04/Oct/2020:08:21:28 +0200] "GET /lovastanya/images/telek/02jatszoter.jpg HTTP/1.1" 200 88526 "-" "Googlebot-Image/1.0"
114.119.152.70 - - [04/Oct/2020:08:27:07 +0200] "GET /biodiverzitas/terulet.html HTTP/1.1" 200 2038 "-" "Mozilla/5.0 (Linux; Android 7.0;) AppleWebKit/537.36 (KHTML, like Gecko) Mobile Safari/537.36 (compatible; PetalBot;+https://aspiegel.com/petalbot)"
66.249.66.89 - - [04/Oct/2020:08:31:23 +0200] "GET /lovastanya/images/vendeghaz/tetonyugati.jpg HTTP/1.1" 304 - "-" "Googlebot-Image/1.0"
114.119.148.60 - - [04/Oct/2020:08:33:01 +0200] "GET /content/energia HTTP/1.1" 200 19605 "-" "Mozilla/5.0 (Linux; Android 7.0;) AppleWebKit/537.36 (KHTML, like Gecko) Mobile Safari/537.36 (compatible; PetalBot;+https://aspiegel.com/petalbot)"
89.135.3.168 - - [04/Oct/2020:08:33:44 +0200] "GET / HTTP/1.1" 200 19615 "https://www.google.com/" "Mozilla/5.0 (Linux; Android 10; POT-LX1) AppleWebKit/537.36 (KHTML, like Gecko) Chrome/85.0.4183.127 Mobile Safari/537.36"
89.135.3.168 - - [04/Oct/2020:08:33:44 +0200] "GET /modules/nice_menus/nice_menus.css?g HTTP/1.1" 200 3607 "http://www.gyurufu.hu/" "Mozilla/5.0 (Linux; Android 10; POT-LX1) AppleWebKit/537.36 (KHTML, like Gecko) Chrome/85.0.4183.127 Mobile Safari/537.36"
89.135.3.168 - - [04/Oct/2020:08:33:44 +0200] "GET /modules/photos/photos.css?g HTTP/1.1" 200 5645 "http://www.gyurufu.hu/" "Mozilla/5.0 (Linux; Android 10; POT-LX1) AppleWebKit/537.36 (KHTML, like Gecko) Chrome/85.0.4183.127 Mobile Safari/537.36"
89.135.3.168 - - [04/Oct/2020:08:33:44 +0200] "GET /modules/system/defaults.css?g HTTP/1.1" 200 757 "http://www.gyurufu.hu/" "Mozilla/5.0 (Linux; Android 10; POT-LX1) AppleWebKit/537.36 (KHTML, like Gecko) Chrome/85.0.4183.127 Mobile Safari/537.36"
89.135.3.168 - - [04/Oct/2020:08:33:44 +0200] "GET /modules/system/system.css?g HTTP/1.1" 200 10020 "http://www.gyurufu.hu/" "Mozilla/5.0 (Linux; Android 10; POT-LX1) AppleWebKit/537.36 (KHTML, like Gecko) Chrome/85.0.4183.127 Mobile Safari/537.36"
89.135.3.168 - - [04/Oct/2020:08:33:44 +0200] "GET /modules/nice_menus/nice_menus_default.css?g HTTP/1.1" 200 4978 "http://www.gyurufu.hu/" "Mozilla/5.0 (Linux; Android 10; POT-LX1) AppleWebKit/537.36 (KHTML, like Gecko) Chrome/85.0.4183.127 Mobile Safari/537.36"
89.135.3.168 - - [04/Oct/2020:08:33:44 +0200] "GET /modules/node/node.css?g HTTP/1.1" 200 740 "http://www.gyurufu.hu/" "Mozilla/5.0 (Linux; Android 10; POT-LX1) AppleWebKit/537.36 (KHTML, like Gecko) Chrome/85.0.4183.127 Mobile Safari/537.36"
89.135.3.168 - - [04/Oct/2020:08:33:44 +0200] "GET /modules/system/system-menus.css?g HTTP/1.1" 200 935 "http://www.gyurufu.hu/" "Mozilla/5.0 (Linux; Android 10; POT-LX1) AppleWebKit/537.36 (KHTML, like Gecko) Chrome/85.0.4183.127 Mobile Safari/537.36"
89.135.3.168 - - [04/Oct/2020:08:33:44 +0200] "GET /modules/user/user.css?g HTTP/1.1" 200 1127 "http://www.gyurufu.hu/" "Mozilla/5.0 (Linux; Android 10; POT-LX1) AppleWebKit/537.36 (KHTML, like Gecko) Chrome/85.0.4183.127 Mobile Safari/537.36"
89.135.3.168 - - [04/Oct/2020:08:33:44 +0200] "GET /misc/jquery.js?g HTTP/1.1" 200 31089 "http://www.gyurufu.hu/" "Mozilla/5.0 (Linux; Android 10; POT-LX1) AppleWebKit/537.36 (KHTML, like Gecko) Chrome/85.0.4183.127 Mobile Safari/537.36"
89.135.3.168 - - [04/Oct/2020:08:33:44 +0200] "GET /themes/aboutpeople/style.css?g HTTP/1.1" 200 32283 "http://www.gyurufu.hu/" "Mozilla/5.0 (Linux; Android 10; POT-LX1) AppleWebKit/537.36 (KHTML, like Gecko) Chrome/85.0.4183.127 Mobile Safari/537.36"
89.135.3.168 - - [04/Oct/2020:08:33:44 +0200] "GET /misc/drupal.js?g HTTP/1.1" 200 9745 "http://www.gyurufu.hu/" "Mozilla/5.0 (Linux; Android 10; POT-LX1) AppleWebKit/537.36 (KHTML, like Gecko) Chrome/85.0.4183.127 Mobile Safari/537.36"
89.135.3.168 - - [04/Oct/2020:08:33:44 +0200] "GET /modules/photos/photos.js?g HTTP/1.1" 200 2409 "http://www.gyurufu.hu/" "Mozilla/5.0 (Linux; Android 10; POT-LX1) AppleWebKit/537.36 (KHTML, like Gecko) Chrome/85.0.4183.127 Mobile Safari/537.36"
89.135.3.168 - - [04/Oct/2020:08:33:44 +0200] "GET /modules/google_analytics/googleanalytics.js?g HTTP/1.1" 200 2268 "http://www.gyurufu.hu/" "Mozilla/5.0 (Linux; Android 10; POT-LX1) AppleWebKit/537.36 (KHTML, like Gecko) Chrome/85.0.4183.127 Mobile Safari/537.36"
89.135.3.168 - - [04/Oct/2020:08:33:45 +0200] "GET /sites/default/files/languages/hu_8582a244f490b74610256ab428690e24.js?g HTTP/1.1" 200 1838 "http://www.gyurufu.hu/" "Mozilla/5.0 (Linux; Android 10; POT-LX1) AppleWebKit/537.36 (KHTML, like Gecko) Chrome/85.0.4183.127 Mobile Safari/537.36"
89.135.3.168 - - [04/Oct/2020:08:33:45 +0200] "GET /misc/powered-blue-80x15.png HTTP/1.1" 200 1011 "http://www.gyurufu.hu/" "Mozilla/5.0 (Linux; Android 10; POT-LX1) AppleWebKit/537.36 (KHTML, like Gecko) Chrome/85.0.4183.127 Mobile Safari/537.36"
89.135.3.168 - - [04/Oct/2020:08:33:45 +0200] "GET /themes/aboutpeople/img/sticky.gif HTTP/1.1" 200 560 "http://www.gyurufu.hu/" "Mozilla/5.0 (Linux; Android 10; POT-LX1) AppleWebKit/537.36 (KHTML, like Gecko) Chrome/85.0.4183.127 Mobile Safari/537.36"
89.135.3.168 - - [04/Oct/2020:08:33:45 +0200] "GET /themes/aboutpeople/img/bg.gif HTTP/1.1" 200 4764 "http://www.gyurufu.hu/themes/aboutpeople/style.css?g" "Mozilla/5.0 (Linux; Android 10; POT-LX1) AppleWebKit/537.36 (KHTML, like Gecko) Chrome/85.0.4183.127 Mobile Safari/537.36"
89.135.3.168 - - [04/Oct/2020:08:33:45 +0200] "GET /themes/aboutpeople/img/login_line.png HTTP/1.1" 200 510 "http://www.gyurufu.hu/themes/aboutpeople/style.css?g" "Mozilla/5.0 (Linux; Android 10; POT-LX1) AppleWebKit/537.36 (KHTML, like Gecko) Chrome/85.0.4183.127 Mobile Safari/537.36"
89.135.3.168 - - [04/Oct/2020:08:33:45 +0200] "GET /themes/aboutpeople/img/use11r.gif HTTP/1.1" 200 1001 "http://www.gyurufu.hu/themes/aboutpeople/style.css?g" "Mozilla/5.0 (Linux; Android 10; POT-LX1) AppleWebKit/537.36 (KHTML, like Gecko) Chrome/85.0.4183.127 Mobile Safari/537.36"
89.135.3.168 - - [04/Oct/2020:08:33:45 +0200] "GET /themes/aboutpeople/img/menulinks.png HTTP/1.1" 200 1465 "http://www.gyurufu.hu/themes/aboutpeople/style.css?g" "Mozilla/5.0 (Linux; Android 10; POT-LX1) AppleWebKit/537.36 (KHTML, like Gecko) Chrome/85.0.4183.127 Mobile Safari/537.36"
89.135.3.168 - - [04/Oct/2020:08:33:45 +0200] "GET /themes/aboutpeople/img/menuline.png HTTP/1.1" 200 395 "http://www.gyurufu.hu/themes/aboutpeople/style.css?g" "Mozilla/5.0 (Linux; Android 10; POT-LX1) AppleWebKit/537.36 (KHTML, like Gecko) Chrome/85.0.4183.127 Mobile Safari/537.36"
89.135.3.168 - - [04/Oct/2020:08:33:45 +0200] "GET /themes/aboutpeople/img/down_arrow_hover.png HTTP/1.1" 200 115 "http://www.gyurufu.hu/themes/aboutpeople/style.css?g" "Mozilla/5.0 (Linux; Android 10; POT-LX1) AppleWebKit/537.36 (KHTML, like Gecko) Chrome/85.0.4183.127 Mobile Safari/537.36"
89.135.3.168 - - [04/Oct/2020:08:33:45 +0200] "GET /themes/aboutpeople/img/bgblock.gif HTTP/1.1" 200 1287 "http://www.gyurufu.hu/themes/aboutpeople/style.css?g" "Mozilla/5.0 (Linux; Android 10; POT-LX1) AppleWebKit/537.36 (KHTML, like Gecko) Chrome/85.0.4183.127 Mobile Safari/537.36"
89.135.3.168 - - [04/Oct/2020:08:33:45 +0200] "GET /themes/aboutpeople/img/down_arrow.png HTTP/1.1" 200 149 "http://www.gyurufu.hu/themes/aboutpeople/style.css?g" "Mozilla/5.0 (Linux; Android 10; POT-LX1) AppleWebKit/537.36 (KHTML, like Gecko) Chrome/85.0.4183.127 Mobile Safari/537.36"
89.135.3.168 - - [04/Oct/2020:08:33:45 +0200] "GET /themes/aboutpeople/img/menulinks_corner.png HTTP/1.1" 200 215 "http://www.gyurufu.hu/themes/aboutpeople/style.css?g" "Mozilla/5.0 (Linux; Android 10; POT-LX1) AppleWebKit/537.36 (KHTML, like Gecko) Chrome/85.0.4183.127 Mobile Safari/537.36"
89.135.3.168 - - [04/Oct/2020:08:33:45 +0200] "GET /themes/aboutpeople/img/banners/rotate.php HTTP/1.1" 200 38338 "http://www.gyurufu.hu/themes/aboutpeople/style.css?g" "Mozilla/5.0 (Linux; Android 10; POT-LX1) AppleWebKit/537.36 (KHTML, like Gecko) Chrome/85.0.4183.127 Mobile Safari/537.36"
89.135.3.168 - - [04/Oct/2020:08:33:45 +0200] "GET /modules/nice_menus/arrow-right.png HTTP/1.1" 200 258 "http://www.gyurufu.hu/modules/nice_menus/nice_menus_default.css?g" "Mozilla/5.0 (Linux; Android 10; POT-LX1) AppleWebKit/537.36 (KHTML, like Gecko) Chrome/85.0.4183.127 Mobile Safari/537.36"
89.135.3.168 - - [04/Oct/2020:08:33:45 +0200] "GET /themes/aboutpeople/img/login.gif HTTP/1.1" 200 1018 "http://www.gyurufu.hu/themes/aboutpeople/style.css?g" "Mozilla/5.0 (Linux; Android 10; POT-LX1) AppleWebKit/537.36 (KHTML, like Gecko) Chrome/85.0.4183.127 Mobile Safari/537.36"
89.135.3.168 - - [04/Oct/2020:08:33:45 +0200] "GET /themes/aboutpeople/img/slinks.gif HTTP/1.1" 200 487 "http://www.gyurufu.hu/themes/aboutpeople/style.css?g" "Mozilla/5.0 (Linux; Android 10; POT-LX1) AppleWebKit/537.36 (KHTML, like Gecko) Chrome/85.0.4183.127 Mobile Safari/537.36"
89.135.3.168 - - [04/Oct/2020:08:33:45 +0200] "GET /themes/aboutpeople/img/slinksover.gif HTTP/1.1" 200 478 "http://www.gyurufu.hu/themes/aboutpeople/style.css?g" "Mozilla/5.0 (Linux; Android 10; POT-LX1) AppleWebKit/537.36 (KHTML, like Gecko) Chrome/85.0.4183.127 Mobile Safari/537.36"
