114.119.138.226 - - [07/Oct/2020:14:55:24 +0200] "GET /robots.txt HTTP/1.1" 200 1627 "-" "(compatible;PetalBot;+https://aspiegel.com/petalbot)"
54.36.148.219 - - [07/Oct/2020:14:56:45 +0200] "GET /content/mez%C5%91gazdas%C3%A1g HTTP/1.1" 200 19615 "-" "Mozilla/5.0 (compatible; AhrefsBot/7.0; +http://ahrefs.com/robot/)"
157.55.39.44 - - [07/Oct/2020:14:59:39 +0200] "GET /robots.txt HTTP/1.1" 200 1627 "-" "Mozilla/5.0 (compatible; bingbot/2.0; +http://www.bing.com/bingbot.htm)"
114.119.135.223 - - [07/Oct/2020:15:01:20 +0200] "GET /erdeiiskola/vezetok.html HTTP/1.1" 200 2370 "-" "Mozilla/5.0 (Linux; Android 7.0;) AppleWebKit/537.36 (KHTML, like Gecko) Mobile Safari/537.36 (compatible; PetalBot;+https://aspiegel.com/petalbot)"
114.119.131.35 - - [07/Oct/2020:15:07:18 +0200] "GET /content/az-egyes%C3%BClet-tags%C3%A1ga HTTP/1.1" 200 18873 "-" "Mozilla/5.0 (Linux; Android 7.0;) AppleWebKit/537.36 (KHTML, like Gecko) Mobile Safari/537.36 (compatible; PetalBot;+https://aspiegel.com/petalbot)"
66.249.66.88 - - [07/Oct/2020:15:07:20 +0200] "GET /content/bioterm%C3%A9kek HTTP/1.1" 200 16713 "-" "Mozilla/5.0 (compatible; Googlebot/2.1; +http://www.google.com/bot.html)"
114.119.131.14 - - [07/Oct/2020:15:15:11 +0200] "GET /content/permakult%C3%BAra-tanfolyamok HTTP/1.1" 200 19113 "-" "Mozilla/5.0 (Linux; Android 7.0;) AppleWebKit/537.36 (KHTML, like Gecko) Mobile Safari/537.36 (compatible; PetalBot;+https://aspiegel.com/petalbot)"
134.255.117.124 - - [07/Oct/2020:15:17:47 +0200] "GET /modules/nice_menus/nice_menus.css?g HTTP/1.1" 200 3607 "http://www.gyurufu.hu/content/h%C3%ADrek-esem%C3%A9nyek" "Mozilla/5.0 (Windows NT 10.0; Win64; x64) AppleWebKit/537.36 (KHTML, like Gecko) Chrome/85.0.4183.121 Safari/537.36"
134.255.117.124 - - [07/Oct/2020:15:17:47 +0200] "GET /content/h%C3%ADrek-esem%C3%A9nyek HTTP/1.1" 200 15743 "http://www.gyurufu.hu/content/term%C3%A9kek-szolg%C3%A1ltat%C3%A1sok" "Mozilla/5.0 (Windows NT 10.0; Win64; x64) AppleWebKit/537.36 (KHTML, like Gecko) Chrome/85.0.4183.121 Safari/537.36"
134.255.117.124 - - [07/Oct/2020:15:17:47 +0200] "GET /modules/nice_menus/nice_menus_default.css?g HTTP/1.1" 200 4978 "http://www.gyurufu.hu/content/h%C3%ADrek-esem%C3%A9nyek" "Mozilla/5.0 (Windows NT 10.0; Win64; x64) AppleWebKit/537.36 (KHTML, like Gecko) Chrome/85.0.4183.121 Safari/537.36"
134.255.117.124 - - [07/Oct/2020:15:17:47 +0200] "GET /modules/photos/photos.css?g HTTP/1.1" 200 5645 "http://www.gyurufu.hu/content/h%C3%ADrek-esem%C3%A9nyek" "Mozilla/5.0 (Windows NT 10.0; Win64; x64) AppleWebKit/537.36 (KHTML, like Gecko) Chrome/85.0.4183.121 Safari/537.36"
134.255.117.124 - - [07/Oct/2020:15:17:47 +0200] "GET /modules/node/node.css?g HTTP/1.1" 200 740 "http://www.gyurufu.hu/content/h%C3%ADrek-esem%C3%A9nyek" "Mozilla/5.0 (Windows NT 10.0; Win64; x64) AppleWebKit/537.36 (KHTML, like Gecko) Chrome/85.0.4183.121 Safari/537.36"
134.255.117.124 - - [07/Oct/2020:15:17:47 +0200] "GET /modules/system/system.css?g HTTP/1.1" 200 10020 "http://www.gyurufu.hu/content/h%C3%ADrek-esem%C3%A9nyek" "Mozilla/5.0 (Windows NT 10.0; Win64; x64) AppleWebKit/537.36 (KHTML, like Gecko) Chrome/85.0.4183.121 Safari/537.36"
134.255.117.124 - - [07/Oct/2020:15:17:47 +0200] "GET /modules/system/defaults.css?g HTTP/1.1" 200 757 "http://www.gyurufu.hu/content/h%C3%ADrek-esem%C3%A9nyek" "Mozilla/5.0 (Windows NT 10.0; Win64; x64) AppleWebKit/537.36 (KHTML, like Gecko) Chrome/85.0.4183.121 Safari/537.36"
134.255.117.124 - - [07/Oct/2020:15:17:47 +0200] "GET /modules/system/system-menus.css?g HTTP/1.1" 200 935 "http://www.gyurufu.hu/content/h%C3%ADrek-esem%C3%A9nyek" "Mozilla/5.0 (Windows NT 10.0; Win64; x64) AppleWebKit/537.36 (KHTML, like Gecko) Chrome/85.0.4183.121 Safari/537.36"
134.255.117.124 - - [07/Oct/2020:15:17:47 +0200] "GET /modules/user/user.css?g HTTP/1.1" 200 1127 "http://www.gyurufu.hu/content/h%C3%ADrek-esem%C3%A9nyek" "Mozilla/5.0 (Windows NT 10.0; Win64; x64) AppleWebKit/537.36 (KHTML, like Gecko) Chrome/85.0.4183.121 Safari/537.36"
134.255.117.124 - - [07/Oct/2020:15:17:47 +0200] "GET /themes/aboutpeople/style.css?g HTTP/1.1" 200 32283 "http://www.gyurufu.hu/content/h%C3%ADrek-esem%C3%A9nyek" "Mozilla/5.0 (Windows NT 10.0; Win64; x64) AppleWebKit/537.36 (KHTML, like Gecko) Chrome/85.0.4183.121 Safari/537.36"
134.255.117.124 - - [07/Oct/2020:15:17:47 +0200] "GET /misc/jquery.js?g HTTP/1.1" 200 31089 "http://www.gyurufu.hu/content/h%C3%ADrek-esem%C3%A9nyek" "Mozilla/5.0 (Windows NT 10.0; Win64; x64) AppleWebKit/537.36 (KHTML, like Gecko) Chrome/85.0.4183.121 Safari/537.36"
134.255.117.124 - - [07/Oct/2020:15:17:47 +0200] "GET /misc/drupal.js?g HTTP/1.1" 200 9745 "http://www.gyurufu.hu/content/h%C3%ADrek-esem%C3%A9nyek" "Mozilla/5.0 (Windows NT 10.0; Win64; x64) AppleWebKit/537.36 (KHTML, like Gecko) Chrome/85.0.4183.121 Safari/537.36"
134.255.117.124 - - [07/Oct/2020:15:17:47 +0200] "GET /sites/default/files/languages/hu_8582a244f490b74610256ab428690e24.js?g HTTP/1.1" 200 1838 "http://www.gyurufu.hu/content/h%C3%ADrek-esem%C3%A9nyek" "Mozilla/5.0 (Windows NT 10.0; Win64; x64) AppleWebKit/537.36 (KHTML, like Gecko) Chrome/85.0.4183.121 Safari/537.36"
134.255.117.124 - - [07/Oct/2020:15:17:47 +0200] "GET /modules/photos/photos.js?g HTTP/1.1" 200 2409 "http://www.gyurufu.hu/content/h%C3%ADrek-esem%C3%A9nyek" "Mozilla/5.0 (Windows NT 10.0; Win64; x64) AppleWebKit/537.36 (KHTML, like Gecko) Chrome/85.0.4183.121 Safari/537.36"
134.255.117.124 - - [07/Oct/2020:15:17:47 +0200] "GET /misc/powered-blue-80x15.png HTTP/1.1" 200 1011 "http://www.gyurufu.hu/content/h%C3%ADrek-esem%C3%A9nyek" "Mozilla/5.0 (Windows NT 10.0; Win64; x64) AppleWebKit/537.36 (KHTML, like Gecko) Chrome/85.0.4183.121 Safari/537.36"
134.255.117.124 - - [07/Oct/2020:15:17:47 +0200] "GET /themes/aboutpeople/img/bg.gif HTTP/1.1" 200 4764 "http://www.gyurufu.hu/themes/aboutpeople/style.css?g" "Mozilla/5.0 (Windows NT 10.0; Win64; x64) AppleWebKit/537.36 (KHTML, like Gecko) Chrome/85.0.4183.121 Safari/537.36"
134.255.117.124 - - [07/Oct/2020:15:17:47 +0200] "GET /themes/aboutpeople/img/login_line.png HTTP/1.1" 200 510 "http://www.gyurufu.hu/themes/aboutpeople/style.css?g" "Mozilla/5.0 (Windows NT 10.0; Win64; x64) AppleWebKit/537.36 (KHTML, like Gecko) Chrome/85.0.4183.121 Safari/537.36"
134.255.117.124 - - [07/Oct/2020:15:17:47 +0200] "GET /themes/aboutpeople/img/use11r.gif HTTP/1.1" 200 1001 "http://www.gyurufu.hu/themes/aboutpeople/style.css?g" "Mozilla/5.0 (Windows NT 10.0; Win64; x64) AppleWebKit/537.36 (KHTML, like Gecko) Chrome/85.0.4183.121 Safari/537.36"
134.255.117.124 - - [07/Oct/2020:15:17:47 +0200] "GET /themes/aboutpeople/img/menulinks.png HTTP/1.1" 200 1465 "http://www.gyurufu.hu/themes/aboutpeople/style.css?g" "Mozilla/5.0 (Windows NT 10.0; Win64; x64) AppleWebKit/537.36 (KHTML, like Gecko) Chrome/85.0.4183.121 Safari/537.36"
134.255.117.124 - - [07/Oct/2020:15:17:47 +0200] "GET /themes/aboutpeople/img/menulinks_corner.png HTTP/1.1" 200 215 "http://www.gyurufu.hu/themes/aboutpeople/style.css?g" "Mozilla/5.0 (Windows NT 10.0; Win64; x64) AppleWebKit/537.36 (KHTML, like Gecko) Chrome/85.0.4183.121 Safari/537.36"
134.255.117.124 - - [07/Oct/2020:15:17:47 +0200] "GET /themes/aboutpeople/img/menuline.png HTTP/1.1" 200 395 "http://www.gyurufu.hu/themes/aboutpeople/style.css?g" "Mozilla/5.0 (Windows NT 10.0; Win64; x64) AppleWebKit/537.36 (KHTML, like Gecko) Chrome/85.0.4183.121 Safari/537.36"
134.255.117.124 - - [07/Oct/2020:15:17:47 +0200] "GET /themes/aboutpeople/img/down_arrow.png HTTP/1.1" 200 149 "http://www.gyurufu.hu/themes/aboutpeople/style.css?g" "Mozilla/5.0 (Windows NT 10.0; Win64; x64) AppleWebKit/537.36 (KHTML, like Gecko) Chrome/85.0.4183.121 Safari/537.36"
134.255.117.124 - - [07/Oct/2020:15:17:47 +0200] "GET /themes/aboutpeople/img/banners/rotate.php HTTP/1.1" 200 38338 "http://www.gyurufu.hu/themes/aboutpeople/style.css?g" "Mozilla/5.0 (Windows NT 10.0; Win64; x64) AppleWebKit/537.36 (KHTML, like Gecko) Chrome/85.0.4183.121 Safari/537.36"
134.255.117.124 - - [07/Oct/2020:15:17:47 +0200] "GET /themes/aboutpeople/img/slinks.gif HTTP/1.1" 200 487 "http://www.gyurufu.hu/themes/aboutpeople/style.css?g" "Mozilla/5.0 (Windows NT 10.0; Win64; x64) AppleWebKit/537.36 (KHTML, like Gecko) Chrome/85.0.4183.121 Safari/537.36"
134.255.117.124 - - [07/Oct/2020:15:17:47 +0200] "GET /themes/aboutpeople/img/bgblock.gif HTTP/1.1" 200 1287 "http://www.gyurufu.hu/themes/aboutpeople/style.css?g" "Mozilla/5.0 (Windows NT 10.0; Win64; x64) AppleWebKit/537.36 (KHTML, like Gecko) Chrome/85.0.4183.121 Safari/537.36"
134.255.117.124 - - [07/Oct/2020:15:17:47 +0200] "GET /modules/nice_menus/arrow-right.png HTTP/1.1" 200 258 "http://www.gyurufu.hu/modules/nice_menus/nice_menus_default.css?g" "Mozilla/5.0 (Windows NT 10.0; Win64; x64) AppleWebKit/537.36 (KHTML, like Gecko) Chrome/85.0.4183.121 Safari/537.36"
134.255.117.124 - - [07/Oct/2020:15:17:47 +0200] "GET /themes/aboutpeople/img/login.gif HTTP/1.1" 200 1018 "http://www.gyurufu.hu/themes/aboutpeople/style.css?g" "Mozilla/5.0 (Windows NT 10.0; Win64; x64) AppleWebKit/537.36 (KHTML, like Gecko) Chrome/85.0.4183.121 Safari/537.36"
134.255.117.124 - - [07/Oct/2020:15:17:47 +0200] "GET /favicon.ico HTTP/1.1" 404 57 "http://www.gyurufu.hu/content/h%C3%ADrek-esem%C3%A9nyek" "Mozilla/5.0 (Windows NT 10.0; Win64; x64) AppleWebKit/537.36 (KHTML, like Gecko) Chrome/85.0.4183.121 Safari/537.36"
114.119.147.246 - - [07/Oct/2020:15:24:19 +0200] "GET /content/%C3%BAj-gy%C5%B1r%C5%B1f%C5%B1 HTTP/1.1" 200 20889 "-" "Mozilla/5.0 (Linux; Android 7.0;) AppleWebKit/537.36 (KHTML, like Gecko) Mobile Safari/537.36 (compatible; PetalBot;+https://aspiegel.com/petalbot)"
157.55.39.181 - - [07/Oct/2020:15:30:19 +0200] "GET / HTTP/1.1" 200 19611 "-" "Mozilla/5.0 (compatible; bingbot/2.0; +http://www.bing.com/bingbot.htm)"
159.69.45.202 - - [07/Oct/2020:15:35:52 +0200] "GET /robots.txt HTTP/1.1" 200 1627 "-" "Mozilla/5.0 (compatible; um-IC/1.0; mailto: techinfo@ubermetrics-technologies.com; Windows NT 6.1; WOW64; rv:40.0) Gecko/20100101 Firefox/40.1"
159.69.45.202 - - [07/Oct/2020:15:35:52 +0200] "GET /rss.xml HTTP/1.1" 200 3891 "-" "Mozilla/5.0 (compatible; um-IC/1.0; mailto: techinfo@ubermetrics-technologies.com; Windows NT 6.1; WOW64; rv:40.0) Gecko/20100101 Firefox/40.1"
157.55.39.126 - - [07/Oct/2020:15:38:19 +0200] "GET /erdeiiskola/images/termeszet/Data/thumbs.htm HTTP/1.1" 200 657 "-" "Mozilla/5.0 (compatible; bingbot/2.0; +http://www.bing.com/bingbot.htm)"
54.36.148.219 - - [07/Oct/2020:15:44:58 +0200] "GET /content/gazd%C3%A1lkod%C3%A1s-j%C3%B6v%C5%91nkkel HTTP/1.1" 200 16604 "-" "Mozilla/5.0 (compatible; AhrefsBot/7.0; +http://ahrefs.com/robot/)"
114.119.135.223 - - [07/Oct/2020:15:51:58 +0200] "GET /lovastanya/pan_vhaz.html HTTP/1.1" 200 712 "-" "Mozilla/5.0 (Linux; Android 7.0;) AppleWebKit/537.36 (KHTML, like Gecko) Mobile Safari/537.36 (compatible; PetalBot;+https://aspiegel.com/petalbot)"
114.119.131.205 - - [07/Oct/2020:15:57:55 +0200] "GET /content/permakult%C3%BAra-tanfolyamok HTTP/1.1" 200 19113 "-" "Mozilla/5.0 (Linux; Android 7.0;) AppleWebKit/537.36 (KHTML, like Gecko) Mobile Safari/537.36 (compatible; PetalBot;+https://aspiegel.com/petalbot)"
114.119.128.50 - - [07/Oct/2020:16:16:39 +0200] "GET /content/energia HTTP/1.1" 200 19605 "-" "Mozilla/5.0 (Linux; Android 7.0;) AppleWebKit/537.36 (KHTML, like Gecko) Mobile Safari/537.36 (compatible; PetalBot;+https://aspiegel.com/petalbot)"
108.59.8.70 - - [07/Oct/2020:16:16:46 +0200] "GET /robots.txt HTTP/1.1" 200 1627 "-" "Mozilla/5.0 (compatible; MJ12bot/v1.4.8; http://mj12bot.com/)"
108.59.8.70 - - [07/Oct/2020:16:17:03 +0200] "GET / HTTP/1.1" 200 19615 "-" "Mozilla/5.0 (compatible; MJ12bot/v1.4.8; http://mj12bot.com/)"
18.209.36.241 - - [07/Oct/2020:16:21:21 +0200] "GET /rss.xml HTTP/1.1" 200 3891 "https://www.google.com/" "Mozilla/5.0 (Windows NT 10.0; Win64; x64) AppleWebKit/537.36 (KHTML, like Gecko) Chrome/80.0.3987.122 Safari/537.36 OPR/67.0.3575.53"
54.36.148.219 - - [07/Oct/2020:16:32:13 +0200] "GET /content/%C3%A9p%C3%ADt%C3%A9szet HTTP/1.1" 200 19270 "-" "Mozilla/5.0 (compatible; AhrefsBot/7.0; +http://ahrefs.com/robot/)"
185.191.171.15 - - [07/Oct/2020:16:39:41 +0200] "GET /robots.txt HTTP/1.1" 200 1627 "-" "Mozilla/5.0 (compatible; SemrushBot/6~bl; +http://www.semrush.com/bot.html)"
185.191.171.9 - - [07/Oct/2020:16:39:42 +0200] "GET /content/erd%C5%91gazd%C3%A1lkod%C3%A1s HTTP/1.1" 200 18885 "-" "Mozilla/5.0 (compatible; SemrushBot/6~bl; +http://www.semrush.com/bot.html)"
66.249.66.87 - - [07/Oct/2020:16:48:18 +0200] "GET /content/lovastanya-vend%C3%A9gh%C3%A1z HTTP/1.1" 200 23213 "-" "Mozilla/5.0 (Linux; Android 6.0.1; Nexus 5X Build/MMB29P) AppleWebKit/537.36 (KHTML, like Gecko) Chrome/85.0.4183.140 Mobile Safari/537.36 (compatible; Googlebot/2.1; +http://www.google.com/bot.html)"
185.191.171.40 - - [07/Oct/2020:16:58:16 +0200] "GET /robots.txt HTTP/1.1" 200 1627 "-" "Mozilla/5.0 (compatible; SemrushBot/6~bl; +http://www.semrush.com/bot.html)"
185.191.171.18 - - [07/Oct/2020:16:58:17 +0200] "GET /content/gy%C5%B1r%C5%B1f%C5%B1i-tal%C3%A1lkoz%C3%A1sok HTTP/1.1" 200 21494 "-" "Mozilla/5.0 (compatible; SemrushBot/6~bl; +http://www.semrush.com/bot.html)"
35.238.78.110 - - [07/Oct/2020:17:00:43 +0200] "GET / HTTP/1.1" 200 19611 "-" "Mozilla/5.0 (Windows NT 6.1; rv:57.0) Gecko/20100101 Firefox/57.0"
45.88.3.253 - - [07/Oct/2020:17:14:30 +0200] "GET / HTTP/1.1" 200 19615 "https://school-essay.ru/" "Mozilla/4.0 (compatible; MSIE 6.0; Windows NT 5.1; SV1; FunWebProducts; MRA 4.6 (build 01425); .NET CLR 1.1.4322; .NET CLR 2.0.50727)"
45.88.3.253 - - [07/Oct/2020:17:14:31 +0200] "GET / HTTP/1.1" 200 19615 "https://school-essay.ru/" "Mozilla/4.0 (compatible; MSIE 6.0; Windows NT 5.1; SV1; FunWebProducts; MRA 4.6 (build 01425); .NET CLR 1.1.4322; .NET CLR 2.0.50727)"
45.88.3.253 - - [07/Oct/2020:17:14:32 +0200] "GET / HTTP/1.1" 200 19615 "https://school-essay.ru/" "Mozilla/4.0 (compatible; MSIE 6.0; Windows NT 5.1; SV1; FunWebProducts; MRA 4.6 (build 01425); .NET CLR 1.1.4322; .NET CLR 2.0.50727)"
45.88.3.253 - - [07/Oct/2020:17:23:08 +0200] "GET / HTTP/1.1" 200 19615 "https://ukrtextbook.com/" "Mozilla/4.79 [en] (Windows NT 5.0; U)"
45.88.3.253 - - [07/Oct/2020:17:23:08 +0200] "GET / HTTP/1.1" 200 19615 "https://ukrtextbook.com/" "Mozilla/4.79 [en] (Windows NT 5.0; U)"
45.88.3.253 - - [07/Oct/2020:17:23:08 +0200] "GET / HTTP/1.1" 200 19615 "https://ukrtextbook.com/" "Mozilla/4.79 [en] (Windows NT 5.0; U)"
114.119.132.58 - - [07/Oct/2020:17:35:42 +0200] "GET /biodiverzitas/taxonok.html HTTP/1.1" 200 4172 "-" "Mozilla/5.0 (Linux; Android 7.0;) AppleWebKit/537.36 (KHTML, like Gecko) Mobile Safari/537.36 (compatible; PetalBot;+https://aspiegel.com/petalbot)"
2.57.122.176 - - [07/Oct/2020:17:36:58 +0200] "GET / HTTP/1.1" 200 19615 "-" "Mozilla/5.0 (Windows NT 10.0; Win64; x64) AppleWebKit/537.36 (KHTML, like Gecko) Chrome/42.0.2311.135 Safari/537.36 Edge/12.246"
2.57.122.176 - - [07/Oct/2020:17:36:58 +0200] "GET / HTTP/1.1" 200 19615 "-" "Mozilla/5.0 (Windows NT 10.0; Win64; x64) AppleWebKit/537.36 (KHTML, like Gecko) Chrome/42.0.2311.135 Safari/537.36 Edge/12.246"
114.119.135.223 - - [07/Oct/2020:17:41:39 +0200] "GET /user HTTP/1.1" 200 16244 "-" "Mozilla/5.0 (Linux; Android 7.0;) AppleWebKit/537.36 (KHTML, like Gecko) Mobile Safari/537.36 (compatible; PetalBot;+https://aspiegel.com/petalbot)"
54.36.148.188 - - [07/Oct/2020:17:42:48 +0200] "GET /content/alapelvek HTTP/1.1" 200 20160 "-" "Mozilla/5.0 (compatible; AhrefsBot/7.0; +http://ahrefs.com/robot/)"
40.77.167.116 - - [07/Oct/2020:17:45:40 +0200] "GET /lovastanya/images/lovak/Data/page.htm?1,0 HTTP/1.1" 304 - "-" "Mozilla/5.0 (compatible; bingbot/2.0; +http://www.bing.com/bingbot.htm)"
114.119.148.60 - - [07/Oct/2020:17:55:01 +0200] "GET /content/az-egyes%C3%BClet-c%C3%A9lja-%C3%A9s-k%C3%B6zhaszn%C3%BAs%C3%A1gi-jelent%C3%A9sei HTTP/1.1" 200 20446 "-" "Mozilla/5.0 (Linux; Android 7.0;) AppleWebKit/537.36 (KHTML, like Gecko) Mobile Safari/537.36 (compatible; PetalBot;+https://aspiegel.com/petalbot)"
66.249.93.74 - - [07/Oct/2020:17:57:46 +0200] "GET / HTTP/1.1" 200 19615 "-" "Mozilla/5.0 (X11; Linux x86_64) AppleWebKit/537.36 (KHTML, like Gecko) Chrome/49.0.2623.75 Safari/537.36 Google Favicon"
66.249.93.72 - - [07/Oct/2020:17:57:47 +0200] "GET /favicon.ico HTTP/1.1" 404 57 "-" "Mozilla/5.0 (X11; Linux x86_64) AppleWebKit/537.36 (KHTML, like Gecko) Chrome/49.0.2623.75 Safari/537.36 Google Favicon"
114.119.132.58 - - [07/Oct/2020:18:03:15 +0200] "GET /erdeiiskola/informacio.html HTTP/1.1" 200 3164 "-" "Mozilla/5.0 (Linux; Android 7.0;) AppleWebKit/537.36 (KHTML, like Gecko) Mobile Safari/537.36 (compatible; PetalBot;+https://aspiegel.com/petalbot)"
66.249.66.88 - - [07/Oct/2020:18:07:20 +0200] "GET /content/gy%C5%B1r%C5%B1f%C5%B1-facebook HTTP/1.1" 200 16513 "-" "Mozilla/5.0 (Linux; Android 6.0.1; Nexus 5X Build/MMB29P) AppleWebKit/537.36 (KHTML, like Gecko) Chrome/85.0.4183.140 Mobile Safari/537.36 (compatible; Googlebot/2.1; +http://www.google.com/bot.html)"
66.249.66.89 - - [07/Oct/2020:18:13:06 +0200] "GET /content/l%C3%A1tnival%C3%B3k-gy%C5%B1r%C5%B1f%C5%B1n-%C3%A9s-k%C3%B6rny%C3%A9k%C3%A9n HTTP/1.1" 200 26040 "-" "Mozilla/5.0 (Linux; Android 6.0.1; Nexus 5X Build/MMB29P) AppleWebKit/537.36 (KHTML, like Gecko) Chrome/85.0.4183.140 Mobile Safari/537.36 (compatible; Googlebot/2.1; +http://www.google.com/bot.html)"
66.249.66.87 - - [07/Oct/2020:18:15:59 +0200] "GET /content/l%C3%A1tnival%C3%B3k-gy%C5%B1r%C5%B1f%C5%B1n-%C3%A9s-k%C3%B6rny%C3%A9k%C3%A9n HTTP/1.1" 200 26040 "-" "Mozilla/5.0 (compatible; Googlebot/2.1; +http://www.google.com/bot.html)"
114.119.147.246 - - [07/Oct/2020:18:16:26 +0200] "GET /lovastanya/images/telek/index.htm HTTP/1.1" 200 406 "-" "Mozilla/5.0 (Linux; Android 7.0;) AppleWebKit/537.36 (KHTML, like Gecko) Mobile Safari/537.36 (compatible; PetalBot;+https://aspiegel.com/petalbot)"
114.119.133.85 - - [07/Oct/2020:18:32:16 +0200] "GET /content/gy%C5%B1r%C5%B1f%C5%B1-facebook HTTP/1.1" 200 16513 "-" "Mozilla/5.0 (Linux; Android 7.0;) AppleWebKit/537.36 (KHTML, like Gecko) Mobile Safari/537.36 (compatible; PetalBot;+https://aspiegel.com/petalbot)"
185.191.171.40 - - [07/Oct/2020:18:44:07 +0200] "GET /robots.txt HTTP/1.1" 200 1627 "-" "Mozilla/5.0 (compatible; SemrushBot/6~bl; +http://www.semrush.com/bot.html)"
185.191.171.39 - - [07/Oct/2020:18:44:08 +0200] "GET /lovastanya/ HTTP/1.1" 200 1461 "-" "Mozilla/5.0 (compatible; SemrushBot/6~bl; +http://www.semrush.com/bot.html)"
66.249.66.87 - - [07/Oct/2020:18:44:39 +0200] "GET /content/gy%C5%B1r%C5%B1f%C5%B1-t%C3%A1voli-m%C3%BAltja HTTP/1.1" 200 26711 "-" "Mozilla/5.0 (compatible; Googlebot/2.1; +http://www.google.com/bot.html)"
159.65.239.34 - - [07/Oct/2020:18:45:39 +0200] "GET /wp-login.php HTTP/1.1" 404 4562 "-" "Mozilla/5.0 (X11; Ubuntu; Linux x86_64; rv:62.0) Gecko/20100101 Firefox/62.0"
66.249.66.88 - - [07/Oct/2020:18:52:08 +0200] "GET /favicon.ico HTTP/1.1" 404 57 "-" "Googlebot-Image/1.0"
66.249.66.88 - - [07/Oct/2020:18:56:12 +0200] "GET /content/gy%C5%B1r%C5%B1f%C5%B1-m%C5%B1hely-kft HTTP/1.1" 200 17788 "-" "Mozilla/5.0 (Linux; Android 6.0.1; Nexus 5X Build/MMB29P) AppleWebKit/537.36 (KHTML, like Gecko) Chrome/85.0.4183.140 Mobile Safari/537.36 (compatible; Googlebot/2.1; +http://www.google.com/bot.html)"
80.187.102.171 - - [07/Oct/2020:18:56:46 +0200] "GET / HTTP/1.1" 200 19615 "https://www.google.com/" "Mozilla/5.0 (X11; Ubuntu; Linux x86_64; rv:76.0) Gecko/20100101 Firefox/76.0"
80.187.102.171 - - [07/Oct/2020:18:56:46 +0200] "GET /modules/nice_menus/nice_menus.css?g HTTP/1.1" 200 3607 "http://www.gyurufu.hu/" "Mozilla/5.0 (X11; Ubuntu; Linux x86_64; rv:76.0) Gecko/20100101 Firefox/76.0"
80.187.102.171 - - [07/Oct/2020:18:56:46 +0200] "GET /modules/nice_menus/nice_menus_default.css?g HTTP/1.1" 200 4978 "http://www.gyurufu.hu/" "Mozilla/5.0 (X11; Ubuntu; Linux x86_64; rv:76.0) Gecko/20100101 Firefox/76.0"
80.187.102.171 - - [07/Oct/2020:18:56:46 +0200] "GET /modules/system/defaults.css?g HTTP/1.1" 200 757 "http://www.gyurufu.hu/" "Mozilla/5.0 (X11; Ubuntu; Linux x86_64; rv:76.0) Gecko/20100101 Firefox/76.0"
80.187.102.171 - - [07/Oct/2020:18:56:46 +0200] "GET /modules/node/node.css?g HTTP/1.1" 200 740 "http://www.gyurufu.hu/" "Mozilla/5.0 (X11; Ubuntu; Linux x86_64; rv:76.0) Gecko/20100101 Firefox/76.0"
80.187.102.171 - - [07/Oct/2020:18:56:46 +0200] "GET /modules/photos/photos.css?g HTTP/1.1" 200 5645 "http://www.gyurufu.hu/" "Mozilla/5.0 (X11; Ubuntu; Linux x86_64; rv:76.0) Gecko/20100101 Firefox/76.0"
80.187.102.171 - - [07/Oct/2020:18:56:46 +0200] "GET /modules/system/system.css?g HTTP/1.1" 200 10020 "http://www.gyurufu.hu/" "Mozilla/5.0 (X11; Ubuntu; Linux x86_64; rv:76.0) Gecko/20100101 Firefox/76.0"
80.187.102.171 - - [07/Oct/2020:18:56:46 +0200] "GET /modules/user/user.css?g HTTP/1.1" 200 1127 "http://www.gyurufu.hu/" "Mozilla/5.0 (X11; Ubuntu; Linux x86_64; rv:76.0) Gecko/20100101 Firefox/76.0"
80.187.102.171 - - [07/Oct/2020:18:56:46 +0200] "GET /modules/system/system-menus.css?g HTTP/1.1" 200 935 "http://www.gyurufu.hu/" "Mozilla/5.0 (X11; Ubuntu; Linux x86_64; rv:76.0) Gecko/20100101 Firefox/76.0"
80.187.102.171 - - [07/Oct/2020:18:56:47 +0200] "GET /misc/jquery.js?g HTTP/1.1" 200 31089 "http://www.gyurufu.hu/" "Mozilla/5.0 (X11; Ubuntu; Linux x86_64; rv:76.0) Gecko/20100101 Firefox/76.0"
80.187.102.171 - - [07/Oct/2020:18:56:47 +0200] "GET /themes/aboutpeople/style.css?g HTTP/1.1" 200 32283 "http://www.gyurufu.hu/" "Mozilla/5.0 (X11; Ubuntu; Linux x86_64; rv:76.0) Gecko/20100101 Firefox/76.0"
80.187.102.171 - - [07/Oct/2020:18:56:47 +0200] "GET /misc/drupal.js?g HTTP/1.1" 200 9745 "http://www.gyurufu.hu/" "Mozilla/5.0 (X11; Ubuntu; Linux x86_64; rv:76.0) Gecko/20100101 Firefox/76.0"
80.187.102.171 - - [07/Oct/2020:18:56:47 +0200] "GET /modules/google_analytics/googleanalytics.js?g HTTP/1.1" 200 2268 "http://www.gyurufu.hu/" "Mozilla/5.0 (X11; Ubuntu; Linux x86_64; rv:76.0) Gecko/20100101 Firefox/76.0"
80.187.102.171 - - [07/Oct/2020:18:56:47 +0200] "GET /modules/photos/photos.js?g HTTP/1.1" 200 2409 "http://www.gyurufu.hu/" "Mozilla/5.0 (X11; Ubuntu; Linux x86_64; rv:76.0) Gecko/20100101 Firefox/76.0"
80.187.102.171 - - [07/Oct/2020:18:56:47 +0200] "GET /sites/default/files/languages/hu_8582a244f490b74610256ab428690e24.js?g HTTP/1.1" 200 1838 "http://www.gyurufu.hu/" "Mozilla/5.0 (X11; Ubuntu; Linux x86_64; rv:76.0) Gecko/20100101 Firefox/76.0"
80.187.102.171 - - [07/Oct/2020:18:56:47 +0200] "GET /misc/powered-blue-80x15.png HTTP/1.1" 200 1011 "http://www.gyurufu.hu/" "Mozilla/5.0 (X11; Ubuntu; Linux x86_64; rv:76.0) Gecko/20100101 Firefox/76.0"
80.187.102.171 - - [07/Oct/2020:18:56:47 +0200] "GET /themes/aboutpeople/img/sticky.gif HTTP/1.1" 200 560 "http://www.gyurufu.hu/" "Mozilla/5.0 (X11; Ubuntu; Linux x86_64; rv:76.0) Gecko/20100101 Firefox/76.0"
80.187.102.171 - - [07/Oct/2020:18:56:47 +0200] "GET /themes/aboutpeople/img/bg.gif HTTP/1.1" 200 4764 "http://www.gyurufu.hu/themes/aboutpeople/style.css?g" "Mozilla/5.0 (X11; Ubuntu; Linux x86_64; rv:76.0) Gecko/20100101 Firefox/76.0"
80.187.102.171 - - [07/Oct/2020:18:56:47 +0200] "GET /themes/aboutpeople/img/use11r.gif HTTP/1.1" 200 1001 "http://www.gyurufu.hu/themes/aboutpeople/style.css?g" "Mozilla/5.0 (X11; Ubuntu; Linux x86_64; rv:76.0) Gecko/20100101 Firefox/76.0"
80.187.102.171 - - [07/Oct/2020:18:56:47 +0200] "GET /themes/aboutpeople/img/menulinks.png HTTP/1.1" 200 1465 "http://www.gyurufu.hu/themes/aboutpeople/style.css?g" "Mozilla/5.0 (X11; Ubuntu; Linux x86_64; rv:76.0) Gecko/20100101 Firefox/76.0"
80.187.102.171 - - [07/Oct/2020:18:56:47 +0200] "GET /themes/aboutpeople/img/login_line.png HTTP/1.1" 200 510 "http://www.gyurufu.hu/themes/aboutpeople/style.css?g" "Mozilla/5.0 (X11; Ubuntu; Linux x86_64; rv:76.0) Gecko/20100101 Firefox/76.0"
80.187.102.171 - - [07/Oct/2020:18:56:47 +0200] "GET /themes/aboutpeople/img/menulinks_corner.png HTTP/1.1" 200 215 "http://www.gyurufu.hu/themes/aboutpeople/style.css?g" "Mozilla/5.0 (X11; Ubuntu; Linux x86_64; rv:76.0) Gecko/20100101 Firefox/76.0"
80.187.102.171 - - [07/Oct/2020:18:56:47 +0200] "GET /themes/aboutpeople/img/menuline.png HTTP/1.1" 200 395 "http://www.gyurufu.hu/themes/aboutpeople/style.css?g" "Mozilla/5.0 (X11; Ubuntu; Linux x86_64; rv:76.0) Gecko/20100101 Firefox/76.0"
80.187.102.171 - - [07/Oct/2020:18:56:47 +0200] "GET /themes/aboutpeople/img/down_arrow.png HTTP/1.1" 200 149 "http://www.gyurufu.hu/themes/aboutpeople/style.css?g" "Mozilla/5.0 (X11; Ubuntu; Linux x86_64; rv:76.0) Gecko/20100101 Firefox/76.0"
80.187.102.171 - - [07/Oct/2020:18:56:47 +0200] "GET /themes/aboutpeople/img/down_arrow_hover.png HTTP/1.1" 200 115 "http://www.gyurufu.hu/themes/aboutpeople/style.css?g" "Mozilla/5.0 (X11; Ubuntu; Linux x86_64; rv:76.0) Gecko/20100101 Firefox/76.0"
80.187.102.171 - - [07/Oct/2020:18:56:47 +0200] "GET /themes/aboutpeople/img/slinksover.gif HTTP/1.1" 200 478 "http://www.gyurufu.hu/themes/aboutpeople/style.css?g" "Mozilla/5.0 (X11; Ubuntu; Linux x86_64; rv:76.0) Gecko/20100101 Firefox/76.0"
80.187.102.171 - - [07/Oct/2020:18:56:47 +0200] "GET /themes/aboutpeople/img/slinks.gif HTTP/1.1" 200 487 "http://www.gyurufu.hu/themes/aboutpeople/style.css?g" "Mozilla/5.0 (X11; Ubuntu; Linux x86_64; rv:76.0) Gecko/20100101 Firefox/76.0"
80.187.102.171 - - [07/Oct/2020:18:56:47 +0200] "GET /themes/aboutpeople/img/banners/rotate.php HTTP/1.1" 200 38338 "http://www.gyurufu.hu/themes/aboutpeople/style.css?g" "Mozilla/5.0 (X11; Ubuntu; Linux x86_64; rv:76.0) Gecko/20100101 Firefox/76.0"
80.187.102.171 - - [07/Oct/2020:18:56:47 +0200] "GET /themes/aboutpeople/img/bgblock.gif HTTP/1.1" 200 1287 "http://www.gyurufu.hu/themes/aboutpeople/style.css?g" "Mozilla/5.0 (X11; Ubuntu; Linux x86_64; rv:76.0) Gecko/20100101 Firefox/76.0"
80.187.102.171 - - [07/Oct/2020:18:56:47 +0200] "GET /themes/aboutpeople/img/readmore.gif HTTP/1.1" 200 366 "http://www.gyurufu.hu/themes/aboutpeople/style.css?g" "Mozilla/5.0 (X11; Ubuntu; Linux x86_64; rv:76.0) Gecko/20100101 Firefox/76.0"
80.187.102.171 - - [07/Oct/2020:18:56:47 +0200] "GET /modules/nice_menus/arrow-right.png HTTP/1.1" 200 258 "http://www.gyurufu.hu/modules/nice_menus/nice_menus_default.css?g" "Mozilla/5.0 (X11; Ubuntu; Linux x86_64; rv:76.0) Gecko/20100101 Firefox/76.0"
80.187.102.171 - - [07/Oct/2020:18:56:47 +0200] "GET /themes/aboutpeople/img/login.gif HTTP/1.1" 200 1018 "http://www.gyurufu.hu/themes/aboutpeople/style.css?g" "Mozilla/5.0 (X11; Ubuntu; Linux x86_64; rv:76.0) Gecko/20100101 Firefox/76.0"
80.187.102.171 - - [07/Oct/2020:18:56:47 +0200] "GET /favicon.ico HTTP/1.1" 404 57 "-" "Mozilla/5.0 (X11; Ubuntu; Linux x86_64; rv:76.0) Gecko/20100101 Firefox/76.0"
66.249.81.11 - - [07/Oct/2020:18:58:13 +0200] "GET / HTTP/1.1" 200 19615 "-" "Mozilla/5.0 (X11; Ubuntu; Linux x86_64; rv:76.0) Gecko/20100101 Firefox/76.0,gzip(gfe)"
66.249.81.11 - - [07/Oct/2020:18:58:13 +0200] "GET /misc/jquery.js?g HTTP/1.1" 200 31089 "https://translate.googleusercontent.com/translate_c?depth=1&hl=de&prev=search&pto=aue&rurl=translate.google.com&sl=hu&sp=nmt4&u=http://www.gyurufu.hu/&usg=ALkJrhjLNhafgQUJUVTcQid9a_0RbJfvcQ" "Mozilla/5.0 (X11; Ubuntu; Linux x86_64; rv:76.0) Gecko/20100101 Firefox/76.0,gzip(gfe)"
66.249.81.9 - - [07/Oct/2020:18:58:13 +0200] "GET /modules/node/node.css?g HTTP/1.1" 200 740 "https://translate.googleusercontent.com/translate_c?depth=1&hl=de&prev=search&pto=aue&rurl=translate.google.com&sl=hu&sp=nmt4&u=http://www.gyurufu.hu/&usg=ALkJrhjLNhafgQUJUVTcQid9a_0RbJfvcQ" "Mozilla/5.0 (X11; Ubuntu; Linux x86_64; rv:76.0) Gecko/20100101 Firefox/76.0,gzip(gfe)"
66.249.81.7 - - [07/Oct/2020:18:58:13 +0200] "GET /modules/system/system.css?g HTTP/1.1" 200 10020 "https://translate.googleusercontent.com/translate_c?depth=1&hl=de&prev=search&pto=aue&rurl=translate.google.com&sl=hu&sp=nmt4&u=http://www.gyurufu.hu/&usg=ALkJrhjLNhafgQUJUVTcQid9a_0RbJfvcQ" "Mozilla/5.0 (X11; Ubuntu; Linux x86_64; rv:76.0) Gecko/20100101 Firefox/76.0,gzip(gfe)"
66.249.81.9 - - [07/Oct/2020:18:58:13 +0200] "GET /modules/user/user.css?g HTTP/1.1" 200 1127 "https://translate.googleusercontent.com/translate_c?depth=1&hl=de&prev=search&pto=aue&rurl=translate.google.com&sl=hu&sp=nmt4&u=http://www.gyurufu.hu/&usg=ALkJrhjLNhafgQUJUVTcQid9a_0RbJfvcQ" "Mozilla/5.0 (X11; Ubuntu; Linux x86_64; rv:76.0) Gecko/20100101 Firefox/76.0,gzip(gfe)"
66.249.81.11 - - [07/Oct/2020:18:58:13 +0200] "GET /sites/default/files/languages/hu_8582a244f490b74610256ab428690e24.js?g HTTP/1.1" 200 1838 "https://translate.googleusercontent.com/translate_c?depth=1&hl=de&prev=search&pto=aue&rurl=translate.google.com&sl=hu&sp=nmt4&u=http://www.gyurufu.hu/&usg=ALkJrhjLNhafgQUJUVTcQid9a_0RbJfvcQ" "Mozilla/5.0 (X11; Ubuntu; Linux x86_64; rv:76.0) Gecko/20100101 Firefox/76.0,gzip(gfe)"
66.249.81.9 - - [07/Oct/2020:18:58:13 +0200] "GET /themes/aboutpeople/style.css?g HTTP/1.1" 200 32283 "https://translate.googleusercontent.com/translate_c?depth=1&hl=de&prev=search&pto=aue&rurl=translate.google.com&sl=hu&sp=nmt4&u=http://www.gyurufu.hu/&usg=ALkJrhjLNhafgQUJUVTcQid9a_0RbJfvcQ" "Mozilla/5.0 (X11; Ubuntu; Linux x86_64; rv:76.0) Gecko/20100101 Firefox/76.0,gzip(gfe)"
66.249.81.7 - - [07/Oct/2020:18:58:13 +0200] "GET /misc/drupal.js?g HTTP/1.1" 200 9745 "https://translate.googleusercontent.com/translate_c?depth=1&hl=de&prev=search&pto=aue&rurl=translate.google.com&sl=hu&sp=nmt4&u=http://www.gyurufu.hu/&usg=ALkJrhjLNhafgQUJUVTcQid9a_0RbJfvcQ" "Mozilla/5.0 (X11; Ubuntu; Linux x86_64; rv:76.0) Gecko/20100101 Firefox/76.0,gzip(gfe)"
66.249.81.7 - - [07/Oct/2020:18:58:13 +0200] "GET /modules/photos/photos.js?g HTTP/1.1" 200 2409 "https://translate.googleusercontent.com/translate_c?depth=1&hl=de&prev=search&pto=aue&rurl=translate.google.com&sl=hu&sp=nmt4&u=http://www.gyurufu.hu/&usg=ALkJrhjLNhafgQUJUVTcQid9a_0RbJfvcQ" "Mozilla/5.0 (X11; Ubuntu; Linux x86_64; rv:76.0) Gecko/20100101 Firefox/76.0,gzip(gfe)"
66.249.81.11 - - [07/Oct/2020:18:58:13 +0200] "GET /modules/system/defaults.css?g HTTP/1.1" 200 757 "https://translate.googleusercontent.com/translate_c?depth=1&hl=de&prev=search&pto=aue&rurl=translate.google.com&sl=hu&sp=nmt4&u=http://www.gyurufu.hu/&usg=ALkJrhjLNhafgQUJUVTcQid9a_0RbJfvcQ" "Mozilla/5.0 (X11; Ubuntu; Linux x86_64; rv:76.0) Gecko/20100101 Firefox/76.0,gzip(gfe)"
66.249.81.9 - - [07/Oct/2020:18:58:13 +0200] "GET /modules/system/system-menus.css?g HTTP/1.1" 200 935 "https://translate.googleusercontent.com/translate_c?depth=1&hl=de&prev=search&pto=aue&rurl=translate.google.com&sl=hu&sp=nmt4&u=http://www.gyurufu.hu/&usg=ALkJrhjLNhafgQUJUVTcQid9a_0RbJfvcQ" "Mozilla/5.0 (X11; Ubuntu; Linux x86_64; rv:76.0) Gecko/20100101 Firefox/76.0,gzip(gfe)"
66.249.81.9 - - [07/Oct/2020:18:58:13 +0200] "GET /modules/nice_menus/nice_menus.css?g HTTP/1.1" 200 3607 "https://translate.googleusercontent.com/translate_c?depth=1&hl=de&prev=search&pto=aue&rurl=translate.google.com&sl=hu&sp=nmt4&u=http://www.gyurufu.hu/&usg=ALkJrhjLNhafgQUJUVTcQid9a_0RbJfvcQ" "Mozilla/5.0 (X11; Ubuntu; Linux x86_64; rv:76.0) Gecko/20100101 Firefox/76.0,gzip(gfe)"
66.249.81.9 - - [07/Oct/2020:18:58:13 +0200] "GET /modules/nice_menus/nice_menus_default.css?g HTTP/1.1" 200 4978 "https://translate.googleusercontent.com/translate_c?depth=1&hl=de&prev=search&pto=aue&rurl=translate.google.com&sl=hu&sp=nmt4&u=http://www.gyurufu.hu/&usg=ALkJrhjLNhafgQUJUVTcQid9a_0RbJfvcQ" "Mozilla/5.0 (X11; Ubuntu; Linux x86_64; rv:76.0) Gecko/20100101 Firefox/76.0,gzip(gfe)"
66.249.81.7 - - [07/Oct/2020:18:58:14 +0200] "GET /modules/photos/photos.css?g HTTP/1.1" 200 5645 "https://translate.googleusercontent.com/translate_c?depth=1&hl=de&prev=search&pto=aue&rurl=translate.google.com&sl=hu&sp=nmt4&u=http://www.gyurufu.hu/&usg=ALkJrhjLNhafgQUJUVTcQid9a_0RbJfvcQ" "Mozilla/5.0 (X11; Ubuntu; Linux x86_64; rv:76.0) Gecko/20100101 Firefox/76.0,gzip(gfe)"
66.249.81.11 - - [07/Oct/2020:18:58:14 +0200] "GET /modules/google_analytics/googleanalytics.js?g HTTP/1.1" 200 2268 "https://translate.googleusercontent.com/translate_c?depth=1&hl=de&prev=search&pto=aue&rurl=translate.google.com&sl=hu&sp=nmt4&u=http://www.gyurufu.hu/&usg=ALkJrhjLNhafgQUJUVTcQid9a_0RbJfvcQ" "Mozilla/5.0 (X11; Ubuntu; Linux x86_64; rv:76.0) Gecko/20100101 Firefox/76.0,gzip(gfe)"
80.187.102.171 - - [07/Oct/2020:18:58:16 +0200] "GET /themes/aboutpeople/img/banners/rotate.php HTTP/1.1" 200 38338 "-" "Mozilla/5.0 (X11; Ubuntu; Linux x86_64; rv:76.0) Gecko/20100101 Firefox/76.0"
66.249.81.9 - - [07/Oct/2020:18:59:41 +0200] "GET /content/k%C3%B6sz%C3%B6nt%C3%BCnk-gy%C5%B1r%C5%B1f%C5%B1n HTTP/1.1" 200 16685 "https://translate.googleusercontent.com/translate_c?depth=1&hl=de&prev=search&pto=aue&rurl=translate.google.com&sl=hu&sp=nmt4&u=http://www.gyurufu.hu/&usg=ALkJrhjLNhafgQUJUVTcQid9a_0RbJfvcQ" "Mozilla/5.0 (X11; Ubuntu; Linux x86_64; rv:76.0) Gecko/20100101 Firefox/76.0,gzip(gfe)"
66.249.81.9 - - [07/Oct/2020:18:59:41 +0200] "GET /misc/drupal.js?g HTTP/1.1" 200 9745 "https://translate.googleusercontent.com/translate_c?depth=1&hl=de&prev=search&pto=aue&rurl=translate.google.com&sl=hu&sp=nmt4&u=http://www.gyurufu.hu/content/k%25C3%25B6sz%25C3%25B6nt%25C3%25BCnk-gy%25C5%25B1r%25C5%25B1f%25C5%25B1n&usg=ALkJrhgZ8cHMktvi4wGBXw6sgBrDbRYjVQ" "Mozilla/5.0 (X11; Ubuntu; Linux x86_64; rv:76.0) Gecko/20100101 Firefox/76.0,gzip(gfe)"
66.249.81.7 - - [07/Oct/2020:18:59:41 +0200] "GET /modules/nice_menus/nice_menus_default.css?g HTTP/1.1" 200 4978 "https://translate.googleusercontent.com/translate_c?depth=1&hl=de&prev=search&pto=aue&rurl=translate.google.com&sl=hu&sp=nmt4&u=http://www.gyurufu.hu/content/k%25C3%25B6sz%25C3%25B6nt%25C3%25BCnk-gy%25C5%25B1r%25C5%25B1f%25C5%25B1n&usg=ALkJrhgZ8cHMktvi4wGBXw6sgBrDbRYjVQ" "Mozilla/5.0 (X11; Ubuntu; Linux x86_64; rv:76.0) Gecko/20100101 Firefox/76.0,gzip(gfe)"
66.249.81.11 - - [07/Oct/2020:18:59:41 +0200] "GET /modules/nice_menus/nice_menus.css?g HTTP/1.1" 200 3607 "https://translate.googleusercontent.com/translate_c?depth=1&hl=de&prev=search&pto=aue&rurl=translate.google.com&sl=hu&sp=nmt4&u=http://www.gyurufu.hu/content/k%25C3%25B6sz%25C3%25B6nt%25C3%25BCnk-gy%25C5%25B1r%25C5%25B1f%25C5%25B1n&usg=ALkJrhgZ8cHMktvi4wGBXw6sgBrDbRYjVQ" "Mozilla/5.0 (X11; Ubuntu; Linux x86_64; rv:76.0) Gecko/20100101 Firefox/76.0,gzip(gfe)"
66.249.81.7 - - [07/Oct/2020:18:59:41 +0200] "GET /misc/jquery.js?g HTTP/1.1" 200 31089 "https://translate.googleusercontent.com/translate_c?depth=1&hl=de&prev=search&pto=aue&rurl=translate.google.com&sl=hu&sp=nmt4&u=http://www.gyurufu.hu/content/k%25C3%25B6sz%25C3%25B6nt%25C3%25BCnk-gy%25C5%25B1r%25C5%25B1f%25C5%25B1n&usg=ALkJrhgZ8cHMktvi4wGBXw6sgBrDbRYjVQ" "Mozilla/5.0 (X11; Ubuntu; Linux x86_64; rv:76.0) Gecko/20100101 Firefox/76.0,gzip(gfe)"
66.249.81.11 - - [07/Oct/2020:18:59:41 +0200] "GET /modules/node/node.css?g HTTP/1.1" 200 740 "https://translate.googleusercontent.com/translate_c?depth=1&hl=de&prev=search&pto=aue&rurl=translate.google.com&sl=hu&sp=nmt4&u=http://www.gyurufu.hu/content/k%25C3%25B6sz%25C3%25B6nt%25C3%25BCnk-gy%25C5%25B1r%25C5%25B1f%25C5%25B1n&usg=ALkJrhgZ8cHMktvi4wGBXw6sgBrDbRYjVQ" "Mozilla/5.0 (X11; Ubuntu; Linux x86_64; rv:76.0) Gecko/20100101 Firefox/76.0,gzip(gfe)"
66.249.81.11 - - [07/Oct/2020:18:59:41 +0200] "GET /modules/photos/photos.css?g HTTP/1.1" 200 5645 "https://translate.googleusercontent.com/translate_c?depth=1&hl=de&prev=search&pto=aue&rurl=translate.google.com&sl=hu&sp=nmt4&u=http://www.gyurufu.hu/content/k%25C3%25B6sz%25C3%25B6nt%25C3%25BCnk-gy%25C5%25B1r%25C5%25B1f%25C5%25B1n&usg=ALkJrhgZ8cHMktvi4wGBXw6sgBrDbRYjVQ" "Mozilla/5.0 (X11; Ubuntu; Linux x86_64; rv:76.0) Gecko/20100101 Firefox/76.0,gzip(gfe)"
66.249.81.9 - - [07/Oct/2020:18:59:41 +0200] "GET /modules/photos/photos.js?g HTTP/1.1" 200 2409 "https://translate.googleusercontent.com/translate_c?depth=1&hl=de&prev=search&pto=aue&rurl=translate.google.com&sl=hu&sp=nmt4&u=http://www.gyurufu.hu/content/k%25C3%25B6sz%25C3%25B6nt%25C3%25BCnk-gy%25C5%25B1r%25C5%25B1f%25C5%25B1n&usg=ALkJrhgZ8cHMktvi4wGBXw6sgBrDbRYjVQ" "Mozilla/5.0 (X11; Ubuntu; Linux x86_64; rv:76.0) Gecko/20100101 Firefox/76.0,gzip(gfe)"
66.249.81.9 - - [07/Oct/2020:18:59:41 +0200] "GET /modules/google_analytics/googleanalytics.js?g HTTP/1.1" 200 2268 "https://translate.googleusercontent.com/translate_c?depth=1&hl=de&prev=search&pto=aue&rurl=translate.google.com&sl=hu&sp=nmt4&u=http://www.gyurufu.hu/content/k%25C3%25B6sz%25C3%25B6nt%25C3%25BCnk-gy%25C5%25B1r%25C5%25B1f%25C5%25B1n&usg=ALkJrhgZ8cHMktvi4wGBXw6sgBrDbRYjVQ" "Mozilla/5.0 (X11; Ubuntu; Linux x86_64; rv:76.0) Gecko/20100101 Firefox/76.0,gzip(gfe)"
66.249.81.7 - - [07/Oct/2020:18:59:41 +0200] "GET /modules/system/defaults.css?g HTTP/1.1" 200 757 "https://translate.googleusercontent.com/translate_c?depth=1&hl=de&prev=search&pto=aue&rurl=translate.google.com&sl=hu&sp=nmt4&u=http://www.gyurufu.hu/content/k%25C3%25B6sz%25C3%25B6nt%25C3%25BCnk-gy%25C5%25B1r%25C5%25B1f%25C5%25B1n&usg=ALkJrhgZ8cHMktvi4wGBXw6sgBrDbRYjVQ" "Mozilla/5.0 (X11; Ubuntu; Linux x86_64; rv:76.0) Gecko/20100101 Firefox/76.0,gzip(gfe)"
66.249.81.11 - - [07/Oct/2020:18:59:41 +0200] "GET /themes/aboutpeople/style.css?g HTTP/1.1" 200 32283 "https://translate.googleusercontent.com/translate_c?depth=1&hl=de&prev=search&pto=aue&rurl=translate.google.com&sl=hu&sp=nmt4&u=http://www.gyurufu.hu/content/k%25C3%25B6sz%25C3%25B6nt%25C3%25BCnk-gy%25C5%25B1r%25C5%25B1f%25C5%25B1n&usg=ALkJrhgZ8cHMktvi4wGBXw6sgBrDbRYjVQ" "Mozilla/5.0 (X11; Ubuntu; Linux x86_64; rv:76.0) Gecko/20100101 Firefox/76.0,gzip(gfe)"
66.249.81.9 - - [07/Oct/2020:18:59:41 +0200] "GET /modules/system/system-menus.css?g HTTP/1.1" 200 935 "https://translate.googleusercontent.com/translate_c?depth=1&hl=de&prev=search&pto=aue&rurl=translate.google.com&sl=hu&sp=nmt4&u=http://www.gyurufu.hu/content/k%25C3%25B6sz%25C3%25B6nt%25C3%25BCnk-gy%25C5%25B1r%25C5%25B1f%25C5%25B1n&usg=ALkJrhgZ8cHMktvi4wGBXw6sgBrDbRYjVQ" "Mozilla/5.0 (X11; Ubuntu; Linux x86_64; rv:76.0) Gecko/20100101 Firefox/76.0,gzip(gfe)"
66.249.81.7 - - [07/Oct/2020:18:59:42 +0200] "GET /sites/default/files/languages/hu_8582a244f490b74610256ab428690e24.js?g HTTP/1.1" 200 1838 "https://translate.googleusercontent.com/translate_c?depth=1&hl=de&prev=search&pto=aue&rurl=translate.google.com&sl=hu&sp=nmt4&u=http://www.gyurufu.hu/content/k%25C3%25B6sz%25C3%25B6nt%25C3%25BCnk-gy%25C5%25B1r%25C5%25B1f%25C5%25B1n&usg=ALkJrhgZ8cHMktvi4wGBXw6sgBrDbRYjVQ" "Mozilla/5.0 (X11; Ubuntu; Linux x86_64; rv:76.0) Gecko/20100101 Firefox/76.0,gzip(gfe)"
66.249.81.9 - - [07/Oct/2020:18:59:42 +0200] "GET /modules/system/system.css?g HTTP/1.1" 200 10020 "https://translate.googleusercontent.com/translate_c?depth=1&hl=de&prev=search&pto=aue&rurl=translate.google.com&sl=hu&sp=nmt4&u=http://www.gyurufu.hu/content/k%25C3%25B6sz%25C3%25B6nt%25C3%25BCnk-gy%25C5%25B1r%25C5%25B1f%25C5%25B1n&usg=ALkJrhgZ8cHMktvi4wGBXw6sgBrDbRYjVQ" "Mozilla/5.0 (X11; Ubuntu; Linux x86_64; rv:76.0) Gecko/20100101 Firefox/76.0,gzip(gfe)"
66.249.81.11 - - [07/Oct/2020:18:59:43 +0200] "GET /modules/user/user.css?g HTTP/1.1" 200 1127 "https://translate.googleusercontent.com/translate_c?depth=1&hl=de&prev=search&pto=aue&rurl=translate.google.com&sl=hu&sp=nmt4&u=http://www.gyurufu.hu/content/k%25C3%25B6sz%25C3%25B6nt%25C3%25BCnk-gy%25C5%25B1r%25C5%25B1f%25C5%25B1n&usg=ALkJrhgZ8cHMktvi4wGBXw6sgBrDbRYjVQ" "Mozilla/5.0 (X11; Ubuntu; Linux x86_64; rv:76.0) Gecko/20100101 Firefox/76.0,gzip(gfe)"
80.187.102.171 - - [07/Oct/2020:18:59:44 +0200] "GET /themes/aboutpeople/img/banners/rotate.php HTTP/1.1" 200 38338 "-" "Mozilla/5.0 (X11; Ubuntu; Linux x86_64; rv:76.0) Gecko/20100101 Firefox/76.0"
66.249.81.7 - - [07/Oct/2020:19:00:06 +0200] "GET /content/permakult%C3%BAra-tanfolyamok HTTP/1.1" 200 19113 "https://translate.googleusercontent.com/translate_c?depth=1&hl=de&prev=search&pto=aue&rurl=translate.google.com&sl=hu&sp=nmt4&u=http://www.gyurufu.hu/content/k%25C3%25B6sz%25C3%25B6nt%25C3%25BCnk-gy%25C5%25B1r%25C5%25B1f%25C5%25B1n&usg=ALkJrhgZ8cHMktvi4wGBXw6sgBrDbRYjVQ" "Mozilla/5.0 (X11; Ubuntu; Linux x86_64; rv:76.0) Gecko/20100101 Firefox/76.0,gzip(gfe)"
66.249.81.7 - - [07/Oct/2020:19:00:06 +0200] "GET /modules/nice_menus/nice_menus_default.css?g HTTP/1.1" 200 4978 "https://translate.googleusercontent.com/translate_c?depth=1&hl=de&prev=search&pto=aue&rurl=translate.google.com&sl=hu&sp=nmt4&u=http://www.gyurufu.hu/content/permakult%25C3%25BAra-tanfolyamok&usg=ALkJrhhn5cFJK1kENtxWBDYcrCnoR_8ehg" "Mozilla/5.0 (X11; Ubuntu; Linux x86_64; rv:76.0) Gecko/20100101 Firefox/76.0,gzip(gfe)"
66.249.81.7 - - [07/Oct/2020:19:00:06 +0200] "GET /modules/photos/photos.css?g HTTP/1.1" 200 5645 "https://translate.googleusercontent.com/translate_c?depth=1&hl=de&prev=search&pto=aue&rurl=translate.google.com&sl=hu&sp=nmt4&u=http://www.gyurufu.hu/content/permakult%25C3%25BAra-tanfolyamok&usg=ALkJrhhn5cFJK1kENtxWBDYcrCnoR_8ehg" "Mozilla/5.0 (X11; Ubuntu; Linux x86_64; rv:76.0) Gecko/20100101 Firefox/76.0,gzip(gfe)"
66.249.81.11 - - [07/Oct/2020:19:00:06 +0200] "GET /modules/node/node.css?g HTTP/1.1" 200 740 "https://translate.googleusercontent.com/translate_c?depth=1&hl=de&prev=search&pto=aue&rurl=translate.google.com&sl=hu&sp=nmt4&u=http://www.gyurufu.hu/content/permakult%25C3%25BAra-tanfolyamok&usg=ALkJrhhn5cFJK1kENtxWBDYcrCnoR_8ehg" "Mozilla/5.0 (X11; Ubuntu; Linux x86_64; rv:76.0) Gecko/20100101 Firefox/76.0,gzip(gfe)"
66.249.81.11 - - [07/Oct/2020:19:00:06 +0200] "GET /modules/system/system.css?g HTTP/1.1" 200 10020 "https://translate.googleusercontent.com/translate_c?depth=1&hl=de&prev=search&pto=aue&rurl=translate.google.com&sl=hu&sp=nmt4&u=http://www.gyurufu.hu/content/permakult%25C3%25BAra-tanfolyamok&usg=ALkJrhhn5cFJK1kENtxWBDYcrCnoR_8ehg" "Mozilla/5.0 (X11; Ubuntu; Linux x86_64; rv:76.0) Gecko/20100101 Firefox/76.0,gzip(gfe)"
66.249.81.7 - - [07/Oct/2020:19:00:06 +0200] "GET /modules/nice_menus/nice_menus.css?g HTTP/1.1" 200 3607 "https://translate.googleusercontent.com/translate_c?depth=1&hl=de&prev=search&pto=aue&rurl=translate.google.com&sl=hu&sp=nmt4&u=http://www.gyurufu.hu/content/permakult%25C3%25BAra-tanfolyamok&usg=ALkJrhhn5cFJK1kENtxWBDYcrCnoR_8ehg" "Mozilla/5.0 (X11; Ubuntu; Linux x86_64; rv:76.0) Gecko/20100101 Firefox/76.0,gzip(gfe)"
66.249.81.9 - - [07/Oct/2020:19:00:06 +0200] "GET /modules/user/user.css?g HTTP/1.1" 200 1127 "https://translate.googleusercontent.com/translate_c?depth=1&hl=de&prev=search&pto=aue&rurl=translate.google.com&sl=hu&sp=nmt4&u=http://www.gyurufu.hu/content/permakult%25C3%25BAra-tanfolyamok&usg=ALkJrhhn5cFJK1kENtxWBDYcrCnoR_8ehg" "Mozilla/5.0 (X11; Ubuntu; Linux x86_64; rv:76.0) Gecko/20100101 Firefox/76.0,gzip(gfe)"
66.249.81.7 - - [07/Oct/2020:19:00:06 +0200] "GET /themes/aboutpeople/style.css?g HTTP/1.1" 200 32283 "https://translate.googleusercontent.com/translate_c?depth=1&hl=de&prev=search&pto=aue&rurl=translate.google.com&sl=hu&sp=nmt4&u=http://www.gyurufu.hu/content/permakult%25C3%25BAra-tanfolyamok&usg=ALkJrhhn5cFJK1kENtxWBDYcrCnoR_8ehg" "Mozilla/5.0 (X11; Ubuntu; Linux x86_64; rv:76.0) Gecko/20100101 Firefox/76.0,gzip(gfe)"
66.249.81.11 - - [07/Oct/2020:19:00:06 +0200] "GET /misc/jquery.js?g HTTP/1.1" 200 31089 "https://translate.googleusercontent.com/translate_c?depth=1&hl=de&prev=search&pto=aue&rurl=translate.google.com&sl=hu&sp=nmt4&u=http://www.gyurufu.hu/content/permakult%25C3%25BAra-tanfolyamok&usg=ALkJrhhn5cFJK1kENtxWBDYcrCnoR_8ehg" "Mozilla/5.0 (X11; Ubuntu; Linux x86_64; rv:76.0) Gecko/20100101 Firefox/76.0,gzip(gfe)"
66.249.81.7 - - [07/Oct/2020:19:00:06 +0200] "GET /misc/drupal.js?g HTTP/1.1" 200 9745 "https://translate.googleusercontent.com/translate_c?depth=1&hl=de&prev=search&pto=aue&rurl=translate.google.com&sl=hu&sp=nmt4&u=http://www.gyurufu.hu/content/permakult%25C3%25BAra-tanfolyamok&usg=ALkJrhhn5cFJK1kENtxWBDYcrCnoR_8ehg" "Mozilla/5.0 (X11; Ubuntu; Linux x86_64; rv:76.0) Gecko/20100101 Firefox/76.0,gzip(gfe)"
66.249.81.11 - - [07/Oct/2020:19:00:06 +0200] "GET /modules/system/defaults.css?g HTTP/1.1" 200 757 "https://translate.googleusercontent.com/translate_c?depth=1&hl=de&prev=search&pto=aue&rurl=translate.google.com&sl=hu&sp=nmt4&u=http://www.gyurufu.hu/content/permakult%25C3%25BAra-tanfolyamok&usg=ALkJrhhn5cFJK1kENtxWBDYcrCnoR_8ehg" "Mozilla/5.0 (X11; Ubuntu; Linux x86_64; rv:76.0) Gecko/20100101 Firefox/76.0,gzip(gfe)"
66.249.81.7 - - [07/Oct/2020:19:00:06 +0200] "GET /sites/default/files/languages/hu_8582a244f490b74610256ab428690e24.js?g HTTP/1.1" 200 1838 "https://translate.googleusercontent.com/translate_c?depth=1&hl=de&prev=search&pto=aue&rurl=translate.google.com&sl=hu&sp=nmt4&u=http://www.gyurufu.hu/content/permakult%25C3%25BAra-tanfolyamok&usg=ALkJrhhn5cFJK1kENtxWBDYcrCnoR_8ehg" "Mozilla/5.0 (X11; Ubuntu; Linux x86_64; rv:76.0) Gecko/20100101 Firefox/76.0,gzip(gfe)"
66.249.81.7 - - [07/Oct/2020:19:00:06 +0200] "GET /modules/photos/photos.js?g HTTP/1.1" 200 2409 "https://translate.googleusercontent.com/translate_c?depth=1&hl=de&prev=search&pto=aue&rurl=translate.google.com&sl=hu&sp=nmt4&u=http://www.gyurufu.hu/content/permakult%25C3%25BAra-tanfolyamok&usg=ALkJrhhn5cFJK1kENtxWBDYcrCnoR_8ehg" "Mozilla/5.0 (X11; Ubuntu; Linux x86_64; rv:76.0) Gecko/20100101 Firefox/76.0,gzip(gfe)"
66.249.81.11 - - [07/Oct/2020:19:00:06 +0200] "GET /modules/google_analytics/googleanalytics.js?g HTTP/1.1" 200 2268 "https://translate.googleusercontent.com/translate_c?depth=1&hl=de&prev=search&pto=aue&rurl=translate.google.com&sl=hu&sp=nmt4&u=http://www.gyurufu.hu/content/permakult%25C3%25BAra-tanfolyamok&usg=ALkJrhhn5cFJK1kENtxWBDYcrCnoR_8ehg" "Mozilla/5.0 (X11; Ubuntu; Linux x86_64; rv:76.0) Gecko/20100101 Firefox/76.0,gzip(gfe)"
66.249.81.11 - - [07/Oct/2020:19:00:06 +0200] "GET /modules/system/system-menus.css?g HTTP/1.1" 200 935 "https://translate.googleusercontent.com/translate_c?depth=1&hl=de&prev=search&pto=aue&rurl=translate.google.com&sl=hu&sp=nmt4&u=http://www.gyurufu.hu/content/permakult%25C3%25BAra-tanfolyamok&usg=ALkJrhhn5cFJK1kENtxWBDYcrCnoR_8ehg" "Mozilla/5.0 (X11; Ubuntu; Linux x86_64; rv:76.0) Gecko/20100101 Firefox/76.0,gzip(gfe)"
80.187.102.171 - - [07/Oct/2020:19:00:08 +0200] "GET /themes/aboutpeople/img/banners/rotate.php HTTP/1.1" 200 38338 "-" "Mozilla/5.0 (X11; Ubuntu; Linux x86_64; rv:76.0) Gecko/20100101 Firefox/76.0"
80.187.102.171 - - [07/Oct/2020:19:00:33 +0200] "GET /?fbclid=IwAR1flK8R0n-KXuqozKorAIjbStFSVnIs1pVX26BTfRdiEZ2KmRXGy55gKis HTTP/1.1" 200 19688 "https://l.facebook.com/" "Mozilla/5.0 (X11; Ubuntu; Linux x86_64; rv:76.0) Gecko/20100101 Firefox/76.0"
80.187.102.171 - - [07/Oct/2020:19:00:33 +0200] "GET /themes/aboutpeople/img/sticky.gif HTTP/1.1" 200 560 "http://www.gyurufu.hu/?fbclid=IwAR1flK8R0n-KXuqozKorAIjbStFSVnIs1pVX26BTfRdiEZ2KmRXGy55gKis" "Mozilla/5.0 (X11; Ubuntu; Linux x86_64; rv:76.0) Gecko/20100101 Firefox/76.0"
80.187.102.171 - - [07/Oct/2020:19:00:33 +0200] "GET /modules/nice_menus/arrow-right.png HTTP/1.1" 200 258 "http://www.gyurufu.hu/modules/nice_menus/nice_menus_default.css?g" "Mozilla/5.0 (X11; Ubuntu; Linux x86_64; rv:76.0) Gecko/20100101 Firefox/76.0"
80.187.102.171 - - [07/Oct/2020:19:00:33 +0200] "GET /themes/aboutpeople/img/banners/rotate.php HTTP/1.1" 200 38338 "http://www.gyurufu.hu/themes/aboutpeople/style.css?g" "Mozilla/5.0 (X11; Ubuntu; Linux x86_64; rv:76.0) Gecko/20100101 Firefox/76.0"
66.249.66.141 - - [07/Oct/2020:19:07:45 +0200] "GET /lovastanya/ HTTP/1.1" 200 1461 "-" "Mozilla/5.0 (Linux; Android 6.0.1; Nexus 5X Build/MMB29P) AppleWebKit/537.36 (KHTML, like Gecko) Chrome/85.0.4183.140 Mobile Safari/537.36 (compatible; Googlebot/2.1; +http://www.google.com/bot.html)"
54.36.148.219 - - [07/Oct/2020:19:08:01 +0200] "GET /content/v%C3%A1llalkoz%C3%A1sok HTTP/1.1" 200 17563 "-" "Mozilla/5.0 (compatible; AhrefsBot/7.0; +http://ahrefs.com/robot/)"
66.249.66.88 - - [07/Oct/2020:19:19:55 +0200] "GET / HTTP/1.1" 200 19615 "-" "Mozilla/5.0 (Linux; Android 6.0.1; Nexus 5X Build/MMB29P) AppleWebKit/537.36 (KHTML, like Gecko) Chrome/85.0.4183.137 Mobile Safari/537.36 (compatible; Googlebot/2.1; +http://www.google.com/bot.html)"
66.249.66.87 - - [07/Oct/2020:19:19:57 +0200] "GET /lovastanya/ HTTP/1.1" 200 1461 "-" "Mozilla/5.0 (Linux; Android 6.0.1; Nexus 5X Build/MMB29P) AppleWebKit/537.36 (KHTML, like Gecko) Chrome/85.0.4183.137 Mobile Safari/537.36 (compatible; Googlebot/2.1; +http://www.google.com/bot.html)"
66.249.66.87 - - [07/Oct/2020:19:32:51 +0200] "GET /content/jurtaegyetem HTTP/1.1" 200 20541 "-" "Mozilla/5.0 (compatible; Googlebot/2.1; +http://www.google.com/bot.html)"
185.191.171.39 - - [07/Oct/2020:19:38:14 +0200] "GET /robots.txt HTTP/1.1" 200 1627 "-" "Mozilla/5.0 (compatible; SemrushBot/6~bl; +http://www.semrush.com/bot.html)"
185.191.171.39 - - [07/Oct/2020:19:38:15 +0200] "GET /content/%C3%B6koturizmus-gy%C5%B1r%C5%B1f%C5%B1n?destination=node%2F42 HTTP/1.1" 200 17319 "-" "Mozilla/5.0 (compatible; SemrushBot/6~bl; +http://www.semrush.com/bot.html)"
213.180.203.75 - - [07/Oct/2020:19:45:41 +0200] "GET /robots.txt HTTP/1.1" 200 1627 "-" "Mozilla/5.0 (compatible; YandexBot/3.0; +http://yandex.com/bots)"
178.154.200.8 - - [07/Oct/2020:19:45:42 +0200] "GET /robots.txt HTTP/1.1" 200 1627 "-" "Mozilla/5.0 (compatible; YandexBot/3.0; +http://yandex.com/bots)"
213.180.203.75 - - [07/Oct/2020:19:45:45 +0200] "GET / HTTP/1.1" 200 19611 "-" "Mozilla/5.0 (compatible; YandexBot/3.0; +http://yandex.com/bots)"
178.154.200.8 - - [07/Oct/2020:19:45:46 +0200] "GET / HTTP/1.1" 200 19615 "-" "Mozilla/5.0 (compatible; YandexBot/3.0; +http://yandex.com/bots)"
183.199.125.216 - - [07/Oct/2020:19:47:07 +0200] "GET / HTTP/1.1" 200 18776 "http://www.gyurufu.hu" "Mozilla/5.0 (X11; Ubuntu; Linux i686) AppleWebKit/537.36 (KHTML, like Gecko) Chrome/52.0.2777.35 Safari/537.36"
183.199.125.216 - - [07/Oct/2020:19:47:09 +0200] "GET /?q=node/add HTTP/1.1" 403 15443 "http://www.gyurufu.hu" "Mozilla/5.0 (X11; Ubuntu; Linux i686) AppleWebKit/537.36 (KHTML, like Gecko) Chrome/52.0.2777.35 Safari/537.36"
124.238.60.222 - - [07/Oct/2020:19:47:14 +0200] "GET /?q=user HTTP/1.1" 200 15408 "http://www.gyurufu.hu/" "Mozilla/5.0 (X11; Ubuntu; Linux i686) AppleWebKit/537.36 (KHTML, like Gecko) Chrome/52.0.2777.35 Safari/537.36"
