77.110.173.132 - - [02/Oct/2020:22:50:11 +0200] "GET /themes/aboutpeople/img/slinksover.gif HTTP/1.1" 200 478 "http://www.gyurufu.hu/themes/aboutpeople/style.css?g" "Mozilla/5.0 (Windows NT 10.0; Win64; x64) AppleWebKit/537.36 (KHTML, like Gecko) Chrome/85.0.4183.121 Safari/537.36"
77.110.173.132 - - [02/Oct/2020:22:50:11 +0200] "GET /themes/aboutpeople/img/readmore.gif HTTP/1.1" 200 366 "http://www.gyurufu.hu/themes/aboutpeople/style.css?g" "Mozilla/5.0 (Windows NT 10.0; Win64; x64) AppleWebKit/537.36 (KHTML, like Gecko) Chrome/85.0.4183.121 Safari/537.36"
77.110.173.132 - - [02/Oct/2020:22:50:12 +0200] "GET /favicon.ico HTTP/1.1" 404 57 "http://www.gyurufu.hu/" "Mozilla/5.0 (Windows NT 10.0; Win64; x64) AppleWebKit/537.36 (KHTML, like Gecko) Chrome/85.0.4183.121 Safari/537.36"
35.245.188.175 - - [02/Oct/2020:22:50:12 +0200] "GET / HTTP/1.1" 200 19615 "-" "Mozilla/5.0 (Windows NT 6.1; WOW64; Trident/7.0; rv:11.0) like Gecko"
66.249.66.87 - - [02/Oct/2020:22:50:16 +0200] "GET / HTTP/1.1" 200 19615 "-" "Mozilla/5.0 (compatible; Googlebot/2.1; +http://www.google.com/bot.html)"
77.110.173.132 - - [02/Oct/2020:22:50:26 +0200] "GET /content/leteleped%C3%A9s HTTP/1.1" 200 17070 "http://www.gyurufu.hu/" "Mozilla/5.0 (Windows NT 10.0; Win64; x64) AppleWebKit/537.36 (KHTML, like Gecko) Chrome/85.0.4183.121 Safari/537.36"
77.110.173.132 - - [02/Oct/2020:22:50:26 +0200] "GET /themes/aboutpeople/img/banners/rotate.php HTTP/1.1" 200 38338 "http://www.gyurufu.hu/themes/aboutpeople/style.css?g" "Mozilla/5.0 (Windows NT 10.0; Win64; x64) AppleWebKit/537.36 (KHTML, like Gecko) Chrome/85.0.4183.121 Safari/537.36"
185.191.171.20 - - [02/Oct/2020:22:54:40 +0200] "GET /robots.txt HTTP/1.1" 200 1627 "-" "Mozilla/5.0 (compatible; SemrushBot/6~bl; +http://www.semrush.com/bot.html)"
185.191.171.18 - - [02/Oct/2020:22:54:40 +0200] "GET /content/oktat%C3%A1s-gy%C5%B1r%C5%B1f%C5%B1n?destination=node%2F45 HTTP/1.1" 200 16603 "-" "Mozilla/5.0 (compatible; SemrushBot/6~bl; +http://www.semrush.com/bot.html)"
114.119.135.223 - - [02/Oct/2020:23:00:16 +0200] "GET /content/lovasoktat%C3%A1s HTTP/1.1" 200 16717 "-" "Mozilla/5.0 (Linux; Android 7.0;) AppleWebKit/537.36 (KHTML, like Gecko) Mobile Safari/537.36 (compatible; PetalBot;+https://aspiegel.com/petalbot)"
114.119.152.70 - - [02/Oct/2020:23:09:26 +0200] "GET /content/gy%C5%B1r%C5%B1f%C5%B1i-tal%C3%A1lkoz%C3%A1sok HTTP/1.1" 200 21494 "-" "Mozilla/5.0 (Linux; Android 7.0;) AppleWebKit/537.36 (KHTML, like Gecko) Mobile Safari/537.36 (compatible; PetalBot;+https://aspiegel.com/petalbot)"
114.119.131.205 - - [02/Oct/2020:23:16:07 +0200] "GET /content/veronika-erdei-iskola-gy%C5%B1r%C5%B1f%C5%B1n HTTP/1.1" 200 24603 "-" "Mozilla/5.0 (Linux; Android 7.0;) AppleWebKit/537.36 (KHTML, like Gecko) Mobile Safari/537.36 (compatible; PetalBot;+https://aspiegel.com/petalbot)"
114.119.148.60 - - [02/Oct/2020:23:22:57 +0200] "GET /gyurufuert HTTP/1.1" 404 4562 "-" "Mozilla/5.0 (Linux; Android 7.0;) AppleWebKit/537.36 (KHTML, like Gecko) Mobile Safari/537.36 (compatible; PetalBot;+https://aspiegel.com/petalbot)"
114.119.131.14 - - [02/Oct/2020:23:29:42 +0200] "GET /content/lovasoktat%C3%A1s HTTP/1.1" 200 16717 "-" "Mozilla/5.0 (Linux; Android 7.0;) AppleWebKit/537.36 (KHTML, like Gecko) Mobile Safari/537.36 (compatible; PetalBot;+https://aspiegel.com/petalbot)"
114.119.128.50 - - [02/Oct/2020:23:43:54 +0200] "GET /content/leteleped%C3%A9s HTTP/1.1" 200 17070 "-" "Mozilla/5.0 (Linux; Android 7.0;) AppleWebKit/537.36 (KHTML, like Gecko) Mobile Safari/537.36 (compatible; PetalBot;+https://aspiegel.com/petalbot)"
114.119.132.58 - - [02/Oct/2020:23:49:45 +0200] "GET /biodiverzitas/images/terulet.jpg HTTP/1.1" 200 51568 "-" "Mozilla/5.0 (Linux; Android 7.0;) AppleWebKit/537.36 (KHTML, like Gecko) Mobile Safari/537.36 (compatible; PetalBot;+https://aspiegel.com/petalbot)"
185.191.171.37 - - [02/Oct/2020:23:55:22 +0200] "GET /robots.txt HTTP/1.1" 200 1627 "-" "Mozilla/5.0 (compatible; SemrushBot/6~bl; +http://www.semrush.com/bot.html)"
185.191.171.39 - - [02/Oct/2020:23:55:23 +0200] "GET /content/%C3%A9p%C3%ADt%C3%A9szet?destination=node%2F31 HTTP/1.1" 200 19270 "-" "Mozilla/5.0 (compatible; SemrushBot/6~bl; +http://www.semrush.com/bot.html)"
66.249.66.89 - - [03/Oct/2020:00:03:00 +0200] "GET /lovastanya/index.html HTTP/1.1" 304 - "-" "Mozilla/5.0 (Linux; Android 6.0.1; Nexus 5X Build/MMB29P) AppleWebKit/537.36 (KHTML, like Gecko) Chrome/85.0.4183.132 Mobile Safari/537.36 (compatible; Googlebot/2.1; +http://www.google.com/bot.html)"
157.55.39.241 - - [03/Oct/2020:00:06:02 +0200] "GET /lovastanya/images/telek/09lakohaz.jpg HTTP/1.1" 200 67493 "-" "Mozilla/5.0 (compatible; bingbot/2.0; +http://www.bing.com/bingbot.htm)"
94.44.107.180 - - [03/Oct/2020:00:23:37 +0200] "GET /lovastanya HTTP/1.1" 301 320 "http://l.facebook.com/l.php?u=http%3A%2F%2Fwww.gyurufu.hu%2Flovastanya&h=AT2TyFZdsR9pQTYedxmk2KtienfphKmmgutZabVM1XgrwjjNxu3HMFpsAObBCzROY8ewmHxj41hzsDML6C-JY5pa6yhp6NMj3mn3Mvf50N24Rt3zf2a3m7j-bxj62Yiy" "Mozilla/5.0 (iPhone; CPU iPhone OS 13_7 like Mac OS X) AppleWebKit/605.1.15 (KHTML, like Gecko) Mobile/15E148 [FBAN/FBIOS;FBAV/289.0.0.62.118;FBBV/247106445;FBDV/iPhone10,4;FBMD/iPhone;FBSN/iOS;FBSV/13.7;FBSS/2;FBID/phone;FBLC/hu_HU;FBOP/5;FBRV/248782580]"
94.44.107.180 - - [03/Oct/2020:00:23:37 +0200] "GET /lovastanya/ HTTP/1.1" 200 1461 "http://l.facebook.com/l.php?u=http%3A%2F%2Fwww.gyurufu.hu%2Flovastanya&h=AT2TyFZdsR9pQTYedxmk2KtienfphKmmgutZabVM1XgrwjjNxu3HMFpsAObBCzROY8ewmHxj41hzsDML6C-JY5pa6yhp6NMj3mn3Mvf50N24Rt3zf2a3m7j-bxj62Yiy" "Mozilla/5.0 (iPhone; CPU iPhone OS 13_7 like Mac OS X) AppleWebKit/605.1.15 (KHTML, like Gecko) Mobile/15E148 [FBAN/FBIOS;FBAV/289.0.0.62.118;FBBV/247106445;FBDV/iPhone10,4;FBMD/iPhone;FBSN/iOS;FBSV/13.7;FBSS/2;FBID/phone;FBLC/hu_HU;FBOP/5;FBRV/248782580]"
94.44.107.180 - - [03/Oct/2020:00:23:37 +0200] "GET /lovastanya/fejlec.html HTTP/1.1" 200 976 "http://www.gyurufu.hu/lovastanya/" "Mozilla/5.0 (iPhone; CPU iPhone OS 13_7 like Mac OS X) AppleWebKit/605.1.15 (KHTML, like Gecko) Mobile/15E148 [FBAN/FBIOS;FBAV/289.0.0.62.118;FBBV/247106445;FBDV/iPhone10,4;FBMD/iPhone;FBSN/iOS;FBSV/13.7;FBSS/2;FBID/phone;FBLC/hu_HU;FBOP/5;FBRV/248782580]"
94.44.107.180 - - [03/Oct/2020:00:23:37 +0200] "GET /lovastanya/bemutatkozas.html HTTP/1.1" 200 6933 "http://www.gyurufu.hu/lovastanya/" "Mozilla/5.0 (iPhone; CPU iPhone OS 13_7 like Mac OS X) AppleWebKit/605.1.15 (KHTML, like Gecko) Mobile/15E148 [FBAN/FBIOS;FBAV/289.0.0.62.118;FBBV/247106445;FBDV/iPhone10,4;FBMD/iPhone;FBSN/iOS;FBSV/13.7;FBSS/2;FBID/phone;FBLC/hu_HU;FBOP/5;FBRV/248782580]"
94.44.107.180 - - [03/Oct/2020:00:23:37 +0200] "GET /lovastanya/jobbkeret.html HTTP/1.1" 200 1546 "http://www.gyurufu.hu/lovastanya/" "Mozilla/5.0 (iPhone; CPU iPhone OS 13_7 like Mac OS X) AppleWebKit/605.1.15 (KHTML, like Gecko) Mobile/15E148 [FBAN/FBIOS;FBAV/289.0.0.62.118;FBBV/247106445;FBDV/iPhone10,4;FBMD/iPhone;FBSN/iOS;FBSV/13.7;FBSS/2;FBID/phone;FBLC/hu_HU;FBOP/5;FBRV/248782580]"
94.44.107.180 - - [03/Oct/2020:00:23:37 +0200] "GET /lovastanya/navbar.html HTTP/1.1" 200 6160 "http://www.gyurufu.hu/lovastanya/" "Mozilla/5.0 (iPhone; CPU iPhone OS 13_7 like Mac OS X) AppleWebKit/605.1.15 (KHTML, like Gecko) Mobile/15E148 [FBAN/FBIOS;FBAV/289.0.0.62.118;FBBV/247106445;FBDV/iPhone10,4;FBMD/iPhone;FBSN/iOS;FBSV/13.7;FBSS/2;FBID/phone;FBLC/hu_HU;FBOP/5;FBRV/248782580]"
94.44.107.180 - - [03/Oct/2020:00:23:37 +0200] "GET /lovastanya/lovastanya_fej.css HTTP/1.1" 200 6259 "http://www.gyurufu.hu/lovastanya/fejlec.html" "Mozilla/5.0 (iPhone; CPU iPhone OS 13_7 like Mac OS X) AppleWebKit/605.1.15 (KHTML, like Gecko) Mobile/15E148 [FBAN/FBIOS;FBAV/289.0.0.62.118;FBBV/247106445;FBDV/iPhone10,4;FBMD/iPhone;FBSN/iOS;FBSV/13.7;FBSS/2;FBID/phone;FBLC/hu_HU;FBOP/5;FBRV/248782580]"
94.44.107.180 - - [03/Oct/2020:00:23:37 +0200] "GET /lovastanya/lovastanya.css HTTP/1.1" 200 8894 "http://www.gyurufu.hu/lovastanya/bemutatkozas.html" "Mozilla/5.0 (iPhone; CPU iPhone OS 13_7 like Mac OS X) AppleWebKit/605.1.15 (KHTML, like Gecko) Mobile/15E148 [FBAN/FBIOS;FBAV/289.0.0.62.118;FBBV/247106445;FBDV/iPhone10,4;FBMD/iPhone;FBSN/iOS;FBSV/13.7;FBSS/2;FBID/phone;FBLC/hu_HU;FBOP/5;FBRV/248782580]"
94.44.107.180 - - [03/Oct/2020:00:23:37 +0200] "GET /lovastanya/images/lovastanya_emb1.gif HTTP/1.1" 200 8238 "http://www.gyurufu.hu/lovastanya/fejlec.html" "Mozilla/5.0 (iPhone; CPU iPhone OS 13_7 like Mac OS X) AppleWebKit/605.1.15 (KHTML, like Gecko) Mobile/15E148 [FBAN/FBIOS;FBAV/289.0.0.62.118;FBBV/247106445;FBDV/iPhone10,4;FBMD/iPhone;FBSN/iOS;FBSV/13.7;FBSS/2;FBID/phone;FBLC/hu_HU;FBOP/5;FBRV/248782580]"
94.44.107.180 - - [03/Oct/2020:00:23:37 +0200] "GET /lovastanya/images/gyurufu_280.jpg HTTP/1.1" 200 11188 "http://www.gyurufu.hu/lovastanya/bemutatkozas.html" "Mozilla/5.0 (iPhone; CPU iPhone OS 13_7 like Mac OS X) AppleWebKit/605.1.15 (KHTML, like Gecko) Mobile/15E148 [FBAN/FBIOS;FBAV/289.0.0.62.118;FBBV/247106445;FBDV/iPhone10,4;FBMD/iPhone;FBSN/iOS;FBSV/13.7;FBSS/2;FBID/phone;FBLC/hu_HU;FBOP/5;FBRV/248782580]"
94.44.107.180 - - [03/Oct/2020:00:23:37 +0200] "GET /lovastanya/images/vhaz_osz.jpg HTTP/1.1" 200 13627 "http://www.gyurufu.hu/lovastanya/bemutatkozas.html" "Mozilla/5.0 (iPhone; CPU iPhone OS 13_7 like Mac OS X) AppleWebKit/605.1.15 (KHTML, like Gecko) Mobile/15E148 [FBAN/FBIOS;FBAV/289.0.0.62.118;FBBV/247106445;FBDV/iPhone10,4;FBMD/iPhone;FBSN/iOS;FBSV/13.7;FBSS/2;FBID/phone;FBLC/hu_HU;FBOP/5;FBRV/248782580]"
94.44.107.180 - - [03/Oct/2020:00:23:37 +0200] "GET /lovastanya/images/veronika_emb.gif HTTP/1.1" 200 4951 "http://www.gyurufu.hu/lovastanya/jobbkeret.html" "Mozilla/5.0 (iPhone; CPU iPhone OS 13_7 like Mac OS X) AppleWebKit/605.1.15 (KHTML, like Gecko) Mobile/15E148 [FBAN/FBIOS;FBAV/289.0.0.62.118;FBBV/247106445;FBDV/iPhone10,4;FBMD/iPhone;FBSN/iOS;FBSV/13.7;FBSS/2;FBID/phone;FBLC/hu_HU;FBOP/5;FBRV/248782580]"
94.44.107.180 - - [03/Oct/2020:00:23:37 +0200] "GET /lovastanya/images/lorol_280.jpg HTTP/1.1" 200 13259 "http://www.gyurufu.hu/lovastanya/bemutatkozas.html" "Mozilla/5.0 (iPhone; CPU iPhone OS 13_7 like Mac OS X) AppleWebKit/605.1.15 (KHTML, like Gecko) Mobile/15E148 [FBAN/FBIOS;FBAV/289.0.0.62.118;FBBV/247106445;FBDV/iPhone10,4;FBMD/iPhone;FBSN/iOS;FBSV/13.7;FBSS/2;FBID/phone;FBLC/hu_HU;FBOP/5;FBRV/248782580]"
94.44.107.180 - - [03/Oct/2020:00:23:37 +0200] "GET /lovastanya/images/gym_emb1.gif HTTP/1.1" 200 1469 "http://www.gyurufu.hu/lovastanya/jobbkeret.html" "Mozilla/5.0 (iPhone; CPU iPhone OS 13_7 like Mac OS X) AppleWebKit/605.1.15 (KHTML, like Gecko) Mobile/15E148 [FBAN/FBIOS;FBAV/289.0.0.62.118;FBBV/247106445;FBDV/iPhone10,4;FBMD/iPhone;FBSN/iOS;FBSV/13.7;FBSS/2;FBID/phone;FBLC/hu_HU;FBOP/5;FBRV/248782580]"
94.44.107.180 - - [03/Oct/2020:00:23:37 +0200] "GET /lovastanya/images/glbnav_right.gif HTTP/1.1" 200 194 "http://www.gyurufu.hu/lovastanya/navbar.html" "Mozilla/5.0 (iPhone; CPU iPhone OS 13_7 like Mac OS X) AppleWebKit/605.1.15 (KHTML, like Gecko) Mobile/15E148 [FBAN/FBIOS;FBAV/289.0.0.62.118;FBBV/247106445;FBDV/iPhone10,4;FBMD/iPhone;FBSN/iOS;FBSV/13.7;FBSS/2;FBID/phone;FBLC/hu_HU;FBOP/5;FBRV/248782580]"
94.44.107.180 - - [03/Oct/2020:00:23:37 +0200] "GET /lovastanya/images/navbar_backgr.gif HTTP/1.1" 200 22429 "http://www.gyurufu.hu/lovastanya/navbar.html" "Mozilla/5.0 (iPhone; CPU iPhone OS 13_7 like Mac OS X) AppleWebKit/605.1.15 (KHTML, like Gecko) Mobile/15E148 [FBAN/FBIOS;FBAV/289.0.0.62.118;FBBV/247106445;FBDV/iPhone10,4;FBMD/iPhone;FBSN/iOS;FBSV/13.7;FBSS/2;FBID/phone;FBLC/hu_HU;FBOP/5;FBRV/248782580]"
94.44.107.180 - - [03/Oct/2020:00:23:37 +0200] "GET /lovastanya/images/glbnav_left.gif HTTP/1.1" 200 194 "http://www.gyurufu.hu/lovastanya/navbar.html" "Mozilla/5.0 (iPhone; CPU iPhone OS 13_7 like Mac OS X) AppleWebKit/605.1.15 (KHTML, like Gecko) Mobile/15E148 [FBAN/FBIOS;FBAV/289.0.0.62.118;FBBV/247106445;FBDV/iPhone10,4;FBMD/iPhone;FBSN/iOS;FBSV/13.7;FBSS/2;FBID/phone;FBLC/hu_HU;FBOP/5;FBRV/248782580]"
94.44.107.180 - - [03/Oct/2020:00:23:37 +0200] "GET /lovastanya/images/fejlec_backgr.gif HTTP/1.1" 200 26598 "http://www.gyurufu.hu/lovastanya/fejlec.html" "Mozilla/5.0 (iPhone; CPU iPhone OS 13_7 like Mac OS X) AppleWebKit/605.1.15 (KHTML, like Gecko) Mobile/15E148 [FBAN/FBIOS;FBAV/289.0.0.62.118;FBBV/247106445;FBDV/iPhone10,4;FBMD/iPhone;FBSN/iOS;FBSV/13.7;FBSS/2;FBID/phone;FBLC/hu_HU;FBOP/5;FBRV/248782580]"
94.44.107.180 - - [03/Oct/2020:00:23:37 +0200] "GET /lovastanya/images/glbnav_background.gif HTTP/1.1" 200 496 "http://www.gyurufu.hu/lovastanya/navbar.html" "Mozilla/5.0 (iPhone; CPU iPhone OS 13_7 like Mac OS X) AppleWebKit/605.1.15 (KHTML, like Gecko) Mobile/15E148 [FBAN/FBIOS;FBAV/289.0.0.62.118;FBBV/247106445;FBDV/iPhone10,4;FBMD/iPhone;FBSN/iOS;FBSV/13.7;FBSS/2;FBID/phone;FBLC/hu_HU;FBOP/5;FBRV/248782580]"
114.119.131.35 - - [03/Oct/2020:00:23:58 +0200] "GET /content/egyes%C3%BClet HTTP/1.1" 200 18424 "-" "Mozilla/5.0 (Linux; Android 7.0;) AppleWebKit/537.36 (KHTML, like Gecko) Mobile Safari/537.36 (compatible; PetalBot;+https://aspiegel.com/petalbot)"
94.44.107.180 - - [03/Oct/2020:00:24:02 +0200] "GET /lovastanya/informacio.html HTTP/1.1" 200 4821 "http://www.gyurufu.hu/lovastanya/navbar.html" "Mozilla/5.0 (iPhone; CPU iPhone OS 13_7 like Mac OS X) AppleWebKit/605.1.15 (KHTML, like Gecko) Mobile/15E148 [FBAN/FBIOS;FBAV/289.0.0.62.118;FBBV/247106445;FBDV/iPhone10,4;FBMD/iPhone;FBSN/iOS;FBSV/13.7;FBSS/2;FBID/phone;FBLC/hu_HU;FBOP/5;FBRV/248782580]"
94.44.107.180 - - [03/Oct/2020:00:24:02 +0200] "GET /lovastanya/images/glbnav_hover.gif HTTP/1.1" 200 523 "http://www.gyurufu.hu/lovastanya/navbar.html" "Mozilla/5.0 (iPhone; CPU iPhone OS 13_7 like Mac OS X) AppleWebKit/605.1.15 (KHTML, like Gecko) Mobile/15E148 [FBAN/FBIOS;FBAV/289.0.0.62.118;FBBV/247106445;FBDV/iPhone10,4;FBMD/iPhone;FBSN/iOS;FBSV/13.7;FBSS/2;FBID/phone;FBLC/hu_HU;FBOP/5;FBRV/248782580]"
167.99.83.190 - - [03/Oct/2020:00:37:20 +0200] "GET / HTTP/1.0" 200 19602 "https://www.gyurufu.hu" "Mozilla/5.0 (X11; Linux x86_64; rv:78.0) Gecko/20100101 Firefox/78.0"
167.99.83.190 - - [03/Oct/2020:00:37:21 +0200] "GET / HTTP/1.0" 200 19602 "http://www.gyurufu.hu" "Mozilla/5.0 (X11; Linux x86_64; rv:78.0) Gecko/20100101 Firefox/78.0"
167.99.83.190 - - [03/Oct/2020:00:37:21 +0200] "GET /content HTTP/1.0" 301 305 "http://www.gyurufu.hu" "Mozilla/5.0 (X11; Linux x86_64; rv:78.0) Gecko/20100101 Firefox/78.0"
167.99.83.190 - - [03/Oct/2020:00:37:21 +0200] "GET /content/ HTTP/1.0" 403 1172 "http://www.gyurufu.hu/content" "Mozilla/5.0 (X11; Linux x86_64; rv:78.0) Gecko/20100101 Firefox/78.0"
157.55.39.105 - - [03/Oct/2020:00:46:24 +0200] "GET /content/images/megkozel280.gif HTTP/1.1" 200 36196 "-" "Mozilla/5.0 (compatible; bingbot/2.0; +http://www.bing.com/bingbot.htm)"
114.119.131.14 - - [03/Oct/2020:00:47:40 +0200] "GET /content/gy%C5%B1r%C5%B1f%C5%B1i-falugondnoks%C3%A1g HTTP/1.1" 200 20939 "-" "Mozilla/5.0 (Linux; Android 7.0;) AppleWebKit/537.36 (KHTML, like Gecko) Mobile Safari/537.36 (compatible; PetalBot;+https://aspiegel.com/petalbot)"
37.115.187.172 - - [03/Oct/2020:00:51:20 +0200] "GET / HTTP/1.1" 200 19615 "https://pornoporka.net/" "Mozilla/4.0 (compatible; MSIE 6.0; Windows NT 5.1; SV1; .NET CLR 1.1.4322; XMPP Tiscali Communicator v.10.0.2; .NET CLR 2.0.50727)"
37.115.187.172 - - [03/Oct/2020:00:51:21 +0200] "GET / HTTP/1.1" 200 19615 "https://pornoporka.net/" "Mozilla/4.0 (compatible; MSIE 6.0; Windows NT 5.1; SV1; .NET CLR 1.1.4322; XMPP Tiscali Communicator v.10.0.2; .NET CLR 2.0.50727)"
37.115.187.172 - - [03/Oct/2020:00:51:21 +0200] "GET / HTTP/1.1" 200 19615 "https://pornoporka.net/" "Mozilla/4.0 (compatible; MSIE 6.0; Windows NT 5.1; SV1; .NET CLR 1.1.4322; XMPP Tiscali Communicator v.10.0.2; .NET CLR 2.0.50727)"
157.55.39.102 - - [03/Oct/2020:00:54:04 +0200] "GET /content/%C3%B6koturizmus-gy%C5%B1r%C5%B1f%C5%B1n HTTP/1.1" 200 17319 "-" "Mozilla/5.0 (compatible; bingbot/2.0; +http://www.bing.com/bingbot.htm)"
114.119.128.50 - - [03/Oct/2020:01:08:41 +0200] "GET /content/t%C3%A1mogat%C3%B3ink HTTP/1.1" 200 19167 "-" "Mozilla/5.0 (Linux; Android 7.0;) AppleWebKit/537.36 (KHTML, like Gecko) Mobile Safari/537.36 (compatible; PetalBot;+https://aspiegel.com/petalbot)"
114.119.135.223 - - [03/Oct/2020:01:15:20 +0200] "GET /content/friss-h%C3%ADrek-gy%C5%B1r%C5%B1f%C5%B1r%C5%91l HTTP/1.1" 200 17259 "-" "Mozilla/5.0 (Linux; Android 7.0;) AppleWebKit/537.36 (KHTML, like Gecko) Mobile Safari/537.36 (compatible; PetalBot;+https://aspiegel.com/petalbot)"
114.119.131.35 - - [03/Oct/2020:01:21:57 +0200] "GET /content/l%C3%A1tnival%C3%B3k-gy%C5%B1r%C5%B1f%C5%B1n-%C3%A9s-k%C3%B6rny%C3%A9k%C3%A9n HTTP/1.1" 200 26040 "-" "Mozilla/5.0 (Linux; Android 7.0;) AppleWebKit/537.36 (KHTML, like Gecko) Mobile Safari/537.36 (compatible; PetalBot;+https://aspiegel.com/petalbot)"
114.119.133.85 - - [03/Oct/2020:01:28:39 +0200] "GET /content/gy%C5%B1r%C5%B1f%C5%B1-facebook HTTP/1.1" 200 16513 "-" "Mozilla/5.0 (Linux; Android 7.0;) AppleWebKit/537.36 (KHTML, like Gecko) Mobile Safari/537.36 (compatible; PetalBot;+https://aspiegel.com/petalbot)"
185.191.171.7 - - [03/Oct/2020:01:35:17 +0200] "GET /robots.txt HTTP/1.1" 200 1627 "-" "Mozilla/5.0 (compatible; SemrushBot/6~bl; +http://www.semrush.com/bot.html)"
185.191.171.19 - - [03/Oct/2020:01:35:19 +0200] "GET /content/gy%C5%B1r%C5%B1f%C5%B1-facebook HTTP/1.1" 200 16513 "-" "Mozilla/5.0 (compatible; SemrushBot/6~bl; +http://www.semrush.com/bot.html)"
159.69.45.202 - - [03/Oct/2020:01:39:20 +0200] "GET /robots.txt HTTP/1.1" 200 1627 "-" "Mozilla/5.0 (compatible; um-IC/1.0; mailto: techinfo@ubermetrics-technologies.com; Windows NT 6.1; WOW64; rv:40.0) Gecko/20100101 Firefox/40.1"
159.69.45.202 - - [03/Oct/2020:01:39:20 +0200] "GET /rss.xml HTTP/1.1" 200 3891 "-" "Mozilla/5.0 (compatible; um-IC/1.0; mailto: techinfo@ubermetrics-technologies.com; Windows NT 6.1; WOW64; rv:40.0) Gecko/20100101 Firefox/40.1"
114.119.131.205 - - [03/Oct/2020:01:41:45 +0200] "GET /biodiverzitas HTTP/1.1" 301 323 "-" "Mozilla/5.0 (Linux; Android 7.0;) AppleWebKit/537.36 (KHTML, like Gecko) Mobile Safari/537.36 (compatible; PetalBot;+https://aspiegel.com/petalbot)"
114.119.131.205 - - [03/Oct/2020:01:41:45 +0200] "GET /biodiverzitas/ HTTP/1.1" 403 1172 "-" "Mozilla/5.0 (Linux; Android 7.0;) AppleWebKit/537.36 (KHTML, like Gecko) Mobile Safari/537.36 (compatible; PetalBot;+https://aspiegel.com/petalbot)"
114.119.135.223 - - [03/Oct/2020:01:48:20 +0200] "GET /content/mez%C5%91gazdas%C3%A1g HTTP/1.1" 200 19615 "-" "Mozilla/5.0 (Linux; Android 7.0;) AppleWebKit/537.36 (KHTML, like Gecko) Mobile Safari/537.36 (compatible; PetalBot;+https://aspiegel.com/petalbot)"
114.119.128.50 - - [03/Oct/2020:01:54:53 +0200] "GET / HTTP/1.1" 200 19611 "-" "Mozilla/5.0 (Linux; Android 7.0;) AppleWebKit/537.36 (KHTML, like Gecko) Mobile Safari/537.36 (compatible; PetalBot;+https://aspiegel.com/petalbot)"
114.119.148.155 - - [03/Oct/2020:02:01:43 +0200] "GET /robots.txt HTTP/1.1" 200 1627 "-" "(compatible;PetalBot;+https://aspiegel.com/petalbot)"
114.119.131.205 - - [03/Oct/2020:02:08:20 +0200] "GET /user/login HTTP/1.1" 200 16250 "-" "Mozilla/5.0 (Linux; Android 7.0;) AppleWebKit/537.36 (KHTML, like Gecko) Mobile Safari/537.36 (compatible; PetalBot;+https://aspiegel.com/petalbot)"
2.57.122.178 - - [03/Oct/2020:02:21:02 +0200] "GET / HTTP/1.1" 200 19611 "-" "Mozilla/5.0 (Windows NT 10.0; Win64; x64) AppleWebKit/537.36 (KHTML, like Gecko) Chrome/42.0.2311.135 Safari/537.36 Edge/12.246"
2.57.122.178 - - [03/Oct/2020:02:21:02 +0200] "GET / HTTP/1.1" 200 19611 "-" "Mozilla/5.0 (Windows NT 10.0; Win64; x64) AppleWebKit/537.36 (KHTML, like Gecko) Chrome/42.0.2311.135 Safari/537.36 Edge/12.246"
185.191.171.20 - - [03/Oct/2020:02:24:05 +0200] "GET /robots.txt HTTP/1.1" 200 1627 "-" "Mozilla/5.0 (compatible; SemrushBot/6~bl; +http://www.semrush.com/bot.html)"
185.191.171.11 - - [03/Oct/2020:02:24:11 +0200] "GET /content/term%C3%A9kek-szolg%C3%A1ltat%C3%A1sok HTTP/1.1" 200 17753 "-" "Mozilla/5.0 (compatible; SemrushBot/6~bl; +http://www.semrush.com/bot.html)"
138.99.216.147 - - [03/Oct/2020:02:34:42 +0200] "GET / HTTP/1.1" 200 19615 "-" "Mozilla/5.0 (X11; Linux x86_64) AppleWebKit/537.36 (KHTML, like Gecko) Chrome/72.0.3626.121 Safari/537.36"
138.99.216.147 - - [03/Oct/2020:02:34:52 +0200] "GET /robots.txt HTTP/1.1" 200 1627 "-" "Mozilla/5.0 (X11; Linux x86_64) AppleWebKit/537.36 (KHTML, like Gecko) Chrome/72.0.3626.121 Safari/537.36"
138.99.216.147 - - [03/Oct/2020:02:34:52 +0200] "GET /favicon.ico HTTP/1.1" 404 57 "-" "Mozilla/5.0 (X11; Linux x86_64) AppleWebKit/537.36 (KHTML, like Gecko) Chrome/72.0.3626.121 Safari/537.36"
185.191.171.36 - - [03/Oct/2020:02:38:19 +0200] "GET /content/szervezetek?destination=node%2F4 HTTP/1.1" 200 16506 "-" "Mozilla/5.0 (compatible; SemrushBot/6~bl; +http://www.semrush.com/bot.html)"
114.119.128.50 - - [03/Oct/2020:02:42:54 +0200] "GET /erdeiiskola/programok.html HTTP/1.1" 200 12642 "-" "Mozilla/5.0 (Linux; Android 7.0;) AppleWebKit/537.36 (KHTML, like Gecko) Mobile Safari/537.36 (compatible; PetalBot;+https://aspiegel.com/petalbot)"
114.119.132.58 - - [03/Oct/2020:03:07:36 +0200] "GET /content/gy%C5%B1r%C5%B1f%C5%B1-t%C3%A1voli-m%C3%BAltja HTTP/1.1" 200 26711 "-" "Mozilla/5.0 (Linux; Android 7.0;) AppleWebKit/537.36 (KHTML, like Gecko) Mobile Safari/537.36 (compatible; PetalBot;+https://aspiegel.com/petalbot)"
66.249.81.7 - - [03/Oct/2020:03:12:14 +0200] "GET /lovastanya/images/megyeterkep.jpg HTTP/1.1" 200 112670 "-" "Mozilla/5.0 (Windows NT 5.1; rv:11.0) Gecko Firefox/11.0 (via ggpht.com GoogleImageProxy)"
185.191.171.3 - - [03/Oct/2020:03:19:02 +0200] "GET /robots.txt HTTP/1.1" 200 1627 "-" "Mozilla/5.0 (compatible; SemrushBot/6~bl; +http://www.semrush.com/bot.html)"
185.191.171.14 - - [03/Oct/2020:03:19:05 +0200] "GET /content/erd%C5%91gazd%C3%A1lkod%C3%A1s?destination=node%2F27 HTTP/1.1" 200 18885 "-" "Mozilla/5.0 (compatible; SemrushBot/6~bl; +http://www.semrush.com/bot.html)"
185.191.171.15 - - [03/Oct/2020:03:24:01 +0200] "GET /content/leteleped%C3%A9s HTTP/1.1" 200 17070 "-" "Mozilla/5.0 (compatible; SemrushBot/6~bl; +http://www.semrush.com/bot.html)"
66.249.66.88 - - [03/Oct/2020:03:40:20 +0200] "GET /content/erd%C5%91gazd%C3%A1lkod%C3%A1s HTTP/1.1" 200 18885 "-" "Mozilla/5.0 (compatible; Googlebot/2.1; +http://www.google.com/bot.html)"
114.119.152.70 - - [03/Oct/2020:03:47:40 +0200] "GET /content/gy%C5%B1r%C5%B1f%C5%B1-m%C5%B1hely-kft HTTP/1.1" 200 17788 "-" "Mozilla/5.0 (Linux; Android 7.0;) AppleWebKit/537.36 (KHTML, like Gecko) Mobile Safari/537.36 (compatible; PetalBot;+https://aspiegel.com/petalbot)"
114.119.147.246 - - [03/Oct/2020:03:54:16 +0200] "GET /content/gazd%C3%A1lkod%C3%A1s-j%C3%B6v%C5%91nkkel HTTP/1.1" 200 16604 "-" "Mozilla/5.0 (Linux; Android 7.0;) AppleWebKit/537.36 (KHTML, like Gecko) Mobile Safari/537.36 (compatible; PetalBot;+https://aspiegel.com/petalbot)"
185.191.171.4 - - [03/Oct/2020:04:20:08 +0200] "GET /robots.txt HTTP/1.1" 200 1627 "-" "Mozilla/5.0 (compatible; SemrushBot/6~bl; +http://www.semrush.com/bot.html)"
185.191.171.2 - - [03/Oct/2020:04:20:13 +0200] "GET /content/gy%C5%B1r%C5%B1f%C5%B1%C3%A9rt-nonprofit-kft HTTP/1.1" 200 20898 "-" "Mozilla/5.0 (compatible; SemrushBot/6~bl; +http://www.semrush.com/bot.html)"
173.252.87.119 - - [03/Oct/2020:04:30:55 +0200] "GET / HTTP/1.1" 200 19615 "-" "facebookexternalhit/1.1 (+http://www.facebook.com/externalhit_uatext.php)"
40.77.190.123 - - [03/Oct/2020:04:31:24 +0200] "GET /content/l%C3%A1tnival%C3%B3k-gy%C5%B1r%C5%B1f%C5%B1n-%C3%A9s-k%C3%B6rny%C3%A9k%C3%A9n HTTP/1.1" 200 26040 "-" "Mozilla/5.0 (Windows NT 10.0; Win64; x64) AppleWebKit/537.36 (KHTML, like Gecko) Chrome/85.0.4183.121 Safari/537.36 Edg/85.0.564.63"
40.77.189.1 - - [03/Oct/2020:04:31:24 +0200] "GET /content/l%C3%A1tnival%C3%B3k-gy%C5%B1r%C5%B1f%C5%B1n-%C3%A9s-k%C3%B6rny%C3%A9k%C3%A9n HTTP/1.1" 200 26040 "-" "Mozilla/5.0 (Windows NT 10.0; Win64; x64) AppleWebKit/537.36 (KHTML, like Gecko) Chrome/85.0.4183.121 Safari/537.36"
40.77.190.123 - - [03/Oct/2020:04:31:24 +0200] "GET /modules/nice_menus/nice_menus.css?g HTTP/1.1" 200 3607 "http://gyurufu.hu/content/l%C3%A1tnival%C3%B3k-gy%C5%B1r%C5%B1f%C5%B1n-%C3%A9s-k%C3%B6rny%C3%A9k%C3%A9n" "Mozilla/5.0 (Windows NT 10.0; Win64; x64) AppleWebKit/537.36 (KHTML, like Gecko) Chrome/85.0.4183.121 Safari/537.36 Edg/85.0.564.63"
40.77.189.1 - - [03/Oct/2020:04:31:25 +0200] "GET /modules/nice_menus/nice_menus.css?g HTTP/1.1" 200 3607 "http://gyurufu.hu/content/l%C3%A1tnival%C3%B3k-gy%C5%B1r%C5%B1f%C5%B1n-%C3%A9s-k%C3%B6rny%C3%A9k%C3%A9n" "Mozilla/5.0 (Windows NT 10.0; Win64; x64) AppleWebKit/537.36 (KHTML, like Gecko) Chrome/85.0.4183.121 Safari/537.36"
40.77.189.1 - - [03/Oct/2020:04:31:25 +0200] "GET /modules/nice_menus/nice_menus_default.css?g HTTP/1.1" 200 4978 "http://gyurufu.hu/content/l%C3%A1tnival%C3%B3k-gy%C5%B1r%C5%B1f%C5%B1n-%C3%A9s-k%C3%B6rny%C3%A9k%C3%A9n" "Mozilla/5.0 (Windows NT 10.0; Win64; x64) AppleWebKit/537.36 (KHTML, like Gecko) Chrome/85.0.4183.121 Safari/537.36"
40.77.190.123 - - [03/Oct/2020:04:31:25 +0200] "GET /modules/nice_menus/nice_menus_default.css?g HTTP/1.1" 200 4978 "http://gyurufu.hu/content/l%C3%A1tnival%C3%B3k-gy%C5%B1r%C5%B1f%C5%B1n-%C3%A9s-k%C3%B6rny%C3%A9k%C3%A9n" "Mozilla/5.0 (Windows NT 10.0; Win64; x64) AppleWebKit/537.36 (KHTML, like Gecko) Chrome/85.0.4183.121 Safari/537.36 Edg/85.0.564.63"
40.77.190.123 - - [03/Oct/2020:04:31:25 +0200] "GET /modules/system/defaults.css?g HTTP/1.1" 200 757 "http://gyurufu.hu/content/l%C3%A1tnival%C3%B3k-gy%C5%B1r%C5%B1f%C5%B1n-%C3%A9s-k%C3%B6rny%C3%A9k%C3%A9n" "Mozilla/5.0 (Windows NT 10.0; Win64; x64) AppleWebKit/537.36 (KHTML, like Gecko) Chrome/85.0.4183.121 Safari/537.36 Edg/85.0.564.63"
40.77.190.123 - - [03/Oct/2020:04:31:25 +0200] "GET /modules/system/system.css?g HTTP/1.1" 200 10020 "http://gyurufu.hu/content/l%C3%A1tnival%C3%B3k-gy%C5%B1r%C5%B1f%C5%B1n-%C3%A9s-k%C3%B6rny%C3%A9k%C3%A9n" "Mozilla/5.0 (Windows NT 10.0; Win64; x64) AppleWebKit/537.36 (KHTML, like Gecko) Chrome/85.0.4183.121 Safari/537.36 Edg/85.0.564.63"
40.77.190.123 - - [03/Oct/2020:04:31:25 +0200] "GET /modules/photos/photos.css?g HTTP/1.1" 200 5645 "http://gyurufu.hu/content/l%C3%A1tnival%C3%B3k-gy%C5%B1r%C5%B1f%C5%B1n-%C3%A9s-k%C3%B6rny%C3%A9k%C3%A9n" "Mozilla/5.0 (Windows NT 10.0; Win64; x64) AppleWebKit/537.36 (KHTML, like Gecko) Chrome/85.0.4183.121 Safari/537.36 Edg/85.0.564.63"
40.77.190.123 - - [03/Oct/2020:04:31:25 +0200] "GET /modules/system/system-menus.css?g HTTP/1.1" 200 935 "http://gyurufu.hu/content/l%C3%A1tnival%C3%B3k-gy%C5%B1r%C5%B1f%C5%B1n-%C3%A9s-k%C3%B6rny%C3%A9k%C3%A9n" "Mozilla/5.0 (Windows NT 10.0; Win64; x64) AppleWebKit/537.36 (KHTML, like Gecko) Chrome/85.0.4183.121 Safari/537.36 Edg/85.0.564.63"
40.77.190.123 - - [03/Oct/2020:04:31:25 +0200] "GET /modules/node/node.css?g HTTP/1.1" 200 740 "http://gyurufu.hu/content/l%C3%A1tnival%C3%B3k-gy%C5%B1r%C5%B1f%C5%B1n-%C3%A9s-k%C3%B6rny%C3%A9k%C3%A9n" "Mozilla/5.0 (Windows NT 10.0; Win64; x64) AppleWebKit/537.36 (KHTML, like Gecko) Chrome/85.0.4183.121 Safari/537.36 Edg/85.0.564.63"
40.77.189.1 - - [03/Oct/2020:04:31:25 +0200] "GET /modules/node/node.css?g HTTP/1.1" 200 740 "http://gyurufu.hu/content/l%C3%A1tnival%C3%B3k-gy%C5%B1r%C5%B1f%C5%B1n-%C3%A9s-k%C3%B6rny%C3%A9k%C3%A9n" "Mozilla/5.0 (Windows NT 10.0; Win64; x64) AppleWebKit/537.36 (KHTML, like Gecko) Chrome/85.0.4183.121 Safari/537.36"
40.77.189.1 - - [03/Oct/2020:04:31:25 +0200] "GET /modules/photos/photos.css?g HTTP/1.1" 200 5645 "http://gyurufu.hu/content/l%C3%A1tnival%C3%B3k-gy%C5%B1r%C5%B1f%C5%B1n-%C3%A9s-k%C3%B6rny%C3%A9k%C3%A9n" "Mozilla/5.0 (Windows NT 10.0; Win64; x64) AppleWebKit/537.36 (KHTML, like Gecko) Chrome/85.0.4183.121 Safari/537.36"
40.77.189.1 - - [03/Oct/2020:04:31:25 +0200] "GET /modules/system/defaults.css?g HTTP/1.1" 200 757 "http://gyurufu.hu/content/l%C3%A1tnival%C3%B3k-gy%C5%B1r%C5%B1f%C5%B1n-%C3%A9s-k%C3%B6rny%C3%A9k%C3%A9n" "Mozilla/5.0 (Windows NT 10.0; Win64; x64) AppleWebKit/537.36 (KHTML, like Gecko) Chrome/85.0.4183.121 Safari/537.36"
40.77.190.123 - - [03/Oct/2020:04:31:25 +0200] "GET /modules/user/user.css?g HTTP/1.1" 200 1127 "http://gyurufu.hu/content/l%C3%A1tnival%C3%B3k-gy%C5%B1r%C5%B1f%C5%B1n-%C3%A9s-k%C3%B6rny%C3%A9k%C3%A9n" "Mozilla/5.0 (Windows NT 10.0; Win64; x64) AppleWebKit/537.36 (KHTML, like Gecko) Chrome/85.0.4183.121 Safari/537.36 Edg/85.0.564.63"
40.77.190.123 - - [03/Oct/2020:04:31:25 +0200] "GET /themes/aboutpeople/style.css?g HTTP/1.1" 200 32283 "http://gyurufu.hu/content/l%C3%A1tnival%C3%B3k-gy%C5%B1r%C5%B1f%C5%B1n-%C3%A9s-k%C3%B6rny%C3%A9k%C3%A9n" "Mozilla/5.0 (Windows NT 10.0; Win64; x64) AppleWebKit/537.36 (KHTML, like Gecko) Chrome/85.0.4183.121 Safari/537.36 Edg/85.0.564.63"
40.77.189.1 - - [03/Oct/2020:04:31:25 +0200] "GET /modules/user/user.css?g HTTP/1.1" 200 1127 "http://gyurufu.hu/content/l%C3%A1tnival%C3%B3k-gy%C5%B1r%C5%B1f%C5%B1n-%C3%A9s-k%C3%B6rny%C3%A9k%C3%A9n" "Mozilla/5.0 (Windows NT 10.0; Win64; x64) AppleWebKit/537.36 (KHTML, like Gecko) Chrome/85.0.4183.121 Safari/537.36"
40.77.190.123 - - [03/Oct/2020:04:31:25 +0200] "GET /misc/jquery.js?g HTTP/1.1" 200 31089 "http://gyurufu.hu/content/l%C3%A1tnival%C3%B3k-gy%C5%B1r%C5%B1f%C5%B1n-%C3%A9s-k%C3%B6rny%C3%A9k%C3%A9n" "Mozilla/5.0 (Windows NT 10.0; Win64; x64) AppleWebKit/537.36 (KHTML, like Gecko) Chrome/85.0.4183.121 Safari/537.36 Edg/85.0.564.63"
40.77.189.1 - - [03/Oct/2020:04:31:25 +0200] "GET /themes/aboutpeople/style.css?g HTTP/1.1" 200 32283 "http://gyurufu.hu/content/l%C3%A1tnival%C3%B3k-gy%C5%B1r%C5%B1f%C5%B1n-%C3%A9s-k%C3%B6rny%C3%A9k%C3%A9n" "Mozilla/5.0 (Windows NT 10.0; Win64; x64) AppleWebKit/537.36 (KHTML, like Gecko) Chrome/85.0.4183.121 Safari/537.36"
40.77.189.1 - - [03/Oct/2020:04:31:25 +0200] "GET /misc/jquery.js?g HTTP/1.1" 200 31089 "http://gyurufu.hu/content/l%C3%A1tnival%C3%B3k-gy%C5%B1r%C5%B1f%C5%B1n-%C3%A9s-k%C3%B6rny%C3%A9k%C3%A9n" "Mozilla/5.0 (Windows NT 10.0; Win64; x64) AppleWebKit/537.36 (KHTML, like Gecko) Chrome/85.0.4183.121 Safari/537.36"
40.77.189.1 - - [03/Oct/2020:04:31:25 +0200] "GET /modules/system/system.css?g HTTP/1.1" 200 10020 "http://gyurufu.hu/content/l%C3%A1tnival%C3%B3k-gy%C5%B1r%C5%B1f%C5%B1n-%C3%A9s-k%C3%B6rny%C3%A9k%C3%A9n" "Mozilla/5.0 (Windows NT 10.0; Win64; x64) AppleWebKit/537.36 (KHTML, like Gecko) Chrome/85.0.4183.121 Safari/537.36"
40.77.190.123 - - [03/Oct/2020:04:31:25 +0200] "GET /misc/drupal.js?g HTTP/1.1" 200 9745 "http://gyurufu.hu/content/l%C3%A1tnival%C3%B3k-gy%C5%B1r%C5%B1f%C5%B1n-%C3%A9s-k%C3%B6rny%C3%A9k%C3%A9n" "Mozilla/5.0 (Windows NT 10.0; Win64; x64) AppleWebKit/537.36 (KHTML, like Gecko) Chrome/85.0.4183.121 Safari/537.36 Edg/85.0.564.63"
40.77.190.123 - - [03/Oct/2020:04:31:25 +0200] "GET /modules/google_analytics/googleanalytics.js?g HTTP/1.1" 200 2268 "http://gyurufu.hu/content/l%C3%A1tnival%C3%B3k-gy%C5%B1r%C5%B1f%C5%B1n-%C3%A9s-k%C3%B6rny%C3%A9k%C3%A9n" "Mozilla/5.0 (Windows NT 10.0; Win64; x64) AppleWebKit/537.36 (KHTML, like Gecko) Chrome/85.0.4183.121 Safari/537.36 Edg/85.0.564.63"
40.77.189.1 - - [03/Oct/2020:04:31:25 +0200] "GET /misc/drupal.js?g HTTP/1.1" 200 9745 "http://gyurufu.hu/content/l%C3%A1tnival%C3%B3k-gy%C5%B1r%C5%B1f%C5%B1n-%C3%A9s-k%C3%B6rny%C3%A9k%C3%A9n" "Mozilla/5.0 (Windows NT 10.0; Win64; x64) AppleWebKit/537.36 (KHTML, like Gecko) Chrome/85.0.4183.121 Safari/537.36"
40.77.190.123 - - [03/Oct/2020:04:31:25 +0200] "GET /modules/photos/photos.js?g HTTP/1.1" 200 2409 "http://gyurufu.hu/content/l%C3%A1tnival%C3%B3k-gy%C5%B1r%C5%B1f%C5%B1n-%C3%A9s-k%C3%B6rny%C3%A9k%C3%A9n" "Mozilla/5.0 (Windows NT 10.0; Win64; x64) AppleWebKit/537.36 (KHTML, like Gecko) Chrome/85.0.4183.121 Safari/537.36 Edg/85.0.564.63"
40.77.190.123 - - [03/Oct/2020:04:31:25 +0200] "GET /sites/default/files/languages/hu_8582a244f490b74610256ab428690e24.js?g HTTP/1.1" 200 1838 "http://gyurufu.hu/content/l%C3%A1tnival%C3%B3k-gy%C5%B1r%C5%B1f%C5%B1n-%C3%A9s-k%C3%B6rny%C3%A9k%C3%A9n" "Mozilla/5.0 (Windows NT 10.0; Win64; x64) AppleWebKit/537.36 (KHTML, like Gecko) Chrome/85.0.4183.121 Safari/537.36 Edg/85.0.564.63"
40.77.189.1 - - [03/Oct/2020:04:31:25 +0200] "GET /sites/default/files/languages/hu_8582a244f490b74610256ab428690e24.js?g HTTP/1.1" 200 1838 "http://gyurufu.hu/content/l%C3%A1tnival%C3%B3k-gy%C5%B1r%C5%B1f%C5%B1n-%C3%A9s-k%C3%B6rny%C3%A9k%C3%A9n" "Mozilla/5.0 (Windows NT 10.0; Win64; x64) AppleWebKit/537.36 (KHTML, like Gecko) Chrome/85.0.4183.121 Safari/537.36"
40.77.189.1 - - [03/Oct/2020:04:31:25 +0200] "GET /modules/google_analytics/googleanalytics.js?g HTTP/1.1" 200 2268 "http://gyurufu.hu/content/l%C3%A1tnival%C3%B3k-gy%C5%B1r%C5%B1f%C5%B1n-%C3%A9s-k%C3%B6rny%C3%A9k%C3%A9n" "Mozilla/5.0 (Windows NT 10.0; Win64; x64) AppleWebKit/537.36 (KHTML, like Gecko) Chrome/85.0.4183.121 Safari/537.36"
40.77.189.1 - - [03/Oct/2020:04:31:25 +0200] "GET /modules/photos/photos.js?g HTTP/1.1" 200 2409 "http://gyurufu.hu/content/l%C3%A1tnival%C3%B3k-gy%C5%B1r%C5%B1f%C5%B1n-%C3%A9s-k%C3%B6rny%C3%A9k%C3%A9n" "Mozilla/5.0 (Windows NT 10.0; Win64; x64) AppleWebKit/537.36 (KHTML, like Gecko) Chrome/85.0.4183.121 Safari/537.36"
40.77.190.123 - - [03/Oct/2020:04:31:26 +0200] "GET /themes/aboutpeople/img/banners/rotate.php HTTP/1.1" 200 38338 "http://gyurufu.hu/themes/aboutpeople/style.css?g" "Mozilla/5.0 (Windows NT 10.0; Win64; x64) AppleWebKit/537.36 (KHTML, like Gecko) Chrome/85.0.4183.121 Safari/537.36 Edg/85.0.564.63"
40.77.189.1 - - [03/Oct/2020:04:31:26 +0200] "GET /modules/system/system-menus.css?g HTTP/1.1" 200 935 "http://gyurufu.hu/content/l%C3%A1tnival%C3%B3k-gy%C5%B1r%C5%B1f%C5%B1n-%C3%A9s-k%C3%B6rny%C3%A9k%C3%A9n" "Mozilla/5.0 (Windows NT 10.0; Win64; x64) AppleWebKit/537.36 (KHTML, like Gecko) Chrome/85.0.4183.121 Safari/537.36"
40.77.189.1 - - [03/Oct/2020:04:31:26 +0200] "GET /themes/aboutpeople/img/banners/rotate.php HTTP/1.1" 200 38338 "http://gyurufu.hu/themes/aboutpeople/style.css?g" "Mozilla/5.0 (Windows NT 10.0; Win64; x64) AppleWebKit/537.36 (KHTML, like Gecko) Chrome/85.0.4183.121 Safari/537.36"
84.2.166.59 - - [03/Oct/2020:04:41:52 +0200] "GET /lovastanya/ HTTP/1.1" 200 1461 "http://www.google.com/" "Mozilla/5.0 (Linux; Android 10; SM-A217F) AppleWebKit/537.36 (KHTML, like Gecko) Chrome/85.0.4183.101 Mobile Safari/537.36"
84.2.166.59 - - [03/Oct/2020:04:41:52 +0200] "GET /lovastanya/fejlec.html HTTP/1.1" 200 976 "http://www.gyurufu.hu/lovastanya/" "Mozilla/5.0 (Linux; Android 10; SM-A217F) AppleWebKit/537.36 (KHTML, like Gecko) Chrome/85.0.4183.101 Mobile Safari/537.36"
84.2.166.59 - - [03/Oct/2020:04:41:52 +0200] "GET /lovastanya/bemutatkozas.html HTTP/1.1" 200 6933 "http://www.gyurufu.hu/lovastanya/" "Mozilla/5.0 (Linux; Android 10; SM-A217F) AppleWebKit/537.36 (KHTML, like Gecko) Chrome/85.0.4183.101 Mobile Safari/537.36"
84.2.166.59 - - [03/Oct/2020:04:41:52 +0200] "GET /lovastanya/navbar.html HTTP/1.1" 200 6160 "http://www.gyurufu.hu/lovastanya/" "Mozilla/5.0 (Linux; Android 10; SM-A217F) AppleWebKit/537.36 (KHTML, like Gecko) Chrome/85.0.4183.101 Mobile Safari/537.36"
84.2.166.59 - - [03/Oct/2020:04:41:52 +0200] "GET /lovastanya/jobbkeret.html HTTP/1.1" 200 1546 "http://www.gyurufu.hu/lovastanya/" "Mozilla/5.0 (Linux; Android 10; SM-A217F) AppleWebKit/537.36 (KHTML, like Gecko) Chrome/85.0.4183.101 Mobile Safari/537.36"
84.2.166.59 - - [03/Oct/2020:04:41:52 +0200] "GET /lovastanya/lovastanya_fej.css HTTP/1.1" 200 6259 "http://www.gyurufu.hu/lovastanya/fejlec.html" "Mozilla/5.0 (Linux; Android 10; SM-A217F) AppleWebKit/537.36 (KHTML, like Gecko) Chrome/85.0.4183.101 Mobile Safari/537.36"
84.2.166.59 - - [03/Oct/2020:04:41:52 +0200] "GET /lovastanya/images/lovastanya_emb1.gif HTTP/1.1" 200 8238 "http://www.gyurufu.hu/lovastanya/fejlec.html" "Mozilla/5.0 (Linux; Android 10; SM-A217F) AppleWebKit/537.36 (KHTML, like Gecko) Chrome/85.0.4183.101 Mobile Safari/537.36"
84.2.166.59 - - [03/Oct/2020:04:41:52 +0200] "GET /lovastanya/lovastanya.css HTTP/1.1" 200 8894 "http://www.gyurufu.hu/lovastanya/bemutatkozas.html" "Mozilla/5.0 (Linux; Android 10; SM-A217F) AppleWebKit/537.36 (KHTML, like Gecko) Chrome/85.0.4183.101 Mobile Safari/537.36"
84.2.166.59 - - [03/Oct/2020:04:41:52 +0200] "GET /lovastanya/images/gyurufu_280.jpg HTTP/1.1" 200 11188 "http://www.gyurufu.hu/lovastanya/bemutatkozas.html" "Mozilla/5.0 (Linux; Android 10; SM-A217F) AppleWebKit/537.36 (KHTML, like Gecko) Chrome/85.0.4183.101 Mobile Safari/537.36"
84.2.166.59 - - [03/Oct/2020:04:41:52 +0200] "GET /lovastanya/images/glbnav_left.gif HTTP/1.1" 200 194 "http://www.gyurufu.hu/lovastanya/navbar.html" "Mozilla/5.0 (Linux; Android 10; SM-A217F) AppleWebKit/537.36 (KHTML, like Gecko) Chrome/85.0.4183.101 Mobile Safari/537.36"
84.2.166.59 - - [03/Oct/2020:04:41:52 +0200] "GET /lovastanya/images/veronika_emb.gif HTTP/1.1" 200 4951 "http://www.gyurufu.hu/lovastanya/jobbkeret.html" "Mozilla/5.0 (Linux; Android 10; SM-A217F) AppleWebKit/537.36 (KHTML, like Gecko) Chrome/85.0.4183.101 Mobile Safari/537.36"
84.2.166.59 - - [03/Oct/2020:04:41:52 +0200] "GET /lovastanya/images/gym_emb1.gif HTTP/1.1" 200 1469 "http://www.gyurufu.hu/lovastanya/jobbkeret.html" "Mozilla/5.0 (Linux; Android 10; SM-A217F) AppleWebKit/537.36 (KHTML, like Gecko) Chrome/85.0.4183.101 Mobile Safari/537.36"
84.2.166.59 - - [03/Oct/2020:04:41:52 +0200] "GET /lovastanya/images/glbnav_right.gif HTTP/1.1" 200 194 "http://www.gyurufu.hu/lovastanya/navbar.html" "Mozilla/5.0 (Linux; Android 10; SM-A217F) AppleWebKit/537.36 (KHTML, like Gecko) Chrome/85.0.4183.101 Mobile Safari/537.36"
84.2.166.59 - - [03/Oct/2020:04:41:52 +0200] "GET /lovastanya/images/vhaz_osz.jpg HTTP/1.1" 200 13627 "http://www.gyurufu.hu/lovastanya/bemutatkozas.html" "Mozilla/5.0 (Linux; Android 10; SM-A217F) AppleWebKit/537.36 (KHTML, like Gecko) Chrome/85.0.4183.101 Mobile Safari/537.36"
84.2.166.59 - - [03/Oct/2020:04:41:52 +0200] "GET /lovastanya/images/lorol_280.jpg HTTP/1.1" 200 13259 "http://www.gyurufu.hu/lovastanya/bemutatkozas.html" "Mozilla/5.0 (Linux; Android 10; SM-A217F) AppleWebKit/537.36 (KHTML, like Gecko) Chrome/85.0.4183.101 Mobile Safari/537.36"
84.2.166.59 - - [03/Oct/2020:04:41:52 +0200] "GET /lovastanya/images/fejlec_backgr.gif HTTP/1.1" 200 26598 "http://www.gyurufu.hu/lovastanya/fejlec.html" "Mozilla/5.0 (Linux; Android 10; SM-A217F) AppleWebKit/537.36 (KHTML, like Gecko) Chrome/85.0.4183.101 Mobile Safari/537.36"
84.2.166.59 - - [03/Oct/2020:04:41:52 +0200] "GET /lovastanya/images/navbar_backgr.gif HTTP/1.1" 200 22429 "http://www.gyurufu.hu/lovastanya/navbar.html" "Mozilla/5.0 (Linux; Android 10; SM-A217F) AppleWebKit/537.36 (KHTML, like Gecko) Chrome/85.0.4183.101 Mobile Safari/537.36"
84.2.166.59 - - [03/Oct/2020:04:41:52 +0200] "GET /lovastanya/images/glbnav_background.gif HTTP/1.1" 200 496 "http://www.gyurufu.hu/lovastanya/lovastanya_fej.css" "Mozilla/5.0 (Linux; Android 10; SM-A217F) AppleWebKit/537.36 (KHTML, like Gecko) Chrome/85.0.4183.101 Mobile Safari/537.36"
84.2.166.59 - - [03/Oct/2020:04:41:52 +0200] "GET /favicon.ico HTTP/1.1" 404 57 "http://www.gyurufu.hu/lovastanya/" "Mozilla/5.0 (Linux; Android 10; SM-A217F) AppleWebKit/537.36 (KHTML, like Gecko) Chrome/85.0.4183.101 Mobile Safari/537.36"
92.246.84.133 - - [03/Oct/2020:04:52:29 +0200] "GET / HTTP/1.1" 200 19611 "-" "Mozilla/5.0 (X11; Linux x86_64) AppleWebKit/537.36 (KHTML, like Gecko) Chrome/71.0.3563.0 Safari/537.36"
92.246.84.133 - - [03/Oct/2020:04:52:29 +0200] "GET /modules/nice_menus/nice_menus.css?g HTTP/1.1" 200 3607 "http://gyurufu.hu/" "Mozilla/5.0 (X11; Linux x86_64) AppleWebKit/537.36 (KHTML, like Gecko) Chrome/71.0.3563.0 Safari/537.36"
92.246.84.133 - - [03/Oct/2020:04:52:29 +0200] "GET /modules/node/node.css?g HTTP/1.1" 200 740 "http://gyurufu.hu/" "Mozilla/5.0 (X11; Linux x86_64) AppleWebKit/537.36 (KHTML, like Gecko) Chrome/71.0.3563.0 Safari/537.36"
92.246.84.133 - - [03/Oct/2020:04:52:29 +0200] "GET /modules/nice_menus/nice_menus_default.css?g HTTP/1.1" 200 4978 "http://gyurufu.hu/" "Mozilla/5.0 (X11; Linux x86_64) AppleWebKit/537.36 (KHTML, like Gecko) Chrome/71.0.3563.0 Safari/537.36"
92.246.84.133 - - [03/Oct/2020:04:52:29 +0200] "GET /modules/photos/photos.css?g HTTP/1.1" 200 5645 "http://gyurufu.hu/" "Mozilla/5.0 (X11; Linux x86_64) AppleWebKit/537.36 (KHTML, like Gecko) Chrome/71.0.3563.0 Safari/537.36"
92.246.84.133 - - [03/Oct/2020:04:52:29 +0200] "GET /modules/system/defaults.css?g HTTP/1.1" 200 757 "http://gyurufu.hu/" "Mozilla/5.0 (X11; Linux x86_64) AppleWebKit/537.36 (KHTML, like Gecko) Chrome/71.0.3563.0 Safari/537.36"
92.246.84.133 - - [03/Oct/2020:04:52:29 +0200] "GET /modules/system/system.css?g HTTP/1.1" 200 10020 "http://gyurufu.hu/" "Mozilla/5.0 (X11; Linux x86_64) AppleWebKit/537.36 (KHTML, like Gecko) Chrome/71.0.3563.0 Safari/537.36"
92.246.84.133 - - [03/Oct/2020:04:52:30 +0200] "GET /modules/system/system-menus.css?g HTTP/1.1" 200 935 "http://gyurufu.hu/" "Mozilla/5.0 (X11; Linux x86_64) AppleWebKit/537.36 (KHTML, like Gecko) Chrome/71.0.3563.0 Safari/537.36"
92.246.84.133 - - [03/Oct/2020:04:52:30 +0200] "GET /modules/user/user.css?g HTTP/1.1" 200 1127 "http://gyurufu.hu/" "Mozilla/5.0 (X11; Linux x86_64) AppleWebKit/537.36 (KHTML, like Gecko) Chrome/71.0.3563.0 Safari/537.36"
92.246.84.133 - - [03/Oct/2020:04:52:30 +0200] "GET /themes/aboutpeople/style.css?g HTTP/1.1" 200 32283 "http://gyurufu.hu/" "Mozilla/5.0 (X11; Linux x86_64) AppleWebKit/537.36 (KHTML, like Gecko) Chrome/71.0.3563.0 Safari/537.36"
92.246.84.133 - - [03/Oct/2020:04:52:30 +0200] "GET /misc/jquery.js?g HTTP/1.1" 200 31089 "http://gyurufu.hu/" "Mozilla/5.0 (X11; Linux x86_64) AppleWebKit/537.36 (KHTML, like Gecko) Chrome/71.0.3563.0 Safari/537.36"
92.246.84.133 - - [03/Oct/2020:04:52:30 +0200] "GET /misc/drupal.js?g HTTP/1.1" 200 9745 "http://gyurufu.hu/" "Mozilla/5.0 (X11; Linux x86_64) AppleWebKit/537.36 (KHTML, like Gecko) Chrome/71.0.3563.0 Safari/537.36"
92.246.84.133 - - [03/Oct/2020:04:52:30 +0200] "GET /modules/google_analytics/googleanalytics.js?g HTTP/1.1" 200 2268 "http://gyurufu.hu/" "Mozilla/5.0 (X11; Linux x86_64) AppleWebKit/537.36 (KHTML, like Gecko) Chrome/71.0.3563.0 Safari/537.36"
92.246.84.133 - - [03/Oct/2020:04:52:30 +0200] "GET /modules/photos/photos.js?g HTTP/1.1" 200 2409 "http://gyurufu.hu/" "Mozilla/5.0 (X11; Linux x86_64) AppleWebKit/537.36 (KHTML, like Gecko) Chrome/71.0.3563.0 Safari/537.36"
92.246.84.133 - - [03/Oct/2020:04:52:30 +0200] "GET /sites/default/files/languages/hu_8582a244f490b74610256ab428690e24.js?g HTTP/1.1" 200 1838 "http://gyurufu.hu/" "Mozilla/5.0 (X11; Linux x86_64) AppleWebKit/537.36 (KHTML, like Gecko) Chrome/71.0.3563.0 Safari/537.36"
92.246.84.133 - - [03/Oct/2020:04:52:30 +0200] "GET /themes/aboutpeople/img/sticky.gif HTTP/1.1" 200 560 "http://gyurufu.hu/" "Mozilla/5.0 (X11; Linux x86_64) AppleWebKit/537.36 (KHTML, like Gecko) Chrome/71.0.3563.0 Safari/537.36"
92.246.84.133 - - [03/Oct/2020:04:52:30 +0200] "GET /misc/powered-blue-80x15.png HTTP/1.1" 200 1011 "http://gyurufu.hu/" "Mozilla/5.0 (X11; Linux x86_64) AppleWebKit/537.36 (KHTML, like Gecko) Chrome/71.0.3563.0 Safari/537.36"
92.246.84.133 - - [03/Oct/2020:04:52:30 +0200] "GET /themes/aboutpeople/img/bg.gif HTTP/1.1" 200 4764 "http://gyurufu.hu/themes/aboutpeople/style.css?g" "Mozilla/5.0 (X11; Linux x86_64) AppleWebKit/537.36 (KHTML, like Gecko) Chrome/71.0.3563.0 Safari/537.36"
92.246.84.133 - - [03/Oct/2020:04:52:30 +0200] "GET /themes/aboutpeople/img/login.gif HTTP/1.1" 200 1018 "http://gyurufu.hu/themes/aboutpeople/style.css?g" "Mozilla/5.0 (X11; Linux x86_64) AppleWebKit/537.36 (KHTML, like Gecko) Chrome/71.0.3563.0 Safari/537.36"
92.246.84.133 - - [03/Oct/2020:04:52:30 +0200] "GET /themes/aboutpeople/img/bgblock.gif HTTP/1.1" 200 1287 "http://gyurufu.hu/themes/aboutpeople/style.css?g" "Mozilla/5.0 (X11; Linux x86_64) AppleWebKit/537.36 (KHTML, like Gecko) Chrome/71.0.3563.0 Safari/537.36"
92.246.84.133 - - [03/Oct/2020:04:52:30 +0200] "GET /themes/aboutpeople/img/readmore.gif HTTP/1.1" 200 366 "http://gyurufu.hu/themes/aboutpeople/style.css?g" "Mozilla/5.0 (X11; Linux x86_64) AppleWebKit/537.36 (KHTML, like Gecko) Chrome/71.0.3563.0 Safari/537.36"
92.246.84.133 - - [03/Oct/2020:04:52:31 +0200] "GET /modules/nice_menus/arrow-right.png HTTP/1.1" 200 258 "http://gyurufu.hu/modules/nice_menus/nice_menus_default.css?g" "Mozilla/5.0 (X11; Linux x86_64) AppleWebKit/537.36 (KHTML, like Gecko) Chrome/71.0.3563.0 Safari/537.36"
92.246.84.133 - - [03/Oct/2020:04:52:31 +0200] "GET /themes/aboutpeople/img/menulinks.png HTTP/1.1" 200 1465 "http://gyurufu.hu/themes/aboutpeople/style.css?g" "Mozilla/5.0 (X11; Linux x86_64) AppleWebKit/537.36 (KHTML, like Gecko) Chrome/71.0.3563.0 Safari/537.36"
92.246.84.133 - - [03/Oct/2020:04:52:31 +0200] "GET /themes/aboutpeople/img/slinks.gif HTTP/1.1" 200 487 "http://gyurufu.hu/themes/aboutpeople/style.css?g" "Mozilla/5.0 (X11; Linux x86_64) AppleWebKit/537.36 (KHTML, like Gecko) Chrome/71.0.3563.0 Safari/537.36"
92.246.84.133 - - [03/Oct/2020:04:52:31 +0200] "GET /themes/aboutpeople/img/menulinks_corner.png HTTP/1.1" 200 215 "http://gyurufu.hu/themes/aboutpeople/style.css?g" "Mozilla/5.0 (X11; Linux x86_64) AppleWebKit/537.36 (KHTML, like Gecko) Chrome/71.0.3563.0 Safari/537.36"
92.246.84.133 - - [03/Oct/2020:04:52:31 +0200] "GET /themes/aboutpeople/img/banners/rotate.php HTTP/1.1" 200 38338 "http://gyurufu.hu/themes/aboutpeople/style.css?g" "Mozilla/5.0 (X11; Linux x86_64) AppleWebKit/537.36 (KHTML, like Gecko) Chrome/71.0.3563.0 Safari/537.36"
92.246.84.133 - - [03/Oct/2020:04:52:31 +0200] "GET /themes/aboutpeople/img/menuline.png HTTP/1.1" 200 395 "http://gyurufu.hu/themes/aboutpeople/style.css?g" "Mozilla/5.0 (X11; Linux x86_64) AppleWebKit/537.36 (KHTML, like Gecko) Chrome/71.0.3563.0 Safari/537.36"
92.246.84.133 - - [03/Oct/2020:04:52:31 +0200] "GET /themes/aboutpeople/img/login_line.png HTTP/1.1" 200 510 "http://gyurufu.hu/themes/aboutpeople/style.css?g" "Mozilla/5.0 (X11; Linux x86_64) AppleWebKit/537.36 (KHTML, like Gecko) Chrome/71.0.3563.0 Safari/537.36"
92.246.84.133 - - [03/Oct/2020:04:52:31 +0200] "GET /themes/aboutpeople/img/down_arrow_hover.png HTTP/1.1" 200 115 "http://gyurufu.hu/themes/aboutpeople/style.css?g" "Mozilla/5.0 (X11; Linux x86_64) AppleWebKit/537.36 (KHTML, like Gecko) Chrome/71.0.3563.0 Safari/537.36"
92.246.84.133 - - [03/Oct/2020:04:52:31 +0200] "GET /themes/aboutpeople/img/down_arrow.png HTTP/1.1" 200 149 "http://gyurufu.hu/themes/aboutpeople/style.css?g" "Mozilla/5.0 (X11; Linux x86_64) AppleWebKit/537.36 (KHTML, like Gecko) Chrome/71.0.3563.0 Safari/537.36"
92.246.84.133 - - [03/Oct/2020:04:52:31 +0200] "GET /themes/aboutpeople/img/slinksover.gif HTTP/1.1" 200 478 "http://gyurufu.hu/themes/aboutpeople/style.css?g" "Mozilla/5.0 (X11; Linux x86_64) AppleWebKit/537.36 (KHTML, like Gecko) Chrome/71.0.3563.0 Safari/537.36"
92.246.84.133 - - [03/Oct/2020:04:52:31 +0200] "GET /themes/aboutpeople/img/use11r.gif HTTP/1.1" 200 1001 "http://gyurufu.hu/themes/aboutpeople/style.css?g" "Mozilla/5.0 (X11; Linux x86_64) AppleWebKit/537.36 (KHTML, like Gecko) Chrome/71.0.3563.0 Safari/537.36"
92.246.84.133 - - [03/Oct/2020:04:52:33 +0200] "GET /user/register HTTP/1.1" 403 15040 "-" "Mozilla/5.0 (X11; Linux x86_64) AppleWebKit/537.36 (KHTML, like Gecko) Chrome/71.0.3563.0 Safari/537.36"
92.246.84.133 - - [03/Oct/2020:04:52:33 +0200] "GET /themes/aboutpeople/img/banners/rotate.php HTTP/1.1" 200 38338 "http://gyurufu.hu/themes/aboutpeople/style.css?g" "Mozilla/5.0 (X11; Linux x86_64) AppleWebKit/537.36 (KHTML, like Gecko) Chrome/71.0.3563.0 Safari/537.36"
114.119.131.35 - - [03/Oct/2020:04:56:05 +0200] "GET /gyurufunet HTTP/1.1" 404 4562 "-" "Mozilla/5.0 (Linux; Android 7.0;) AppleWebKit/537.36 (KHTML, like Gecko) Mobile Safari/537.36 (compatible; PetalBot;+https://aspiegel.com/petalbot)"
185.191.171.26 - - [03/Oct/2020:04:57:08 +0200] "GET /robots.txt HTTP/1.1" 200 1627 "-" "Mozilla/5.0 (compatible; SemrushBot/6~bl; +http://www.semrush.com/bot.html)"
185.191.171.9 - - [03/Oct/2020:04:57:10 +0200] "GET /content/energia HTTP/1.1" 200 19605 "-" "Mozilla/5.0 (compatible; SemrushBot/6~bl; +http://www.semrush.com/bot.html)"
114.119.148.60 - - [03/Oct/2020:05:05:17 +0200] "GET /erdeiiskola/informacio.html HTTP/1.1" 200 3164 "-" "Mozilla/5.0 (Linux; Android 7.0;) AppleWebKit/537.36 (KHTML, like Gecko) Mobile Safari/537.36 (compatible; PetalBot;+https://aspiegel.com/petalbot)"
114.119.152.70 - - [03/Oct/2020:05:39:21 +0200] "GET /content/%C3%B6koturizmus-gy%C5%B1r%C5%B1f%C5%B1n HTTP/1.1" 200 17319 "-" "Mozilla/5.0 (Linux; Android 7.0;) AppleWebKit/537.36 (KHTML, like Gecko) Mobile Safari/537.36 (compatible; PetalBot;+https://aspiegel.com/petalbot)"
86.101.128.50 - - [03/Oct/2020:05:44:46 +0200] "GET /content/megk%C3%B6zel%C3%ADt%C3%A9s HTTP/1.1" 200 21815 "https://www.google.com/" "Mozilla/5.0 (Linux; Android 5.0.2; Lenovo A5000) AppleWebKit/537.36 (KHTML, like Gecko) Chrome/85.0.4183.127 Mobile Safari/537.36"
86.101.128.50 - - [03/Oct/2020:05:44:46 +0200] "GET /modules/nice_menus/nice_menus.css?g HTTP/1.1" 200 3607 "http://www.gyurufu.hu/content/megk%C3%B6zel%C3%ADt%C3%A9s" "Mozilla/5.0 (Linux; Android 5.0.2; Lenovo A5000) AppleWebKit/537.36 (KHTML, like Gecko) Chrome/85.0.4183.127 Mobile Safari/537.36"
86.101.128.50 - - [03/Oct/2020:05:44:46 +0200] "GET /modules/nice_menus/nice_menus_default.css?g HTTP/1.1" 200 4978 "http://www.gyurufu.hu/content/megk%C3%B6zel%C3%ADt%C3%A9s" "Mozilla/5.0 (Linux; Android 5.0.2; Lenovo A5000) AppleWebKit/537.36 (KHTML, like Gecko) Chrome/85.0.4183.127 Mobile Safari/537.36"
86.101.128.50 - - [03/Oct/2020:05:44:47 +0200] "GET /modules/system/defaults.css?g HTTP/1.1" 200 757 "http://www.gyurufu.hu/content/megk%C3%B6zel%C3%ADt%C3%A9s" "Mozilla/5.0 (Linux; Android 5.0.2; Lenovo A5000) AppleWebKit/537.36 (KHTML, like Gecko) Chrome/85.0.4183.127 Mobile Safari/537.36"
86.101.128.50 - - [03/Oct/2020:05:44:47 +0200] "GET /modules/system/system-menus.css?g HTTP/1.1" 200 935 "http://www.gyurufu.hu/content/megk%C3%B6zel%C3%ADt%C3%A9s" "Mozilla/5.0 (Linux; Android 5.0.2; Lenovo A5000) AppleWebKit/537.36 (KHTML, like Gecko) Chrome/85.0.4183.127 Mobile Safari/537.36"
