176.63.7.215 - - [03/Oct/2020:22:45:26 +0200] "GET /content/images/megye260.jpg HTTP/1.1" 200 11536 "http://www.gyurufu.hu/content/megk%C3%B6zel%C3%ADt%C3%A9s" "Mozilla/5.0 (Windows NT 10.0; Win64; x64; rv:81.0) Gecko/20100101 Firefox/81.0"
176.63.7.215 - - [03/Oct/2020:22:45:26 +0200] "GET /themes/aboutpeople/img/square.png HTTP/1.1" 200 3615 "http://www.gyurufu.hu/themes/aboutpeople/style.css?g" "Mozilla/5.0 (Windows NT 10.0; Win64; x64; rv:81.0) Gecko/20100101 Firefox/81.0"
176.63.7.215 - - [03/Oct/2020:22:45:26 +0200] "GET /content/images/orszagterkep.jpg HTTP/1.1" 200 3986 "http://www.gyurufu.hu/content/megk%C3%B6zel%C3%ADt%C3%A9s" "Mozilla/5.0 (Windows NT 10.0; Win64; x64; rv:81.0) Gecko/20100101 Firefox/81.0"
176.63.7.215 - - [03/Oct/2020:22:45:26 +0200] "GET /content/images/megkozel280.gif HTTP/1.1" 200 36196 "http://www.gyurufu.hu/content/megk%C3%B6zel%C3%ADt%C3%A9s" "Mozilla/5.0 (Windows NT 10.0; Win64; x64; rv:81.0) Gecko/20100101 Firefox/81.0"
176.63.7.215 - - [03/Oct/2020:22:45:26 +0200] "GET /content/images/vasut.jpg HTTP/1.1" 200 40416 "http://www.gyurufu.hu/content/megk%C3%B6zel%C3%ADt%C3%A9s" "Mozilla/5.0 (Windows NT 10.0; Win64; x64; rv:81.0) Gecko/20100101 Firefox/81.0"
176.63.7.215 - - [03/Oct/2020:22:46:41 +0200] "GET /content/kep.html?kep=images/megkozel.gif HTTP/1.1" 404 4562 "http://www.gyurufu.hu/content/megk%C3%B6zel%C3%ADt%C3%A9s" "Mozilla/5.0 (Windows NT 10.0; Win64; x64; rv:81.0) Gecko/20100101 Firefox/81.0"
176.63.7.215 - - [03/Oct/2020:22:47:01 +0200] "GET /content/bioterm%C3%A9kek HTTP/1.1" 200 16713 "http://www.gyurufu.hu/content/megk%C3%B6zel%C3%ADt%C3%A9s" "Mozilla/5.0 (Windows NT 10.0; Win64; x64; rv:81.0) Gecko/20100101 Firefox/81.0"
176.63.7.215 - - [03/Oct/2020:22:47:08 +0200] "GET /content/szent-l%C3%A1szl%C3%B3-tan%C3%B6sv%C3%A9ny HTTP/1.1" 200 20370 "http://www.gyurufu.hu/content/bioterm%C3%A9kek" "Mozilla/5.0 (Windows NT 10.0; Win64; x64; rv:81.0) Gecko/20100101 Firefox/81.0"
114.119.131.14 - - [03/Oct/2020:22:48:55 +0200] "GET /content/bemutatkoz%C3%A1s HTTP/1.1" 200 16918 "-" "Mozilla/5.0 (Linux; Android 7.0;) AppleWebKit/537.36 (KHTML, like Gecko) Mobile Safari/537.36 (compatible; PetalBot;+https://aspiegel.com/petalbot)"
40.77.189.219 - - [03/Oct/2020:22:49:54 +0200] "GET /content/kezdetekt%C5%91l-mostan%C3%A1ig HTTP/1.1" 200 22292 "-" "Mozilla/5.0 (Windows NT 10.0; Win64; x64) AppleWebKit/537.36 (KHTML, like Gecko) Chrome/85.0.4183.121 Safari/537.36 Edg/85.0.564.63"
40.77.190.132 - - [03/Oct/2020:22:49:54 +0200] "GET /content/kezdetekt%C5%91l-mostan%C3%A1ig HTTP/1.1" 200 22292 "-" "Mozilla/5.0 (Windows NT 10.0; Win64; x64) AppleWebKit/537.36 (KHTML, like Gecko) Chrome/85.0.4183.121 Safari/537.36"
40.77.189.219 - - [03/Oct/2020:22:49:55 +0200] "GET /modules/nice_menus/nice_menus.css?g HTTP/1.1" 200 3607 "http://gyurufu.hu/content/kezdetekt%C5%91l-mostan%C3%A1ig" "Mozilla/5.0 (Windows NT 10.0; Win64; x64) AppleWebKit/537.36 (KHTML, like Gecko) Chrome/85.0.4183.121 Safari/537.36 Edg/85.0.564.63"
40.77.189.219 - - [03/Oct/2020:22:49:55 +0200] "GET /modules/nice_menus/nice_menus_default.css?g HTTP/1.1" 200 4978 "http://gyurufu.hu/content/kezdetekt%C5%91l-mostan%C3%A1ig" "Mozilla/5.0 (Windows NT 10.0; Win64; x64) AppleWebKit/537.36 (KHTML, like Gecko) Chrome/85.0.4183.121 Safari/537.36 Edg/85.0.564.63"
40.77.190.132 - - [03/Oct/2020:22:49:55 +0200] "GET /modules/nice_menus/nice_menus.css?g HTTP/1.1" 200 3607 "http://gyurufu.hu/content/kezdetekt%C5%91l-mostan%C3%A1ig" "Mozilla/5.0 (Windows NT 10.0; Win64; x64) AppleWebKit/537.36 (KHTML, like Gecko) Chrome/85.0.4183.121 Safari/537.36"
40.77.189.219 - - [03/Oct/2020:22:49:55 +0200] "GET /modules/node/node.css?g HTTP/1.1" 200 740 "http://gyurufu.hu/content/kezdetekt%C5%91l-mostan%C3%A1ig" "Mozilla/5.0 (Windows NT 10.0; Win64; x64) AppleWebKit/537.36 (KHTML, like Gecko) Chrome/85.0.4183.121 Safari/537.36 Edg/85.0.564.63"
40.77.189.219 - - [03/Oct/2020:22:49:55 +0200] "GET /modules/photos/photos.css?g HTTP/1.1" 200 5645 "http://gyurufu.hu/content/kezdetekt%C5%91l-mostan%C3%A1ig" "Mozilla/5.0 (Windows NT 10.0; Win64; x64) AppleWebKit/537.36 (KHTML, like Gecko) Chrome/85.0.4183.121 Safari/537.36 Edg/85.0.564.63"
40.77.189.219 - - [03/Oct/2020:22:49:55 +0200] "GET /modules/system/defaults.css?g HTTP/1.1" 200 757 "http://gyurufu.hu/content/kezdetekt%C5%91l-mostan%C3%A1ig" "Mozilla/5.0 (Windows NT 10.0; Win64; x64) AppleWebKit/537.36 (KHTML, like Gecko) Chrome/85.0.4183.121 Safari/537.36 Edg/85.0.564.63"
40.77.189.219 - - [03/Oct/2020:22:49:55 +0200] "GET /modules/system/system.css?g HTTP/1.1" 200 10020 "http://gyurufu.hu/content/kezdetekt%C5%91l-mostan%C3%A1ig" "Mozilla/5.0 (Windows NT 10.0; Win64; x64) AppleWebKit/537.36 (KHTML, like Gecko) Chrome/85.0.4183.121 Safari/537.36 Edg/85.0.564.63"
40.77.189.219 - - [03/Oct/2020:22:49:55 +0200] "GET /modules/system/system-menus.css?g HTTP/1.1" 200 935 "http://gyurufu.hu/content/kezdetekt%C5%91l-mostan%C3%A1ig" "Mozilla/5.0 (Windows NT 10.0; Win64; x64) AppleWebKit/537.36 (KHTML, like Gecko) Chrome/85.0.4183.121 Safari/537.36 Edg/85.0.564.63"
40.77.190.132 - - [03/Oct/2020:22:49:55 +0200] "GET /modules/nice_menus/nice_menus_default.css?g HTTP/1.1" 200 4978 "http://gyurufu.hu/content/kezdetekt%C5%91l-mostan%C3%A1ig" "Mozilla/5.0 (Windows NT 10.0; Win64; x64) AppleWebKit/537.36 (KHTML, like Gecko) Chrome/85.0.4183.121 Safari/537.36"
40.77.190.132 - - [03/Oct/2020:22:49:55 +0200] "GET /modules/node/node.css?g HTTP/1.1" 200 740 "http://gyurufu.hu/content/kezdetekt%C5%91l-mostan%C3%A1ig" "Mozilla/5.0 (Windows NT 10.0; Win64; x64) AppleWebKit/537.36 (KHTML, like Gecko) Chrome/85.0.4183.121 Safari/537.36"
40.77.190.132 - - [03/Oct/2020:22:49:55 +0200] "GET /modules/photos/photos.css?g HTTP/1.1" 200 5645 "http://gyurufu.hu/content/kezdetekt%C5%91l-mostan%C3%A1ig" "Mozilla/5.0 (Windows NT 10.0; Win64; x64) AppleWebKit/537.36 (KHTML, like Gecko) Chrome/85.0.4183.121 Safari/537.36"
40.77.190.132 - - [03/Oct/2020:22:49:55 +0200] "GET /modules/system/defaults.css?g HTTP/1.1" 200 757 "http://gyurufu.hu/content/kezdetekt%C5%91l-mostan%C3%A1ig" "Mozilla/5.0 (Windows NT 10.0; Win64; x64) AppleWebKit/537.36 (KHTML, like Gecko) Chrome/85.0.4183.121 Safari/537.36"
40.77.189.219 - - [03/Oct/2020:22:49:55 +0200] "GET /modules/user/user.css?g HTTP/1.1" 200 1127 "http://gyurufu.hu/content/kezdetekt%C5%91l-mostan%C3%A1ig" "Mozilla/5.0 (Windows NT 10.0; Win64; x64) AppleWebKit/537.36 (KHTML, like Gecko) Chrome/85.0.4183.121 Safari/537.36 Edg/85.0.564.63"
40.77.189.219 - - [03/Oct/2020:22:49:55 +0200] "GET /themes/aboutpeople/style.css?g HTTP/1.1" 200 32283 "http://gyurufu.hu/content/kezdetekt%C5%91l-mostan%C3%A1ig" "Mozilla/5.0 (Windows NT 10.0; Win64; x64) AppleWebKit/537.36 (KHTML, like Gecko) Chrome/85.0.4183.121 Safari/537.36 Edg/85.0.564.63"
40.77.189.219 - - [03/Oct/2020:22:49:55 +0200] "GET /misc/jquery.js?g HTTP/1.1" 200 31089 "http://gyurufu.hu/content/kezdetekt%C5%91l-mostan%C3%A1ig" "Mozilla/5.0 (Windows NT 10.0; Win64; x64) AppleWebKit/537.36 (KHTML, like Gecko) Chrome/85.0.4183.121 Safari/537.36 Edg/85.0.564.63"
40.77.189.219 - - [03/Oct/2020:22:49:55 +0200] "GET /misc/drupal.js?g HTTP/1.1" 200 9745 "http://gyurufu.hu/content/kezdetekt%C5%91l-mostan%C3%A1ig" "Mozilla/5.0 (Windows NT 10.0; Win64; x64) AppleWebKit/537.36 (KHTML, like Gecko) Chrome/85.0.4183.121 Safari/537.36 Edg/85.0.564.63"
40.77.190.132 - - [03/Oct/2020:22:49:55 +0200] "GET /modules/user/user.css?g HTTP/1.1" 200 1127 "http://gyurufu.hu/content/kezdetekt%C5%91l-mostan%C3%A1ig" "Mozilla/5.0 (Windows NT 10.0; Win64; x64) AppleWebKit/537.36 (KHTML, like Gecko) Chrome/85.0.4183.121 Safari/537.36"
40.77.190.132 - - [03/Oct/2020:22:49:55 +0200] "GET /themes/aboutpeople/style.css?g HTTP/1.1" 200 32283 "http://gyurufu.hu/content/kezdetekt%C5%91l-mostan%C3%A1ig" "Mozilla/5.0 (Windows NT 10.0; Win64; x64) AppleWebKit/537.36 (KHTML, like Gecko) Chrome/85.0.4183.121 Safari/537.36"
40.77.190.132 - - [03/Oct/2020:22:49:55 +0200] "GET /misc/jquery.js?g HTTP/1.1" 200 31089 "http://gyurufu.hu/content/kezdetekt%C5%91l-mostan%C3%A1ig" "Mozilla/5.0 (Windows NT 10.0; Win64; x64) AppleWebKit/537.36 (KHTML, like Gecko) Chrome/85.0.4183.121 Safari/537.36"
40.77.189.219 - - [03/Oct/2020:22:49:55 +0200] "GET /modules/google_analytics/googleanalytics.js?g HTTP/1.1" 200 2268 "http://gyurufu.hu/content/kezdetekt%C5%91l-mostan%C3%A1ig" "Mozilla/5.0 (Windows NT 10.0; Win64; x64) AppleWebKit/537.36 (KHTML, like Gecko) Chrome/85.0.4183.121 Safari/537.36 Edg/85.0.564.63"
40.77.190.132 - - [03/Oct/2020:22:49:55 +0200] "GET /misc/drupal.js?g HTTP/1.1" 200 9745 "http://gyurufu.hu/content/kezdetekt%C5%91l-mostan%C3%A1ig" "Mozilla/5.0 (Windows NT 10.0; Win64; x64) AppleWebKit/537.36 (KHTML, like Gecko) Chrome/85.0.4183.121 Safari/537.36"
40.77.189.219 - - [03/Oct/2020:22:49:55 +0200] "GET /sites/default/files/languages/hu_8582a244f490b74610256ab428690e24.js?g HTTP/1.1" 200 1838 "http://gyurufu.hu/content/kezdetekt%C5%91l-mostan%C3%A1ig" "Mozilla/5.0 (Windows NT 10.0; Win64; x64) AppleWebKit/537.36 (KHTML, like Gecko) Chrome/85.0.4183.121 Safari/537.36 Edg/85.0.564.63"
40.77.190.132 - - [03/Oct/2020:22:49:55 +0200] "GET /sites/default/files/languages/hu_8582a244f490b74610256ab428690e24.js?g HTTP/1.1" 200 1838 "http://gyurufu.hu/content/kezdetekt%C5%91l-mostan%C3%A1ig" "Mozilla/5.0 (Windows NT 10.0; Win64; x64) AppleWebKit/537.36 (KHTML, like Gecko) Chrome/85.0.4183.121 Safari/537.36"
40.77.189.219 - - [03/Oct/2020:22:49:55 +0200] "GET /modules/photos/photos.js?g HTTP/1.1" 200 2409 "http://gyurufu.hu/content/kezdetekt%C5%91l-mostan%C3%A1ig" "Mozilla/5.0 (Windows NT 10.0; Win64; x64) AppleWebKit/537.36 (KHTML, like Gecko) Chrome/85.0.4183.121 Safari/537.36 Edg/85.0.564.63"
40.77.190.132 - - [03/Oct/2020:22:49:55 +0200] "GET /modules/google_analytics/googleanalytics.js?g HTTP/1.1" 200 2268 "http://gyurufu.hu/content/kezdetekt%C5%91l-mostan%C3%A1ig" "Mozilla/5.0 (Windows NT 10.0; Win64; x64) AppleWebKit/537.36 (KHTML, like Gecko) Chrome/85.0.4183.121 Safari/537.36"
40.77.190.132 - - [03/Oct/2020:22:49:56 +0200] "GET /modules/photos/photos.js?g HTTP/1.1" 200 2409 "http://gyurufu.hu/content/kezdetekt%C5%91l-mostan%C3%A1ig" "Mozilla/5.0 (Windows NT 10.0; Win64; x64) AppleWebKit/537.36 (KHTML, like Gecko) Chrome/85.0.4183.121 Safari/537.36"
40.77.190.132 - - [03/Oct/2020:22:49:56 +0200] "GET /modules/system/system.css?g HTTP/1.1" 200 10020 "http://gyurufu.hu/content/kezdetekt%C5%91l-mostan%C3%A1ig" "Mozilla/5.0 (Windows NT 10.0; Win64; x64) AppleWebKit/537.36 (KHTML, like Gecko) Chrome/85.0.4183.121 Safari/537.36"
40.77.189.219 - - [03/Oct/2020:22:49:56 +0200] "GET /themes/aboutpeople/img/banners/rotate.php HTTP/1.1" 200 38338 "http://gyurufu.hu/themes/aboutpeople/style.css?g" "Mozilla/5.0 (Windows NT 10.0; Win64; x64) AppleWebKit/537.36 (KHTML, like Gecko) Chrome/85.0.4183.121 Safari/537.36 Edg/85.0.564.63"
40.77.190.132 - - [03/Oct/2020:22:49:57 +0200] "GET /modules/system/system-menus.css?g HTTP/1.1" 200 935 "http://gyurufu.hu/content/kezdetekt%C5%91l-mostan%C3%A1ig" "Mozilla/5.0 (Windows NT 10.0; Win64; x64) AppleWebKit/537.36 (KHTML, like Gecko) Chrome/85.0.4183.121 Safari/537.36"
40.77.190.132 - - [03/Oct/2020:22:49:57 +0200] "GET /themes/aboutpeople/img/banners/rotate.php HTTP/1.1" 200 38338 "http://gyurufu.hu/themes/aboutpeople/style.css?g" "Mozilla/5.0 (Windows NT 10.0; Win64; x64) AppleWebKit/537.36 (KHTML, like Gecko) Chrome/85.0.4183.121 Safari/537.36"
114.119.135.223 - - [03/Oct/2020:22:54:55 +0200] "GET /content/alap%C3%ADtv%C3%A1ny-egyes%C3%BClet HTTP/1.1" 200 18654 "-" "Mozilla/5.0 (Linux; Android 7.0;) AppleWebKit/537.36 (KHTML, like Gecko) Mobile Safari/537.36 (compatible; PetalBot;+https://aspiegel.com/petalbot)"
66.249.66.88 - - [03/Oct/2020:22:58:25 +0200] "GET /erdeiiskola/images/lovastanya_emb1.gif HTTP/1.1" 304 - "-" "Googlebot-Image/1.0"
40.77.189.127 - - [03/Oct/2020:23:00:44 +0200] "GET /content/kezdetekt%C5%91l-mostan%C3%A1ig HTTP/1.1" 200 22292 "-" "Mozilla/5.0 (Windows NT 10.0; Win64; x64) AppleWebKit/537.36 (KHTML, like Gecko) Chrome/85.0.4183.121 Safari/537.36"
40.77.189.58 - - [03/Oct/2020:23:00:45 +0200] "GET /content/kezdetekt%C5%91l-mostan%C3%A1ig HTTP/1.1" 200 22292 "-" "Mozilla/5.0 (Windows NT 10.0; Win64; x64) AppleWebKit/537.36 (KHTML, like Gecko) Chrome/85.0.4183.121 Safari/537.36 Edg/85.0.564.63"
40.77.189.127 - - [03/Oct/2020:23:00:45 +0200] "GET /modules/nice_menus/nice_menus.css?g HTTP/1.1" 200 3607 "http://gyurufu.hu/content/kezdetekt%C5%91l-mostan%C3%A1ig" "Mozilla/5.0 (Windows NT 10.0; Win64; x64) AppleWebKit/537.36 (KHTML, like Gecko) Chrome/85.0.4183.121 Safari/537.36"
40.77.189.127 - - [03/Oct/2020:23:00:45 +0200] "GET /modules/nice_menus/nice_menus_default.css?g HTTP/1.1" 200 4978 "http://gyurufu.hu/content/kezdetekt%C5%91l-mostan%C3%A1ig" "Mozilla/5.0 (Windows NT 10.0; Win64; x64) AppleWebKit/537.36 (KHTML, like Gecko) Chrome/85.0.4183.121 Safari/537.36"
40.77.189.127 - - [03/Oct/2020:23:00:45 +0200] "GET /modules/photos/photos.css?g HTTP/1.1" 200 5645 "http://gyurufu.hu/content/kezdetekt%C5%91l-mostan%C3%A1ig" "Mozilla/5.0 (Windows NT 10.0; Win64; x64) AppleWebKit/537.36 (KHTML, like Gecko) Chrome/85.0.4183.121 Safari/537.36"
40.77.189.127 - - [03/Oct/2020:23:00:45 +0200] "GET /modules/system/defaults.css?g HTTP/1.1" 200 757 "http://gyurufu.hu/content/kezdetekt%C5%91l-mostan%C3%A1ig" "Mozilla/5.0 (Windows NT 10.0; Win64; x64) AppleWebKit/537.36 (KHTML, like Gecko) Chrome/85.0.4183.121 Safari/537.36"
40.77.189.127 - - [03/Oct/2020:23:00:45 +0200] "GET /modules/system/system.css?g HTTP/1.1" 200 10020 "http://gyurufu.hu/content/kezdetekt%C5%91l-mostan%C3%A1ig" "Mozilla/5.0 (Windows NT 10.0; Win64; x64) AppleWebKit/537.36 (KHTML, like Gecko) Chrome/85.0.4183.121 Safari/537.36"
40.77.189.127 - - [03/Oct/2020:23:00:45 +0200] "GET /modules/node/node.css?g HTTP/1.1" 200 740 "http://gyurufu.hu/content/kezdetekt%C5%91l-mostan%C3%A1ig" "Mozilla/5.0 (Windows NT 10.0; Win64; x64) AppleWebKit/537.36 (KHTML, like Gecko) Chrome/85.0.4183.121 Safari/537.36"
40.77.189.127 - - [03/Oct/2020:23:00:45 +0200] "GET /modules/system/system-menus.css?g HTTP/1.1" 200 935 "http://gyurufu.hu/content/kezdetekt%C5%91l-mostan%C3%A1ig" "Mozilla/5.0 (Windows NT 10.0; Win64; x64) AppleWebKit/537.36 (KHTML, like Gecko) Chrome/85.0.4183.121 Safari/537.36"
40.77.189.58 - - [03/Oct/2020:23:00:45 +0200] "GET /modules/nice_menus/nice_menus.css?g HTTP/1.1" 200 3607 "http://gyurufu.hu/content/kezdetekt%C5%91l-mostan%C3%A1ig" "Mozilla/5.0 (Windows NT 10.0; Win64; x64) AppleWebKit/537.36 (KHTML, like Gecko) Chrome/85.0.4183.121 Safari/537.36 Edg/85.0.564.63"
40.77.189.127 - - [03/Oct/2020:23:00:45 +0200] "GET /modules/user/user.css?g HTTP/1.1" 200 1127 "http://gyurufu.hu/content/kezdetekt%C5%91l-mostan%C3%A1ig" "Mozilla/5.0 (Windows NT 10.0; Win64; x64) AppleWebKit/537.36 (KHTML, like Gecko) Chrome/85.0.4183.121 Safari/537.36"
40.77.189.127 - - [03/Oct/2020:23:00:45 +0200] "GET /themes/aboutpeople/style.css?g HTTP/1.1" 200 32283 "http://gyurufu.hu/content/kezdetekt%C5%91l-mostan%C3%A1ig" "Mozilla/5.0 (Windows NT 10.0; Win64; x64) AppleWebKit/537.36 (KHTML, like Gecko) Chrome/85.0.4183.121 Safari/537.36"
40.77.189.127 - - [03/Oct/2020:23:00:45 +0200] "GET /misc/jquery.js?g HTTP/1.1" 200 31089 "http://gyurufu.hu/content/kezdetekt%C5%91l-mostan%C3%A1ig" "Mozilla/5.0 (Windows NT 10.0; Win64; x64) AppleWebKit/537.36 (KHTML, like Gecko) Chrome/85.0.4183.121 Safari/537.36"
40.77.189.58 - - [03/Oct/2020:23:00:45 +0200] "GET /modules/nice_menus/nice_menus_default.css?g HTTP/1.1" 200 4978 "http://gyurufu.hu/content/kezdetekt%C5%91l-mostan%C3%A1ig" "Mozilla/5.0 (Windows NT 10.0; Win64; x64) AppleWebKit/537.36 (KHTML, like Gecko) Chrome/85.0.4183.121 Safari/537.36 Edg/85.0.564.63"
40.77.189.58 - - [03/Oct/2020:23:00:45 +0200] "GET /modules/node/node.css?g HTTP/1.1" 200 740 "http://gyurufu.hu/content/kezdetekt%C5%91l-mostan%C3%A1ig" "Mozilla/5.0 (Windows NT 10.0; Win64; x64) AppleWebKit/537.36 (KHTML, like Gecko) Chrome/85.0.4183.121 Safari/537.36 Edg/85.0.564.63"
40.77.189.58 - - [03/Oct/2020:23:00:45 +0200] "GET /modules/photos/photos.css?g HTTP/1.1" 200 5645 "http://gyurufu.hu/content/kezdetekt%C5%91l-mostan%C3%A1ig" "Mozilla/5.0 (Windows NT 10.0; Win64; x64) AppleWebKit/537.36 (KHTML, like Gecko) Chrome/85.0.4183.121 Safari/537.36 Edg/85.0.564.63"
40.77.189.58 - - [03/Oct/2020:23:00:45 +0200] "GET /modules/system/defaults.css?g HTTP/1.1" 200 757 "http://gyurufu.hu/content/kezdetekt%C5%91l-mostan%C3%A1ig" "Mozilla/5.0 (Windows NT 10.0; Win64; x64) AppleWebKit/537.36 (KHTML, like Gecko) Chrome/85.0.4183.121 Safari/537.36 Edg/85.0.564.63"
40.77.189.127 - - [03/Oct/2020:23:00:45 +0200] "GET /misc/drupal.js?g HTTP/1.1" 200 9745 "http://gyurufu.hu/content/kezdetekt%C5%91l-mostan%C3%A1ig" "Mozilla/5.0 (Windows NT 10.0; Win64; x64) AppleWebKit/537.36 (KHTML, like Gecko) Chrome/85.0.4183.121 Safari/537.36"
40.77.189.127 - - [03/Oct/2020:23:00:45 +0200] "GET /modules/google_analytics/googleanalytics.js?g HTTP/1.1" 200 2268 "http://gyurufu.hu/content/kezdetekt%C5%91l-mostan%C3%A1ig" "Mozilla/5.0 (Windows NT 10.0; Win64; x64) AppleWebKit/537.36 (KHTML, like Gecko) Chrome/85.0.4183.121 Safari/537.36"
40.77.189.127 - - [03/Oct/2020:23:00:46 +0200] "GET /sites/default/files/languages/hu_8582a244f490b74610256ab428690e24.js?g HTTP/1.1" 200 1838 "http://gyurufu.hu/content/kezdetekt%C5%91l-mostan%C3%A1ig" "Mozilla/5.0 (Windows NT 10.0; Win64; x64) AppleWebKit/537.36 (KHTML, like Gecko) Chrome/85.0.4183.121 Safari/537.36"
40.77.189.58 - - [03/Oct/2020:23:00:46 +0200] "GET /modules/user/user.css?g HTTP/1.1" 200 1127 "http://gyurufu.hu/content/kezdetekt%C5%91l-mostan%C3%A1ig" "Mozilla/5.0 (Windows NT 10.0; Win64; x64) AppleWebKit/537.36 (KHTML, like Gecko) Chrome/85.0.4183.121 Safari/537.36 Edg/85.0.564.63"
40.77.189.127 - - [03/Oct/2020:23:00:46 +0200] "GET /modules/photos/photos.js?g HTTP/1.1" 200 2409 "http://gyurufu.hu/content/kezdetekt%C5%91l-mostan%C3%A1ig" "Mozilla/5.0 (Windows NT 10.0; Win64; x64) AppleWebKit/537.36 (KHTML, like Gecko) Chrome/85.0.4183.121 Safari/537.36"
40.77.189.58 - - [03/Oct/2020:23:00:46 +0200] "GET /themes/aboutpeople/style.css?g HTTP/1.1" 200 32283 "http://gyurufu.hu/content/kezdetekt%C5%91l-mostan%C3%A1ig" "Mozilla/5.0 (Windows NT 10.0; Win64; x64) AppleWebKit/537.36 (KHTML, like Gecko) Chrome/85.0.4183.121 Safari/537.36 Edg/85.0.564.63"
40.77.189.58 - - [03/Oct/2020:23:00:46 +0200] "GET /misc/jquery.js?g HTTP/1.1" 200 31089 "http://gyurufu.hu/content/kezdetekt%C5%91l-mostan%C3%A1ig" "Mozilla/5.0 (Windows NT 10.0; Win64; x64) AppleWebKit/537.36 (KHTML, like Gecko) Chrome/85.0.4183.121 Safari/537.36 Edg/85.0.564.63"
40.77.189.58 - - [03/Oct/2020:23:00:46 +0200] "GET /misc/drupal.js?g HTTP/1.1" 200 9745 "http://gyurufu.hu/content/kezdetekt%C5%91l-mostan%C3%A1ig" "Mozilla/5.0 (Windows NT 10.0; Win64; x64) AppleWebKit/537.36 (KHTML, like Gecko) Chrome/85.0.4183.121 Safari/537.36 Edg/85.0.564.63"
40.77.189.58 - - [03/Oct/2020:23:00:46 +0200] "GET /sites/default/files/languages/hu_8582a244f490b74610256ab428690e24.js?g HTTP/1.1" 200 1838 "http://gyurufu.hu/content/kezdetekt%C5%91l-mostan%C3%A1ig" "Mozilla/5.0 (Windows NT 10.0; Win64; x64) AppleWebKit/537.36 (KHTML, like Gecko) Chrome/85.0.4183.121 Safari/537.36 Edg/85.0.564.63"
40.77.189.58 - - [03/Oct/2020:23:00:46 +0200] "GET /modules/system/system-menus.css?g HTTP/1.1" 200 935 "http://gyurufu.hu/content/kezdetekt%C5%91l-mostan%C3%A1ig" "Mozilla/5.0 (Windows NT 10.0; Win64; x64) AppleWebKit/537.36 (KHTML, like Gecko) Chrome/85.0.4183.121 Safari/537.36 Edg/85.0.564.63"
40.77.189.58 - - [03/Oct/2020:23:00:46 +0200] "GET /modules/google_analytics/googleanalytics.js?g HTTP/1.1" 200 2268 "http://gyurufu.hu/content/kezdetekt%C5%91l-mostan%C3%A1ig" "Mozilla/5.0 (Windows NT 10.0; Win64; x64) AppleWebKit/537.36 (KHTML, like Gecko) Chrome/85.0.4183.121 Safari/537.36 Edg/85.0.564.63"
40.77.189.58 - - [03/Oct/2020:23:00:46 +0200] "GET /modules/photos/photos.js?g HTTP/1.1" 200 2409 "http://gyurufu.hu/content/kezdetekt%C5%91l-mostan%C3%A1ig" "Mozilla/5.0 (Windows NT 10.0; Win64; x64) AppleWebKit/537.36 (KHTML, like Gecko) Chrome/85.0.4183.121 Safari/537.36 Edg/85.0.564.63"
40.77.189.127 - - [03/Oct/2020:23:00:46 +0200] "GET /themes/aboutpeople/img/banners/rotate.php HTTP/1.1" 200 38338 "http://gyurufu.hu/themes/aboutpeople/style.css?g" "Mozilla/5.0 (Windows NT 10.0; Win64; x64) AppleWebKit/537.36 (KHTML, like Gecko) Chrome/85.0.4183.121 Safari/537.36"
40.77.189.58 - - [03/Oct/2020:23:00:47 +0200] "GET /modules/system/system.css?g HTTP/1.1" 200 10020 "http://gyurufu.hu/content/kezdetekt%C5%91l-mostan%C3%A1ig" "Mozilla/5.0 (Windows NT 10.0; Win64; x64) AppleWebKit/537.36 (KHTML, like Gecko) Chrome/85.0.4183.121 Safari/537.36 Edg/85.0.564.63"
40.77.189.58 - - [03/Oct/2020:23:00:47 +0200] "GET /themes/aboutpeople/img/banners/rotate.php HTTP/1.1" 200 38338 "http://gyurufu.hu/themes/aboutpeople/style.css?g" "Mozilla/5.0 (Windows NT 10.0; Win64; x64) AppleWebKit/537.36 (KHTML, like Gecko) Chrome/85.0.4183.121 Safari/537.36 Edg/85.0.564.63"
114.119.148.60 - - [03/Oct/2020:23:00:50 +0200] "GET /content/gy%C5%B1r%C5%B1f%C5%B1-t%C3%A1voli-m%C3%BAltja HTTP/1.1" 200 26711 "-" "Mozilla/5.0 (Linux; Android 7.0;) AppleWebKit/537.36 (KHTML, like Gecko) Mobile Safari/537.36 (compatible; PetalBot;+https://aspiegel.com/petalbot)"
114.119.152.70 - - [03/Oct/2020:23:08:44 +0200] "GET /content/v%C3%A1lyog%C3%A9p%C3%ADt%C3%A9sz-t%C3%A1borok-%C3%A9s-szaktan%C3%A1csad%C3%A1s HTTP/1.1" 200 16850 "-" "Mozilla/5.0 (Linux; Android 7.0;) AppleWebKit/537.36 (KHTML, like Gecko) Mobile Safari/537.36 (compatible; PetalBot;+https://aspiegel.com/petalbot)"
157.55.39.106 - - [03/Oct/2020:23:12:37 +0200] "GET /content/v%C3%A1lyog%C3%A9p%C3%ADt%C3%A9sz-t%C3%A1borok-%C3%A9s-szaktan%C3%A1csad%C3%A1s HTTP/1.1" 200 16850 "-" "Mozilla/5.0 (compatible; bingbot/2.0; +http://www.bing.com/bingbot.htm)"
185.191.171.20 - - [03/Oct/2020:23:16:54 +0200] "GET /robots.txt HTTP/1.1" 200 1627 "-" "Mozilla/5.0 (compatible; SemrushBot/6~bl; +http://www.semrush.com/bot.html)"
185.191.171.20 - - [03/Oct/2020:23:16:56 +0200] "GET /content/jurtaegyetem HTTP/1.1" 200 20541 "-" "Mozilla/5.0 (compatible; SemrushBot/6~bl; +http://www.semrush.com/bot.html)"
157.55.39.108 - - [03/Oct/2020:23:18:26 +0200] "GET /gyurufunet HTTP/1.1" 404 4562 "-" "Mozilla/5.0 (compatible; bingbot/2.0; +http://www.bing.com/bingbot.htm)"
159.69.45.202 - - [03/Oct/2020:23:29:24 +0200] "GET /robots.txt HTTP/1.1" 200 1627 "-" "Mozilla/5.0 (compatible; um-IC/1.0; mailto: techinfo@ubermetrics-technologies.com; Windows NT 6.1; WOW64; rv:40.0) Gecko/20100101 Firefox/40.1"
159.69.45.202 - - [03/Oct/2020:23:29:26 +0200] "GET /rss.xml HTTP/1.1" 200 3891 "-" "Mozilla/5.0 (compatible; um-IC/1.0; mailto: techinfo@ubermetrics-technologies.com; Windows NT 6.1; WOW64; rv:40.0) Gecko/20100101 Firefox/40.1"
31.13.103.111 - - [03/Oct/2020:23:39:06 +0200] "GET / HTTP/1.1" 200 19615 "-" "facebookexternalhit/1.1 (+http://www.facebook.com/externalhit_uatext.php)"
114.119.128.50 - - [04/Oct/2020:00:03:18 +0200] "GET /erdeiiskola/infrastrukt.html HTTP/1.1" 200 4636 "-" "Mozilla/5.0 (Linux; Android 7.0;) AppleWebKit/537.36 (KHTML, like Gecko) Mobile Safari/537.36 (compatible; PetalBot;+https://aspiegel.com/petalbot)"
114.119.133.85 - - [04/Oct/2020:00:09:22 +0200] "GET /content/bioterm%C3%A9kek HTTP/1.1" 200 16713 "-" "Mozilla/5.0 (Linux; Android 7.0;) AppleWebKit/537.36 (KHTML, like Gecko) Mobile Safari/537.36 (compatible; PetalBot;+https://aspiegel.com/petalbot)"
114.119.152.70 - - [04/Oct/2020:00:15:24 +0200] "GET /content/gy%C5%B1r%C5%B1f%C5%B1-lak%C3%B3i HTTP/1.1" 200 17910 "-" "Mozilla/5.0 (Linux; Android 7.0;) AppleWebKit/537.36 (KHTML, like Gecko) Mobile Safari/537.36 (compatible; PetalBot;+https://aspiegel.com/petalbot)"
114.119.133.85 - - [04/Oct/2020:00:21:17 +0200] "GET /planyo HTTP/1.1" 404 4562 "-" "Mozilla/5.0 (Linux; Android 7.0;) AppleWebKit/537.36 (KHTML, like Gecko) Mobile Safari/537.36 (compatible; PetalBot;+https://aspiegel.com/petalbot)"
185.191.171.44 - - [04/Oct/2020:00:22:52 +0200] "GET /robots.txt HTTP/1.1" 200 1627 "-" "Mozilla/5.0 (compatible; SemrushBot/6~bl; +http://www.semrush.com/bot.html)"
185.191.171.12 - - [04/Oct/2020:00:22:55 +0200] "GET /content/az-egyes%C3%BClet-c%C3%A9lja-%C3%A9s-k%C3%B6zhaszn%C3%BAs%C3%A1gi-jelent%C3%A9sei HTTP/1.1" 200 20410 "-" "Mozilla/5.0 (compatible; SemrushBot/6~bl; +http://www.semrush.com/bot.html)"
185.191.171.37 - - [04/Oct/2020:00:38:17 +0200] "GET /robots.txt HTTP/1.1" 200 1627 "-" "Mozilla/5.0 (compatible; SemrushBot/6~bl; +http://www.semrush.com/bot.html)"
185.191.171.25 - - [04/Oct/2020:00:38:20 +0200] "GET /content/az-egyes%C3%BClet-c%C3%A9lja-%C3%A9s-k%C3%B6zhaszn%C3%BAs%C3%A1gi-jelent%C3%A9sei?destination=node%2F9 HTTP/1.1" 200 20446 "-" "Mozilla/5.0 (compatible; SemrushBot/6~bl; +http://www.semrush.com/bot.html)"
45.88.3.232 - - [04/Oct/2020:00:39:56 +0200] "GET / HTTP/1.1" 200 19615 "https://credit-online.ws/" "Mozilla/4.0 (compatible; MSIE 6.0; Windows XP)"
45.88.3.232 - - [04/Oct/2020:00:39:57 +0200] "GET / HTTP/1.1" 200 19615 "https://credit-online.ws/" "Mozilla/4.0 (compatible; MSIE 6.0; Windows XP)"
45.88.3.232 - - [04/Oct/2020:00:39:58 +0200] "GET / HTTP/1.1" 200 19615 "https://credit-online.ws/" "Mozilla/4.0 (compatible; MSIE 6.0; Windows XP)"
185.191.171.36 - - [04/Oct/2020:00:49:48 +0200] "GET /content/ny%C3%ADlt-napok-%C3%A9s-bemutat%C3%B3k HTTP/1.1" 200 17416 "-" "Mozilla/5.0 (compatible; SemrushBot/6~bl; +http://www.semrush.com/bot.html)"
66.249.66.87 - - [04/Oct/2020:00:53:15 +0200] "GET /lovastanya/images/telek/Data/page.htm?11,0 HTTP/1.1" 304 - "-" "Mozilla/5.0 (Linux; Android 6.0.1; Nexus 5X Build/MMB29P) AppleWebKit/537.36 (KHTML, like Gecko) Chrome/85.0.4183.132 Mobile Safari/537.36 (compatible; Googlebot/2.1; +http://www.google.com/bot.html)"
114.119.133.85 - - [04/Oct/2020:00:56:01 +0200] "GET /content/lovasoktat%C3%A1s HTTP/1.1" 200 16717 "-" "Mozilla/5.0 (Linux; Android 7.0;) AppleWebKit/537.36 (KHTML, like Gecko) Mobile Safari/537.36 (compatible; PetalBot;+https://aspiegel.com/petalbot)"
114.119.128.50 - - [04/Oct/2020:01:04:19 +0200] "GET /content/hullad%C3%A9k-kezel%C3%A9s HTTP/1.1" 200 18896 "-" "Mozilla/5.0 (Linux; Android 7.0;) AppleWebKit/537.36 (KHTML, like Gecko) Mobile Safari/537.36 (compatible; PetalBot;+https://aspiegel.com/petalbot)"
17.58.101.246 - - [04/Oct/2020:01:07:16 +0200] "GET /robots.txt HTTP/1.1" 200 1627 "-" "Mozilla/5.0 (Macintosh; Intel Mac OS X 10_15_5) AppleWebKit/605.1.15 (KHTML, like Gecko) Version/13.1.1 Safari/605.1.15 (Applebot/0.1; +http://www.apple.com/go/applebot)"
17.58.98.110 - - [04/Oct/2020:01:07:17 +0200] "GET /content/megk%C3%B6zel%C3%ADt%C3%A9s HTTP/1.1" 200 21815 "-" "Mozilla/5.0 (Macintosh; Intel Mac OS X 10_15_5) AppleWebKit/605.1.15 (KHTML, like Gecko) Version/13.1.1 Safari/605.1.15 (Applebot/0.1; +http://www.apple.com/go/applebot)"
114.119.148.60 - - [04/Oct/2020:01:15:19 +0200] "GET /content/v%C3%ADzgazd%C3%A1lkod%C3%A1s HTTP/1.1" 200 20152 "-" "Mozilla/5.0 (Linux; Android 7.0;) AppleWebKit/537.36 (KHTML, like Gecko) Mobile Safari/537.36 (compatible; PetalBot;+https://aspiegel.com/petalbot)"
18.223.15.44 - - [04/Oct/2020:01:25:25 +0200] "GET / HTTP/1.1" 200 19611 "-" "Mozilla/5.0 (Macintosh; Intel Mac OS X 10_15_0) AppleWebKit/537.36 (KHTML, like Gecko) Chrome/78.0.3904.87 Safari/537.36"
157.55.39.79 - - [04/Oct/2020:01:30:05 +0200] "GET /lovastanya/images/vendeghaz/Data/page.htm?8,0 HTTP/1.1" 304 - "-" "Mozilla/5.0 (compatible; bingbot/2.0; +http://www.bing.com/bingbot.htm)"
114.119.131.205 - - [04/Oct/2020:01:33:43 +0200] "GET /content/szent-l%C3%A1szl%C3%B3-tan%C3%B6sv%C3%A9ny HTTP/1.1" 200 20370 "-" "Mozilla/5.0 (Linux; Android 7.0;) AppleWebKit/537.36 (KHTML, like Gecko) Mobile Safari/537.36 (compatible; PetalBot;+https://aspiegel.com/petalbot)"
145.236.121.192 - - [04/Oct/2020:01:42:23 +0200] "GET /lovastanya/ HTTP/1.1" 200 1461 "-" "Mozilla/5.0 (iPhone; CPU iPhone OS 12_4_8 like Mac OS X) AppleWebKit/605.1.15 (KHTML, like Gecko) Version/12.1.2 Mobile/15E148 Safari/604.1"
145.236.121.192 - - [04/Oct/2020:01:42:24 +0200] "GET /apple-touch-icon-120x120-precomposed.png HTTP/1.1" 404 4562 "-" "MobileSafari/604.1 CFNetwork/978.0.7 Darwin/18.7.0"
145.236.121.192 - - [04/Oct/2020:01:42:25 +0200] "GET /apple-touch-icon-120x120.png HTTP/1.1" 404 4562 "-" "MobileSafari/604.1 CFNetwork/978.0.7 Darwin/18.7.0"
145.236.121.192 - - [04/Oct/2020:01:42:25 +0200] "GET /apple-touch-icon-precomposed.png HTTP/1.1" 404 4562 "-" "MobileSafari/604.1 CFNetwork/978.0.7 Darwin/18.7.0"
145.236.121.192 - - [04/Oct/2020:01:42:25 +0200] "GET /apple-touch-icon.png HTTP/1.1" 404 4562 "-" "MobileSafari/604.1 CFNetwork/978.0.7 Darwin/18.7.0"
145.236.121.192 - - [04/Oct/2020:01:42:25 +0200] "GET /favicon.ico HTTP/1.1" 404 57 "-" "MobileSafari/604.1 CFNetwork/978.0.7 Darwin/18.7.0"
145.236.121.192 - - [04/Oct/2020:01:42:25 +0200] "GET /apple-touch-icon-120x120-precomposed.png HTTP/1.1" 404 4562 "-" "MobileSafari/604.1 CFNetwork/978.0.7 Darwin/18.7.0"
145.236.121.192 - - [04/Oct/2020:01:42:25 +0200] "GET /apple-touch-icon-120x120.png HTTP/1.1" 404 4562 "-" "MobileSafari/604.1 CFNetwork/978.0.7 Darwin/18.7.0"
145.236.121.192 - - [04/Oct/2020:01:42:26 +0200] "GET /apple-touch-icon-precomposed.png HTTP/1.1" 404 4562 "-" "MobileSafari/604.1 CFNetwork/978.0.7 Darwin/18.7.0"
145.236.121.192 - - [04/Oct/2020:01:42:26 +0200] "GET /apple-touch-icon.png HTTP/1.1" 404 4562 "-" "MobileSafari/604.1 CFNetwork/978.0.7 Darwin/18.7.0"
145.236.121.192 - - [04/Oct/2020:01:42:26 +0200] "GET /favicon.ico HTTP/1.1" 404 57 "-" "MobileSafari/604.1 CFNetwork/978.0.7 Darwin/18.7.0"
185.240.95.159 - - [04/Oct/2020:01:50:13 +0200] "GET / HTTP/1.1" 200 19611 "-" "Opera/9.80 (Windows NT 10.0; Win64; x64); U) Presto/2.10.181 Version/12.00"
185.240.95.159 - - [04/Oct/2020:01:50:13 +0200] "GET /rss.xml HTTP/1.1" 200 3831 "-" "Opera/9.80 (Windows NT 10.0; Win64; x64); U) Presto/2.10.181 Version/12.00"
45.130.131.209 - - [04/Oct/2020:01:50:15 +0200] "POST /node?destination=node HTTP/1.1" 200 19800 "-" "Mozilla/5.0 (Windows NT 6.3; WOW64) AppleWebKit/537.36 (KHTML, like Gecko) Chrome/67.0.2249.26 Safari/537.36"
45.130.131.209 - - [04/Oct/2020:01:50:16 +0200] "POST /node?destination=node HTTP/1.1" 200 19866 "-" "Mozilla/5.0 (Windows NT 6.3; WOW64) AppleWebKit/537.36 (KHTML, like Gecko) Chrome/67.0.2249.26 Safari/537.36"
45.130.131.209 - - [04/Oct/2020:01:50:16 +0200] "POST /node?destination=node HTTP/1.1" 200 19725 "-" "Mozilla/5.0 (Windows NT 6.3; WOW64) AppleWebKit/537.36 (KHTML, like Gecko) Chrome/67.0.2249.26 Safari/537.36"
45.130.131.209 - - [04/Oct/2020:01:50:17 +0200] "POST /node?destination=node HTTP/1.1" 200 19800 "-" "Mozilla/5.0 (Windows NT 6.3; WOW64) AppleWebKit/537.36 (KHTML, like Gecko) Chrome/67.0.2249.26 Safari/537.36"
45.130.131.209 - - [04/Oct/2020:01:50:17 +0200] "POST /node?destination=node HTTP/1.1" 200 19800 "-" "Mozilla/5.0 (Windows NT 6.3; WOW64) AppleWebKit/537.36 (KHTML, like Gecko) Chrome/67.0.2249.26 Safari/537.36"
45.130.131.209 - - [04/Oct/2020:01:50:18 +0200] "POST /node?destination=node HTTP/1.1" 200 19611 "-" "Mozilla/5.0 (Windows NT 6.3; WOW64) AppleWebKit/537.36 (KHTML, like Gecko) Chrome/67.0.2249.26 Safari/537.36"
45.130.131.209 - - [04/Oct/2020:01:50:18 +0200] "POST /node?destination=node HTTP/1.1" 200 19866 "-" "Mozilla/5.0 (Windows NT 6.3; WOW64) AppleWebKit/537.36 (KHTML, like Gecko) Chrome/67.0.2249.26 Safari/537.36"
45.130.131.209 - - [04/Oct/2020:01:50:19 +0200] "POST /node?destination=node HTTP/1.1" 200 19725 "-" "Mozilla/5.0 (Windows NT 6.3; WOW64) AppleWebKit/537.36 (KHTML, like Gecko) Chrome/67.0.2249.26 Safari/537.36"
45.130.131.209 - - [04/Oct/2020:01:50:19 +0200] "POST /node?destination=node HTTP/1.1" 200 19800 "-" "Mozilla/5.0 (Windows NT 6.3; WOW64) AppleWebKit/537.36 (KHTML, like Gecko) Chrome/67.0.2249.26 Safari/537.36"
45.130.131.209 - - [04/Oct/2020:01:50:20 +0200] "POST /node?destination=node HTTP/1.1" 200 19800 "-" "Mozilla/5.0 (Windows NT 6.3; WOW64) AppleWebKit/537.36 (KHTML, like Gecko) Chrome/67.0.2249.26 Safari/537.36"
45.130.131.209 - - [04/Oct/2020:01:50:21 +0200] "POST /node?destination=node HTTP/1.1" 200 19611 "-" "Mozilla/5.0 (Windows NT 6.3; WOW64) AppleWebKit/537.36 (KHTML, like Gecko) Chrome/67.0.2249.26 Safari/537.36"
45.130.131.209 - - [04/Oct/2020:01:50:21 +0200] "POST /node?destination=node HTTP/1.1" 200 19861 "-" "Mozilla/5.0 (Windows NT 6.3; WOW64) AppleWebKit/537.36 (KHTML, like Gecko) Chrome/67.0.2249.26 Safari/537.36"
45.130.131.209 - - [04/Oct/2020:01:50:22 +0200] "POST /node?destination=node HTTP/1.1" 200 19725 "-" "Mozilla/5.0 (Windows NT 6.3; WOW64) AppleWebKit/537.36 (KHTML, like Gecko) Chrome/67.0.2249.26 Safari/537.36"
45.130.131.209 - - [04/Oct/2020:01:50:22 +0200] "POST /node?destination=node HTTP/1.1" 200 19800 "-" "Mozilla/5.0 (Windows NT 6.3; WOW64) AppleWebKit/537.36 (KHTML, like Gecko) Chrome/67.0.2249.26 Safari/537.36"
45.130.131.209 - - [04/Oct/2020:01:50:23 +0200] "POST /node?destination=node HTTP/1.1" 200 19800 "-" "Mozilla/5.0 (Windows NT 6.3; WOW64) AppleWebKit/537.36 (KHTML, like Gecko) Chrome/67.0.2249.26 Safari/537.36"
45.130.131.209 - - [04/Oct/2020:01:50:23 +0200] "POST /node?destination=node HTTP/1.1" 200 19611 "-" "Mozilla/5.0 (Windows NT 6.3; WOW64) AppleWebKit/537.36 (KHTML, like Gecko) Chrome/67.0.2249.26 Safari/537.36"
45.130.131.209 - - [04/Oct/2020:01:50:24 +0200] "POST /node?destination=node HTTP/1.1" 200 19868 "-" "Mozilla/5.0 (Windows NT 6.3; WOW64) AppleWebKit/537.36 (KHTML, like Gecko) Chrome/67.0.2249.26 Safari/537.36"
45.130.131.209 - - [04/Oct/2020:01:50:24 +0200] "POST /node?destination=node HTTP/1.1" 200 19725 "-" "Mozilla/5.0 (Windows NT 6.3; WOW64) AppleWebKit/537.36 (KHTML, like Gecko) Chrome/67.0.2249.26 Safari/537.36"
45.130.131.209 - - [04/Oct/2020:01:50:25 +0200] "POST /node?destination=node HTTP/1.1" 200 19800 "-" "Mozilla/5.0 (Windows NT 6.3; WOW64) AppleWebKit/537.36 (KHTML, like Gecko) Chrome/67.0.2249.26 Safari/537.36"
45.130.131.209 - - [04/Oct/2020:01:50:26 +0200] "POST /node?destination=node HTTP/1.1" 200 19800 "-" "Mozilla/5.0 (Windows NT 6.3; WOW64) AppleWebKit/537.36 (KHTML, like Gecko) Chrome/67.0.2249.26 Safari/537.36"
45.130.131.209 - - [04/Oct/2020:01:50:26 +0200] "POST /node?destination=node HTTP/1.1" 200 19611 "-" "Mozilla/5.0 (Windows NT 6.3; WOW64) AppleWebKit/537.36 (KHTML, like Gecko) Chrome/67.0.2249.26 Safari/537.36"
45.130.131.209 - - [04/Oct/2020:01:50:27 +0200] "POST /node?destination=node HTTP/1.1" 200 19868 "-" "Mozilla/5.0 (Windows NT 6.3; WOW64) AppleWebKit/537.36 (KHTML, like Gecko) Chrome/67.0.2249.26 Safari/537.36"
45.130.131.209 - - [04/Oct/2020:01:50:27 +0200] "POST /node?destination=node HTTP/1.1" 200 19725 "-" "Mozilla/5.0 (Windows NT 6.3; WOW64) AppleWebKit/537.36 (KHTML, like Gecko) Chrome/67.0.2249.26 Safari/537.36"
45.130.131.209 - - [04/Oct/2020:01:50:28 +0200] "POST /node?destination=node HTTP/1.1" 200 19800 "-" "Mozilla/5.0 (Windows NT 6.3; WOW64) AppleWebKit/537.36 (KHTML, like Gecko) Chrome/67.0.2249.26 Safari/537.36"
45.130.131.209 - - [04/Oct/2020:01:50:29 +0200] "POST /node?destination=node HTTP/1.1" 200 19800 "-" "Mozilla/5.0 (Windows NT 6.3; WOW64) AppleWebKit/537.36 (KHTML, like Gecko) Chrome/67.0.2249.26 Safari/537.36"
45.130.131.209 - - [04/Oct/2020:01:50:29 +0200] "POST /node?destination=node HTTP/1.1" 200 19611 "-" "Mozilla/5.0 (Windows NT 6.3; WOW64) AppleWebKit/537.36 (KHTML, like Gecko) Chrome/67.0.2249.26 Safari/537.36"
45.130.131.209 - - [04/Oct/2020:01:50:30 +0200] "POST /node?destination=node HTTP/1.1" 200 19867 "-" "Mozilla/5.0 (Windows NT 6.3; WOW64) AppleWebKit/537.36 (KHTML, like Gecko) Chrome/67.0.2249.26 Safari/537.36"
45.130.131.209 - - [04/Oct/2020:01:50:30 +0200] "POST /node?destination=node HTTP/1.1" 200 19725 "-" "Mozilla/5.0 (Windows NT 6.3; WOW64) AppleWebKit/537.36 (KHTML, like Gecko) Chrome/67.0.2249.26 Safari/537.36"
45.130.131.209 - - [04/Oct/2020:01:50:31 +0200] "POST /node?destination=node HTTP/1.1" 200 19800 "-" "Mozilla/5.0 (Windows NT 6.3; WOW64) AppleWebKit/537.36 (KHTML, like Gecko) Chrome/67.0.2249.26 Safari/537.36"
45.130.131.209 - - [04/Oct/2020:01:50:31 +0200] "POST /node?destination=node HTTP/1.1" 200 19800 "-" "Mozilla/5.0 (Windows NT 6.3; WOW64) AppleWebKit/537.36 (KHTML, like Gecko) Chrome/67.0.2249.26 Safari/537.36"
45.130.131.209 - - [04/Oct/2020:01:50:32 +0200] "POST /node?destination=node HTTP/1.1" 200 19611 "-" "Mozilla/5.0 (Windows NT 6.3; WOW64) AppleWebKit/537.36 (KHTML, like Gecko) Chrome/67.0.2249.26 Safari/537.36"
45.130.131.209 - - [04/Oct/2020:01:50:33 +0200] "POST /node?destination=node HTTP/1.1" 200 19873 "-" "Mozilla/5.0 (Windows NT 6.3; WOW64) AppleWebKit/537.36 (KHTML, like Gecko) Chrome/67.0.2249.26 Safari/537.36"
45.130.131.209 - - [04/Oct/2020:01:50:33 +0200] "POST /node?destination=node HTTP/1.1" 200 19725 "-" "Mozilla/5.0 (Windows NT 6.3; WOW64) AppleWebKit/537.36 (KHTML, like Gecko) Chrome/67.0.2249.26 Safari/537.36"
45.130.131.209 - - [04/Oct/2020:01:50:34 +0200] "POST /node?destination=node HTTP/1.1" 200 19800 "-" "Mozilla/5.0 (Windows NT 6.3; WOW64) AppleWebKit/537.36 (KHTML, like Gecko) Chrome/67.0.2249.26 Safari/537.36"
45.130.131.209 - - [04/Oct/2020:01:50:34 +0200] "POST /node?destination=node HTTP/1.1" 200 19800 "-" "Mozilla/5.0 (Windows NT 6.3; WOW64) AppleWebKit/537.36 (KHTML, like Gecko) Chrome/67.0.2249.26 Safari/537.36"
45.130.131.209 - - [04/Oct/2020:01:50:35 +0200] "POST /node?destination=node HTTP/1.1" 200 19611 "-" "Mozilla/5.0 (Windows NT 6.3; WOW64) AppleWebKit/537.36 (KHTML, like Gecko) Chrome/67.0.2249.26 Safari/537.36"
185.240.95.159 - - [04/Oct/2020:01:50:36 +0200] "GET /user/login HTTP/1.1" 200 16250 "-" "Opera/9.80 (Windows NT 10.0; Win64; x64); U) Presto/2.10.181 Version/12.00"
45.130.131.209 - - [04/Oct/2020:01:50:37 +0200] "POST /user/login HTTP/1.1" 200 16439 "-" "Mozilla/5.0 (Windows NT 6.3; WOW64) AppleWebKit/537.36 (KHTML, like Gecko) Chrome/67.0.2249.26 Safari/537.36"
45.130.131.209 - - [04/Oct/2020:01:50:37 +0200] "POST /user/login HTTP/1.1" 200 16505 "-" "Mozilla/5.0 (Windows NT 6.3; WOW64) AppleWebKit/537.36 (KHTML, like Gecko) Chrome/67.0.2249.26 Safari/537.36"
45.130.131.209 - - [04/Oct/2020:01:50:38 +0200] "POST /user/login HTTP/1.1" 200 16364 "-" "Mozilla/5.0 (Windows NT 6.3; WOW64) AppleWebKit/537.36 (KHTML, like Gecko) Chrome/67.0.2249.26 Safari/537.36"
45.130.131.209 - - [04/Oct/2020:01:50:38 +0200] "POST /user/login HTTP/1.1" 200 16439 "-" "Mozilla/5.0 (Windows NT 6.3; WOW64) AppleWebKit/537.36 (KHTML, like Gecko) Chrome/67.0.2249.26 Safari/537.36"
45.130.131.209 - - [04/Oct/2020:01:50:39 +0200] "POST /user/login HTTP/1.1" 200 16250 "-" "Mozilla/5.0 (Windows NT 6.3; WOW64) AppleWebKit/537.36 (KHTML, like Gecko) Chrome/67.0.2249.26 Safari/537.36"
45.130.131.209 - - [04/Oct/2020:01:50:40 +0200] "POST /user/login HTTP/1.1" 200 16439 "-" "Mozilla/5.0 (Windows NT 6.3; WOW64) AppleWebKit/537.36 (KHTML, like Gecko) Chrome/67.0.2249.26 Safari/537.36"
45.130.131.209 - - [04/Oct/2020:01:50:40 +0200] "POST /user/login HTTP/1.1" 200 16505 "-" "Mozilla/5.0 (Windows NT 6.3; WOW64) AppleWebKit/537.36 (KHTML, like Gecko) Chrome/67.0.2249.26 Safari/537.36"
45.130.131.209 - - [04/Oct/2020:01:50:40 +0200] "POST /user/login HTTP/1.1" 200 16364 "-" "Mozilla/5.0 (Windows NT 6.3; WOW64) AppleWebKit/537.36 (KHTML, like Gecko) Chrome/67.0.2249.26 Safari/537.36"
45.130.131.209 - - [04/Oct/2020:01:50:41 +0200] "POST /user/login HTTP/1.1" 200 16439 "-" "Mozilla/5.0 (Windows NT 6.3; WOW64) AppleWebKit/537.36 (KHTML, like Gecko) Chrome/67.0.2249.26 Safari/537.36"
45.130.131.209 - - [04/Oct/2020:01:50:42 +0200] "POST /user/login HTTP/1.1" 200 16250 "-" "Mozilla/5.0 (Windows NT 6.3; WOW64) AppleWebKit/537.36 (KHTML, like Gecko) Chrome/67.0.2249.26 Safari/537.36"
45.130.131.209 - - [04/Oct/2020:01:50:42 +0200] "POST /user/login HTTP/1.1" 200 16439 "-" "Mozilla/5.0 (Windows NT 6.3; WOW64) AppleWebKit/537.36 (KHTML, like Gecko) Chrome/67.0.2249.26 Safari/537.36"
45.130.131.209 - - [04/Oct/2020:01:50:43 +0200] "POST /user/login HTTP/1.1" 200 16500 "-" "Mozilla/5.0 (Windows NT 6.3; WOW64) AppleWebKit/537.36 (KHTML, like Gecko) Chrome/67.0.2249.26 Safari/537.36"
45.130.131.209 - - [04/Oct/2020:01:50:43 +0200] "POST /user/login HTTP/1.1" 200 16364 "-" "Mozilla/5.0 (Windows NT 6.3; WOW64) AppleWebKit/537.36 (KHTML, like Gecko) Chrome/67.0.2249.26 Safari/537.36"
45.130.131.209 - - [04/Oct/2020:01:50:43 +0200] "POST /user/login HTTP/1.1" 200 16439 "-" "Mozilla/5.0 (Windows NT 6.3; WOW64) AppleWebKit/537.36 (KHTML, like Gecko) Chrome/67.0.2249.26 Safari/537.36"
45.130.131.209 - - [04/Oct/2020:01:50:47 +0200] "POST /user/login HTTP/1.1" 200 16250 "-" "Mozilla/5.0 (Windows NT 6.3; WOW64) AppleWebKit/537.36 (KHTML, like Gecko) Chrome/67.0.2249.26 Safari/537.36"
45.130.131.209 - - [04/Oct/2020:01:50:48 +0200] "POST /user/login HTTP/1.1" 200 16439 "-" "Mozilla/5.0 (Windows NT 6.3; WOW64) AppleWebKit/537.36 (KHTML, like Gecko) Chrome/67.0.2249.26 Safari/537.36"
45.130.131.209 - - [04/Oct/2020:01:50:48 +0200] "POST /user/login HTTP/1.1" 200 16507 "-" "Mozilla/5.0 (Windows NT 6.3; WOW64) AppleWebKit/537.36 (KHTML, like Gecko) Chrome/67.0.2249.26 Safari/537.36"
45.130.131.209 - - [04/Oct/2020:01:50:49 +0200] "POST /user/login HTTP/1.1" 200 16364 "-" "Mozilla/5.0 (Windows NT 6.3; WOW64) AppleWebKit/537.36 (KHTML, like Gecko) Chrome/67.0.2249.26 Safari/537.36"
45.130.131.209 - - [04/Oct/2020:01:50:49 +0200] "POST /user/login HTTP/1.1" 200 16439 "-" "Mozilla/5.0 (Windows NT 6.3; WOW64) AppleWebKit/537.36 (KHTML, like Gecko) Chrome/67.0.2249.26 Safari/537.36"
45.130.131.209 - - [04/Oct/2020:01:50:50 +0200] "POST /user/login HTTP/1.1" 200 16250 "-" "Mozilla/5.0 (Windows NT 6.3; WOW64) AppleWebKit/537.36 (KHTML, like Gecko) Chrome/67.0.2249.26 Safari/537.36"
45.130.131.209 - - [04/Oct/2020:01:50:50 +0200] "POST /user/login HTTP/1.1" 200 16439 "-" "Mozilla/5.0 (Windows NT 6.3; WOW64) AppleWebKit/537.36 (KHTML, like Gecko) Chrome/67.0.2249.26 Safari/537.36"
45.130.131.209 - - [04/Oct/2020:01:50:51 +0200] "POST /user/login HTTP/1.1" 200 16507 "-" "Mozilla/5.0 (Windows NT 6.3; WOW64) AppleWebKit/537.36 (KHTML, like Gecko) Chrome/67.0.2249.26 Safari/537.36"
45.130.131.209 - - [04/Oct/2020:01:50:51 +0200] "POST /user/login HTTP/1.1" 200 16364 "-" "Mozilla/5.0 (Windows NT 6.3; WOW64) AppleWebKit/537.36 (KHTML, like Gecko) Chrome/67.0.2249.26 Safari/537.36"
45.130.131.209 - - [04/Oct/2020:01:50:52 +0200] "POST /user/login HTTP/1.1" 200 16439 "-" "Mozilla/5.0 (Windows NT 6.3; WOW64) AppleWebKit/537.36 (KHTML, like Gecko) Chrome/67.0.2249.26 Safari/537.36"
45.130.131.209 - - [04/Oct/2020:01:50:52 +0200] "POST /user/login HTTP/1.1" 200 16250 "-" "Mozilla/5.0 (Windows NT 6.3; WOW64) AppleWebKit/537.36 (KHTML, like Gecko) Chrome/67.0.2249.26 Safari/537.36"
45.130.131.209 - - [04/Oct/2020:01:50:53 +0200] "POST /user/login HTTP/1.1" 200 16439 "-" "Mozilla/5.0 (Windows NT 6.3; WOW64) AppleWebKit/537.36 (KHTML, like Gecko) Chrome/67.0.2249.26 Safari/537.36"
45.130.131.209 - - [04/Oct/2020:01:50:53 +0200] "POST /user/login HTTP/1.1" 200 16506 "-" "Mozilla/5.0 (Windows NT 6.3; WOW64) AppleWebKit/537.36 (KHTML, like Gecko) Chrome/67.0.2249.26 Safari/537.36"
45.130.131.209 - - [04/Oct/2020:01:50:54 +0200] "POST /user/login HTTP/1.1" 200 16364 "-" "Mozilla/5.0 (Windows NT 6.3; WOW64) AppleWebKit/537.36 (KHTML, like Gecko) Chrome/67.0.2249.26 Safari/537.36"
45.130.131.209 - - [04/Oct/2020:01:50:54 +0200] "POST /user/login HTTP/1.1" 200 16439 "-" "Mozilla/5.0 (Windows NT 6.3; WOW64) AppleWebKit/537.36 (KHTML, like Gecko) Chrome/67.0.2249.26 Safari/537.36"
45.130.131.209 - - [04/Oct/2020:01:50:55 +0200] "POST /user/login HTTP/1.1" 200 16250 "-" "Mozilla/5.0 (Windows NT 6.3; WOW64) AppleWebKit/537.36 (KHTML, like Gecko) Chrome/67.0.2249.26 Safari/537.36"
45.130.131.209 - - [04/Oct/2020:01:50:55 +0200] "POST /user/login HTTP/1.1" 200 16439 "-" "Mozilla/5.0 (Windows NT 6.3; WOW64) AppleWebKit/537.36 (KHTML, like Gecko) Chrome/67.0.2249.26 Safari/537.36"
45.130.131.209 - - [04/Oct/2020:01:50:56 +0200] "POST /user/login HTTP/1.1" 200 16512 "-" "Mozilla/5.0 (Windows NT 6.3; WOW64) AppleWebKit/537.36 (KHTML, like Gecko) Chrome/67.0.2249.26 Safari/537.36"
45.130.131.209 - - [04/Oct/2020:01:50:56 +0200] "POST /user/login HTTP/1.1" 200 16364 "-" "Mozilla/5.0 (Windows NT 6.3; WOW64) AppleWebKit/537.36 (KHTML, like Gecko) Chrome/67.0.2249.26 Safari/537.36"
45.130.131.209 - - [04/Oct/2020:01:50:57 +0200] "POST /user/login HTTP/1.1" 200 16439 "-" "Mozilla/5.0 (Windows NT 6.3; WOW64) AppleWebKit/537.36 (KHTML, like Gecko) Chrome/67.0.2249.26 Safari/537.36"
45.130.131.209 - - [04/Oct/2020:01:50:57 +0200] "POST /user/login HTTP/1.1" 200 16250 "-" "Mozilla/5.0 (Windows NT 6.3; WOW64) AppleWebKit/537.36 (KHTML, like Gecko) Chrome/67.0.2249.26 Safari/537.36"
45.130.131.209 - - [04/Oct/2020:01:50:58 +0200] "POST /user/login HTTP/1.1" 200 16439 "-" "Mozilla/5.0 (Windows NT 6.3; WOW64) AppleWebKit/537.36 (KHTML, like Gecko) Chrome/67.0.2249.26 Safari/537.36"
185.240.95.159 - - [04/Oct/2020:01:50:59 +0200] "GET /user/password HTTP/1.1" 200 15868 "-" "Opera/9.80 (Windows NT 10.0; Win64; x64); U) Presto/2.10.181 Version/12.00"
45.130.131.209 - - [04/Oct/2020:01:51:00 +0200] "POST /user/password HTTP/1.1" 200 15998 "-" "Mozilla/5.0 (Windows NT 6.3; WOW64) AppleWebKit/537.36 (KHTML, like Gecko) Chrome/67.0.2249.26 Safari/537.36"
45.130.131.209 - - [04/Oct/2020:01:51:00 +0200] "POST /user/password HTTP/1.1" 200 16001 "-" "Mozilla/5.0 (Windows NT 6.3; WOW64) AppleWebKit/537.36 (KHTML, like Gecko) Chrome/67.0.2249.26 Safari/537.36"
45.130.131.209 - - [04/Oct/2020:01:51:00 +0200] "POST /user/password HTTP/1.1" 200 15998 "-" "Mozilla/5.0 (Windows NT 6.3; WOW64) AppleWebKit/537.36 (KHTML, like Gecko) Chrome/67.0.2249.26 Safari/537.36"
45.130.131.209 - - [04/Oct/2020:01:51:01 +0200] "POST /user/password HTTP/1.1" 200 15998 "-" "Mozilla/5.0 (Windows NT 6.3; WOW64) AppleWebKit/537.36 (KHTML, like Gecko) Chrome/67.0.2249.26 Safari/537.36"
45.130.131.209 - - [04/Oct/2020:01:51:02 +0200] "POST /user/password HTTP/1.1" 200 15868 "-" "Mozilla/5.0 (Windows NT 6.3; WOW64) AppleWebKit/537.36 (KHTML, like Gecko) Chrome/67.0.2249.26 Safari/537.36"
45.130.131.209 - - [04/Oct/2020:01:51:02 +0200] "POST /user/password HTTP/1.1" 200 16001 "-" "Mozilla/5.0 (Windows NT 6.3; WOW64) AppleWebKit/537.36 (KHTML, like Gecko) Chrome/67.0.2249.26 Safari/537.36"
45.130.131.209 - - [04/Oct/2020:01:51:03 +0200] "POST /user/password HTTP/1.1" 200 15998 "-" "Mozilla/5.0 (Windows NT 6.3; WOW64) AppleWebKit/537.36 (KHTML, like Gecko) Chrome/67.0.2249.26 Safari/537.36"
45.130.131.209 - - [04/Oct/2020:01:51:03 +0200] "POST /user/password HTTP/1.1" 200 15998 "-" "Mozilla/5.0 (Windows NT 6.3; WOW64) AppleWebKit/537.36 (KHTML, like Gecko) Chrome/67.0.2249.26 Safari/537.36"
45.130.131.209 - - [04/Oct/2020:01:51:04 +0200] "POST /user/password HTTP/1.1" 200 15868 "-" "Mozilla/5.0 (Windows NT 6.3; WOW64) AppleWebKit/537.36 (KHTML, like Gecko) Chrome/67.0.2249.26 Safari/537.36"
45.130.131.209 - - [04/Oct/2020:01:51:04 +0200] "POST /user/password HTTP/1.1" 200 15996 "-" "Mozilla/5.0 (Windows NT 6.3; WOW64) AppleWebKit/537.36 (KHTML, like Gecko) Chrome/67.0.2249.26 Safari/537.36"
45.130.131.209 - - [04/Oct/2020:01:51:04 +0200] "POST /user/password HTTP/1.1" 200 15998 "-" "Mozilla/5.0 (Windows NT 6.3; WOW64) AppleWebKit/537.36 (KHTML, like Gecko) Chrome/67.0.2249.26 Safari/537.36"
45.130.131.209 - - [04/Oct/2020:01:51:05 +0200] "POST /user/password HTTP/1.1" 200 15998 "-" "Mozilla/5.0 (Windows NT 6.3; WOW64) AppleWebKit/537.36 (KHTML, like Gecko) Chrome/67.0.2249.26 Safari/537.36"
45.130.131.209 - - [04/Oct/2020:01:51:05 +0200] "POST /user/password HTTP/1.1" 200 15868 "-" "Mozilla/5.0 (Windows NT 6.3; WOW64) AppleWebKit/537.36 (KHTML, like Gecko) Chrome/67.0.2249.26 Safari/537.36"
45.130.131.209 - - [04/Oct/2020:01:51:06 +0200] "POST /user/password HTTP/1.1" 200 16003 "-" "Mozilla/5.0 (Windows NT 6.3; WOW64) AppleWebKit/537.36 (KHTML, like Gecko) Chrome/67.0.2249.26 Safari/537.36"
45.130.131.209 - - [04/Oct/2020:01:51:06 +0200] "POST /user/password HTTP/1.1" 200 15998 "-" "Mozilla/5.0 (Windows NT 6.3; WOW64) AppleWebKit/537.36 (KHTML, like Gecko) Chrome/67.0.2249.26 Safari/537.36"
45.130.131.209 - - [04/Oct/2020:01:51:07 +0200] "POST /user/password HTTP/1.1" 200 15998 "-" "Mozilla/5.0 (Windows NT 6.3; WOW64) AppleWebKit/537.36 (KHTML, like Gecko) Chrome/67.0.2249.26 Safari/537.36"
45.130.131.209 - - [04/Oct/2020:01:51:07 +0200] "POST /user/password HTTP/1.1" 200 15868 "-" "Mozilla/5.0 (Windows NT 6.3; WOW64) AppleWebKit/537.36 (KHTML, like Gecko) Chrome/67.0.2249.26 Safari/537.36"
45.130.131.209 - - [04/Oct/2020:01:51:08 +0200] "POST /user/password HTTP/1.1" 200 16003 "-" "Mozilla/5.0 (Windows NT 6.3; WOW64) AppleWebKit/537.36 (KHTML, like Gecko) Chrome/67.0.2249.26 Safari/537.36"
45.130.131.209 - - [04/Oct/2020:01:51:08 +0200] "POST /user/password HTTP/1.1" 200 15998 "-" "Mozilla/5.0 (Windows NT 6.3; WOW64) AppleWebKit/537.36 (KHTML, like Gecko) Chrome/67.0.2249.26 Safari/537.36"
45.130.131.209 - - [04/Oct/2020:01:51:09 +0200] "POST /user/password HTTP/1.1" 200 15998 "-" "Mozilla/5.0 (Windows NT 6.3; WOW64) AppleWebKit/537.36 (KHTML, like Gecko) Chrome/67.0.2249.26 Safari/537.36"
45.130.131.209 - - [04/Oct/2020:01:51:09 +0200] "POST /user/password HTTP/1.1" 200 15868 "-" "Mozilla/5.0 (Windows NT 6.3; WOW64) AppleWebKit/537.36 (KHTML, like Gecko) Chrome/67.0.2249.26 Safari/537.36"
45.130.131.209 - - [04/Oct/2020:01:51:10 +0200] "POST /user/password HTTP/1.1" 200 16002 "-" "Mozilla/5.0 (Windows NT 6.3; WOW64) AppleWebKit/537.36 (KHTML, like Gecko) Chrome/67.0.2249.26 Safari/537.36"
45.130.131.209 - - [04/Oct/2020:01:51:10 +0200] "POST /user/password HTTP/1.1" 200 15998 "-" "Mozilla/5.0 (Windows NT 6.3; WOW64) AppleWebKit/537.36 (KHTML, like Gecko) Chrome/67.0.2249.26 Safari/537.36"
