217.197.176.176 - - [04/Oct/2020:21:56:14 +0200] "GET /themes/aboutpeople/img/menulinks_corner.png HTTP/1.1" 200 215 "http://www.gyurufu.hu/themes/aboutpeople/style.css?g" "Mozilla/5.0 (Windows NT 10.0; Win64; x64; rv:81.0) Gecko/20100101 Firefox/81.0"
217.197.176.176 - - [04/Oct/2020:21:56:14 +0200] "GET /themes/aboutpeople/img/menulinks.png HTTP/1.1" 200 1465 "http://www.gyurufu.hu/themes/aboutpeople/style.css?g" "Mozilla/5.0 (Windows NT 10.0; Win64; x64; rv:81.0) Gecko/20100101 Firefox/81.0"
217.197.176.176 - - [04/Oct/2020:21:56:14 +0200] "GET /themes/aboutpeople/img/menuline.png HTTP/1.1" 200 395 "http://www.gyurufu.hu/themes/aboutpeople/style.css?g" "Mozilla/5.0 (Windows NT 10.0; Win64; x64; rv:81.0) Gecko/20100101 Firefox/81.0"
217.197.176.176 - - [04/Oct/2020:21:56:14 +0200] "GET /themes/aboutpeople/img/down_arrow.png HTTP/1.1" 200 149 "http://www.gyurufu.hu/themes/aboutpeople/style.css?g" "Mozilla/5.0 (Windows NT 10.0; Win64; x64; rv:81.0) Gecko/20100101 Firefox/81.0"
217.197.176.176 - - [04/Oct/2020:21:56:14 +0200] "GET /themes/aboutpeople/img/banners/rotate.php HTTP/1.1" 200 38338 "http://www.gyurufu.hu/themes/aboutpeople/style.css?g" "Mozilla/5.0 (Windows NT 10.0; Win64; x64; rv:81.0) Gecko/20100101 Firefox/81.0"
217.197.176.176 - - [04/Oct/2020:21:56:14 +0200] "GET /themes/aboutpeople/img/slinks.gif HTTP/1.1" 200 487 "http://www.gyurufu.hu/themes/aboutpeople/style.css?g" "Mozilla/5.0 (Windows NT 10.0; Win64; x64; rv:81.0) Gecko/20100101 Firefox/81.0"
217.197.176.176 - - [04/Oct/2020:21:56:14 +0200] "GET /themes/aboutpeople/img/slinksover.gif HTTP/1.1" 200 478 "http://www.gyurufu.hu/themes/aboutpeople/style.css?g" "Mozilla/5.0 (Windows NT 10.0; Win64; x64; rv:81.0) Gecko/20100101 Firefox/81.0"
217.197.176.176 - - [04/Oct/2020:21:56:14 +0200] "GET /themes/aboutpeople/img/bgblock.gif HTTP/1.1" 200 1287 "http://www.gyurufu.hu/themes/aboutpeople/style.css?g" "Mozilla/5.0 (Windows NT 10.0; Win64; x64; rv:81.0) Gecko/20100101 Firefox/81.0"
217.197.176.176 - - [04/Oct/2020:21:56:14 +0200] "GET /modules/nice_menus/arrow-right.png HTTP/1.1" 200 258 "http://www.gyurufu.hu/modules/nice_menus/nice_menus_default.css?g" "Mozilla/5.0 (Windows NT 10.0; Win64; x64; rv:81.0) Gecko/20100101 Firefox/81.0"
217.197.176.176 - - [04/Oct/2020:21:56:14 +0200] "GET /themes/aboutpeople/img/login.gif HTTP/1.1" 200 1018 "http://www.gyurufu.hu/themes/aboutpeople/style.css?g" "Mozilla/5.0 (Windows NT 10.0; Win64; x64; rv:81.0) Gecko/20100101 Firefox/81.0"
114.119.152.70 - - [04/Oct/2020:21:57:05 +0200] "GET /content/alap%C3%ADtv%C3%A1ny-egyes%C3%BClet HTTP/1.1" 200 18654 "-" "Mozilla/5.0 (Linux; Android 7.0;) AppleWebKit/537.36 (KHTML, like Gecko) Mobile Safari/537.36 (compatible; PetalBot;+https://aspiegel.com/petalbot)"
54.36.148.39 - - [04/Oct/2020:21:58:18 +0200] "GET /robots.txt HTTP/1.1" 200 1627 "-" "Mozilla/5.0 (compatible; AhrefsBot/6.1; +http://ahrefs.com/robot/)"
217.197.176.176 - - [04/Oct/2020:21:59:32 +0200] "GET /content/bioterm%C3%A9kek HTTP/1.1" 200 16713 "http://www.gyurufu.hu/content/kapcsolatok" "Mozilla/5.0 (Windows NT 10.0; Win64; x64; rv:81.0) Gecko/20100101 Firefox/81.0"
217.197.176.176 - - [04/Oct/2020:21:59:32 +0200] "GET /favicon.ico HTTP/1.1" 404 57 "http://www.gyurufu.hu/content/bioterm%C3%A9kek" "Mozilla/5.0 (Windows NT 10.0; Win64; x64; rv:81.0) Gecko/20100101 Firefox/81.0"
82.150.53.57 - - [04/Oct/2020:21:59:45 +0200] "GET / HTTP/1.1" 200 19615 "https://www.google.hu/" "Mozilla/5.0 (Windows NT 6.3; Win64; x64; rv:81.0) Gecko/20100101 Firefox/81.0"
82.150.53.57 - - [04/Oct/2020:21:59:45 +0200] "GET /themes/aboutpeople/style.css?g HTTP/1.1" 200 32283 "http://www.gyurufu.hu/" "Mozilla/5.0 (Windows NT 6.3; Win64; x64; rv:81.0) Gecko/20100101 Firefox/81.0"
82.150.53.57 - - [04/Oct/2020:21:59:45 +0200] "GET /modules/nice_menus/nice_menus.css?g HTTP/1.1" 200 3607 "http://www.gyurufu.hu/" "Mozilla/5.0 (Windows NT 6.3; Win64; x64; rv:81.0) Gecko/20100101 Firefox/81.0"
82.150.53.57 - - [04/Oct/2020:21:59:45 +0200] "GET /modules/nice_menus/nice_menus_default.css?g HTTP/1.1" 200 4978 "http://www.gyurufu.hu/" "Mozilla/5.0 (Windows NT 6.3; Win64; x64; rv:81.0) Gecko/20100101 Firefox/81.0"
82.150.53.57 - - [04/Oct/2020:21:59:45 +0200] "GET /modules/node/node.css?g HTTP/1.1" 200 740 "http://www.gyurufu.hu/" "Mozilla/5.0 (Windows NT 6.3; Win64; x64; rv:81.0) Gecko/20100101 Firefox/81.0"
82.150.53.57 - - [04/Oct/2020:21:59:45 +0200] "GET /modules/system/defaults.css?g HTTP/1.1" 200 757 "http://www.gyurufu.hu/" "Mozilla/5.0 (Windows NT 6.3; Win64; x64; rv:81.0) Gecko/20100101 Firefox/81.0"
82.150.53.57 - - [04/Oct/2020:21:59:45 +0200] "GET /modules/photos/photos.css?g HTTP/1.1" 200 5645 "http://www.gyurufu.hu/" "Mozilla/5.0 (Windows NT 6.3; Win64; x64; rv:81.0) Gecko/20100101 Firefox/81.0"
82.150.53.57 - - [04/Oct/2020:21:59:45 +0200] "GET /modules/system/system.css?g HTTP/1.1" 200 10020 "http://www.gyurufu.hu/" "Mozilla/5.0 (Windows NT 6.3; Win64; x64; rv:81.0) Gecko/20100101 Firefox/81.0"
82.150.53.57 - - [04/Oct/2020:21:59:45 +0200] "GET /modules/system/system-menus.css?g HTTP/1.1" 200 935 "http://www.gyurufu.hu/" "Mozilla/5.0 (Windows NT 6.3; Win64; x64; rv:81.0) Gecko/20100101 Firefox/81.0"
82.150.53.57 - - [04/Oct/2020:21:59:45 +0200] "GET /modules/user/user.css?g HTTP/1.1" 200 1127 "http://www.gyurufu.hu/" "Mozilla/5.0 (Windows NT 6.3; Win64; x64; rv:81.0) Gecko/20100101 Firefox/81.0"
82.150.53.57 - - [04/Oct/2020:21:59:45 +0200] "GET /misc/jquery.js?g HTTP/1.1" 200 31089 "http://www.gyurufu.hu/" "Mozilla/5.0 (Windows NT 6.3; Win64; x64; rv:81.0) Gecko/20100101 Firefox/81.0"
82.150.53.57 - - [04/Oct/2020:21:59:45 +0200] "GET /misc/drupal.js?g HTTP/1.1" 200 9745 "http://www.gyurufu.hu/" "Mozilla/5.0 (Windows NT 6.3; Win64; x64; rv:81.0) Gecko/20100101 Firefox/81.0"
82.150.53.57 - - [04/Oct/2020:21:59:45 +0200] "GET /sites/default/files/languages/hu_8582a244f490b74610256ab428690e24.js?g HTTP/1.1" 200 1838 "http://www.gyurufu.hu/" "Mozilla/5.0 (Windows NT 6.3; Win64; x64; rv:81.0) Gecko/20100101 Firefox/81.0"
82.150.53.57 - - [04/Oct/2020:21:59:45 +0200] "GET /modules/google_analytics/googleanalytics.js?g HTTP/1.1" 200 2268 "http://www.gyurufu.hu/" "Mozilla/5.0 (Windows NT 6.3; Win64; x64; rv:81.0) Gecko/20100101 Firefox/81.0"
82.150.53.57 - - [04/Oct/2020:21:59:45 +0200] "GET /modules/photos/photos.js?g HTTP/1.1" 200 2409 "http://www.gyurufu.hu/" "Mozilla/5.0 (Windows NT 6.3; Win64; x64; rv:81.0) Gecko/20100101 Firefox/81.0"
82.150.53.57 - - [04/Oct/2020:21:59:47 +0200] "GET /themes/aboutpeople/img/sticky.gif HTTP/1.1" 200 560 "http://www.gyurufu.hu/" "Mozilla/5.0 (Windows NT 6.3; Win64; x64; rv:81.0) Gecko/20100101 Firefox/81.0"
82.150.53.57 - - [04/Oct/2020:21:59:47 +0200] "GET /misc/powered-blue-80x15.png HTTP/1.1" 200 1011 "http://www.gyurufu.hu/" "Mozilla/5.0 (Windows NT 6.3; Win64; x64; rv:81.0) Gecko/20100101 Firefox/81.0"
82.150.53.57 - - [04/Oct/2020:21:59:47 +0200] "GET /themes/aboutpeople/img/bg.gif HTTP/1.1" 200 4764 "http://www.gyurufu.hu/themes/aboutpeople/style.css?g" "Mozilla/5.0 (Windows NT 6.3; Win64; x64; rv:81.0) Gecko/20100101 Firefox/81.0"
82.150.53.57 - - [04/Oct/2020:21:59:47 +0200] "GET /favicon.ico HTTP/1.1" 404 57 "http://www.gyurufu.hu/" "Mozilla/5.0 (Windows NT 6.3; Win64; x64; rv:81.0) Gecko/20100101 Firefox/81.0"
82.150.53.57 - - [04/Oct/2020:21:59:47 +0200] "GET /themes/aboutpeople/img/login_line.png HTTP/1.1" 200 510 "http://www.gyurufu.hu/themes/aboutpeople/style.css?g" "Mozilla/5.0 (Windows NT 6.3; Win64; x64; rv:81.0) Gecko/20100101 Firefox/81.0"
82.150.53.57 - - [04/Oct/2020:21:59:47 +0200] "GET /themes/aboutpeople/img/use11r.gif HTTP/1.1" 200 1001 "http://www.gyurufu.hu/themes/aboutpeople/style.css?g" "Mozilla/5.0 (Windows NT 6.3; Win64; x64; rv:81.0) Gecko/20100101 Firefox/81.0"
82.150.53.57 - - [04/Oct/2020:21:59:47 +0200] "GET /themes/aboutpeople/img/menulinks.png HTTP/1.1" 200 1465 "http://www.gyurufu.hu/themes/aboutpeople/style.css?g" "Mozilla/5.0 (Windows NT 6.3; Win64; x64; rv:81.0) Gecko/20100101 Firefox/81.0"
82.150.53.57 - - [04/Oct/2020:21:59:47 +0200] "GET /themes/aboutpeople/img/menulinks_corner.png HTTP/1.1" 200 215 "http://www.gyurufu.hu/themes/aboutpeople/style.css?g" "Mozilla/5.0 (Windows NT 6.3; Win64; x64; rv:81.0) Gecko/20100101 Firefox/81.0"
82.150.53.57 - - [04/Oct/2020:21:59:47 +0200] "GET /themes/aboutpeople/img/menuline.png HTTP/1.1" 200 395 "http://www.gyurufu.hu/themes/aboutpeople/style.css?g" "Mozilla/5.0 (Windows NT 6.3; Win64; x64; rv:81.0) Gecko/20100101 Firefox/81.0"
82.150.53.57 - - [04/Oct/2020:21:59:47 +0200] "GET /themes/aboutpeople/img/down_arrow_hover.png HTTP/1.1" 200 115 "http://www.gyurufu.hu/themes/aboutpeople/style.css?g" "Mozilla/5.0 (Windows NT 6.3; Win64; x64; rv:81.0) Gecko/20100101 Firefox/81.0"
82.150.53.57 - - [04/Oct/2020:21:59:47 +0200] "GET /themes/aboutpeople/img/down_arrow.png HTTP/1.1" 200 149 "http://www.gyurufu.hu/themes/aboutpeople/style.css?g" "Mozilla/5.0 (Windows NT 6.3; Win64; x64; rv:81.0) Gecko/20100101 Firefox/81.0"
82.150.53.57 - - [04/Oct/2020:21:59:47 +0200] "GET /themes/aboutpeople/img/slinks.gif HTTP/1.1" 200 487 "http://www.gyurufu.hu/themes/aboutpeople/style.css?g" "Mozilla/5.0 (Windows NT 6.3; Win64; x64; rv:81.0) Gecko/20100101 Firefox/81.0"
82.150.53.57 - - [04/Oct/2020:21:59:47 +0200] "GET /themes/aboutpeople/img/slinksover.gif HTTP/1.1" 200 478 "http://www.gyurufu.hu/themes/aboutpeople/style.css?g" "Mozilla/5.0 (Windows NT 6.3; Win64; x64; rv:81.0) Gecko/20100101 Firefox/81.0"
82.150.53.57 - - [04/Oct/2020:21:59:48 +0200] "GET /modules/nice_menus/arrow-right.png HTTP/1.1" 200 258 "http://www.gyurufu.hu/modules/nice_menus/nice_menus_default.css?g" "Mozilla/5.0 (Windows NT 6.3; Win64; x64; rv:81.0) Gecko/20100101 Firefox/81.0"
82.150.53.57 - - [04/Oct/2020:21:59:48 +0200] "GET /themes/aboutpeople/img/bgblock.gif HTTP/1.1" 200 1287 "http://www.gyurufu.hu/themes/aboutpeople/style.css?g" "Mozilla/5.0 (Windows NT 6.3; Win64; x64; rv:81.0) Gecko/20100101 Firefox/81.0"
82.150.53.57 - - [04/Oct/2020:21:59:48 +0200] "GET /themes/aboutpeople/img/readmore.gif HTTP/1.1" 200 366 "http://www.gyurufu.hu/themes/aboutpeople/style.css?g" "Mozilla/5.0 (Windows NT 6.3; Win64; x64; rv:81.0) Gecko/20100101 Firefox/81.0"
82.150.53.57 - - [04/Oct/2020:21:59:48 +0200] "GET /themes/aboutpeople/img/login.gif HTTP/1.1" 200 1018 "http://www.gyurufu.hu/themes/aboutpeople/style.css?g" "Mozilla/5.0 (Windows NT 6.3; Win64; x64; rv:81.0) Gecko/20100101 Firefox/81.0"
82.150.53.57 - - [04/Oct/2020:21:59:48 +0200] "GET /themes/aboutpeople/img/banners/rotate.php HTTP/1.1" 200 38338 "http://www.gyurufu.hu/themes/aboutpeople/style.css?g" "Mozilla/5.0 (Windows NT 6.3; Win64; x64; rv:81.0) Gecko/20100101 Firefox/81.0"
82.150.53.57 - - [04/Oct/2020:22:00:09 +0200] "GET /content/szent-l%C3%A1szl%C3%B3-tan%C3%B6sv%C3%A9ny HTTP/1.1" 200 20370 "http://www.gyurufu.hu/" "Mozilla/5.0 (Windows NT 6.3; Win64; x64; rv:81.0) Gecko/20100101 Firefox/81.0"
82.150.53.57 - - [04/Oct/2020:22:00:09 +0200] "GET /favicon.ico HTTP/1.1" 404 57 "http://www.gyurufu.hu/content/szent-l%C3%A1szl%C3%B3-tan%C3%B6sv%C3%A9ny" "Mozilla/5.0 (Windows NT 6.3; Win64; x64; rv:81.0) Gecko/20100101 Firefox/81.0"
176.63.25.201 - - [04/Oct/2020:22:02:50 +0200] "GET /content/erd%C5%91gazd%C3%A1lkod%C3%A1s HTTP/1.1" 200 18885 "http://www.gyurufu.hu/content/mez%C5%91gazdas%C3%A1g" "Mozilla/5.0 (Windows NT 6.3; Win64; x64; rv:81.0) Gecko/20100101 Firefox/81.0"
176.63.25.201 - - [04/Oct/2020:22:03:26 +0200] "GET /content/v%C3%ADzgazd%C3%A1lkod%C3%A1s HTTP/1.1" 200 20152 "http://www.gyurufu.hu/content/erd%C5%91gazd%C3%A1lkod%C3%A1s" "Mozilla/5.0 (Windows NT 6.3; Win64; x64; rv:81.0) Gecko/20100101 Firefox/81.0"
92.249.226.129 - - [04/Oct/2020:22:04:21 +0200] "GET / HTTP/1.1" 200 19615 "https://kereso.startlap.hu/?q=gy%C5%B1r%C5%B1f%C5%B1&sise=a&search=google&inpage=1&sticky=0&nhash=startlap_0b2a2b8a1260c1cf8401334bbd31b065_TWpBeU1ESXdNRFF4TURBM01ETTRNelk1TnpZeU56UXlOak00TmpBNE16TXhNVGcyTXpZMk9UWTRNVFEwTkRReU9EUTBNREkw" "Mozilla/5.0 (Windows NT 6.3; Win64; x64; rv:81.0) Gecko/20100101 Firefox/81.0"
92.249.226.129 - - [04/Oct/2020:22:04:21 +0200] "GET /modules/nice_menus/nice_menus.css?g HTTP/1.1" 200 3607 "http://www.gyurufu.hu/" "Mozilla/5.0 (Windows NT 6.3; Win64; x64; rv:81.0) Gecko/20100101 Firefox/81.0"
92.249.226.129 - - [04/Oct/2020:22:04:21 +0200] "GET /modules/nice_menus/nice_menus_default.css?g HTTP/1.1" 200 4978 "http://www.gyurufu.hu/" "Mozilla/5.0 (Windows NT 6.3; Win64; x64; rv:81.0) Gecko/20100101 Firefox/81.0"
92.249.226.129 - - [04/Oct/2020:22:04:21 +0200] "GET /modules/node/node.css?g HTTP/1.1" 200 740 "http://www.gyurufu.hu/" "Mozilla/5.0 (Windows NT 6.3; Win64; x64; rv:81.0) Gecko/20100101 Firefox/81.0"
92.249.226.129 - - [04/Oct/2020:22:04:21 +0200] "GET /modules/photos/photos.css?g HTTP/1.1" 200 5645 "http://www.gyurufu.hu/" "Mozilla/5.0 (Windows NT 6.3; Win64; x64; rv:81.0) Gecko/20100101 Firefox/81.0"
92.249.226.129 - - [04/Oct/2020:22:04:21 +0200] "GET /modules/system/system.css?g HTTP/1.1" 200 10020 "http://www.gyurufu.hu/" "Mozilla/5.0 (Windows NT 6.3; Win64; x64; rv:81.0) Gecko/20100101 Firefox/81.0"
92.249.226.129 - - [04/Oct/2020:22:04:21 +0200] "GET /modules/system/defaults.css?g HTTP/1.1" 200 757 "http://www.gyurufu.hu/" "Mozilla/5.0 (Windows NT 6.3; Win64; x64; rv:81.0) Gecko/20100101 Firefox/81.0"
92.249.226.129 - - [04/Oct/2020:22:04:21 +0200] "GET /modules/system/system-menus.css?g HTTP/1.1" 200 935 "http://www.gyurufu.hu/" "Mozilla/5.0 (Windows NT 6.3; Win64; x64; rv:81.0) Gecko/20100101 Firefox/81.0"
92.249.226.129 - - [04/Oct/2020:22:04:21 +0200] "GET /modules/user/user.css?g HTTP/1.1" 200 1127 "http://www.gyurufu.hu/" "Mozilla/5.0 (Windows NT 6.3; Win64; x64; rv:81.0) Gecko/20100101 Firefox/81.0"
92.249.226.129 - - [04/Oct/2020:22:04:21 +0200] "GET /themes/aboutpeople/style.css?g HTTP/1.1" 200 32283 "http://www.gyurufu.hu/" "Mozilla/5.0 (Windows NT 6.3; Win64; x64; rv:81.0) Gecko/20100101 Firefox/81.0"
92.249.226.129 - - [04/Oct/2020:22:04:21 +0200] "GET /misc/jquery.js?g HTTP/1.1" 200 31089 "http://www.gyurufu.hu/" "Mozilla/5.0 (Windows NT 6.3; Win64; x64; rv:81.0) Gecko/20100101 Firefox/81.0"
92.249.226.129 - - [04/Oct/2020:22:04:21 +0200] "GET /misc/drupal.js?g HTTP/1.1" 200 9745 "http://www.gyurufu.hu/" "Mozilla/5.0 (Windows NT 6.3; Win64; x64; rv:81.0) Gecko/20100101 Firefox/81.0"
92.249.226.129 - - [04/Oct/2020:22:04:21 +0200] "GET /sites/default/files/languages/hu_8582a244f490b74610256ab428690e24.js?g HTTP/1.1" 200 1838 "http://www.gyurufu.hu/" "Mozilla/5.0 (Windows NT 6.3; Win64; x64; rv:81.0) Gecko/20100101 Firefox/81.0"
92.249.226.129 - - [04/Oct/2020:22:04:21 +0200] "GET /modules/google_analytics/googleanalytics.js?g HTTP/1.1" 200 2268 "http://www.gyurufu.hu/" "Mozilla/5.0 (Windows NT 6.3; Win64; x64; rv:81.0) Gecko/20100101 Firefox/81.0"
92.249.226.129 - - [04/Oct/2020:22:04:21 +0200] "GET /modules/photos/photos.js?g HTTP/1.1" 200 2409 "http://www.gyurufu.hu/" "Mozilla/5.0 (Windows NT 6.3; Win64; x64; rv:81.0) Gecko/20100101 Firefox/81.0"
92.249.226.129 - - [04/Oct/2020:22:04:21 +0200] "GET /misc/powered-blue-80x15.png HTTP/1.1" 200 1011 "http://www.gyurufu.hu/" "Mozilla/5.0 (Windows NT 6.3; Win64; x64; rv:81.0) Gecko/20100101 Firefox/81.0"
92.249.226.129 - - [04/Oct/2020:22:04:21 +0200] "GET /themes/aboutpeople/img/sticky.gif HTTP/1.1" 200 560 "http://www.gyurufu.hu/" "Mozilla/5.0 (Windows NT 6.3; Win64; x64; rv:81.0) Gecko/20100101 Firefox/81.0"
92.249.226.129 - - [04/Oct/2020:22:04:21 +0200] "GET /themes/aboutpeople/img/bg.gif HTTP/1.1" 200 4764 "http://www.gyurufu.hu/themes/aboutpeople/style.css?g" "Mozilla/5.0 (Windows NT 6.3; Win64; x64; rv:81.0) Gecko/20100101 Firefox/81.0"
92.249.226.129 - - [04/Oct/2020:22:04:21 +0200] "GET /themes/aboutpeople/img/login_line.png HTTP/1.1" 200 510 "http://www.gyurufu.hu/themes/aboutpeople/style.css?g" "Mozilla/5.0 (Windows NT 6.3; Win64; x64; rv:81.0) Gecko/20100101 Firefox/81.0"
92.249.226.129 - - [04/Oct/2020:22:04:21 +0200] "GET /themes/aboutpeople/img/use11r.gif HTTP/1.1" 200 1001 "http://www.gyurufu.hu/themes/aboutpeople/style.css?g" "Mozilla/5.0 (Windows NT 6.3; Win64; x64; rv:81.0) Gecko/20100101 Firefox/81.0"
92.249.226.129 - - [04/Oct/2020:22:04:21 +0200] "GET /themes/aboutpeople/img/menulinks.png HTTP/1.1" 200 1465 "http://www.gyurufu.hu/themes/aboutpeople/style.css?g" "Mozilla/5.0 (Windows NT 6.3; Win64; x64; rv:81.0) Gecko/20100101 Firefox/81.0"
92.249.226.129 - - [04/Oct/2020:22:04:21 +0200] "GET /themes/aboutpeople/img/menulinks_corner.png HTTP/1.1" 200 215 "http://www.gyurufu.hu/themes/aboutpeople/style.css?g" "Mozilla/5.0 (Windows NT 6.3; Win64; x64; rv:81.0) Gecko/20100101 Firefox/81.0"
92.249.226.129 - - [04/Oct/2020:22:04:21 +0200] "GET /themes/aboutpeople/img/menuline.png HTTP/1.1" 200 395 "http://www.gyurufu.hu/themes/aboutpeople/style.css?g" "Mozilla/5.0 (Windows NT 6.3; Win64; x64; rv:81.0) Gecko/20100101 Firefox/81.0"
92.249.226.129 - - [04/Oct/2020:22:04:21 +0200] "GET /themes/aboutpeople/img/down_arrow_hover.png HTTP/1.1" 200 115 "http://www.gyurufu.hu/themes/aboutpeople/style.css?g" "Mozilla/5.0 (Windows NT 6.3; Win64; x64; rv:81.0) Gecko/20100101 Firefox/81.0"
92.249.226.129 - - [04/Oct/2020:22:04:21 +0200] "GET /themes/aboutpeople/img/down_arrow.png HTTP/1.1" 200 149 "http://www.gyurufu.hu/themes/aboutpeople/style.css?g" "Mozilla/5.0 (Windows NT 6.3; Win64; x64; rv:81.0) Gecko/20100101 Firefox/81.0"
92.249.226.129 - - [04/Oct/2020:22:04:21 +0200] "GET /themes/aboutpeople/img/slinks.gif HTTP/1.1" 200 487 "http://www.gyurufu.hu/themes/aboutpeople/style.css?g" "Mozilla/5.0 (Windows NT 6.3; Win64; x64; rv:81.0) Gecko/20100101 Firefox/81.0"
92.249.226.129 - - [04/Oct/2020:22:04:21 +0200] "GET /themes/aboutpeople/img/bgblock.gif HTTP/1.1" 200 1287 "http://www.gyurufu.hu/themes/aboutpeople/style.css?g" "Mozilla/5.0 (Windows NT 6.3; Win64; x64; rv:81.0) Gecko/20100101 Firefox/81.0"
92.249.226.129 - - [04/Oct/2020:22:04:21 +0200] "GET /themes/aboutpeople/img/login.gif HTTP/1.1" 200 1018 "http://www.gyurufu.hu/themes/aboutpeople/style.css?g" "Mozilla/5.0 (Windows NT 6.3; Win64; x64; rv:81.0) Gecko/20100101 Firefox/81.0"
92.249.226.129 - - [04/Oct/2020:22:04:21 +0200] "GET /themes/aboutpeople/img/banners/rotate.php HTTP/1.1" 200 38338 "http://www.gyurufu.hu/themes/aboutpeople/style.css?g" "Mozilla/5.0 (Windows NT 6.3; Win64; x64; rv:81.0) Gecko/20100101 Firefox/81.0"
92.249.226.129 - - [04/Oct/2020:22:04:21 +0200] "GET /themes/aboutpeople/img/readmore.gif HTTP/1.1" 200 366 "http://www.gyurufu.hu/themes/aboutpeople/style.css?g" "Mozilla/5.0 (Windows NT 6.3; Win64; x64; rv:81.0) Gecko/20100101 Firefox/81.0"
92.249.226.129 - - [04/Oct/2020:22:04:21 +0200] "GET /themes/aboutpeople/img/slinksover.gif HTTP/1.1" 200 478 "http://www.gyurufu.hu/themes/aboutpeople/style.css?g" "Mozilla/5.0 (Windows NT 6.3; Win64; x64; rv:81.0) Gecko/20100101 Firefox/81.0"
92.249.226.129 - - [04/Oct/2020:22:04:21 +0200] "GET /modules/nice_menus/arrow-right.png HTTP/1.1" 200 258 "http://www.gyurufu.hu/modules/nice_menus/nice_menus_default.css?g" "Mozilla/5.0 (Windows NT 6.3; Win64; x64; rv:81.0) Gecko/20100101 Firefox/81.0"
92.249.226.129 - - [04/Oct/2020:22:04:21 +0200] "GET /favicon.ico HTTP/1.1" 404 57 "http://www.gyurufu.hu/" "Mozilla/5.0 (Windows NT 6.3; Win64; x64; rv:81.0) Gecko/20100101 Firefox/81.0"
92.249.226.129 - - [04/Oct/2020:22:05:08 +0200] "GET /content/%C3%B6koturizmus-gy%C5%B1r%C5%B1f%C5%B1n HTTP/1.1" 200 17319 "http://www.gyurufu.hu/" "Mozilla/5.0 (Windows NT 6.3; Win64; x64; rv:81.0) Gecko/20100101 Firefox/81.0"
176.63.25.201 - - [04/Oct/2020:22:06:23 +0200] "GET /content/hullad%C3%A9k-kezel%C3%A9s HTTP/1.1" 200 18896 "http://www.gyurufu.hu/content/v%C3%ADzgazd%C3%A1lkod%C3%A1s" "Mozilla/5.0 (Windows NT 6.3; Win64; x64; rv:81.0) Gecko/20100101 Firefox/81.0"
176.63.25.201 - - [04/Oct/2020:22:12:25 +0200] "GET /content/energia HTTP/1.1" 200 19605 "http://www.gyurufu.hu/content/hullad%C3%A9k-kezel%C3%A9s" "Mozilla/5.0 (Windows NT 6.3; Win64; x64; rv:81.0) Gecko/20100101 Firefox/81.0"
114.119.131.205 - - [04/Oct/2020:22:13:10 +0200] "GET /content/kapcsolatok HTTP/1.1" 200 18059 "-" "Mozilla/5.0 (Linux; Android 7.0;) AppleWebKit/537.36 (KHTML, like Gecko) Mobile Safari/537.36 (compatible; PetalBot;+https://aspiegel.com/petalbot)"
84.236.61.1 - - [04/Oct/2020:22:13:45 +0200] "GET /lovastanya/informacio.html HTTP/1.1" 200 4821 "https://www.google.com/" "Mozilla/5.0 (Windows NT 6.3; Win64; x64) AppleWebKit/537.36 (KHTML, like Gecko) Chrome/85.0.4183.121 Safari/537.36"
84.236.61.1 - - [04/Oct/2020:22:13:45 +0200] "GET /lovastanya/lovastanya.css HTTP/1.1" 200 8894 "http://www.gyurufu.hu/lovastanya/informacio.html" "Mozilla/5.0 (Windows NT 6.3; Win64; x64) AppleWebKit/537.36 (KHTML, like Gecko) Chrome/85.0.4183.121 Safari/537.36"
66.249.66.89 - - [04/Oct/2020:22:14:55 +0200] "GET / HTTP/1.1" 200 19615 "-" "Mozilla/5.0 (compatible; Googlebot/2.1; +http://www.google.com/bot.html)"
176.63.25.201 - - [04/Oct/2020:22:17:17 +0200] "GET /content/%C3%A9p%C3%ADt%C3%A9szet HTTP/1.1" 200 19270 "http://www.gyurufu.hu/content/energia" "Mozilla/5.0 (Windows NT 6.3; Win64; x64; rv:81.0) Gecko/20100101 Firefox/81.0"
54.36.148.247 - - [04/Oct/2020:22:24:36 +0200] "GET /content/k%C3%B6sz%C3%B6nt%C3%BCnk-gy%C5%B1r%C5%B1f%C5%B1n HTTP/1.1" 200 16685 "-" "Mozilla/5.0 (compatible; AhrefsBot/7.0; +http://ahrefs.com/robot/)"
114.119.147.246 - - [04/Oct/2020:22:54:47 +0200] "GET /content/alapelvek HTTP/1.1" 200 20160 "-" "Mozilla/5.0 (Linux; Android 7.0;) AppleWebKit/537.36 (KHTML, like Gecko) Mobile Safari/537.36 (compatible; PetalBot;+https://aspiegel.com/petalbot)"
114.119.131.205 - - [04/Oct/2020:23:02:09 +0200] "GET /content/szervezetek HTTP/1.1" 200 16506 "-" "Mozilla/5.0 (Linux; Android 7.0;) AppleWebKit/537.36 (KHTML, like Gecko) Mobile Safari/537.36 (compatible; PetalBot;+https://aspiegel.com/petalbot)"
114.119.132.58 - - [04/Oct/2020:23:17:19 +0200] "GET /biodiverzitas/terulet.html HTTP/1.1" 200 2038 "-" "Mozilla/5.0 (Linux; Android 7.0;) AppleWebKit/537.36 (KHTML, like Gecko) Mobile Safari/537.36 (compatible; PetalBot;+https://aspiegel.com/petalbot)"
157.55.39.105 - - [04/Oct/2020:23:18:39 +0200] "GET /content/gazd%C3%A1lkod%C3%A1s-j%C3%B6v%C5%91nkkel HTTP/1.1" 200 16604 "-" "Mozilla/5.0 (compatible; bingbot/2.0; +http://www.bing.com/bingbot.htm)"
185.191.171.36 - - [04/Oct/2020:23:20:22 +0200] "GET /robots.txt HTTP/1.1" 200 1627 "-" "Mozilla/5.0 (compatible; SemrushBot/6~bl; +http://www.semrush.com/bot.html)"
185.191.171.18 - - [04/Oct/2020:23:20:23 +0200] "GET /content/gy%C5%B1r%C5%B1f%C5%B1-m%C5%B1hely-kft HTTP/1.1" 200 17788 "-" "Mozilla/5.0 (compatible; SemrushBot/6~bl; +http://www.semrush.com/bot.html)"
69.171.249.24 - - [04/Oct/2020:23:23:43 +0200] "GET /lovastanya/vendeghaz.html HTTP/1.1" 206 14589 "-" "facebookexternalhit/1.1 (+http://www.facebook.com/externalhit_uatext.php)"
69.171.249.2 - - [04/Oct/2020:23:23:43 +0200] "GET /lovastanya/vendeghaz.html HTTP/1.1" 206 14589 "-" "facebookexternalhit/1.1 (+http://www.facebook.com/externalhit_uatext.php)"
185.191.171.1 - - [04/Oct/2020:23:40:19 +0200] "GET /content/t%C3%A1rsadalmi-tev%C3%A9kenys%C3%A9g-nemzetk%C3%B6zi-kapcsolatok?destination=node%2F14 HTTP/1.1" 200 19473 "-" "Mozilla/5.0 (compatible; SemrushBot/6~bl; +http://www.semrush.com/bot.html)"
54.36.148.219 - - [04/Oct/2020:23:45:32 +0200] "GET /content/%C3%B6koturizmus-gy%C5%B1r%C5%B1f%C5%B1n HTTP/1.1" 200 17319 "-" "Mozilla/5.0 (compatible; AhrefsBot/7.0; +http://ahrefs.com/robot/)"
46.119.95.56 - - [05/Oct/2020:00:17:33 +0200] "GET / HTTP/1.1" 200 19615 "http://nw-servis.ru/" "Mozilla/4.0 (compatible; MSIE 7.0; Windows NT 5.1; SV1; .NET CLR 2.0.50727)"
46.119.95.56 - - [05/Oct/2020:00:17:34 +0200] "GET / HTTP/1.1" 200 19615 "http://nw-servis.ru/" "Mozilla/4.0 (compatible; MSIE 7.0; Windows NT 5.1; SV1; .NET CLR 2.0.50727)"
46.119.95.56 - - [05/Oct/2020:00:17:35 +0200] "GET / HTTP/1.1" 200 19615 "http://nw-servis.ru/" "Mozilla/4.0 (compatible; MSIE 7.0; Windows NT 5.1; SV1; .NET CLR 2.0.50727)"
114.119.131.14 - - [05/Oct/2020:00:45:11 +0200] "GET /content/gy%C5%B1r%C5%B1f%C5%B1i-tal%C3%A1lkoz%C3%A1sok HTTP/1.1" 200 21494 "-" "Mozilla/5.0 (Linux; Android 7.0;) AppleWebKit/537.36 (KHTML, like Gecko) Mobile Safari/537.36 (compatible; PetalBot;+https://aspiegel.com/petalbot)"
185.191.171.35 - - [05/Oct/2020:00:49:16 +0200] "GET /robots.txt HTTP/1.1" 200 1627 "-" "Mozilla/5.0 (compatible; SemrushBot/6~bl; +http://www.semrush.com/bot.html)"
185.191.171.7 - - [05/Oct/2020:00:49:17 +0200] "GET /content/szent-l%C3%A1szl%C3%B3-tan%C3%B6sv%C3%A9ny?destination=node%2F43 HTTP/1.1" 200 20370 "-" "Mozilla/5.0 (compatible; SemrushBot/6~bl; +http://www.semrush.com/bot.html)"
114.119.128.50 - - [05/Oct/2020:00:55:03 +0200] "GET /content/friss-h%C3%ADrek-gy%C5%B1r%C5%B1f%C5%B1r%C5%91l HTTP/1.1" 200 17259 "-" "Mozilla/5.0 (Linux; Android 7.0;) AppleWebKit/537.36 (KHTML, like Gecko) Mobile Safari/537.36 (compatible; PetalBot;+https://aspiegel.com/petalbot)"
54.36.148.148 - - [05/Oct/2020:01:12:13 +0200] "GET /content/t%C3%A1rsadalmi-tev%C3%A9kenys%C3%A9g-nemzetk%C3%B6zi-kapcsolatok HTTP/1.1" 200 19473 "-" "Mozilla/5.0 (compatible; AhrefsBot/7.0; +http://ahrefs.com/robot/)"
114.119.133.85 - - [05/Oct/2020:01:19:44 +0200] "GET /user HTTP/1.1" 200 16244 "-" "Mozilla/5.0 (Linux; Android 7.0;) AppleWebKit/537.36 (KHTML, like Gecko) Mobile Safari/537.36 (compatible; PetalBot;+https://aspiegel.com/petalbot)"
168.151.197.76 - - [05/Oct/2020:01:23:59 +0200] "GET / HTTP/1.1" 200 19611 "-" "Mozilla/5.0 (Macintosh; Intel Mac OS X 10_12_5) AppleWebKit/537.36 (KHTML, like Gecko) Chrome/58.0.3029.110 Safari/537.36"
114.119.131.14 - - [05/Oct/2020:01:48:02 +0200] "GET /content/hullad%C3%A9k-kezel%C3%A9s HTTP/1.1" 200 18896 "-" "Mozilla/5.0 (Linux; Android 7.0;) AppleWebKit/537.36 (KHTML, like Gecko) Mobile Safari/537.36 (compatible; PetalBot;+https://aspiegel.com/petalbot)"
54.36.148.219 - - [05/Oct/2020:01:54:04 +0200] "GET /content/veronika-erdei-iskola-gy%C5%B1r%C5%B1f%C5%B1n HTTP/1.1" 200 24603 "-" "Mozilla/5.0 (compatible; AhrefsBot/7.0; +http://ahrefs.com/robot/)"
114.119.128.50 - - [05/Oct/2020:01:54:37 +0200] "GET /content/hullad%C3%A9k-kezel%C3%A9s HTTP/1.1" 200 18896 "-" "Mozilla/5.0 (Linux; Android 7.0;) AppleWebKit/537.36 (KHTML, like Gecko) Mobile Safari/537.36 (compatible; PetalBot;+https://aspiegel.com/petalbot)"
91.241.19.182 - - [05/Oct/2020:02:05:23 +0200] "GET / HTTP/1.1" 200 19615 "-" "Opera/9.80 (Windows NT 6.1; U; ru) Presto/2.9.168 Version/11.50"
185.191.171.7 - - [05/Oct/2020:02:09:41 +0200] "GET /robots.txt HTTP/1.1" 200 1627 "-" "Mozilla/5.0 (compatible; SemrushBot/6~bl; +http://www.semrush.com/bot.html)"
185.191.171.12 - - [05/Oct/2020:02:09:42 +0200] "GET /content/bemutatkoz%C3%A1s HTTP/1.1" 200 16918 "-" "Mozilla/5.0 (compatible; SemrushBot/6~bl; +http://www.semrush.com/bot.html)"
185.191.171.2 - - [05/Oct/2020:02:18:45 +0200] "GET /content/permakult%C3%BAra-tanfolyamok?destination=node%2F51 HTTP/1.1" 200 19113 "-" "Mozilla/5.0 (compatible; SemrushBot/6~bl; +http://www.semrush.com/bot.html)"
66.249.66.88 - - [05/Oct/2020:02:24:35 +0200] "GET /lovastanya/megkozelites.html HTTP/1.1" 200 5908 "-" "Mozilla/5.0 (Linux; Android 6.0.1; Nexus 5X Build/MMB29P) AppleWebKit/537.36 (KHTML, like Gecko) Chrome/85.0.4183.138 Mobile Safari/537.36 (compatible; Googlebot/2.1; +http://www.google.com/bot.html)"
114.119.131.35 - - [05/Oct/2020:02:25:56 +0200] "GET /erdeiiskola/programok.html HTTP/1.1" 200 12642 "-" "Mozilla/5.0 (Linux; Android 7.0;) AppleWebKit/537.36 (KHTML, like Gecko) Mobile Safari/537.36 (compatible; PetalBot;+https://aspiegel.com/petalbot)"
54.36.148.48 - - [05/Oct/2020:02:37:13 +0200] "GET /content/term%C3%A9kek-szolg%C3%A1ltat%C3%A1sok HTTP/1.1" 200 17753 "-" "Mozilla/5.0 (compatible; AhrefsBot/7.0; +http://ahrefs.com/robot/)"
114.119.133.85 - - [05/Oct/2020:02:42:31 +0200] "GET /lovastanya/megkozelites.html HTTP/1.1" 200 5908 "-" "Mozilla/5.0 (Linux; Android 7.0;) AppleWebKit/537.36 (KHTML, like Gecko) Mobile Safari/537.36 (compatible; PetalBot;+https://aspiegel.com/petalbot)"
114.119.128.50 - - [05/Oct/2020:02:49:00 +0200] "GET /content/k%C3%B6sz%C3%B6nt%C3%BCnk-gy%C5%B1r%C5%B1f%C5%B1n HTTP/1.1" 200 16685 "-" "Mozilla/5.0 (Linux; Android 7.0;) AppleWebKit/537.36 (KHTML, like Gecko) Mobile Safari/537.36 (compatible; PetalBot;+https://aspiegel.com/petalbot)"
54.36.148.128 - - [05/Oct/2020:02:58:28 +0200] "GET /biodiverzitas HTTP/1.1" 301 323 "-" "Mozilla/5.0 (compatible; AhrefsBot/7.0; +http://ahrefs.com/robot/)"
114.119.131.205 - - [05/Oct/2020:03:05:45 +0200] "GET /biodiverzitas/taxonok.html HTTP/1.1" 200 4172 "-" "Mozilla/5.0 (Linux; Android 7.0;) AppleWebKit/537.36 (KHTML, like Gecko) Mobile Safari/537.36 (compatible; PetalBot;+https://aspiegel.com/petalbot)"
66.249.66.87 - - [05/Oct/2020:03:09:40 +0200] "GET /lovastanya/images/telek/telek.jpg HTTP/1.1" 304 - "-" "Googlebot-Image/1.0"
54.162.102.36 - - [05/Oct/2020:03:10:12 +0200] "GET /robots.txt HTTP/1.1" 200 1627 "-" "MixnodeCache/1.8(+https://cache.mixnode.com/)"
54.162.102.36 - - [05/Oct/2020:03:10:12 +0200] "GET /ads.txt HTTP/1.1" 404 4562 "-" "MixnodeCache/1.8(+https://cache.mixnode.com/)"
114.119.147.246 - - [05/Oct/2020:03:13:22 +0200] "GET /content/veronika-erdei-iskola-gy%C5%B1r%C5%B1f%C5%B1n HTTP/1.1" 200 24603 "-" "Mozilla/5.0 (Linux; Android 7.0;) AppleWebKit/537.36 (KHTML, like Gecko) Mobile Safari/537.36 (compatible; PetalBot;+https://aspiegel.com/petalbot)"
207.46.13.146 - - [05/Oct/2020:03:14:34 +0200] "GET /lovastanya/images/vendeghaz/09foldszint.png HTTP/1.1" 200 16271 "-" "Mozilla/5.0 (compatible; bingbot/2.0; +http://www.bing.com/bingbot.htm)"
54.36.148.219 - - [05/Oct/2020:03:19:32 +0200] "GET /content/%C3%B6koturizmus-gy%C5%B1r%C5%B1f%C5%B1n HTTP/1.1" 200 17319 "-" "Mozilla/5.0 (compatible; AhrefsBot/7.0; +http://ahrefs.com/robot/)"
159.69.45.202 - - [05/Oct/2020:03:22:17 +0200] "GET /robots.txt HTTP/1.1" 200 1627 "-" "Mozilla/5.0 (compatible; um-IC/1.0; mailto: techinfo@ubermetrics-technologies.com; Windows NT 6.1; WOW64; rv:40.0) Gecko/20100101 Firefox/40.1"
159.69.45.202 - - [05/Oct/2020:03:22:18 +0200] "GET /rss.xml HTTP/1.1" 200 3891 "-" "Mozilla/5.0 (compatible; um-IC/1.0; mailto: techinfo@ubermetrics-technologies.com; Windows NT 6.1; WOW64; rv:40.0) Gecko/20100101 Firefox/40.1"
17.58.101.246 - - [05/Oct/2020:03:34:51 +0200] "GET /robots.txt HTTP/1.1" 200 1627 "-" "Mozilla/5.0 (Macintosh; Intel Mac OS X 10_15_5) AppleWebKit/605.1.15 (KHTML, like Gecko) Version/13.1.1 Safari/605.1.15 (Applebot/0.1; +http://www.apple.com/go/applebot)"
17.58.98.110 - - [05/Oct/2020:03:34:51 +0200] "GET /content HTTP/1.1" 301 309 "-" "Mozilla/5.0 (Macintosh; Intel Mac OS X 10_15_5) AppleWebKit/605.1.15 (KHTML, like Gecko) Version/13.1.1 Safari/605.1.15 (Applebot/0.1; +http://www.apple.com/go/applebot)"
17.58.98.110 - - [05/Oct/2020:03:34:53 +0200] "GET /content/ HTTP/1.1" 403 1172 "-" "Mozilla/5.0 (Macintosh; Intel Mac OS X 10_15_5) AppleWebKit/605.1.15 (KHTML, like Gecko) Version/13.1.1 Safari/605.1.15 (Applebot/0.1; +http://www.apple.com/go/applebot)"
114.119.132.58 - - [05/Oct/2020:03:37:43 +0200] "GET /gyurufunet HTTP/1.1" 404 4562 "-" "Mozilla/5.0 (Linux; Android 7.0;) AppleWebKit/537.36 (KHTML, like Gecko) Mobile Safari/537.36 (compatible; PetalBot;+https://aspiegel.com/petalbot)"
54.36.149.94 - - [05/Oct/2020:03:40:33 +0200] "GET /biodiverzitas/ HTTP/1.1" 403 1172 "-" "Mozilla/5.0 (compatible; AhrefsBot/7.0; +http://ahrefs.com/robot/)"
54.36.148.156 - - [05/Oct/2020:03:51:05 +0200] "GET /content/megk%C3%B6zel%C3%ADt%C3%A9s HTTP/1.1" 200 21815 "-" "Mozilla/5.0 (compatible; AhrefsBot/7.0; +http://ahrefs.com/robot/)"
145.236.121.192 - - [05/Oct/2020:03:54:30 +0200] "GET /lovastanya/ HTTP/1.1" 200 1461 "-" "Mozilla/5.0 (iPhone; CPU iPhone OS 12_4_8 like Mac OS X) AppleWebKit/605.1.15 (KHTML, like Gecko) Version/12.1.2 Mobile/15E148 Safari/604.1"
145.236.121.192 - - [05/Oct/2020:03:54:30 +0200] "GET /apple-touch-icon-120x120-precomposed.png HTTP/1.1" 404 4562 "-" "MobileSafari/604.1 CFNetwork/978.0.7 Darwin/18.7.0"
145.236.121.192 - - [05/Oct/2020:03:54:31 +0200] "GET /apple-touch-icon-120x120.png HTTP/1.1" 404 4562 "-" "MobileSafari/604.1 CFNetwork/978.0.7 Darwin/18.7.0"
145.236.121.192 - - [05/Oct/2020:03:54:31 +0200] "GET /apple-touch-icon-precomposed.png HTTP/1.1" 404 4562 "-" "MobileSafari/604.1 CFNetwork/978.0.7 Darwin/18.7.0"
145.236.121.192 - - [05/Oct/2020:03:54:32 +0200] "GET /apple-touch-icon.png HTTP/1.1" 404 4562 "-" "MobileSafari/604.1 CFNetwork/978.0.7 Darwin/18.7.0"
145.236.121.192 - - [05/Oct/2020:03:54:32 +0200] "GET /favicon.ico HTTP/1.1" 404 57 "-" "MobileSafari/604.1 CFNetwork/978.0.7 Darwin/18.7.0"
145.236.121.192 - - [05/Oct/2020:03:54:32 +0200] "GET /apple-touch-icon-120x120-precomposed.png HTTP/1.1" 404 4562 "-" "MobileSafari/604.1 CFNetwork/978.0.7 Darwin/18.7.0"
145.236.121.192 - - [05/Oct/2020:03:54:32 +0200] "GET /apple-touch-icon-120x120.png HTTP/1.1" 404 4562 "-" "MobileSafari/604.1 CFNetwork/978.0.7 Darwin/18.7.0"
145.236.121.192 - - [05/Oct/2020:03:54:33 +0200] "GET /apple-touch-icon-precomposed.png HTTP/1.1" 404 4562 "-" "MobileSafari/604.1 CFNetwork/978.0.7 Darwin/18.7.0"
145.236.121.192 - - [05/Oct/2020:03:54:33 +0200] "GET /apple-touch-icon.png HTTP/1.1" 404 4562 "-" "MobileSafari/604.1 CFNetwork/978.0.7 Darwin/18.7.0"
145.236.121.192 - - [05/Oct/2020:03:54:33 +0200] "GET /favicon.ico HTTP/1.1" 404 57 "-" "MobileSafari/604.1 CFNetwork/978.0.7 Darwin/18.7.0"
185.191.171.39 - - [05/Oct/2020:03:56:13 +0200] "GET /robots.txt HTTP/1.1" 200 1627 "-" "Mozilla/5.0 (compatible; SemrushBot/6~bl; +http://www.semrush.com/bot.html)"
185.191.171.20 - - [05/Oct/2020:03:56:14 +0200] "GET /content/r%C3%A9gi-h%C3%ADrek-%C3%A9s-%C3%ADrott-dokumentumok-gy%C5%B1r%C5%B1f%C5%B1r%C5%91l HTTP/1.1" 200 22027 "-" "Mozilla/5.0 (compatible; SemrushBot/6~bl; +http://www.semrush.com/bot.html)"
114.119.132.58 - - [05/Oct/2020:04:04:44 +0200] "GET /content/megk%C3%B6zel%C3%ADt%C3%A9s HTTP/1.1" 200 21815 "-" "Mozilla/5.0 (Linux; Android 7.0;) AppleWebKit/537.36 (KHTML, like Gecko) Mobile Safari/537.36 (compatible; PetalBot;+https://aspiegel.com/petalbot)"
54.36.149.5 - - [05/Oct/2020:04:11:24 +0200] "GET /content/friss-h%C3%ADrek-gy%C5%B1r%C5%B1f%C5%B1r%C5%91l HTTP/1.1" 200 17259 "-" "Mozilla/5.0 (compatible; AhrefsBot/7.0; +http://ahrefs.com/robot/)"
5.9.154.69 - - [05/Oct/2020:04:17:06 +0200] "GET /robots.txt HTTP/1.1" 200 1627 "-" "Mozilla/5.0 (compatible; MJ12bot/v1.4.8; http://mj12bot.com/)"
5.9.154.69 - - [05/Oct/2020:04:17:18 +0200] "GET /content/bemutatkoz%C3%A1s HTTP/1.1" 200 16918 "-" "Mozilla/5.0 (compatible; MJ12bot/v1.4.8; http://mj12bot.com/)"
114.119.133.85 - - [05/Oct/2020:04:22:08 +0200] "GET /content/lovastanya-vend%C3%A9gh%C3%A1z HTTP/1.1" 200 23213 "-" "Mozilla/5.0 (Linux; Android 7.0;) AppleWebKit/537.36 (KHTML, like Gecko) Mobile Safari/537.36 (compatible; PetalBot;+https://aspiegel.com/petalbot)"
54.36.148.219 - - [05/Oct/2020:04:26:32 +0200] "GET /content/lovastanya-vend%C3%A9gh%C3%A1z-falusi-sz%C3%A1ll%C3%A1shely-baranya-sz%C3%A1ll%C3%A1s-baranya-apartman-baranya-%C3%B6koturizmus HTTP/1.1" 200 18777 "-" "Mozilla/5.0 (compatible; AhrefsBot/7.0; +http://ahrefs.com/robot/)"
157.55.39.105 - - [05/Oct/2020:04:31:21 +0200] "GET /content/gazd%C3%A1lkod%C3%A1s-j%C3%B6v%C5%91nkkel HTTP/1.1" 200 16604 "-" "Mozilla/5.0 (compatible; bingbot/2.0; +http://www.bing.com/bingbot.htm)"
114.119.133.85 - - [05/Oct/2020:04:32:21 +0200] "GET / HTTP/1.1" 200 19615 "-" "Mozilla/5.0 (Linux; Android 7.0;) AppleWebKit/537.36 (KHTML, like Gecko) Mobile Safari/537.36 (compatible; PetalBot;+https://aspiegel.com/petalbot)"
37.115.187.172 - - [05/Oct/2020:04:34:56 +0200] "GET / HTTP/1.1" 200 19615 "https://sexotuber.xyz/" "Mozilla/4.0 (compatible; MSIE 6.0; Windows NT 5.1; TheFreeDictionary.com; .NET CLR 1.1.4322; .NET CLR 1.0.3705; .NET CLR 2.0.50727)"
37.115.187.172 - - [05/Oct/2020:04:34:57 +0200] "GET / HTTP/1.1" 200 19615 "https://sexotuber.xyz/" "Mozilla/4.0 (compatible; MSIE 6.0; Windows NT 5.1; TheFreeDictionary.com; .NET CLR 1.1.4322; .NET CLR 1.0.3705; .NET CLR 2.0.50727)"
37.115.187.172 - - [05/Oct/2020:04:34:58 +0200] "GET / HTTP/1.1" 200 19615 "https://sexotuber.xyz/" "Mozilla/4.0 (compatible; MSIE 6.0; Windows NT 5.1; TheFreeDictionary.com; .NET CLR 1.1.4322; .NET CLR 1.0.3705; .NET CLR 2.0.50727)"
185.191.171.5 - - [05/Oct/2020:04:38:14 +0200] "GET /robots.txt HTTP/1.1" 200 1627 "-" "Mozilla/5.0 (compatible; SemrushBot/6~bl; +http://www.semrush.com/bot.html)"
185.191.171.18 - - [05/Oct/2020:04:38:14 +0200] "GET /content/gy%C5%B1r%C5%B1f%C5%B1%C3%A9rt-nonprofit-kft HTTP/1.1" 200 20894 "-" "Mozilla/5.0 (compatible; SemrushBot/6~bl; +http://www.semrush.com/bot.html)"
114.119.152.70 - - [05/Oct/2020:04:38:47 +0200] "GET /content/lovastanya-vend%C3%A9gh%C3%A1z-falusi-sz%C3%A1ll%C3%A1shely-baranya-sz%C3%A1ll%C3%A1s-baranya-apartman-baranya-%C3%B6koturizmus?feedback_url=http%3A%2F%2Fgyurufu.hu%2Fcontent%2Flovastanya-vend%C3%A9gh%C3%A1z-falusi-sz%C3%A1ll%C3%A1shely-baranya-sz%C3%A1ll%C3%A1s-baranya-apartman-baranya-%C3%B6koturizmus&mode=reserve&lang=hu&calendar&prefill=true&resource_id HTTP/1.1" 200 18915 "-" "Mozilla/5.0 (Linux; Android 7.0;) AppleWebKit/537.36 (KHTML, like Gecko) Mobile Safari/537.36 (compatible; PetalBot;+https://aspiegel.com/petalbot)"
192.29.97.49 - - [05/Oct/2020:04:42:34 +0200] "HEAD /robots.txt HTTP/1.1" 200 0 "-" "DF Bot 1.0"
192.29.97.49 - - [05/Oct/2020:04:42:34 +0200] "GET /robots.txt HTTP/1.1" 200 1627 "-" "DF Bot 1.0"
192.29.97.49 - - [05/Oct/2020:04:42:36 +0200] "GET / HTTP/1.1" 200 19611 "-" "DF Bot 1.0"
66.249.66.87 - - [05/Oct/2020:04:44:46 +0200] "GET /lovastanya/ HTTP/1.1" 200 1461 "-" "Mozilla/5.0 (Linux; Android 6.0.1; Nexus 5X Build/MMB29P) AppleWebKit/537.36 (KHTML, like Gecko) Chrome/85.0.4183.132 Mobile Safari/537.36 (compatible; Googlebot/2.1; +http://www.google.com/bot.html)"
114.119.135.223 - - [05/Oct/2020:04:45:14 +0200] "GET /lovastanya/images/orszagterkep.jpg HTTP/1.1" 200 3986 "-" "Mozilla/5.0 (Linux; Android 7.0;) AppleWebKit/537.36 (KHTML, like Gecko) Mobile Safari/537.36 (compatible; PetalBot;+https://aspiegel.com/petalbot)"
54.36.148.122 - - [05/Oct/2020:04:45:58 +0200] "GET /content/lovastanya-vend%C3%A9gh%C3%A1z HTTP/1.1" 200 23213 "-" "Mozilla/5.0 (compatible; AhrefsBot/7.0; +http://ahrefs.com/robot/)"
66.249.66.89 - - [05/Oct/2020:04:56:08 +0200] "GET /content/v%C3%A1lyog%C3%A9p%C3%ADt%C3%A9sz-t%C3%A1borok-%C3%A9s-szaktan%C3%A1csad%C3%A1s HTTP/1.1" 200 16850 "-" "Mozilla/5.0 (Linux; Android 6.0.1; Nexus 5X Build/MMB29P) AppleWebKit/537.36 (KHTML, like Gecko) Chrome/85.0.4183.138 Mobile Safari/537.36 (compatible; Googlebot/2.1; +http://www.google.com/bot.html)"
114.119.131.14 - - [05/Oct/2020:05:01:12 +0200] "GET /content/v%C3%A1lyog%C3%A9p%C3%ADt%C3%A9sz-t%C3%A1borok-%C3%A9s-szaktan%C3%A1csad%C3%A1s HTTP/1.1" 200 16850 "-" "Mozilla/5.0 (Linux; Android 7.0;) AppleWebKit/537.36 (KHTML, like Gecko) Mobile Safari/537.36 (compatible; PetalBot;+https://aspiegel.com/petalbot)"
185.191.171.35 - - [05/Oct/2020:05:04:21 +0200] "GET /content/egyes%C3%BClet HTTP/1.1" 200 18424 "-" "Mozilla/5.0 (compatible; SemrushBot/6~bl; +http://www.semrush.com/bot.html)"
54.36.149.87 - - [05/Oct/2020:05:06:34 +0200] "GET /content/bioterm%C3%A9kek HTTP/1.1" 200 16713 "-" "Mozilla/5.0 (compatible; AhrefsBot/7.0; +http://ahrefs.com/robot/)"
114.119.147.246 - - [05/Oct/2020:05:07:39 +0200] "GET /content/t%C3%A1rsadalmi-tev%C3%A9kenys%C3%A9g-nemzetk%C3%B6zi-kapcsolatok HTTP/1.1" 200 19473 "-" "Mozilla/5.0 (Linux; Android 7.0;) AppleWebKit/537.36 (KHTML, like Gecko) Mobile Safari/537.36 (compatible; PetalBot;+https://aspiegel.com/petalbot)"
185.191.171.37 - - [05/Oct/2020:05:13:29 +0200] "GET /content/alapelvek HTTP/1.1" 200 20160 "-" "Mozilla/5.0 (compatible; SemrushBot/6~bl; +http://www.semrush.com/bot.html)"
185.191.171.26 - - [05/Oct/2020:05:14:51 +0200] "GET /robots.txt HTTP/1.1" 200 1627 "-" "Mozilla/5.0 (compatible; SemrushBot/6~bl; +http://www.semrush.com/bot.html)"
185.191.171.34 - - [05/Oct/2020:05:14:52 +0200] "GET /content/h%C3%ADrek-esem%C3%A9nyek HTTP/1.1" 200 16582 "-" "Mozilla/5.0 (compatible; SemrushBot/6~bl; +http://www.semrush.com/bot.html)"
66.249.66.89 - - [05/Oct/2020:05:18:15 +0200] "GET /favicon.ico HTTP/1.1" 404 57 "-" "Googlebot-Image/1.0"
54.36.149.0 - - [05/Oct/2020:05:26:28 +0200] "GET /content/szervezetek HTTP/1.1" 200 16506 "-" "Mozilla/5.0 (compatible; AhrefsBot/7.0; +http://ahrefs.com/robot/)"
114.119.131.35 - - [05/Oct/2020:05:28:13 +0200] "GET /content/lovastanya-vend%C3%A9gh%C3%A1z-falusi-sz%C3%A1ll%C3%A1shely-baranya-sz%C3%A1ll%C3%A1s-baranya-apartman-baranya-%C3%B6koturizmus?feedback_url=http%3A%2F%2Fgyurufu.hu%2Fcontent%2Flovastanya-vend%C3%A9gh%C3%A1z-falusi-sz%C3%A1ll%C3%A1shely-baranya-sz%C3%A1ll%C3%A1s-baranya-apartman-baranya-%C3%B6koturizmus&presentation_mode=1&lang=hu&resource_id=13476&mode=resource_desc HTTP/1.1" 200 21904 "-" "Mozilla/5.0 (Linux; Android 7.0;) AppleWebKit/537.36 (KHTML, like Gecko) Mobile Safari/537.36 (compatible; PetalBot;+https://aspiegel.com/petalbot)"
157.55.39.181 - - [05/Oct/2020:05:30:57 +0200] "GET /user/register HTTP/1.1" 403 15040 "-" "Mozilla/5.0 (compatible; bingbot/2.0; +http://www.bing.com/bingbot.htm)"
114.119.152.70 - - [05/Oct/2020:05:34:31 +0200] "GET /content/energia HTTP/1.1" 200 19605 "-" "Mozilla/5.0 (Linux; Android 7.0;) AppleWebKit/537.36 (KHTML, like Gecko) Mobile Safari/537.36 (compatible; PetalBot;+https://aspiegel.com/petalbot)"
37.194.188.26 - - [05/Oct/2020:05:43:24 +0200] "GET /?q=user/login HTTP/1.1" 200 16253 "-" "Mozilla/5.0 (Macintosh; Intel Mac OS X 10.11; rv:49.0) Gecko/20100101 Firefox/49.0"
37.194.188.26 - - [05/Oct/2020:05:43:27 +0200] "POST /?q=user/login HTTP/1.1" 200 16432 "http://gyurufu.hu/?q=user/login" "Mozilla/5.0 (Macintosh; Intel Mac OS X 10.11; rv:49.0) Gecko/20100101 Firefox/49.0"
54.36.148.219 - - [05/Oct/2020:05:47:29 +0200] "GET /content/gy%C5%B1r%C5%B1f%C5%B1-alap%C3%ADtv%C3%A1ny HTTP/1.1" 200 17171 "-" "Mozilla/5.0 (compatible; AhrefsBot/7.0; +http://ahrefs.com/robot/)"
114.119.147.246 - - [05/Oct/2020:06:07:15 +0200] "GET /content/gazd%C3%A1lkod%C3%A1s-j%C3%B6v%C5%91nkkel HTTP/1.1" 200 16604 "-" "Mozilla/5.0 (Linux; Android 7.0;) AppleWebKit/537.36 (KHTML, like Gecko) Mobile Safari/537.36 (compatible; PetalBot;+https://aspiegel.com/petalbot)"
54.36.148.175 - - [05/Oct/2020:06:08:20 +0200] "GET /content/gy%C5%B1r%C5%B1f%C5%B1-facebook HTTP/1.1" 200 16513 "-" "Mozilla/5.0 (compatible; AhrefsBot/7.0; +http://ahrefs.com/robot/)"
8.29.198.27 - - [05/Oct/2020:06:12:02 +0200] "GET /rss.xml HTTP/1.1" 200 3891 "-" "Feedly/1.0 (+http://www.feedly.com/fetcher.html; 1 subscribers; like FeedFetcher-Google)"
39.98.224.74 - - [05/Oct/2020:06:13:46 +0200] "GET /e/data/js/ajax.js HTTP/1.1" 404 4562 "-" "Mozilla/5.0 (Windows NT 10.0; WOW64; rv:48.0) Gecko/20100101 Firefox/48.0"
54.36.148.114 - - [05/Oct/2020:06:29:14 +0200] "GET /erdeiiskola/index.html HTTP/1.1" 200 942 "-" "Mozilla/5.0 (compatible; AhrefsBot/7.0; +http://ahrefs.com/robot/)"
62.77.146.27 - - [05/Oct/2020:06:32:14 +0200] "GET / HTTP/1.1" 200 19615 "http://szarvasfarm.ke.hu/latnivalok-programok-a-del-dunantuli-regioban" "Mozilla/5.0 (Windows NT 6.1; Win64; x64; rv:81.0) Gecko/20100101 Firefox/81.0"
62.77.146.27 - - [05/Oct/2020:06:32:14 +0200] "GET /modules/nice_menus/nice_menus.css?g HTTP/1.1" 200 3607 "http://www.gyurufu.hu/" "Mozilla/5.0 (Windows NT 6.1; Win64; x64; rv:81.0) Gecko/20100101 Firefox/81.0"
62.77.146.27 - - [05/Oct/2020:06:32:14 +0200] "GET /modules/nice_menus/nice_menus_default.css?g HTTP/1.1" 200 4978 "http://www.gyurufu.hu/" "Mozilla/5.0 (Windows NT 6.1; Win64; x64; rv:81.0) Gecko/20100101 Firefox/81.0"
62.77.146.27 - - [05/Oct/2020:06:32:14 +0200] "GET /modules/photos/photos.css?g HTTP/1.1" 200 5645 "http://www.gyurufu.hu/" "Mozilla/5.0 (Windows NT 6.1; Win64; x64; rv:81.0) Gecko/20100101 Firefox/81.0"
62.77.146.27 - - [05/Oct/2020:06:32:14 +0200] "GET /modules/system/defaults.css?g HTTP/1.1" 200 757 "http://www.gyurufu.hu/" "Mozilla/5.0 (Windows NT 6.1; Win64; x64; rv:81.0) Gecko/20100101 Firefox/81.0"
62.77.146.27 - - [05/Oct/2020:06:32:14 +0200] "GET /modules/system/system.css?g HTTP/1.1" 200 10020 "http://www.gyurufu.hu/" "Mozilla/5.0 (Windows NT 6.1; Win64; x64; rv:81.0) Gecko/20100101 Firefox/81.0"
62.77.146.27 - - [05/Oct/2020:06:32:14 +0200] "GET /modules/node/node.css?g HTTP/1.1" 200 740 "http://www.gyurufu.hu/" "Mozilla/5.0 (Windows NT 6.1; Win64; x64; rv:81.0) Gecko/20100101 Firefox/81.0"
62.77.146.27 - - [05/Oct/2020:06:32:14 +0200] "GET /modules/user/user.css?g HTTP/1.1" 200 1127 "http://www.gyurufu.hu/" "Mozilla/5.0 (Windows NT 6.1; Win64; x64; rv:81.0) Gecko/20100101 Firefox/81.0"
62.77.146.27 - - [05/Oct/2020:06:32:14 +0200] "GET /modules/system/system-menus.css?g HTTP/1.1" 200 935 "http://www.gyurufu.hu/" "Mozilla/5.0 (Windows NT 6.1; Win64; x64; rv:81.0) Gecko/20100101 Firefox/81.0"
62.77.146.27 - - [05/Oct/2020:06:32:14 +0200] "GET /misc/jquery.js?g HTTP/1.1" 200 31089 "http://www.gyurufu.hu/" "Mozilla/5.0 (Windows NT 6.1; Win64; x64; rv:81.0) Gecko/20100101 Firefox/81.0"
62.77.146.27 - - [05/Oct/2020:06:32:14 +0200] "GET /modules/google_analytics/googleanalytics.js?g HTTP/1.1" 200 2268 "http://www.gyurufu.hu/" "Mozilla/5.0 (Windows NT 6.1; Win64; x64; rv:81.0) Gecko/20100101 Firefox/81.0"
62.77.146.27 - - [05/Oct/2020:06:32:14 +0200] "GET /misc/drupal.js?g HTTP/1.1" 200 9745 "http://www.gyurufu.hu/" "Mozilla/5.0 (Windows NT 6.1; Win64; x64; rv:81.0) Gecko/20100101 Firefox/81.0"
62.77.146.27 - - [05/Oct/2020:06:32:14 +0200] "GET /modules/photos/photos.js?g HTTP/1.1" 200 2409 "http://www.gyurufu.hu/" "Mozilla/5.0 (Windows NT 6.1; Win64; x64; rv:81.0) Gecko/20100101 Firefox/81.0"
62.77.146.27 - - [05/Oct/2020:06:32:14 +0200] "GET /themes/aboutpeople/style.css?g HTTP/1.1" 200 32283 "http://www.gyurufu.hu/" "Mozilla/5.0 (Windows NT 6.1; Win64; x64; rv:81.0) Gecko/20100101 Firefox/81.0"
62.77.146.27 - - [05/Oct/2020:06:32:14 +0200] "GET /sites/default/files/languages/hu_8582a244f490b74610256ab428690e24.js?g HTTP/1.1" 200 1838 "http://www.gyurufu.hu/" "Mozilla/5.0 (Windows NT 6.1; Win64; x64; rv:81.0) Gecko/20100101 Firefox/81.0"
62.77.146.27 - - [05/Oct/2020:06:32:14 +0200] "GET /misc/powered-blue-80x15.png HTTP/1.1" 200 1011 "http://www.gyurufu.hu/" "Mozilla/5.0 (Windows NT 6.1; Win64; x64; rv:81.0) Gecko/20100101 Firefox/81.0"
62.77.146.27 - - [05/Oct/2020:06:32:14 +0200] "GET /themes/aboutpeople/img/sticky.gif HTTP/1.1" 200 560 "http://www.gyurufu.hu/" "Mozilla/5.0 (Windows NT 6.1; Win64; x64; rv:81.0) Gecko/20100101 Firefox/81.0"
62.77.146.27 - - [05/Oct/2020:06:32:14 +0200] "GET /themes/aboutpeople/img/bg.gif HTTP/1.1" 200 4764 "http://www.gyurufu.hu/themes/aboutpeople/style.css?g" "Mozilla/5.0 (Windows NT 6.1; Win64; x64; rv:81.0) Gecko/20100101 Firefox/81.0"
62.77.146.27 - - [05/Oct/2020:06:32:14 +0200] "GET /themes/aboutpeople/img/login_line.png HTTP/1.1" 200 510 "http://www.gyurufu.hu/themes/aboutpeople/style.css?g" "Mozilla/5.0 (Windows NT 6.1; Win64; x64; rv:81.0) Gecko/20100101 Firefox/81.0"
62.77.146.27 - - [05/Oct/2020:06:32:14 +0200] "GET /themes/aboutpeople/img/use11r.gif HTTP/1.1" 200 1001 "http://www.gyurufu.hu/themes/aboutpeople/style.css?g" "Mozilla/5.0 (Windows NT 6.1; Win64; x64; rv:81.0) Gecko/20100101 Firefox/81.0"
62.77.146.27 - - [05/Oct/2020:06:32:14 +0200] "GET /themes/aboutpeople/img/menulinks.png HTTP/1.1" 200 1465 "http://www.gyurufu.hu/themes/aboutpeople/style.css?g" "Mozilla/5.0 (Windows NT 6.1; Win64; x64; rv:81.0) Gecko/20100101 Firefox/81.0"
62.77.146.27 - - [05/Oct/2020:06:32:14 +0200] "GET /themes/aboutpeople/img/menulinks_corner.png HTTP/1.1" 200 215 "http://www.gyurufu.hu/themes/aboutpeople/style.css?g" "Mozilla/5.0 (Windows NT 6.1; Win64; x64; rv:81.0) Gecko/20100101 Firefox/81.0"
62.77.146.27 - - [05/Oct/2020:06:32:14 +0200] "GET /themes/aboutpeople/img/menuline.png HTTP/1.1" 200 395 "http://www.gyurufu.hu/themes/aboutpeople/style.css?g" "Mozilla/5.0 (Windows NT 6.1; Win64; x64; rv:81.0) Gecko/20100101 Firefox/81.0"
62.77.146.27 - - [05/Oct/2020:06:32:14 +0200] "GET /themes/aboutpeople/img/down_arrow.png HTTP/1.1" 200 149 "http://www.gyurufu.hu/themes/aboutpeople/style.css?g" "Mozilla/5.0 (Windows NT 6.1; Win64; x64; rv:81.0) Gecko/20100101 Firefox/81.0"
62.77.146.27 - - [05/Oct/2020:06:32:14 +0200] "GET /themes/aboutpeople/img/down_arrow_hover.png HTTP/1.1" 200 115 "http://www.gyurufu.hu/themes/aboutpeople/style.css?g" "Mozilla/5.0 (Windows NT 6.1; Win64; x64; rv:81.0) Gecko/20100101 Firefox/81.0"
62.77.146.27 - - [05/Oct/2020:06:32:14 +0200] "GET /themes/aboutpeople/img/slinksover.gif HTTP/1.1" 200 478 "http://www.gyurufu.hu/themes/aboutpeople/style.css?g" "Mozilla/5.0 (Windows NT 6.1; Win64; x64; rv:81.0) Gecko/20100101 Firefox/81.0"
62.77.146.27 - - [05/Oct/2020:06:32:14 +0200] "GET /themes/aboutpeople/img/bgblock.gif HTTP/1.1" 200 1287 "http://www.gyurufu.hu/themes/aboutpeople/style.css?g" "Mozilla/5.0 (Windows NT 6.1; Win64; x64; rv:81.0) Gecko/20100101 Firefox/81.0"
62.77.146.27 - - [05/Oct/2020:06:32:14 +0200] "GET /themes/aboutpeople/img/login.gif HTTP/1.1" 200 1018 "http://www.gyurufu.hu/themes/aboutpeople/style.css?g" "Mozilla/5.0 (Windows NT 6.1; Win64; x64; rv:81.0) Gecko/20100101 Firefox/81.0"
62.77.146.27 - - [05/Oct/2020:06:32:14 +0200] "GET /themes/aboutpeople/img/slinks.gif HTTP/1.1" 200 487 "http://www.gyurufu.hu/themes/aboutpeople/style.css?g" "Mozilla/5.0 (Windows NT 6.1; Win64; x64; rv:81.0) Gecko/20100101 Firefox/81.0"
62.77.146.27 - - [05/Oct/2020:06:32:14 +0200] "GET /modules/nice_menus/arrow-right.png HTTP/1.1" 200 258 "http://www.gyurufu.hu/modules/nice_menus/nice_menus_default.css?g" "Mozilla/5.0 (Windows NT 6.1; Win64; x64; rv:81.0) Gecko/20100101 Firefox/81.0"
62.77.146.27 - - [05/Oct/2020:06:32:14 +0200] "GET /themes/aboutpeople/img/readmore.gif HTTP/1.1" 200 366 "http://www.gyurufu.hu/themes/aboutpeople/style.css?g" "Mozilla/5.0 (Windows NT 6.1; Win64; x64; rv:81.0) Gecko/20100101 Firefox/81.0"
