178.164.158.102 - - [07/May/2022:22:33:39 +0200] "GET /themes/aboutpeople/img/login.gif HTTP/1.1" 200 1018 "http://www.gyurufu.hu/themes/aboutpeople/style.css?g" "Mozilla/5.0 (Windows NT 10.0; Win64; x64; rv:100.0) Gecko/20100101 Firefox/100.0"
178.164.158.102 - - [07/May/2022:22:33:39 +0200] "GET /favicon.ico HTTP/1.1" 404 57 "http://www.gyurufu.hu/?fbclid=IwAR0bO5_Z_zfIBgOGvnVI7NQraYPjBfi-poXGvOx_D6uO7msK7x7FMXvdt0o" "Mozilla/5.0 (Windows NT 10.0; Win64; x64; rv:100.0) Gecko/20100101 Firefox/100.0"
66.249.64.61 - - [07/May/2022:22:41:29 +0200] "GET /content/gy%C5%B1r%C5%B1f%C5%B1-lak%C3%B3i HTTP/1.1" 200 17753 "-" "Mozilla/5.0 (Linux; Android 6.0.1; Nexus 5X Build/MMB29P) AppleWebKit/537.36 (KHTML, like Gecko) Chrome/101.0.4951.54 Mobile Safari/537.36 (compatible; Googlebot/2.1; +http://www.google.com/bot.html)"
154.16.192.234 - - [07/May/2022:22:49:17 +0200] "GET / HTTP/1.1" 200 19615 "-" "Mozilla/5.0 (Windows; U; Windows NT 6.1; en-US; rv:1.9.1.5) Gecko/20091102 Firefox/3.5.5 (.NET CLR 3.5.30729)"
66.249.64.45 - - [07/May/2022:22:58:22 +0200] "GET /erdeiiskola/ HTTP/1.1" 200 954 "-" "Mozilla/5.0 (Linux; Android 6.0.1; Nexus 5X Build/MMB29P) AppleWebKit/537.36 (KHTML, like Gecko) Chrome/101.0.4951.54 Mobile Safari/537.36 (compatible; Googlebot/2.1; +http://www.google.com/bot.html)"
66.249.64.49 - - [07/May/2022:22:58:25 +0200] "GET /erdeiiskola/navbar.html HTTP/1.1" 200 4922 "http://www.gyurufu.hu/erdeiiskola/" "Mozilla/5.0 (Linux; Android 6.0.1; Nexus 5X Build/MMB29P) AppleWebKit/537.36 (KHTML, like Gecko) Chrome/100.0.4896.127 Mobile Safari/537.36 (compatible; Googlebot/2.1; +http://www.google.com/bot.html)"
66.249.64.45 - - [07/May/2022:22:58:25 +0200] "GET /erdeiiskola/jobbkeret.html HTTP/1.1" 200 1663 "http://www.gyurufu.hu/erdeiiskola/" "Mozilla/5.0 (Linux; Android 6.0.1; Nexus 5X Build/MMB29P) AppleWebKit/537.36 (KHTML, like Gecko) Chrome/100.0.4896.127 Mobile Safari/537.36 (compatible; Googlebot/2.1; +http://www.google.com/bot.html)"
66.249.64.47 - - [07/May/2022:22:58:26 +0200] "GET /erdeiiskola/bemutatkozas.html HTTP/1.1" 200 5274 "http://www.gyurufu.hu/erdeiiskola/" "Mozilla/5.0 (Linux; Android 6.0.1; Nexus 5X Build/MMB29P) AppleWebKit/537.36 (KHTML, like Gecko) Chrome/100.0.4896.127 Mobile Safari/537.36 (compatible; Googlebot/2.1; +http://www.google.com/bot.html)"
216.244.66.227 - - [07/May/2022:23:01:42 +0200] "GET /robots.txt HTTP/1.1" 200 1627 "-" "Mozilla/5.0 (compatible; DotBot/1.2; +https://opensiteexplorer.org/dotbot; help@moz.com)"
35.208.96.68 - - [07/May/2022:23:05:02 +0200] "HEAD / HTTP/1.1" 200 0 "-" "scalaj-http/2.4.2"
35.208.96.68 - - [07/May/2022:23:05:03 +0200] "GET / HTTP/1.1" 200 18772 "-" "Buck/2.3.1; (+https://app.hypefactors.com/media-monitoring/about.html)"
35.208.96.68 - - [07/May/2022:23:05:03 +0200] "GET /robots.txt HTTP/1.1" 200 1627 "-" "Buck/2.3.1; (+https://app.hypefactors.com/media-monitoring/about.html)"
35.208.96.68 - - [07/May/2022:23:05:34 +0200] "GET /rss.xml HTTP/1.1" 200 3831 "-" "Buck/2.3.1; (+https://app.hypefactors.com/media-monitoring/about.html)"
216.244.66.227 - - [07/May/2022:23:05:45 +0200] "GET /content HTTP/1.1" 301 309 "-" "Mozilla/5.0 (compatible; DotBot/1.2; +https://opensiteexplorer.org/dotbot; help@moz.com)"
35.208.96.68 - - [07/May/2022:23:06:11 +0200] "GET /content HTTP/1.1" 301 309 "-" "Buck/2.3.1; (+https://app.hypefactors.com/media-monitoring/about.html)"
35.208.96.68 - - [07/May/2022:23:06:12 +0200] "GET /content/ HTTP/1.1" 403 1172 "-" "Buck/2.3.1; (+https://app.hypefactors.com/media-monitoring/about.html)"
54.36.149.26 - - [07/May/2022:23:12:22 +0200] "GET /content/gy%C5%B1r%C5%B1f%C5%B1%C3%A9rt-nonprofit-kft HTTP/1.1" 200 20894 "-" "Mozilla/5.0 (compatible; AhrefsBot/7.0; +http://ahrefs.com/robot/)"
212.237.53.115 - - [07/May/2022:23:18:40 +0200] "HEAD / HTTP/1.1" 200 0 "-" "Alert_Alligator_webmonitoring_service_1.6.4_(alertalligator.com)"
114.119.128.77 - - [07/May/2022:23:46:24 +0200] "GET /robots.txt HTTP/1.1" 200 1627 "-" "Mozilla/5.0 (compatible;PetalBot;+https://webmaster.petalsearch.com/site/petalbot)"
88.99.238.79 - - [07/May/2022:23:49:38 +0200] "GET /ads.txt HTTP/1.0" 404 4549 "-" "Mozilla/5.0 (Windows NT 10.0; Win64; x64; rv:86.0) Gecko/20100101 Firefox/86.0"
54.36.149.26 - - [07/May/2022:23:54:00 +0200] "GET / HTTP/1.1" 200 19615 "-" "Mozilla/5.0 (compatible; AhrefsBot/7.0; +http://ahrefs.com/robot/)"
207.46.13.175 - - [07/May/2022:23:56:33 +0200] "GET / HTTP/1.1" 200 19615 "-" "Mozilla/5.0 (compatible; bingbot/2.0; +http://www.bing.com/bingbot.htm)"
78.129.221.12 - - [07/May/2022:23:57:34 +0200] "HEAD / HTTP/1.1" 200 0 "-" "Mozilla/5.0 (Windows NT 10.0; Win64; x64) AppleWebKit/537.36 (KHTML, like Gecko, Foregenix) Chrome/91.0.4472.77 Safari/537.36"
78.129.221.12 - - [07/May/2022:23:57:35 +0200] "HEAD / HTTP/1.1" 200 0 "-" "Mozilla/5.0 (Windows NT 10.0; Win64; x64) AppleWebKit/537.36 (KHTML, like Gecko, Foregenix) Chrome/91.0.4472.77 Safari/537.36"
78.129.221.12 - - [07/May/2022:23:57:35 +0200] "HEAD /1651960655097682626 HTTP/1.1" 404 0 "-" "Mozilla/5.0 (Windows NT 10.0; Win64; x64) AppleWebKit/537.36 (KHTML, like Gecko, Foregenix) Chrome/91.0.4472.77 Safari/537.36"
78.129.221.12 - - [07/May/2022:23:57:35 +0200] "GET / HTTP/1.1" 200 19611 "-" "Mozilla/5.0 (Windows NT 10.0; Win64; x64) AppleWebKit/537.36 (KHTML, like Gecko, Foregenix) Chrome/91.0.4472.77 Safari/537.36"
78.129.221.12 - - [07/May/2022:23:57:35 +0200] "GET /js/varien/js.js HTTP/1.1" 404 4562 "-" "Mozilla/5.0 (Windows NT 10.0; Win64; x64) AppleWebKit/537.36 (KHTML, like Gecko, Foregenix) Chrome/91.0.4472.77 Safari/537.36"
78.129.221.12 - - [07/May/2022:23:57:35 +0200] "GET /magento_version HTTP/1.1" 404 4562 "-" "Mozilla/5.0 (Windows NT 10.0; Win64; x64) AppleWebKit/537.36 (KHTML, like Gecko, Foregenix) Chrome/91.0.4472.77 Safari/537.36"
78.129.221.12 - - [07/May/2022:23:57:35 +0200] "GET /js/mage/adminhtml/tools.js HTTP/1.1" 404 4562 "-" "Mozilla/5.0 (Windows NT 10.0; Win64; x64) AppleWebKit/537.36 (KHTML, like Gecko, Foregenix) Chrome/91.0.4472.77 Safari/537.36"
78.129.221.12 - - [07/May/2022:23:57:35 +0200] "GET /js/mage/translate_inline.js HTTP/1.1" 404 4562 "-" "Mozilla/5.0 (Windows NT 10.0; Win64; x64) AppleWebKit/537.36 (KHTML, like Gecko, Foregenix) Chrome/91.0.4472.77 Safari/537.36"
78.129.221.12 - - [07/May/2022:23:57:35 +0200] "GET / HTTP/1.1" 200 19611 "-" "Mozilla/5.0 (Windows NT 10.0; Win64; x64) AppleWebKit/537.36 (KHTML, like Gecko, Foregenix) Chrome/91.0.4472.77 Safari/537.36"
78.129.221.12 - - [07/May/2022:23:57:36 +0200] "GET /js/mage/adminhtml/sales.js HTTP/1.1" 404 4562 "-" "Mozilla/5.0 (Windows NT 10.0; Win64; x64) AppleWebKit/537.36 (KHTML, like Gecko, Foregenix) Chrome/91.0.4472.77 Safari/537.36"
78.129.221.12 - - [07/May/2022:23:57:36 +0200] "GET /modules/nice_menus/nice_menus.css?g HTTP/1.1" 200 3607 "http://gyurufu.hu/" "Mozilla/5.0 (Windows NT 10.0; Win64; x64) AppleWebKit/537.36 (KHTML, like Gecko, Foregenix) Chrome/91.0.4472.77 Safari/537.36"
78.129.221.12 - - [07/May/2022:23:57:36 +0200] "GET /modules/nice_menus/nice_menus_default.css?g HTTP/1.1" 200 4978 "http://gyurufu.hu/" "Mozilla/5.0 (Windows NT 10.0; Win64; x64) AppleWebKit/537.36 (KHTML, like Gecko, Foregenix) Chrome/91.0.4472.77 Safari/537.36"
78.129.221.12 - - [07/May/2022:23:57:36 +0200] "GET /modules/photos/photos.css?g HTTP/1.1" 200 5645 "http://gyurufu.hu/" "Mozilla/5.0 (Windows NT 10.0; Win64; x64) AppleWebKit/537.36 (KHTML, like Gecko, Foregenix) Chrome/91.0.4472.77 Safari/537.36"
78.129.221.12 - - [07/May/2022:23:57:36 +0200] "GET /modules/system/defaults.css?g HTTP/1.1" 200 757 "http://gyurufu.hu/" "Mozilla/5.0 (Windows NT 10.0; Win64; x64) AppleWebKit/537.36 (KHTML, like Gecko, Foregenix) Chrome/91.0.4472.77 Safari/537.36"
78.129.221.12 - - [07/May/2022:23:57:36 +0200] "GET /modules/system/system.css?g HTTP/1.1" 200 10020 "http://gyurufu.hu/" "Mozilla/5.0 (Windows NT 10.0; Win64; x64) AppleWebKit/537.36 (KHTML, like Gecko, Foregenix) Chrome/91.0.4472.77 Safari/537.36"
78.129.221.12 - - [07/May/2022:23:57:36 +0200] "GET /modules/node/node.css?g HTTP/1.1" 200 740 "http://gyurufu.hu/" "Mozilla/5.0 (Windows NT 10.0; Win64; x64) AppleWebKit/537.36 (KHTML, like Gecko, Foregenix) Chrome/91.0.4472.77 Safari/537.36"
78.129.221.12 - - [07/May/2022:23:57:36 +0200] "GET /modules/system/system-menus.css?g HTTP/1.1" 200 935 "http://gyurufu.hu/" "Mozilla/5.0 (Windows NT 10.0; Win64; x64) AppleWebKit/537.36 (KHTML, like Gecko, Foregenix) Chrome/91.0.4472.77 Safari/537.36"
78.129.221.12 - - [07/May/2022:23:57:36 +0200] "GET /modules/user/user.css?g HTTP/1.1" 200 1127 "http://gyurufu.hu/" "Mozilla/5.0 (Windows NT 10.0; Win64; x64) AppleWebKit/537.36 (KHTML, like Gecko, Foregenix) Chrome/91.0.4472.77 Safari/537.36"
78.129.221.12 - - [07/May/2022:23:57:36 +0200] "GET /misc/jquery.js?g HTTP/1.1" 200 31089 "http://gyurufu.hu/" "Mozilla/5.0 (Windows NT 10.0; Win64; x64) AppleWebKit/537.36 (KHTML, like Gecko, Foregenix) Chrome/91.0.4472.77 Safari/537.36"
78.129.221.12 - - [07/May/2022:23:57:36 +0200] "GET /themes/aboutpeople/style.css?g HTTP/1.1" 200 32283 "http://gyurufu.hu/" "Mozilla/5.0 (Windows NT 10.0; Win64; x64) AppleWebKit/537.36 (KHTML, like Gecko, Foregenix) Chrome/91.0.4472.77 Safari/537.36"
78.129.221.12 - - [07/May/2022:23:57:36 +0200] "GET /misc/drupal.js?g HTTP/1.1" 200 9745 "http://gyurufu.hu/" "Mozilla/5.0 (Windows NT 10.0; Win64; x64) AppleWebKit/537.36 (KHTML, like Gecko, Foregenix) Chrome/91.0.4472.77 Safari/537.36"
78.129.221.12 - - [07/May/2022:23:57:36 +0200] "GET /modules/google_analytics/googleanalytics.js?g HTTP/1.1" 200 2268 "http://gyurufu.hu/" "Mozilla/5.0 (Windows NT 10.0; Win64; x64) AppleWebKit/537.36 (KHTML, like Gecko, Foregenix) Chrome/91.0.4472.77 Safari/537.36"
78.129.221.12 - - [07/May/2022:23:57:36 +0200] "GET /modules/photos/photos.js?g HTTP/1.1" 200 2409 "http://gyurufu.hu/" "Mozilla/5.0 (Windows NT 10.0; Win64; x64) AppleWebKit/537.36 (KHTML, like Gecko, Foregenix) Chrome/91.0.4472.77 Safari/537.36"
78.129.221.12 - - [07/May/2022:23:57:36 +0200] "GET /sites/default/files/languages/hu_8582a244f490b74610256ab428690e24.js?g HTTP/1.1" 200 1838 "http://gyurufu.hu/" "Mozilla/5.0 (Windows NT 10.0; Win64; x64) AppleWebKit/537.36 (KHTML, like Gecko, Foregenix) Chrome/91.0.4472.77 Safari/537.36"
78.129.221.12 - - [07/May/2022:23:57:36 +0200] "GET /skin/adminhtml/default/default/boxes.css HTTP/1.1" 404 4562 "-" "Mozilla/5.0 (Windows NT 10.0; Win64; x64) AppleWebKit/537.36 (KHTML, like Gecko, Foregenix) Chrome/91.0.4472.77 Safari/537.36"
78.129.221.12 - - [07/May/2022:23:57:36 +0200] "GET /misc/powered-blue-80x15.png HTTP/1.1" 200 1011 "http://gyurufu.hu/" "Mozilla/5.0 (Windows NT 10.0; Win64; x64) AppleWebKit/537.36 (KHTML, like Gecko, Foregenix) Chrome/91.0.4472.77 Safari/537.36"
78.129.221.12 - - [07/May/2022:23:57:36 +0200] "GET /js/mage/adminhtml/product.js HTTP/1.1" 404 4562 "-" "Mozilla/5.0 (Windows NT 10.0; Win64; x64) AppleWebKit/537.36 (KHTML, like Gecko, Foregenix) Chrome/91.0.4472.77 Safari/537.36"
78.129.221.12 - - [07/May/2022:23:57:36 +0200] "GET /themes/aboutpeople/img/sticky.gif HTTP/1.1" 200 560 "http://gyurufu.hu/" "Mozilla/5.0 (Windows NT 10.0; Win64; x64) AppleWebKit/537.36 (KHTML, like Gecko, Foregenix) Chrome/91.0.4472.77 Safari/537.36"
78.129.221.12 - - [07/May/2022:23:57:36 +0200] "GET /themes/aboutpeople/img/use11r.gif HTTP/1.1" 200 1001 "http://gyurufu.hu/themes/aboutpeople/style.css?g" "Mozilla/5.0 (Windows NT 10.0; Win64; x64) AppleWebKit/537.36 (KHTML, like Gecko, Foregenix) Chrome/91.0.4472.77 Safari/537.36"
78.129.221.12 - - [07/May/2022:23:57:36 +0200] "GET /themes/aboutpeople/img/bg.gif HTTP/1.1" 200 4764 "http://gyurufu.hu/themes/aboutpeople/style.css?g" "Mozilla/5.0 (Windows NT 10.0; Win64; x64) AppleWebKit/537.36 (KHTML, like Gecko, Foregenix) Chrome/91.0.4472.77 Safari/537.36"
78.129.221.12 - - [07/May/2022:23:57:36 +0200] "GET /themes/aboutpeople/img/login_line.png HTTP/1.1" 200 510 "http://gyurufu.hu/themes/aboutpeople/style.css?g" "Mozilla/5.0 (Windows NT 10.0; Win64; x64) AppleWebKit/537.36 (KHTML, like Gecko, Foregenix) Chrome/91.0.4472.77 Safari/537.36"
78.129.221.12 - - [07/May/2022:23:57:36 +0200] "GET /themes/aboutpeople/img/menulinks.png HTTP/1.1" 200 1465 "http://gyurufu.hu/themes/aboutpeople/style.css?g" "Mozilla/5.0 (Windows NT 10.0; Win64; x64) AppleWebKit/537.36 (KHTML, like Gecko, Foregenix) Chrome/91.0.4472.77 Safari/537.36"
78.129.221.12 - - [07/May/2022:23:57:36 +0200] "GET /themes/aboutpeople/img/menulinks_corner.png HTTP/1.1" 200 215 "http://gyurufu.hu/themes/aboutpeople/style.css?g" "Mozilla/5.0 (Windows NT 10.0; Win64; x64) AppleWebKit/537.36 (KHTML, like Gecko, Foregenix) Chrome/91.0.4472.77 Safari/537.36"
78.129.221.12 - - [07/May/2022:23:57:36 +0200] "GET /themes/aboutpeople/img/menuline.png HTTP/1.1" 200 395 "http://gyurufu.hu/themes/aboutpeople/style.css?g" "Mozilla/5.0 (Windows NT 10.0; Win64; x64) AppleWebKit/537.36 (KHTML, like Gecko, Foregenix) Chrome/91.0.4472.77 Safari/537.36"
78.129.221.12 - - [07/May/2022:23:57:36 +0200] "GET /themes/aboutpeople/img/down_arrow_hover.png HTTP/1.1" 200 115 "http://gyurufu.hu/themes/aboutpeople/style.css?g" "Mozilla/5.0 (Windows NT 10.0; Win64; x64) AppleWebKit/537.36 (KHTML, like Gecko, Foregenix) Chrome/91.0.4472.77 Safari/537.36"
78.129.221.12 - - [07/May/2022:23:57:36 +0200] "GET /themes/aboutpeople/img/down_arrow.png HTTP/1.1" 200 149 "http://gyurufu.hu/themes/aboutpeople/style.css?g" "Mozilla/5.0 (Windows NT 10.0; Win64; x64) AppleWebKit/537.36 (KHTML, like Gecko, Foregenix) Chrome/91.0.4472.77 Safari/537.36"
78.129.221.12 - - [07/May/2022:23:57:36 +0200] "GET /themes/aboutpeople/img/slinks.gif HTTP/1.1" 200 487 "http://gyurufu.hu/themes/aboutpeople/style.css?g" "Mozilla/5.0 (Windows NT 10.0; Win64; x64) AppleWebKit/537.36 (KHTML, like Gecko, Foregenix) Chrome/91.0.4472.77 Safari/537.36"
78.129.221.12 - - [07/May/2022:23:57:36 +0200] "GET /themes/aboutpeople/img/slinksover.gif HTTP/1.1" 200 478 "http://gyurufu.hu/themes/aboutpeople/style.css?g" "Mozilla/5.0 (Windows NT 10.0; Win64; x64) AppleWebKit/537.36 (KHTML, like Gecko, Foregenix) Chrome/91.0.4472.77 Safari/537.36"
78.129.221.12 - - [07/May/2022:23:57:36 +0200] "GET /themes/aboutpeople/img/bgblock.gif HTTP/1.1" 200 1287 "http://gyurufu.hu/themes/aboutpeople/style.css?g" "Mozilla/5.0 (Windows NT 10.0; Win64; x64) AppleWebKit/537.36 (KHTML, like Gecko, Foregenix) Chrome/91.0.4472.77 Safari/537.36"
78.129.221.12 - - [07/May/2022:23:57:36 +0200] "GET /themes/aboutpeople/img/login.gif HTTP/1.1" 200 1018 "http://gyurufu.hu/themes/aboutpeople/style.css?g" "Mozilla/5.0 (Windows NT 10.0; Win64; x64) AppleWebKit/537.36 (KHTML, like Gecko, Foregenix) Chrome/91.0.4472.77 Safari/537.36"
78.129.221.12 - - [07/May/2022:23:57:36 +0200] "GET /modules/nice_menus/arrow-right.png HTTP/1.1" 200 258 "http://gyurufu.hu/modules/nice_menus/nice_menus_default.css?g" "Mozilla/5.0 (Windows NT 10.0; Win64; x64) AppleWebKit/537.36 (KHTML, like Gecko, Foregenix) Chrome/91.0.4472.77 Safari/537.36"
78.129.221.12 - - [07/May/2022:23:57:36 +0200] "GET /themes/aboutpeople/img/readmore.gif HTTP/1.1" 200 366 "http://gyurufu.hu/themes/aboutpeople/style.css?g" "Mozilla/5.0 (Windows NT 10.0; Win64; x64) AppleWebKit/537.36 (KHTML, like Gecko, Foregenix) Chrome/91.0.4472.77 Safari/537.36"
78.129.221.12 - - [07/May/2022:23:57:36 +0200] "GET /js/lib/flex.js HTTP/1.1" 404 4562 "-" "Mozilla/5.0 (Windows NT 10.0; Win64; x64) AppleWebKit/537.36 (KHTML, like Gecko, Foregenix) Chrome/91.0.4472.77 Safari/537.36"
78.129.221.12 - - [07/May/2022:23:57:36 +0200] "GET /js/prototype/validation.js HTTP/1.1" 404 4562 "-" "Mozilla/5.0 (Windows NT 10.0; Win64; x64) AppleWebKit/537.36 (KHTML, like Gecko, Foregenix) Chrome/91.0.4472.77 Safari/537.36"
78.129.221.12 - - [07/May/2022:23:57:36 +0200] "GET /themes/aboutpeople/img/banners/rotate.php HTTP/1.1" 200 38338 "http://gyurufu.hu/themes/aboutpeople/style.css?g" "Mozilla/5.0 (Windows NT 10.0; Win64; x64) AppleWebKit/537.36 (KHTML, like Gecko, Foregenix) Chrome/91.0.4472.77 Safari/537.36"
78.129.221.12 - - [07/May/2022:23:57:36 +0200] "GET /RELEASE_NOTES.txt HTTP/1.1" 404 4562 "-" "Mozilla/5.0 (Windows NT 10.0; Win64; x64) AppleWebKit/537.36 (KHTML, like Gecko, Foregenix) Chrome/91.0.4472.77 Safari/537.36"
78.129.221.12 - - [07/May/2022:23:57:36 +0200] "GET /js/mage/cookies.js HTTP/1.1" 404 4562 "-" "Mozilla/5.0 (Windows NT 10.0; Win64; x64) AppleWebKit/537.36 (KHTML, like Gecko, Foregenix) Chrome/91.0.4472.77 Safari/537.36"
78.129.221.12 - - [07/May/2022:23:57:36 +0200] "GET /js/js.js HTTP/1.1" 404 4562 "-" "Mozilla/5.0 (Windows NT 10.0; Win64; x64) AppleWebKit/537.36 (KHTML, like Gecko, Foregenix) Chrome/91.0.4472.77 Safari/537.36"
78.129.221.12 - - [07/May/2022:23:57:36 +0200] "GET /wp-includes/wlwmanifest.xml HTTP/1.1" 404 4562 "-" "Mozilla/5.0 (Windows NT 10.0; Win64; x64) AppleWebKit/537.36 (KHTML, like Gecko, Foregenix) Chrome/91.0.4472.77 Safari/537.36"
78.129.221.12 - - [07/May/2022:23:57:37 +0200] "GET /wp-admin HTTP/1.1" 404 4562 "-" "Mozilla/5.0 (Windows NT 10.0; Win64; x64) AppleWebKit/537.36 (KHTML, like Gecko, Foregenix) Chrome/91.0.4472.77 Safari/537.36"
78.129.221.12 - - [07/May/2022:23:57:37 +0200] "GET /feed/ HTTP/1.1" 404 4562 "-" "Mozilla/5.0 (Windows NT 10.0; Win64; x64) AppleWebKit/537.36 (KHTML, like Gecko, Foregenix) Chrome/91.0.4472.77 Safari/537.36"
78.129.221.12 - - [07/May/2022:23:57:37 +0200] "GET /images/wlw/wp-icon.png HTTP/1.1" 404 4562 "-" "Mozilla/5.0 (Windows NT 10.0; Win64; x64) AppleWebKit/537.36 (KHTML, like Gecko, Foregenix) Chrome/91.0.4472.77 Safari/537.36"
78.129.221.12 - - [07/May/2022:23:57:37 +0200] "GET /static/admin/css/base.css HTTP/1.1" 404 4562 "-" "Mozilla/5.0 (Windows NT 10.0; Win64; x64) AppleWebKit/537.36 (KHTML, like Gecko, Foregenix) Chrome/91.0.4472.77 Safari/537.36"
78.129.221.12 - - [07/May/2022:23:57:37 +0200] "GET /INSTALL.txt HTTP/1.1" 200 15646 "-" "Mozilla/5.0 (Windows NT 10.0; Win64; x64) AppleWebKit/537.36 (KHTML, like Gecko, Foregenix) Chrome/91.0.4472.77 Safari/537.36"
78.129.221.12 - - [07/May/2022:23:57:37 +0200] "GET /a/j/volusion.js HTTP/1.1" 404 4562 "-" "Mozilla/5.0 (Windows NT 10.0; Win64; x64) AppleWebKit/537.36 (KHTML, like Gecko, Foregenix) Chrome/91.0.4472.77 Safari/537.36"
78.129.221.12 - - [07/May/2022:23:57:37 +0200] "GET /CHANGELOG.txt HTTP/1.1" 200 38574 "-" "Mozilla/5.0 (Windows NT 10.0; Win64; x64) AppleWebKit/537.36 (KHTML, like Gecko, Foregenix) Chrome/91.0.4472.77 Safari/537.36"
78.129.221.12 - - [07/May/2022:23:57:37 +0200] "GET /rest/session/token HTTP/1.1" 404 4562 "-" "Mozilla/5.0 (Windows NT 10.0; Win64; x64) AppleWebKit/537.36 (KHTML, like Gecko, Foregenix) Chrome/91.0.4472.77 Safari/537.36"
49.12.13.109 - - [08/May/2022:00:18:21 +0200] "HEAD / HTTP/1.1" 200 0 "-" "Alert_Alligator_webmonitoring_service_1.6.3_(alertalligator.com)"
54.36.149.26 - - [08/May/2022:00:24:23 +0200] "GET /content/r%C3%A9gi-h%C3%ADrek-%C3%A9s-%C3%ADrott-dokumentumok-gy%C5%B1r%C5%B1f%C5%B1r%C5%91l HTTP/1.1" 200 22027 "-" "Mozilla/5.0 (compatible; AhrefsBot/7.0; +http://ahrefs.com/robot/)"
66.249.64.45 - - [08/May/2022:00:28:27 +0200] "GET /erdeiiskola/ HTTP/1.1" 200 954 "-" "Mozilla/5.0 (Linux; Android 6.0.1; Nexus 5X Build/MMB29P) AppleWebKit/537.36 (KHTML, like Gecko) Chrome/99.0.4844.84 Mobile Safari/537.36 (compatible; Googlebot/2.1; +http://www.google.com/bot.html)"
66.249.64.47 - - [08/May/2022:00:28:31 +0200] "GET /erdeiiskola/ HTTP/1.1" 200 954 "-" "Mozilla/5.0 (compatible; Googlebot/2.1; +http://www.google.com/bot.html)"
66.249.64.45 - - [08/May/2022:00:28:33 +0200] "GET /erdeiiskola/fejlec.html HTTP/1.1" 200 658 "http://www.gyurufu.hu/erdeiiskola/" "Mozilla/5.0 (Linux; Android 6.0.1; Nexus 5X Build/MMB29P) AppleWebKit/537.36 (KHTML, like Gecko) Chrome/100.0.4896.127 Mobile Safari/537.36 (compatible; Googlebot/2.1; +http://www.google.com/bot.html)"
5.56.37.120 - - [08/May/2022:00:29:41 +0200] "HEAD /lovastanya HTTP/1.1" 301 0 "https://szepkartya.biz" "Mozilla/5.0 (compatible; MSIE 9.0; Windows NT 6.1; WOW64; Trident/5.0)"
66.102.8.172 - - [08/May/2022:00:48:30 +0200] "GET /lovastanya/images/lovak/index.htm HTTP/1.1" 200 406 "-" "Mozilla/5.0 (Windows NT 10.0; Win64; x64) AppleWebKit/537.36 (KHTML, like Gecko) Chrome/100.0.4896.127 Safari/537.36"
66.102.8.172 - - [08/May/2022:00:48:30 +0200] "GET /lovastanya/images/lovak/Data/thumbs.htm HTTP/1.1" 200 657 "http://www.gyurufu.hu/lovastanya/images/lovak/index.htm" "Mozilla/5.0 (Windows NT 10.0; Win64; x64) AppleWebKit/537.36 (KHTML, like Gecko) Chrome/100.0.4896.127 Safari/537.36"
66.102.8.172 - - [08/May/2022:00:48:30 +0200] "GET /lovastanya/images/lovak/Data/page.htm HTTP/1.1" 200 668 "http://www.gyurufu.hu/lovastanya/images/lovak/index.htm" "Mozilla/5.0 (Windows NT 10.0; Win64; x64) AppleWebKit/537.36 (KHTML, like Gecko) Chrome/100.0.4896.127 Safari/537.36"
66.102.8.176 - - [08/May/2022:00:48:31 +0200] "GET /lovastanya/images/lovak/Data/thumbs.css HTTP/1.1" 200 463 "http://www.gyurufu.hu/lovastanya/images/lovak/Data/thumbs.htm" "Mozilla/5.0 (Windows NT 10.0; Win64; x64) AppleWebKit/537.36 (KHTML, like Gecko) Chrome/100.0.4896.127 Safari/537.36"
66.102.8.174 - - [08/May/2022:00:48:31 +0200] "GET /lovastanya/images/lovak/Data/data.js HTTP/1.1" 200 3079 "http://www.gyurufu.hu/lovastanya/images/lovak/Data/thumbs.htm" "Mozilla/5.0 (Windows NT 10.0; Win64; x64) AppleWebKit/537.36 (KHTML, like Gecko) Chrome/100.0.4896.127 Safari/537.36"
66.102.8.174 - - [08/May/2022:00:48:31 +0200] "GET /lovastanya/images/lovak/Data/page.css HTTP/1.1" 200 325 "http://www.gyurufu.hu/lovastanya/images/lovak/Data/page.htm" "Mozilla/5.0 (Windows NT 10.0; Win64; x64) AppleWebKit/537.36 (KHTML, like Gecko) Chrome/100.0.4896.127 Safari/537.36"
66.102.8.172 - - [08/May/2022:00:48:31 +0200] "GET /lovastanya/images/lovak/Data/theme.js HTTP/1.1" 200 1835 "http://www.gyurufu.hu/lovastanya/images/lovak/Data/thumbs.htm" "Mozilla/5.0 (Windows NT 10.0; Win64; x64) AppleWebKit/537.36 (KHTML, like Gecko) Chrome/100.0.4896.127 Safari/537.36"
66.102.8.174 - - [08/May/2022:00:48:31 +0200] "GET /lovastanya/images/lovak/Data/common.js HTTP/1.1" 200 11306 "http://www.gyurufu.hu/lovastanya/images/lovak/Data/thumbs.htm" "Mozilla/5.0 (Windows NT 10.0; Win64; x64) AppleWebKit/537.36 (KHTML, like Gecko) Chrome/100.0.4896.127 Safari/537.36"
66.102.8.172 - - [08/May/2022:00:48:31 +0200] "GET /lovastanya/images/lovak/Data/home-button.gif HTTP/1.1" 200 992 "http://www.gyurufu.hu/lovastanya/images/lovak/Data/thumbs.htm" "Mozilla/5.0 (Windows NT 10.0; Win64; x64) AppleWebKit/537.36 (KHTML, like Gecko) Chrome/100.0.4896.127 Safari/537.36"
66.102.8.174 - - [08/May/2022:00:48:31 +0200] "GET /lovastanya/images/lovak/tn_03boroka.gif HTTP/1.1" 200 5142 "http://www.gyurufu.hu/lovastanya/images/lovak/Data/thumbs.htm" "Mozilla/5.0 (Windows NT 10.0; Win64; x64) AppleWebKit/537.36 (KHTML, like Gecko) Chrome/100.0.4896.127 Safari/537.36"
66.102.8.176 - - [08/May/2022:00:48:31 +0200] "GET /lovastanya/images/lovak/tn_02golyolegel.gif HTTP/1.1" 200 8657 "http://www.gyurufu.hu/lovastanya/images/lovak/Data/thumbs.htm" "Mozilla/5.0 (Windows NT 10.0; Win64; x64) AppleWebKit/537.36 (KHTML, like Gecko) Chrome/100.0.4896.127 Safari/537.36"
66.102.8.172 - - [08/May/2022:00:48:31 +0200] "GET /lovastanya/images/lovak/tn_04borcsa.gif HTTP/1.1" 200 8206 "http://www.gyurufu.hu/lovastanya/images/lovak/Data/thumbs.htm" "Mozilla/5.0 (Windows NT 10.0; Win64; x64) AppleWebKit/537.36 (KHTML, like Gecko) Chrome/100.0.4896.127 Safari/537.36"
66.102.8.174 - - [08/May/2022:00:48:31 +0200] "GET /lovastanya/images/lovak/tn_05tura.gif HTTP/1.1" 200 6691 "http://www.gyurufu.hu/lovastanya/images/lovak/Data/thumbs.htm" "Mozilla/5.0 (Windows NT 10.0; Win64; x64) AppleWebKit/537.36 (KHTML, like Gecko) Chrome/100.0.4896.127 Safari/537.36"
66.102.8.176 - - [08/May/2022:00:48:31 +0200] "GET /lovastanya/images/lovak/Data/play-button.gif HTTP/1.1" 200 945 "http://www.gyurufu.hu/lovastanya/images/lovak/Data/page.htm" "Mozilla/5.0 (Windows NT 10.0; Win64; x64) AppleWebKit/537.36 (KHTML, like Gecko) Chrome/100.0.4896.127 Safari/537.36"
66.102.8.172 - - [08/May/2022:00:48:31 +0200] "GET /lovastanya/images/lovak/Data/next-button.gif HTTP/1.1" 200 1420 "http://www.gyurufu.hu/lovastanya/images/lovak/Data/page.htm" "Mozilla/5.0 (Windows NT 10.0; Win64; x64) AppleWebKit/537.36 (KHTML, like Gecko) Chrome/100.0.4896.127 Safari/537.36"
66.102.8.174 - - [08/May/2022:00:48:31 +0200] "GET /lovastanya/images/lovak/Data/last-button.gif HTTP/1.1" 200 1426 "http://www.gyurufu.hu/lovastanya/images/lovak/Data/page.htm" "Mozilla/5.0 (Windows NT 10.0; Win64; x64) AppleWebKit/537.36 (KHTML, like Gecko) Chrome/100.0.4896.127 Safari/537.36"
66.102.8.176 - - [08/May/2022:00:48:31 +0200] "GET /lovastanya/images/lovak/tn_01legelo.gif HTTP/1.1" 200 7038 "http://www.gyurufu.hu/lovastanya/images/lovak/Data/thumbs.htm" "Mozilla/5.0 (Windows NT 10.0; Win64; x64) AppleWebKit/537.36 (KHTML, like Gecko) Chrome/100.0.4896.127 Safari/537.36"
66.102.8.172 - - [08/May/2022:00:48:31 +0200] "GET /lovastanya/images/lovak/tn_06lovaktelen.gif HTTP/1.1" 200 7524 "http://www.gyurufu.hu/lovastanya/images/lovak/Data/thumbs.htm" "Mozilla/5.0 (Windows NT 10.0; Win64; x64) AppleWebKit/537.36 (KHTML, like Gecko) Chrome/100.0.4896.127 Safari/537.36"
66.102.8.176 - - [08/May/2022:00:48:31 +0200] "GET /lovastanya/images/lovak/tn_07panka.gif HTTP/1.1" 200 8782 "http://www.gyurufu.hu/lovastanya/images/lovak/Data/thumbs.htm" "Mozilla/5.0 (Windows NT 10.0; Win64; x64) AppleWebKit/537.36 (KHTML, like Gecko) Chrome/100.0.4896.127 Safari/537.36"
66.102.8.174 - - [08/May/2022:00:48:31 +0200] "GET /lovastanya/images/lovak/tn_08lovasijaszat.gif HTTP/1.1" 200 8151 "http://www.gyurufu.hu/lovastanya/images/lovak/Data/thumbs.htm" "Mozilla/5.0 (Windows NT 10.0; Win64; x64) AppleWebKit/537.36 (KHTML, like Gecko) Chrome/100.0.4896.127 Safari/537.36"
66.102.8.174 - - [08/May/2022:00:48:31 +0200] "GET /lovastanya/images/lovak/tn_09futoszar.gif HTTP/1.1" 200 6408 "http://www.gyurufu.hu/lovastanya/images/lovak/Data/thumbs.htm" "Mozilla/5.0 (Windows NT 10.0; Win64; x64) AppleWebKit/537.36 (KHTML, like Gecko) Chrome/100.0.4896.127 Safari/537.36"
66.102.8.174 - - [08/May/2022:00:48:32 +0200] "GET /lovastanya/images/lovak/tn_10lovasijaszat.gif HTTP/1.1" 200 6641 "http://www.gyurufu.hu/lovastanya/images/lovak/Data/thumbs.htm" "Mozilla/5.0 (Windows NT 10.0; Win64; x64) AppleWebKit/537.36 (KHTML, like Gecko) Chrome/100.0.4896.127 Safari/537.36"
66.102.8.176 - - [08/May/2022:00:48:32 +0200] "GET /lovastanya/images/lovak/tn_12szena.gif HTTP/1.1" 200 6237 "http://www.gyurufu.hu/lovastanya/images/lovak/Data/thumbs.htm" "Mozilla/5.0 (Windows NT 10.0; Win64; x64) AppleWebKit/537.36 (KHTML, like Gecko) Chrome/100.0.4896.127 Safari/537.36"
66.102.8.176 - - [08/May/2022:00:48:32 +0200] "GET /lovastanya/images/lovak/01legelo.jpg HTTP/1.1" 200 41131 "http://www.gyurufu.hu/lovastanya/images/lovak/Data/page.htm" "Mozilla/5.0 (Windows NT 10.0; Win64; x64) AppleWebKit/537.36 (KHTML, like Gecko) Chrome/100.0.4896.127 Safari/537.36"
66.102.8.172 - - [08/May/2022:00:48:32 +0200] "GET /lovastanya/images/lovak/tn_11lovasijaszat.gif HTTP/1.1" 200 5435 "http://www.gyurufu.hu/lovastanya/images/lovak/Data/thumbs.htm" "Mozilla/5.0 (Windows NT 10.0; Win64; x64) AppleWebKit/537.36 (KHTML, like Gecko) Chrome/100.0.4896.127 Safari/537.36"
54.36.149.26 - - [08/May/2022:00:56:49 +0200] "GET /content/gy%C5%B1r%C5%B1f%C5%B1-alap%C3%ADtv%C3%A1ny HTTP/1.1" 200 17171 "-" "Mozilla/5.0 (compatible; AhrefsBot/7.0; +http://ahrefs.com/robot/)"
207.46.13.181 - - [08/May/2022:01:02:03 +0200] "GET /lovastanya/images/vendeghaz/Data/page.htm?12,0 HTTP/1.1" 304 - "-" "Mozilla/5.0 (compatible; bingbot/2.0; +http://www.bing.com/bingbot.htm)"
20.191.45.212 - - [08/May/2022:01:03:43 +0200] "GET / HTTP/1.1" 200 19611 "http://gyurufu.hu/" "Mozilla/5.0 (compatible; DuckDuckGo-Favicons-Bot/1.0; +http://duckduckgo.com)"
20.191.45.212 - - [08/May/2022:01:03:44 +0200] "GET /favicon.ico HTTP/1.1" 404 57 "http://gyurufu.hu/favicon.ico" "Mozilla/5.0 (compatible; DuckDuckGo-Favicons-Bot/1.0; +http://duckduckgo.com)"
185.191.171.13 - - [08/May/2022:01:12:07 +0200] "GET /robots.txt HTTP/1.1" 200 1627 "-" "Mozilla/5.0 (compatible; SemrushBot/7~bl; +http://www.semrush.com/bot.html)"
185.191.171.26 - - [08/May/2022:01:12:08 +0200] "GET /content/gy%C5%B1r%C5%B1f%C5%B1-facebook HTTP/1.1" 200 16513 "-" "Mozilla/5.0 (compatible; SemrushBot/7~bl; +http://www.semrush.com/bot.html)"
198.54.114.115 - - [08/May/2022:01:12:38 +0200] "GET / HTTP/1.1" 200 19611 "-" "-"
49.12.13.109 - - [08/May/2022:01:17:40 +0200] "HEAD / HTTP/1.1" 200 0 "-" "Alert_Alligator_webmonitoring_service_1.6.3_(alertalligator.com)"
54.36.149.26 - - [08/May/2022:01:31:10 +0200] "GET /content/v%C3%A1lyog%C3%A9p%C3%ADt%C3%A9sz-t%C3%A1borok-%C3%A9s-szaktan%C3%A1csad%C3%A1s HTTP/1.1" 200 16850 "-" "Mozilla/5.0 (compatible; AhrefsBot/7.0; +http://ahrefs.com/robot/)"
194.38.20.161 - - [08/May/2022:01:34:35 +0200] "GET /assets/plugins/elfinder/php/connector.minimal.php HTTP/1.1" 404 4562 "-" "ALittle Client"
159.69.45.202 - - [08/May/2022:01:37:05 +0200] "GET /robots.txt HTTP/1.1" 200 1627 "-" "Mozilla/5.0 (compatible; um-IC/1.0; mailto: techinfo@ubermetrics-technologies.com; Windows NT 6.1; WOW64; rv:40.0) Gecko/20100101 Firefox/40.1"
159.69.45.202 - - [08/May/2022:01:37:05 +0200] "GET /rss.xml HTTP/1.1" 200 3891 "-" "Mozilla/5.0 (compatible; um-IC/1.0; mailto: techinfo@ubermetrics-technologies.com; Windows NT 6.1; WOW64; rv:40.0) Gecko/20100101 Firefox/40.1"
185.191.171.2 - - [08/May/2022:01:39:51 +0200] "GET /robots.txt HTTP/1.1" 200 1627 "-" "Mozilla/5.0 (compatible; SemrushBot/7~bl; +http://www.semrush.com/bot.html)"
185.191.171.26 - - [08/May/2022:01:39:52 +0200] "GET /content/r%C3%A9sz%C3%B6nkorm%C3%A1nyzat HTTP/1.1" 200 16543 "-" "Mozilla/5.0 (compatible; SemrushBot/7~bl; +http://www.semrush.com/bot.html)"
150.158.98.247 - - [08/May/2022:01:48:41 +0200] "GET /xmlrpc.php HTTP/1.1" 200 54 "-" "Mozilla/5.0 (Windows NT 6.1; WOW64; rv:45.0) Gecko/20100101 Firefox/45.0"
150.158.98.247 - - [08/May/2022:01:48:41 +0200] "GET /wp-login.php HTTP/1.1" 404 4562 "-" "Mozilla/5.0 (Windows NT 6.1; WOW64; rv:45.0) Gecko/20100101 Firefox/45.0"
212.237.51.151 - - [08/May/2022:02:03:34 +0200] "HEAD / HTTP/1.1" 200 0 "-" "Alert_Alligator_webmonitoring_service_1.6.4_(alertalligator.com)"
54.36.149.26 - - [08/May/2022:02:08:02 +0200] "GET /content/leteleped%C3%A9s HTTP/1.1" 200 17070 "-" "Mozilla/5.0 (compatible; AhrefsBot/7.0; +http://ahrefs.com/robot/)"
185.191.171.6 - - [08/May/2022:02:27:31 +0200] "GET /robots.txt HTTP/1.1" 200 1627 "-" "Mozilla/5.0 (compatible; SemrushBot/7~bl; +http://www.semrush.com/bot.html)"
185.191.171.10 - - [08/May/2022:02:27:33 +0200] "GET /content/term%C3%A9kek-szolg%C3%A1ltat%C3%A1sok HTTP/1.1" 200 17753 "-" "Mozilla/5.0 (compatible; SemrushBot/7~bl; +http://www.semrush.com/bot.html)"
54.36.149.26 - - [08/May/2022:02:33:33 +0200] "GET /content/permakult%C3%BAra-tanfolyamok HTTP/1.1" 200 19113 "-" "Mozilla/5.0 (compatible; AhrefsBot/7.0; +http://ahrefs.com/robot/)"
54.36.149.26 - - [08/May/2022:02:46:45 +0200] "GET /content/lovastanya-vend%C3%A9gh%C3%A1z HTTP/1.1" 200 23213 "-" "Mozilla/5.0 (compatible; AhrefsBot/7.0; +http://ahrefs.com/robot/)"
49.12.13.109 - - [08/May/2022:02:51:38 +0200] "HEAD / HTTP/1.1" 200 0 "-" "Alert_Alligator_webmonitoring_service_1.6.4_(alertalligator.com)"
34.203.192.186 - - [08/May/2022:02:58:55 +0200] "GET /rss.xml HTTP/1.1" 200 3891 "https://www.google.com/" "Mozilla/5.0 (Windows NT 6.1; Win64; x64) AppleWebKit/537.36 (KHTML, like Gecko) Chrome/80.0.3987.122 Safari/537.36"
54.36.149.26 - - [08/May/2022:03:00:35 +0200] "GET /content/szent-l%C3%A1szl%C3%B3-tan%C3%B6sv%C3%A9ny HTTP/1.1" 200 20370 "-" "Mozilla/5.0 (compatible; AhrefsBot/7.0; +http://ahrefs.com/robot/)"
51.222.253.10 - - [08/May/2022:03:14:16 +0200] "GET /robots.txt HTTP/1.1" 200 1627 "-" "Mozilla/5.0 (compatible; AhrefsBot/7.0; +http://ahrefs.com/robot/)"
54.36.149.26 - - [08/May/2022:03:14:27 +0200] "GET /content/erd%C5%91gazd%C3%A1lkod%C3%A1s HTTP/1.1" 200 18885 "-" "Mozilla/5.0 (compatible; AhrefsBot/7.0; +http://ahrefs.com/robot/)"
54.36.149.26 - - [08/May/2022:03:27:44 +0200] "GET /content/l%C3%A1tnival%C3%B3k-gy%C5%B1r%C5%B1f%C5%B1n-%C3%A9s-k%C3%B6rny%C3%A9k%C3%A9n HTTP/1.1" 200 26040 "-" "Mozilla/5.0 (compatible; AhrefsBot/7.0; +http://ahrefs.com/robot/)"
212.237.51.151 - - [08/May/2022:03:40:32 +0200] "HEAD / HTTP/1.1" 200 0 "-" "Alert_Alligator_webmonitoring_service_1.6.4_(alertalligator.com)"
54.36.149.26 - - [08/May/2022:03:41:57 +0200] "GET /content/lovastanya-vend%C3%A9gh%C3%A1z-falusi-sz%C3%A1ll%C3%A1shely-baranya-sz%C3%A1ll%C3%A1s-baranya-apartman-baranya-%C3%B6koturizmus HTTP/1.1" 200 18777 "-" "Mozilla/5.0 (compatible; AhrefsBot/7.0; +http://ahrefs.com/robot/)"
54.36.149.26 - - [08/May/2022:03:52:06 +0200] "GET /content/egyes%C3%BClet HTTP/1.1" 200 18424 "-" "Mozilla/5.0 (compatible; AhrefsBot/7.0; +http://ahrefs.com/robot/)"
54.36.149.26 - - [08/May/2022:04:06:48 +0200] "GET /content/lovastanya-vend%C3%A9gh%C3%A1z HTTP/1.1" 200 23213 "-" "Mozilla/5.0 (compatible; AhrefsBot/7.0; +http://ahrefs.com/robot/)"
54.36.149.26 - - [08/May/2022:04:22:11 +0200] "GET /content/kapcsolatok HTTP/1.1" 200 18059 "-" "Mozilla/5.0 (compatible; AhrefsBot/7.0; +http://ahrefs.com/robot/)"
212.237.51.151 - - [08/May/2022:04:25:36 +0200] "HEAD / HTTP/1.1" 200 0 "-" "Alert_Alligator_webmonitoring_service_1.6.4_(alertalligator.com)"
144.76.29.149 - - [08/May/2022:04:26:35 +0200] "GET /robots.txt HTTP/1.1" 200 1627 "-" "Mozilla/5.0 (compatible; MJ12bot/v1.4.8; http://mj12bot.com/)"
144.76.29.149 - - [08/May/2022:04:26:50 +0200] "GET /erdeiiskola/images/hagyomany/Data/page.htm HTTP/1.1" 200 668 "-" "Mozilla/5.0 (compatible; MJ12bot/v1.4.8; http://mj12bot.com/)"
144.76.29.149 - - [08/May/2022:04:27:01 +0200] "GET /erdeiiskola/images/hagyomany/Data/thumbs.htm HTTP/1.1" 200 657 "-" "Mozilla/5.0 (compatible; MJ12bot/v1.4.8; http://mj12bot.com/)"
95.163.255.172 - - [08/May/2022:04:37:08 +0200] "GET /robots.txt HTTP/1.0" 200 1627 "-" "Mozilla/5.0 (compatible; Linux x86_64; Mail.RU_Bot/2.0; +https://help.mail.ru/webmaster/indexing/robots)"
95.163.255.186 - - [08/May/2022:04:37:10 +0200] "GET / HTTP/1.1" 200 19615 "-" "Mozilla/5.0 (compatible; Linux x86_64; Mail.RU_Bot/2.0; +https://help.mail.ru/webmaster/indexing/robots)"
54.36.149.26 - - [08/May/2022:04:38:18 +0200] "GET /content/oktat%C3%A1s-gy%C5%B1r%C5%B1f%C5%B1n HTTP/1.1" 200 16603 "-" "Mozilla/5.0 (compatible; AhrefsBot/7.0; +http://ahrefs.com/robot/)"
185.191.171.40 - - [08/May/2022:04:40:59 +0200] "GET /robots.txt HTTP/1.1" 200 1627 "-" "Mozilla/5.0 (compatible; SemrushBot/7~bl; +http://www.semrush.com/bot.html)"
185.191.171.26 - - [08/May/2022:04:40:59 +0200] "GET /content/alapelvek?destination=node%2F24 HTTP/1.1" 200 20160 "-" "Mozilla/5.0 (compatible; SemrushBot/7~bl; +http://www.semrush.com/bot.html)"
54.36.149.26 - - [08/May/2022:04:55:27 +0200] "GET /content/h%C3%ADrek-esem%C3%A9nyek HTTP/1.1" 200 16582 "-" "Mozilla/5.0 (compatible; AhrefsBot/7.0; +http://ahrefs.com/robot/)"
54.36.149.26 - - [08/May/2022:05:12:22 +0200] "GET /content/hullad%C3%A9k-kezel%C3%A9s HTTP/1.1" 200 18896 "-" "Mozilla/5.0 (compatible; AhrefsBot/7.0; +http://ahrefs.com/robot/)"
185.30.177.91 - - [08/May/2022:05:13:12 +0200] "GET /autodiscover/autodiscover.xml HTTP/1.1" 404 4562 "http://195.56.55.225/autodiscover/autodiscover.xml" "Mozilla/4.0 (compatible; MSIE 7.0; Windows NT 6.1; Win64; x64; Trident/6.0; .NET CLR 2.0.50727; SLCC2; .NET CLR 3.5.30729; .NET CLR 3.0.30729; Media Center PC 6.0; .NET4.0C; .NET4.0E; InfoPath.3; Tablet PC 2.0; Microsoft Outlook 15.0.4481; ms-office; MSOffice 15)"
185.30.176.74 - - [08/May/2022:05:14:00 +0200] "GET /autodiscover/autodiscover.xml HTTP/1.1" 404 4562 "http://195.56.55.225/autodiscover/autodiscover.xml" "Mozilla/4.0 (compatible; MSIE 7.0; Windows NT 6.1; Win64; x64; Trident/6.0; .NET CLR 2.0.50727; SLCC2; .NET CLR 3.5.30729; .NET CLR 3.0.30729; Media Center PC 6.0; .NET4.0C; .NET4.0E; InfoPath.3; Tablet PC 2.0; Microsoft Outlook 15.0.4481; ms-office; MSOffice 15)"
51.222.253.7 - - [08/May/2022:05:14:43 +0200] "GET /robots.txt HTTP/1.1" 200 1627 "-" "Mozilla/5.0 (compatible; AhrefsBot/7.0; +http://ahrefs.com/robot/)"
149.18.24.132 - - [08/May/2022:05:15:14 +0200] "GET /wp-login.php HTTP/1.1" 404 4562 "-" "Mozilla/5.0 (Windows NT 10.0; Win64; x64) AppleWebKit/537.36 (KHTML, like Gecko) Chrome/91.0.4472.124 Safari/537.36"
185.30.177.39 - - [08/May/2022:05:15:23 +0200] "GET /autodiscover/autodiscover.xml HTTP/1.1" 404 4562 "http://195.56.55.225/autodiscover/autodiscover.xml" "Mozilla/4.0 (compatible; MSIE 7.0; Windows NT 6.1; Win64; x64; Trident/6.0; .NET CLR 2.0.50727; SLCC2; .NET CLR 3.5.30729; .NET CLR 3.0.30729; Media Center PC 6.0; .NET4.0C; .NET4.0E; InfoPath.3; Tablet PC 2.0; Microsoft Outlook 15.0.4481; ms-office; MSOffice 15)"
49.12.13.109 - - [08/May/2022:05:24:57 +0200] "HEAD / HTTP/1.1" 200 0 "-" "Alert_Alligator_webmonitoring_service_1.6.3_(alertalligator.com)"
54.36.149.26 - - [08/May/2022:05:30:28 +0200] "GET /content/szervezetek HTTP/1.1" 200 16506 "-" "Mozilla/5.0 (compatible; AhrefsBot/7.0; +http://ahrefs.com/robot/)"
54.36.149.26 - - [08/May/2022:05:46:17 +0200] "GET / HTTP/1.1" 200 19611 "-" "Mozilla/5.0 (compatible; AhrefsBot/7.0; +http://ahrefs.com/robot/)"
54.36.149.26 - - [08/May/2022:06:03:10 +0200] "GET /content/v%C3%A1lyog%C3%A9p%C3%ADt%C3%A9sz-t%C3%A1borok-%C3%A9s-szaktan%C3%A1csad%C3%A1s HTTP/1.1" 200 16850 "-" "Mozilla/5.0 (compatible; AhrefsBot/7.0; +http://ahrefs.com/robot/)"
54.36.149.26 - - [08/May/2022:06:21:00 +0200] "GET /content HTTP/1.1" 301 309 "-" "Mozilla/5.0 (compatible; AhrefsBot/7.0; +http://ahrefs.com/robot/)"
212.237.23.143 - - [08/May/2022:06:22:59 +0200] "HEAD / HTTP/1.1" 200 0 "-" "Alert_Alligator_webmonitoring_service_1.6.4_(alertalligator.com)"
185.191.171.39 - - [08/May/2022:06:26:04 +0200] "GET /robots.txt HTTP/1.1" 200 1627 "-" "Mozilla/5.0 (compatible; SemrushBot/7~bl; +http://www.semrush.com/bot.html)"
185.191.171.7 - - [08/May/2022:06:26:05 +0200] "GET /content/leteleped%C3%A9s HTTP/1.1" 200 17070 "-" "Mozilla/5.0 (compatible; SemrushBot/7~bl; +http://www.semrush.com/bot.html)"
54.36.149.26 - - [08/May/2022:06:39:13 +0200] "GET /content/friss-h%C3%ADrek-gy%C5%B1r%C5%B1f%C5%B1r%C5%91l HTTP/1.1" 200 17259 "-" "Mozilla/5.0 (compatible; AhrefsBot/7.0; +http://ahrefs.com/robot/)"
159.69.45.202 - - [08/May/2022:06:42:02 +0200] "GET /robots.txt HTTP/1.1" 200 1627 "-" "Mozilla/5.0 (compatible; um-IC/1.0; mailto: techinfo@ubermetrics-technologies.com; Windows NT 6.1; WOW64; rv:40.0) Gecko/20100101 Firefox/40.1"
159.69.45.202 - - [08/May/2022:06:42:03 +0200] "GET /rss.xml HTTP/1.1" 200 3891 "-" "Mozilla/5.0 (compatible; um-IC/1.0; mailto: techinfo@ubermetrics-technologies.com; Windows NT 6.1; WOW64; rv:40.0) Gecko/20100101 Firefox/40.1"
66.249.64.47 - - [08/May/2022:06:53:05 +0200] "GET /content/friss-h%C3%ADrek-gy%C5%B1r%C5%B1f%C5%B1r%C5%91l HTTP/1.1" 200 17259 "-" "Mozilla/5.0 (compatible; Googlebot/2.1; +http://www.google.com/bot.html)"
66.249.64.45 - - [08/May/2022:06:53:05 +0200] "GET /content/friss-h%C3%ADrek-gy%C5%B1r%C5%B1f%C5%B1r%C5%91l HTTP/1.1" 200 17259 "-" "Mozilla/5.0 (Linux; Android 6.0.1; Nexus 5X Build/MMB29P) AppleWebKit/537.36 (KHTML, like Gecko) Chrome/99.0.4844.84 Mobile Safari/537.36 (compatible; Googlebot/2.1; +http://www.google.com/bot.html)"
54.36.149.26 - - [08/May/2022:06:58:28 +0200] "GET /content/kezdetekt%C5%91l-mostan%C3%A1ig HTTP/1.1" 200 22292 "-" "Mozilla/5.0 (compatible; AhrefsBot/7.0; +http://ahrefs.com/robot/)"
212.237.51.151 - - [08/May/2022:07:08:33 +0200] "HEAD / HTTP/1.1" 200 0 "-" "Alert_Alligator_webmonitoring_service_1.6.4_(alertalligator.com)"
66.249.64.47 - - [08/May/2022:07:10:19 +0200] "GET / HTTP/1.1" 200 19615 "-" "Mozilla/5.0 (Linux; Android 6.0.1; Nexus 5X Build/MMB29P) AppleWebKit/537.36 (KHTML, like Gecko) Chrome/101.0.4951.54 Mobile Safari/537.36 (compatible; Googlebot/2.1; +http://www.google.com/bot.html)"
216.244.66.227 - - [08/May/2022:07:11:02 +0200] "GET /robots.txt HTTP/1.1" 200 1627 "-" "Mozilla/5.0 (compatible; DotBot/1.2; +https://opensiteexplorer.org/dotbot; help@moz.com)"
46.107.162.110 - - [08/May/2022:07:11:58 +0200] "GET / HTTP/1.1" 200 19615 "https://www.google.com/" "Mozilla/5.0 (Linux; Android 10; SNE-LX1) AppleWebKit/537.36 (KHTML, like Gecko) Chrome/101.0.4951.41 Mobile Safari/537.36"
46.107.162.110 - - [08/May/2022:07:11:58 +0200] "GET /modules/nice_menus/nice_menus.css?g HTTP/1.1" 200 3607 "http://www.gyurufu.hu/" "Mozilla/5.0 (Linux; Android 10; SNE-LX1) AppleWebKit/537.36 (KHTML, like Gecko) Chrome/101.0.4951.41 Mobile Safari/537.36"
46.107.162.110 - - [08/May/2022:07:11:58 +0200] "GET /modules/nice_menus/nice_menus_default.css?g HTTP/1.1" 200 4978 "http://www.gyurufu.hu/" "Mozilla/5.0 (Linux; Android 10; SNE-LX1) AppleWebKit/537.36 (KHTML, like Gecko) Chrome/101.0.4951.41 Mobile Safari/537.36"
46.107.162.110 - - [08/May/2022:07:11:58 +0200] "GET /modules/photos/photos.css?g HTTP/1.1" 200 5645 "http://www.gyurufu.hu/" "Mozilla/5.0 (Linux; Android 10; SNE-LX1) AppleWebKit/537.36 (KHTML, like Gecko) Chrome/101.0.4951.41 Mobile Safari/537.36"
46.107.162.110 - - [08/May/2022:07:11:58 +0200] "GET /modules/system/defaults.css?g HTTP/1.1" 200 757 "http://www.gyurufu.hu/" "Mozilla/5.0 (Linux; Android 10; SNE-LX1) AppleWebKit/537.36 (KHTML, like Gecko) Chrome/101.0.4951.41 Mobile Safari/537.36"
46.107.162.110 - - [08/May/2022:07:11:58 +0200] "GET /modules/system/system-menus.css?g HTTP/1.1" 200 935 "http://www.gyurufu.hu/" "Mozilla/5.0 (Linux; Android 10; SNE-LX1) AppleWebKit/537.36 (KHTML, like Gecko) Chrome/101.0.4951.41 Mobile Safari/537.36"
46.107.162.110 - - [08/May/2022:07:11:59 +0200] "GET /modules/system/system.css?g HTTP/1.1" 200 10020 "http://www.gyurufu.hu/" "Mozilla/5.0 (Linux; Android 10; SNE-LX1) AppleWebKit/537.36 (KHTML, like Gecko) Chrome/101.0.4951.41 Mobile Safari/537.36"
46.107.162.110 - - [08/May/2022:07:11:59 +0200] "GET /modules/node/node.css?g HTTP/1.1" 200 740 "http://www.gyurufu.hu/" "Mozilla/5.0 (Linux; Android 10; SNE-LX1) AppleWebKit/537.36 (KHTML, like Gecko) Chrome/101.0.4951.41 Mobile Safari/537.36"
46.107.162.110 - - [08/May/2022:07:11:59 +0200] "GET /misc/jquery.js?g HTTP/1.1" 200 31089 "http://www.gyurufu.hu/" "Mozilla/5.0 (Linux; Android 10; SNE-LX1) AppleWebKit/537.36 (KHTML, like Gecko) Chrome/101.0.4951.41 Mobile Safari/537.36"
46.107.162.110 - - [08/May/2022:07:11:59 +0200] "GET /misc/drupal.js?g HTTP/1.1" 200 9745 "http://www.gyurufu.hu/" "Mozilla/5.0 (Linux; Android 10; SNE-LX1) AppleWebKit/537.36 (KHTML, like Gecko) Chrome/101.0.4951.41 Mobile Safari/537.36"
46.107.162.110 - - [08/May/2022:07:11:59 +0200] "GET /themes/aboutpeople/style.css?g HTTP/1.1" 200 32283 "http://www.gyurufu.hu/" "Mozilla/5.0 (Linux; Android 10; SNE-LX1) AppleWebKit/537.36 (KHTML, like Gecko) Chrome/101.0.4951.41 Mobile Safari/537.36"
46.107.162.110 - - [08/May/2022:07:11:59 +0200] "GET /modules/user/user.css?g HTTP/1.1" 200 1127 "http://www.gyurufu.hu/" "Mozilla/5.0 (Linux; Android 10; SNE-LX1) AppleWebKit/537.36 (KHTML, like Gecko) Chrome/101.0.4951.41 Mobile Safari/537.36"
46.107.162.110 - - [08/May/2022:07:11:59 +0200] "GET /modules/google_analytics/googleanalytics.js?g HTTP/1.1" 200 2268 "http://www.gyurufu.hu/" "Mozilla/5.0 (Linux; Android 10; SNE-LX1) AppleWebKit/537.36 (KHTML, like Gecko) Chrome/101.0.4951.41 Mobile Safari/537.36"
46.107.162.110 - - [08/May/2022:07:11:59 +0200] "GET /sites/default/files/languages/hu_8582a244f490b74610256ab428690e24.js?g HTTP/1.1" 200 1838 "http://www.gyurufu.hu/" "Mozilla/5.0 (Linux; Android 10; SNE-LX1) AppleWebKit/537.36 (KHTML, like Gecko) Chrome/101.0.4951.41 Mobile Safari/537.36"
46.107.162.110 - - [08/May/2022:07:11:59 +0200] "GET /modules/photos/photos.js?g HTTP/1.1" 200 2409 "http://www.gyurufu.hu/" "Mozilla/5.0 (Linux; Android 10; SNE-LX1) AppleWebKit/537.36 (KHTML, like Gecko) Chrome/101.0.4951.41 Mobile Safari/537.36"
46.107.162.110 - - [08/May/2022:07:11:59 +0200] "GET /themes/aboutpeople/img/sticky.gif HTTP/1.1" 200 560 "http://www.gyurufu.hu/" "Mozilla/5.0 (Linux; Android 10; SNE-LX1) AppleWebKit/537.36 (KHTML, like Gecko) Chrome/101.0.4951.41 Mobile Safari/537.36"
46.107.162.110 - - [08/May/2022:07:11:59 +0200] "GET /misc/powered-blue-80x15.png HTTP/1.1" 200 1011 "http://www.gyurufu.hu/" "Mozilla/5.0 (Linux; Android 10; SNE-LX1) AppleWebKit/537.36 (KHTML, like Gecko) Chrome/101.0.4951.41 Mobile Safari/537.36"
46.107.162.110 - - [08/May/2022:07:11:59 +0200] "GET /themes/aboutpeople/img/bg.gif HTTP/1.1" 200 4764 "http://www.gyurufu.hu/themes/aboutpeople/style.css?g" "Mozilla/5.0 (Linux; Android 10; SNE-LX1) AppleWebKit/537.36 (KHTML, like Gecko) Chrome/101.0.4951.41 Mobile Safari/537.36"
46.107.162.110 - - [08/May/2022:07:11:59 +0200] "GET /themes/aboutpeople/img/login_line.png HTTP/1.1" 200 510 "http://www.gyurufu.hu/themes/aboutpeople/style.css?g" "Mozilla/5.0 (Linux; Android 10; SNE-LX1) AppleWebKit/537.36 (KHTML, like Gecko) Chrome/101.0.4951.41 Mobile Safari/537.36"
46.107.162.110 - - [08/May/2022:07:11:59 +0200] "GET /themes/aboutpeople/img/use11r.gif HTTP/1.1" 200 1001 "http://www.gyurufu.hu/themes/aboutpeople/style.css?g" "Mozilla/5.0 (Linux; Android 10; SNE-LX1) AppleWebKit/537.36 (KHTML, like Gecko) Chrome/101.0.4951.41 Mobile Safari/537.36"
46.107.162.110 - - [08/May/2022:07:11:59 +0200] "GET /themes/aboutpeople/img/menulinks.png HTTP/1.1" 200 1465 "http://www.gyurufu.hu/themes/aboutpeople/style.css?g" "Mozilla/5.0 (Linux; Android 10; SNE-LX1) AppleWebKit/537.36 (KHTML, like Gecko) Chrome/101.0.4951.41 Mobile Safari/537.36"
46.107.162.110 - - [08/May/2022:07:11:59 +0200] "GET /themes/aboutpeople/img/menulinks_corner.png HTTP/1.1" 200 215 "http://www.gyurufu.hu/themes/aboutpeople/style.css?g" "Mozilla/5.0 (Linux; Android 10; SNE-LX1) AppleWebKit/537.36 (KHTML, like Gecko) Chrome/101.0.4951.41 Mobile Safari/537.36"
46.107.162.110 - - [08/May/2022:07:11:59 +0200] "GET /themes/aboutpeople/img/menuline.png HTTP/1.1" 200 395 "http://www.gyurufu.hu/themes/aboutpeople/style.css?g" "Mozilla/5.0 (Linux; Android 10; SNE-LX1) AppleWebKit/537.36 (KHTML, like Gecko) Chrome/101.0.4951.41 Mobile Safari/537.36"
46.107.162.110 - - [08/May/2022:07:11:59 +0200] "GET /themes/aboutpeople/img/down_arrow_hover.png HTTP/1.1" 200 115 "http://www.gyurufu.hu/themes/aboutpeople/style.css?g" "Mozilla/5.0 (Linux; Android 10; SNE-LX1) AppleWebKit/537.36 (KHTML, like Gecko) Chrome/101.0.4951.41 Mobile Safari/537.36"
46.107.162.110 - - [08/May/2022:07:11:59 +0200] "GET /themes/aboutpeople/img/down_arrow.png HTTP/1.1" 200 149 "http://www.gyurufu.hu/themes/aboutpeople/style.css?g" "Mozilla/5.0 (Linux; Android 10; SNE-LX1) AppleWebKit/537.36 (KHTML, like Gecko) Chrome/101.0.4951.41 Mobile Safari/537.36"
46.107.162.110 - - [08/May/2022:07:11:59 +0200] "GET /themes/aboutpeople/img/bgblock.gif HTTP/1.1" 200 1287 "http://www.gyurufu.hu/themes/aboutpeople/style.css?g" "Mozilla/5.0 (Linux; Android 10; SNE-LX1) AppleWebKit/537.36 (KHTML, like Gecko) Chrome/101.0.4951.41 Mobile Safari/537.36"
46.107.162.110 - - [08/May/2022:07:11:59 +0200] "GET /themes/aboutpeople/img/banners/rotate.php HTTP/1.1" 200 38338 "http://www.gyurufu.hu/themes/aboutpeople/style.css?g" "Mozilla/5.0 (Linux; Android 10; SNE-LX1) AppleWebKit/537.36 (KHTML, like Gecko) Chrome/101.0.4951.41 Mobile Safari/537.36"
46.107.162.110 - - [08/May/2022:07:11:59 +0200] "GET /themes/aboutpeople/img/readmore.gif HTTP/1.1" 200 366 "http://www.gyurufu.hu/themes/aboutpeople/style.css?g" "Mozilla/5.0 (Linux; Android 10; SNE-LX1) AppleWebKit/537.36 (KHTML, like Gecko) Chrome/101.0.4951.41 Mobile Safari/537.36"
46.107.162.110 - - [08/May/2022:07:11:59 +0200] "GET /themes/aboutpeople/img/slinks.gif HTTP/1.1" 200 487 "http://www.gyurufu.hu/themes/aboutpeople/style.css?g" "Mozilla/5.0 (Linux; Android 10; SNE-LX1) AppleWebKit/537.36 (KHTML, like Gecko) Chrome/101.0.4951.41 Mobile Safari/537.36"
46.107.162.110 - - [08/May/2022:07:11:59 +0200] "GET /themes/aboutpeople/img/login.gif HTTP/1.1" 200 1018 "http://www.gyurufu.hu/themes/aboutpeople/style.css?g" "Mozilla/5.0 (Linux; Android 10; SNE-LX1) AppleWebKit/537.36 (KHTML, like Gecko) Chrome/101.0.4951.41 Mobile Safari/537.36"
46.107.162.110 - - [08/May/2022:07:11:59 +0200] "GET /themes/aboutpeople/img/slinksover.gif HTTP/1.1" 200 478 "http://www.gyurufu.hu/themes/aboutpeople/style.css?g" "Mozilla/5.0 (Linux; Android 10; SNE-LX1) AppleWebKit/537.36 (KHTML, like Gecko) Chrome/101.0.4951.41 Mobile Safari/537.36"
46.107.162.110 - - [08/May/2022:07:11:59 +0200] "GET /modules/nice_menus/arrow-right.png HTTP/1.1" 200 258 "http://www.gyurufu.hu/modules/nice_menus/nice_menus_default.css?g" "Mozilla/5.0 (Linux; Android 10; SNE-LX1) AppleWebKit/537.36 (KHTML, like Gecko) Chrome/101.0.4951.41 Mobile Safari/537.36"
46.107.162.110 - - [08/May/2022:07:11:59 +0200] "GET /favicon.ico HTTP/1.1" 404 57 "http://www.gyurufu.hu/" "Mozilla/5.0 (Linux; Android 10; SNE-LX1) AppleWebKit/537.36 (KHTML, like Gecko) Chrome/101.0.4951.41 Mobile Safari/537.36"
46.107.162.110 - - [08/May/2022:07:12:44 +0200] "GET /content/%C3%B6koturizmus-gy%C5%B1r%C5%B1f%C5%B1n HTTP/1.1" 200 17319 "http://www.gyurufu.hu/" "Mozilla/5.0 (Linux; Android 10; SNE-LX1) AppleWebKit/537.36 (KHTML, like Gecko) Chrome/101.0.4951.41 Mobile Safari/537.36"
46.107.162.110 - - [08/May/2022:07:12:44 +0200] "GET /themes/aboutpeople/img/banners/rotate.php HTTP/1.1" 200 38338 "http://www.gyurufu.hu/themes/aboutpeople/style.css?g" "Mozilla/5.0 (Linux; Android 10; SNE-LX1) AppleWebKit/537.36 (KHTML, like Gecko) Chrome/101.0.4951.41 Mobile Safari/537.36"
54.36.149.26 - - [08/May/2022:07:20:03 +0200] "GET /content/megk%C3%B6zel%C3%ADt%C3%A9s HTTP/1.1" 200 21815 "-" "Mozilla/5.0 (compatible; AhrefsBot/7.0; +http://ahrefs.com/robot/)"
66.249.64.49 - - [08/May/2022:07:29:35 +0200] "GET / HTTP/1.1" 200 19615 "-" "Mozilla/5.0 (compatible; Googlebot/2.1; +http://www.google.com/bot.html)"
