188.157.64.116 - - [02/May/2022:21:47:38 +0200] "GET /modules/google_analytics/googleanalytics.js?g HTTP/1.1" 200 2268 "http://www.gyurufu.hu/content/v%C3%A1lyog%C3%A9p%C3%ADt%C3%A9sz-t%C3%A1borok-%C3%A9s-szaktan%C3%A1csad%C3%A1s" "Mozilla/5.0 (Linux; Android 8.1.0; Lenovo TB-X304L) AppleWebKit/537.36 (KHTML, like Gecko) Chrome/86.0.4240.99 Safari/537.36"
188.157.64.116 - - [02/May/2022:21:47:38 +0200] "GET /misc/drupal.js?g HTTP/1.1" 200 9745 "http://www.gyurufu.hu/content/v%C3%A1lyog%C3%A9p%C3%ADt%C3%A9sz-t%C3%A1borok-%C3%A9s-szaktan%C3%A1csad%C3%A1s" "Mozilla/5.0 (Linux; Android 8.1.0; Lenovo TB-X304L) AppleWebKit/537.36 (KHTML, like Gecko) Chrome/86.0.4240.99 Safari/537.36"
188.157.64.116 - - [02/May/2022:21:47:38 +0200] "GET /sites/default/files/languages/hu_8582a244f490b74610256ab428690e24.js?g HTTP/1.1" 200 1838 "http://www.gyurufu.hu/content/v%C3%A1lyog%C3%A9p%C3%ADt%C3%A9sz-t%C3%A1borok-%C3%A9s-szaktan%C3%A1csad%C3%A1s" "Mozilla/5.0 (Linux; Android 8.1.0; Lenovo TB-X304L) AppleWebKit/537.36 (KHTML, like Gecko) Chrome/86.0.4240.99 Safari/537.36"
188.157.64.116 - - [02/May/2022:21:47:38 +0200] "GET /misc/powered-blue-80x15.png HTTP/1.1" 200 1011 "http://www.gyurufu.hu/content/v%C3%A1lyog%C3%A9p%C3%ADt%C3%A9sz-t%C3%A1borok-%C3%A9s-szaktan%C3%A1csad%C3%A1s" "Mozilla/5.0 (Linux; Android 8.1.0; Lenovo TB-X304L) AppleWebKit/537.36 (KHTML, like Gecko) Chrome/86.0.4240.99 Safari/537.36"
188.157.64.116 - - [02/May/2022:21:47:39 +0200] "GET /themes/aboutpeople/img/bg.gif HTTP/1.1" 200 4764 "http://www.gyurufu.hu/themes/aboutpeople/style.css?g" "Mozilla/5.0 (Linux; Android 8.1.0; Lenovo TB-X304L) AppleWebKit/537.36 (KHTML, like Gecko) Chrome/86.0.4240.99 Safari/537.36"
188.157.64.116 - - [02/May/2022:21:47:39 +0200] "GET /themes/aboutpeople/img/login_line.png HTTP/1.1" 200 510 "http://www.gyurufu.hu/themes/aboutpeople/style.css?g" "Mozilla/5.0 (Linux; Android 8.1.0; Lenovo TB-X304L) AppleWebKit/537.36 (KHTML, like Gecko) Chrome/86.0.4240.99 Safari/537.36"
188.157.64.116 - - [02/May/2022:21:47:39 +0200] "GET /themes/aboutpeople/img/use11r.gif HTTP/1.1" 200 1001 "http://www.gyurufu.hu/themes/aboutpeople/style.css?g" "Mozilla/5.0 (Linux; Android 8.1.0; Lenovo TB-X304L) AppleWebKit/537.36 (KHTML, like Gecko) Chrome/86.0.4240.99 Safari/537.36"
188.157.64.116 - - [02/May/2022:21:47:39 +0200] "GET /themes/aboutpeople/img/menuline.png HTTP/1.1" 200 395 "http://www.gyurufu.hu/themes/aboutpeople/style.css?g" "Mozilla/5.0 (Linux; Android 8.1.0; Lenovo TB-X304L) AppleWebKit/537.36 (KHTML, like Gecko) Chrome/86.0.4240.99 Safari/537.36"
188.157.64.116 - - [02/May/2022:21:47:39 +0200] "GET /themes/aboutpeople/img/menulinks.png HTTP/1.1" 200 1465 "http://www.gyurufu.hu/themes/aboutpeople/style.css?g" "Mozilla/5.0 (Linux; Android 8.1.0; Lenovo TB-X304L) AppleWebKit/537.36 (KHTML, like Gecko) Chrome/86.0.4240.99 Safari/537.36"
188.157.64.116 - - [02/May/2022:21:47:39 +0200] "GET /themes/aboutpeople/img/menulinks_corner.png HTTP/1.1" 200 215 "http://www.gyurufu.hu/themes/aboutpeople/style.css?g" "Mozilla/5.0 (Linux; Android 8.1.0; Lenovo TB-X304L) AppleWebKit/537.36 (KHTML, like Gecko) Chrome/86.0.4240.99 Safari/537.36"
188.157.64.116 - - [02/May/2022:21:47:39 +0200] "GET /themes/aboutpeople/img/down_arrow.png HTTP/1.1" 200 149 "http://www.gyurufu.hu/themes/aboutpeople/style.css?g" "Mozilla/5.0 (Linux; Android 8.1.0; Lenovo TB-X304L) AppleWebKit/537.36 (KHTML, like Gecko) Chrome/86.0.4240.99 Safari/537.36"
188.157.64.116 - - [02/May/2022:21:47:39 +0200] "GET /themes/aboutpeople/img/slinks.gif HTTP/1.1" 200 487 "http://www.gyurufu.hu/themes/aboutpeople/style.css?g" "Mozilla/5.0 (Linux; Android 8.1.0; Lenovo TB-X304L) AppleWebKit/537.36 (KHTML, like Gecko) Chrome/86.0.4240.99 Safari/537.36"
188.157.64.116 - - [02/May/2022:21:47:39 +0200] "GET /themes/aboutpeople/img/bgblock.gif HTTP/1.1" 200 1287 "http://www.gyurufu.hu/themes/aboutpeople/style.css?g" "Mozilla/5.0 (Linux; Android 8.1.0; Lenovo TB-X304L) AppleWebKit/537.36 (KHTML, like Gecko) Chrome/86.0.4240.99 Safari/537.36"
188.157.64.116 - - [02/May/2022:21:47:39 +0200] "GET /modules/nice_menus/arrow-right.png HTTP/1.1" 200 258 "http://www.gyurufu.hu/modules/nice_menus/nice_menus_default.css?g" "Mozilla/5.0 (Linux; Android 8.1.0; Lenovo TB-X304L) AppleWebKit/537.36 (KHTML, like Gecko) Chrome/86.0.4240.99 Safari/537.36"
188.157.64.116 - - [02/May/2022:21:47:39 +0200] "GET /themes/aboutpeople/img/login.gif HTTP/1.1" 200 1018 "http://www.gyurufu.hu/themes/aboutpeople/style.css?g" "Mozilla/5.0 (Linux; Android 8.1.0; Lenovo TB-X304L) AppleWebKit/537.36 (KHTML, like Gecko) Chrome/86.0.4240.99 Safari/537.36"
188.157.64.116 - - [02/May/2022:21:47:39 +0200] "GET /themes/aboutpeople/img/banners/rotate.php HTTP/1.1" 200 38338 "http://www.gyurufu.hu/themes/aboutpeople/style.css?g" "Mozilla/5.0 (Linux; Android 8.1.0; Lenovo TB-X304L) AppleWebKit/537.36 (KHTML, like Gecko) Chrome/86.0.4240.99 Safari/537.36"
188.157.64.116 - - [02/May/2022:21:47:39 +0200] "GET /favicon.ico HTTP/1.1" 404 57 "http://www.gyurufu.hu/content/v%C3%A1lyog%C3%A9p%C3%ADt%C3%A9sz-t%C3%A1borok-%C3%A9s-szaktan%C3%A1csad%C3%A1s" "Mozilla/5.0 (Linux; Android 8.1.0; Lenovo TB-X304L) AppleWebKit/537.36 (KHTML, like Gecko) Chrome/86.0.4240.99 Safari/537.36"
188.157.64.116 - - [02/May/2022:21:48:14 +0200] "GET /content/oktat%C3%A1s-gy%C5%B1r%C5%B1f%C5%B1n HTTP/1.1" 200 16603 "http://www.gyurufu.hu/content/v%C3%A1lyog%C3%A9p%C3%ADt%C3%A9sz-t%C3%A1borok-%C3%A9s-szaktan%C3%A1csad%C3%A1s" "Mozilla/5.0 (Linux; Android 8.1.0; Lenovo TB-X304L) AppleWebKit/537.36 (KHTML, like Gecko) Chrome/86.0.4240.99 Safari/537.36"
188.157.64.116 - - [02/May/2022:21:48:32 +0200] "GET /content/oktat%C3%A1s-gy%C5%B1r%C5%B1f%C5%B1n HTTP/1.1" 200 16603 "http://www.gyurufu.hu/content/v%C3%A1lyog%C3%A9p%C3%ADt%C3%A9sz-t%C3%A1borok-%C3%A9s-szaktan%C3%A1csad%C3%A1s" "Mozilla/5.0 (Linux; Android 8.1.0; Lenovo TB-X304L) AppleWebKit/537.36 (KHTML, like Gecko) Chrome/86.0.4240.99 Safari/537.36"
159.69.45.202 - - [02/May/2022:21:48:54 +0200] "GET /robots.txt HTTP/1.1" 200 1627 "-" "Mozilla/5.0 (compatible; um-IC/1.0; mailto: techinfo@ubermetrics-technologies.com; Windows NT 6.1; WOW64; rv:40.0) Gecko/20100101 Firefox/40.1"
159.69.45.202 - - [02/May/2022:21:48:54 +0200] "GET /rss.xml HTTP/1.1" 200 3891 "-" "Mozilla/5.0 (compatible; um-IC/1.0; mailto: techinfo@ubermetrics-technologies.com; Windows NT 6.1; WOW64; rv:40.0) Gecko/20100101 Firefox/40.1"
54.36.149.26 - - [02/May/2022:21:57:08 +0200] "GET / HTTP/1.1" 200 19611 "-" "Mozilla/5.0 (compatible; AhrefsBot/7.0; +http://ahrefs.com/robot/)"
66.249.66.83 - - [02/May/2022:22:13:11 +0200] "GET /lovastanya/images/lovastanya_emb1.gif HTTP/1.1" 304 - "-" "Googlebot-Image/1.0"
66.249.66.83 - - [02/May/2022:22:14:30 +0200] "GET /content HTTP/1.1" 301 317 "-" "Googlebot/2.1 (+http://www.google.com/bot.html)"
49.12.13.109 - - [02/May/2022:22:30:58 +0200] "HEAD / HTTP/1.1" 200 0 "-" "Alert_Alligator_webmonitoring_service_1.6.3_(alertalligator.com)"
54.36.149.26 - - [02/May/2022:22:38:31 +0200] "GET /content/energia HTTP/1.1" 200 19605 "-" "Mozilla/5.0 (compatible; AhrefsBot/7.0; +http://ahrefs.com/robot/)"
212.237.23.143 - - [02/May/2022:23:39:30 +0200] "HEAD / HTTP/1.1" 200 0 "-" "Alert_Alligator_webmonitoring_service_1.6.4_(alertalligator.com)"
88.99.238.79 - - [02/May/2022:23:49:33 +0200] "GET /ads.txt HTTP/1.0" 404 4549 "-" "Mozilla/5.0 (Windows NT 10.0; Win64; x64; rv:86.0) Gecko/20100101 Firefox/86.0"
66.249.66.83 - - [02/May/2022:23:51:41 +0200] "GET /lovastanya/images/vendeghaz/index.htm HTTP/1.1" 304 - "-" "Mozilla/5.0 (Linux; Android 6.0.1; Nexus 5X Build/MMB29P) AppleWebKit/537.36 (KHTML, like Gecko) Chrome/100.0.4896.127 Mobile Safari/537.36 (compatible; Googlebot/2.1; +http://www.google.com/bot.html)"
150.158.135.134 - - [03/May/2022:00:21:40 +0200] "GET /xmlrpc.php HTTP/1.1" 200 54 "-" "Mozilla/5.0 (Windows NT 6.1; WOW64; rv:45.0) Gecko/20100101 Firefox/45.0"
150.158.135.134 - - [03/May/2022:00:21:41 +0200] "GET /wp-login.php HTTP/1.1" 404 4562 "-" "Mozilla/5.0 (Windows NT 6.1; WOW64; rv:45.0) Gecko/20100101 Firefox/45.0"
49.12.13.109 - - [03/May/2022:00:38:46 +0200] "HEAD / HTTP/1.1" 200 0 "-" "Alert_Alligator_webmonitoring_service_1.6.3_(alertalligator.com)"
51.222.253.2 - - [03/May/2022:00:48:26 +0200] "GET /robots.txt HTTP/1.1" 200 1627 "-" "Mozilla/5.0 (compatible; AhrefsBot/7.0; +http://ahrefs.com/robot/)"
54.36.149.26 - - [03/May/2022:00:48:36 +0200] "GET / HTTP/1.1" 200 19615 "-" "Mozilla/5.0 (compatible; AhrefsBot/7.0; +http://ahrefs.com/robot/)"
212.237.51.151 - - [03/May/2022:01:32:58 +0200] "HEAD / HTTP/1.1" 200 0 "-" "Alert_Alligator_webmonitoring_service_1.6.4_(alertalligator.com)"
152.66.210.34 - - [03/May/2022:01:46:46 +0200] "GET / HTTP/1.1" 200 18776 "https://www.google.com/" "Mozilla/5.0 (Windows NT 10.0; Win64; x64) AppleWebKit/537.36 (KHTML, like Gecko) Chrome/100.0.4896.127 Safari/537.36"
152.66.210.34 - - [03/May/2022:01:46:46 +0200] "GET /modules/nice_menus/nice_menus.css?g HTTP/1.1" 200 3607 "http://www.gyurufu.hu/" "Mozilla/5.0 (Windows NT 10.0; Win64; x64) AppleWebKit/537.36 (KHTML, like Gecko) Chrome/100.0.4896.127 Safari/537.36"
152.66.210.34 - - [03/May/2022:01:46:46 +0200] "GET /modules/photos/photos.css?g HTTP/1.1" 200 5645 "http://www.gyurufu.hu/" "Mozilla/5.0 (Windows NT 10.0; Win64; x64) AppleWebKit/537.36 (KHTML, like Gecko) Chrome/100.0.4896.127 Safari/537.36"
152.66.210.34 - - [03/May/2022:01:46:46 +0200] "GET /modules/system/defaults.css?g HTTP/1.1" 200 757 "http://www.gyurufu.hu/" "Mozilla/5.0 (Windows NT 10.0; Win64; x64) AppleWebKit/537.36 (KHTML, like Gecko) Chrome/100.0.4896.127 Safari/537.36"
152.66.210.34 - - [03/May/2022:01:46:46 +0200] "GET /modules/system/system.css?g HTTP/1.1" 200 10020 "http://www.gyurufu.hu/" "Mozilla/5.0 (Windows NT 10.0; Win64; x64) AppleWebKit/537.36 (KHTML, like Gecko) Chrome/100.0.4896.127 Safari/537.36"
152.66.210.34 - - [03/May/2022:01:46:46 +0200] "GET /modules/node/node.css?g HTTP/1.1" 200 740 "http://www.gyurufu.hu/" "Mozilla/5.0 (Windows NT 10.0; Win64; x64) AppleWebKit/537.36 (KHTML, like Gecko) Chrome/100.0.4896.127 Safari/537.36"
152.66.210.34 - - [03/May/2022:01:46:46 +0200] "GET /modules/nice_menus/nice_menus_default.css?g HTTP/1.1" 200 4978 "http://www.gyurufu.hu/" "Mozilla/5.0 (Windows NT 10.0; Win64; x64) AppleWebKit/537.36 (KHTML, like Gecko) Chrome/100.0.4896.127 Safari/537.36"
152.66.210.34 - - [03/May/2022:01:46:46 +0200] "GET /modules/system/system-menus.css?g HTTP/1.1" 200 935 "http://www.gyurufu.hu/" "Mozilla/5.0 (Windows NT 10.0; Win64; x64) AppleWebKit/537.36 (KHTML, like Gecko) Chrome/100.0.4896.127 Safari/537.36"
152.66.210.34 - - [03/May/2022:01:46:46 +0200] "GET /modules/user/user.css?g HTTP/1.1" 200 1127 "http://www.gyurufu.hu/" "Mozilla/5.0 (Windows NT 10.0; Win64; x64) AppleWebKit/537.36 (KHTML, like Gecko) Chrome/100.0.4896.127 Safari/537.36"
152.66.210.34 - - [03/May/2022:01:46:46 +0200] "GET /themes/aboutpeople/style.css?g HTTP/1.1" 200 32283 "http://www.gyurufu.hu/" "Mozilla/5.0 (Windows NT 10.0; Win64; x64) AppleWebKit/537.36 (KHTML, like Gecko) Chrome/100.0.4896.127 Safari/537.36"
152.66.210.34 - - [03/May/2022:01:46:46 +0200] "GET /misc/jquery.js?g HTTP/1.1" 200 31089 "http://www.gyurufu.hu/" "Mozilla/5.0 (Windows NT 10.0; Win64; x64) AppleWebKit/537.36 (KHTML, like Gecko) Chrome/100.0.4896.127 Safari/537.36"
152.66.210.34 - - [03/May/2022:01:46:46 +0200] "GET /misc/drupal.js?g HTTP/1.1" 200 9745 "http://www.gyurufu.hu/" "Mozilla/5.0 (Windows NT 10.0; Win64; x64) AppleWebKit/537.36 (KHTML, like Gecko) Chrome/100.0.4896.127 Safari/537.36"
152.66.210.34 - - [03/May/2022:01:46:46 +0200] "GET /modules/photos/photos.js?g HTTP/1.1" 200 2409 "http://www.gyurufu.hu/" "Mozilla/5.0 (Windows NT 10.0; Win64; x64) AppleWebKit/537.36 (KHTML, like Gecko) Chrome/100.0.4896.127 Safari/537.36"
152.66.210.34 - - [03/May/2022:01:46:46 +0200] "GET /sites/default/files/languages/hu_8582a244f490b74610256ab428690e24.js?g HTTP/1.1" 200 1838 "http://www.gyurufu.hu/" "Mozilla/5.0 (Windows NT 10.0; Win64; x64) AppleWebKit/537.36 (KHTML, like Gecko) Chrome/100.0.4896.127 Safari/537.36"
152.66.210.34 - - [03/May/2022:01:46:46 +0200] "GET /themes/aboutpeople/img/sticky.gif HTTP/1.1" 200 560 "http://www.gyurufu.hu/" "Mozilla/5.0 (Windows NT 10.0; Win64; x64) AppleWebKit/537.36 (KHTML, like Gecko) Chrome/100.0.4896.127 Safari/537.36"
152.66.210.34 - - [03/May/2022:01:46:46 +0200] "GET /misc/powered-blue-80x15.png HTTP/1.1" 200 1011 "http://www.gyurufu.hu/" "Mozilla/5.0 (Windows NT 10.0; Win64; x64) AppleWebKit/537.36 (KHTML, like Gecko) Chrome/100.0.4896.127 Safari/537.36"
152.66.210.34 - - [03/May/2022:01:46:48 +0200] "GET /themes/aboutpeople/img/bg.gif HTTP/1.1" 200 4764 "http://www.gyurufu.hu/themes/aboutpeople/style.css?g" "Mozilla/5.0 (Windows NT 10.0; Win64; x64) AppleWebKit/537.36 (KHTML, like Gecko) Chrome/100.0.4896.127 Safari/537.36"
152.66.210.34 - - [03/May/2022:01:46:48 +0200] "GET /themes/aboutpeople/img/login_line.png HTTP/1.1" 200 510 "http://www.gyurufu.hu/themes/aboutpeople/style.css?g" "Mozilla/5.0 (Windows NT 10.0; Win64; x64) AppleWebKit/537.36 (KHTML, like Gecko) Chrome/100.0.4896.127 Safari/537.36"
152.66.210.34 - - [03/May/2022:01:46:48 +0200] "GET /themes/aboutpeople/img/menulinks.png HTTP/1.1" 200 1465 "http://www.gyurufu.hu/themes/aboutpeople/style.css?g" "Mozilla/5.0 (Windows NT 10.0; Win64; x64) AppleWebKit/537.36 (KHTML, like Gecko) Chrome/100.0.4896.127 Safari/537.36"
152.66.210.34 - - [03/May/2022:01:46:48 +0200] "GET /themes/aboutpeople/img/down_arrow.png HTTP/1.1" 200 149 "http://www.gyurufu.hu/themes/aboutpeople/style.css?g" "Mozilla/5.0 (Windows NT 10.0; Win64; x64) AppleWebKit/537.36 (KHTML, like Gecko) Chrome/100.0.4896.127 Safari/537.36"
152.66.210.34 - - [03/May/2022:01:46:48 +0200] "GET /themes/aboutpeople/img/slinks.gif HTTP/1.1" 200 487 "http://www.gyurufu.hu/themes/aboutpeople/style.css?g" "Mozilla/5.0 (Windows NT 10.0; Win64; x64) AppleWebKit/537.36 (KHTML, like Gecko) Chrome/100.0.4896.127 Safari/537.36"
152.66.210.34 - - [03/May/2022:01:46:48 +0200] "GET /themes/aboutpeople/img/menuline.png HTTP/1.1" 200 395 "http://www.gyurufu.hu/themes/aboutpeople/style.css?g" "Mozilla/5.0 (Windows NT 10.0; Win64; x64) AppleWebKit/537.36 (KHTML, like Gecko) Chrome/100.0.4896.127 Safari/537.36"
152.66.210.34 - - [03/May/2022:01:46:48 +0200] "GET /themes/aboutpeople/img/bgblock.gif HTTP/1.1" 200 1287 "http://www.gyurufu.hu/themes/aboutpeople/style.css?g" "Mozilla/5.0 (Windows NT 10.0; Win64; x64) AppleWebKit/537.36 (KHTML, like Gecko) Chrome/100.0.4896.127 Safari/537.36"
152.66.210.34 - - [03/May/2022:01:46:48 +0200] "GET /themes/aboutpeople/img/menulinks_corner.png HTTP/1.1" 200 215 "http://www.gyurufu.hu/themes/aboutpeople/style.css?g" "Mozilla/5.0 (Windows NT 10.0; Win64; x64) AppleWebKit/537.36 (KHTML, like Gecko) Chrome/100.0.4896.127 Safari/537.36"
152.66.210.34 - - [03/May/2022:01:46:48 +0200] "GET /themes/aboutpeople/img/use11r.gif HTTP/1.1" 200 1001 "http://www.gyurufu.hu/themes/aboutpeople/style.css?g" "Mozilla/5.0 (Windows NT 10.0; Win64; x64) AppleWebKit/537.36 (KHTML, like Gecko) Chrome/100.0.4896.127 Safari/537.36"
152.66.210.34 - - [03/May/2022:01:46:48 +0200] "GET /themes/aboutpeople/img/login.gif HTTP/1.1" 200 1018 "http://www.gyurufu.hu/themes/aboutpeople/style.css?g" "Mozilla/5.0 (Windows NT 10.0; Win64; x64) AppleWebKit/537.36 (KHTML, like Gecko) Chrome/100.0.4896.127 Safari/537.36"
152.66.210.34 - - [03/May/2022:01:46:48 +0200] "GET /themes/aboutpeople/img/slinksover.gif HTTP/1.1" 200 478 "http://www.gyurufu.hu/themes/aboutpeople/style.css?g" "Mozilla/5.0 (Windows NT 10.0; Win64; x64) AppleWebKit/537.36 (KHTML, like Gecko) Chrome/100.0.4896.127 Safari/537.36"
152.66.210.34 - - [03/May/2022:01:46:48 +0200] "GET /themes/aboutpeople/img/down_arrow_hover.png HTTP/1.1" 200 115 "http://www.gyurufu.hu/themes/aboutpeople/style.css?g" "Mozilla/5.0 (Windows NT 10.0; Win64; x64) AppleWebKit/537.36 (KHTML, like Gecko) Chrome/100.0.4896.127 Safari/537.36"
152.66.210.34 - - [03/May/2022:01:46:48 +0200] "GET /modules/nice_menus/arrow-right.png HTTP/1.1" 200 258 "http://www.gyurufu.hu/modules/nice_menus/nice_menus_default.css?g" "Mozilla/5.0 (Windows NT 10.0; Win64; x64) AppleWebKit/537.36 (KHTML, like Gecko) Chrome/100.0.4896.127 Safari/537.36"
152.66.210.34 - - [03/May/2022:01:46:48 +0200] "GET /themes/aboutpeople/img/readmore.gif HTTP/1.1" 200 366 "http://www.gyurufu.hu/themes/aboutpeople/style.css?g" "Mozilla/5.0 (Windows NT 10.0; Win64; x64) AppleWebKit/537.36 (KHTML, like Gecko) Chrome/100.0.4896.127 Safari/537.36"
152.66.210.34 - - [03/May/2022:01:46:49 +0200] "GET /themes/aboutpeople/img/banners/rotate.php HTTP/1.1" 200 38338 "http://www.gyurufu.hu/themes/aboutpeople/style.css?g" "Mozilla/5.0 (Windows NT 10.0; Win64; x64) AppleWebKit/537.36 (KHTML, like Gecko) Chrome/100.0.4896.127 Safari/537.36"
152.66.210.34 - - [03/May/2022:01:46:49 +0200] "GET /favicon.ico HTTP/1.1" 404 57 "http://www.gyurufu.hu/" "Mozilla/5.0 (Windows NT 10.0; Win64; x64) AppleWebKit/537.36 (KHTML, like Gecko) Chrome/100.0.4896.127 Safari/537.36"
157.90.182.26 - - [03/May/2022:01:50:32 +0200] "GET /robots.txt HTTP/1.1" 200 1627 "-" "Mozilla/5.0 (compatible; BLEXBot/1.0; +http://webmeup-crawler.com/)"
157.90.182.26 - - [03/May/2022:01:50:35 +0200] "GET /sitemap HTTP/1.1" 404 4562 "-" "Mozilla/5.0 (compatible; BLEXBot/1.0; +http://webmeup-crawler.com/)"
157.90.182.26 - - [03/May/2022:01:50:42 +0200] "GET /robots.txt HTTP/1.1" 200 1627 "-" "Mozilla/5.0 (compatible; BLEXBot/1.0; +http://webmeup-crawler.com/)"
157.90.182.26 - - [03/May/2022:01:50:45 +0200] "GET /sitemap HTTP/1.1" 404 4562 "-" "Mozilla/5.0 (compatible; BLEXBot/1.0; +http://webmeup-crawler.com/)"
157.90.182.26 - - [03/May/2022:01:51:13 +0200] "GET /sitemap.txt HTTP/1.1" 404 4562 "-" "Mozilla/5.0 (compatible; BLEXBot/1.0; +http://webmeup-crawler.com/)"
157.90.182.26 - - [03/May/2022:01:51:21 +0200] "GET /sitemap.txt HTTP/1.1" 404 4562 "-" "Mozilla/5.0 (compatible; BLEXBot/1.0; +http://webmeup-crawler.com/)"
84.225.178.29 - - [03/May/2022:01:58:16 +0200] "GET / HTTP/1.1" 200 19615 "-" "Mozilla/5.0 (iPhone; CPU iPhone OS 15_4_1 like Mac OS X) AppleWebKit/605.1.15 (KHTML, like Gecko) Version/15.4 Mobile/15E148 Safari/604.1"
84.225.161.97 - - [03/May/2022:02:08:44 +0200] "GET / HTTP/1.1" 200 19615 "-" "Mozilla/5.0 (iPhone; CPU iPhone OS 15_4_1 like Mac OS X) AppleWebKit/605.1.15 (KHTML, like Gecko) Version/15.4 Mobile/15E148 Safari/604.1"
54.36.149.26 - - [03/May/2022:02:10:43 +0200] "GET /content/%C3%A9p%C3%ADt%C3%A9szet HTTP/1.1" 200 19270 "-" "Mozilla/5.0 (compatible; AhrefsBot/7.0; +http://ahrefs.com/robot/)"
51.222.253.12 - - [03/May/2022:02:27:11 +0200] "GET /robots.txt HTTP/1.1" 200 1627 "-" "Mozilla/5.0 (compatible; AhrefsBot/7.0; +http://ahrefs.com/robot/)"
17.121.112.230 - - [03/May/2022:02:35:34 +0200] "GET /robots.txt HTTP/1.1" 200 1627 "-" "Mozilla/5.0 (Macintosh; Intel Mac OS X 10_15_5) AppleWebKit/605.1.15 (KHTML, like Gecko) Version/13.1.1 Safari/605.1.15 (Applebot/0.1; +http://www.apple.com/go/applebot)"
212.237.23.143 - - [03/May/2022:02:39:14 +0200] "HEAD / HTTP/1.1" 200 0 "-" "Alert_Alligator_webmonitoring_service_1.6.4_(alertalligator.com)"
17.121.114.115 - - [03/May/2022:02:53:27 +0200] "GET /robots.txt HTTP/1.1" 200 1627 "-" "Mozilla/5.0 (Macintosh; Intel Mac OS X 10_15_5) AppleWebKit/605.1.15 (KHTML, like Gecko) Version/13.1.1 Safari/605.1.15 (Applebot/0.1; +http://www.apple.com/go/applebot)"
124.220.24.137 - - [03/May/2022:02:54:44 +0200] "GET /wp-login.php HTTP/1.1" 404 4562 "-" "Mozilla/5.0 (Linux; Android 6.0; Nexus 5 Build/MRA58N) AppleWebKit/537.36 (KHTML, like Gecko) Chrome/81.0.4044.138 Mobile Safari/537.36"
54.158.43.60 - - [03/May/2022:03:21:49 +0200] "GET /rss.xml HTTP/1.1" 200 3891 "https://www.google.com/" "Mozilla/5.0 (Macintosh; Intel Mac OS X 10_14_6) AppleWebKit/605.1.15 (KHTML, like Gecko) Version/13.0.5 Safari/605.1.15"
212.237.51.151 - - [03/May/2022:03:32:19 +0200] "HEAD / HTTP/1.1" 200 0 "-" "Alert_Alligator_webmonitoring_service_1.6.4_(alertalligator.com)"
54.36.149.26 - - [03/May/2022:03:42:45 +0200] "GET /content/k%C3%B6sz%C3%B6nt%C3%BCnk-gy%C5%B1r%C5%B1f%C5%B1n HTTP/1.1" 200 16685 "-" "Mozilla/5.0 (compatible; AhrefsBot/7.0; +http://ahrefs.com/robot/)"
159.69.45.202 - - [03/May/2022:03:48:31 +0200] "GET /robots.txt HTTP/1.1" 200 1627 "-" "Mozilla/5.0 (compatible; um-IC/1.0; mailto: techinfo@ubermetrics-technologies.com; Windows NT 6.1; WOW64; rv:40.0) Gecko/20100101 Firefox/40.1"
159.69.45.202 - - [03/May/2022:03:48:31 +0200] "GET /rss.xml HTTP/1.1" 200 3891 "-" "Mozilla/5.0 (compatible; um-IC/1.0; mailto: techinfo@ubermetrics-technologies.com; Windows NT 6.1; WOW64; rv:40.0) Gecko/20100101 Firefox/40.1"
49.12.13.109 - - [03/May/2022:04:31:24 +0200] "HEAD / HTTP/1.1" 200 0 "-" "Alert_Alligator_webmonitoring_service_1.6.3_(alertalligator.com)"
54.36.149.26 - - [03/May/2022:04:36:19 +0200] "GET /user/password HTTP/1.1" 200 15868 "-" "Mozilla/5.0 (compatible; AhrefsBot/7.0; +http://ahrefs.com/robot/)"
92.204.219.29 - - [03/May/2022:04:39:44 +0200] "GET /wordpress/ HTTP/1.1" 404 4562 "-" "-"
167.71.100.180 - - [03/May/2022:04:56:31 +0200] "GET / HTTP/1.0" 200 19602 "-" "Mozilla/5.0 (compatible; NetcraftSurveyAgent/1.0; +info@netcraft.com)"
66.249.66.83 - - [03/May/2022:04:59:14 +0200] "GET /rss.xml HTTP/1.1" 200 3891 "-" "Mozilla/5.0 (Linux; Android 6.0.1; Nexus 5X Build/MMB29P) AppleWebKit/537.36 (KHTML, like Gecko) Chrome/100.0.4896.127 Mobile Safari/537.36 (compatible; Googlebot/2.1; +http://www.google.com/bot.html)"
54.36.149.26 - - [03/May/2022:05:12:23 +0200] "GET /content/term%C3%A9szetv%C3%A9delem HTTP/1.1" 200 26936 "-" "Mozilla/5.0 (compatible; AhrefsBot/7.0; +http://ahrefs.com/robot/)"
49.12.13.109 - - [03/May/2022:05:30:51 +0200] "HEAD / HTTP/1.1" 200 0 "-" "Alert_Alligator_webmonitoring_service_1.6.3_(alertalligator.com)"
207.46.13.174 - - [03/May/2022:05:34:17 +0200] "GET / HTTP/1.1" 200 19611 "-" "Mozilla/5.0 (compatible; bingbot/2.0; +http://www.bing.com/bingbot.htm)"
212.102.41.31 - - [03/May/2022:05:47:20 +0200] "GET / HTTP/1.1" 200 19611 "-" "Mozilla/5.0 (Windows; U; Windows NT 6.1; en-US; rv:1.9.1.5) Gecko/20091102 Firefox/3.5.5 (.NET CLR 3.5.30729)"
54.36.149.26 - - [03/May/2022:05:49:29 +0200] "GET / HTTP/1.1" 200 19611 "-" "Mozilla/5.0 (compatible; AhrefsBot/7.0; +http://ahrefs.com/robot/)"
54.36.149.26 - - [03/May/2022:06:00:55 +0200] "GET /content/alapelvek HTTP/1.1" 200 20160 "-" "Mozilla/5.0 (compatible; AhrefsBot/7.0; +http://ahrefs.com/robot/)"
40.77.167.99 - - [03/May/2022:06:03:05 +0200] "GET /robots.txt HTTP/1.1" 200 1627 "-" "Mozilla/5.0 (compatible; bingbot/2.0; +http://www.bing.com/bingbot.htm)"
207.46.13.174 - - [03/May/2022:06:03:10 +0200] "GET / HTTP/1.1" 200 19615 "-" "Mozilla/5.0 (compatible; bingbot/2.0; +http://www.bing.com/bingbot.htm)"
89.135.143.113 - - [03/May/2022:06:03:47 +0200] "GET /lovastanya/index.html HTTP/1.1" 200 1449 "http://tundermajor.net/" "Mozilla/5.0 (Linux; Android 11; Redmi Note 8T) AppleWebKit/537.36 (KHTML, like Gecko) Chrome/101.0.4951.41 Mobile Safari/537.36"
89.135.143.113 - - [03/May/2022:06:03:47 +0200] "GET /lovastanya/fejlec.html HTTP/1.1" 200 976 "http://www.gyurufu.hu/lovastanya/index.html" "Mozilla/5.0 (Linux; Android 11; Redmi Note 8T) AppleWebKit/537.36 (KHTML, like Gecko) Chrome/101.0.4951.41 Mobile Safari/537.36"
89.135.143.113 - - [03/May/2022:06:03:47 +0200] "GET /lovastanya/navbar.html HTTP/1.1" 200 6160 "http://www.gyurufu.hu/lovastanya/index.html" "Mozilla/5.0 (Linux; Android 11; Redmi Note 8T) AppleWebKit/537.36 (KHTML, like Gecko) Chrome/101.0.4951.41 Mobile Safari/537.36"
89.135.143.113 - - [03/May/2022:06:03:47 +0200] "GET /lovastanya/bemutatkozas.html HTTP/1.1" 200 6933 "http://www.gyurufu.hu/lovastanya/index.html" "Mozilla/5.0 (Linux; Android 11; Redmi Note 8T) AppleWebKit/537.36 (KHTML, like Gecko) Chrome/101.0.4951.41 Mobile Safari/537.36"
89.135.143.113 - - [03/May/2022:06:03:47 +0200] "GET /lovastanya/jobbkeret.html HTTP/1.1" 200 1546 "http://www.gyurufu.hu/lovastanya/index.html" "Mozilla/5.0 (Linux; Android 11; Redmi Note 8T) AppleWebKit/537.36 (KHTML, like Gecko) Chrome/101.0.4951.41 Mobile Safari/537.36"
89.135.143.113 - - [03/May/2022:06:03:47 +0200] "GET /lovastanya/lovastanya_fej.css HTTP/1.1" 200 6259 "http://www.gyurufu.hu/lovastanya/fejlec.html" "Mozilla/5.0 (Linux; Android 11; Redmi Note 8T) AppleWebKit/537.36 (KHTML, like Gecko) Chrome/101.0.4951.41 Mobile Safari/537.36"
89.135.143.113 - - [03/May/2022:06:03:47 +0200] "GET /lovastanya/lovastanya.css HTTP/1.1" 200 8894 "http://www.gyurufu.hu/lovastanya/bemutatkozas.html" "Mozilla/5.0 (Linux; Android 11; Redmi Note 8T) AppleWebKit/537.36 (KHTML, like Gecko) Chrome/101.0.4951.41 Mobile Safari/537.36"
89.135.143.113 - - [03/May/2022:06:03:47 +0200] "GET /lovastanya/images/glbnav_left.gif HTTP/1.1" 200 194 "http://www.gyurufu.hu/lovastanya/navbar.html" "Mozilla/5.0 (Linux; Android 11; Redmi Note 8T) AppleWebKit/537.36 (KHTML, like Gecko) Chrome/101.0.4951.41 Mobile Safari/537.36"
89.135.143.113 - - [03/May/2022:06:03:47 +0200] "GET /lovastanya/images/gyurufu_280.jpg HTTP/1.1" 200 11188 "http://www.gyurufu.hu/lovastanya/bemutatkozas.html" "Mozilla/5.0 (Linux; Android 11; Redmi Note 8T) AppleWebKit/537.36 (KHTML, like Gecko) Chrome/101.0.4951.41 Mobile Safari/537.36"
89.135.143.113 - - [03/May/2022:06:03:47 +0200] "GET /lovastanya/images/lovastanya_emb1.gif HTTP/1.1" 200 8238 "http://www.gyurufu.hu/lovastanya/fejlec.html" "Mozilla/5.0 (Linux; Android 11; Redmi Note 8T) AppleWebKit/537.36 (KHTML, like Gecko) Chrome/101.0.4951.41 Mobile Safari/537.36"
89.135.143.113 - - [03/May/2022:06:03:47 +0200] "GET /lovastanya/images/veronika_emb.gif HTTP/1.1" 200 4951 "http://www.gyurufu.hu/lovastanya/jobbkeret.html" "Mozilla/5.0 (Linux; Android 11; Redmi Note 8T) AppleWebKit/537.36 (KHTML, like Gecko) Chrome/101.0.4951.41 Mobile Safari/537.36"
89.135.143.113 - - [03/May/2022:06:03:47 +0200] "GET /lovastanya/images/gym_emb1.gif HTTP/1.1" 200 1469 "http://www.gyurufu.hu/lovastanya/jobbkeret.html" "Mozilla/5.0 (Linux; Android 11; Redmi Note 8T) AppleWebKit/537.36 (KHTML, like Gecko) Chrome/101.0.4951.41 Mobile Safari/537.36"
89.135.143.113 - - [03/May/2022:06:03:47 +0200] "GET /lovastanya/images/glbnav_right.gif HTTP/1.1" 200 194 "http://www.gyurufu.hu/lovastanya/navbar.html" "Mozilla/5.0 (Linux; Android 11; Redmi Note 8T) AppleWebKit/537.36 (KHTML, like Gecko) Chrome/101.0.4951.41 Mobile Safari/537.36"
89.135.143.113 - - [03/May/2022:06:03:47 +0200] "GET /lovastanya/images/fejlec_backgr.gif HTTP/1.1" 200 26598 "http://www.gyurufu.hu/lovastanya/fejlec.html" "Mozilla/5.0 (Linux; Android 11; Redmi Note 8T) AppleWebKit/537.36 (KHTML, like Gecko) Chrome/101.0.4951.41 Mobile Safari/537.36"
89.135.143.113 - - [03/May/2022:06:03:47 +0200] "GET /lovastanya/images/navbar_backgr.gif HTTP/1.1" 200 22429 "http://www.gyurufu.hu/lovastanya/navbar.html" "Mozilla/5.0 (Linux; Android 11; Redmi Note 8T) AppleWebKit/537.36 (KHTML, like Gecko) Chrome/101.0.4951.41 Mobile Safari/537.36"
89.135.143.113 - - [03/May/2022:06:03:48 +0200] "GET /lovastanya/images/glbnav_background.gif HTTP/1.1" 200 496 "http://www.gyurufu.hu/lovastanya/lovastanya_fej.css" "Mozilla/5.0 (Linux; Android 11; Redmi Note 8T) AppleWebKit/537.36 (KHTML, like Gecko) Chrome/101.0.4951.41 Mobile Safari/537.36"
89.135.143.113 - - [03/May/2022:06:03:48 +0200] "GET /lovastanya/images/vhaz_osz.jpg HTTP/1.1" 200 13627 "http://www.gyurufu.hu/lovastanya/bemutatkozas.html" "Mozilla/5.0 (Linux; Android 11; Redmi Note 8T) AppleWebKit/537.36 (KHTML, like Gecko) Chrome/101.0.4951.41 Mobile Safari/537.36"
89.135.143.113 - - [03/May/2022:06:03:48 +0200] "GET /lovastanya/images/lorol_280.jpg HTTP/1.1" 200 13259 "http://www.gyurufu.hu/lovastanya/bemutatkozas.html" "Mozilla/5.0 (Linux; Android 11; Redmi Note 8T) AppleWebKit/537.36 (KHTML, like Gecko) Chrome/101.0.4951.41 Mobile Safari/537.36"
89.135.143.113 - - [03/May/2022:06:03:48 +0200] "GET /favicon.ico HTTP/1.1" 404 57 "http://www.gyurufu.hu/lovastanya/index.html" "Mozilla/5.0 (Linux; Android 11; Redmi Note 8T) AppleWebKit/537.36 (KHTML, like Gecko) Chrome/101.0.4951.41 Mobile Safari/537.36"
66.249.66.84 - - [03/May/2022:06:09:37 +0200] "GET /lovastanya/ HTTP/1.1" 200 1461 "-" "Mozilla/5.0 (Linux; Android 6.0.1; Nexus 5X Build/MMB29P) AppleWebKit/537.36 (KHTML, like Gecko) Chrome/100.0.4896.127 Mobile Safari/537.36 (compatible; Googlebot/2.1; +http://www.google.com/bot.html)"
66.249.66.83 - - [03/May/2022:06:09:40 +0200] "GET /lovastanya/bemutatkozas.html HTTP/1.1" 200 6933 "http://www.gyurufu.hu/lovastanya/" "Mozilla/5.0 (Linux; Android 6.0.1; Nexus 5X Build/MMB29P) AppleWebKit/537.36 (KHTML, like Gecko) Chrome/100.0.4896.127 Mobile Safari/537.36 (compatible; Googlebot/2.1; +http://www.google.com/bot.html)"
216.244.66.227 - - [03/May/2022:06:09:41 +0200] "GET /robots.txt HTTP/1.1" 200 1627 "-" "Mozilla/5.0 (compatible; DotBot/1.2; +https://opensiteexplorer.org/dotbot; help@moz.com)"
216.244.66.227 - - [03/May/2022:06:09:41 +0200] "GET /robots.txt HTTP/1.1" 200 1627 "-" "Mozilla/5.0 (compatible; DotBot/1.2; +https://opensiteexplorer.org/dotbot; help@moz.com)"
216.244.66.227 - - [03/May/2022:06:12:44 +0200] "GET /content/lovastanya-vend%C3%A9gh%C3%A1z-falusi-sz%C3%A1ll%C3%A1shely-baranya-sz%C3%A1ll%C3%A1s-baranya-apartman-baranya-%C3%B6koturizmus HTTP/1.1" 200 18777 "-" "Mozilla/5.0 (compatible; DotBot/1.2; +https://opensiteexplorer.org/dotbot; help@moz.com)"
216.244.66.227 - - [03/May/2022:06:12:56 +0200] "GET /content/ny%C3%ADlt-napok-%C3%A9s-bemutat%C3%B3k HTTP/1.1" 200 17416 "-" "Mozilla/5.0 (compatible; DotBot/1.2; +https://opensiteexplorer.org/dotbot; help@moz.com)"
54.36.149.26 - - [03/May/2022:06:13:04 +0200] "GET /erdeiiskola/index.html HTTP/1.1" 200 942 "-" "Mozilla/5.0 (compatible; AhrefsBot/7.0; +http://ahrefs.com/robot/)"
54.36.149.26 - - [03/May/2022:06:26:37 +0200] "GET /content/gy%C5%B1r%C5%B1f%C5%B1i-tal%C3%A1lkoz%C3%A1sok HTTP/1.1" 200 21494 "-" "Mozilla/5.0 (compatible; AhrefsBot/7.0; +http://ahrefs.com/robot/)"
212.237.23.143 - - [03/May/2022:06:37:13 +0200] "HEAD / HTTP/1.1" 200 0 "-" "Alert_Alligator_webmonitoring_service_1.6.4_(alertalligator.com)"
54.36.149.26 - - [03/May/2022:06:41:03 +0200] "GET /content/gy%C5%B1r%C5%B1f%C5%B1-m%C5%B1hely-kft HTTP/1.1" 200 17788 "-" "Mozilla/5.0 (compatible; AhrefsBot/7.0; +http://ahrefs.com/robot/)"
54.36.149.26 - - [03/May/2022:06:45:40 +0200] "GET /content/alapelvek HTTP/1.1" 200 20160 "-" "Mozilla/5.0 (compatible; AhrefsBot/7.0; +http://ahrefs.com/robot/)"
54.36.149.26 - - [03/May/2022:06:57:10 +0200] "GET /content/v%C3%ADzgazd%C3%A1lkod%C3%A1s HTTP/1.1" 200 20152 "-" "Mozilla/5.0 (compatible; AhrefsBot/7.0; +http://ahrefs.com/robot/)"
157.55.39.114 - - [03/May/2022:06:59:55 +0200] "GET /content/ny%C3%ADlt-napok-%C3%A9s-bemutat%C3%B3k HTTP/1.1" 200 17416 "-" "Mozilla/5.0 (compatible; bingbot/2.0; +http://www.bing.com/bingbot.htm)"
187.85.16.173 - - [03/May/2022:07:06:11 +0200] "GET / HTTP/1.1" 200 19611 "-" "Mozilla/5.0 (compatible; Googlebot/2.1; +http://www.google.com/bot.html)"
54.36.149.26 - - [03/May/2022:07:08:56 +0200] "GET /content/egyes%C3%BClet HTTP/1.1" 200 18424 "-" "Mozilla/5.0 (compatible; AhrefsBot/7.0; +http://ahrefs.com/robot/)"
5.187.146.68 - - [03/May/2022:07:16:25 +0200] "GET /lovastanya/index.html HTTP/1.1" 200 1449 "http://tundermajor.net/" "Mozilla/5.0 (Linux; Android 9; Redmi Note 7 Build/PKQ1.180904.001; wv) AppleWebKit/537.36 (KHTML, like Gecko) Version/4.0 Chrome/101.0.4951.41 Mobile Safari/537.36 [FB_IAB/FB4A;FBAV/364.1.0.25.132;]"
5.187.146.68 - - [03/May/2022:07:16:26 +0200] "GET /lovastanya/navbar.html HTTP/1.1" 200 6160 "http://www.gyurufu.hu/lovastanya/index.html" "Mozilla/5.0 (Linux; Android 9; Redmi Note 7 Build/PKQ1.180904.001; wv) AppleWebKit/537.36 (KHTML, like Gecko) Version/4.0 Chrome/101.0.4951.41 Mobile Safari/537.36 [FB_IAB/FB4A;FBAV/364.1.0.25.132;]"
5.187.146.68 - - [03/May/2022:07:16:26 +0200] "GET /lovastanya/fejlec.html HTTP/1.1" 200 976 "http://www.gyurufu.hu/lovastanya/index.html" "Mozilla/5.0 (Linux; Android 9; Redmi Note 7 Build/PKQ1.180904.001; wv) AppleWebKit/537.36 (KHTML, like Gecko) Version/4.0 Chrome/101.0.4951.41 Mobile Safari/537.36 [FB_IAB/FB4A;FBAV/364.1.0.25.132;]"
5.187.146.68 - - [03/May/2022:07:16:26 +0200] "GET /lovastanya/jobbkeret.html HTTP/1.1" 200 1546 "http://www.gyurufu.hu/lovastanya/index.html" "Mozilla/5.0 (Linux; Android 9; Redmi Note 7 Build/PKQ1.180904.001; wv) AppleWebKit/537.36 (KHTML, like Gecko) Version/4.0 Chrome/101.0.4951.41 Mobile Safari/537.36 [FB_IAB/FB4A;FBAV/364.1.0.25.132;]"
5.187.146.68 - - [03/May/2022:07:16:26 +0200] "GET /lovastanya/bemutatkozas.html HTTP/1.1" 200 6933 "http://www.gyurufu.hu/lovastanya/index.html" "Mozilla/5.0 (Linux; Android 9; Redmi Note 7 Build/PKQ1.180904.001; wv) AppleWebKit/537.36 (KHTML, like Gecko) Version/4.0 Chrome/101.0.4951.41 Mobile Safari/537.36 [FB_IAB/FB4A;FBAV/364.1.0.25.132;]"
5.187.146.68 - - [03/May/2022:07:16:26 +0200] "GET /lovastanya/lovastanya_fej.css HTTP/1.1" 200 6259 "http://www.gyurufu.hu/lovastanya/navbar.html" "Mozilla/5.0 (Linux; Android 9; Redmi Note 7 Build/PKQ1.180904.001; wv) AppleWebKit/537.36 (KHTML, like Gecko) Version/4.0 Chrome/101.0.4951.41 Mobile Safari/537.36 [FB_IAB/FB4A;FBAV/364.1.0.25.132;]"
5.187.146.68 - - [03/May/2022:07:16:26 +0200] "GET /lovastanya/images/glbnav_left.gif HTTP/1.1" 200 194 "http://www.gyurufu.hu/lovastanya/navbar.html" "Mozilla/5.0 (Linux; Android 9; Redmi Note 7 Build/PKQ1.180904.001; wv) AppleWebKit/537.36 (KHTML, like Gecko) Version/4.0 Chrome/101.0.4951.41 Mobile Safari/537.36 [FB_IAB/FB4A;FBAV/364.1.0.25.132;]"
5.187.146.68 - - [03/May/2022:07:16:26 +0200] "GET /lovastanya/lovastanya.css HTTP/1.1" 200 8894 "http://www.gyurufu.hu/lovastanya/jobbkeret.html" "Mozilla/5.0 (Linux; Android 9; Redmi Note 7 Build/PKQ1.180904.001; wv) AppleWebKit/537.36 (KHTML, like Gecko) Version/4.0 Chrome/101.0.4951.41 Mobile Safari/537.36 [FB_IAB/FB4A;FBAV/364.1.0.25.132;]"
5.187.146.68 - - [03/May/2022:07:16:26 +0200] "GET /lovastanya/images/glbnav_right.gif HTTP/1.1" 200 194 "http://www.gyurufu.hu/lovastanya/navbar.html" "Mozilla/5.0 (Linux; Android 9; Redmi Note 7 Build/PKQ1.180904.001; wv) AppleWebKit/537.36 (KHTML, like Gecko) Version/4.0 Chrome/101.0.4951.41 Mobile Safari/537.36 [FB_IAB/FB4A;FBAV/364.1.0.25.132;]"
5.187.146.68 - - [03/May/2022:07:16:26 +0200] "GET /lovastanya/images/lovastanya_emb1.gif HTTP/1.1" 200 8238 "http://www.gyurufu.hu/lovastanya/fejlec.html" "Mozilla/5.0 (Linux; Android 9; Redmi Note 7 Build/PKQ1.180904.001; wv) AppleWebKit/537.36 (KHTML, like Gecko) Version/4.0 Chrome/101.0.4951.41 Mobile Safari/537.36 [FB_IAB/FB4A;FBAV/364.1.0.25.132;]"
5.187.146.68 - - [03/May/2022:07:16:26 +0200] "GET /lovastanya/images/gyurufu_280.jpg HTTP/1.1" 200 11188 "http://www.gyurufu.hu/lovastanya/bemutatkozas.html" "Mozilla/5.0 (Linux; Android 9; Redmi Note 7 Build/PKQ1.180904.001; wv) AppleWebKit/537.36 (KHTML, like Gecko) Version/4.0 Chrome/101.0.4951.41 Mobile Safari/537.36 [FB_IAB/FB4A;FBAV/364.1.0.25.132;]"
5.187.146.68 - - [03/May/2022:07:16:26 +0200] "GET /lovastanya/images/veronika_emb.gif HTTP/1.1" 200 4951 "http://www.gyurufu.hu/lovastanya/jobbkeret.html" "Mozilla/5.0 (Linux; Android 9; Redmi Note 7 Build/PKQ1.180904.001; wv) AppleWebKit/537.36 (KHTML, like Gecko) Version/4.0 Chrome/101.0.4951.41 Mobile Safari/537.36 [FB_IAB/FB4A;FBAV/364.1.0.25.132;]"
5.187.146.68 - - [03/May/2022:07:16:26 +0200] "GET /lovastanya/images/navbar_backgr.gif HTTP/1.1" 200 22429 "http://www.gyurufu.hu/lovastanya/navbar.html" "Mozilla/5.0 (Linux; Android 9; Redmi Note 7 Build/PKQ1.180904.001; wv) AppleWebKit/537.36 (KHTML, like Gecko) Version/4.0 Chrome/101.0.4951.41 Mobile Safari/537.36 [FB_IAB/FB4A;FBAV/364.1.0.25.132;]"
5.187.146.68 - - [03/May/2022:07:16:26 +0200] "GET /lovastanya/images/gym_emb1.gif HTTP/1.1" 200 1469 "http://www.gyurufu.hu/lovastanya/jobbkeret.html" "Mozilla/5.0 (Linux; Android 9; Redmi Note 7 Build/PKQ1.180904.001; wv) AppleWebKit/537.36 (KHTML, like Gecko) Version/4.0 Chrome/101.0.4951.41 Mobile Safari/537.36 [FB_IAB/FB4A;FBAV/364.1.0.25.132;]"
5.187.146.68 - - [03/May/2022:07:16:26 +0200] "GET /lovastanya/images/glbnav_background.gif HTTP/1.1" 200 496 "http://www.gyurufu.hu/lovastanya/lovastanya_fej.css" "Mozilla/5.0 (Linux; Android 9; Redmi Note 7 Build/PKQ1.180904.001; wv) AppleWebKit/537.36 (KHTML, like Gecko) Version/4.0 Chrome/101.0.4951.41 Mobile Safari/537.36 [FB_IAB/FB4A;FBAV/364.1.0.25.132;]"
5.187.146.68 - - [03/May/2022:07:16:26 +0200] "GET /lovastanya/images/fejlec_backgr.gif HTTP/1.1" 200 26598 "http://www.gyurufu.hu/lovastanya/fejlec.html" "Mozilla/5.0 (Linux; Android 9; Redmi Note 7 Build/PKQ1.180904.001; wv) AppleWebKit/537.36 (KHTML, like Gecko) Version/4.0 Chrome/101.0.4951.41 Mobile Safari/537.36 [FB_IAB/FB4A;FBAV/364.1.0.25.132;]"
5.187.146.68 - - [03/May/2022:07:16:26 +0200] "GET /lovastanya/images/vhaz_osz.jpg HTTP/1.1" 200 13627 "http://www.gyurufu.hu/lovastanya/bemutatkozas.html" "Mozilla/5.0 (Linux; Android 9; Redmi Note 7 Build/PKQ1.180904.001; wv) AppleWebKit/537.36 (KHTML, like Gecko) Version/4.0 Chrome/101.0.4951.41 Mobile Safari/537.36 [FB_IAB/FB4A;FBAV/364.1.0.25.132;]"
5.187.146.68 - - [03/May/2022:07:16:26 +0200] "GET /lovastanya/images/lorol_280.jpg HTTP/1.1" 200 13259 "http://www.gyurufu.hu/lovastanya/bemutatkozas.html" "Mozilla/5.0 (Linux; Android 9; Redmi Note 7 Build/PKQ1.180904.001; wv) AppleWebKit/537.36 (KHTML, like Gecko) Version/4.0 Chrome/101.0.4951.41 Mobile Safari/537.36 [FB_IAB/FB4A;FBAV/364.1.0.25.132;]"
5.187.146.68 - - [03/May/2022:07:16:26 +0200] "GET /favicon.ico HTTP/1.1" 404 57 "http://www.gyurufu.hu/lovastanya/index.html" "Mozilla/5.0 (Linux; Android 9; Redmi Note 7 Build/PKQ1.180904.001; wv) AppleWebKit/537.36 (KHTML, like Gecko) Version/4.0 Chrome/101.0.4951.41 Mobile Safari/537.36 [FB_IAB/FB4A;FBAV/364.1.0.25.132;]"
5.187.146.68 - - [03/May/2022:07:16:35 +0200] "GET /lovastanya/images/glbnav_hover.gif HTTP/1.1" 200 523 "http://www.gyurufu.hu/lovastanya/lovastanya_fej.css" "Mozilla/5.0 (Linux; Android 9; Redmi Note 7 Build/PKQ1.180904.001; wv) AppleWebKit/537.36 (KHTML, like Gecko) Version/4.0 Chrome/101.0.4951.41 Mobile Safari/537.36 [FB_IAB/FB4A;FBAV/364.1.0.25.132;]"
5.187.146.68 - - [03/May/2022:07:16:35 +0200] "GET /lovastanya/szolgaltatas.html HTTP/1.1" 200 0 "http://www.gyurufu.hu/lovastanya/navbar.html" "Mozilla/5.0 (Linux; Android 9; Redmi Note 7 Build/PKQ1.180904.001; wv) AppleWebKit/537.36 (KHTML, like Gecko) Version/4.0 Chrome/101.0.4951.41 Mobile Safari/537.36 [FB_IAB/FB4A;FBAV/364.1.0.25.132;]"
54.36.149.26 - - [03/May/2022:07:21:25 +0200] "GET /content/gy%C5%B1r%C5%B1f%C5%B1-facebook HTTP/1.1" 200 16513 "-" "Mozilla/5.0 (compatible; AhrefsBot/7.0; +http://ahrefs.com/robot/)"
185.191.171.17 - - [03/May/2022:07:25:10 +0200] "GET /robots.txt HTTP/1.1" 200 1627 "-" "Mozilla/5.0 (compatible; SemrushBot/7~bl; +http://www.semrush.com/bot.html)"
185.191.171.8 - - [03/May/2022:07:25:12 +0200] "GET /content/%C3%BAj-gy%C5%B1r%C5%B1f%C5%B1 HTTP/1.1" 200 20889 "-" "Mozilla/5.0 (compatible; SemrushBot/7~bl; +http://www.semrush.com/bot.html)"
212.237.51.151 - - [03/May/2022:07:29:11 +0200] "HEAD / HTTP/1.1" 200 0 "-" "Alert_Alligator_webmonitoring_service_1.6.4_(alertalligator.com)"
54.36.149.26 - - [03/May/2022:07:34:04 +0200] "GET /content/az-egyes%C3%BClet-tags%C3%A1ga HTTP/1.1" 200 18873 "-" "Mozilla/5.0 (compatible; AhrefsBot/7.0; +http://ahrefs.com/robot/)"
207.46.13.181 - - [03/May/2022:07:36:55 +0200] "GET /content/szent-l%C3%A1szl%C3%B3-tan%C3%B6sv%C3%A9ny HTTP/1.1" 200 20370 "-" "Mozilla/5.0 (compatible; bingbot/2.0; +http://www.bing.com/bingbot.htm)"
54.36.149.26 - - [03/May/2022:07:46:47 +0200] "GET /content/r%C3%A9sz%C3%B6nkorm%C3%A1nyzat HTTP/1.1" 200 16543 "-" "Mozilla/5.0 (compatible; AhrefsBot/7.0; +http://ahrefs.com/robot/)"
178.164.132.210 - - [03/May/2022:07:54:47 +0200] "HEAD /rss.xml HTTP/1.1" 200 0 "-" "Mozilla/5.0 (Macintosh; U; Intel Mac OS X 10.57; en-US; rv:1.9.0.14) Gecko/20100101 Safari/55.14"
178.164.132.210 - - [03/May/2022:07:54:48 +0200] "GET /rss.xml HTTP/1.1" 200 3831 "-" "Mozilla/5.0 (Macintosh; U; Intel Mac OS X 10.57; en-US; rv:1.9.0.14) Gecko/20100101 Safari/55.14"
216.244.66.227 - - [03/May/2022:07:58:24 +0200] "GET /robots.txt HTTP/1.1" 200 1627 "-" "Mozilla/5.0 (compatible; DotBot/1.2; +https://opensiteexplorer.org/dotbot; help@moz.com)"
85.66.236.141 - - [03/May/2022:08:01:45 +0200] "GET /content/gy%C5%B1r%C5%B1f%C5%B1%C3%A9rt-nonprofit-kft HTTP/1.1" 200 20898 "-" "Mozilla/5.0 (Windows NT 6.1; Win64; x64) AppleWebKit/537.36 (KHTML, like Gecko) Chrome/100.0.4896.127 Safari/537.36"
216.244.66.227 - - [03/May/2022:08:02:05 +0200] "GET /content/%C3%A9p%C3%ADt%C3%A9szet HTTP/1.1" 200 19270 "-" "Mozilla/5.0 (compatible; DotBot/1.2; +https://opensiteexplorer.org/dotbot; help@moz.com)"
54.36.149.26 - - [03/May/2022:08:14:06 +0200] "GET /content/szervezetek HTTP/1.1" 200 16506 "-" "Mozilla/5.0 (compatible; AhrefsBot/7.0; +http://ahrefs.com/robot/)"
195.199.249.1 - - [03/May/2022:08:17:27 +0200] "GET / HTTP/1.1" 200 18776 "https://www.google.com/" "Mozilla/5.0 (Windows NT 10.0; Win64; x64) AppleWebKit/537.36 (KHTML, like Gecko) Chrome/100.0.4896.127 Safari/537.36"
195.199.249.1 - - [03/May/2022:08:17:27 +0200] "GET /modules/nice_menus/nice_menus.css?g HTTP/1.1" 200 3607 "http://www.gyurufu.hu/" "Mozilla/5.0 (Windows NT 10.0; Win64; x64) AppleWebKit/537.36 (KHTML, like Gecko) Chrome/100.0.4896.127 Safari/537.36"
195.199.249.1 - - [03/May/2022:08:17:27 +0200] "GET /modules/node/node.css?g HTTP/1.1" 200 740 "http://www.gyurufu.hu/" "Mozilla/5.0 (Windows NT 10.0; Win64; x64) AppleWebKit/537.36 (KHTML, like Gecko) Chrome/100.0.4896.127 Safari/537.36"
195.199.249.1 - - [03/May/2022:08:17:27 +0200] "GET /modules/nice_menus/nice_menus_default.css?g HTTP/1.1" 200 4978 "http://www.gyurufu.hu/" "Mozilla/5.0 (Windows NT 10.0; Win64; x64) AppleWebKit/537.36 (KHTML, like Gecko) Chrome/100.0.4896.127 Safari/537.36"
195.199.249.1 - - [03/May/2022:08:17:27 +0200] "GET /modules/photos/photos.css?g HTTP/1.1" 200 5645 "http://www.gyurufu.hu/" "Mozilla/5.0 (Windows NT 10.0; Win64; x64) AppleWebKit/537.36 (KHTML, like Gecko) Chrome/100.0.4896.127 Safari/537.36"
195.199.249.1 - - [03/May/2022:08:17:27 +0200] "GET /modules/system/system-menus.css?g HTTP/1.1" 200 935 "http://www.gyurufu.hu/" "Mozilla/5.0 (Windows NT 10.0; Win64; x64) AppleWebKit/537.36 (KHTML, like Gecko) Chrome/100.0.4896.127 Safari/537.36"
195.199.249.1 - - [03/May/2022:08:17:27 +0200] "GET /modules/system/defaults.css?g HTTP/1.1" 200 757 "http://www.gyurufu.hu/" "Mozilla/5.0 (Windows NT 10.0; Win64; x64) AppleWebKit/537.36 (KHTML, like Gecko) Chrome/100.0.4896.127 Safari/537.36"
195.199.249.1 - - [03/May/2022:08:17:27 +0200] "GET /modules/system/system.css?g HTTP/1.1" 200 10020 "http://www.gyurufu.hu/" "Mozilla/5.0 (Windows NT 10.0; Win64; x64) AppleWebKit/537.36 (KHTML, like Gecko) Chrome/100.0.4896.127 Safari/537.36"
195.199.249.1 - - [03/May/2022:08:17:27 +0200] "GET /modules/user/user.css?g HTTP/1.1" 200 1127 "http://www.gyurufu.hu/" "Mozilla/5.0 (Windows NT 10.0; Win64; x64) AppleWebKit/537.36 (KHTML, like Gecko) Chrome/100.0.4896.127 Safari/537.36"
195.199.249.1 - - [03/May/2022:08:17:27 +0200] "GET /misc/jquery.js?g HTTP/1.1" 200 31089 "http://www.gyurufu.hu/" "Mozilla/5.0 (Windows NT 10.0; Win64; x64) AppleWebKit/537.36 (KHTML, like Gecko) Chrome/100.0.4896.127 Safari/537.36"
195.199.249.1 - - [03/May/2022:08:17:27 +0200] "GET /themes/aboutpeople/style.css?g HTTP/1.1" 200 32283 "http://www.gyurufu.hu/" "Mozilla/5.0 (Windows NT 10.0; Win64; x64) AppleWebKit/537.36 (KHTML, like Gecko) Chrome/100.0.4896.127 Safari/537.36"
195.199.249.1 - - [03/May/2022:08:17:28 +0200] "GET /modules/photos/photos.js?g HTTP/1.1" 200 2409 "http://www.gyurufu.hu/" "Mozilla/5.0 (Windows NT 10.0; Win64; x64) AppleWebKit/537.36 (KHTML, like Gecko) Chrome/100.0.4896.127 Safari/537.36"
195.199.249.1 - - [03/May/2022:08:17:28 +0200] "GET /misc/drupal.js?g HTTP/1.1" 200 9745 "http://www.gyurufu.hu/" "Mozilla/5.0 (Windows NT 10.0; Win64; x64) AppleWebKit/537.36 (KHTML, like Gecko) Chrome/100.0.4896.127 Safari/537.36"
195.199.249.1 - - [03/May/2022:08:17:28 +0200] "GET /sites/default/files/languages/hu_8582a244f490b74610256ab428690e24.js?g HTTP/1.1" 200 1838 "http://www.gyurufu.hu/" "Mozilla/5.0 (Windows NT 10.0; Win64; x64) AppleWebKit/537.36 (KHTML, like Gecko) Chrome/100.0.4896.127 Safari/537.36"
195.199.249.1 - - [03/May/2022:08:17:28 +0200] "GET /themes/aboutpeople/img/sticky.gif HTTP/1.1" 200 560 "http://www.gyurufu.hu/" "Mozilla/5.0 (Windows NT 10.0; Win64; x64) AppleWebKit/537.36 (KHTML, like Gecko) Chrome/100.0.4896.127 Safari/537.36"
195.199.249.1 - - [03/May/2022:08:17:28 +0200] "GET /misc/powered-blue-80x15.png HTTP/1.1" 200 1011 "http://www.gyurufu.hu/" "Mozilla/5.0 (Windows NT 10.0; Win64; x64) AppleWebKit/537.36 (KHTML, like Gecko) Chrome/100.0.4896.127 Safari/537.36"
54.36.149.26 - - [03/May/2022:08:21:31 +0200] "GET /content/gy%C5%B1r%C5%B1f%C5%B1%C3%A9rt-nonprofit-kft HTTP/1.1" 200 20898 "-" "Mozilla/5.0 (compatible; AhrefsBot/7.0; +http://ahrefs.com/robot/)"
195.199.249.1 - - [03/May/2022:08:21:45 +0200] "GET /content/megk%C3%B6zel%C3%ADt%C3%A9s HTTP/1.1" 200 20976 "https://www.google.com/" "Mozilla/5.0 (Windows NT 10.0; Win64; x64) AppleWebKit/537.36 (KHTML, like Gecko) Chrome/100.0.4896.127 Safari/537.36"
195.199.249.1 - - [03/May/2022:08:21:45 +0200] "GET /content/images/megye260.jpg HTTP/1.1" 200 11536 "http://www.gyurufu.hu/content/megk%C3%B6zel%C3%ADt%C3%A9s" "Mozilla/5.0 (Windows NT 10.0; Win64; x64) AppleWebKit/537.36 (KHTML, like Gecko) Chrome/100.0.4896.127 Safari/537.36"
195.199.249.1 - - [03/May/2022:08:21:46 +0200] "GET /content/images/orszagterkep.jpg HTTP/1.1" 200 3986 "http://www.gyurufu.hu/content/megk%C3%B6zel%C3%ADt%C3%A9s" "Mozilla/5.0 (Windows NT 10.0; Win64; x64) AppleWebKit/537.36 (KHTML, like Gecko) Chrome/100.0.4896.127 Safari/537.36"
195.199.249.1 - - [03/May/2022:08:21:46 +0200] "GET /themes/aboutpeople/img/bg.gif HTTP/1.1" 200 4764 "http://www.gyurufu.hu/themes/aboutpeople/style.css?g" "Mozilla/5.0 (Windows NT 10.0; Win64; x64) AppleWebKit/537.36 (KHTML, like Gecko) Chrome/100.0.4896.127 Safari/537.36"
195.199.249.1 - - [03/May/2022:08:21:46 +0200] "GET /themes/aboutpeople/img/use11r.gif HTTP/1.1" 200 1001 "http://www.gyurufu.hu/themes/aboutpeople/style.css?g" "Mozilla/5.0 (Windows NT 10.0; Win64; x64) AppleWebKit/537.36 (KHTML, like Gecko) Chrome/100.0.4896.127 Safari/537.36"
195.199.249.1 - - [03/May/2022:08:21:46 +0200] "GET /content/images/megkozel280.gif HTTP/1.1" 200 36196 "http://www.gyurufu.hu/content/megk%C3%B6zel%C3%ADt%C3%A9s" "Mozilla/5.0 (Windows NT 10.0; Win64; x64) AppleWebKit/537.36 (KHTML, like Gecko) Chrome/100.0.4896.127 Safari/537.36"
195.199.249.1 - - [03/May/2022:08:21:46 +0200] "GET /content/images/vasut.jpg HTTP/1.1" 200 40416 "http://www.gyurufu.hu/content/megk%C3%B6zel%C3%ADt%C3%A9s" "Mozilla/5.0 (Windows NT 10.0; Win64; x64) AppleWebKit/537.36 (KHTML, like Gecko) Chrome/100.0.4896.127 Safari/537.36"
195.199.249.1 - - [03/May/2022:08:21:46 +0200] "GET /themes/aboutpeople/img/menulinks.png HTTP/1.1" 200 1465 "http://www.gyurufu.hu/themes/aboutpeople/style.css?g" "Mozilla/5.0 (Windows NT 10.0; Win64; x64) AppleWebKit/537.36 (KHTML, like Gecko) Chrome/100.0.4896.127 Safari/537.36"
195.199.249.1 - - [03/May/2022:08:21:46 +0200] "GET /themes/aboutpeople/img/slinks.gif HTTP/1.1" 200 487 "http://www.gyurufu.hu/themes/aboutpeople/style.css?g" "Mozilla/5.0 (Windows NT 10.0; Win64; x64) AppleWebKit/537.36 (KHTML, like Gecko) Chrome/100.0.4896.127 Safari/537.36"
195.199.249.1 - - [03/May/2022:08:21:46 +0200] "GET /themes/aboutpeople/img/menulinks_corner.png HTTP/1.1" 200 215 "http://www.gyurufu.hu/themes/aboutpeople/style.css?g" "Mozilla/5.0 (Windows NT 10.0; Win64; x64) AppleWebKit/537.36 (KHTML, like Gecko) Chrome/100.0.4896.127 Safari/537.36"
195.199.249.1 - - [03/May/2022:08:21:46 +0200] "GET /modules/nice_menus/arrow-right.png HTTP/1.1" 200 258 "http://www.gyurufu.hu/modules/nice_menus/nice_menus_default.css?g" "Mozilla/5.0 (Windows NT 10.0; Win64; x64) AppleWebKit/537.36 (KHTML, like Gecko) Chrome/100.0.4896.127 Safari/537.36"
195.199.249.1 - - [03/May/2022:08:21:46 +0200] "GET /themes/aboutpeople/img/login_line.png HTTP/1.1" 200 510 "http://www.gyurufu.hu/themes/aboutpeople/style.css?g" "Mozilla/5.0 (Windows NT 10.0; Win64; x64) AppleWebKit/537.36 (KHTML, like Gecko) Chrome/100.0.4896.127 Safari/537.36"
195.199.249.1 - - [03/May/2022:08:21:46 +0200] "GET /themes/aboutpeople/img/bgblock.gif HTTP/1.1" 200 1287 "http://www.gyurufu.hu/themes/aboutpeople/style.css?g" "Mozilla/5.0 (Windows NT 10.0; Win64; x64) AppleWebKit/537.36 (KHTML, like Gecko) Chrome/100.0.4896.127 Safari/537.36"
195.199.249.1 - - [03/May/2022:08:21:46 +0200] "GET /themes/aboutpeople/img/slinksover.gif HTTP/1.1" 200 478 "http://www.gyurufu.hu/themes/aboutpeople/style.css?g" "Mozilla/5.0 (Windows NT 10.0; Win64; x64) AppleWebKit/537.36 (KHTML, like Gecko) Chrome/100.0.4896.127 Safari/537.36"
195.199.249.1 - - [03/May/2022:08:21:46 +0200] "GET /themes/aboutpeople/img/login.gif HTTP/1.1" 200 1018 "http://www.gyurufu.hu/themes/aboutpeople/style.css?g" "Mozilla/5.0 (Windows NT 10.0; Win64; x64) AppleWebKit/537.36 (KHTML, like Gecko) Chrome/100.0.4896.127 Safari/537.36"
195.199.249.1 - - [03/May/2022:08:21:46 +0200] "GET /themes/aboutpeople/img/down_arrow.png HTTP/1.1" 200 149 "http://www.gyurufu.hu/themes/aboutpeople/style.css?g" "Mozilla/5.0 (Windows NT 10.0; Win64; x64) AppleWebKit/537.36 (KHTML, like Gecko) Chrome/100.0.4896.127 Safari/537.36"
195.199.249.1 - - [03/May/2022:08:21:46 +0200] "GET /themes/aboutpeople/img/menuline.png HTTP/1.1" 200 395 "http://www.gyurufu.hu/themes/aboutpeople/style.css?g" "Mozilla/5.0 (Windows NT 10.0; Win64; x64) AppleWebKit/537.36 (KHTML, like Gecko) Chrome/100.0.4896.127 Safari/537.36"
