51.222.253.10 - - [01/May/2022:21:00:17 +0200] "GET /content/v%C3%ADzgazd%C3%A1lkod%C3%A1s HTTP/1.1" 200 20152 "-" "Mozilla/5.0 (compatible; AhrefsBot/7.0; +http://ahrefs.com/robot/)"
188.143.45.239 - - [01/May/2022:21:07:05 +0200] "GET / HTTP/1.1" 200 19615 "http://www.google.com/" "Mozilla/5.0 (Linux; Android 7.0; SM-T585) AppleWebKit/537.36 (KHTML, like Gecko) Chrome/101.0.4951.41 Safari/537.36"
188.143.45.239 - - [01/May/2022:21:07:06 +0200] "GET /modules/nice_menus/nice_menus.css?g HTTP/1.1" 200 3607 "http://www.gyurufu.hu/" "Mozilla/5.0 (Linux; Android 7.0; SM-T585) AppleWebKit/537.36 (KHTML, like Gecko) Chrome/101.0.4951.41 Safari/537.36"
188.143.45.239 - - [01/May/2022:21:07:06 +0200] "GET /modules/nice_menus/nice_menus_default.css?g HTTP/1.1" 200 4978 "http://www.gyurufu.hu/" "Mozilla/5.0 (Linux; Android 7.0; SM-T585) AppleWebKit/537.36 (KHTML, like Gecko) Chrome/101.0.4951.41 Safari/537.36"
188.143.45.239 - - [01/May/2022:21:07:06 +0200] "GET /modules/node/node.css?g HTTP/1.1" 200 740 "http://www.gyurufu.hu/" "Mozilla/5.0 (Linux; Android 7.0; SM-T585) AppleWebKit/537.36 (KHTML, like Gecko) Chrome/101.0.4951.41 Safari/537.36"
188.143.45.239 - - [01/May/2022:21:07:06 +0200] "GET /modules/system/system.css?g HTTP/1.1" 200 10020 "http://www.gyurufu.hu/" "Mozilla/5.0 (Linux; Android 7.0; SM-T585) AppleWebKit/537.36 (KHTML, like Gecko) Chrome/101.0.4951.41 Safari/537.36"
188.143.45.239 - - [01/May/2022:21:07:06 +0200] "GET /modules/system/system-menus.css?g HTTP/1.1" 200 935 "http://www.gyurufu.hu/" "Mozilla/5.0 (Linux; Android 7.0; SM-T585) AppleWebKit/537.36 (KHTML, like Gecko) Chrome/101.0.4951.41 Safari/537.36"
188.143.45.239 - - [01/May/2022:21:07:06 +0200] "GET /modules/photos/photos.css?g HTTP/1.1" 200 5645 "http://www.gyurufu.hu/" "Mozilla/5.0 (Linux; Android 7.0; SM-T585) AppleWebKit/537.36 (KHTML, like Gecko) Chrome/101.0.4951.41 Safari/537.36"
188.143.45.239 - - [01/May/2022:21:07:06 +0200] "GET /modules/system/defaults.css?g HTTP/1.1" 200 757 "http://www.gyurufu.hu/" "Mozilla/5.0 (Linux; Android 7.0; SM-T585) AppleWebKit/537.36 (KHTML, like Gecko) Chrome/101.0.4951.41 Safari/537.36"
188.143.45.239 - - [01/May/2022:21:07:06 +0200] "GET /modules/user/user.css?g HTTP/1.1" 200 1127 "http://www.gyurufu.hu/" "Mozilla/5.0 (Linux; Android 7.0; SM-T585) AppleWebKit/537.36 (KHTML, like Gecko) Chrome/101.0.4951.41 Safari/537.36"
188.143.45.239 - - [01/May/2022:21:07:06 +0200] "GET /themes/aboutpeople/style.css?g HTTP/1.1" 200 32283 "http://www.gyurufu.hu/" "Mozilla/5.0 (Linux; Android 7.0; SM-T585) AppleWebKit/537.36 (KHTML, like Gecko) Chrome/101.0.4951.41 Safari/537.36"
188.143.45.239 - - [01/May/2022:21:07:06 +0200] "GET /misc/jquery.js?g HTTP/1.1" 200 31089 "http://www.gyurufu.hu/" "Mozilla/5.0 (Linux; Android 7.0; SM-T585) AppleWebKit/537.36 (KHTML, like Gecko) Chrome/101.0.4951.41 Safari/537.36"
188.143.45.239 - - [01/May/2022:21:07:06 +0200] "GET /misc/drupal.js?g HTTP/1.1" 200 9745 "http://www.gyurufu.hu/" "Mozilla/5.0 (Linux; Android 7.0; SM-T585) AppleWebKit/537.36 (KHTML, like Gecko) Chrome/101.0.4951.41 Safari/537.36"
188.143.45.239 - - [01/May/2022:21:07:06 +0200] "GET /sites/default/files/languages/hu_8582a244f490b74610256ab428690e24.js?g HTTP/1.1" 200 1838 "http://www.gyurufu.hu/" "Mozilla/5.0 (Linux; Android 7.0; SM-T585) AppleWebKit/537.36 (KHTML, like Gecko) Chrome/101.0.4951.41 Safari/537.36"
188.143.45.239 - - [01/May/2022:21:07:06 +0200] "GET /modules/google_analytics/googleanalytics.js?g HTTP/1.1" 200 2268 "http://www.gyurufu.hu/" "Mozilla/5.0 (Linux; Android 7.0; SM-T585) AppleWebKit/537.36 (KHTML, like Gecko) Chrome/101.0.4951.41 Safari/537.36"
188.143.45.239 - - [01/May/2022:21:07:06 +0200] "GET /modules/photos/photos.js?g HTTP/1.1" 200 2409 "http://www.gyurufu.hu/" "Mozilla/5.0 (Linux; Android 7.0; SM-T585) AppleWebKit/537.36 (KHTML, like Gecko) Chrome/101.0.4951.41 Safari/537.36"
188.143.45.239 - - [01/May/2022:21:07:06 +0200] "GET /themes/aboutpeople/img/sticky.gif HTTP/1.1" 200 560 "http://www.gyurufu.hu/" "Mozilla/5.0 (Linux; Android 7.0; SM-T585) AppleWebKit/537.36 (KHTML, like Gecko) Chrome/101.0.4951.41 Safari/537.36"
188.143.45.239 - - [01/May/2022:21:07:06 +0200] "GET /misc/powered-blue-80x15.png HTTP/1.1" 200 1011 "http://www.gyurufu.hu/" "Mozilla/5.0 (Linux; Android 7.0; SM-T585) AppleWebKit/537.36 (KHTML, like Gecko) Chrome/101.0.4951.41 Safari/537.36"
188.143.45.239 - - [01/May/2022:21:07:06 +0200] "GET /themes/aboutpeople/img/bg.gif HTTP/1.1" 200 4764 "http://www.gyurufu.hu/themes/aboutpeople/style.css?g" "Mozilla/5.0 (Linux; Android 7.0; SM-T585) AppleWebKit/537.36 (KHTML, like Gecko) Chrome/101.0.4951.41 Safari/537.36"
188.143.45.239 - - [01/May/2022:21:07:06 +0200] "GET /themes/aboutpeople/img/login_line.png HTTP/1.1" 200 510 "http://www.gyurufu.hu/themes/aboutpeople/style.css?g" "Mozilla/5.0 (Linux; Android 7.0; SM-T585) AppleWebKit/537.36 (KHTML, like Gecko) Chrome/101.0.4951.41 Safari/537.36"
188.143.45.239 - - [01/May/2022:21:07:06 +0200] "GET /themes/aboutpeople/img/use11r.gif HTTP/1.1" 200 1001 "http://www.gyurufu.hu/themes/aboutpeople/style.css?g" "Mozilla/5.0 (Linux; Android 7.0; SM-T585) AppleWebKit/537.36 (KHTML, like Gecko) Chrome/101.0.4951.41 Safari/537.36"
188.143.45.239 - - [01/May/2022:21:07:06 +0200] "GET /themes/aboutpeople/img/menulinks.png HTTP/1.1" 200 1465 "http://www.gyurufu.hu/themes/aboutpeople/style.css?g" "Mozilla/5.0 (Linux; Android 7.0; SM-T585) AppleWebKit/537.36 (KHTML, like Gecko) Chrome/101.0.4951.41 Safari/537.36"
188.143.45.239 - - [01/May/2022:21:07:06 +0200] "GET /themes/aboutpeople/img/menulinks_corner.png HTTP/1.1" 200 215 "http://www.gyurufu.hu/themes/aboutpeople/style.css?g" "Mozilla/5.0 (Linux; Android 7.0; SM-T585) AppleWebKit/537.36 (KHTML, like Gecko) Chrome/101.0.4951.41 Safari/537.36"
188.143.45.239 - - [01/May/2022:21:07:06 +0200] "GET /themes/aboutpeople/img/menuline.png HTTP/1.1" 200 395 "http://www.gyurufu.hu/themes/aboutpeople/style.css?g" "Mozilla/5.0 (Linux; Android 7.0; SM-T585) AppleWebKit/537.36 (KHTML, like Gecko) Chrome/101.0.4951.41 Safari/537.36"
188.143.45.239 - - [01/May/2022:21:07:06 +0200] "GET /themes/aboutpeople/img/down_arrow_hover.png HTTP/1.1" 200 115 "http://www.gyurufu.hu/themes/aboutpeople/style.css?g" "Mozilla/5.0 (Linux; Android 7.0; SM-T585) AppleWebKit/537.36 (KHTML, like Gecko) Chrome/101.0.4951.41 Safari/537.36"
188.143.45.239 - - [01/May/2022:21:07:06 +0200] "GET /themes/aboutpeople/img/down_arrow.png HTTP/1.1" 200 149 "http://www.gyurufu.hu/themes/aboutpeople/style.css?g" "Mozilla/5.0 (Linux; Android 7.0; SM-T585) AppleWebKit/537.36 (KHTML, like Gecko) Chrome/101.0.4951.41 Safari/537.36"
188.143.45.239 - - [01/May/2022:21:07:06 +0200] "GET /themes/aboutpeople/img/banners/rotate.php HTTP/1.1" 200 38338 "http://www.gyurufu.hu/themes/aboutpeople/style.css?g" "Mozilla/5.0 (Linux; Android 7.0; SM-T585) AppleWebKit/537.36 (KHTML, like Gecko) Chrome/101.0.4951.41 Safari/537.36"
188.143.45.239 - - [01/May/2022:21:07:06 +0200] "GET /themes/aboutpeople/img/slinks.gif HTTP/1.1" 200 487 "http://www.gyurufu.hu/themes/aboutpeople/style.css?g" "Mozilla/5.0 (Linux; Android 7.0; SM-T585) AppleWebKit/537.36 (KHTML, like Gecko) Chrome/101.0.4951.41 Safari/537.36"
188.143.45.239 - - [01/May/2022:21:07:06 +0200] "GET /themes/aboutpeople/img/slinksover.gif HTTP/1.1" 200 478 "http://www.gyurufu.hu/themes/aboutpeople/style.css?g" "Mozilla/5.0 (Linux; Android 7.0; SM-T585) AppleWebKit/537.36 (KHTML, like Gecko) Chrome/101.0.4951.41 Safari/537.36"
188.143.45.239 - - [01/May/2022:21:07:06 +0200] "GET /themes/aboutpeople/img/bgblock.gif HTTP/1.1" 200 1287 "http://www.gyurufu.hu/themes/aboutpeople/style.css?g" "Mozilla/5.0 (Linux; Android 7.0; SM-T585) AppleWebKit/537.36 (KHTML, like Gecko) Chrome/101.0.4951.41 Safari/537.36"
188.143.45.239 - - [01/May/2022:21:07:06 +0200] "GET /modules/nice_menus/arrow-right.png HTTP/1.1" 200 258 "http://www.gyurufu.hu/modules/nice_menus/nice_menus_default.css?g" "Mozilla/5.0 (Linux; Android 7.0; SM-T585) AppleWebKit/537.36 (KHTML, like Gecko) Chrome/101.0.4951.41 Safari/537.36"
188.143.45.239 - - [01/May/2022:21:07:06 +0200] "GET /themes/aboutpeople/img/readmore.gif HTTP/1.1" 200 366 "http://www.gyurufu.hu/themes/aboutpeople/style.css?g" "Mozilla/5.0 (Linux; Android 7.0; SM-T585) AppleWebKit/537.36 (KHTML, like Gecko) Chrome/101.0.4951.41 Safari/537.36"
188.143.45.239 - - [01/May/2022:21:07:06 +0200] "GET /themes/aboutpeople/img/login.gif HTTP/1.1" 200 1018 "http://www.gyurufu.hu/themes/aboutpeople/style.css?g" "Mozilla/5.0 (Linux; Android 7.0; SM-T585) AppleWebKit/537.36 (KHTML, like Gecko) Chrome/101.0.4951.41 Safari/537.36"
188.143.45.239 - - [01/May/2022:21:07:08 +0200] "GET /favicon.ico HTTP/1.1" 404 57 "http://www.gyurufu.hu/" "Mozilla/5.0 (Linux; Android 7.0; SM-T585) AppleWebKit/537.36 (KHTML, like Gecko) Chrome/101.0.4951.41 Safari/537.36"
31.46.249.71 - - [01/May/2022:21:14:55 +0200] "GET /content/oktat%C3%A1s-gy%C5%B1r%C5%B1f%C5%B1n HTTP/1.1" 200 16603 "https://www.google.com/" "Mozilla/5.0 (Windows NT 10.0; Win64; x64) AppleWebKit/537.36 (KHTML, like Gecko) Chrome/101.0.4951.41 Safari/537.36"
31.46.249.71 - - [01/May/2022:21:14:55 +0200] "GET /modules/nice_menus/nice_menus.css?g HTTP/1.1" 200 3607 "http://www.gyurufu.hu/content/oktat%C3%A1s-gy%C5%B1r%C5%B1f%C5%B1n" "Mozilla/5.0 (Windows NT 10.0; Win64; x64) AppleWebKit/537.36 (KHTML, like Gecko) Chrome/101.0.4951.41 Safari/537.36"
31.46.249.71 - - [01/May/2022:21:14:55 +0200] "GET /modules/nice_menus/nice_menus_default.css?g HTTP/1.1" 200 4978 "http://www.gyurufu.hu/content/oktat%C3%A1s-gy%C5%B1r%C5%B1f%C5%B1n" "Mozilla/5.0 (Windows NT 10.0; Win64; x64) AppleWebKit/537.36 (KHTML, like Gecko) Chrome/101.0.4951.41 Safari/537.36"
31.46.249.71 - - [01/May/2022:21:14:55 +0200] "GET /modules/node/node.css?g HTTP/1.1" 200 740 "http://www.gyurufu.hu/content/oktat%C3%A1s-gy%C5%B1r%C5%B1f%C5%B1n" "Mozilla/5.0 (Windows NT 10.0; Win64; x64) AppleWebKit/537.36 (KHTML, like Gecko) Chrome/101.0.4951.41 Safari/537.36"
31.46.249.71 - - [01/May/2022:21:14:55 +0200] "GET /modules/photos/photos.css?g HTTP/1.1" 200 5645 "http://www.gyurufu.hu/content/oktat%C3%A1s-gy%C5%B1r%C5%B1f%C5%B1n" "Mozilla/5.0 (Windows NT 10.0; Win64; x64) AppleWebKit/537.36 (KHTML, like Gecko) Chrome/101.0.4951.41 Safari/537.36"
31.46.249.71 - - [01/May/2022:21:14:55 +0200] "GET /modules/system/system-menus.css?g HTTP/1.1" 200 935 "http://www.gyurufu.hu/content/oktat%C3%A1s-gy%C5%B1r%C5%B1f%C5%B1n" "Mozilla/5.0 (Windows NT 10.0; Win64; x64) AppleWebKit/537.36 (KHTML, like Gecko) Chrome/101.0.4951.41 Safari/537.36"
31.46.249.71 - - [01/May/2022:21:14:55 +0200] "GET /modules/system/system.css?g HTTP/1.1" 200 10020 "http://www.gyurufu.hu/content/oktat%C3%A1s-gy%C5%B1r%C5%B1f%C5%B1n" "Mozilla/5.0 (Windows NT 10.0; Win64; x64) AppleWebKit/537.36 (KHTML, like Gecko) Chrome/101.0.4951.41 Safari/537.36"
31.46.249.71 - - [01/May/2022:21:14:55 +0200] "GET /modules/system/defaults.css?g HTTP/1.1" 200 757 "http://www.gyurufu.hu/content/oktat%C3%A1s-gy%C5%B1r%C5%B1f%C5%B1n" "Mozilla/5.0 (Windows NT 10.0; Win64; x64) AppleWebKit/537.36 (KHTML, like Gecko) Chrome/101.0.4951.41 Safari/537.36"
31.46.249.71 - - [01/May/2022:21:14:55 +0200] "GET /modules/user/user.css?g HTTP/1.1" 200 1127 "http://www.gyurufu.hu/content/oktat%C3%A1s-gy%C5%B1r%C5%B1f%C5%B1n" "Mozilla/5.0 (Windows NT 10.0; Win64; x64) AppleWebKit/537.36 (KHTML, like Gecko) Chrome/101.0.4951.41 Safari/537.36"
31.46.249.71 - - [01/May/2022:21:14:55 +0200] "GET /themes/aboutpeople/style.css?g HTTP/1.1" 200 32283 "http://www.gyurufu.hu/content/oktat%C3%A1s-gy%C5%B1r%C5%B1f%C5%B1n" "Mozilla/5.0 (Windows NT 10.0; Win64; x64) AppleWebKit/537.36 (KHTML, like Gecko) Chrome/101.0.4951.41 Safari/537.36"
31.46.249.71 - - [01/May/2022:21:14:55 +0200] "GET /misc/jquery.js?g HTTP/1.1" 200 31089 "http://www.gyurufu.hu/content/oktat%C3%A1s-gy%C5%B1r%C5%B1f%C5%B1n" "Mozilla/5.0 (Windows NT 10.0; Win64; x64) AppleWebKit/537.36 (KHTML, like Gecko) Chrome/101.0.4951.41 Safari/537.36"
31.46.249.71 - - [01/May/2022:21:14:55 +0200] "GET /misc/drupal.js?g HTTP/1.1" 200 9745 "http://www.gyurufu.hu/content/oktat%C3%A1s-gy%C5%B1r%C5%B1f%C5%B1n" "Mozilla/5.0 (Windows NT 10.0; Win64; x64) AppleWebKit/537.36 (KHTML, like Gecko) Chrome/101.0.4951.41 Safari/537.36"
31.46.249.71 - - [01/May/2022:21:14:55 +0200] "GET /sites/default/files/languages/hu_8582a244f490b74610256ab428690e24.js?g HTTP/1.1" 200 1838 "http://www.gyurufu.hu/content/oktat%C3%A1s-gy%C5%B1r%C5%B1f%C5%B1n" "Mozilla/5.0 (Windows NT 10.0; Win64; x64) AppleWebKit/537.36 (KHTML, like Gecko) Chrome/101.0.4951.41 Safari/537.36"
31.46.249.71 - - [01/May/2022:21:14:55 +0200] "GET /modules/google_analytics/googleanalytics.js?g HTTP/1.1" 200 2268 "http://www.gyurufu.hu/content/oktat%C3%A1s-gy%C5%B1r%C5%B1f%C5%B1n" "Mozilla/5.0 (Windows NT 10.0; Win64; x64) AppleWebKit/537.36 (KHTML, like Gecko) Chrome/101.0.4951.41 Safari/537.36"
31.46.249.71 - - [01/May/2022:21:14:55 +0200] "GET /modules/photos/photos.js?g HTTP/1.1" 200 2409 "http://www.gyurufu.hu/content/oktat%C3%A1s-gy%C5%B1r%C5%B1f%C5%B1n" "Mozilla/5.0 (Windows NT 10.0; Win64; x64) AppleWebKit/537.36 (KHTML, like Gecko) Chrome/101.0.4951.41 Safari/537.36"
31.46.249.71 - - [01/May/2022:21:14:55 +0200] "GET /misc/powered-blue-80x15.png HTTP/1.1" 200 1011 "http://www.gyurufu.hu/content/oktat%C3%A1s-gy%C5%B1r%C5%B1f%C5%B1n" "Mozilla/5.0 (Windows NT 10.0; Win64; x64) AppleWebKit/537.36 (KHTML, like Gecko) Chrome/101.0.4951.41 Safari/537.36"
31.46.249.71 - - [01/May/2022:21:14:55 +0200] "GET /themes/aboutpeople/img/bg.gif HTTP/1.1" 200 4764 "http://www.gyurufu.hu/themes/aboutpeople/style.css?g" "Mozilla/5.0 (Windows NT 10.0; Win64; x64) AppleWebKit/537.36 (KHTML, like Gecko) Chrome/101.0.4951.41 Safari/537.36"
31.46.249.71 - - [01/May/2022:21:14:55 +0200] "GET /themes/aboutpeople/img/login_line.png HTTP/1.1" 200 510 "http://www.gyurufu.hu/themes/aboutpeople/style.css?g" "Mozilla/5.0 (Windows NT 10.0; Win64; x64) AppleWebKit/537.36 (KHTML, like Gecko) Chrome/101.0.4951.41 Safari/537.36"
31.46.249.71 - - [01/May/2022:21:14:55 +0200] "GET /themes/aboutpeople/img/use11r.gif HTTP/1.1" 200 1001 "http://www.gyurufu.hu/themes/aboutpeople/style.css?g" "Mozilla/5.0 (Windows NT 10.0; Win64; x64) AppleWebKit/537.36 (KHTML, like Gecko) Chrome/101.0.4951.41 Safari/537.36"
31.46.249.71 - - [01/May/2022:21:14:55 +0200] "GET /themes/aboutpeople/img/menulinks.png HTTP/1.1" 200 1465 "http://www.gyurufu.hu/themes/aboutpeople/style.css?g" "Mozilla/5.0 (Windows NT 10.0; Win64; x64) AppleWebKit/537.36 (KHTML, like Gecko) Chrome/101.0.4951.41 Safari/537.36"
31.46.249.71 - - [01/May/2022:21:14:55 +0200] "GET /themes/aboutpeople/img/menulinks_corner.png HTTP/1.1" 200 215 "http://www.gyurufu.hu/themes/aboutpeople/style.css?g" "Mozilla/5.0 (Windows NT 10.0; Win64; x64) AppleWebKit/537.36 (KHTML, like Gecko) Chrome/101.0.4951.41 Safari/537.36"
31.46.249.71 - - [01/May/2022:21:14:55 +0200] "GET /themes/aboutpeople/img/menuline.png HTTP/1.1" 200 395 "http://www.gyurufu.hu/themes/aboutpeople/style.css?g" "Mozilla/5.0 (Windows NT 10.0; Win64; x64) AppleWebKit/537.36 (KHTML, like Gecko) Chrome/101.0.4951.41 Safari/537.36"
31.46.249.71 - - [01/May/2022:21:14:55 +0200] "GET /themes/aboutpeople/img/down_arrow.png HTTP/1.1" 200 149 "http://www.gyurufu.hu/themes/aboutpeople/style.css?g" "Mozilla/5.0 (Windows NT 10.0; Win64; x64) AppleWebKit/537.36 (KHTML, like Gecko) Chrome/101.0.4951.41 Safari/537.36"
31.46.249.71 - - [01/May/2022:21:14:55 +0200] "GET /themes/aboutpeople/img/banners/rotate.php HTTP/1.1" 200 38338 "http://www.gyurufu.hu/themes/aboutpeople/style.css?g" "Mozilla/5.0 (Windows NT 10.0; Win64; x64) AppleWebKit/537.36 (KHTML, like Gecko) Chrome/101.0.4951.41 Safari/537.36"
31.46.249.71 - - [01/May/2022:21:14:55 +0200] "GET /themes/aboutpeople/img/slinks.gif HTTP/1.1" 200 487 "http://www.gyurufu.hu/themes/aboutpeople/style.css?g" "Mozilla/5.0 (Windows NT 10.0; Win64; x64) AppleWebKit/537.36 (KHTML, like Gecko) Chrome/101.0.4951.41 Safari/537.36"
31.46.249.71 - - [01/May/2022:21:14:55 +0200] "GET /themes/aboutpeople/img/bgblock.gif HTTP/1.1" 200 1287 "http://www.gyurufu.hu/themes/aboutpeople/style.css?g" "Mozilla/5.0 (Windows NT 10.0; Win64; x64) AppleWebKit/537.36 (KHTML, like Gecko) Chrome/101.0.4951.41 Safari/537.36"
31.46.249.71 - - [01/May/2022:21:14:55 +0200] "GET /modules/nice_menus/arrow-right.png HTTP/1.1" 200 258 "http://www.gyurufu.hu/modules/nice_menus/nice_menus_default.css?g" "Mozilla/5.0 (Windows NT 10.0; Win64; x64) AppleWebKit/537.36 (KHTML, like Gecko) Chrome/101.0.4951.41 Safari/537.36"
31.46.249.71 - - [01/May/2022:21:14:55 +0200] "GET /themes/aboutpeople/img/login.gif HTTP/1.1" 200 1018 "http://www.gyurufu.hu/themes/aboutpeople/style.css?g" "Mozilla/5.0 (Windows NT 10.0; Win64; x64) AppleWebKit/537.36 (KHTML, like Gecko) Chrome/101.0.4951.41 Safari/537.36"
31.46.249.71 - - [01/May/2022:21:14:56 +0200] "GET /favicon.ico HTTP/1.1" 404 57 "http://www.gyurufu.hu/content/oktat%C3%A1s-gy%C5%B1r%C5%B1f%C5%B1n" "Mozilla/5.0 (Windows NT 10.0; Win64; x64) AppleWebKit/537.36 (KHTML, like Gecko) Chrome/101.0.4951.41 Safari/537.36"
31.46.249.71 - - [01/May/2022:21:14:59 +0200] "GET /themes/aboutpeople/img/slinksover.gif HTTP/1.1" 200 478 "http://www.gyurufu.hu/themes/aboutpeople/style.css?g" "Mozilla/5.0 (Windows NT 10.0; Win64; x64) AppleWebKit/537.36 (KHTML, like Gecko) Chrome/101.0.4951.41 Safari/537.36"
31.46.249.71 - - [01/May/2022:21:15:13 +0200] "GET /content/jurtaegyetem HTTP/1.1" 200 20541 "https://www.google.com/" "Mozilla/5.0 (Windows NT 10.0; Win64; x64) AppleWebKit/537.36 (KHTML, like Gecko) Chrome/101.0.4951.41 Safari/537.36"
31.46.249.71 - - [01/May/2022:21:15:13 +0200] "GET /themes/aboutpeople/img/banners/rotate.php HTTP/1.1" 200 38338 "http://www.gyurufu.hu/themes/aboutpeople/style.css?g" "Mozilla/5.0 (Windows NT 10.0; Win64; x64) AppleWebKit/537.36 (KHTML, like Gecko) Chrome/101.0.4951.41 Safari/537.36"
31.46.249.71 - - [01/May/2022:21:15:13 +0200] "GET /themes/aboutpeople/img/square.png HTTP/1.1" 200 3615 "http://www.gyurufu.hu/themes/aboutpeople/style.css?g" "Mozilla/5.0 (Windows NT 10.0; Win64; x64) AppleWebKit/537.36 (KHTML, like Gecko) Chrome/101.0.4951.41 Safari/537.36"
31.46.249.71 - - [01/May/2022:21:15:26 +0200] "GET /content/veronika-erdei-iskola-gy%C5%B1r%C5%B1f%C5%B1n HTTP/1.1" 200 24603 "http://www.gyurufu.hu/content/jurtaegyetem" "Mozilla/5.0 (Windows NT 10.0; Win64; x64) AppleWebKit/537.36 (KHTML, like Gecko) Chrome/101.0.4951.41 Safari/537.36"
31.46.249.71 - - [01/May/2022:21:15:26 +0200] "GET /themes/aboutpeople/img/banners/rotate.php HTTP/1.1" 200 38338 "http://www.gyurufu.hu/themes/aboutpeople/style.css?g" "Mozilla/5.0 (Windows NT 10.0; Win64; x64) AppleWebKit/537.36 (KHTML, like Gecko) Chrome/101.0.4951.41 Safari/537.36"
31.46.249.71 - - [01/May/2022:21:15:27 +0200] "GET /content/images/termeszet280.jpg HTTP/1.1" 200 15253 "http://www.gyurufu.hu/content/veronika-erdei-iskola-gy%C5%B1r%C5%B1f%C5%B1n" "Mozilla/5.0 (Windows NT 10.0; Win64; x64) AppleWebKit/537.36 (KHTML, like Gecko) Chrome/101.0.4951.41 Safari/537.36"
31.46.249.71 - - [01/May/2022:21:15:49 +0200] "GET /content/kapcsolatok HTTP/1.1" 200 18059 "http://www.gyurufu.hu/content/veronika-erdei-iskola-gy%C5%B1r%C5%B1f%C5%B1n" "Mozilla/5.0 (Windows NT 10.0; Win64; x64) AppleWebKit/537.36 (KHTML, like Gecko) Chrome/101.0.4951.41 Safari/537.36"
31.46.249.71 - - [01/May/2022:21:15:49 +0200] "GET /themes/aboutpeople/img/banners/rotate.php HTTP/1.1" 200 38338 "http://www.gyurufu.hu/themes/aboutpeople/style.css?g" "Mozilla/5.0 (Windows NT 10.0; Win64; x64) AppleWebKit/537.36 (KHTML, like Gecko) Chrome/101.0.4951.41 Safari/537.36"
207.46.13.174 - - [01/May/2022:21:30:51 +0200] "GET / HTTP/1.1" 200 19611 "-" "Mozilla/5.0 (compatible; bingbot/2.0; +http://www.bing.com/bingbot.htm)"
35.208.138.28 - - [01/May/2022:21:34:03 +0200] "HEAD / HTTP/1.1" 200 0 "-" "scalaj-http/2.4.2"
35.208.138.28 - - [01/May/2022:21:34:03 +0200] "GET / HTTP/1.1" 200 18772 "-" "Buck/2.3.1; (+https://app.hypefactors.com/media-monitoring/about.html)"
35.208.138.28 - - [01/May/2022:21:34:03 +0200] "GET /robots.txt HTTP/1.1" 200 1627 "-" "Buck/2.3.1; (+https://app.hypefactors.com/media-monitoring/about.html)"
212.237.23.143 - - [01/May/2022:21:34:14 +0200] "HEAD / HTTP/1.1" 200 0 "-" "Alert_Alligator_webmonitoring_service_1.6.4_(alertalligator.com)"
35.208.138.28 - - [01/May/2022:21:34:32 +0200] "GET /rss.xml HTTP/1.1" 200 3831 "-" "Buck/2.3.1; (+https://app.hypefactors.com/media-monitoring/about.html)"
35.208.138.28 - - [01/May/2022:21:34:57 +0200] "GET /content HTTP/1.1" 301 309 "-" "Buck/2.3.1; (+https://app.hypefactors.com/media-monitoring/about.html)"
35.208.138.28 - - [01/May/2022:21:34:57 +0200] "GET /content/ HTTP/1.1" 403 1172 "-" "Buck/2.3.1; (+https://app.hypefactors.com/media-monitoring/about.html)"
115.37.102.202 - - [01/May/2022:21:52:55 +0200] "GET / HTTP/1.1" 200 19611 "-" "Mozilla/4.0 (compatible; MSIE 6.0; Windows NT 5.1; D25)"
31.46.243.42 - - [01/May/2022:21:56:38 +0200] "GET /themes/aboutpeople/img/banners/rotate.php HTTP/1.1" 200 38338 "http://www.gyurufu.hu/themes/aboutpeople/style.css?g" "Mozilla/5.0 (Linux; Android 11; SAMSUNG SM-A515F/A515FXXU5EUJ4) AppleWebKit/537.36 (KHTML, like Gecko) SamsungBrowser/16.2 Chrome/92.0.4515.166 Mobile Safari/537.36"
31.46.243.42 - - [01/May/2022:21:56:39 +0200] "GET /favicon.ico HTTP/1.1" 404 57 "http://www.gyurufu.hu/content/szent-l%C3%A1szl%C3%B3-tan%C3%B6sv%C3%A9ny" "Mozilla/5.0 (Linux; Android 11; SAMSUNG SM-A515F/A515FXXU5EUJ4) AppleWebKit/537.36 (KHTML, like Gecko) SamsungBrowser/16.2 Chrome/92.0.4515.166 Mobile Safari/537.36"
40.77.167.99 - - [01/May/2022:21:59:51 +0200] "GET /robots.txt HTTP/1.1" 200 1627 "-" "Mozilla/5.0 (compatible; bingbot/2.0; +http://www.bing.com/bingbot.htm)"
207.46.13.174 - - [01/May/2022:22:00:03 +0200] "GET / HTTP/1.1" 200 19615 "-" "Mozilla/5.0 (compatible; bingbot/2.0; +http://www.bing.com/bingbot.htm)"
51.222.253.11 - - [01/May/2022:22:04:13 +0200] "GET /content/aktu%C3%A1lis-esem%C3%A9nyek-gy%C5%B1r%C5%B1f%C5%B1n HTTP/1.1" 200 17005 "-" "Mozilla/5.0 (compatible; AhrefsBot/7.0; +http://ahrefs.com/robot/)"
31.46.243.42 - - [01/May/2022:22:13:27 +0200] "GET /themes/aboutpeople/img/banners/rotate.php HTTP/1.1" 200 38338 "http://www.gyurufu.hu/themes/aboutpeople/style.css?g" "Mozilla/5.0 (Linux; Android 11; SAMSUNG SM-A515F/A515FXXU5EUJ4) AppleWebKit/537.36 (KHTML, like Gecko) SamsungBrowser/16.2 Chrome/92.0.4515.166 Mobile Safari/537.36"
31.46.243.42 - - [01/May/2022:22:13:27 +0200] "GET /favicon.ico HTTP/1.1" 404 57 "http://www.gyurufu.hu/content/szent-l%C3%A1szl%C3%B3-tan%C3%B6sv%C3%A9ny" "Mozilla/5.0 (Linux; Android 11; SAMSUNG SM-A515F/A515FXXU5EUJ4) AppleWebKit/537.36 (KHTML, like Gecko) SamsungBrowser/16.2 Chrome/92.0.4515.166 Mobile Safari/537.36"
5.56.37.120 - - [01/May/2022:22:30:23 +0200] "HEAD /lovastanya HTTP/1.1" 301 0 "https://szepkartya.biz" "Mozilla/5.0 (compatible; MSIE 9.0; Windows NT 6.1; WOW64; Trident/5.0)"
212.237.23.143 - - [01/May/2022:22:30:28 +0200] "HEAD / HTTP/1.1" 200 0 "-" "Alert_Alligator_webmonitoring_service_1.6.4_(alertalligator.com)"
74.125.208.20 - - [01/May/2022:23:13:13 +0200] "GET /erdeiiskola/images/termeszet/termeszet.jpg HTTP/1.1" 200 75077 "-" "Mozilla/5.0 (Windows NT 5.1; rv:11.0) Gecko Firefox/11.0 (via ggpht.com GoogleImageProxy)"
66.102.8.168 - - [01/May/2022:23:18:39 +0200] "GET /biodiverzitas/images/terkep_200.jpg HTTP/1.1" 200 21277 "-" "Mozilla/5.0 (Windows NT 5.1; rv:11.0) Gecko Firefox/11.0 (via ggpht.com GoogleImageProxy)"
212.237.23.143 - - [01/May/2022:23:29:06 +0200] "HEAD / HTTP/1.1" 200 0 "-" "Alert_Alligator_webmonitoring_service_1.6.4_(alertalligator.com)"
91.134.248.245 - - [01/May/2022:23:37:16 +0200] "GET / HTTP/1.1" 200 19611 "-" "-"
88.99.238.79 - - [01/May/2022:23:49:31 +0200] "GET /ads.txt HTTP/1.0" 404 4549 "-" "Mozilla/5.0 (Windows NT 10.0; Win64; x64; rv:86.0) Gecko/20100101 Firefox/86.0"
51.222.253.2 - - [01/May/2022:23:51:46 +0200] "GET /content/gy%C5%B1r%C5%B1f%C5%B1-m%C5%B1hely-kft HTTP/1.1" 200 17788 "-" "Mozilla/5.0 (compatible; AhrefsBot/7.0; +http://ahrefs.com/robot/)"
159.69.45.202 - - [02/May/2022:00:16:12 +0200] "GET /robots.txt HTTP/1.1" 200 1627 "-" "Mozilla/5.0 (compatible; um-IC/1.0; mailto: techinfo@ubermetrics-technologies.com; Windows NT 6.1; WOW64; rv:40.0) Gecko/20100101 Firefox/40.1"
159.69.45.202 - - [02/May/2022:00:16:12 +0200] "GET /rss.xml HTTP/1.1" 200 3891 "-" "Mozilla/5.0 (compatible; um-IC/1.0; mailto: techinfo@ubermetrics-technologies.com; Windows NT 6.1; WOW64; rv:40.0) Gecko/20100101 Firefox/40.1"
49.12.13.109 - - [02/May/2022:00:28:50 +0200] "HEAD / HTTP/1.1" 200 0 "-" "Alert_Alligator_webmonitoring_service_1.6.3_(alertalligator.com)"
51.222.253.12 - - [02/May/2022:00:34:29 +0200] "GET /user/password HTTP/1.1" 200 15868 "-" "Mozilla/5.0 (compatible; AhrefsBot/7.0; +http://ahrefs.com/robot/)"
51.222.253.19 - - [02/May/2022:00:50:55 +0200] "GET /content/term%C3%A9szetv%C3%A9delem HTTP/1.1" 200 26936 "-" "Mozilla/5.0 (compatible; AhrefsBot/7.0; +http://ahrefs.com/robot/)"
40.77.167.99 - - [02/May/2022:00:57:45 +0200] "GET /robots.txt HTTP/1.1" 200 1627 "-" "Mozilla/5.0 (compatible; bingbot/2.0; +http://www.bing.com/bingbot.htm)"
207.46.13.174 - - [02/May/2022:00:57:50 +0200] "GET / HTTP/1.1" 200 19615 "-" "Mozilla/5.0 (compatible; bingbot/2.0; +http://www.bing.com/bingbot.htm)"
51.222.253.4 - - [02/May/2022:01:06:25 +0200] "GET /content/gazd%C3%A1lkod%C3%A1s-j%C3%B6v%C5%91nkkel HTTP/1.1" 200 16604 "-" "Mozilla/5.0 (compatible; AhrefsBot/7.0; +http://ahrefs.com/robot/)"
212.237.51.151 - - [02/May/2022:01:14:36 +0200] "HEAD / HTTP/1.1" 200 0 "-" "Alert_Alligator_webmonitoring_service_1.6.4_(alertalligator.com)"
54.36.149.26 - - [02/May/2022:01:21:56 +0200] "GET /erdeiiskola/ HTTP/1.1" 200 954 "-" "Mozilla/5.0 (compatible; AhrefsBot/7.0; +http://ahrefs.com/robot/)"
185.191.171.11 - - [02/May/2022:01:52:22 +0200] "GET /robots.txt HTTP/1.1" 200 1627 "-" "Mozilla/5.0 (compatible; SemrushBot/7~bl; +http://www.semrush.com/bot.html)"
185.191.171.44 - - [02/May/2022:01:52:25 +0200] "GET /content/kezdetekt%C5%91l-mostan%C3%A1ig HTTP/1.1" 200 22292 "-" "Mozilla/5.0 (compatible; SemrushBot/7~bl; +http://www.semrush.com/bot.html)"
49.12.13.109 - - [02/May/2022:02:13:36 +0200] "HEAD / HTTP/1.1" 200 0 "-" "Alert_Alligator_webmonitoring_service_1.6.3_(alertalligator.com)"
89.46.223.134 - - [02/May/2022:02:54:34 +0200] "GET /content/kapcsolatok HTTP/1.1" 200 18059 "-" "Mozilla/5.0 (Windows NT 10.0; Win64; x64)"
51.222.253.7 - - [02/May/2022:02:56:20 +0200] "GET / HTTP/1.1" 200 19611 "-" "Mozilla/5.0 (compatible; AhrefsBot/7.0; +http://ahrefs.com/robot/)"
125.238.170.228 - - [02/May/2022:02:56:21 +0200] "GET / HTTP/1.1" 200 19615 "https://www.google.com/" "Mozilla/5.0 (Macintosh; Intel Mac OS X 10_14_6) AppleWebKit/537.36 (KHTML, like Gecko) Chrome/100.0.4896.127 Safari/537.36"
125.238.170.228 - - [02/May/2022:02:56:21 +0200] "GET /modules/nice_menus/nice_menus.css?g HTTP/1.1" 200 3607 "http://www.gyurufu.hu/" "Mozilla/5.0 (Macintosh; Intel Mac OS X 10_14_6) AppleWebKit/537.36 (KHTML, like Gecko) Chrome/100.0.4896.127 Safari/537.36"
125.238.170.228 - - [02/May/2022:02:56:21 +0200] "GET /modules/nice_menus/nice_menus_default.css?g HTTP/1.1" 200 4978 "http://www.gyurufu.hu/" "Mozilla/5.0 (Macintosh; Intel Mac OS X 10_14_6) AppleWebKit/537.36 (KHTML, like Gecko) Chrome/100.0.4896.127 Safari/537.36"
125.238.170.228 - - [02/May/2022:02:56:21 +0200] "GET /modules/system/defaults.css?g HTTP/1.1" 200 757 "http://www.gyurufu.hu/" "Mozilla/5.0 (Macintosh; Intel Mac OS X 10_14_6) AppleWebKit/537.36 (KHTML, like Gecko) Chrome/100.0.4896.127 Safari/537.36"
125.238.170.228 - - [02/May/2022:02:56:21 +0200] "GET /modules/photos/photos.css?g HTTP/1.1" 200 5645 "http://www.gyurufu.hu/" "Mozilla/5.0 (Macintosh; Intel Mac OS X 10_14_6) AppleWebKit/537.36 (KHTML, like Gecko) Chrome/100.0.4896.127 Safari/537.36"
125.238.170.228 - - [02/May/2022:02:56:21 +0200] "GET /modules/node/node.css?g HTTP/1.1" 200 740 "http://www.gyurufu.hu/" "Mozilla/5.0 (Macintosh; Intel Mac OS X 10_14_6) AppleWebKit/537.36 (KHTML, like Gecko) Chrome/100.0.4896.127 Safari/537.36"
125.238.170.228 - - [02/May/2022:02:56:22 +0200] "GET /modules/system/system.css?g HTTP/1.1" 200 10020 "http://www.gyurufu.hu/" "Mozilla/5.0 (Macintosh; Intel Mac OS X 10_14_6) AppleWebKit/537.36 (KHTML, like Gecko) Chrome/100.0.4896.127 Safari/537.36"
125.238.170.228 - - [02/May/2022:02:56:22 +0200] "GET /modules/system/system-menus.css?g HTTP/1.1" 200 935 "http://www.gyurufu.hu/" "Mozilla/5.0 (Macintosh; Intel Mac OS X 10_14_6) AppleWebKit/537.36 (KHTML, like Gecko) Chrome/100.0.4896.127 Safari/537.36"
125.238.170.228 - - [02/May/2022:02:56:22 +0200] "GET /modules/user/user.css?g HTTP/1.1" 200 1127 "http://www.gyurufu.hu/" "Mozilla/5.0 (Macintosh; Intel Mac OS X 10_14_6) AppleWebKit/537.36 (KHTML, like Gecko) Chrome/100.0.4896.127 Safari/537.36"
125.238.170.228 - - [02/May/2022:02:56:22 +0200] "GET /themes/aboutpeople/style.css?g HTTP/1.1" 200 32283 "http://www.gyurufu.hu/" "Mozilla/5.0 (Macintosh; Intel Mac OS X 10_14_6) AppleWebKit/537.36 (KHTML, like Gecko) Chrome/100.0.4896.127 Safari/537.36"
125.238.170.228 - - [02/May/2022:02:56:22 +0200] "GET /misc/jquery.js?g HTTP/1.1" 200 31089 "http://www.gyurufu.hu/" "Mozilla/5.0 (Macintosh; Intel Mac OS X 10_14_6) AppleWebKit/537.36 (KHTML, like Gecko) Chrome/100.0.4896.127 Safari/537.36"
125.238.170.228 - - [02/May/2022:02:56:22 +0200] "GET /modules/google_analytics/googleanalytics.js?g HTTP/1.1" 200 2268 "http://www.gyurufu.hu/" "Mozilla/5.0 (Macintosh; Intel Mac OS X 10_14_6) AppleWebKit/537.36 (KHTML, like Gecko) Chrome/100.0.4896.127 Safari/537.36"
125.238.170.228 - - [02/May/2022:02:56:22 +0200] "GET /misc/drupal.js?g HTTP/1.1" 200 9745 "http://www.gyurufu.hu/" "Mozilla/5.0 (Macintosh; Intel Mac OS X 10_14_6) AppleWebKit/537.36 (KHTML, like Gecko) Chrome/100.0.4896.127 Safari/537.36"
125.238.170.228 - - [02/May/2022:02:56:22 +0200] "GET /sites/default/files/languages/hu_8582a244f490b74610256ab428690e24.js?g HTTP/1.1" 200 1838 "http://www.gyurufu.hu/" "Mozilla/5.0 (Macintosh; Intel Mac OS X 10_14_6) AppleWebKit/537.36 (KHTML, like Gecko) Chrome/100.0.4896.127 Safari/537.36"
125.238.170.228 - - [02/May/2022:02:56:22 +0200] "GET /modules/photos/photos.js?g HTTP/1.1" 200 2409 "http://www.gyurufu.hu/" "Mozilla/5.0 (Macintosh; Intel Mac OS X 10_14_6) AppleWebKit/537.36 (KHTML, like Gecko) Chrome/100.0.4896.127 Safari/537.36"
125.238.170.228 - - [02/May/2022:02:56:22 +0200] "GET /themes/aboutpeople/img/sticky.gif HTTP/1.1" 200 560 "http://www.gyurufu.hu/" "Mozilla/5.0 (Macintosh; Intel Mac OS X 10_14_6) AppleWebKit/537.36 (KHTML, like Gecko) Chrome/100.0.4896.127 Safari/537.36"
125.238.170.228 - - [02/May/2022:02:56:22 +0200] "GET /misc/powered-blue-80x15.png HTTP/1.1" 200 1011 "http://www.gyurufu.hu/" "Mozilla/5.0 (Macintosh; Intel Mac OS X 10_14_6) AppleWebKit/537.36 (KHTML, like Gecko) Chrome/100.0.4896.127 Safari/537.36"
212.237.51.151 - - [02/May/2022:02:56:46 +0200] "HEAD / HTTP/1.1" 200 0 "-" "Alert_Alligator_webmonitoring_service_1.6.4_(alertalligator.com)"
2.58.149.155 - - [02/May/2022:02:57:41 +0200] "GET / HTTP/1.1" 200 19611 "-" "Mozilla/5.0 (Windows NT 10.0; Win64; x64) AppleWebKit/537.36 (KHTML, like Gecko) Chrome/95.0.4638.69 Safari/537.36"
2.58.149.155 - - [02/May/2022:02:57:41 +0200] "GET / HTTP/1.1" 200 19611 "-" "Mozilla/5.0 (Windows NT 10.0; Win64; x64) AppleWebKit/537.36 (KHTML, like Gecko) Chrome/95.0.4638.69 Safari/537.36"
2.58.149.155 - - [02/May/2022:02:57:41 +0200] "GET /feed/ HTTP/1.1" 404 4562 "-" "Mozilla/5.0 (Windows NT 10.0; Win64; x64) AppleWebKit/537.36 (KHTML, like Gecko) Chrome/95.0.4638.69 Safari/537.36"
2.58.149.155 - - [02/May/2022:02:57:42 +0200] "GET /xmlrpc.php?rsd HTTP/1.1" 200 54 "-" "Mozilla/5.0 (Windows NT 10.0; Win64; x64) AppleWebKit/537.36 (KHTML, like Gecko) Chrome/95.0.4638.69 Safari/537.36"
2.58.149.155 - - [02/May/2022:02:57:42 +0200] "GET /blog/wp-includes/wlwmanifest.xml HTTP/1.1" 404 4562 "-" "Mozilla/5.0 (Windows NT 10.0; Win64; x64) AppleWebKit/537.36 (KHTML, like Gecko) Chrome/95.0.4638.69 Safari/537.36"
2.58.149.155 - - [02/May/2022:02:57:42 +0200] "GET /web/wp-includes/wlwmanifest.xml HTTP/1.1" 404 4562 "-" "Mozilla/5.0 (Windows NT 10.0; Win64; x64) AppleWebKit/537.36 (KHTML, like Gecko) Chrome/95.0.4638.69 Safari/537.36"
2.58.149.155 - - [02/May/2022:02:57:42 +0200] "GET /wordpress/wp-includes/wlwmanifest.xml HTTP/1.1" 404 4562 "-" "Mozilla/5.0 (Windows NT 10.0; Win64; x64) AppleWebKit/537.36 (KHTML, like Gecko) Chrome/95.0.4638.69 Safari/537.36"
2.58.149.155 - - [02/May/2022:02:57:42 +0200] "GET /wp/wp-includes/wlwmanifest.xml HTTP/1.1" 404 4562 "-" "Mozilla/5.0 (Windows NT 10.0; Win64; x64) AppleWebKit/537.36 (KHTML, like Gecko) Chrome/95.0.4638.69 Safari/537.36"
2.58.149.155 - - [02/May/2022:02:57:42 +0200] "GET /2020/wp-includes/wlwmanifest.xml HTTP/1.1" 404 4562 "-" "Mozilla/5.0 (Windows NT 10.0; Win64; x64) AppleWebKit/537.36 (KHTML, like Gecko) Chrome/95.0.4638.69 Safari/537.36"
2.58.149.155 - - [02/May/2022:02:57:42 +0200] "GET /2019/wp-includes/wlwmanifest.xml HTTP/1.1" 404 4562 "-" "Mozilla/5.0 (Windows NT 10.0; Win64; x64) AppleWebKit/537.36 (KHTML, like Gecko) Chrome/95.0.4638.69 Safari/537.36"
2.58.149.155 - - [02/May/2022:02:57:42 +0200] "GET /2021/wp-includes/wlwmanifest.xml HTTP/1.1" 404 4562 "-" "Mozilla/5.0 (Windows NT 10.0; Win64; x64) AppleWebKit/537.36 (KHTML, like Gecko) Chrome/95.0.4638.69 Safari/537.36"
2.58.149.155 - - [02/May/2022:02:57:42 +0200] "GET /shop/wp-includes/wlwmanifest.xml HTTP/1.1" 404 4562 "-" "Mozilla/5.0 (Windows NT 10.0; Win64; x64) AppleWebKit/537.36 (KHTML, like Gecko) Chrome/95.0.4638.69 Safari/537.36"
2.58.149.155 - - [02/May/2022:02:57:42 +0200] "GET /wp1/wp-includes/wlwmanifest.xml HTTP/1.1" 404 4562 "-" "Mozilla/5.0 (Windows NT 10.0; Win64; x64) AppleWebKit/537.36 (KHTML, like Gecko) Chrome/95.0.4638.69 Safari/537.36"
2.58.149.155 - - [02/May/2022:02:57:42 +0200] "GET /test/wp-includes/wlwmanifest.xml HTTP/1.1" 404 4562 "-" "Mozilla/5.0 (Windows NT 10.0; Win64; x64) AppleWebKit/537.36 (KHTML, like Gecko) Chrome/95.0.4638.69 Safari/537.36"
2.58.149.155 - - [02/May/2022:02:57:42 +0200] "GET /site/wp-includes/wlwmanifest.xml HTTP/1.1" 404 4562 "-" "Mozilla/5.0 (Windows NT 10.0; Win64; x64) AppleWebKit/537.36 (KHTML, like Gecko) Chrome/95.0.4638.69 Safari/537.36"
2.58.149.155 - - [02/May/2022:02:57:43 +0200] "GET /cms/wp-includes/wlwmanifest.xml HTTP/1.1" 404 4562 "-" "Mozilla/5.0 (Windows NT 10.0; Win64; x64) AppleWebKit/537.36 (KHTML, like Gecko) Chrome/95.0.4638.69 Safari/537.36"
51.222.253.4 - - [02/May/2022:03:10:01 +0200] "GET /content/veronika-erdei-iskola-gy%C5%B1r%C5%B1f%C5%B1n HTTP/1.1" 200 24603 "-" "Mozilla/5.0 (compatible; AhrefsBot/7.0; +http://ahrefs.com/robot/)"
150.158.133.239 - - [02/May/2022:03:18:09 +0200] "GET /xmlrpc.php HTTP/1.1" 200 54 "-" "Mozilla/5.0 (Windows NT 6.1; WOW64; rv:45.0) Gecko/20100101 Firefox/45.0"
150.158.133.239 - - [02/May/2022:03:18:10 +0200] "GET /wp-login.php HTTP/1.1" 404 4562 "-" "Mozilla/5.0 (Windows NT 6.1; WOW64; rv:45.0) Gecko/20100101 Firefox/45.0"
54.36.149.26 - - [02/May/2022:03:22:14 +0200] "GET /content/v%C3%A1lyog%C3%A9p%C3%ADt%C3%A9sz-t%C3%A1borok-%C3%A9s-szaktan%C3%A1csad%C3%A1s HTTP/1.1" 200 16850 "-" "Mozilla/5.0 (compatible; AhrefsBot/7.0; +http://ahrefs.com/robot/)"
51.222.253.1 - - [02/May/2022:03:34:47 +0200] "GET /content/gy%C5%B1r%C5%B1f%C5%B1i-tal%C3%A1lkoz%C3%A1sok HTTP/1.1" 200 21494 "-" "Mozilla/5.0 (compatible; AhrefsBot/7.0; +http://ahrefs.com/robot/)"
51.222.253.20 - - [02/May/2022:03:48:37 +0200] "GET /content/lovasoktat%C3%A1s HTTP/1.1" 200 16717 "-" "Mozilla/5.0 (compatible; AhrefsBot/7.0; +http://ahrefs.com/robot/)"
212.237.23.143 - - [02/May/2022:03:52:38 +0200] "HEAD / HTTP/1.1" 200 0 "-" "Alert_Alligator_webmonitoring_service_1.6.4_(alertalligator.com)"
185.191.171.34 - - [02/May/2022:03:58:36 +0200] "GET /robots.txt HTTP/1.1" 200 1627 "-" "Mozilla/5.0 (compatible; SemrushBot/7~bl; +http://www.semrush.com/bot.html)"
185.191.171.25 - - [02/May/2022:03:58:36 +0200] "GET /content/bemutatkoz%C3%A1s?destination=node%2F141 HTTP/1.1" 200 16918 "-" "Mozilla/5.0 (compatible; SemrushBot/7~bl; +http://www.semrush.com/bot.html)"
194.233.96.36 - - [02/May/2022:03:59:31 +0200] "GET /content/lovastanya-vend%C3%A9gh%C3%A1z-falusi-sz%C3%A1ll%C3%A1shely-baranya-sz%C3%A1ll%C3%A1s-baranya-apartman-baranya-%C3%B6koturizmus?feedback_url=%27nvOpzp;%20AND%201=1%20OR%20(%3C%27%22%3EiKO)),&presentation_mode=%27nvOpzp;%20AND%201=1%20OR%20(%3C%27%22%3EiKO)),&lang=%27nvOpzp;%20AND%201=1%20OR%20(%3C%27%22%3EiKO)),&resource_id=%27nvOpzp;%20AND%201=1%20OR%20(%3C%27%22%3EiKO)),&mode=%27nvOpzp;%20AND%201=1%20OR%20(%3C%27%22%3EiKO)), HTTP/1.1" 200 19156 "-" "-"
54.36.149.26 - - [02/May/2022:04:03:49 +0200] "GET /content/leteleped%C3%A9s HTTP/1.1" 200 17070 "-" "Mozilla/5.0 (compatible; AhrefsBot/7.0; +http://ahrefs.com/robot/)"
66.249.66.84 - - [02/May/2022:04:09:23 +0200] "GET /lovastanya/ HTTP/1.1" 200 1461 "-" "Mozilla/5.0 (Linux; Android 6.0.1; Nexus 5X Build/MMB29P) AppleWebKit/537.36 (KHTML, like Gecko) Chrome/100.0.4896.127 Mobile Safari/537.36 (compatible; Googlebot/2.1; +http://www.google.com/bot.html)"
40.77.167.99 - - [02/May/2022:04:16:13 +0200] "GET /robots.txt HTTP/1.1" 200 1627 "-" "Mozilla/5.0 (compatible; bingbot/2.0; +http://www.bing.com/bingbot.htm)"
207.46.13.174 - - [02/May/2022:04:16:19 +0200] "GET /lovastanya/bemutatkozas.html HTTP/1.1" 200 6933 "-" "Mozilla/5.0 (compatible; bingbot/2.0; +http://www.bing.com/bingbot.htm)"
54.36.149.26 - - [02/May/2022:04:29:14 +0200] "GET /content/lovastanya-vend%C3%A9gh%C3%A1z HTTP/1.1" 200 23213 "-" "Mozilla/5.0 (compatible; AhrefsBot/7.0; +http://ahrefs.com/robot/)"
49.12.13.109 - - [02/May/2022:04:51:55 +0200] "HEAD / HTTP/1.1" 200 0 "-" "Alert_Alligator_webmonitoring_service_1.6.3_(alertalligator.com)"
51.222.253.20 - - [02/May/2022:04:59:46 +0200] "GET /content/%C3%B6koturizmus-gy%C5%B1r%C5%B1f%C5%B1n HTTP/1.1" 200 17319 "-" "Mozilla/5.0 (compatible; AhrefsBot/7.0; +http://ahrefs.com/robot/)"
91.82.211.247 - - [02/May/2022:05:12:57 +0200] "GET / HTTP/1.1" 200 19615 "https://www.google.com/" "Mozilla/5.0 (Windows NT 10.0; Win64; x64) AppleWebKit/537.36 (KHTML, like Gecko) Chrome/100.0.4896.127 Safari/537.36"
91.82.211.247 - - [02/May/2022:05:12:57 +0200] "GET /modules/nice_menus/nice_menus.css?g HTTP/1.1" 200 3607 "http://www.gyurufu.hu/" "Mozilla/5.0 (Windows NT 10.0; Win64; x64) AppleWebKit/537.36 (KHTML, like Gecko) Chrome/100.0.4896.127 Safari/537.36"
91.82.211.247 - - [02/May/2022:05:12:57 +0200] "GET /modules/photos/photos.css?g HTTP/1.1" 200 5645 "http://www.gyurufu.hu/" "Mozilla/5.0 (Windows NT 10.0; Win64; x64) AppleWebKit/537.36 (KHTML, like Gecko) Chrome/100.0.4896.127 Safari/537.36"
91.82.211.247 - - [02/May/2022:05:12:57 +0200] "GET /modules/nice_menus/nice_menus_default.css?g HTTP/1.1" 200 4978 "http://www.gyurufu.hu/" "Mozilla/5.0 (Windows NT 10.0; Win64; x64) AppleWebKit/537.36 (KHTML, like Gecko) Chrome/100.0.4896.127 Safari/537.36"
91.82.211.247 - - [02/May/2022:05:12:57 +0200] "GET /modules/node/node.css?g HTTP/1.1" 200 740 "http://www.gyurufu.hu/" "Mozilla/5.0 (Windows NT 10.0; Win64; x64) AppleWebKit/537.36 (KHTML, like Gecko) Chrome/100.0.4896.127 Safari/537.36"
91.82.211.247 - - [02/May/2022:05:12:57 +0200] "GET /modules/system/defaults.css?g HTTP/1.1" 200 757 "http://www.gyurufu.hu/" "Mozilla/5.0 (Windows NT 10.0; Win64; x64) AppleWebKit/537.36 (KHTML, like Gecko) Chrome/100.0.4896.127 Safari/537.36"
91.82.211.247 - - [02/May/2022:05:12:57 +0200] "GET /modules/system/system.css?g HTTP/1.1" 200 10020 "http://www.gyurufu.hu/" "Mozilla/5.0 (Windows NT 10.0; Win64; x64) AppleWebKit/537.36 (KHTML, like Gecko) Chrome/100.0.4896.127 Safari/537.36"
91.82.211.247 - - [02/May/2022:05:12:57 +0200] "GET /modules/system/system-menus.css?g HTTP/1.1" 200 935 "http://www.gyurufu.hu/" "Mozilla/5.0 (Windows NT 10.0; Win64; x64) AppleWebKit/537.36 (KHTML, like Gecko) Chrome/100.0.4896.127 Safari/537.36"
91.82.211.247 - - [02/May/2022:05:12:57 +0200] "GET /modules/user/user.css?g HTTP/1.1" 200 1127 "http://www.gyurufu.hu/" "Mozilla/5.0 (Windows NT 10.0; Win64; x64) AppleWebKit/537.36 (KHTML, like Gecko) Chrome/100.0.4896.127 Safari/537.36"
91.82.211.247 - - [02/May/2022:05:12:57 +0200] "GET /misc/jquery.js?g HTTP/1.1" 200 31089 "http://www.gyurufu.hu/" "Mozilla/5.0 (Windows NT 10.0; Win64; x64) AppleWebKit/537.36 (KHTML, like Gecko) Chrome/100.0.4896.127 Safari/537.36"
91.82.211.247 - - [02/May/2022:05:12:57 +0200] "GET /modules/photos/photos.js?g HTTP/1.1" 200 2409 "http://www.gyurufu.hu/" "Mozilla/5.0 (Windows NT 10.0; Win64; x64) AppleWebKit/537.36 (KHTML, like Gecko) Chrome/100.0.4896.127 Safari/537.36"
91.82.211.247 - - [02/May/2022:05:12:57 +0200] "GET /themes/aboutpeople/style.css?g HTTP/1.1" 200 32283 "http://www.gyurufu.hu/" "Mozilla/5.0 (Windows NT 10.0; Win64; x64) AppleWebKit/537.36 (KHTML, like Gecko) Chrome/100.0.4896.127 Safari/537.36"
91.82.211.247 - - [02/May/2022:05:12:57 +0200] "GET /misc/drupal.js?g HTTP/1.1" 200 9745 "http://www.gyurufu.hu/" "Mozilla/5.0 (Windows NT 10.0; Win64; x64) AppleWebKit/537.36 (KHTML, like Gecko) Chrome/100.0.4896.127 Safari/537.36"
91.82.211.247 - - [02/May/2022:05:12:57 +0200] "GET /modules/google_analytics/googleanalytics.js?g HTTP/1.1" 200 2268 "http://www.gyurufu.hu/" "Mozilla/5.0 (Windows NT 10.0; Win64; x64) AppleWebKit/537.36 (KHTML, like Gecko) Chrome/100.0.4896.127 Safari/537.36"
91.82.211.247 - - [02/May/2022:05:12:57 +0200] "GET /sites/default/files/languages/hu_8582a244f490b74610256ab428690e24.js?g HTTP/1.1" 200 1838 "http://www.gyurufu.hu/" "Mozilla/5.0 (Windows NT 10.0; Win64; x64) AppleWebKit/537.36 (KHTML, like Gecko) Chrome/100.0.4896.127 Safari/537.36"
91.82.211.247 - - [02/May/2022:05:12:57 +0200] "GET /misc/powered-blue-80x15.png HTTP/1.1" 200 1011 "http://www.gyurufu.hu/" "Mozilla/5.0 (Windows NT 10.0; Win64; x64) AppleWebKit/537.36 (KHTML, like Gecko) Chrome/100.0.4896.127 Safari/537.36"
91.82.211.247 - - [02/May/2022:05:12:57 +0200] "GET /themes/aboutpeople/img/sticky.gif HTTP/1.1" 200 560 "http://www.gyurufu.hu/" "Mozilla/5.0 (Windows NT 10.0; Win64; x64) AppleWebKit/537.36 (KHTML, like Gecko) Chrome/100.0.4896.127 Safari/537.36"
91.82.211.247 - - [02/May/2022:05:13:00 +0200] "GET /themes/aboutpeople/img/login_line.png HTTP/1.1" 200 510 "http://www.gyurufu.hu/themes/aboutpeople/style.css?g" "Mozilla/5.0 (Windows NT 10.0; Win64; x64) AppleWebKit/537.36 (KHTML, like Gecko) Chrome/100.0.4896.127 Safari/537.36"
91.82.211.247 - - [02/May/2022:05:13:00 +0200] "GET /themes/aboutpeople/img/bg.gif HTTP/1.1" 200 4764 "http://www.gyurufu.hu/themes/aboutpeople/style.css?g" "Mozilla/5.0 (Windows NT 10.0; Win64; x64) AppleWebKit/537.36 (KHTML, like Gecko) Chrome/100.0.4896.127 Safari/537.36"
91.82.211.247 - - [02/May/2022:05:13:00 +0200] "GET /themes/aboutpeople/img/use11r.gif HTTP/1.1" 200 1001 "http://www.gyurufu.hu/themes/aboutpeople/style.css?g" "Mozilla/5.0 (Windows NT 10.0; Win64; x64) AppleWebKit/537.36 (KHTML, like Gecko) Chrome/100.0.4896.127 Safari/537.36"
91.82.211.247 - - [02/May/2022:05:13:00 +0200] "GET /themes/aboutpeople/img/menulinks.png HTTP/1.1" 200 1465 "http://www.gyurufu.hu/themes/aboutpeople/style.css?g" "Mozilla/5.0 (Windows NT 10.0; Win64; x64) AppleWebKit/537.36 (KHTML, like Gecko) Chrome/100.0.4896.127 Safari/537.36"
91.82.211.247 - - [02/May/2022:05:13:00 +0200] "GET /themes/aboutpeople/img/down_arrow_hover.png HTTP/1.1" 200 115 "http://www.gyurufu.hu/themes/aboutpeople/style.css?g" "Mozilla/5.0 (Windows NT 10.0; Win64; x64) AppleWebKit/537.36 (KHTML, like Gecko) Chrome/100.0.4896.127 Safari/537.36"
91.82.211.247 - - [02/May/2022:05:13:00 +0200] "GET /themes/aboutpeople/img/down_arrow.png HTTP/1.1" 200 149 "http://www.gyurufu.hu/themes/aboutpeople/style.css?g" "Mozilla/5.0 (Windows NT 10.0; Win64; x64) AppleWebKit/537.36 (KHTML, like Gecko) Chrome/100.0.4896.127 Safari/537.36"
91.82.211.247 - - [02/May/2022:05:13:00 +0200] "GET /themes/aboutpeople/img/menuline.png HTTP/1.1" 200 395 "http://www.gyurufu.hu/themes/aboutpeople/style.css?g" "Mozilla/5.0 (Windows NT 10.0; Win64; x64) AppleWebKit/537.36 (KHTML, like Gecko) Chrome/100.0.4896.127 Safari/537.36"
91.82.211.247 - - [02/May/2022:05:13:00 +0200] "GET /themes/aboutpeople/img/menulinks_corner.png HTTP/1.1" 200 215 "http://www.gyurufu.hu/themes/aboutpeople/style.css?g" "Mozilla/5.0 (Windows NT 10.0; Win64; x64) AppleWebKit/537.36 (KHTML, like Gecko) Chrome/100.0.4896.127 Safari/537.36"
91.82.211.247 - - [02/May/2022:05:13:01 +0200] "GET /themes/aboutpeople/img/slinks.gif HTTP/1.1" 200 487 "http://www.gyurufu.hu/themes/aboutpeople/style.css?g" "Mozilla/5.0 (Windows NT 10.0; Win64; x64) AppleWebKit/537.36 (KHTML, like Gecko) Chrome/100.0.4896.127 Safari/537.36"
91.82.211.247 - - [02/May/2022:05:13:01 +0200] "GET /themes/aboutpeople/img/bgblock.gif HTTP/1.1" 200 1287 "http://www.gyurufu.hu/themes/aboutpeople/style.css?g" "Mozilla/5.0 (Windows NT 10.0; Win64; x64) AppleWebKit/537.36 (KHTML, like Gecko) Chrome/100.0.4896.127 Safari/537.36"
91.82.211.247 - - [02/May/2022:05:13:01 +0200] "GET /themes/aboutpeople/img/slinksover.gif HTTP/1.1" 200 478 "http://www.gyurufu.hu/themes/aboutpeople/style.css?g" "Mozilla/5.0 (Windows NT 10.0; Win64; x64) AppleWebKit/537.36 (KHTML, like Gecko) Chrome/100.0.4896.127 Safari/537.36"
91.82.211.247 - - [02/May/2022:05:13:01 +0200] "GET /modules/nice_menus/arrow-right.png HTTP/1.1" 200 258 "http://www.gyurufu.hu/modules/nice_menus/nice_menus_default.css?g" "Mozilla/5.0 (Windows NT 10.0; Win64; x64) AppleWebKit/537.36 (KHTML, like Gecko) Chrome/100.0.4896.127 Safari/537.36"
91.82.211.247 - - [02/May/2022:05:13:01 +0200] "GET /themes/aboutpeople/img/readmore.gif HTTP/1.1" 200 366 "http://www.gyurufu.hu/themes/aboutpeople/style.css?g" "Mozilla/5.0 (Windows NT 10.0; Win64; x64) AppleWebKit/537.36 (KHTML, like Gecko) Chrome/100.0.4896.127 Safari/537.36"
91.82.211.247 - - [02/May/2022:05:13:01 +0200] "GET /themes/aboutpeople/img/login.gif HTTP/1.1" 200 1018 "http://www.gyurufu.hu/themes/aboutpeople/style.css?g" "Mozilla/5.0 (Windows NT 10.0; Win64; x64) AppleWebKit/537.36 (KHTML, like Gecko) Chrome/100.0.4896.127 Safari/537.36"
91.82.211.247 - - [02/May/2022:05:13:01 +0200] "GET /themes/aboutpeople/img/banners/rotate.php HTTP/1.1" 200 38338 "http://www.gyurufu.hu/themes/aboutpeople/style.css?g" "Mozilla/5.0 (Windows NT 10.0; Win64; x64) AppleWebKit/537.36 (KHTML, like Gecko) Chrome/100.0.4896.127 Safari/537.36"
91.82.211.247 - - [02/May/2022:05:13:01 +0200] "GET /favicon.ico HTTP/1.1" 404 57 "http://www.gyurufu.hu/" "Mozilla/5.0 (Windows NT 10.0; Win64; x64) AppleWebKit/537.36 (KHTML, like Gecko) Chrome/100.0.4896.127 Safari/537.36"
91.82.211.247 - - [02/May/2022:05:13:09 +0200] "GET /content/%C3%B6koturizmus-gy%C5%B1r%C5%B1f%C5%B1n HTTP/1.1" 200 17319 "http://www.gyurufu.hu/" "Mozilla/5.0 (Windows NT 10.0; Win64; x64) AppleWebKit/537.36 (KHTML, like Gecko) Chrome/100.0.4896.127 Safari/537.36"
91.82.211.247 - - [02/May/2022:05:13:17 +0200] "GET /content/oktat%C3%A1s-gy%C5%B1r%C5%B1f%C5%B1n HTTP/1.1" 200 16603 "http://www.gyurufu.hu/content/%C3%B6koturizmus-gy%C5%B1r%C5%B1f%C5%B1n" "Mozilla/5.0 (Windows NT 10.0; Win64; x64) AppleWebKit/537.36 (KHTML, like Gecko) Chrome/100.0.4896.127 Safari/537.36"
91.82.211.247 - - [02/May/2022:05:13:34 +0200] "GET /content/bioterm%C3%A9kek HTTP/1.1" 200 16713 "http://www.gyurufu.hu/content/oktat%C3%A1s-gy%C5%B1r%C5%B1f%C5%B1n" "Mozilla/5.0 (Windows NT 10.0; Win64; x64) AppleWebKit/537.36 (KHTML, like Gecko) Chrome/100.0.4896.127 Safari/537.36"
212.237.51.151 - - [02/May/2022:05:35:33 +0200] "HEAD / HTTP/1.1" 200 0 "-" "Alert_Alligator_webmonitoring_service_1.6.4_(alertalligator.com)"
191.96.150.226 - - [02/May/2022:05:45:32 +0200] "GET /wp-login.php HTTP/1.1" 404 4562 "-" "Mozilla/5.0 (Windows NT 10.0; Win64; x64) AppleWebKit/537.36 (KHTML, like Gecko) Chrome/91.0.4472.124 Safari/537.36"
191.96.150.226 - - [02/May/2022:05:52:21 +0200] "GET /wp-login.php HTTP/1.1" 404 4562 "-" "Mozilla/5.0 (Windows NT 10.0; Win64; x64) AppleWebKit/537.36 (KHTML, like Gecko) Chrome/91.0.4472.124 Safari/537.36"
54.36.149.26 - - [02/May/2022:05:53:47 +0200] "GET / HTTP/1.1" 200 19615 "-" "Mozilla/5.0 (compatible; AhrefsBot/7.0; +http://ahrefs.com/robot/)"
159.69.45.202 - - [02/May/2022:06:03:22 +0200] "GET /robots.txt HTTP/1.1" 200 1627 "-" "Mozilla/5.0 (compatible; um-IC/1.0; mailto: techinfo@ubermetrics-technologies.com; Windows NT 6.1; WOW64; rv:40.0) Gecko/20100101 Firefox/40.1"
159.69.45.202 - - [02/May/2022:06:03:22 +0200] "GET /rss.xml HTTP/1.1" 200 3891 "-" "Mozilla/5.0 (compatible; um-IC/1.0; mailto: techinfo@ubermetrics-technologies.com; Windows NT 6.1; WOW64; rv:40.0) Gecko/20100101 Firefox/40.1"
66.249.66.84 - - [02/May/2022:06:09:23 +0200] "GET / HTTP/1.1" 200 19615 "-" "Mozilla/5.0 (Linux; Android 6.0.1; Nexus 5X Build/MMB29P) AppleWebKit/537.36 (KHTML, like Gecko) Chrome/100.0.4896.127 Mobile Safari/537.36 (compatible; Googlebot/2.1; +http://www.google.com/bot.html)"
54.36.149.26 - - [02/May/2022:06:18:32 +0200] "GET /erdeiiskola/index.html HTTP/1.1" 200 942 "-" "Mozilla/5.0 (compatible; AhrefsBot/7.0; +http://ahrefs.com/robot/)"
212.237.23.143 - - [02/May/2022:06:38:24 +0200] "HEAD / HTTP/1.1" 200 0 "-" "Alert_Alligator_webmonitoring_service_1.6.4_(alertalligator.com)"
66.249.66.83 - - [02/May/2022:06:39:23 +0200] "GET /erdeiiskola/bemutatkozas.html HTTP/1.1" 200 5274 "-" "Mozilla/5.0 (Linux; Android 6.0.1; Nexus 5X Build/MMB29P) AppleWebKit/537.36 (KHTML, like Gecko) Chrome/100.0.4896.127 Mobile Safari/537.36 (compatible; Googlebot/2.1; +http://www.google.com/bot.html)"
