178.164.240.50 - - [09/Jun/2015:18:05:33 +0200] "GET /images/vasutterkep_n.jpg HTTP/1.1" 200 4702972 "http://www.terkepkalauz.hu/index.php?option=com_content&task=view&id=396" "Mozilla/5.0 (Windows NT 6.1; WOW64; rv:38.0) Gecko/20100101 Firefox/38.0"
178.164.240.50 - - [09/Jun/2015:18:05:35 +0200] "GET /favicon.ico HTTP/1.1" 404 1181 "-" "Mozilla/5.0 (Windows NT 6.1; WOW64; rv:38.0) Gecko/20100101 Firefox/38.0"
178.164.240.50 - - [09/Jun/2015:18:05:35 +0200] "GET /favicon.ico HTTP/1.1" 404 1181 "-" "Mozilla/5.0 (Windows NT 6.1; WOW64; rv:38.0) Gecko/20100101 Firefox/38.0"
106.68.45.237 - - [09/Jun/2015:18:06:07 +0200] "GET /hirlevel/images/1304_c.jpg HTTP/1.1" 200 30319 "http://www.bing.com/images/search?q=orsz%c3%a1g+hat%c3%a1r&view=detailv2&&&id=837AA24772DB171E4C1470E65557C2C2A98D26B8&selectedIndex=302&ccid=E8a5YbUX&simid=608044722621254936&thid=JN.R1enap94ymBqdxHGLjGvyw&mode=overlay" "Mozilla/5.0 (Windows NT 6.1; WOW64) AppleWebKit/537.36 (KHTML, like Gecko) Chrome/43.0.2357.81 Safari/537.36"
85.14.248.165 - - [09/Jun/2015:18:15:14 +0200] "GET /robots.txt HTTP/1.1" 404 1181 "-" "Mozilla/5.0 (compatible; worldwebheritage.org/1.1; +crawl@worldwebheritage.org)"
85.14.248.165 - - [09/Jun/2015:18:15:15 +0200] "GET /hirlevel/images/1409e.png HTTP/1.1" 200 118402 "-" "Mozilla/5.0 (compatible; worldwebheritage.org/1.1; +crawl@worldwebheritage.org)"
176.63.17.212 - - [09/Jun/2015:18:17:45 +0200] "GET /images/vasutterkep_n.jpg HTTP/1.1" 200 4702972 "https://www.google.hu/" "Mozilla/5.0 (Windows NT 6.1; WOW64) AppleWebKit/537.36 (KHTML, like Gecko) Chrome/43.0.2357.81 Safari/537.36"
173.252.120.112 - - [09/Jun/2015:18:22:35 +0200] "GET /images/vasutterkep_n.jpg HTTP/1.1" 200 4702972 "-" "facebookexternalhit/1.1 (+http://www.facebook.com/externalhit_uatext.php)"
66.249.67.195 - - [09/Jun/2015:18:22:49 +0200] "GET /hirlevel/images/1004e.jpg HTTP/1.1" 200 37887 "-" "Googlebot-Image/1.0"
85.14.248.165 - - [09/Jun/2015:18:23:47 +0200] "GET /robots.txt HTTP/1.1" 404 1181 "-" "Mozilla/5.0 (compatible; worldwebheritage.org/1.1; +crawl@worldwebheritage.org)"
85.14.248.165 - - [09/Jun/2015:18:23:47 +0200] "GET /hirlevel/images/1410_c.jpg HTTP/1.1" 200 19462 "-" "Mozilla/5.0 (compatible; worldwebheritage.org/1.1; +crawl@worldwebheritage.org)"
66.249.67.207 - - [09/Jun/2015:18:24:45 +0200] "GET /hirlevel/images/1004d.jpg HTTP/1.1" 200 40124 "-" "Googlebot-Image/1.0"
66.249.67.195 - - [09/Jun/2015:18:32:32 +0200] "GET /hirlevel/images/1503_a.png HTTP/1.1" 200 115972 "-" "Googlebot-Image/1.0"
66.249.67.183 - - [09/Jun/2015:18:41:26 +0200] "GET / HTTP/1.1" 200 1178 "-" "SAMSUNG-SGH-E250/1.0 Profile/MIDP-2.0 Configuration/CLDC-1.1 UP.Browser/6.2.3.3.c.1.101 (GUI) MMP/2.0 (compatible; Googlebot-Mobile/2.1; +http://www.google.com/bot.html)"
66.249.67.195 - - [09/Jun/2015:19:01:41 +0200] "GET /hirlevel/images/1006e.jpg HTTP/1.1" 200 34613 "-" "Googlebot-Image/1.0"
66.249.67.183 - - [09/Jun/2015:19:04:36 +0200] "GET /hirlevel/images/1006c.jpg HTTP/1.1" 200 45597 "-" "Googlebot-Image/1.0"
212.16.159.25 - - [09/Jun/2015:19:13:46 +0200] "GET /doc/budapest-kornyeken-vasuttal.jpg HTTP/1.1" 404 1181 "https://www.google.hu/" "Mozilla/5.0 (Windows NT 6.1; WOW64) AppleWebKit/537.36 (KHTML, like Gecko) Chrome/43.0.2357.81 Safari/537.36"
212.16.159.25 - - [09/Jun/2015:19:16:55 +0200] "GET /doc/budapest-kornyeken-vasuttal.jpg HTTP/1.1" 404 1181 "https://www.google.hu/" "Mozilla/5.0 (Windows NT 6.1; WOW64) AppleWebKit/537.36 (KHTML, like Gecko) Chrome/43.0.2357.81 Safari/537.36"
82.150.58.10 - - [09/Jun/2015:19:17:43 +0200] "GET /hirlevel/vonattal1207.htm HTTP/1.1" 200 57936 "https://www.google.hu/" "Mozilla/5.0 (Windows NT 6.1) AppleWebKit/537.36 (KHTML, like Gecko) Chrome/43.0.2357.81 Safari/537.36"
82.150.58.10 - - [09/Jun/2015:19:17:43 +0200] "GET /hirlevel/images/1208_EMH_logo_2012_szlogen.jpg HTTP/1.1" 200 59958 "http://mkk.zpok.hu/hirlevel/vonattal1207.htm" "Mozilla/5.0 (Windows NT 6.1) AppleWebKit/537.36 (KHTML, like Gecko) Chrome/43.0.2357.81 Safari/537.36"
82.150.58.10 - - [09/Jun/2015:19:17:43 +0200] "GET /hirlevel/images/1208_katyuk.jpg HTTP/1.1" 200 46554 "http://mkk.zpok.hu/hirlevel/vonattal1207.htm" "Mozilla/5.0 (Windows NT 6.1) AppleWebKit/537.36 (KHTML, like Gecko) Chrome/43.0.2357.81 Safari/537.36"
82.150.58.10 - - [09/Jun/2015:19:17:43 +0200] "GET /hirlevel/images/1208_pesa.png HTTP/1.1" 200 101881 "http://mkk.zpok.hu/hirlevel/vonattal1207.htm" "Mozilla/5.0 (Windows NT 6.1) AppleWebKit/537.36 (KHTML, like Gecko) Chrome/43.0.2357.81 Safari/537.36"
82.150.58.10 - - [09/Jun/2015:19:17:43 +0200] "GET /hirlevel/images/_1208_ludas.jpg HTTP/1.1" 200 57344 "http://mkk.zpok.hu/hirlevel/vonattal1207.htm" "Mozilla/5.0 (Windows NT 6.1) AppleWebKit/537.36 (KHTML, like Gecko) Chrome/43.0.2357.81 Safari/537.36"
82.150.58.10 - - [09/Jun/2015:19:17:43 +0200] "GET /hirlevel/images/1208_tokaj.jpg HTTP/1.1" 200 47474 "http://mkk.zpok.hu/hirlevel/vonattal1207.htm" "Mozilla/5.0 (Windows NT 6.1) AppleWebKit/537.36 (KHTML, like Gecko) Chrome/43.0.2357.81 Safari/537.36"
82.150.58.10 - - [09/Jun/2015:19:17:43 +0200] "GET /hirlevel/images/1208_tisza-to.jpg HTTP/1.1" 200 70728 "http://mkk.zpok.hu/hirlevel/vonattal1207.htm" "Mozilla/5.0 (Windows NT 6.1) AppleWebKit/537.36 (KHTML, like Gecko) Chrome/43.0.2357.81 Safari/537.36"
82.150.58.10 - - [09/Jun/2015:19:17:43 +0200] "GET /hirlevel/images/1208_gadoros.jpg HTTP/1.1" 200 57871 "http://mkk.zpok.hu/hirlevel/vonattal1207.htm" "Mozilla/5.0 (Windows NT 6.1) AppleWebKit/537.36 (KHTML, like Gecko) Chrome/43.0.2357.81 Safari/537.36"
82.150.58.10 - - [09/Jun/2015:19:17:43 +0200] "GET /hirlevel/images/1208_jaszboldoghaza.jpg HTTP/1.1" 200 65684 "http://mkk.zpok.hu/hirlevel/vonattal1207.htm" "Mozilla/5.0 (Windows NT 6.1) AppleWebKit/537.36 (KHTML, like Gecko) Chrome/43.0.2357.81 Safari/537.36"
82.150.58.10 - - [09/Jun/2015:19:17:43 +0200] "GET /hirlevel/images/1208_kapostuskevar.jpg HTTP/1.1" 200 53080 "http://mkk.zpok.hu/hirlevel/vonattal1207.htm" "Mozilla/5.0 (Windows NT 6.1) AppleWebKit/537.36 (KHTML, like Gecko) Chrome/43.0.2357.81 Safari/537.36"
82.150.58.10 - - [09/Jun/2015:19:17:43 +0200] "GET /hirlevel/images/1208_lentiszombathely.jpg HTTP/1.1" 200 53507 "http://mkk.zpok.hu/hirlevel/vonattal1207.htm" "Mozilla/5.0 (Windows NT 6.1) AppleWebKit/537.36 (KHTML, like Gecko) Chrome/43.0.2357.81 Safari/537.36"
82.150.58.10 - - [09/Jun/2015:19:17:43 +0200] "GET /hirlevel/images/Okotars_fekvo_szines.jpg HTTP/1.1" 200 98627 "http://mkk.zpok.hu/hirlevel/vonattal1207.htm" "Mozilla/5.0 (Windows NT 6.1) AppleWebKit/537.36 (KHTML, like Gecko) Chrome/43.0.2357.81 Safari/537.36"
82.150.58.10 - - [09/Jun/2015:19:17:44 +0200] "GET /hirlevel/images/Videkfejlesztesi_miniszterium-P-arany.jpg HTTP/1.1" 200 10497 "http://mkk.zpok.hu/hirlevel/vonattal1207.htm" "Mozilla/5.0 (Windows NT 6.1) AppleWebKit/537.36 (KHTML, like Gecko) Chrome/43.0.2357.81 Safari/537.36"
82.150.58.10 - - [09/Jun/2015:19:17:48 +0200] "GET /favicon.ico HTTP/1.1" 404 1181 "http://mkk.zpok.hu/hirlevel/vonattal1207.htm" "Mozilla/5.0 (Windows NT 6.1) AppleWebKit/537.36 (KHTML, like Gecko) Chrome/43.0.2357.81 Safari/537.36"
82.150.58.10 - - [09/Jun/2015:19:17:48 +0200] "GET /hirlevel/images/vonattal.swf HTTP/1.1" 200 697 "http://mkk.zpok.hu/hirlevel/vonattal1207.htm" "Mozilla/5.0 (Windows NT 6.1) AppleWebKit/537.36 (KHTML, like Gecko) Chrome/43.0.2357.81 Safari/537.36"
176.63.10.196 - - [09/Jun/2015:19:22:14 +0200] "GET /images/vasutterkep_n.jpg HTTP/1.1" 200 4702972 "https://www.google.hu/" "Mozilla/5.0 (Windows NT 5.1) AppleWebKit/537.36 (KHTML, like Gecko) Chrome/43.0.2357.81 Safari/537.36"
157.55.39.1 - - [09/Jun/2015:19:22:53 +0200] "GET / HTTP/1.1" 200 1178 "-" "Mozilla/5.0 (compatible; bingbot/2.0; +http://www.bing.com/bingbot.htm)"
31.46.254.225 - - [09/Jun/2015:19:27:03 +0200] "GET /images/vasutterkep_n.jpg HTTP/1.1" 200 4702972 "https://www.google.hu/" "Mozilla/5.0 (Windows NT 6.1) AppleWebKit/537.36 (KHTML, like Gecko) Chrome/43.0.2357.124 Safari/537.36"
81.183.95.246 - - [09/Jun/2015:19:27:06 +0200] "GET /images/vasutterkep_n.jpg HTTP/1.1" 200 4464640 "https://www.google.hu/" "Mozilla/5.0 (Windows NT 6.1; WOW64) AppleWebKit/537.36 (KHTML, like Gecko) Chrome/37.0.2062.120 Safari/537.36"
77.75.77.11 - - [09/Jun/2015:19:27:55 +0200] "GET /robots.txt HTTP/1.1" 404 1181 "-" "Mozilla/5.0 (compatible; SeznamBot/3.2; +http://fulltext.sblog.cz/)"
77.75.77.11 - - [09/Jun/2015:19:27:55 +0200] "GET /doc/b2_2010.pdf HTTP/1.1" 404 1181 "-" "Mozilla/5.0 (compatible; SeznamBot/3.2; +http://fulltext.sblog.cz/)"
77.75.77.11 - - [09/Jun/2015:19:27:56 +0200] "GET / HTTP/1.1" 200 1178 "-" "Mozilla/5.0 (compatible; SeznamBot/3.2; +http://fulltext.sblog.cz/)"
213.222.158.107 - - [09/Jun/2015:19:28:35 +0200] "GET /images/vasutterkep_n.jpg HTTP/1.1" 200 4702972 "https://www.google.hu/" "Mozilla/5.0 (Linux; Android 5.0; SAMSUNG SM-G900F/G900FXXU1POEA Build/LRX21T) AppleWebKit/537.36 (KHTML, like Gecko) SamsungBrowser/2.1 Chrome/34.0.1847.76 Mobile Safari/537.36"
188.167.183.91 - - [09/Jun/2015:19:28:53 +0200] "GET /images/vasutterkep_n.jpg HTTP/1.1" 200 4702972 "https://www.google.sk/" "Mozilla/5.0 (Windows NT 6.1; WOW64) AppleWebKit/537.36 (KHTML, like Gecko) Chrome/43.0.2357.124 Safari/537.36"
91.82.5.53 - - [09/Jun/2015:19:41:56 +0200] "GET /images/vasutterkep_n.jpg HTTP/1.1" 200 4702972 "http://www.pic2fly.com/Magyarorszag+Terkep.html" "Mozilla/5.0 (Windows NT 6.1) AppleWebKit/537.36 (KHTML, like Gecko) Chrome/42.0.2311.152 Safari/537.36 OPR/29.0.1795.60 (Edition Campaign 67)"
86.101.109.1 - - [09/Jun/2015:19:50:26 +0200] "GET /images/vasutterkep_n.jpg HTTP/1.1" 200 4702972 "https://www.google.hu/" "Mozilla/5.0 (Windows NT 6.1) AppleWebKit/537.36 (KHTML, like Gecko) Chrome/35.0.1916.114 Safari/537.36"
85.14.248.165 - - [09/Jun/2015:19:50:57 +0200] "GET /robots.txt HTTP/1.1" 404 1181 "-" "Mozilla/5.0 (compatible; worldwebheritage.org/1.1; +crawl@worldwebheritage.org)"
85.14.248.165 - - [09/Jun/2015:19:50:57 +0200] "GET /hirlevel/images/1410_a.jpg HTTP/1.1" 200 42627 "-" "Mozilla/5.0 (compatible; worldwebheritage.org/1.1; +crawl@worldwebheritage.org)"
178.140.230.206 - - [09/Jun/2015:19:53:39 +0200] "GET /images/vasutterkep_n.jpg HTTP/1.1" 200 4702972 "http://california.onlinecreditstrategies.com/css/regi-magyarorszag-terkep" "Mozilla/5.0 (Windows NT 5.1) AppleWebKit/537.36 (KHTML, like Gecko) Chrome/31.0.1650.63 Safari/537.36"
81.182.33.99 - - [09/Jun/2015:20:17:50 +0200] "GET /hirlevel/images/ti-to_2012-06-27.jpg HTTP/1.1" 200 884736 "-" "Mozilla/5.0 (compatible; MSIE 10.0; Windows NT 6.2; WOW64; Trident/6.0)"
31.46.4.91 - - [09/Jun/2015:20:22:27 +0200] "GET / HTTP/1.1" 200 1178 "http://villamos.lap.hu/" "Mozilla/5.0 (Windows NT 5.1) AppleWebKit/537.36 (KHTML, like Gecko) Chrome/43.0.2357.81 Safari/537.36"
31.46.4.91 - - [09/Jun/2015:20:22:27 +0200] "GET /favicon.ico HTTP/1.1" 404 1181 "http://mkk.zpok.hu/" "Mozilla/5.0 (Windows NT 5.1) AppleWebKit/537.36 (KHTML, like Gecko) Chrome/43.0.2357.81 Safari/537.36"
31.46.4.91 - - [09/Jun/2015:20:22:28 +0200] "GET /index.swf HTTP/1.1" 200 1459419 "http://mkk.zpok.hu/" "Mozilla/5.0 (Windows NT 5.1) AppleWebKit/537.36 (KHTML, like Gecko) Chrome/43.0.2357.81 Safari/537.36"
31.46.4.91 - - [09/Jun/2015:20:22:38 +0200] "GET /popupsys%20elemei/main.txt HTTP/1.1" 200 342 "http://mkk.zpok.hu/" "Mozilla/5.0 (Windows NT 5.1) AppleWebKit/537.36 (KHTML, like Gecko) Chrome/43.0.2357.81 Safari/537.36"
31.46.4.91 - - [09/Jun/2015:20:22:39 +0200] "GET /hirek.xml HTTP/1.1" 200 50012 "http://mkk.zpok.hu/" "Mozilla/5.0 (Windows NT 5.1) AppleWebKit/537.36 (KHTML, like Gecko) Chrome/43.0.2357.81 Safari/537.36"
66.249.67.183 - - [09/Jun/2015:20:26:15 +0200] "GET /hirlevel/images/okotars_1.jpg HTTP/1.1" 200 8192 "-" "Googlebot-Image/1.0"
77.111.90.197 - - [09/Jun/2015:20:31:08 +0200] "GET / HTTP/1.1" 200 1178 "-" "Mozilla/5.0 (X11; U; Linux i686; en-US; rv:1.9.0.4) Gecko/2008111318 Ubuntu/8.10 (intrepid) Firefox/3.0.4"
77.111.90.197 - - [09/Jun/2015:20:31:08 +0200] "GET / HTTP/1.0" 200 1178 "-" "-"
82.78.230.211 - - [09/Jun/2015:20:34:26 +0200] "GET /images/vasutterkep_n.jpg HTTP/1.1" 200 4702972 "https://www.google.ro/" "Mozilla/5.0 (Windows NT 6.1; WOW64) AppleWebKit/537.36 (KHTML, like Gecko) Chrome/43.0.2357.81 Safari/537.36"
217.235.31.231 - - [09/Jun/2015:20:44:38 +0200] "GET /doc/b2_201203.jpg HTTP/1.1" 404 1181 "http://vasut.kteam.hu/indexde.html" "Mozilla/5.0 (Windows NT 6.3; WOW64; Trident/7.0; rv:11.0) like Gecko"
217.235.31.231 - - [09/Jun/2015:20:44:44 +0200] "GET /doc/b2_201203.jpg HTTP/1.1" 404 1181 "http://vasut.kteam.hu/indexde.html" "Mozilla/5.0 (Windows NT 6.3; WOW64; Trident/7.0; rv:11.0) like Gecko"
217.235.31.231 - - [09/Jun/2015:20:45:06 +0200] "GET / HTTP/1.1" 200 1178 "-" "Mozilla/5.0 (Windows NT 6.3; WOW64; Trident/7.0; rv:11.0) like Gecko"
217.235.31.231 - - [09/Jun/2015:20:45:08 +0200] "GET /index.swf HTTP/1.1" 200 1459419 "http://mkk.zpok.hu/" "Mozilla/5.0 (Windows NT 6.3; WOW64; Trident/7.0; rv:11.0) like Gecko"
217.235.31.231 - - [09/Jun/2015:20:45:09 +0200] "GET /favicon.ico HTTP/1.1" 404 1181 "-" "Mozilla/5.0 (Windows NT 6.3; Win64; x64; Trident/7.0; rv:11.0) like Gecko"
217.235.31.231 - - [09/Jun/2015:20:45:38 +0200] "GET /doc/b2_2010.pdf HTTP/1.1" 404 1181 "http://vasut.kteam.hu/indexde.html" "Mozilla/5.0 (Windows NT 6.3; WOW64; Trident/7.0; rv:11.0) like Gecko"
217.235.31.231 - - [09/Jun/2015:20:45:51 +0200] "GET /doc/ HTTP/1.1" 403 1172 "-" "Mozilla/5.0 (Windows NT 6.3; WOW64; Trident/7.0; rv:11.0) like Gecko"
217.235.31.231 - - [09/Jun/2015:20:45:56 +0200] "GET /favicon.ico HTTP/1.1" 404 1181 "-" "Mozilla/5.0 (Windows NT 6.3; Win64; x64; Trident/7.0; rv:11.0) like Gecko"
217.235.31.231 - - [09/Jun/2015:20:46:32 +0200] "GET / HTTP/1.1" 200 1178 "http://www.bing.com/search?q=magyar+k%C3%B6zlekedesi+klub&src=IE-SearchBox&FORM=IESR02" "Mozilla/5.0 (Windows NT 6.3; WOW64; Trident/7.0; rv:11.0) like Gecko"
217.235.31.231 - - [09/Jun/2015:20:46:35 +0200] "GET /index.swf HTTP/1.1" 200 1459419 "http://www.mkk.zpok.hu/" "Mozilla/5.0 (Windows NT 6.3; WOW64; Trident/7.0; rv:11.0) like Gecko"
217.235.31.231 - - [09/Jun/2015:20:46:35 +0200] "GET /favicon.ico HTTP/1.1" 404 1181 "-" "Mozilla/5.0 (Windows NT 6.3; Win64; x64; Trident/7.0; rv:11.0) like Gecko"
31.13.99.118 - - [09/Jun/2015:20:47:00 +0200] "GET / HTTP/1.1" 206 1178 "-" "facebookexternalhit/1.1 (+http://www.facebook.com/externalhit_uatext.php)"
217.235.31.231 - - [09/Jun/2015:20:47:09 +0200] "GET /favicon.ico HTTP/1.1" 404 1181 "-" "Mozilla/5.0 (Windows NT 6.3; Win64; x64; Trident/7.0; rv:11.0) like Gecko"
107.23.45.196 - - [09/Jun/2015:20:55:56 +0200] "GET / HTTP/1.1" 200 1178 "http://mkk.zpok.hu/" "Mozilla/5.0 (compatible; DuckDuckGo-Favicons-Bot/1.0; +http://duckduckgo.com)"
107.23.45.196 - - [09/Jun/2015:20:55:56 +0200] "GET /favicon.ico HTTP/1.1" 404 1181 "http://mkk.zpok.hu/favicon.ico" "Mozilla/5.0 (compatible; DuckDuckGo-Favicons-Bot/1.0; +http://duckduckgo.com)"
176.63.65.119 - - [09/Jun/2015:20:58:48 +0200] "GET /images/vasutterkep_n.jpg HTTP/1.1" 200 4702972 "-" "Mozilla/5.0 (Windows NT 6.1; WOW64; rv:38.0) Gecko/20100101 Firefox/38.0"
180.76.15.9 - - [09/Jun/2015:21:00:55 +0200] "GET /doc/eletet-a-vasutnak.pdf HTTP/1.1" 200 598016 "-" "Mozilla/5.0 (compatible; Baiduspider/2.0; +http://www.baidu.com/search/spider.html)"
157.55.39.77 - - [09/Jun/2015:21:02:10 +0200] "GET /doc/kerdoiv-tomegkozlekedesrol_1207.doc HTTP/1.1" 200 82944 "-" "Mozilla/5.0 (compatible; bingbot/2.0; +http://www.bing.com/bingbot.htm)"
85.14.248.165 - - [09/Jun/2015:21:07:34 +0200] "GET /robots.txt HTTP/1.1" 404 1181 "-" "Mozilla/5.0 (compatible; worldwebheritage.org/1.1; +crawl@worldwebheritage.org)"
85.14.248.165 - - [09/Jun/2015:21:07:34 +0200] "GET /hirlevel/images/1410_d.jpg HTTP/1.1" 200 56099 "-" "Mozilla/5.0 (compatible; worldwebheritage.org/1.1; +crawl@worldwebheritage.org)"
85.67.67.193 - - [09/Jun/2015:21:10:53 +0200] "GET /images/vasutterkep_n.jpg HTTP/1.1" 200 2701905 "https://www.google.hu/" "Mozilla/5.0 (Windows NT 5.1) AppleWebKit/537.36 (KHTML, like Gecko) Chrome/43.0.2357.81 Safari/537.36"
85.67.67.193 - - [09/Jun/2015:21:11:03 +0200] "GET /images/vasutterkep_n.jpg HTTP/1.1" 206 1 "https://www.google.hu/" "Mozilla/5.0 (Windows NT 5.1) AppleWebKit/537.36 (KHTML, like Gecko) Chrome/43.0.2357.81 Safari/537.36"
85.67.67.193 - - [09/Jun/2015:21:11:06 +0200] "GET /images/vasutterkep_n.jpg HTTP/1.1" 206 2117227 "https://www.google.hu/" "Mozilla/5.0 (Windows NT 5.1) AppleWebKit/537.36 (KHTML, like Gecko) Chrome/43.0.2357.81 Safari/537.36"
148.177.1.217 - - [09/Jun/2015:21:11:10 +0200] "GET /doc/b2_2010.pdf HTTP/1.1" 404 1181 "http://en.wikipedia.org/wiki/Hungarian_State_Railways" "Mozilla/5.0 (Windows NT 6.1; WOW64) AppleWebKit/537.36 (KHTML, like Gecko) Chrome/43.0.2357.81 Safari/537.36"
148.177.1.217 - - [09/Jun/2015:21:11:10 +0200] "GET /favicon.ico HTTP/1.1" 404 1181 "http://mkk.zpok.hu/doc/b2_2010.pdf" "Mozilla/5.0 (Windows NT 6.1; WOW64) AppleWebKit/537.36 (KHTML, like Gecko) Chrome/43.0.2357.81 Safari/537.36"
84.2.73.132 - - [09/Jun/2015:21:15:32 +0200] "GET /doc/budapest-kornyeken-vasuttal.jpg HTTP/1.1" 404 1181 "https://www.google.hu/" "Mozilla/5.0 (Windows NT 6.1; WOW64) AppleWebKit/537.36 (KHTML, like Gecko) Chrome/43.0.2357.81 Safari/537.36"
5.255.253.75 - - [09/Jun/2015:21:17:11 +0200] "GET /robots.txt HTTP/1.1" 404 1181 "-" "Mozilla/5.0 (compatible; YandexBot/3.0; +http://yandex.com/bots)"
199.21.99.202 - - [09/Jun/2015:21:17:13 +0200] "GET / HTTP/1.1" 200 1178 "-" "Mozilla/5.0 (compatible; YandexBot/3.0; +http://yandex.com/bots)"
5.255.253.75 - - [09/Jun/2015:21:17:16 +0200] "GET /index.swf HTTP/1.1" 200 1459419 "-" "Mozilla/5.0 (compatible; YandexBot/3.0; +http://yandex.com/bots)"
176.63.65.119 - - [09/Jun/2015:21:19:09 +0200] "GET /doc/budapest-kornyeken-vasuttal.jpg HTTP/1.1" 404 1181 "-" "Mozilla/5.0 (Windows NT 6.1; WOW64; rv:38.0) Gecko/20100101 Firefox/38.0"
84.2.200.65 - - [09/Jun/2015:21:25:32 +0200] "GET /doc/vonatrafel_c.pdf HTTP/1.1" 200 705296 "-" "Mozilla/5.0 (compatible; MSIE 9.0; Windows NT 6.1)"
84.2.200.65 - - [09/Jun/2015:21:25:32 +0200] "GET /doc/vonatrafel_c.pdf HTTP/1.1" 200 705296 "-" "Mozilla/5.0 (compatible; MSIE 9.0; Windows NT 6.1)"
66.249.67.207 - - [09/Jun/2015:21:29:26 +0200] "GET /hirlevel/images/0810c.jpg HTTP/1.1" 200 45493 "-" "Googlebot-Image/1.0"
66.249.67.183 - - [09/Jun/2015:21:30:24 +0200] "GET /hirlevel/images/0810f.jpg HTTP/1.1" 200 46137 "-" "Googlebot-Image/1.0"
195.38.107.197 - - [09/Jun/2015:21:31:09 +0200] "GET /images/vasutterkep_n.jpg HTTP/1.1" 200 4702972 "-" "Mozilla/5.0 (Windows NT 5.1; rv:38.0) Gecko/20100101 Firefox/38.0"
85.14.248.165 - - [09/Jun/2015:21:32:58 +0200] "GET /robots.txt HTTP/1.1" 404 1181 "-" "Mozilla/5.0 (compatible; worldwebheritage.org/1.1; +crawl@worldwebheritage.org)"
85.14.248.165 - - [09/Jun/2015:21:32:58 +0200] "GET /hirlevel/images/1504_d.jpg HTTP/1.1" 200 27814 "-" "Mozilla/5.0 (compatible; worldwebheritage.org/1.1; +crawl@worldwebheritage.org)"
66.249.67.195 - - [09/Jun/2015:21:37:12 +0200] "GET /hirlevel/images/kvvm.jpg HTTP/1.1" 200 11919 "-" "Googlebot-Image/1.0"
66.249.67.195 - - [09/Jun/2015:21:37:34 +0200] "GET /hirlevel/vonattal1501.html HTTP/1.1" 304 - "-" "Mozilla/5.0 (compatible; Googlebot/2.1; +http://www.google.com/bot.html)"
79.119.50.96 - - [09/Jun/2015:21:53:16 +0200] "GET /images/vasutterkep_n.jpg HTTP/1.1" 200 4702972 "http://www.nyf.hu/afl11/Content/travel.html" "Mozilla/5.0 (Linux; Android 4.3; V1_ViperS Build/JSS15Q) AppleWebKit/537.36 (KHTML, like Gecko) Chrome/43.0.2357.92 Mobile Safari/537.36"
79.119.50.96 - - [09/Jun/2015:21:53:16 +0200] "GET /favicon.ico HTTP/1.1" 404 1181 "http://www.mkk.zpok.hu/images/vasutterkep_n.jpg" "Mozilla/5.0 (Linux; Android 4.3; V1_ViperS Build/JSS15Q) AppleWebKit/537.36 (KHTML, like Gecko) Chrome/43.0.2357.92 Mobile Safari/537.36"
123.125.71.56 - - [09/Jun/2015:21:57:39 +0200] "GET /doc/vasuttal-budapest-kornyeken.pdf HTTP/1.1" 404 1181 "-" "Mozilla/5.0 (compatible; Baiduspider/2.0; +http://www.baidu.com/search/spider.html)"
85.14.248.165 - - [09/Jun/2015:22:11:56 +0200] "GET /robots.txt HTTP/1.1" 404 1181 "-" "Mozilla/5.0 (compatible; worldwebheritage.org/1.1; +crawl@worldwebheritage.org)"
85.14.248.165 - - [09/Jun/2015:22:11:57 +0200] "GET /hirlevel/images/1409i.png HTTP/1.1" 200 100574 "-" "Mozilla/5.0 (compatible; worldwebheritage.org/1.1; +crawl@worldwebheritage.org)"
188.36.198.105 - - [09/Jun/2015:22:19:36 +0200] "GET /images/vasutterkep_n.jpg HTTP/1.1" 200 4702972 "https://www.google.hu/" "Mozilla/5.0 (Windows NT 6.1) AppleWebKit/537.36 (KHTML, like Gecko) Chrome/43.0.2357.81 Safari/537.36"
188.118.138.244 - - [09/Jun/2015:22:21:36 +0200] "GET /doc/b2_2010.pdf HTTP/1.1" 404 1181 "http://de.wikipedia.org/wiki/Magyar_%C3%81llamvasutak" "Mozilla/5.0 (Windows NT 6.3; WOW64; rv:38.0) Gecko/20100101 Firefox/38.0"
188.118.138.244 - - [09/Jun/2015:22:21:36 +0200] "GET /favicon.ico HTTP/1.1" 404 1181 "-" "Mozilla/5.0 (Windows NT 6.3; WOW64; rv:38.0) Gecko/20100101 Firefox/38.0"
188.118.138.244 - - [09/Jun/2015:22:21:37 +0200] "GET /favicon.ico HTTP/1.1" 404 1181 "-" "Mozilla/5.0 (Windows NT 6.3; WOW64; rv:38.0) Gecko/20100101 Firefox/38.0"
66.249.67.195 - - [09/Jun/2015:22:23:51 +0200] "GET /doc/b2_201203.jpg HTTP/1.1" 404 1181 "-" "Googlebot-Image/1.0"
193.224.158.43 - - [09/Jun/2015:22:32:19 +0200] "GET /images/vasutterkep_n.jpg HTTP/1.1" 200 17137 "http://images.search.yahoo.com/images/view;_ylt=AwrB8pTzTHdVoz4AC2k2nIlQ;_ylu=X3oDMTIyODkxdGkyBHNlYwNzcgRzbGsDaW1nBG9pZANiNWJhMWViMzdkMTJlMDk0ZDBjOWU3OGYyNjM4ZjlmOQRncG9zAzIEaXQDYmluZw--?.origin=&back=http%3A%2F%2Fimages.search.yahoo.com%2Fyhs%2Fsearch%3Fp%3Ddun%25C3%25A1nt%25C3%25BAl%2Bt%25C3%25A9rk%25C3%25A9p%26n%3D60%26ei%3DUTF-8%26type%3D6005_OTW_A1%26fr%3Dyhs-iba-1%26fr2%3Dsb-top-images.search.yahoo.com%26hsimp%3Dyhs-1%26hspart%3Diba%26tab%3Dorganic%26ri%3D2&w=4000&h=5654&imgurl=www.velemer.hu%2Ffiles%2FImage%2Fnode%2Fterkep%2Fnagyterkep.jpg&rurl=http%3A%2F%2Fvelemer.hu%2Fhu%2Fnode%2F591&size=3018.0KB&name=%3Cb%3EDun%C3%A1nt%C3%BAl%3C%2Fb%3E+t%C3%BArista+%3Cb%3Et%C3%A9rk%C3%A9p%3C%2Fb%3E&p=dun%C3%A1nt%C3%BAl+t%C3%A9rk%C3%A9p&oid=b5ba1eb37d12e094d0c9e78f2638f9f9&fr2=sb-top-images.search.yahoo.com&fr=yhs-iba-1&tt=%3Cb%3EDun%C3%A1nt%C3%BAl%3C%2Fb%3E+t%C3%BArista+%3Cb%3Et%C3%A9rk%C3%A9p%3C%2Fb%3E&b=0&ni=160&no=2&ts=&tab=organic&sigr=10thgdi6h&sigb=1663hfn6p&sigi=11l3jl3af&sigt=11akgfmh5&sign=11akgfmh5&.crumb=1hsXmWS8a2.&fr=yhs-iba-1&fr2=sb-top-images.search.yahoo.com&hsimp=yhs-1&hspart=iba&type=6005_OTW_A1" "Mozilla/5.0 (Windows NT 6.1; rv:38.0) Gecko/20100101 Firefox/38.0"
66.249.67.195 - - [09/Jun/2015:22:42:20 +0200] "GET /hirlevel/images/1504_b.jpg HTTP/1.1" 200 72218 "-" "Googlebot-Image/1.0"
85.14.248.165 - - [09/Jun/2015:22:42:51 +0200] "GET /robots.txt HTTP/1.1" 404 1181 "-" "Mozilla/5.0 (compatible; worldwebheritage.org/1.1; +crawl@worldwebheritage.org)"
85.14.248.165 - - [09/Jun/2015:22:42:51 +0200] "GET /hirlevel/images/1504_a.jpg HTTP/1.1" 200 35929 "-" "Mozilla/5.0 (compatible; worldwebheritage.org/1.1; +crawl@worldwebheritage.org)"
66.249.67.195 - - [09/Jun/2015:22:43:18 +0200] "GET /hirlevel/images/1504_a.jpg HTTP/1.1" 200 35929 "-" "Googlebot-Image/1.0"
89.134.230.127 - - [09/Jun/2015:22:43:34 +0200] "GET /images/vasutterkep_n.jpg HTTP/1.1" 200 4702972 "https://www.google.hu/" "Mozilla/5.0 (Windows NT 6.1) AppleWebKit/537.36 (KHTML, like Gecko) Chrome/43.0.2357.81 Safari/537.36"
66.249.67.183 - - [09/Jun/2015:22:44:16 +0200] "GET /hirlevel/images/1504_d.jpg HTTP/1.1" 200 27814 "-" "Googlebot-Image/1.0"
66.249.67.195 - - [09/Jun/2015:22:45:15 +0200] "GET /hirlevel/images/1504_e.jpg HTTP/1.1" 200 97937 "-" "Googlebot-Image/1.0"
66.249.67.183 - - [09/Jun/2015:22:46:13 +0200] "GET /hirlevel/images/1504_c.jpg HTTP/1.1" 200 31000 "-" "Googlebot-Image/1.0"
85.66.68.249 - - [09/Jun/2015:22:54:36 +0200] "GET /images/vasutterkep_n.jpg HTTP/1.1" 200 4702972 "https://www.google.hu/" "Mozilla/5.0 (Windows NT 6.1) AppleWebKit/537.36 (KHTML, like Gecko) Chrome/43.0.2357.124 Safari/537.36"
180.76.15.18 - - [09/Jun/2015:22:58:03 +0200] "GET /hirlevel/totkomlos_1109.doc HTTP/1.1" 200 609792 "-" "Mozilla/5.0 (compatible; Baiduspider/2.0; +http://www.baidu.com/search/spider.html)"
66.249.67.183 - - [09/Jun/2015:22:59:43 +0200] "GET /hirlevel/images/0812d.jpg HTTP/1.1" 200 39967 "-" "Googlebot-Image/1.0"
85.14.248.165 - - [09/Jun/2015:23:25:14 +0200] "GET /hirlevel/images/komaromi_erdo.jpg HTTP/1.1" 200 38195 "-" "Mozilla/5.0 (compatible; worldwebheritage.org/1.1; +crawl@worldwebheritage.org)"
66.249.67.207 - - [09/Jun/2015:23:28:08 +0200] "GET /doc/szandeknyilatkozat_0711.doc HTTP/1.1" 200 20480 "-" "Googlebot/2.1 (+http://www.google.com/bot.html)"
85.14.248.165 - - [09/Jun/2015:23:30:56 +0200] "GET /robots.txt HTTP/1.1" 404 1181 "-" "Mozilla/5.0 (compatible; worldwebheritage.org/1.1; +crawl@worldwebheritage.org)"
85.14.248.165 - - [09/Jun/2015:23:30:57 +0200] "GET /hirlevel/images/1410_u.jpg HTTP/1.1" 200 248000 "-" "Mozilla/5.0 (compatible; worldwebheritage.org/1.1; +crawl@worldwebheritage.org)"
180.76.15.134 - - [09/Jun/2015:23:31:48 +0200] "GET /doc/osszefoglalo_070622.pdf HTTP/1.1" 200 67689 "-" "Mozilla/5.0 (compatible; Baiduspider/2.0; +http://www.baidu.com/search/spider.html)"
180.76.15.157 - - [09/Jun/2015:23:32:34 +0200] "GET /doc/orszaggyul_allasfogl.pdf HTTP/1.1" 200 59817 "-" "Mozilla/5.0 (compatible; Baiduspider/2.0; +http://www.baidu.com/search/spider.html)"
193.68.41.17 - - [09/Jun/2015:23:40:54 +0200] "GET /hirlevel/images/1010a.jpg HTTP/1.1" 200 52624 "-" "Mozilla/5.0 (Windows NT 6.1; rv:38.0) Gecko/20100101 Firefox/38.0"
193.68.41.17 - - [09/Jun/2015:23:40:58 +0200] "GET /hirlevel/vonattal1010_1.htm HTTP/1.1" 200 29761 "http://www.google.hu/url?sa=i&rct=j&q=&esrc=s&source=images&cd=&ved=0CAMQjxw&url=http%3A%2F%2Fmkk.zpok.hu%2Fhirlevel%2Fvonattal1010_1.htm&ei=Zl13VfObGsP2UKqDg7gB&bvm=bv.95039771,d.d24&psig=AFQjCNHHXVbW8gpOPooRIOEMCCosGs1CXQ&ust=1433972446640664" "Mozilla/5.0 (Windows NT 6.1; rv:38.0) Gecko/20100101 Firefox/38.0"
193.68.41.17 - - [09/Jun/2015:23:40:59 +0200] "GET /hirlevel/images/okotars_1.jpg HTTP/1.1" 200 8192 "http://mkk.zpok.hu/hirlevel/vonattal1010_1.htm" "Mozilla/5.0 (Windows NT 6.1; rv:38.0) Gecko/20100101 Firefox/38.0"
193.68.41.17 - - [09/Jun/2015:23:40:59 +0200] "GET /hirlevel/images/kvvm_1.jpg HTTP/1.1" 200 11772 "http://mkk.zpok.hu/hirlevel/vonattal1010_1.htm" "Mozilla/5.0 (Windows NT 6.1; rv:38.0) Gecko/20100101 Firefox/38.0"
193.68.41.17 - - [09/Jun/2015:23:40:59 +0200] "GET /hirlevel/images/nfu_logo_1.jpg HTTP/1.1" 200 8192 "http://mkk.zpok.hu/hirlevel/vonattal1010_1.htm" "Mozilla/5.0 (Windows NT 6.1; rv:38.0) Gecko/20100101 Firefox/38.0"
193.68.41.17 - - [09/Jun/2015:23:40:59 +0200] "GET /hirlevel/images/demnet_1.jpg HTTP/1.1" 200 11355 "http://mkk.zpok.hu/hirlevel/vonattal1010_1.htm" "Mozilla/5.0 (Windows NT 6.1; rv:38.0) Gecko/20100101 Firefox/38.0"
193.68.41.17 - - [09/Jun/2015:23:40:59 +0200] "GET /hirlevel/images/vonattal.swf HTTP/1.1" 200 697 "http://mkk.zpok.hu/hirlevel/vonattal1010_1.htm" "Mozilla/5.0 (Windows NT 6.1; rv:38.0) Gecko/20100101 Firefox/38.0"
193.68.41.17 - - [09/Jun/2015:23:40:59 +0200] "GET /hirlevel/images/eea_1.jpg HTTP/1.1" 200 16669 "http://mkk.zpok.hu/hirlevel/vonattal1010_1.htm" "Mozilla/5.0 (Windows NT 6.1; rv:38.0) Gecko/20100101 Firefox/38.0"
193.68.41.17 - - [09/Jun/2015:23:40:59 +0200] "GET /hirlevel/images/norway_1.jpg HTTP/1.1" 200 17420 "http://mkk.zpok.hu/hirlevel/vonattal1010_1.htm" "Mozilla/5.0 (Windows NT 6.1; rv:38.0) Gecko/20100101 Firefox/38.0"
193.68.41.17 - - [09/Jun/2015:23:40:59 +0200] "GET /hirlevel/images/karpatok_1.jpg HTTP/1.1" 200 11811 "http://mkk.zpok.hu/hirlevel/vonattal1010_1.htm" "Mozilla/5.0 (Windows NT 6.1; rv:38.0) Gecko/20100101 Firefox/38.0"
193.68.41.17 - - [09/Jun/2015:23:40:59 +0200] "GET /hirlevel/images/autonomia_1.jpg HTTP/1.1" 200 11433 "http://mkk.zpok.hu/hirlevel/vonattal1010_1.htm" "Mozilla/5.0 (Windows NT 6.1; rv:38.0) Gecko/20100101 Firefox/38.0"
193.68.41.17 - - [09/Jun/2015:23:40:59 +0200] "GET /hirlevel/images/nca_logo_1.jpg HTTP/1.1" 200 189245 "http://mkk.zpok.hu/hirlevel/vonattal1010_1.htm" "Mozilla/5.0 (Windows NT 6.1; rv:38.0) Gecko/20100101 Firefox/38.0"
193.68.41.17 - - [09/Jun/2015:23:41:00 +0200] "GET /favicon.ico HTTP/1.1" 404 1181 "-" "Mozilla/5.0 (Windows NT 6.1; rv:38.0) Gecko/20100101 Firefox/38.0"
188.40.112.210 - - [09/Jun/2015:23:41:28 +0200] "GET /doc/A_kozlekedesmenedzsment_korszeru_eszkozei.pdf HTTP/1.1" 200 8299010 "-" "Mozilla/5.0 (Windows NT 6.1; rv:12.0) Gecko/ 20120405 Firefox/14.0.1"
180.76.15.24 - - [09/Jun/2015:23:47:33 +0200] "GET /doc/s-bahn.pdf HTTP/1.1" 200 97892 "-" "Mozilla/5.0 (compatible; Baiduspider/2.0; +http://www.baidu.com/search/spider.html)"
87.97.87.156 - - [10/Jun/2015:00:08:43 +0200] "GET /hirlevel/images/1103_e.jpg HTTP/1.1" 200 440679 "https://www.google.hu/" "Mozilla/5.0 (X11; Linux x86_64) AppleWebKit/537.36 (KHTML, like Gecko) Chrome/27.0.1453.110 Safari/537.36"
91.104.187.7 - - [10/Jun/2015:00:12:04 +0200] "GET /hirlevel/images/1208_gadoros.jpg HTTP/1.1" 200 57871 "http://www.google.hu/blank.html" "Mozilla/5.0 (Windows NT 6.1; WOW64; Trident/7.0; rv:11.0) like Gecko"
91.104.187.7 - - [10/Jun/2015:00:12:39 +0200] "GET /hirlevel/vonattal1207.htm HTTP/1.1" 200 57936 "http://www.google.hu/imgres?imgurl=http://mkk.zpok.hu/hirlevel/images/1208_gadoros.jpg&imgrefurl=http://mkk.zpok.hu/hirlevel/vonattal1207.htm&h=188&w=250&tbnid=56E2MfjW2V_xGM:&zoom=1&docid=dfMjuYSpfEuvqM&ei=omR3VfzmKMuvsQGinJ6YCA&tbm=isch&ved=0CCIQMygeMB44ZGoVChMI_L_M2tCDxgIVy1csCh0ijgeD" "Mozilla/5.0 (Windows NT 6.1; WOW64; Trident/7.0; rv:11.0) like Gecko"
91.104.187.7 - - [10/Jun/2015:00:12:39 +0200] "GET /hirlevel/images/1208_tisza-to.jpg HTTP/1.1" 200 70728 "http://mkk.zpok.hu/hirlevel/vonattal1207.htm" "Mozilla/5.0 (Windows NT 6.1; WOW64; Trident/7.0; rv:11.0) like Gecko"
91.104.187.7 - - [10/Jun/2015:00:12:40 +0200] "GET /hirlevel/images/1208_EMH_logo_2012_szlogen.jpg HTTP/1.1" 200 59958 "http://mkk.zpok.hu/hirlevel/vonattal1207.htm" "Mozilla/5.0 (Windows NT 6.1; WOW64; Trident/7.0; rv:11.0) like Gecko"
91.104.187.7 - - [10/Jun/2015:00:12:40 +0200] "GET /hirlevel/images/_1208_ludas.jpg HTTP/1.1" 200 57344 "http://mkk.zpok.hu/hirlevel/vonattal1207.htm" "Mozilla/5.0 (Windows NT 6.1; WOW64; Trident/7.0; rv:11.0) like Gecko"
91.104.187.7 - - [10/Jun/2015:00:12:40 +0200] "GET /hirlevel/images/1208_katyuk.jpg HTTP/1.1" 200 46554 "http://mkk.zpok.hu/hirlevel/vonattal1207.htm" "Mozilla/5.0 (Windows NT 6.1; WOW64; Trident/7.0; rv:11.0) like Gecko"
91.104.187.7 - - [10/Jun/2015:00:12:40 +0200] "GET /hirlevel/images/1208_jaszboldoghaza.jpg HTTP/1.1" 200 65684 "http://mkk.zpok.hu/hirlevel/vonattal1207.htm" "Mozilla/5.0 (Windows NT 6.1; WOW64; Trident/7.0; rv:11.0) like Gecko"
91.104.187.7 - - [10/Jun/2015:00:12:40 +0200] "GET /hirlevel/images/1208_tokaj.jpg HTTP/1.1" 200 47474 "http://mkk.zpok.hu/hirlevel/vonattal1207.htm" "Mozilla/5.0 (Windows NT 6.1; WOW64; Trident/7.0; rv:11.0) like Gecko"
91.104.187.7 - - [10/Jun/2015:00:12:40 +0200] "GET /hirlevel/images/1208_kapostuskevar.jpg HTTP/1.1" 200 53080 "http://mkk.zpok.hu/hirlevel/vonattal1207.htm" "Mozilla/5.0 (Windows NT 6.1; WOW64; Trident/7.0; rv:11.0) like Gecko"
91.104.187.7 - - [10/Jun/2015:00:12:40 +0200] "GET /hirlevel/images/1208_lentiszombathely.jpg HTTP/1.1" 200 53507 "http://mkk.zpok.hu/hirlevel/vonattal1207.htm" "Mozilla/5.0 (Windows NT 6.1; WOW64; Trident/7.0; rv:11.0) like Gecko"
91.104.187.7 - - [10/Jun/2015:00:12:40 +0200] "GET /hirlevel/images/Videkfejlesztesi_miniszterium-P-arany.jpg HTTP/1.1" 200 10497 "http://mkk.zpok.hu/hirlevel/vonattal1207.htm" "Mozilla/5.0 (Windows NT 6.1; WOW64; Trident/7.0; rv:11.0) like Gecko"
91.104.187.7 - - [10/Jun/2015:00:12:40 +0200] "GET /hirlevel/images/1208_pesa.png HTTP/1.1" 200 101881 "http://mkk.zpok.hu/hirlevel/vonattal1207.htm" "Mozilla/5.0 (Windows NT 6.1; WOW64; Trident/7.0; rv:11.0) like Gecko"
91.104.187.7 - - [10/Jun/2015:00:12:40 +0200] "GET /hirlevel/images/Okotars_fekvo_szines.jpg HTTP/1.1" 200 98627 "http://mkk.zpok.hu/hirlevel/vonattal1207.htm" "Mozilla/5.0 (Windows NT 6.1; WOW64; Trident/7.0; rv:11.0) like Gecko"
91.104.187.7 - - [10/Jun/2015:00:12:41 +0200] "HEAD /hirlevel/images/vonattal.swf HTTP/1.1" 200 0 "-" "Mozilla/5.0 (Windows NT 6.1; WOW64; Trident/7.0; rv:11.0) like Gecko"
91.104.187.7 - - [10/Jun/2015:00:12:42 +0200] "GET /hirlevel/images/vonattal.swf HTTP/1.1" 200 697 "http://mkk.zpok.hu/hirlevel/vonattal1207.htm" "Mozilla/5.0 (Windows NT 6.1; WOW64; Trident/7.0; rv:11.0) like Gecko"
91.104.187.7 - - [10/Jun/2015:00:12:43 +0200] "GET /favicon.ico HTTP/1.1" 404 1181 "-" "Mozilla/5.0 (Windows NT 6.1; Win64; x64; Trident/7.0; rv:11.0) like Gecko"
91.104.187.7 - - [10/Jun/2015:00:13:57 +0200] "GET /doc/gadorosiallomasszepites_%20201207.pdf HTTP/1.1" 200 12477960 "http://mkk.zpok.hu/hirlevel/vonattal1207.htm" "Mozilla/5.0 (Windows NT 6.1; WOW64; Trident/7.0; rv:11.0) like Gecko"
91.146.144.55 - - [10/Jun/2015:00:29:53 +0200] "GET /hirlevel/fotovonat.jpg HTTP/1.1" 200 107043 "https://www.google.hu/" "Mozilla/5.0 (Windows NT 6.1; WOW64) AppleWebKit/537.36 (KHTML, like Gecko) Chrome/43.0.2357.124 Safari/537.36"
157.55.39.11 - - [10/Jun/2015:00:38:39 +0200] "GET /doc/mellekvonal-bajnai_0912.pdf HTTP/1.1" 200 92411 "-" "Mozilla/5.0 (compatible; bingbot/2.0; +http://www.bing.com/bingbot.htm)"
85.14.248.165 - - [10/Jun/2015:00:45:23 +0200] "GET /robots.txt HTTP/1.1" 404 1181 "-" "Mozilla/5.0 (compatible; worldwebheritage.org/1.1; +crawl@worldwebheritage.org)"
85.14.248.165 - - [10/Jun/2015:00:45:24 +0200] "GET /hirlevel/images/1503_a.png HTTP/1.1" 200 115972 "-" "Mozilla/5.0 (compatible; worldwebheritage.org/1.1; +crawl@worldwebheritage.org)"
157.55.39.1 - - [10/Jun/2015:01:23:43 +0200] "GET /doc/vasuttal-budapest-kornyeken.pdf HTTP/1.1" 404 1181 "-" "Mozilla/5.0 (compatible; bingbot/2.0; +http://www.bing.com/bingbot.htm)"
157.55.39.1 - - [10/Jun/2015:01:23:45 +0200] "GET / HTTP/1.1" 200 1178 "-" "Mozilla/5.0 (compatible; bingbot/2.0; +http://www.bing.com/bingbot.htm)"
68.180.228.240 - - [10/Jun/2015:02:28:01 +0200] "GET /robots.txt HTTP/1.1" 404 1181 "-" "Mozilla/5.0 (compatible; Yahoo! Slurp; http://help.yahoo.com/help/us/ysearch/slurp)"
68.180.228.240 - - [10/Jun/2015:02:28:02 +0200] "GET /doc/prezentacio_20150425_tokaj.pdf HTTP/1.1" 304 - "-" "Mozilla/5.0 (compatible; Yahoo! Slurp; http://help.yahoo.com/help/us/ysearch/slurp)"
85.14.248.165 - - [10/Jun/2015:02:28:44 +0200] "GET /robots.txt HTTP/1.1" 404 1181 "-" "Mozilla/5.0 (compatible; worldwebheritage.org/1.1; +crawl@worldwebheritage.org)"
85.14.248.165 - - [10/Jun/2015:02:28:44 +0200] "GET /hirlevel/images/1409d.png HTTP/1.1" 200 136768 "-" "Mozilla/5.0 (compatible; worldwebheritage.org/1.1; +crawl@worldwebheritage.org)"
68.180.228.240 - - [10/Jun/2015:02:34:59 +0200] "GET /hirlevel/prezentacio_hv_201504.pdf HTTP/1.1" 304 - "-" "Mozilla/5.0 (compatible; Yahoo! Slurp; http://help.yahoo.com/help/us/ysearch/slurp)"
5.39.220.23 - - [10/Jun/2015:02:43:07 +0200] "GET /wp-admin/admin.php HTTP/1.1" 404 1181 "-" "Mozilla/5.0 (X11; U; Linux i686; en-US; rv:1.4) Gecko/20030624"
5.39.220.23 - - [10/Jun/2015:02:43:07 +0200] "GET / HTTP/1.1" 200 1178 "-" "Mozilla/5.0 (X11; U; Linux i686; en-US; rv:1.4) Gecko/20030624"
208.115.111.71 - - [10/Jun/2015:02:52:29 +0200] "GET /robots.txt HTTP/1.1" 404 1181 "-" "Mozilla/5.0 (compatible; DotBot/1.1; http://www.opensiteexplorer.org/dotbot, help@moz.com)"
85.14.248.165 - - [10/Jun/2015:03:25:18 +0200] "GET /robots.txt HTTP/1.1" 404 1181 "-" "Mozilla/5.0 (compatible; worldwebheritage.org/1.1; +crawl@worldwebheritage.org)"
85.14.248.165 - - [10/Jun/2015:03:25:19 +0200] "GET /hirlevel/images/1409h.png HTTP/1.1" 200 126170 "-" "Mozilla/5.0 (compatible; worldwebheritage.org/1.1; +crawl@worldwebheritage.org)"
68.180.228.240 - - [10/Jun/2015:03:30:18 +0200] "GET /hirlevel/vonattal1108_b.htm HTTP/1.1" 200 11475 "-" "Mozilla/5.0 (compatible; Yahoo! Slurp; http://help.yahoo.com/help/us/ysearch/slurp)"
207.46.13.60 - - [10/Jun/2015:03:44:03 +0200] "GET /robots.txt HTTP/1.1" 404 1181 "-" "Mozilla/5.0 (compatible; bingbot/2.0; +http://www.bing.com/bingbot.htm)"
207.46.13.60 - - [10/Jun/2015:03:44:10 +0200] "GET /doc/vasutbezarasok_200710.pdf HTTP/1.1" 200 73986 "-" "Mozilla/5.0 (iPhone; CPU iPhone OS 7_0 like Mac OS X) AppleWebKit/537.51.1 (KHTML, like Gecko) Version/7.0 Mobile/11A465 Safari/9537.53 (compatible; bingbot/2.0; http://www.bing.com/bingbot.htm)"
207.46.13.60 - - [10/Jun/2015:03:44:14 +0200] "GET /robots.txt HTTP/1.1" 404 1181 "-" "Mozilla/5.0 (compatible; bingbot/2.0; +http://www.bing.com/bingbot.htm)"
180.76.15.23 - - [10/Jun/2015:03:56:50 +0200] "GET /hirlevel/bakonyivasut_0805.pdf HTTP/1.1" 200 136544 "-" "Mozilla/5.0 (compatible; Baiduspider/2.0; +http://www.baidu.com/search/spider.html)"
87.244.195.237 - - [10/Jun/2015:04:02:54 +0200] "GET /favicon.ico HTTP/1.1" 404 1181 "-" "Mozilla/5.0 (Windows NT 6.1; WOW64; rv:38.0) Gecko/20100101 Firefox/38.0"
87.244.195.237 - - [10/Jun/2015:04:02:54 +0200] "GET /favicon.ico HTTP/1.1" 404 1181 "-" "Mozilla/5.0 (Windows NT 6.1; WOW64; rv:38.0) Gecko/20100101 Firefox/38.0"
66.249.67.144 - - [10/Jun/2015:04:07:26 +0200] "GET /robots.txt HTTP/1.1" 404 1181 "-" "Mozilla/5.0 (compatible; Googlebot/2.1; +http://www.google.com/bot.html)"
66.249.67.118 - - [10/Jun/2015:04:07:26 +0200] "GET / HTTP/1.1" 200 1178 "-" "Mozilla/5.0 (iPhone; CPU iPhone OS 6_0 like Mac OS X) AppleWebKit/536.26 (KHTML, like Gecko) Version/6.0 Mobile/10A5376e Safari/8536.25 (compatible; Googlebot/2.1; +http://www.google.com/bot.html)"
5.255.253.75 - - [10/Jun/2015:04:18:41 +0200] "GET /robots.txt HTTP/1.1" 404 1181 "-" "Mozilla/5.0 (compatible; YandexBot/3.0; +http://yandex.com/bots)"
5.255.253.43 - - [10/Jun/2015:04:18:43 +0200] "GET / HTTP/1.1" 200 1178 "-" "Mozilla/5.0 (compatible; YandexBot/3.0; +http://yandex.com/bots)"
5.255.253.75 - - [10/Jun/2015:04:18:46 +0200] "GET /index.swf HTTP/1.1" 200 1459419 "-" "Mozilla/5.0 (compatible; YandexBot/3.0; +http://yandex.com/bots)"
66.249.67.144 - - [10/Jun/2015:04:25:02 +0200] "GET /doc/kozh10.pdf HTTP/1.1" 200 407669 "-" "Mozilla/5.0 (compatible; Googlebot/2.1; +http://www.google.com/bot.html)"
208.115.111.71 - - [10/Jun/2015:04:36:13 +0200] "GET /hirlevel/vonattal1009_1.htm HTTP/1.1" 200 17980 "-" "Mozilla/5.0 (compatible; DotBot/1.1; http://www.opensiteexplorer.org/dotbot, help@moz.com)"
207.46.13.60 - - [10/Jun/2015:04:55:11 +0200] "GET /doc/T&E_junius2009.pdf HTTP/1.1" 200 68179 "-" "Mozilla/5.0 (compatible; bingbot/2.0; +http://www.bing.com/bingbot.htm)"
68.180.228.240 - - [10/Jun/2015:05:02:48 +0200] "GET /hirlevel/vonattal1209.htm HTTP/1.1" 200 45089 "-" "Mozilla/5.0 (compatible; Yahoo! Slurp; http://help.yahoo.com/help/us/ysearch/slurp)"
46.107.178.50 - - [10/Jun/2015:05:02:49 +0200] "GET /hirlevel/images/1009_terkep_n.jpg HTTP/1.1" 200 598267 "https://www.google.hu/" "Mozilla/5.0 (Linux; Android 4.4.2; Lead 1 Build/KOT49H) AppleWebKit/537.36 (KHTML, like Gecko) Version/4.0 Chrome/30.0.0.0 Mobile Safari/537.36"
46.107.178.50 - - [10/Jun/2015:05:03:12 +0200] "GET /hirlevel/vonattal1009.htm HTTP/1.1" 200 40861 "https://www.google.hu/" "Mozilla/5.0 (Linux; Android 4.4.2; Lead 1 Build/KOT49H) AppleWebKit/537.36 (KHTML, like Gecko) Version/4.0 Chrome/30.0.0.0 Mobile Safari/537.36"
46.107.178.50 - - [10/Jun/2015:05:03:12 +0200] "GET /hirlevel/images/1009_terkep_k.jpg HTTP/1.1" 200 75698 "http://mkk.zpok.hu/hirlevel/vonattal1009.htm" "Mozilla/5.0 (Linux; Android 4.4.2; Lead 1 Build/KOT49H) AppleWebKit/537.36 (KHTML, like Gecko) Version/4.0 Chrome/30.0.0.0 Mobile Safari/537.36"
46.107.178.50 - - [10/Jun/2015:05:03:12 +0200] "GET /hirlevel/images/nfu_logo_1.jpg HTTP/1.1" 200 8192 "http://mkk.zpok.hu/hirlevel/vonattal1009.htm" "Mozilla/5.0 (Linux; Android 4.4.2; Lead 1 Build/KOT49H) AppleWebKit/537.36 (KHTML, like Gecko) Version/4.0 Chrome/30.0.0.0 Mobile Safari/537.36"
46.107.178.50 - - [10/Jun/2015:05:03:12 +0200] "GET /hirlevel/images/1009_b.jpg.JPG HTTP/1.1" 200 119823 "http://mkk.zpok.hu/hirlevel/vonattal1009.htm" "Mozilla/5.0 (Linux; Android 4.4.2; Lead 1 Build/KOT49H) AppleWebKit/537.36 (KHTML, like Gecko) Version/4.0 Chrome/30.0.0.0 Mobile Safari/537.36"
46.107.178.50 - - [10/Jun/2015:05:03:12 +0200] "GET /hirlevel/images/kvvm_1.jpg HTTP/1.1" 200 11772 "http://mkk.zpok.hu/hirlevel/vonattal1009.htm" "Mozilla/5.0 (Linux; Android 4.4.2; Lead 1 Build/KOT49H) AppleWebKit/537.36 (KHTML, like Gecko) Version/4.0 Chrome/30.0.0.0 Mobile Safari/537.36"
46.107.178.50 - - [10/Jun/2015:05:03:12 +0200] "GET /hirlevel/images/okotars_1.jpg HTTP/1.1" 200 8192 "http://mkk.zpok.hu/hirlevel/vonattal1009.htm" "Mozilla/5.0 (Linux; Android 4.4.2; Lead 1 Build/KOT49H) AppleWebKit/537.36 (KHTML, like Gecko) Version/4.0 Chrome/30.0.0.0 Mobile Safari/537.36"
46.107.178.50 - - [10/Jun/2015:05:03:12 +0200] "GET /hirlevel/images/demnet_1.jpg HTTP/1.1" 200 11355 "http://mkk.zpok.hu/hirlevel/vonattal1009.htm" "Mozilla/5.0 (Linux; Android 4.4.2; Lead 1 Build/KOT49H) AppleWebKit/537.36 (KHTML, like Gecko) Version/4.0 Chrome/30.0.0.0 Mobile Safari/537.36"
46.107.178.50 - - [10/Jun/2015:05:03:12 +0200] "GET /hirlevel/images/karpatok_1.jpg HTTP/1.1" 200 11811 "http://mkk.zpok.hu/hirlevel/vonattal1009.htm" "Mozilla/5.0 (Linux; Android 4.4.2; Lead 1 Build/KOT49H) AppleWebKit/537.36 (KHTML, like Gecko) Version/4.0 Chrome/30.0.0.0 Mobile Safari/537.36"
46.107.178.50 - - [10/Jun/2015:05:03:12 +0200] "GET /hirlevel/images/eea_1.jpg HTTP/1.1" 200 16669 "http://mkk.zpok.hu/hirlevel/vonattal1009.htm" "Mozilla/5.0 (Linux; Android 4.4.2; Lead 1 Build/KOT49H) AppleWebKit/537.36 (KHTML, like Gecko) Version/4.0 Chrome/30.0.0.0 Mobile Safari/537.36"
46.107.178.50 - - [10/Jun/2015:05:03:12 +0200] "GET /hirlevel/images/autonomia_1.jpg HTTP/1.1" 200 11433 "http://mkk.zpok.hu/hirlevel/vonattal1009.htm" "Mozilla/5.0 (Linux; Android 4.4.2; Lead 1 Build/KOT49H) AppleWebKit/537.36 (KHTML, like Gecko) Version/4.0 Chrome/30.0.0.0 Mobile Safari/537.36"
46.107.178.50 - - [10/Jun/2015:05:03:12 +0200] "GET /hirlevel/images/norway_1.jpg HTTP/1.1" 200 17420 "http://mkk.zpok.hu/hirlevel/vonattal1009.htm" "Mozilla/5.0 (Linux; Android 4.4.2; Lead 1 Build/KOT49H) AppleWebKit/537.36 (KHTML, like Gecko) Version/4.0 Chrome/30.0.0.0 Mobile Safari/537.36"
46.107.178.50 - - [10/Jun/2015:05:03:12 +0200] "GET /hirlevel/images/nca_logo_1.jpg HTTP/1.1" 200 189245 "http://mkk.zpok.hu/hirlevel/vonattal1009.htm" "Mozilla/5.0 (Linux; Android 4.4.2; Lead 1 Build/KOT49H) AppleWebKit/537.36 (KHTML, like Gecko) Version/4.0 Chrome/30.0.0.0 Mobile Safari/537.36"
46.107.178.50 - - [10/Jun/2015:05:03:14 +0200] "GET /favicon.ico HTTP/1.1" 404 1181 "-" "Mozilla/5.0 (Linux; Android 4.4.2; Lead 1 Build/KOT49H) AppleWebKit/537.36 (KHTML, like Gecko) Version/4.0 Chrome/30.0.0.0 Mobile Safari/537.36"
180.76.15.32 - - [10/Jun/2015:05:34:11 +0200] "GET /m3.html HTTP/1.1" 404 1181 "-" "Mozilla/5.0 (compatible; Baiduspider/2.0; +http://www.baidu.com/search/spider.html)"
85.14.248.165 - - [10/Jun/2015:06:11:35 +0200] "GET /robots.txt HTTP/1.1" 404 1181 "-" "Mozilla/5.0 (compatible; worldwebheritage.org/1.1; +crawl@worldwebheritage.org)"
85.14.248.165 - - [10/Jun/2015:06:11:35 +0200] "GET /hirlevel/NCTA_tamogato_es_lebonyolito_logosor.jpg HTTP/1.1" 200 22139 "-" "Mozilla/5.0 (compatible; worldwebheritage.org/1.1; +crawl@worldwebheritage.org)"
85.14.248.165 - - [10/Jun/2015:06:14:01 +0200] "GET /robots.txt HTTP/1.1" 404 1181 "-" "Mozilla/5.0 (compatible; worldwebheritage.org/1.1; +crawl@worldwebheritage.org)"
85.14.248.165 - - [10/Jun/2015:06:14:02 +0200] "GET /hirlevel/images/1504_b.jpg HTTP/1.1" 200 72218 "-" "Mozilla/5.0 (compatible; worldwebheritage.org/1.1; +crawl@worldwebheritage.org)"
91.36.128.254 - - [10/Jun/2015:06:27:48 +0200] "GET /images/vasutterkep_n.jpg HTTP/1.1" 206 1 "-" "Mozilla/5.0 (Windows NT 6.3; WOW64) AppleWebKit/537.36 (KHTML, like Gecko) Chrome/42.0.2311.152 Safari/537.36 OPR/29.0.1795.60"
91.36.128.254 - - [10/Jun/2015:06:29:19 +0200] "GET /images/vasutterkep_n.jpg HTTP/1.1" 206 1982197 "-" "Mozilla/5.0 (Windows NT 6.3; WOW64) AppleWebKit/537.36 (KHTML, like Gecko) Chrome/42.0.2311.152 Safari/537.36 OPR/29.0.1795.60"
91.36.128.254 - - [10/Jun/2015:06:29:20 +0200] "GET /favicon.ico HTTP/1.1" 404 1181 "http://www.mkk.zpok.hu/images/vasutterkep_n.jpg" "Mozilla/5.0 (Windows NT 6.3; WOW64) AppleWebKit/537.36 (KHTML, like Gecko) Chrome/42.0.2311.152 Safari/537.36 OPR/29.0.1795.60"
85.14.248.165 - - [10/Jun/2015:06:39:50 +0200] "GET /robots.txt HTTP/1.1" 404 1181 "-" "Mozilla/5.0 (compatible; worldwebheritage.org/1.1; +crawl@worldwebheritage.org)"
85.14.248.165 - - [10/Jun/2015:06:39:50 +0200] "GET /hirlevel/images/1504_c.jpg HTTP/1.1" 200 31000 "-" "Mozilla/5.0 (compatible; worldwebheritage.org/1.1; +crawl@worldwebheritage.org)"
66.249.67.183 - - [10/Jun/2015:06:41:24 +0200] "GET /robots.txt HTTP/1.1" 404 1181 "-" "Mozilla/5.0 (compatible; Googlebot/2.1; +http://www.google.com/bot.html)"
66.249.67.207 - - [10/Jun/2015:06:41:24 +0200] "GET /doc/meghivo0926.pdf HTTP/1.1" 404 1181 "-" "Mozilla/5.0 (compatible; Googlebot/2.1; +http://www.google.com/bot.html)"
87.244.195.237 - - [10/Jun/2015:06:46:26 +0200] "GET /favicon.ico HTTP/1.1" 404 1181 "-" "Mozilla/5.0 (Windows NT 6.1; WOW64; rv:38.0) Gecko/20100101 Firefox/38.0"
87.244.195.237 - - [10/Jun/2015:06:46:26 +0200] "GET /favicon.ico HTTP/1.1" 404 1181 "-" "Mozilla/5.0 (Windows NT 6.1; WOW64; rv:38.0) Gecko/20100101 Firefox/38.0"
213.16.99.253 - - [10/Jun/2015:06:47:59 +0200] "GET /images/vasutterkep_n.jpg HTTP/1.1" 200 4702972 "-" "Mozilla/5.0 (X11; Ubuntu; Linux i686; rv:35.0) Gecko/20100101 Firefox/35.0"
213.16.99.253 - - [10/Jun/2015:06:49:51 +0200] "GET /favicon.ico HTTP/1.1" 404 1181 "-" "Mozilla/5.0 (X11; Ubuntu; Linux i686; rv:35.0) Gecko/20100101 Firefox/35.0"
213.16.99.253 - - [10/Jun/2015:06:49:52 +0200] "GET /favicon.ico HTTP/1.1" 404 1181 "-" "Mozilla/5.0 (X11; Ubuntu; Linux i686; rv:35.0) Gecko/20100101 Firefox/35.0"
194.149.62.134 - - [10/Jun/2015:07:03:21 +0200] "GET /hirlevel/vonattal1207.htm HTTP/1.1" 200 57936 "http://www.google.hu/" "Mozilla/5.0 (Linux; Android 4.4.2; xTAB 7Q GPS Build/KOT49H) AppleWebKit/537.36 (KHTML, like Gecko) Version/4.0 Chrome/30.0.0.0 Safari/537.36"
194.149.62.134 - - [10/Jun/2015:07:03:21 +0200] "GET /hirlevel/images/1208_pesa.png HTTP/1.1" 200 101881 "http://mkk.zpok.hu/hirlevel/vonattal1207.htm" "Mozilla/5.0 (Linux; Android 4.4.2; xTAB 7Q GPS Build/KOT49H) AppleWebKit/537.36 (KHTML, like Gecko) Version/4.0 Chrome/30.0.0.0 Safari/537.36"
194.149.62.134 - - [10/Jun/2015:07:03:21 +0200] "GET /hirlevel/images/_1208_ludas.jpg HTTP/1.1" 200 57344 "http://mkk.zpok.hu/hirlevel/vonattal1207.htm" "Mozilla/5.0 (Linux; Android 4.4.2; xTAB 7Q GPS Build/KOT49H) AppleWebKit/537.36 (KHTML, like Gecko) Version/4.0 Chrome/30.0.0.0 Safari/537.36"
194.149.62.134 - - [10/Jun/2015:07:03:21 +0200] "GET /hirlevel/images/1208_katyuk.jpg HTTP/1.1" 200 46554 "http://mkk.zpok.hu/hirlevel/vonattal1207.htm" "Mozilla/5.0 (Linux; Android 4.4.2; xTAB 7Q GPS Build/KOT49H) AppleWebKit/537.36 (KHTML, like Gecko) Version/4.0 Chrome/30.0.0.0 Safari/537.36"
194.149.62.134 - - [10/Jun/2015:07:03:21 +0200] "GET /hirlevel/images/1208_tokaj.jpg HTTP/1.1" 200 47474 "http://mkk.zpok.hu/hirlevel/vonattal1207.htm" "Mozilla/5.0 (Linux; Android 4.4.2; xTAB 7Q GPS Build/KOT49H) AppleWebKit/537.36 (KHTML, like Gecko) Version/4.0 Chrome/30.0.0.0 Safari/537.36"
194.149.62.134 - - [10/Jun/2015:07:03:21 +0200] "GET /hirlevel/images/1208_EMH_logo_2012_szlogen.jpg HTTP/1.1" 200 59958 "http://mkk.zpok.hu/hirlevel/vonattal1207.htm" "Mozilla/5.0 (Linux; Android 4.4.2; xTAB 7Q GPS Build/KOT49H) AppleWebKit/537.36 (KHTML, like Gecko) Version/4.0 Chrome/30.0.0.0 Safari/537.36"
194.149.62.134 - - [10/Jun/2015:07:03:22 +0200] "GET /hirlevel/images/1208_tisza-to.jpg HTTP/1.1" 200 70728 "http://mkk.zpok.hu/hirlevel/vonattal1207.htm" "Mozilla/5.0 (Linux; Android 4.4.2; xTAB 7Q GPS Build/KOT49H) AppleWebKit/537.36 (KHTML, like Gecko) Version/4.0 Chrome/30.0.0.0 Safari/537.36"
194.149.62.134 - - [10/Jun/2015:07:03:22 +0200] "GET /hirlevel/images/1208_gadoros.jpg HTTP/1.1" 200 57871 "http://mkk.zpok.hu/hirlevel/vonattal1207.htm" "Mozilla/5.0 (Linux; Android 4.4.2; xTAB 7Q GPS Build/KOT49H) AppleWebKit/537.36 (KHTML, like Gecko) Version/4.0 Chrome/30.0.0.0 Safari/537.36"
194.149.62.134 - - [10/Jun/2015:07:03:22 +0200] "GET /hirlevel/images/1208_kapostuskevar.jpg HTTP/1.1" 200 53080 "http://mkk.zpok.hu/hirlevel/vonattal1207.htm" "Mozilla/5.0 (Linux; Android 4.4.2; xTAB 7Q GPS Build/KOT49H) AppleWebKit/537.36 (KHTML, like Gecko) Version/4.0 Chrome/30.0.0.0 Safari/537.36"
194.149.62.134 - - [10/Jun/2015:07:03:22 +0200] "GET /hirlevel/images/1208_jaszboldoghaza.jpg HTTP/1.1" 200 65684 "http://mkk.zpok.hu/hirlevel/vonattal1207.htm" "Mozilla/5.0 (Linux; Android 4.4.2; xTAB 7Q GPS Build/KOT49H) AppleWebKit/537.36 (KHTML, like Gecko) Version/4.0 Chrome/30.0.0.0 Safari/537.36"
194.149.62.134 - - [10/Jun/2015:07:03:22 +0200] "GET /hirlevel/images/1208_lentiszombathely.jpg HTTP/1.1" 200 53507 "http://mkk.zpok.hu/hirlevel/vonattal1207.htm" "Mozilla/5.0 (Linux; Android 4.4.2; xTAB 7Q GPS Build/KOT49H) AppleWebKit/537.36 (KHTML, like Gecko) Version/4.0 Chrome/30.0.0.0 Safari/537.36"
194.149.62.134 - - [10/Jun/2015:07:03:22 +0200] "GET /hirlevel/images/Videkfejlesztesi_miniszterium-P-arany.jpg HTTP/1.1" 200 10497 "http://mkk.zpok.hu/hirlevel/vonattal1207.htm" "Mozilla/5.0 (Linux; Android 4.4.2; xTAB 7Q GPS Build/KOT49H) AppleWebKit/537.36 (KHTML, like Gecko) Version/4.0 Chrome/30.0.0.0 Safari/537.36"
194.149.62.134 - - [10/Jun/2015:07:03:22 +0200] "GET /hirlevel/images/Okotars_fekvo_szines.jpg HTTP/1.1" 200 98627 "http://mkk.zpok.hu/hirlevel/vonattal1207.htm" "Mozilla/5.0 (Linux; Android 4.4.2; xTAB 7Q GPS Build/KOT49H) AppleWebKit/537.36 (KHTML, like Gecko) Version/4.0 Chrome/30.0.0.0 Safari/537.36"
