66.249.78.11 - - [22/Jun/2015:01:54:41 +0200] "GET /hirlevel/vonattal1009.htm HTTP/1.1" 304 - "-" "Mozilla/5.0 (compatible; Googlebot/2.1; +http://www.google.com/bot.html)"
180.76.15.13 - - [22/Jun/2015:01:59:15 +0200] "GET /doc/kozh03.pdf HTTP/1.1" 200 76029 "-" "Mozilla/5.0 (compatible; Baiduspider/2.0; +http://www.baidu.com/search/spider.html)"
66.249.64.181 - - [22/Jun/2015:01:59:22 +0200] "GET /doc/halalraitelve.pdf HTTP/1.1" 200 37180 "-" "SAMSUNG-SGH-E250/1.0 Profile/MIDP-2.0 Configuration/CLDC-1.1 UP.Browser/6.2.3.3.c.1.101 (GUI) MMP/2.0 (compatible; Googlebot-Mobile/2.1; +http://www.google.com/bot.html)"
180.76.15.28 - - [22/Jun/2015:02:14:17 +0200] "GET /doc/utak_a_kerekparozashoz.pdf HTTP/1.1" 200 557056 "-" "Mozilla/5.0 (compatible; Baiduspider/2.0; +http://www.baidu.com/search/spider.html)"
23.92.26.73 - - [22/Jun/2015:02:53:24 +0200] "GET / HTTP/1.1" 200 1178 "http://www.domain2008.com/domains/mkk.zpok.hu" "Mozilla/5.0 (compatible; MSIE 9.0; Windows NT 6.1; WOW64; Trident/5.0)"
207.46.13.107 - - [22/Jun/2015:03:08:30 +0200] "GET /doc/onkentesseghete.pdf HTTP/1.1" 200 10725210 "-" "Mozilla/5.0 (iPhone; CPU iPhone OS 7_0 like Mac OS X) AppleWebKit/537.51.1 (KHTML, like Gecko) Version/7.0 Mobile/11A465 Safari/9537.53 (compatible; bingbot/2.0; http://www.bing.com/bingbot.htm)"
66.249.78.25 - - [22/Jun/2015:03:13:06 +0200] "GET /hirlevel/II_vasuttorteneti_konf_2o15.pdf HTTP/1.1" 200 30350 "-" "Mozilla/5.0 (iPhone; CPU iPhone OS 6_0 like Mac OS X) AppleWebKit/536.26 (KHTML, like Gecko) Version/6.0 Mobile/10A5376e Safari/8536.25 (compatible; Googlebot/2.1; +http://www.google.com/bot.html)"
207.46.13.101 - - [22/Jun/2015:03:15:38 +0200] "GET / HTTP/1.1" 200 1178 "-" "Mozilla/5.0 (compatible; bingbot/2.0; +http://www.bing.com/bingbot.htm)"
66.249.78.25 - - [22/Jun/2015:03:23:24 +0200] "GET /hirlevel/vonattal1107.htm HTTP/1.1" 200 26917 "-" "SAMSUNG-SGH-E250/1.0 Profile/MIDP-2.0 Configuration/CLDC-1.1 UP.Browser/6.2.3.3.c.1.101 (GUI) MMP/2.0 (compatible; Googlebot-Mobile/2.1; +http://www.google.com/bot.html)"
66.249.64.186 - - [22/Jun/2015:03:25:28 +0200] "GET /doc/halalraitelve.pdf HTTP/1.1" 200 37180 "-" "DoCoMo/2.0 N905i(c100;TB;W24H16) (compatible; Googlebot-Mobile/2.1; +http://www.google.com/bot.html)"
123.125.71.57 - - [22/Jun/2015:03:37:47 +0200] "GET /robots.txt HTTP/1.1" 404 1181 "-" "Mozilla/5.0 (Windows NT 5.1; rv:6.0.2) Gecko/20100101 Firefox/6.0.2"
66.249.78.11 - - [22/Jun/2015:04:01:01 +0200] "GET /robots.txt HTTP/1.1" 404 1181 "-" "Mozilla/5.0 (compatible; Googlebot/2.1; +http://www.google.com/bot.html)"
157.55.39.127 - - [22/Jun/2015:04:06:22 +0200] "GET /doc/allomasok_kepes_osszefoglaloja.pdf HTTP/1.1" 200 5628186 "-" "Mozilla/5.0 (iPhone; CPU iPhone OS 7_0 like Mac OS X) AppleWebKit/537.51.1 (KHTML, like Gecko) Version/7.0 Mobile/11A465 Safari/9537.53 (compatible; bingbot/2.0; http://www.bing.com/bingbot.htm)"
199.30.24.228 - - [22/Jun/2015:04:09:53 +0200] "GET /doc/onkentesseghete.pdf HTTP/1.1" 200 67344 "-" "Mozilla/5.0 (iPhone; CPU iPhone OS 7_0 like Mac OS X) AppleWebKit/537.51.1 (KHTML, like Gecko) Version/7.0 Mobile/11A465 Safari/9537.53 BingPreview/1.0b"
68.180.228.240 - - [22/Jun/2015:04:19:08 +0200] "GET /doc/Bfenyves_2011szept3.pdf HTTP/1.1" 404 1181 "-" "Mozilla/5.0 (compatible; Yahoo! Slurp; http://help.yahoo.com/help/us/ysearch/slurp)"
207.46.13.101 - - [22/Jun/2015:04:35:29 +0200] "GET /hirlevel/images/0903b.jpg HTTP/1.1" 200 64297 "-" "Mozilla/5.0 (compatible; bingbot/2.0; +http://www.bing.com/bingbot.htm)"
207.46.13.101 - - [22/Jun/2015:04:35:46 +0200] "GET /hirlevel/images/1307_3.jpg HTTP/1.1" 200 173750 "-" "Mozilla/5.0 (compatible; bingbot/2.0; +http://www.bing.com/bingbot.htm)"
157.55.39.20 - - [22/Jun/2015:04:51:23 +0200] "GET /hirlevel/images/1208_EMH_logo_2012_szlogen.jpg HTTP/1.1" 200 59958 "-" "Mozilla/5.0 (compatible; bingbot/2.0; +http://www.bing.com/bingbot.htm)"
157.55.39.245 - - [22/Jun/2015:04:53:11 +0200] "GET /doc/kozleked%C3%A9siszekcio_20150425_tokaj.pdf HTTP/1.1" 200 821476 "-" "Mozilla/5.0 (compatible; bingbot/2.0; +http://www.bing.com/bingbot.htm)"
5.9.112.6 - - [22/Jun/2015:04:55:28 +0200] "GET /doc/hu_aps_positivbeispiele_aufl2_070622_klein.pdf HTTP/1.1" 200 2887217 "-" "Mozilla/5.0 (Macintosh; Intel Mac OS X 10_8_2) AppleWebKit/536.26.17 (KHTML, like Gecko) Version/6.0.2 Safari/536.26.17"
208.115.113.87 - - [22/Jun/2015:05:05:48 +0200] "GET /robots.txt HTTP/1.1" 404 1181 "-" "Mozilla/5.0 (compatible; DotBot/1.1; http://www.opensiteexplorer.org/dotbot, help@moz.com)"
66.249.78.18 - - [22/Jun/2015:05:06:01 +0200] "GET /hirlevel/elment.pdf HTTP/1.1" 200 38340 "-" "Mozilla/5.0 (compatible; Googlebot/2.1; +http://www.google.com/bot.html)"
65.55.210.120 - - [22/Jun/2015:05:08:00 +0200] "GET /doc/allomasok_kepes_osszefoglaloja.pdf HTTP/1.1" 200 67346 "-" "Mozilla/5.0 (iPhone; CPU iPhone OS 7_0 like Mac OS X) AppleWebKit/537.51.1 (KHTML, like Gecko) Version/7.0 Mobile/11A465 Safari/9537.53 BingPreview/1.0b"
173.252.74.112 - - [22/Jun/2015:05:11:58 +0200] "GET /hirlevel/images/gadoros.png HTTP/1.1" 200 111355 "-" "facebookexternalhit/1.1 (+http://www.facebook.com/externalhit_uatext.php)"
66.249.78.18 - - [22/Jun/2015:05:18:42 +0200] "GET /doc/tisza-to_szoroanyag_2012.pdf HTTP/1.1" 304 - "-" "Mozilla/5.0 (compatible; Googlebot/2.1; +http://www.google.com/bot.html)"
207.46.13.107 - - [22/Jun/2015:05:28:57 +0200] "GET /robots.txt HTTP/1.1" 404 1181 "-" "Mozilla/5.0 (compatible; bingbot/2.0; +http://www.bing.com/bingbot.htm)"
157.55.39.245 - - [22/Jun/2015:05:59:49 +0200] "GET /hirlevel/vonattal1307.html HTTP/1.1" 200 33563 "-" "Mozilla/5.0 (compatible; bingbot/2.0; +http://www.bing.com/bingbot.htm)"
207.46.13.133 - - [22/Jun/2015:06:01:43 +0200] "GET /robots.txt HTTP/1.1" 404 1181 "-" "Mozilla/5.0 (compatible; bingbot/2.0; +http://www.bing.com/bingbot.htm)"
207.46.13.133 - - [22/Jun/2015:06:02:01 +0200] "GET /doc/tisza-to_szoroanyag_2012.pdf HTTP/1.1" 200 890943 "-" "Mozilla/5.0 (iPhone; CPU iPhone OS 7_0 like Mac OS X) AppleWebKit/537.51.1 (KHTML, like Gecko) Version/7.0 Mobile/11A465 Safari/9537.53 (compatible; bingbot/2.0; http://www.bing.com/bingbot.htm)"
157.55.39.245 - - [22/Jun/2015:06:07:55 +0200] "GET /hirlevel/images/1105_e.jpg HTTP/1.1" 200 39968 "-" "Mozilla/5.0 (compatible; bingbot/2.0; +http://www.bing.com/bingbot.htm)"
66.249.78.18 - - [22/Jun/2015:06:21:01 +0200] "GET /hirlevel/egri_busz_menetrendje_20131216.pdf HTTP/1.1" 200 530880 "-" "Mozilla/5.0 (compatible; Googlebot/2.1; +http://www.google.com/bot.html)"
220.181.38.164 - - [22/Jun/2015:06:22:54 +0200] "GET /doc/s-bahn.pdf HTTP/1.1" 200 97892 "-" "Mozilla/5.0 (compatible; Baiduspider/2.0; +http://www.baidu.com/search/spider.html)"
208.115.113.87 - - [22/Jun/2015:06:24:29 +0200] "GET / HTTP/1.1" 200 1178 "-" "Mozilla/5.0 (compatible; DotBot/1.1; http://www.opensiteexplorer.org/dotbot, help@moz.com)"
87.244.195.237 - - [22/Jun/2015:06:32:37 +0200] "GET /favicon.ico HTTP/1.1" 404 1181 "-" "Mozilla/5.0 (Windows NT 6.1; WOW64; rv:38.0) Gecko/20100101 Firefox/38.0"
87.244.195.237 - - [22/Jun/2015:06:32:37 +0200] "GET /favicon.ico HTTP/1.1" 404 1181 "-" "Mozilla/5.0 (Windows NT 6.1; WOW64; rv:38.0) Gecko/20100101 Firefox/38.0"
198.100.144.83 - - [22/Jun/2015:06:37:07 +0200] "GET /robots.txt HTTP/1.0" 404 1181 "-" "Mozilla/5.0 (compatible; MJ12bot/v1.4.5; http://www.majestic12.co.uk/bot.php?+)"
198.100.144.83 - - [22/Jun/2015:06:37:15 +0200] "GET /doc/A_kozlekedesmenedzsment_korszeru_eszkozei.htm HTTP/1.0" 200 3925 "-" "Mozilla/5.0 (compatible; MJ12bot/v1.4.5; http://www.majestic12.co.uk/bot.php?+)"
207.46.13.107 - - [22/Jun/2015:06:37:28 +0200] "GET /hirlevel/images/1410_g.jpg HTTP/1.1" 200 27691 "-" "Mozilla/5.0 (compatible; bingbot/2.0; +http://www.bing.com/bingbot.htm)"
157.55.39.245 - - [22/Jun/2015:06:44:58 +0200] "GET /doc/ipoly_201109.pdf HTTP/1.1" 200 5592654 "-" "Mozilla/5.0 (compatible; bingbot/2.0; +http://www.bing.com/bingbot.htm)"
73.55.11.178 - - [22/Jun/2015:06:57:29 +0200] "GET /xmlrpc.php HTTP/1.1" 404 1181 "-" "Mozilla/5.0 (X11; Linux i686; rv:2.0.1) Gecko/20100101 Firefox/4.0.1"
193.68.41.17 - - [22/Jun/2015:07:16:23 +0200] "GET /hirlevel/images/1004c.jpg HTTP/1.1" 200 57272 "https://www.google.hu/" "Mozilla/5.0 (Windows NT 6.1) AppleWebKit/537.36 (KHTML, like Gecko) Chrome/38.0.2125.104 Safari/537.36"
68.180.228.240 - - [22/Jun/2015:07:40:56 +0200] "GET /doc/kisvasutak_prg_2013.pdf HTTP/1.1" 304 - "-" "Mozilla/5.0 (compatible; Yahoo! Slurp; http://help.yahoo.com/help/us/ysearch/slurp)"
207.46.13.107 - - [22/Jun/2015:07:42:56 +0200] "GET /hirlevel/images/1105_a.jpg HTTP/1.1" 200 15818 "-" "Mozilla/5.0 (compatible; bingbot/2.0; +http://www.bing.com/bingbot.htm)"
199.30.24.221 - - [22/Jun/2015:07:46:16 +0200] "GET /doc/ipoly_201109.pdf HTTP/1.1" 200 67346 "-" "Mozilla/5.0 (Windows NT 6.1; WOW64) AppleWebKit/534+ (KHTML, like Gecko) BingPreview/1.0b"
87.244.195.237 - - [22/Jun/2015:07:46:20 +0200] "GET /favicon.ico HTTP/1.1" 404 1181 "-" "Mozilla/5.0 (Windows NT 6.1; WOW64; rv:38.0) Gecko/20100101 Firefox/38.0"
87.244.195.237 - - [22/Jun/2015:07:46:20 +0200] "GET /favicon.ico HTTP/1.1" 404 1181 "-" "Mozilla/5.0 (Windows NT 6.1; WOW64; rv:38.0) Gecko/20100101 Firefox/38.0"
188.165.15.202 - - [22/Jun/2015:08:02:14 +0200] "GET /doc/A_kozlekedesmenedzsment_korszeru_eszkozei.htm HTTP/1.1" 200 3925 "-" "Mozilla/5.0 (compatible; AhrefsBot/5.0; +http://ahrefs.com/robot/)"
195.56.123.145 - - [22/Jun/2015:08:05:50 +0200] "GET /hirlevel/images/1103_e.jpg HTTP/1.1" 200 440679 "https://www.google.hu/" "Mozilla/5.0 (Windows NT 6.1) AppleWebKit/537.36 (KHTML, like Gecko) Chrome/43.0.2357.124 Safari/537.36"
68.180.228.240 - - [22/Jun/2015:08:14:14 +0200] "GET /hirlevel/jaszboldoghaza.pdf HTTP/1.1" 200 59309 "-" "Mozilla/5.0 (compatible; Yahoo! Slurp; http://help.yahoo.com/help/us/ysearch/slurp)"
80.98.135.53 - - [22/Jun/2015:08:14:37 +0200] "GET /hirlevel/vonattal1505.html HTTP/1.1" 200 31132 "-" "Mozilla/5.0 (Windows NT 6.3; WOW64; Trident/7.0; rv:11.0) like Gecko"
80.98.135.53 - - [22/Jun/2015:08:14:37 +0200] "GET /hirlevel/NCTA_tamogato_es_lebonyolito_logosor.jpg HTTP/1.1" 200 22139 "http://mkk.zpok.hu/hirlevel/vonattal1505.html" "Mozilla/5.0 (Windows NT 6.3; WOW64; Trident/7.0; rv:11.0) like Gecko"
80.98.135.53 - - [22/Jun/2015:08:14:37 +0200] "GET /hirlevel/images/jaszboldoghaza.jpg HTTP/1.1" 200 101033 "http://mkk.zpok.hu/hirlevel/vonattal1505.html" "Mozilla/5.0 (Windows NT 6.3; WOW64; Trident/7.0; rv:11.0) like Gecko"
80.98.135.53 - - [22/Jun/2015:08:14:37 +0200] "GET /hirlevel/images/gadoros.png HTTP/1.1" 200 111355 "http://mkk.zpok.hu/hirlevel/vonattal1505.html" "Mozilla/5.0 (Windows NT 6.3; WOW64; Trident/7.0; rv:11.0) like Gecko"
80.98.135.53 - - [22/Jun/2015:08:14:38 +0200] "HEAD /hirlevel/images/avidekkozlekedeseert.swf HTTP/1.1" 200 0 "-" "Mozilla/5.0 (Windows NT 6.3; WOW64; Trident/7.0; rv:11.0) like Gecko"
80.98.135.53 - - [22/Jun/2015:08:14:38 +0200] "GET /hirlevel/images/avidekkozlekedeseert.swf HTTP/1.1" 200 5063 "http://mkk.zpok.hu/hirlevel/vonattal1505.html" "Mozilla/5.0 (Windows NT 6.3; WOW64; Trident/7.0; rv:11.0) like Gecko"
80.98.135.53 - - [22/Jun/2015:08:14:39 +0200] "GET /favicon.ico HTTP/1.1" 404 1181 "-" "Mozilla/5.0 (Windows NT 6.3; Win64; x64; Trident/7.0; rv:11.0) like Gecko"
80.98.135.53 - - [22/Jun/2015:08:15:09 +0200] "GET /hirlevel/vonattal1505.html HTTP/1.1" 304 - "-" "Mozilla/5.0 (Windows NT 6.3; WOW64; Trident/7.0; rv:11.0) like Gecko"
80.98.135.53 - - [22/Jun/2015:08:15:09 +0200] "GET /hirlevel/NCTA_tamogato_es_lebonyolito_logosor.jpg HTTP/1.1" 304 - "http://mkk.zpok.hu/hirlevel/vonattal1505.html" "Mozilla/5.0 (Windows NT 6.3; WOW64; Trident/7.0; rv:11.0) like Gecko"
80.98.135.53 - - [22/Jun/2015:08:15:09 +0200] "GET /hirlevel/images/gadoros.png HTTP/1.1" 304 - "http://mkk.zpok.hu/hirlevel/vonattal1505.html" "Mozilla/5.0 (Windows NT 6.3; WOW64; Trident/7.0; rv:11.0) like Gecko"
80.98.135.53 - - [22/Jun/2015:08:15:09 +0200] "GET /hirlevel/images/jaszboldoghaza.jpg HTTP/1.1" 304 - "http://mkk.zpok.hu/hirlevel/vonattal1505.html" "Mozilla/5.0 (Windows NT 6.3; WOW64; Trident/7.0; rv:11.0) like Gecko"
80.98.135.53 - - [22/Jun/2015:08:15:10 +0200] "HEAD /hirlevel/images/avidekkozlekedeseert.swf HTTP/1.1" 200 0 "-" "Mozilla/5.0 (Windows NT 6.3; WOW64; Trident/7.0; rv:11.0) like Gecko"
153.254.146.9 - - [22/Jun/2015:08:28:23 +0200] "GET /robots.txt HTTP/1.1" 404 1181 "-" "ichiro/3.0 (http://search.goo.ne.jp/option/use/sub4/sub4-1/)"
153.254.146.9 - - [22/Jun/2015:08:28:27 +0200] "GET /doc/A_kozlekedesmenedzsment_korszeru_eszkozei.htm HTTP/1.1" 200 3925 "-" "ichiro/3.0 (http://search.goo.ne.jp/option/use/sub4/sub4-1/)"
193.68.41.17 - - [22/Jun/2015:08:34:48 +0200] "GET / HTTP/1.1" 200 1178 "http://www.google.hu/url?sa=t&rct=j&q=&esrc=s&source=web&cd=1&ved=0CB8QFjAA&url=http%3A%2F%2Fwww.mkk.zpok.hu%2F&ei=hKyHVaf_G4SwUeSPiOAE&usg=AFQjCNFA5BXchpHNcIIkgFgY4DIwr33X0w&bvm=bv.96339352,d.d24" "Mozilla/5.0 (Windows NT 6.1; Trident/7.0; rv:11.0) like Gecko"
193.68.41.17 - - [22/Jun/2015:08:34:49 +0200] "GET /index.swf HTTP/1.1" 200 1459419 "http://www.mkk.zpok.hu/" "Mozilla/5.0 (Windows NT 6.1; Trident/7.0; rv:11.0) like Gecko"
193.68.41.17 - - [22/Jun/2015:08:34:49 +0200] "GET /favicon.ico HTTP/1.1" 404 1181 "-" "Mozilla/5.0 (Windows NT 6.1; Trident/7.0; rv:11.0) like Gecko"
193.68.41.17 - - [22/Jun/2015:08:34:54 +0200] "GET /popupsys%20elemei/main.txt HTTP/1.1" 200 342 "http://www.mkk.zpok.hu/index.swf" "Mozilla/5.0 (Windows NT 6.1; Trident/7.0; rv:11.0) like Gecko"
193.68.41.17 - - [22/Jun/2015:08:34:54 +0200] "GET /hirek.xml HTTP/1.1" 200 50012 "http://www.mkk.zpok.hu/index.swf" "Mozilla/5.0 (Windows NT 6.1; Trident/7.0; rv:11.0) like Gecko"
195.228.58.111 - - [22/Jun/2015:08:35:19 +0200] "GET /images/vasutterkep_n.jpg HTTP/1.1" 200 4702972 "-" "Mozilla/5.0 (Windows NT 6.1) AppleWebKit/537.36 (KHTML, like Gecko) Chrome/43.0.2357.124 Safari/537.36"
195.228.58.111 - - [22/Jun/2015:08:35:19 +0200] "GET /favicon.ico HTTP/1.1" 404 1181 "http://www.mkk.zpok.hu/images/vasutterkep_n.jpg" "Mozilla/5.0 (Windows NT 6.1) AppleWebKit/537.36 (KHTML, like Gecko) Chrome/43.0.2357.124 Safari/537.36"
207.46.13.101 - - [22/Jun/2015:08:42:19 +0200] "GET /hirlevel/vonattal1109.htm HTTP/1.1" 200 47571 "-" "Mozilla/5.0 (compatible; bingbot/2.0; +http://www.bing.com/bingbot.htm)"
157.55.39.245 - - [22/Jun/2015:08:54:01 +0200] "GET / HTTP/1.1" 200 1178 "-" "Mozilla/5.0 (compatible; bingbot/2.0; +http://www.bing.com/bingbot.htm)"
180.76.15.14 - - [22/Jun/2015:09:40:07 +0200] "GET /doc/forumemlekezteto_0903.pdf HTTP/1.1" 200 176704 "-" "Mozilla/5.0 (compatible; Baiduspider/2.0; +http://www.baidu.com/search/spider.html)"
123.125.71.47 - - [22/Jun/2015:09:53:30 +0200] "GET /doc/meszaros.pdf HTTP/1.1" 304 - "-" "Mozilla/5.0 (compatible; Baiduspider/2.0; +http://www.baidu.com/search/spider.html)"
85.204.249.242 - - [22/Jun/2015:10:00:41 +0200] "GET /images/vasutterkep_n.jpg HTTP/1.1" 200 4702972 "-" "Mozilla/5.0 (Windows NT 6.1; WOW64; rv:33.0) Gecko/20100101 Firefox/33.0"
213.81.143.6 - - [22/Jun/2015:10:03:49 +0200] "GET /images/vasutterkep_n.jpg HTTP/1.1" 200 778009 "https://www.google.sk/" "Mozilla/5.0 (Windows NT 6.1; WOW64) AppleWebKit/537.36 (KHTML, like Gecko) Chrome/43.0.2357.124 Safari/537.36"
213.81.143.6 - - [22/Jun/2015:10:03:55 +0200] "GET /images/vasutterkep_n.jpg HTTP/1.1" 206 1 "https://www.google.sk/" "Mozilla/5.0 (Windows NT 6.1; WOW64) AppleWebKit/537.36 (KHTML, like Gecko) Chrome/43.0.2357.124 Safari/537.36"
213.81.143.6 - - [22/Jun/2015:10:03:57 +0200] "GET /images/vasutterkep_n.jpg HTTP/1.1" 206 35127 "https://www.google.sk/" "Mozilla/5.0 (Windows NT 6.1; WOW64) AppleWebKit/537.36 (KHTML, like Gecko) Chrome/43.0.2357.124 Safari/537.36"
180.76.15.150 - - [22/Jun/2015:10:28:42 +0200] "GET /doc/T&E_aprilis2009.pdf HTTP/1.1" 200 63207 "-" "Mozilla/5.0 (compatible; Baiduspider/2.0; +http://www.baidu.com/search/spider.html)"
66.249.81.165 - - [22/Jun/2015:10:29:03 +0200] "GET /images/vasutterkep_n.jpg HTTP/1.1" 200 4702972 "-" "Mozilla/5.0 (Windows NT 6.1; rv:6.0) Gecko/20110814 Firefox/6.0 Google favicon"
66.249.81.165 - - [22/Jun/2015:10:29:03 +0200] "GET /favicon.ico HTTP/1.1" 404 1181 "-" "Mozilla/5.0 (Windows NT 6.1; rv:6.0) Gecko/20110814 Firefox/6.0 Google favicon"
91.83.136.22 - - [22/Jun/2015:10:29:58 +0200] "GET /hirlevel/images/1107_e.jpg HTTP/1.1" 200 135338 "-" "Mozilla/5.0 (Windows NT 5.1; rv:38.0) Gecko/20100101 Firefox/38.0"
87.244.195.237 - - [22/Jun/2015:10:39:26 +0200] "GET /favicon.ico HTTP/1.1" 404 1181 "-" "Mozilla/5.0 (Windows NT 6.1; WOW64; rv:38.0) Gecko/20100101 Firefox/38.0"
87.244.195.237 - - [22/Jun/2015:10:39:26 +0200] "GET /favicon.ico HTTP/1.1" 404 1181 "-" "Mozilla/5.0 (Windows NT 6.1; WOW64; rv:38.0) Gecko/20100101 Firefox/38.0"
203.77.237.50 - - [22/Jun/2015:10:44:14 +0200] "GET /images/vasutterkep_n.jpg HTTP/1.1" 200 34657 "-" "Mozilla/5.0 (Windows NT 6.3; WOW64; rv:39.0) Gecko/20100101 Firefox/39.0"
203.77.237.50 - - [22/Jun/2015:10:46:25 +0200] "GET /images/vasutterkep_n.jpg HTTP/1.1" 206 4696055 "http://www.google.co.id/url?sa=i&rct=j&q=&esrc=s&source=images&cd=&ved=0CAQQjBw&url=http%3A%2F%2Fwww.mkk.zpok.hu%2Fimages%2Fvasutterkep_n.jpg&ei=3MqHVe3_A4GhugSUpKrQBw&psig=AFQjCNG6DGRDFg61vZOUKAzLXaCJtsIJew&ust=1435048900264965" "Mozilla/5.0 (Windows NT 6.3; WOW64; rv:39.0) Gecko/20100101 Firefox/39.0"
203.77.237.50 - - [22/Jun/2015:10:46:26 +0200] "GET /favicon.ico HTTP/1.1" 404 1181 "-" "Mozilla/5.0 (Windows NT 6.3; WOW64; rv:39.0) Gecko/20100101 Firefox/39.0"
203.77.237.50 - - [22/Jun/2015:10:46:27 +0200] "GET /favicon.ico HTTP/1.1" 404 1181 "-" "Mozilla/5.0 (Windows NT 6.3; WOW64; rv:39.0) Gecko/20100101 Firefox/39.0"
87.97.76.189 - - [22/Jun/2015:10:46:50 +0200] "GET /hirlevel/images/1105_a.jpg HTTP/1.1" 200 15818 "https://www.google.hu/" "Mozilla/5.0 (Windows NT 6.1; WOW64) AppleWebKit/537.36 (KHTML, like Gecko) Chrome/43.0.2357.124 Safari/537.36"
94.21.130.82 - - [22/Jun/2015:10:47:32 +0200] "GET /hirlevel/images/szazalek.jpg HTTP/1.1" 200 43499 "-" "Mozilla/5.0 (Windows NT 6.1; WOW64; rv:38.0) Gecko/20100101 Firefox/38.0"
180.76.15.148 - - [22/Jun/2015:11:04:27 +0200] "GET /doc/tande_1009.pdf HTTP/1.1" 200 144291 "-" "Mozilla/5.0 (compatible; Baiduspider/2.0; +http://www.baidu.com/search/spider.html)"
91.120.167.244 - - [22/Jun/2015:11:05:22 +0200] "GET /hirlevel/muzeumok_1306.pdf HTTP/1.1" 200 95751 "http://kereso.startlap.hu/index.php?q=teakfa%20orient%20%C3%A9tkez%C5%91kocsi%20t%C3%B6rt%C3%A9nete&sise=a&search=google&nhash=startlap_b3a5056f03d3995095f103b0a86b6f18_TVRFeU1ESXlNRFl3TVRJd01UVTRNelE1TlRrM05UYzRNRGd5TXpJMU9USXpNamN6TVRBd01qazROekUzTmpjek1UWXpOdz09" "Mozilla/5.0 (Windows NT 5.1; rv:38.0) Gecko/20100101 Firefox/38.0"
91.120.167.244 - - [22/Jun/2015:11:05:23 +0200] "GET /favicon.ico HTTP/1.1" 404 1181 "-" "Mozilla/5.0 (Windows NT 5.1; rv:38.0) Gecko/20100101 Firefox/38.0"
91.120.167.244 - - [22/Jun/2015:11:05:23 +0200] "GET /favicon.ico HTTP/1.1" 404 1181 "-" "Mozilla/5.0 (Windows NT 5.1; rv:38.0) Gecko/20100101 Firefox/38.0"
31.150.82.127 - - [22/Jun/2015:11:06:29 +0200] "GET /doc/b2_2010.pdf HTTP/1.1" 404 1181 "http://vasut.kteam.hu/indexde.html" "Mozilla/5.0 (Windows NT 6.3; WOW64; rv:38.0) Gecko/20100101 Firefox/38.0"
31.150.82.127 - - [22/Jun/2015:11:06:29 +0200] "GET /favicon.ico HTTP/1.1" 404 1181 "-" "Mozilla/5.0 (Windows NT 6.3; WOW64; rv:38.0) Gecko/20100101 Firefox/38.0"
31.150.82.127 - - [22/Jun/2015:11:06:29 +0200] "GET /favicon.ico HTTP/1.1" 404 1181 "-" "Mozilla/5.0 (Windows NT 6.3; WOW64; rv:38.0) Gecko/20100101 Firefox/38.0"
31.150.82.127 - - [22/Jun/2015:11:06:41 +0200] "GET /doc/b2_201203.jpg HTTP/1.1" 404 1181 "http://vasut.kteam.hu/indexde.html" "Mozilla/5.0 (Windows NT 6.3; WOW64; rv:38.0) Gecko/20100101 Firefox/38.0"
178.40.171.48 - - [22/Jun/2015:11:21:52 +0200] "GET /images/vasutterkep_n.jpg HTTP/1.1" 200 3117952 "https://www.google.sk/" "Mozilla/5.0 (Macintosh; Intel Mac OS X 10_10_3) AppleWebKit/600.5.17 (KHTML, like Gecko) Version/8.0.5 Safari/600.5.17"
136.243.36.97 - - [22/Jun/2015:11:37:36 +0200] "GET /robots.txt HTTP/1.1" 404 1181 "-" "Mozilla/5.0 (compatible; BLEXBot/1.0; +http://webmeup-crawler.com/)"
136.243.36.97 - - [22/Jun/2015:11:37:36 +0200] "GET /robots.txt HTTP/1.1" 404 1181 "-" "Mozilla/5.0 (compatible; BLEXBot/1.0; +http://webmeup-crawler.com/)"
136.243.36.97 - - [22/Jun/2015:11:37:36 +0200] "GET / HTTP/1.1" 200 1178 "-" "Mozilla/5.0 (compatible; BLEXBot/1.0; +http://webmeup-crawler.com/)"
136.243.36.97 - - [22/Jun/2015:11:37:42 +0200] "GET /sitemap.xml HTTP/1.1" 404 1181 "-" "Mozilla/5.0 (compatible; BLEXBot/1.0; +http://webmeup-crawler.com/)"
136.243.36.97 - - [22/Jun/2015:11:37:50 +0200] "GET /sitemap.xml HTTP/1.1" 404 1181 "-" "Mozilla/5.0 (compatible; BLEXBot/1.0; +http://webmeup-crawler.com/)"
136.243.36.97 - - [22/Jun/2015:11:37:57 +0200] "GET / HTTP/1.1" 200 1178 "-" "Mozilla/5.0 (compatible; BLEXBot/1.0; +http://webmeup-crawler.com/)"
136.243.36.97 - - [22/Jun/2015:11:38:04 +0200] "GET /hirlevel/vonattal1408.html HTTP/1.1" 200 22601 "-" "Mozilla/5.0 (compatible; BLEXBot/1.0; +http://webmeup-crawler.com/)"
136.243.36.97 - - [22/Jun/2015:11:38:10 +0200] "GET /hirlevel/vonattal1503.html HTTP/1.1" 200 21721 "-" "Mozilla/5.0 (compatible; BLEXBot/1.0; +http://webmeup-crawler.com/)"
136.243.36.97 - - [22/Jun/2015:11:38:16 +0200] "GET /hirlevel/vonattal1107.htm HTTP/1.1" 200 26917 "-" "Mozilla/5.0 (compatible; BLEXBot/1.0; +http://webmeup-crawler.com/)"
136.243.36.97 - - [22/Jun/2015:11:38:24 +0200] "GET /hirlevel/vonattal1209.htm HTTP/1.1" 200 45089 "-" "Mozilla/5.0 (compatible; BLEXBot/1.0; +http://webmeup-crawler.com/)"
87.244.195.237 - - [22/Jun/2015:11:52:12 +0200] "GET /favicon.ico HTTP/1.1" 404 1181 "-" "Mozilla/5.0 (Windows NT 6.1; WOW64; rv:38.0) Gecko/20100101 Firefox/38.0"
87.244.195.237 - - [22/Jun/2015:11:52:12 +0200] "GET /favicon.ico HTTP/1.1" 404 1181 "-" "Mozilla/5.0 (Windows NT 6.1; WOW64; rv:38.0) Gecko/20100101 Firefox/38.0"
87.244.195.237 - - [22/Jun/2015:11:52:27 +0200] "GET /favicon.ico HTTP/1.1" 404 1181 "-" "Mozilla/5.0 (Windows NT 6.1; WOW64; rv:38.0) Gecko/20100101 Firefox/38.0"
87.244.195.237 - - [22/Jun/2015:11:52:27 +0200] "GET /favicon.ico HTTP/1.1" 404 1181 "-" "Mozilla/5.0 (Windows NT 6.1; WOW64; rv:38.0) Gecko/20100101 Firefox/38.0"
87.244.195.237 - - [22/Jun/2015:11:52:40 +0200] "GET /favicon.ico HTTP/1.1" 404 1181 "-" "Mozilla/5.0 (Windows NT 6.1; WOW64; rv:38.0) Gecko/20100101 Firefox/38.0"
87.244.195.237 - - [22/Jun/2015:11:52:40 +0200] "GET /favicon.ico HTTP/1.1" 404 1181 "-" "Mozilla/5.0 (Windows NT 6.1; WOW64; rv:38.0) Gecko/20100101 Firefox/38.0"
199.30.21.202 - - [22/Jun/2015:11:54:48 +0200] "GET /images/vasutterkep_n.jpg HTTP/1.1" 200 4702972 "-" "-"
31.46.194.24 - - [22/Jun/2015:11:54:57 +0200] "GET /images/vasutterkep_n.jpg HTTP/1.1" 200 4702972 "-" "ZDM/4.0; Windows Mobile 8.0"
180.76.15.19 - - [22/Jun/2015:11:56:41 +0200] "GET /hirlevel/bakonyivasut_0805.pdf HTTP/1.1" 200 136544 "-" "Mozilla/5.0 (compatible; Baiduspider/2.0; +http://www.baidu.com/search/spider.html)"
87.244.195.237 - - [22/Jun/2015:12:03:50 +0200] "GET /favicon.ico HTTP/1.1" 404 1181 "-" "Mozilla/5.0 (Windows NT 6.1; WOW64; rv:38.0) Gecko/20100101 Firefox/38.0"
87.244.195.237 - - [22/Jun/2015:12:03:50 +0200] "GET /favicon.ico HTTP/1.1" 404 1181 "-" "Mozilla/5.0 (Windows NT 6.1; WOW64; rv:38.0) Gecko/20100101 Firefox/38.0"
195.228.44.151 - - [22/Jun/2015:12:19:32 +0200] "GET /hirlevel/emlekezteto_hevesvezekeny_201504.pdf HTTP/1.1" 200 192146 "http://www.google.hu/url?sa=t&rct=j&q=&esrc=s&source=web&cd=5&cad=rja&uact=8&ved=0CDYQFjAE&url=http%3A%2F%2Fmkk.zpok.hu%2Fhirlevel%2Femlekezteto_hevesvezekeny_201504.pdf&ei=6-CHVaCWC4uosAGgnIOoAg&usg=AFQjCNEbOVTj_8q2sMgPVkMWTaGKuzLZZg&sig2=5RSsoZWOpi66GnnGE1HdOw&bvm=bv.96339352,d.bGg" "Mozilla/5.0 (Windows NT 6.1; WOW64; Trident/7.0; rv:11.0) like Gecko"
87.97.92.98 - - [22/Jun/2015:12:24:48 +0200] "GET /images/vasutterkep_n.jpg HTTP/1.1" 200 34465 "https://www.google.hu/" "Mozilla/5.0 (Windows NT 6.1; WOW64) AppleWebKit/537.36 (KHTML, like Gecko) Chrome/43.0.2357.124 Safari/537.36"
87.97.92.98 - - [22/Jun/2015:12:24:55 +0200] "GET /images/vasutterkep_n.jpg HTTP/1.1" 206 1 "https://www.google.hu/" "Mozilla/5.0 (Windows NT 6.1; WOW64) AppleWebKit/537.36 (KHTML, like Gecko) Chrome/43.0.2357.124 Safari/537.36"
87.97.92.98 - - [22/Jun/2015:12:25:04 +0200] "GET /images/vasutterkep_n.jpg HTTP/1.1" 206 4700451 "https://www.google.hu/" "Mozilla/5.0 (Windows NT 6.1; WOW64) AppleWebKit/537.36 (KHTML, like Gecko) Chrome/43.0.2357.124 Safari/537.36"
87.97.92.98 - - [22/Jun/2015:12:26:16 +0200] "GET /favicon.ico HTTP/1.1" 404 1181 "http://www.mkk.zpok.hu/images/vasutterkep_n.jpg" "Mozilla/5.0 (Windows NT 6.1; WOW64) AppleWebKit/537.36 (KHTML, like Gecko) Chrome/43.0.2357.124 Safari/537.36"
207.46.13.101 - - [22/Jun/2015:12:30:53 +0200] "GET /hirlevel/MAV_102vonal_prezi201504.pdf HTTP/1.1" 200 1579816 "-" "Mozilla/5.0 (iPhone; CPU iPhone OS 7_0 like Mac OS X) AppleWebKit/537.51.1 (KHTML, like Gecko) Version/7.0 Mobile/11A465 Safari/9537.53 (compatible; bingbot/2.0; http://www.bing.com/bingbot.htm)"
213.204.127.35 - - [22/Jun/2015:12:37:01 +0200] "GET /images/vasutterkep_n.jpg HTTP/1.1" 200 34369 "https://www.google.com.lb/" "Mozilla/5.0 (Windows NT 5.1) AppleWebKit/537.36 (KHTML, like Gecko) Chrome/43.0.2357.124 Safari/537.36"
212.16.158.240 - - [22/Jun/2015:12:38:51 +0200] "GET /images/vasutterkep_n.jpg HTTP/1.1" 200 4702972 "https://www.google.hu/" "Mozilla/5.0 (Windows NT 6.1; WOW64) AppleWebKit/537.36 (KHTML, like Gecko) Chrome/43.0.2357.124 Safari/537.36"
157.55.39.20 - - [22/Jun/2015:12:49:07 +0200] "GET /hirlevel/konferencia_program-szallasok_tapolca.pdf HTTP/1.1" 200 137963 "-" "Mozilla/5.0 (iPhone; CPU iPhone OS 7_0 like Mac OS X) AppleWebKit/537.51.1 (KHTML, like Gecko) Version/7.0 Mobile/11A465 Safari/9537.53 (compatible; bingbot/2.0; http://www.bing.com/bingbot.htm)"
86.101.46.212 - - [22/Jun/2015:13:08:58 +0200] "GET /images/vasutterkep_n.jpg HTTP/1.1" 200 4702972 "-" "Mozilla/5.0 (Windows NT 6.1; WOW64; rv:38.0) Gecko/20100101 Firefox/38.0"
91.83.235.179 - - [22/Jun/2015:13:16:49 +0200] "GET /images/vasutterkep_n.jpg HTTP/1.1" 200 4702972 "-" "Mozilla/5.0 (Windows NT 6.3; rv:38.0) Gecko/20100101 Firefox/38.0"
66.249.78.83 - - [22/Jun/2015:13:27:32 +0200] "GET /robots.txt HTTP/1.1" 404 1181 "-" "Mozilla/5.0 (compatible; Googlebot/2.1; +http://www.google.com/bot.html)"
66.249.78.83 - - [22/Jun/2015:13:27:34 +0200] "GET /doc/eletet-a-vasutnak.pdf HTTP/1.1" 200 5085257 "-" "Mozilla/5.0 (compatible; Googlebot/2.1; +http://www.google.com/bot.html)"
66.249.64.186 - - [22/Jun/2015:13:34:35 +0200] "GET /doc/eletet-a-vasutnak.pdf HTTP/1.1" 200 5085257 "-" "Mozilla/5.0 (compatible; Googlebot/2.1; +http://www.google.com/bot.html)"
78.104.65.92 - - [22/Jun/2015:13:34:43 +0200] "GET /images/vasutterkep_n.jpg HTTP/1.1" 200 4702972 "http://www.bing.com/images/search?q=ungarn+karte&view=detailv2&&&id=801C08B32D419E7F417945618DEE2B86C245B9A2&selectedIndex=44&ccid=St6gWHsl&simid=608000647689342001&thid=JN.4dVoY2tTctd8Sj4mRbjCzA&mode=overlay&adlt=strict" "Mozilla/5.0 (compatible; MSIE 9.0; Windows NT 6.1; Trident/5.0)"
157.55.39.245 - - [22/Jun/2015:13:53:46 +0200] "GET /doc/parameterkonyv_0804.pdf HTTP/1.1" 200 83510 "-" "Mozilla/5.0 (iPhone; CPU iPhone OS 7_0 like Mac OS X) AppleWebKit/537.51.1 (KHTML, like Gecko) Version/7.0 Mobile/11A465 Safari/9537.53 (compatible; bingbot/2.0; http://www.bing.com/bingbot.htm)"
188.174.187.142 - - [22/Jun/2015:13:55:23 +0200] "GET /doc/b2_201203.jpg HTTP/1.0" 404 1181 "http://vasut.kteam.hu/indexde.html" "Mozilla/5.0 (Windows NT 6.1; WOW64; rv:38.0) Gecko/20100101 Firefox/38.0"
188.174.187.142 - - [22/Jun/2015:13:55:23 +0200] "GET /favicon.ico HTTP/1.0" 404 1181 "-" "Mozilla/5.0 (Windows NT 6.1; WOW64; rv:38.0) Gecko/20100101 Firefox/38.0"
188.174.187.142 - - [22/Jun/2015:13:55:29 +0200] "GET /doc/b2_2010.pdf HTTP/1.0" 404 1181 "http://vasut.kteam.hu/indexde.html" "Mozilla/5.0 (Windows NT 6.1; WOW64; rv:38.0) Gecko/20100101 Firefox/38.0"
188.174.187.142 - - [22/Jun/2015:13:57:42 +0200] "GET /index.swf HTTP/1.0" 200 1459419 "http://mkk.zpok.hu/" "Mozilla/5.0 (Windows NT 6.1; WOW64; rv:38.0) Gecko/20100101 Firefox/38.0"
188.174.187.142 - - [22/Jun/2015:13:57:44 +0200] "GET /popupsys%20elemei_ang/main.txt HTTP/1.0" 200 495 "http://mkk.zpok.hu/index.swf" "Mozilla/5.0 (Windows NT 6.1; WOW64; rv:38.0) Gecko/20100101 Firefox/38.0"
188.174.187.142 - - [22/Jun/2015:13:57:49 +0200] "GET /popupsys%20elemei_ang/sub1.txt HTTP/1.0" 200 2946 "http://mkk.zpok.hu/index.swf" "Mozilla/5.0 (Windows NT 6.1; WOW64; rv:38.0) Gecko/20100101 Firefox/38.0"
188.174.187.142 - - [22/Jun/2015:13:57:58 +0200] "GET /popupsys%20elemei/main.txt HTTP/1.0" 200 342 "http://mkk.zpok.hu/index.swf" "Mozilla/5.0 (Windows NT 6.1; WOW64; rv:38.0) Gecko/20100101 Firefox/38.0"
188.174.187.142 - - [22/Jun/2015:13:58:03 +0200] "GET /doc/allomasok_kepes_osszefoglaloja.pdf HTTP/1.0" 206 57626 "http://mkk.zpok.hu/" "Mozilla/5.0 (Windows NT 6.1; WOW64; rv:38.0) Gecko/20100101 Firefox/38.0"
188.174.187.142 - - [22/Jun/2015:13:58:03 +0200] "GET /doc/allomasok_kepes_osszefoglaloja.pdf HTTP/1.0" 200 195452 "http://mkk.zpok.hu/" "Mozilla/5.0 (Windows NT 6.1; WOW64; rv:38.0) Gecko/20100101 Firefox/38.0"
188.174.187.142 - - [22/Jun/2015:13:58:03 +0200] "GET /doc/allomasok_kepes_osszefoglaloja.pdf HTTP/1.0" 206 65536 "http://mkk.zpok.hu/" "Mozilla/5.0 (Windows NT 6.1; WOW64; rv:38.0) Gecko/20100101 Firefox/38.0"
188.174.187.142 - - [22/Jun/2015:13:58:04 +0200] "GET /doc/allomasok_kepes_osszefoglaloja.pdf HTTP/1.0" 206 65536 "http://mkk.zpok.hu/" "Mozilla/5.0 (Windows NT 6.1; WOW64; rv:38.0) Gecko/20100101 Firefox/38.0"
188.174.187.142 - - [22/Jun/2015:13:58:04 +0200] "GET /doc/allomasok_kepes_osszefoglaloja.pdf HTTP/1.0" 206 65536 "http://mkk.zpok.hu/" "Mozilla/5.0 (Windows NT 6.1; WOW64; rv:38.0) Gecko/20100101 Firefox/38.0"
188.174.187.142 - - [22/Jun/2015:13:58:04 +0200] "GET /doc/allomasok_kepes_osszefoglaloja.pdf HTTP/1.0" 206 65536 "http://mkk.zpok.hu/" "Mozilla/5.0 (Windows NT 6.1; WOW64; rv:38.0) Gecko/20100101 Firefox/38.0"
188.174.187.142 - - [22/Jun/2015:13:58:04 +0200] "GET /doc/allomasok_kepes_osszefoglaloja.pdf HTTP/1.0" 206 65536 "http://mkk.zpok.hu/" "Mozilla/5.0 (Windows NT 6.1; WOW64; rv:38.0) Gecko/20100101 Firefox/38.0"
188.174.187.142 - - [22/Jun/2015:13:58:05 +0200] "GET /doc/allomasok_kepes_osszefoglaloja.pdf HTTP/1.0" 206 65536 "http://mkk.zpok.hu/" "Mozilla/5.0 (Windows NT 6.1; WOW64; rv:38.0) Gecko/20100101 Firefox/38.0"
188.174.187.142 - - [22/Jun/2015:13:58:06 +0200] "GET /doc/allomasok_kepes_osszefoglaloja.pdf HTTP/1.0" 206 65536 "http://mkk.zpok.hu/" "Mozilla/5.0 (Windows NT 6.1; WOW64; rv:38.0) Gecko/20100101 Firefox/38.0"
188.174.187.142 - - [22/Jun/2015:13:58:06 +0200] "GET /doc/allomasok_kepes_osszefoglaloja.pdf HTTP/1.0" 206 65536 "http://mkk.zpok.hu/" "Mozilla/5.0 (Windows NT 6.1; WOW64; rv:38.0) Gecko/20100101 Firefox/38.0"
188.174.187.142 - - [22/Jun/2015:13:58:06 +0200] "GET /doc/allomasok_kepes_osszefoglaloja.pdf HTTP/1.0" 206 65536 "http://mkk.zpok.hu/" "Mozilla/5.0 (Windows NT 6.1; WOW64; rv:38.0) Gecko/20100101 Firefox/38.0"
188.174.187.142 - - [22/Jun/2015:13:58:06 +0200] "GET /doc/allomasok_kepes_osszefoglaloja.pdf HTTP/1.0" 206 65536 "http://mkk.zpok.hu/" "Mozilla/5.0 (Windows NT 6.1; WOW64; rv:38.0) Gecko/20100101 Firefox/38.0"
188.174.187.142 - - [22/Jun/2015:13:58:07 +0200] "GET /doc/allomasok_kepes_osszefoglaloja.pdf HTTP/1.0" 206 131072 "http://mkk.zpok.hu/" "Mozilla/5.0 (Windows NT 6.1; WOW64; rv:38.0) Gecko/20100101 Firefox/38.0"
188.174.187.142 - - [22/Jun/2015:13:58:07 +0200] "GET /doc/allomasok_kepes_osszefoglaloja.pdf HTTP/1.0" 206 65536 "http://mkk.zpok.hu/" "Mozilla/5.0 (Windows NT 6.1; WOW64; rv:38.0) Gecko/20100101 Firefox/38.0"
188.174.187.142 - - [22/Jun/2015:13:58:07 +0200] "GET /doc/allomasok_kepes_osszefoglaloja.pdf HTTP/1.0" 206 131072 "http://mkk.zpok.hu/" "Mozilla/5.0 (Windows NT 6.1; WOW64; rv:38.0) Gecko/20100101 Firefox/38.0"
188.174.187.142 - - [22/Jun/2015:13:58:08 +0200] "GET /doc/allomasok_kepes_osszefoglaloja.pdf HTTP/1.0" 206 262144 "http://mkk.zpok.hu/" "Mozilla/5.0 (Windows NT 6.1; WOW64; rv:38.0) Gecko/20100101 Firefox/38.0"
188.174.187.142 - - [22/Jun/2015:13:58:10 +0200] "GET /doc/allomasok_kepes_osszefoglaloja.pdf HTTP/1.0" 206 65536 "http://mkk.zpok.hu/" "Mozilla/5.0 (Windows NT 6.1; WOW64; rv:38.0) Gecko/20100101 Firefox/38.0"
188.174.187.142 - - [22/Jun/2015:13:58:11 +0200] "GET /doc/allomasok_kepes_osszefoglaloja.pdf HTTP/1.0" 206 65536 "http://mkk.zpok.hu/" "Mozilla/5.0 (Windows NT 6.1; WOW64; rv:38.0) Gecko/20100101 Firefox/38.0"
188.174.187.142 - - [22/Jun/2015:13:58:11 +0200] "GET /doc/allomasok_kepes_osszefoglaloja.pdf HTTP/1.0" 206 458752 "http://mkk.zpok.hu/" "Mozilla/5.0 (Windows NT 6.1; WOW64; rv:38.0) Gecko/20100101 Firefox/38.0"
188.174.187.142 - - [22/Jun/2015:13:58:12 +0200] "GET /doc/allomasok_kepes_osszefoglaloja.pdf HTTP/1.0" 206 393216 "http://mkk.zpok.hu/" "Mozilla/5.0 (Windows NT 6.1; WOW64; rv:38.0) Gecko/20100101 Firefox/38.0"
188.174.187.142 - - [22/Jun/2015:13:58:12 +0200] "GET /doc/allomasok_kepes_osszefoglaloja.pdf HTTP/1.0" 206 131072 "http://mkk.zpok.hu/" "Mozilla/5.0 (Windows NT 6.1; WOW64; rv:38.0) Gecko/20100101 Firefox/38.0"
188.174.187.142 - - [22/Jun/2015:13:58:13 +0200] "GET /doc/allomasok_kepes_osszefoglaloja.pdf HTTP/1.0" 206 65536 "http://mkk.zpok.hu/" "Mozilla/5.0 (Windows NT 6.1; WOW64; rv:38.0) Gecko/20100101 Firefox/38.0"
188.174.187.142 - - [22/Jun/2015:13:58:13 +0200] "GET /doc/allomasok_kepes_osszefoglaloja.pdf HTTP/1.0" 206 65536 "http://mkk.zpok.hu/" "Mozilla/5.0 (Windows NT 6.1; WOW64; rv:38.0) Gecko/20100101 Firefox/38.0"
188.174.187.142 - - [22/Jun/2015:13:58:13 +0200] "GET /doc/allomasok_kepes_osszefoglaloja.pdf HTTP/1.0" 206 262144 "http://mkk.zpok.hu/" "Mozilla/5.0 (Windows NT 6.1; WOW64; rv:38.0) Gecko/20100101 Firefox/38.0"
188.174.187.142 - - [22/Jun/2015:13:58:13 +0200] "GET /doc/allomasok_kepes_osszefoglaloja.pdf HTTP/1.0" 206 327680 "http://mkk.zpok.hu/" "Mozilla/5.0 (Windows NT 6.1; WOW64; rv:38.0) Gecko/20100101 Firefox/38.0"
188.174.187.142 - - [22/Jun/2015:13:58:15 +0200] "GET /doc/allomasok_kepes_osszefoglaloja.pdf HTTP/1.0" 206 589824 "http://mkk.zpok.hu/" "Mozilla/5.0 (Windows NT 6.1; WOW64; rv:38.0) Gecko/20100101 Firefox/38.0"
188.174.187.142 - - [22/Jun/2015:13:58:16 +0200] "GET /doc/allomasok_kepes_osszefoglaloja.pdf HTTP/1.0" 206 65536 "http://mkk.zpok.hu/" "Mozilla/5.0 (Windows NT 6.1; WOW64; rv:38.0) Gecko/20100101 Firefox/38.0"
188.174.187.142 - - [22/Jun/2015:13:58:16 +0200] "GET /doc/allomasok_kepes_osszefoglaloja.pdf HTTP/1.0" 206 65536 "http://mkk.zpok.hu/" "Mozilla/5.0 (Windows NT 6.1; WOW64; rv:38.0) Gecko/20100101 Firefox/38.0"
188.174.187.142 - - [22/Jun/2015:13:58:16 +0200] "GET /doc/allomasok_kepes_osszefoglaloja.pdf HTTP/1.0" 206 65536 "http://mkk.zpok.hu/" "Mozilla/5.0 (Windows NT 6.1; WOW64; rv:38.0) Gecko/20100101 Firefox/38.0"
188.174.187.142 - - [22/Jun/2015:13:58:16 +0200] "GET /doc/allomasok_kepes_osszefoglaloja.pdf HTTP/1.0" 206 65536 "http://mkk.zpok.hu/" "Mozilla/5.0 (Windows NT 6.1; WOW64; rv:38.0) Gecko/20100101 Firefox/38.0"
188.174.187.142 - - [22/Jun/2015:13:58:16 +0200] "GET /doc/allomasok_kepes_osszefoglaloja.pdf HTTP/1.0" 206 65536 "http://mkk.zpok.hu/" "Mozilla/5.0 (Windows NT 6.1; WOW64; rv:38.0) Gecko/20100101 Firefox/38.0"
188.174.187.142 - - [22/Jun/2015:13:58:16 +0200] "GET /doc/allomasok_kepes_osszefoglaloja.pdf HTTP/1.0" 206 65536 "http://mkk.zpok.hu/" "Mozilla/5.0 (Windows NT 6.1; WOW64; rv:38.0) Gecko/20100101 Firefox/38.0"
188.174.187.142 - - [22/Jun/2015:13:58:17 +0200] "GET /doc/allomasok_kepes_osszefoglaloja.pdf HTTP/1.0" 206 65536 "http://mkk.zpok.hu/" "Mozilla/5.0 (Windows NT 6.1; WOW64; rv:38.0) Gecko/20100101 Firefox/38.0"
188.174.187.142 - - [22/Jun/2015:13:58:17 +0200] "GET /doc/allomasok_kepes_osszefoglaloja.pdf HTTP/1.0" 206 65536 "http://mkk.zpok.hu/" "Mozilla/5.0 (Windows NT 6.1; WOW64; rv:38.0) Gecko/20100101 Firefox/38.0"
188.174.187.142 - - [22/Jun/2015:13:58:18 +0200] "GET /doc/allomasok_kepes_osszefoglaloja.pdf HTTP/1.0" 206 65536 "http://mkk.zpok.hu/" "Mozilla/5.0 (Windows NT 6.1; WOW64; rv:38.0) Gecko/20100101 Firefox/38.0"
188.174.187.142 - - [22/Jun/2015:13:58:19 +0200] "GET /doc/allomasok_kepes_osszefoglaloja.pdf HTTP/1.0" 206 131072 "http://mkk.zpok.hu/" "Mozilla/5.0 (Windows NT 6.1; WOW64; rv:38.0) Gecko/20100101 Firefox/38.0"
188.174.187.142 - - [22/Jun/2015:13:58:20 +0200] "GET /doc/allomasok_kepes_osszefoglaloja.pdf HTTP/1.0" 206 65536 "http://mkk.zpok.hu/" "Mozilla/5.0 (Windows NT 6.1; WOW64; rv:38.0) Gecko/20100101 Firefox/38.0"
188.174.187.142 - - [22/Jun/2015:13:58:20 +0200] "GET /doc/allomasok_kepes_osszefoglaloja.pdf HTTP/1.0" 206 65536 "http://mkk.zpok.hu/" "Mozilla/5.0 (Windows NT 6.1; WOW64; rv:38.0) Gecko/20100101 Firefox/38.0"
188.174.187.142 - - [22/Jun/2015:13:58:20 +0200] "GET /doc/allomasok_kepes_osszefoglaloja.pdf HTTP/1.0" 206 65536 "http://mkk.zpok.hu/" "Mozilla/5.0 (Windows NT 6.1; WOW64; rv:38.0) Gecko/20100101 Firefox/38.0"
188.174.187.142 - - [22/Jun/2015:13:58:20 +0200] "GET /doc/allomasok_kepes_osszefoglaloja.pdf HTTP/1.0" 206 65536 "http://mkk.zpok.hu/" "Mozilla/5.0 (Windows NT 6.1; WOW64; rv:38.0) Gecko/20100101 Firefox/38.0"
188.174.187.142 - - [22/Jun/2015:13:58:21 +0200] "GET /doc/allomasok_kepes_osszefoglaloja.pdf HTTP/1.0" 206 65536 "http://mkk.zpok.hu/" "Mozilla/5.0 (Windows NT 6.1; WOW64; rv:38.0) Gecko/20100101 Firefox/38.0"
188.174.187.142 - - [22/Jun/2015:13:58:21 +0200] "GET /doc/allomasok_kepes_osszefoglaloja.pdf HTTP/1.0" 206 65536 "http://mkk.zpok.hu/" "Mozilla/5.0 (Windows NT 6.1; WOW64; rv:38.0) Gecko/20100101 Firefox/38.0"
188.174.187.142 - - [22/Jun/2015:13:58:21 +0200] "GET /doc/allomasok_kepes_osszefoglaloja.pdf HTTP/1.0" 206 131072 "http://mkk.zpok.hu/" "Mozilla/5.0 (Windows NT 6.1; WOW64; rv:38.0) Gecko/20100101 Firefox/38.0"
188.174.187.142 - - [22/Jun/2015:13:58:22 +0200] "GET /doc/allomasok_kepes_osszefoglaloja.pdf HTTP/1.0" 206 131072 "http://mkk.zpok.hu/" "Mozilla/5.0 (Windows NT 6.1; WOW64; rv:38.0) Gecko/20100101 Firefox/38.0"
188.174.187.142 - - [22/Jun/2015:13:58:31 +0200] "GET /doc/allomasok_kepes_osszefoglaloja.pdf HTTP/1.0" 200 5628186 "http://mkk.zpok.hu/" "Mozilla/5.0 (Windows NT 6.1; WOW64; rv:38.0) Gecko/20100101 Firefox/38.0"
188.174.187.142 - - [22/Jun/2015:13:58:31 +0200] "GET /favicon.ico HTTP/1.0" 404 1181 "-" "Mozilla/5.0 (Windows NT 6.1; WOW64; rv:38.0) Gecko/20100101 Firefox/38.0"
188.174.187.142 - - [22/Jun/2015:13:59:25 +0200] "GET /doc/b2_2012_03.pdf HTTP/1.0" 206 31883 "http://mkk.zpok.hu/" "Mozilla/5.0 (Windows NT 6.1; WOW64; rv:38.0) Gecko/20100101 Firefox/38.0"
188.174.187.142 - - [22/Jun/2015:13:59:26 +0200] "GET /doc/b2_2012_03.pdf HTTP/1.0" 206 65536 "http://mkk.zpok.hu/" "Mozilla/5.0 (Windows NT 6.1; WOW64; rv:38.0) Gecko/20100101 Firefox/38.0"
188.174.187.142 - - [22/Jun/2015:13:59:26 +0200] "GET /doc/b2_2012_03.pdf HTTP/1.0" 206 65536 "http://mkk.zpok.hu/" "Mozilla/5.0 (Windows NT 6.1; WOW64; rv:38.0) Gecko/20100101 Firefox/38.0"
188.174.187.142 - - [22/Jun/2015:13:59:27 +0200] "GET /doc/b2_2012_03.pdf HTTP/1.0" 206 65536 "http://mkk.zpok.hu/" "Mozilla/5.0 (Windows NT 6.1; WOW64; rv:38.0) Gecko/20100101 Firefox/38.0"
188.174.187.142 - - [22/Jun/2015:13:59:28 +0200] "GET /doc/b2_2012_03.pdf HTTP/1.0" 206 196608 "http://mkk.zpok.hu/" "Mozilla/5.0 (Windows NT 6.1; WOW64; rv:38.0) Gecko/20100101 Firefox/38.0"
188.174.187.142 - - [22/Jun/2015:13:59:28 +0200] "GET /doc/b2_2012_03.pdf HTTP/1.0" 200 1080459 "http://mkk.zpok.hu/" "Mozilla/5.0 (Windows NT 6.1; WOW64; rv:38.0) Gecko/20100101 Firefox/38.0"
188.174.187.142 - - [22/Jun/2015:14:01:58 +0200] "GET /doc/MKKE_2014_OBHGEPI_PK_142_1425021032546.pdf HTTP/1.0" 206 3101 "http://mkk.zpok.hu/" "Mozilla/5.0 (Windows NT 6.1; WOW64; rv:38.0) Gecko/20100101 Firefox/38.0"
188.174.187.142 - - [22/Jun/2015:14:01:59 +0200] "GET /doc/MKKE_2014_OBHGEPI_PK_142_1425021032546.pdf HTTP/1.0" 206 65536 "http://mkk.zpok.hu/" "Mozilla/5.0 (Windows NT 6.1; WOW64; rv:38.0) Gecko/20100101 Firefox/38.0"
188.174.187.142 - - [22/Jun/2015:14:02:00 +0200] "GET /doc/MKKE_2014_OBHGEPI_PK_142_1425021032546.pdf HTTP/1.0" 200 920605 "http://mkk.zpok.hu/" "Mozilla/5.0 (Windows NT 6.1; WOW64; rv:38.0) Gecko/20100101 Firefox/38.0"
171.19.10.2 - - [22/Jun/2015:14:05:32 +0200] "GET /hirlevel/images/1103_e.jpg HTTP/1.1" 200 440679 "https://www.google.hu/" "Mozilla/5.0 (Windows NT 5.1) AppleWebKit/537.36 (KHTML, like Gecko) Chrome/43.0.2357.124 Safari/537.36"
66.249.64.176 - - [22/Jun/2015:14:14:16 +0200] "GET /doc/mkk_eger_tanulmany_2014.pdf HTTP/1.1" 304 - "-" "Mozilla/5.0 (compatible; Googlebot/2.1; +http://www.google.com/bot.html)"
176.9.7.169 - - [22/Jun/2015:14:17:43 +0200] "GET /hirlevel/vonattal0912.htm HTTP/1.1" 200 55120 "http://www.google.com/search?sourceid=chrome&ie=UTF-8&q=content" "Mozilla/5.0 (compatible; Konqueror/3.2; Linux 2.6.2)"
5.166.141.231 - - [22/Jun/2015:14:20:29 +0200] "GET /images/vasutterkep_n.jpg HTTP/1.1" 200 4702972 "http://california.onlinecreditstrategies.com/css/regi-magyarorszag-terkep" "Opera/9.80 (Windows NT 6.1; Edition Yx 01) Presto/2.12.388 Version/12.15"
188.36.149.239 - - [22/Jun/2015:14:29:16 +0200] "GET /images/vasutterkep_n.jpg HTTP/1.1" 200 2754372 "https://www.google.hu/" "Mozilla/5.0 (Windows NT 6.1; WOW64) AppleWebKit/537.36 (KHTML, like Gecko) Chrome/43.0.2357.124 Safari/537.36"
188.36.149.239 - - [22/Jun/2015:14:29:23 +0200] "GET /images/vasutterkep_n.jpg HTTP/1.1" 206 1 "https://www.google.hu/" "Mozilla/5.0 (Windows NT 6.1; WOW64) AppleWebKit/537.36 (KHTML, like Gecko) Chrome/43.0.2357.124 Safari/537.36"
188.36.149.239 - - [22/Jun/2015:14:29:24 +0200] "GET /images/vasutterkep_n.jpg HTTP/1.1" 206 1214274 "https://www.google.hu/" "Mozilla/5.0 (Windows NT 6.1; WOW64) AppleWebKit/537.36 (KHTML, like Gecko) Chrome/43.0.2357.124 Safari/537.36"
188.36.149.239 - - [22/Jun/2015:14:29:31 +0200] "GET /images/vasutterkep_n.jpg HTTP/1.1" 206 1 "https://www.google.hu/" "Mozilla/5.0 (Windows NT 6.1; WOW64) AppleWebKit/537.36 (KHTML, like Gecko) Chrome/43.0.2357.124 Safari/537.36"
188.36.149.239 - - [22/Jun/2015:14:29:33 +0200] "GET /images/vasutterkep_n.jpg HTTP/1.1" 206 1024494 "https://www.google.hu/" "Mozilla/5.0 (Windows NT 6.1; WOW64) AppleWebKit/537.36 (KHTML, like Gecko) Chrome/43.0.2357.124 Safari/537.36"
188.165.15.202 - - [22/Jun/2015:14:34:07 +0200] "GET / HTTP/1.1" 200 1178 "-" "Mozilla/5.0 (compatible; AhrefsBot/5.0; +http://ahrefs.com/robot/)"
195.228.170.112 - - [22/Jun/2015:14:37:10 +0200] "GET /images/vasutterkep_n.jpg HTTP/1.1" 200 4702972 "http://www.pic2fly.com/Magyarorszag+Terkep.html" "Mozilla/5.0 (Windows NT 6.1; WOW64; rv:36.0) Gecko/20100101 Firefox/36.0"
194.88.45.81 - - [22/Jun/2015:14:42:32 +0200] "GET /doc/b2_2012_03.pdf HTTP/1.1" 200 1080459 "http://www.bakonyvasut.hu/" "Mozilla/5.0 (compatible; MSIE 9.0; Windows NT 6.1; Trident/5.0)"
89.135.182.153 - - [22/Jun/2015:14:47:33 +0200] "GET /hirlevel/images/1009_terkep_n.jpg HTTP/1.1" 200 598267 "http://www.google.hu/blank.html" "Mozilla/5.0 (Windows NT 5.1) AppleWebKit/537.36 (KHTML, like Gecko) Chrome/43.0.2357.124 Safari/537.36"
87.97.37.220 - - [22/Jun/2015:14:49:30 +0200] "GET /doc/mkk_eger_tanulmany_2014.pdf HTTP/1.1" 206 65536 "http://kereso.startlap.hu/index.php?q=egerV%C3%81R%20VASS%C3%9ATI%20%20buszmeg%C3%A1ll%C3%B3&sise=a&search=google&nhash=startlap_7e83e38072c06c8014a533c4b5f0b6a4_TVRRd05qSXdNVFUxT0RReU1qSXpOekE0TnpneU5qUTJOVGd5TlRNNE5qWTJORFE1T1RnNU9ESTFNakk1TkRVMk9UVTNNakV4" "Mozilla/5.0 (Windows NT 5.1; rv:37.0) Gecko/20100101 Firefox/37.0"
87.97.37.220 - - [22/Jun/2015:14:49:30 +0200] "GET /doc/mkk_eger_tanulmany_2014.pdf HTTP/1.1" 206 64672 "http://kereso.startlap.hu/index.php?q=egerV%C3%81R%20VASS%C3%9ATI%20%20buszmeg%C3%A1ll%C3%B3&sise=a&search=google&nhash=startlap_7e83e38072c06c8014a533c4b5f0b6a4_TVRRd05qSXdNVFUxT0RReU1qSXpOekE0TnpneU5qUTJOVGd5TlRNNE5qWTJORFE1T1RnNU9ESTFNakk1TkRVMk9UVTNNakV4" "Mozilla/5.0 (Windows NT 5.1; rv:37.0) Gecko/20100101 Firefox/37.0"
87.97.37.220 - - [22/Jun/2015:14:49:31 +0200] "GET /doc/mkk_eger_tanulmany_2014.pdf HTTP/1.1" 200 851104 "http://kereso.startlap.hu/index.php?q=egerV%C3%81R%20VASS%C3%9ATI%20%20buszmeg%C3%A1ll%C3%B3&sise=a&search=google&nhash=startlap_7e83e38072c06c8014a533c4b5f0b6a4_TVRRd05qSXdNVFUxT0RReU1qSXpOekE0TnpneU5qUTJOVGd5TlRNNE5qWTJORFE1T1RnNU9ESTFNakk1TkRVMk9UVTNNakV4" "Mozilla/5.0 (Windows NT 5.1; rv:37.0) Gecko/20100101 Firefox/37.0"
87.97.37.220 - - [22/Jun/2015:14:49:31 +0200] "GET /favicon.ico HTTP/1.1" 404 1181 "-" "Mozilla/5.0 (Windows NT 5.1; rv:37.0) Gecko/20100101 Firefox/37.0"
87.97.37.220 - - [22/Jun/2015:14:49:31 +0200] "GET /favicon.ico HTTP/1.1" 404 1181 "-" "Mozilla/5.0 (Windows NT 5.1; rv:37.0) Gecko/20100101 Firefox/37.0"
188.174.187.142 - - [22/Jun/2015:14:51:13 +0200] "GET /doc/b2_2010.pdf HTTP/1.0" 404 1181 "http://vasut.kteam.hu/archivde.html" "Mozilla/5.0 (Windows NT 6.1; WOW64; rv:38.0) Gecko/20100101 Firefox/38.0"
37.76.20.182 - - [22/Jun/2015:14:53:39 +0200] "GET /doc/vonatrafel_c.pdf HTTP/1.1" 200 23380 "-" "Mozilla/5.0 (Linux; Android 4.4.4; D5503 Build/14.4.A.0.157) AppleWebKit/537.36 (KHTML, like Gecko) Chrome/43.0.2357.93 Mobile Safari/537.36"
37.76.20.182 - - [22/Jun/2015:14:54:26 +0200] "GET /doc/vonatrafel_c.pdf HTTP/1.1" 200 289000 "" "Mozilla/5.0 (Linux; Android 4.4.4; D5503 Build/14.4.A.0.157) AppleWebKit/537.36 (KHTML, like Gecko) Chrome/43.0.2357.93 Mobile Safari/537.36"
84.3.80.76 - - [22/Jun/2015:14:54:35 +0200] "GET /doc/vonatrafel_c.pdf HTTP/1.1" 206 477808 "" "Mozilla/5.0 (Linux; Android 4.4.4; D5503 Build/14.4.A.0.157) AppleWebKit/537.36 (KHTML, like Gecko) Chrome/43.0.2357.93 Mobile Safari/537.36"
91.82.240.189 - - [22/Jun/2015:14:57:53 +0200] "GET /images/vasutterkep_n.jpg HTTP/1.1" 200 4702972 "https://www.google.com/" "Mozilla/5.0 (X11; Linux i686) AppleWebKit/537.36 (KHTML, like Gecko) Ubuntu Chromium/43.0.2357.81 Chrome/43.0.2357.81 Safari/537.36"
89.135.182.153 - - [22/Jun/2015:15:02:10 +0200] "GET /hirlevel/images/1009_terkep_n.jpg HTTP/1.1" 200 598267 "http://www.google.hu/blank.html" "Mozilla/5.0 (Windows NT 5.1) AppleWebKit/537.36 (KHTML, like Gecko) Chrome/43.0.2357.124 Safari/537.36"
180.76.15.135 - - [22/Jun/2015:15:18:56 +0200] "GET /doc/vkdm_bp-apaczai_20091027.pdf HTTP/1.1" 200 64794 "-" "Mozilla/5.0 (compatible; Baiduspider/2.0; +http://www.baidu.com/search/spider.html)"
66.249.64.186 - - [22/Jun/2015:15:26:41 +0200] "GET /doc/ttft.pdf HTTP/1.1" 200 6493253 "-" "SAMSUNG-SGH-E250/1.0 Profile/MIDP-2.0 Configuration/CLDC-1.1 UP.Browser/6.2.3.3.c.1.101 (GUI) MMP/2.0 (compatible; Googlebot-Mobile/2.1; +http://www.google.com/bot.html)"
141.0.12.143 - - [22/Jun/2015:15:38:10 +0200] "GET /doc/tisza-to_szoroanyag_2012.pdf HTTP/1.1" 200 890943 "https://www.google.hu/" "Mozilla/5.0 (Linux; Android 4.4.4; D2303 Build/18.3.1.C.1.15) AppleWebKit/537.36 (KHTML, like Gecko) Chrome/43.0.2357.78 Mobile Safari/537.36 OPR/30.0.1856.92967"
185.47.61.146 - - [22/Jun/2015:15:44:15 +0200] "GET / HTTP/1.1" 200 1178 "-" "Mozilla/5.0 (iPhone; CPU iPhone OS 6_0 like Mac OS X) AppleWebKit/536.26 (KHTML, like Gecko) Version/6.0 Mobile/10A5376e Safari/8536.25 (compatible; Googlebot/2.1; +http://www.google.com/bot.html)"
180.76.15.135 - - [22/Jun/2015:15:45:29 +0200] "GET /doc/s-bahn.pdf HTTP/1.1" 200 97892 "-" "Mozilla/5.0 (compatible; Baiduspider/2.0; +http://www.baidu.com/search/spider.html)"
207.46.13.101 - - [22/Jun/2015:15:54:07 +0200] "GET / HTTP/1.1" 200 1178 "-" "Mozilla/5.0 (compatible; bingbot/2.0; +http://www.bing.com/bingbot.htm)"
95.90.231.110 - - [22/Jun/2015:15:56:07 +0200] "GET /doc/b2_2010.pdf HTTP/1.1" 404 1181 "-" "Mozilla/5.0 (Linux; Android 4.4.2; de-de; SAMSUNG SM-P605 Build/KOT49H) AppleWebKit/537.36 (KHTML, like Gecko) Version/1.5 Chrome/28.0.1500.94 Safari/537.36"
95.90.231.110 - - [22/Jun/2015:15:56:08 +0200] "GET /favicon.ico HTTP/1.1" 404 1181 "-" "Mozilla/5.0 (Linux; Android 4.4.2; de-de; SAMSUNG SM-P605 Build/KOT49H) AppleWebKit/537.36 (KHTML, like Gecko) Version/1.5 Chrome/28.0.1500.94 Safari/537.36"
84.2.5.146 - - [22/Jun/2015:15:56:15 +0200] "GET /doc/feketebalog.pdf HTTP/1.1" 200 36866 "http://www.google.hu/url?sa=t&rct=j&q=&esrc=s&source=web&cd=6&ved=0CEgQFjAF&url=http%3A%2F%2Fmkk.zpok.hu%2Fdoc%2Ffeketebalog.pdf&ei=iROIVcvTMIKuU6iNgaAB&usg=AFQjCNG_oLHrSUzzwNmxYPB6GgZ88Qnmfw&bvm=bv.96339352,d.d24" "Mozilla/5.0 (Windows NT 6.1; WOW64; rv:38.0) Gecko/20100101 Firefox/38.0"
84.2.5.146 - - [22/Jun/2015:15:56:15 +0200] "GET /favicon.ico HTTP/1.1" 404 1181 "-" "Mozilla/5.0 (Windows NT 6.1; WOW64; rv:38.0) Gecko/20100101 Firefox/38.0"
84.2.5.146 - - [22/Jun/2015:15:56:15 +0200] "GET /doc/feketebalog.pdf HTTP/1.1" 206 36866 "http://www.google.hu/url?sa=t&rct=j&q=&esrc=s&source=web&cd=6&ved=0CEgQFjAF&url=http%3A%2F%2Fmkk.zpok.hu%2Fdoc%2Ffeketebalog.pdf&ei=iROIVcvTMIKuU6iNgaAB&usg=AFQjCNG_oLHrSUzzwNmxYPB6GgZ88Qnmfw&bvm=bv.96339352,d.d24" "Mozilla/5.0 (Windows NT 6.1; WOW64; rv:38.0) Gecko/20100101 Firefox/38.0"
84.2.5.146 - - [22/Jun/2015:15:56:15 +0200] "GET /favicon.ico HTTP/1.1" 404 1181 "-" "Mozilla/5.0 (Windows NT 6.1; WOW64; rv:38.0) Gecko/20100101 Firefox/38.0"
62.197.230.97 - - [22/Jun/2015:15:58:33 +0200] "GET /images/vasutterkep_n.jpg HTTP/1.1" 200 4702972 "https://www.google.sk/" "Mozilla/5.0 (Windows NT 6.1; WOW64) AppleWebKit/537.36 (KHTML, like Gecko) Chrome/43.0.2357.124 Safari/537.36"
91.82.72.70 - - [22/Jun/2015:16:04:16 +0200] "GET /doc/tisza-to_szoroanyag_2012.pdf HTTP/1.1" 200 890943 "http://www.google.hu/url?sa=t&rct=j&q=&esrc=s&source=web&cd=1&ved=0CCoQFjAA&url=http%3A%2F%2Fmkk.zpok.hu%2Fdoc%2Ftisza-to_szoroanyag_2012.pdf&ei=2hWIVc_dKIHMsgGUiYnIAQ&usg=AFQjCNESnamwfPnBA0n7BtVNOVGR6mX5eA&sig2=ckGKtk3KQKd41k9rQ0iG8Q&bvm=bv.96339352,d.bGQ" "Mozilla/5.0 (Windows NT 6.3; WOW64; Trident/7.0; rv:11.0) like Gecko"
91.82.72.70 - - [22/Jun/2015:16:05:47 +0200] "GET /browserconfig.xml HTTP/1.1" 404 1181 "-" "Mozilla/5.0 (Windows NT 6.3; Win64; x64; Trident/7.0; rv:11.0) like Gecko"
