183.60.243.187 - - [03/Jun/2015:00:43:11 +0200] "GET /coremail/common/help/images/helplogo_zh.gif HTTP/1.1" 404 1181 "-" "Mozilla/5.0 (Macintosh; Intel Mac OS X 10_9_4) AppleWebKit/537.36 (KHTML, like Gecko) Chrome/36.0.1985.125 Safari/537.36"
183.60.243.187 - - [03/Jun/2015:00:43:11 +0200] "GET /coremail/common/help/images/helplogo.gif HTTP/1.1" 404 1181 "-" "Mozilla/5.0 (Macintosh; Intel Mac OS X 10_9_4) AppleWebKit/537.36 (KHTML, like Gecko) Chrome/36.0.1985.125 Safari/537.36"
183.60.243.187 - - [03/Jun/2015:00:43:12 +0200] "GET /coremail/ HTTP/1.1" 404 1181 "-" "Mozilla/5.0 (Macintosh; Intel Mac OS X 10_9_4) AppleWebKit/537.36 (KHTML, like Gecko) Chrome/36.0.1985.125 Safari/537.36"
68.180.228.240 - - [03/Jun/2015:01:08:56 +0200] "GET /doc/2_mell_fuzesabony_szilvasvarad.pdf HTTP/1.1" 200 56286 "-" "Mozilla/5.0 (compatible; Yahoo! Slurp; http://help.yahoo.com/help/us/ysearch/slurp)"
157.55.39.81 - - [03/Jun/2015:01:27:52 +0200] "GET /doc/tande_1009.pdf HTTP/1.1" 200 144291 "-" "Mozilla/5.0 (compatible; bingbot/2.0; +http://www.bing.com/bingbot.htm)"
66.249.78.18 - - [03/Jun/2015:01:33:26 +0200] "GET /hirlevel/majdan_janos_a_kozlekedes_tortenete_nagy_laszlo.pdf HTTP/1.1" 200 77184 "-" "Mozilla/5.0 (iPhone; CPU iPhone OS 6_0 like Mac OS X) AppleWebKit/536.26 (KHTML, like Gecko) Version/6.0 Mobile/10A5376e Safari/8536.25 (compatible; Googlebot/2.1; +http://www.google.com/bot.html)"
65.55.211.212 - - [03/Jun/2015:01:57:22 +0200] "GET /images/vasutterkep_n.jpg HTTP/1.1" 200 4702972 "-" "-"
199.30.22.61 - - [03/Jun/2015:01:57:24 +0200] "GET /images/vasutterkep_n.jpg HTTP/1.1" 200 4702972 "-" "-"
68.180.228.240 - - [03/Jun/2015:01:58:38 +0200] "GET /doc/recs_konf_1103.pdf HTTP/1.1" 200 155298 "-" "Mozilla/5.0 (compatible; Yahoo! Slurp; http://help.yahoo.com/help/us/ysearch/slurp)"
180.76.15.139 - - [03/Jun/2015:02:14:48 +0200] "GET /doc/meszaros_peter.ppt HTTP/1.1" 200 75776 "-" "Mozilla/5.0 (compatible; Baiduspider/2.0; +http://www.baidu.com/search/spider.html)"
188.142.253.249 - - [03/Jun/2015:02:14:59 +0200] "GET / HTTP/1.1" 200 1178 "https://www.google.hu/" "Mozilla/5.0 (Windows NT 6.1) AppleWebKit/537.36 (KHTML, like Gecko) Chrome/43.0.2357.81 Safari/537.36"
188.142.253.249 - - [03/Jun/2015:02:14:59 +0200] "GET /favicon.ico HTTP/1.1" 404 1181 "http://www.mkk.zpok.hu/" "Mozilla/5.0 (Windows NT 6.1) AppleWebKit/537.36 (KHTML, like Gecko) Chrome/43.0.2357.81 Safari/537.36"
66.249.78.18 - - [03/Jun/2015:02:37:13 +0200] "GET /hirlevel/images/0707b.jpg HTTP/1.1" 200 55124 "-" "Googlebot-Image/1.0"
120.131.74.195 - - [03/Jun/2015:03:01:23 +0200] "GET / HTTP/1.0" 200 1178 "-" "nutch-1.8/Nutch-1.8"
66.249.78.25 - - [03/Jun/2015:03:05:20 +0200] "GET /hirlevel/images/1112a.jpg HTTP/1.1" 200 156611 "-" "Googlebot-Image/1.0"
220.181.108.122 - - [03/Jun/2015:03:12:24 +0200] "GET / HTTP/1.1" 200 1178 "-" "Mozilla/5.0 (compatible; Baiduspider/2.0; +http://www.baidu.com/search/spider.html)"
193.68.41.17 - - [03/Jun/2015:03:14:50 +0200] "GET /doc/budapest-kornyeken-vasuttal.jpg HTTP/1.1" 404 1181 "https://www.google.hu/" "Mozilla/5.0 (Windows NT 6.1) AppleWebKit/537.36 (KHTML, like Gecko) Chrome/38.0.2125.111 Safari/537.36"
66.249.78.18 - - [03/Jun/2015:03:17:09 +0200] "GET /www.kvte.hu HTTP/1.1" 404 1181 "-" "Mozilla/5.0 (compatible; Googlebot/2.1; +http://www.google.com/bot.html)"
157.55.39.171 - - [03/Jun/2015:03:26:37 +0200] "GET /hirlevel/Kevesbbauto.pdf HTTP/1.1" 200 33694 "-" "Mozilla/5.0 (compatible; bingbot/2.0; +http://www.bing.com/bingbot.htm)"
109.74.53.203 - - [03/Jun/2015:03:33:35 +0200] "GET /doc/vasuttal-budapest-kornyeken.pdf HTTP/1.1" 404 1181 "https://www.google.hu/" "Mozilla/5.0 (Linux; Android 4.4.4; SM-G357FZ Build/KTU84P) AppleWebKit/537.36 (KHTML, like Gecko) Chrome/43.0.2357.78 Mobile Safari/537.36"
109.74.53.203 - - [03/Jun/2015:03:33:36 +0200] "GET /favicon.ico HTTP/1.1" 404 1181 "http://www.mkk.zpok.hu/doc/vasuttal-budapest-kornyeken.pdf" "Mozilla/5.0 (Linux; Android 4.4.4; SM-G357FZ Build/KTU84P) AppleWebKit/537.36 (KHTML, like Gecko) Chrome/43.0.2357.78 Mobile Safari/537.36"
66.249.78.25 - - [03/Jun/2015:05:21:37 +0200] "GET /hirlevel/images/1109e.jpg HTTP/1.1" 200 167091 "-" "Googlebot-Image/1.0"
88.212.40.234 - - [03/Jun/2015:05:58:58 +0200] "GET /doc/vasuttal-budapest-kornyeken.pdf HTTP/1.1" 404 1181 "https://www.google.sk/" "Mozilla/5.0 (Linux; Android 4.1.2; MediaPad 10 LINK Build/HuaweiMediaPad) AppleWebKit/537.36 (KHTML, like Gecko) Chrome/38.0.2125.102 Safari/537.36 OPR/25.0.1619.84037"
66.249.78.25 - - [03/Jun/2015:06:05:53 +0200] "GET /hirlevel/images/1010a.jpg HTTP/1.1" 200 52624 "-" "Googlebot-Image/1.0"
91.83.213.32 - - [03/Jun/2015:06:09:32 +0200] "GET /images/vasutterkep_n.jpg HTTP/1.1" 200 4702972 "https://www.google.hu/" "Mozilla/5.0 (Windows NT 6.1; Win64; x64) AppleWebKit/537.36 (KHTML, like Gecko) Chrome/44.0.2403.18 Safari/537.36"
180.76.15.140 - - [03/Jun/2015:06:10:19 +0200] "GET /doc/tande_1010.pdf HTTP/1.1" 200 129997 "-" "Mozilla/5.0 (compatible; Baiduspider/2.0; +http://www.baidu.com/search/spider.html)"
66.249.78.18 - - [03/Jun/2015:06:21:18 +0200] "GET /hirlevel/images/0903f.jpg HTTP/1.1" 200 73829 "-" "Googlebot-Image/1.0"
66.249.78.11 - - [03/Jun/2015:06:32:26 +0200] "GET /hirlevel/images/zsuzsi.jpg HTTP/1.1" 200 57365 "-" "Googlebot-Image/1.0"
66.249.78.18 - - [03/Jun/2015:06:33:08 +0200] "GET /hirlevel/images/citylight_bakonyvasut_kicsi.jpg HTTP/1.1" 200 482578 "-" "Googlebot-Image/1.0"
66.249.78.25 - - [03/Jun/2015:06:40:10 +0200] "GET /hirlevel/images/0902c.jpg HTTP/1.1" 200 30997 "-" "Googlebot-Image/1.0"
157.55.39.190 - - [03/Jun/2015:06:42:56 +0200] "GET /hirlevel/kerdoiv_%20tomegkozelekedesrol_1206.doc HTTP/1.1" 200 99840 "-" "Mozilla/5.0 (compatible; bingbot/2.0; +http://www.bing.com/bingbot.htm)"
37.76.49.143 - - [03/Jun/2015:06:43:29 +0200] "GET /doc/vasuttal-budapest-kornyeken.pdf HTTP/1.1" 404 1181 "-" "Mozilla/5.0 (Linux; Android 4.2.2; hu-hu; SAMSUNG GT-S7275R/S7275RXXUANC1 Build/JDQ39) AppleWebKit/535.19 (KHTML, like Gecko) Version/1.0 Chrome/18.0.1025.308 Mobile Safari/535.19"
37.76.49.143 - - [03/Jun/2015:06:43:30 +0200] "GET /favicon.ico HTTP/1.1" 404 1181 "-" "Mozilla/5.0 (Linux; Android 4.2.2; hu-hu; SAMSUNG GT-S7275R/S7275RXXUANC1 Build/JDQ39) AppleWebKit/535.19 (KHTML, like Gecko) Version/1.0 Chrome/18.0.1025.308 Mobile Safari/535.19"
37.76.49.143 - - [03/Jun/2015:06:43:30 +0200] "GET /apple-touch-icon-precomposed.png HTTP/1.1" 404 1181 "-" "Mozilla/5.0 (Linux; Android 4.2.2; hu-hu; SAMSUNG GT-S7275R/S7275RXXUANC1 Build/JDQ39) AppleWebKit/535.19 (KHTML, like Gecko) Version/1.0 Chrome/18.0.1025.308 Mobile Safari/535.19"
37.76.49.143 - - [03/Jun/2015:06:43:30 +0200] "GET /apple-touch-icon.png HTTP/1.1" 404 1181 "-" "Mozilla/5.0 (Linux; Android 4.2.2; hu-hu; SAMSUNG GT-S7275R/S7275RXXUANC1 Build/JDQ39) AppleWebKit/535.19 (KHTML, like Gecko) Version/1.0 Chrome/18.0.1025.308 Mobile Safari/535.19"
66.249.78.25 - - [03/Jun/2015:06:51:26 +0200] "GET /hirlevel/images/1110g.jpg HTTP/1.1" 200 63166 "-" "Googlebot-Image/1.0"
65.55.215.38 - - [03/Jun/2015:07:05:13 +0200] "GET /robots.txt HTTP/1.1" 404 1181 "-" "msnbot-media/1.1 (+http://search.msn.com/msnbot.htm)"
65.55.215.38 - - [03/Jun/2015:07:05:15 +0200] "GET /hirlevel/images/1112b.jpg HTTP/1.1" 200 139264 "-" "msnbot-media/1.1 (+http://search.msn.com/msnbot.htm)"
109.230.11.79 - - [03/Jun/2015:07:20:02 +0200] "GET /images/vasutterkep_n.jpg HTTP/1.1" 200 4702972 "-" "Mozilla/5.0 (Linux; Android 4.4.4; SM-G850F Build/KTU84P) AppleWebKit/537.36 (KHTML, like Gecko) Version/4.0 Chrome/33.0.0.0 Mobile Safari/537.36 GSA/4.6.10.19.arm"
148.251.124.42 - - [03/Jun/2015:07:21:28 +0200] "GET /doc/utasjogok.pdf HTTP/1.1" 200 373480 "-" "Mozilla/5.0 (X11; U; Linux i686; en-US; rv:1.9.1.16) Gecko/20120421 Gecko Firefox/11.0"
208.115.113.87 - - [03/Jun/2015:07:22:39 +0200] "GET /robots.txt HTTP/1.1" 404 1181 "-" "Mozilla/5.0 (compatible; DotBot/1.1; http://www.opensiteexplorer.org/dotbot, help@moz.com)"
66.249.78.25 - - [03/Jun/2015:07:25:53 +0200] "GET /robots.txt HTTP/1.1" 404 1181 "-" "Mozilla/5.0 (compatible; Googlebot/2.1; +http://www.google.com/bot.html)"
66.249.78.25 - - [03/Jun/2015:07:25:53 +0200] "GET /hirlevel/images/201501_b.jpg HTTP/1.1" 200 29508 "-" "Googlebot-Image/1.0"
66.249.64.176 - - [03/Jun/2015:07:27:18 +0200] "GET /hirlevel/images/201501_c.jpg HTTP/1.1" 200 37209 "-" "Googlebot-Image/1.0"
5.148.219.106 - - [03/Jun/2015:07:27:29 +0200] "GET /images/vasutterkep_n.jpg HTTP/1.1" 200 4702972 "https://www.google.hu/" "Mozilla/5.0 (Windows NT 6.2; WOW64) AppleWebKit/537.36 (KHTML, like Gecko) Chrome/43.0.2357.81 Safari/537.36"
157.55.39.189 - - [03/Jun/2015:07:28:24 +0200] "GET /hirlevel/emlekezteto_hevesvezekeny_201504.pdf HTTP/1.1" 200 192146 "-" "msnbot-media/1.1 (+http://search.msn.com/msnbot.htm)"
66.249.78.18 - - [03/Jun/2015:07:28:42 +0200] "GET /hirlevel/images/201501_a.jpg HTTP/1.1" 200 37199 "-" "Googlebot-Image/1.0"
66.249.69.1 - - [03/Jun/2015:07:30:49 +0200] "GET /hirlevel/images/201501_d.jpg HTTP/1.1" 200 99525 "-" "Googlebot-Image/1.0"
66.249.64.176 - - [03/Jun/2015:07:32:56 +0200] "GET /hirlevel/images/1107_b.jpg HTTP/1.1" 200 83593 "-" "Googlebot-Image/1.0"
180.76.15.32 - - [03/Jun/2015:07:33:06 +0200] "GET / HTTP/1.1" 200 1178 "-" "Mozilla/5.0 (compatible; Baiduspider/2.0; +http://www.baidu.com/search/spider.html)"
66.249.78.18 - - [03/Jun/2015:07:33:38 +0200] "GET /hirlevel/images/1112b.jpg HTTP/1.1" 200 139264 "-" "Googlebot-Image/1.0"
66.249.78.18 - - [03/Jun/2015:07:34:20 +0200] "GET /hirlevel/images/1108_c.jpg HTTP/1.1" 200 383665 "-" "Googlebot-Image/1.0"
66.249.78.18 - - [03/Jun/2015:07:35:02 +0200] "GET /hirlevel/images/1107_a.jpg HTTP/1.1" 200 54628 "-" "Googlebot-Image/1.0"
66.249.78.25 - - [03/Jun/2015:07:38:33 +0200] "GET /hirlevel/images/1208_EMH_logo_2012_szlogen.jpg HTTP/1.1" 200 59958 "-" "Googlebot-Image/1.0"
66.249.64.186 - - [03/Jun/2015:07:43:29 +0200] "GET /hirlevel/images/0711a.jpg HTTP/1.1" 200 44184 "-" "Googlebot-Image/1.0"
157.55.39.189 - - [03/Jun/2015:07:52:17 +0200] "GET /hirlevel/images/1107_c.jpg HTTP/1.1" 200 92382 "-" "msnbot-media/1.1 (+http://search.msn.com/msnbot.htm)"
157.55.39.118 - - [03/Jun/2015:07:54:37 +0200] "GET /hirlevel/godollo.jpg HTTP/1.1" 200 115555 "-" "msnbot-media/1.1 (+http://search.msn.com/msnbot.htm)"
66.249.78.18 - - [03/Jun/2015:07:59:39 +0200] "GET /hirlevel/images/1007d.jpg HTTP/1.1" 200 108627 "-" "Googlebot-Image/1.0"
213.160.172.145 - - [03/Jun/2015:08:03:19 +0200] "GET /images/vasutterkep_n.jpg HTTP/1.1" 200 4702972 "-" "Mozilla/5.0 (Windows NT 6.1; WOW64; rv:38.0) Gecko/20100101 Firefox/38.0"
66.249.78.18 - - [03/Jun/2015:08:03:52 +0200] "GET /hirlevel/images/0809d.jpg HTTP/1.1" 200 25003 "-" "Googlebot-Image/1.0"
66.249.78.25 - - [03/Jun/2015:08:04:34 +0200] "GET /hirlevel/images/0809bb.jpg HTTP/1.1" 200 58326 "-" "Googlebot-Image/1.0"
208.115.113.87 - - [03/Jun/2015:08:16:18 +0200] "GET /hirlevel/vonattal1304.html HTTP/1.1" 200 53937 "-" "Mozilla/5.0 (compatible; DotBot/1.1; http://www.opensiteexplorer.org/dotbot, help@moz.com)"
66.249.78.76 - - [03/Jun/2015:08:16:50 +0200] "GET /robots.txt HTTP/1.1" 404 1181 "-" "Mozilla/5.0 (compatible; Googlebot/2.1; +http://www.google.com/bot.html)"
66.249.78.76 - - [03/Jun/2015:08:16:50 +0200] "GET /doc/vasuttal-budapest-kornyeken.pdf HTTP/1.1" 404 1181 "-" "Mozilla/5.0 (compatible; Googlebot/2.1; +http://www.google.com/bot.html)"
157.55.39.118 - - [03/Jun/2015:08:17:40 +0200] "GET /doc/beszamolo_konferenciarol_0910.pdf HTTP/1.1" 200 72954 "-" "Mozilla/5.0 (iPhone; CPU iPhone OS 7_0 like Mac OS X) AppleWebKit/537.51.1 (KHTML, like Gecko) Version/7.0 Mobile/11A465 Safari/9537.53 (compatible; bingbot/2.0; http://www.bing.com/bingbot.htm)"
66.249.78.83 - - [03/Jun/2015:08:21:16 +0200] "GET /doc/vonatrafel_c.pdf HTTP/1.1" 304 - "-" "Mozilla/5.0 (compatible; Googlebot/2.1; +http://www.google.com/bot.html)"
193.68.35.226 - - [03/Jun/2015:08:25:19 +0200] "GET /hirlevel/vonattal1505.html HTTP/1.0" 200 31132 "-" "Mozilla/5.0 (compatible; MSIE 9.0; Windows NT 6.1; Trident/5.0)"
193.68.35.226 - - [03/Jun/2015:08:25:20 +0200] "GET /hirlevel/NCTA_tamogato_es_lebonyolito_logosor.jpg HTTP/1.0" 200 22139 "http://mkk.zpok.hu/hirlevel/vonattal1505.html" "Mozilla/5.0 (compatible; MSIE 9.0; Windows NT 6.1; Trident/5.0)"
193.68.35.226 - - [03/Jun/2015:08:25:20 +0200] "GET /hirlevel/images/gadoros.png HTTP/1.0" 200 111355 "http://mkk.zpok.hu/hirlevel/vonattal1505.html" "Mozilla/5.0 (compatible; MSIE 9.0; Windows NT 6.1; Trident/5.0)"
193.68.35.226 - - [03/Jun/2015:08:25:21 +0200] "GET /hirlevel/images/jaszboldoghaza.jpg HTTP/1.0" 200 101033 "http://mkk.zpok.hu/hirlevel/vonattal1505.html" "Mozilla/5.0 (compatible; MSIE 9.0; Windows NT 6.1; Trident/5.0)"
193.68.35.226 - - [03/Jun/2015:08:25:23 +0200] "GET /hirlevel/images/avidekkozlekedeseert.swf HTTP/1.0" 200 5063 "http://mkk.zpok.hu/hirlevel/vonattal1505.html" "Mozilla/5.0 (compatible; MSIE 9.0; Windows NT 6.1; Trident/5.0)"
95.172.74.67 - - [03/Jun/2015:08:37:16 +0200] "GET /doc/tisza-to_szoroanyag_2012.pdf HTTP/1.1" 200 890943 "http://www.google.hu/url?url=http://mkk.zpok.hu/doc/tisza-to_szoroanyag_2012.pdf&rct=j&frm=1&q=&esrc=s&sa=U&ei=jqBuVbvcI-fZ7AbtuYG4Cw&ved=0CBoQFjAB&usg=AFQjCNGxoQdH2IGtkRz8M453gvSRrCOENQ" "Mozilla/4.0 (compatible; MSIE 8.0; Windows NT 6.1; Trident/4.0; SLCC2; .NET CLR 2.0.50727; .NET CLR 3.5.30729; .NET CLR 3.0.30729; Media Center PC 6.0; .NET4.0C; .NET4.0E; InfoPath.3)"
66.249.78.69 - - [03/Jun/2015:08:57:46 +0200] "GET /images/vasutterkep_n.jpg HTTP/1.1" 304 - "-" "Googlebot-Image/1.0"
188.127.135.133 - - [03/Jun/2015:08:58:26 +0200] "GET /hirlevel/images/1206_6.jpg HTTP/1.1" 200 181989 "https://www.google.hu/" "Mozilla/5.0 (iPhone; CPU iPhone OS 7_0_3 like Mac OS X) AppleWebKit/537.51.1 (KHTML, like Gecko) Version/7.0 Mobile/11B511 Safari/9537.53"
66.249.81.165 - - [03/Jun/2015:09:02:10 +0200] "GET /images/vasutterkep_n.jpg HTTP/1.1" 200 4702972 "-" "Mozilla/5.0 (Windows NT 6.1; rv:6.0) Gecko/20110814 Firefox/6.0 Google favicon"
66.249.81.165 - - [03/Jun/2015:09:02:10 +0200] "GET /favicon.ico HTTP/1.1" 404 1181 "-" "Mozilla/5.0 (Windows NT 6.1; rv:6.0) Gecko/20110814 Firefox/6.0 Google favicon"
87.197.80.134 - - [03/Jun/2015:09:08:33 +0200] "GET /hirlevel/images/1010a.jpg HTTP/1.1" 200 52624 "https://www.google.hu/" "Mozilla/5.0 (Windows NT 6.2) AppleWebKit/537.36 (KHTML, like Gecko) Chrome/42.0.2311.152 Safari/537.36 OPR/29.0.1795.60"
193.68.41.17 - - [03/Jun/2015:09:25:17 +0200] "GET /images/vasutterkep_n.jpg HTTP/1.1" 200 4702972 "http://oterkep.blogspot.hu/2007/11/magyarorszg-vasti-trkp.html" "Mozilla/5.0 (compatible; MSIE 10.0; Windows NT 6.1; WOW64; Trident/6.0)"
193.68.41.17 - - [03/Jun/2015:09:25:18 +0200] "GET /favicon.ico HTTP/1.1" 404 1181 "-" "Mozilla/5.0 (compatible; MSIE 10.0; Windows NT 6.1; WOW64; Trident/6.0)"
188.36.39.176 - - [03/Jun/2015:09:38:05 +0200] "GET /hirlevel/images/1107_e.jpg HTTP/1.1" 200 135338 "-" "Mozilla/5.0 (Windows NT 10.0; WOW64; rv:38.0) Gecko/20100101 Firefox/38.0"
157.55.39.81 - - [03/Jun/2015:09:39:48 +0200] "GET /hirlevel/images/_1208_ludas.jpg HTTP/1.1" 200 57344 "-" "msnbot-media/1.1 (+http://search.msn.com/msnbot.htm)"
157.55.39.189 - - [03/Jun/2015:09:46:18 +0200] "GET /hirlevel/images/0912b.jpg HTTP/1.1" 200 40095 "-" "msnbot-media/1.1 (+http://search.msn.com/msnbot.htm)"
157.55.39.118 - - [03/Jun/2015:09:46:52 +0200] "GET /hirlevel/images/1107_d.jpg HTTP/1.1" 200 89472 "-" "msnbot-media/1.1 (+http://search.msn.com/msnbot.htm)"
157.55.39.118 - - [03/Jun/2015:09:46:52 +0200] "GET /hirlevel/images/1208_tokaj.jpg HTTP/1.1" 200 47474 "-" "msnbot-media/1.1 (+http://search.msn.com/msnbot.htm)"
157.55.39.81 - - [03/Jun/2015:09:48:43 +0200] "GET /hirlevel/images/0809b.jpg HTTP/1.1" 200 24375 "-" "msnbot-media/1.1 (+http://search.msn.com/msnbot.htm)"
193.170.112.200 - - [03/Jun/2015:09:49:13 +0200] "GET /doc/b2_2010.pdf HTTP/1.1" 404 1181 "http://de.wikipedia.org/wiki/Magyar_%C3%81llamvasutak" "Mozilla/5.0 (compatible; MSIE 10.0; Windows NT 6.1; WOW64; Trident/6.0)"
157.55.39.190 - - [03/Jun/2015:09:50:48 +0200] "GET /hirlevel/images/1208_pesa.png HTTP/1.1" 200 101881 "-" "msnbot-media/1.1 (+http://search.msn.com/msnbot.htm)"
157.55.39.81 - - [03/Jun/2015:09:51:03 +0200] "GET /hirlevel/images/201501_c.jpg HTTP/1.1" 200 37209 "-" "msnbot-media/1.1 (+http://search.msn.com/msnbot.htm)"
157.55.39.189 - - [03/Jun/2015:09:51:08 +0200] "GET /hirlevel/images/1206_2.jpg HTTP/1.1" 200 57344 "-" "msnbot-media/1.1 (+http://search.msn.com/msnbot.htm)"
157.55.39.118 - - [03/Jun/2015:09:58:43 +0200] "GET /hirlevel/images/1304_d.jpg HTTP/1.1" 200 757760 "-" "msnbot-media/1.1 (+http://search.msn.com/msnbot.htm)"
157.55.39.81 - - [03/Jun/2015:09:59:50 +0200] "GET /hirlevel/images/0912j.jpg HTTP/1.1" 200 34753 "-" "msnbot-media/1.1 (+http://search.msn.com/msnbot.htm)"
157.55.39.190 - - [03/Jun/2015:10:04:55 +0200] "GET /hirlevel/images/0912h.jpg HTTP/1.1" 200 33036 "-" "msnbot-media/1.1 (+http://search.msn.com/msnbot.htm)"
157.55.39.81 - - [03/Jun/2015:10:05:05 +0200] "GET /hirlevel/images/1208_gadoros.jpg HTTP/1.1" 200 57871 "-" "msnbot-media/1.1 (+http://search.msn.com/msnbot.htm)"
157.55.39.189 - - [03/Jun/2015:10:06:02 +0200] "GET /hirlevel/images/1107_e.jpg HTTP/1.1" 200 135338 "-" "msnbot-media/1.1 (+http://search.msn.com/msnbot.htm)"
157.55.39.81 - - [03/Jun/2015:10:06:22 +0200] "GET /hirlevel/images/1306_1.jpg HTTP/1.1" 200 138187 "-" "msnbot-media/1.1 (+http://search.msn.com/msnbot.htm)"
86.101.234.5 - - [03/Jun/2015:10:07:07 +0200] "GET /doc/budapest-kornyeken-vasuttal.jpg HTTP/1.1" 404 1181 "-" "Mozilla/5.0 (Windows NT 6.1; rv:38.0) Gecko/20100101 Firefox/38.0"
86.101.234.5 - - [03/Jun/2015:10:07:10 +0200] "GET / HTTP/1.1" 200 1178 "http://www.google.hu/url?sa=i&rct=j&q=&esrc=s&source=images&cd=&ved=0CAcQjRw&url=http%3A%2F%2Fwww.mkk.zpok.hu%2F&ei=pbVuVf7yBsS4ygPY34GAAw&bvm=bv.94911696,d.ZGU&psig=AFQjCNHC5f09VZi5Pbsf_ag8HN1FlA59Gg&ust=1433405225481887" "Mozilla/5.0 (Windows NT 6.1; rv:38.0) Gecko/20100101 Firefox/38.0"
86.101.234.5 - - [03/Jun/2015:10:07:11 +0200] "GET /index.swf HTTP/1.1" 200 1411674 "http://www.mkk.zpok.hu/" "Mozilla/5.0 (Windows NT 6.1; rv:38.0) Gecko/20100101 Firefox/38.0"
86.101.234.5 - - [03/Jun/2015:10:07:11 +0200] "GET /favicon.ico HTTP/1.1" 404 1181 "-" "Mozilla/5.0 (Windows NT 6.1; rv:38.0) Gecko/20100101 Firefox/38.0"
86.101.234.5 - - [03/Jun/2015:10:07:11 +0200] "GET /favicon.ico HTTP/1.1" 404 1181 "-" "Mozilla/5.0 (Windows NT 6.1; rv:38.0) Gecko/20100101 Firefox/38.0"
157.55.39.81 - - [03/Jun/2015:10:07:16 +0200] "GET /hirlevel/images/1009_b.jpg.JPG HTTP/1.1" 200 119823 "-" "msnbot-media/1.1 (+http://search.msn.com/msnbot.htm)"
86.101.234.5 - - [03/Jun/2015:10:07:33 +0200] "GET /popupsys%20elemei/main.txt HTTP/1.1" 200 342 "http://www.mkk.zpok.hu/index.swf" "Mozilla/5.0 (Windows NT 6.1; rv:38.0) Gecko/20100101 Firefox/38.0"
86.101.234.5 - - [03/Jun/2015:10:07:33 +0200] "GET /hirek.xml HTTP/1.1" 200 50012 "http://www.mkk.zpok.hu/index.swf" "Mozilla/5.0 (Windows NT 6.1; rv:38.0) Gecko/20100101 Firefox/38.0"
86.101.234.5 - - [03/Jun/2015:10:07:36 +0200] "GET /doc/vasuttal-budapest-kornyeken.pdf HTTP/1.1" 404 1181 "http://www.mkk.zpok.hu/" "Mozilla/5.0 (Windows NT 6.1; rv:38.0) Gecko/20100101 Firefox/38.0"
86.101.234.5 - - [03/Jun/2015:10:07:48 +0200] "GET /images/vasutterkep_n.jpg HTTP/1.1" 200 4702972 "-" "Mozilla/5.0 (Windows NT 6.1; rv:38.0) Gecko/20100101 Firefox/38.0"
157.55.39.189 - - [03/Jun/2015:10:09:42 +0200] "GET /hirlevel/DSC_3371.JPG HTTP/1.1" 200 48654 "-" "msnbot-media/1.1 (+http://search.msn.com/msnbot.htm)"
157.55.39.118 - - [03/Jun/2015:10:11:26 +0200] "GET /hirlevel/images/201411_c.png HTTP/1.1" 200 959167 "-" "msnbot-media/1.1 (+http://search.msn.com/msnbot.htm)"
157.55.39.81 - - [03/Jun/2015:10:12:21 +0200] "GET /hirlevel/nagymajor_1309_k.png HTTP/1.1" 200 164425 "-" "msnbot-media/1.1 (+http://search.msn.com/msnbot.htm)"
157.55.39.81 - - [03/Jun/2015:10:12:26 +0200] "GET /hirlevel/nagymajor_1309.png HTTP/1.1" 200 1572864 "-" "msnbot-media/1.1 (+http://search.msn.com/msnbot.htm)"
157.55.39.171 - - [03/Jun/2015:10:12:47 +0200] "GET /robots.txt HTTP/1.1" 404 1181 "-" "Mozilla/5.0 (compatible; bingbot/2.0; +http://www.bing.com/bingbot.htm)"
157.55.39.118 - - [03/Jun/2015:10:13:35 +0200] "GET /robots.txt HTTP/1.1" 404 1181 "-" "Mozilla/5.0 (compatible; bingbot/2.0; +http://www.bing.com/bingbot.htm)"
157.55.39.118 - - [03/Jun/2015:10:13:40 +0200] "GET /hirlevel/images/1402_1.png HTTP/1.1" 200 401408 "-" "msnbot-media/1.1 (+http://search.msn.com/msnbot.htm)"
157.55.39.118 - - [03/Jun/2015:10:15:08 +0200] "GET /hirlevel/images/1208_katyuk.jpg HTTP/1.1" 200 46554 "-" "msnbot-media/1.1 (+http://search.msn.com/msnbot.htm)"
157.55.39.118 - - [03/Jun/2015:10:15:40 +0200] "GET /hirlevel/images/1206_3.jpg HTTP/1.1" 200 28765 "-" "msnbot-media/1.1 (+http://search.msn.com/msnbot.htm)"
178.164.153.254 - - [03/Jun/2015:10:15:40 +0200] "GET /doc/vecses_mobhet_1009.pdf HTTP/1.1" 200 88962 "http://www.google.hu/url?sa=t&rct=j&q=&esrc=s&source=web&cd=5&cad=rja&uact=8&ved=0CDcQFjAE&url=http%3A%2F%2Fmkk.zpok.hu%2Fdoc%2Fvecses_mobhet_1009.pdf&ei=LbRuVf2mC8G4UfbegNAJ&usg=AFQjCNHoN9UCwb-pFPzJZfpRY6PHODnFyg&sig2=n5SDtVAewRrEEPXyAoAxAw&bvm=bv.94911696,d.d24" "Mozilla/5.0 (Windows NT 6.1; WOW64; rv:38.0) Gecko/20100101 Firefox/38.0"
178.164.153.254 - - [03/Jun/2015:10:15:41 +0200] "GET /favicon.ico HTTP/1.1" 404 1181 "-" "Mozilla/5.0 (Windows NT 6.1; WOW64; rv:38.0) Gecko/20100101 Firefox/38.0"
178.164.153.254 - - [03/Jun/2015:10:15:41 +0200] "GET /favicon.ico HTTP/1.1" 404 1181 "-" "Mozilla/5.0 (Windows NT 6.1; WOW64; rv:38.0) Gecko/20100101 Firefox/38.0"
178.164.153.254 - - [03/Jun/2015:10:15:41 +0200] "GET /favicon.ico HTTP/1.1" 404 1181 "-" "Mozilla/5.0 (Windows NT 6.1; WOW64; rv:38.0) Gecko/20100101 Firefox/38.0"
157.55.39.118 - - [03/Jun/2015:10:16:00 +0200] "GET /hirlevel/images/kishidas_1012.jpg HTTP/1.1" 200 100983 "-" "msnbot-media/1.1 (+http://search.msn.com/msnbot.htm)"
157.55.39.189 - - [03/Jun/2015:10:16:25 +0200] "GET /hirlevel/images/1105_e.jpg HTTP/1.1" 200 39968 "-" "msnbot-media/1.1 (+http://search.msn.com/msnbot.htm)"
157.55.39.81 - - [03/Jun/2015:10:16:41 +0200] "GET /hirlevel/images/0809d.jpg HTTP/1.1" 200 25003 "-" "msnbot-media/1.1 (+http://search.msn.com/msnbot.htm)"
157.55.39.118 - - [03/Jun/2015:10:17:50 +0200] "GET /hirlevel/images/1209_b.jpg HTTP/1.1" 200 81017 "-" "msnbot-media/1.1 (+http://search.msn.com/msnbot.htm)"
157.55.39.81 - - [03/Jun/2015:10:18:26 +0200] "GET /hirlevel/images/1208_kapostuskevar.jpg HTTP/1.1" 200 53080 "-" "msnbot-media/1.1 (+http://search.msn.com/msnbot.htm)"
157.55.39.190 - - [03/Jun/2015:10:18:41 +0200] "GET /hirlevel/images/zajta_201012_k.jpg HTTP/1.1" 200 59016 "-" "msnbot-media/1.1 (+http://search.msn.com/msnbot.htm)"
157.55.39.190 - - [03/Jun/2015:10:18:42 +0200] "GET /robots.txt HTTP/1.1" 404 1181 "-" "Mozilla/5.0 (compatible; bingbot/2.0; +http://www.bing.com/bingbot.htm)"
157.55.39.118 - - [03/Jun/2015:10:18:45 +0200] "GET /hirlevel/images/0912e.jpg HTTP/1.1" 200 39100 "-" "msnbot-media/1.1 (+http://search.msn.com/msnbot.htm)"
157.55.39.81 - - [03/Jun/2015:10:19:36 +0200] "GET /hirlevel/fotovonat.jpg HTTP/1.1" 200 107043 "-" "msnbot-media/1.1 (+http://search.msn.com/msnbot.htm)"
157.55.39.190 - - [03/Jun/2015:10:22:49 +0200] "GET /hirlevel/images/201411_d.png HTTP/1.1" 200 800802 "-" "msnbot-media/1.1 (+http://search.msn.com/msnbot.htm)"
212.24.174.30 - - [03/Jun/2015:10:23:53 +0200] "GET /doc/vasuttal-budapest-kornyeken.pdf HTTP/1.1" 404 1181 "http://www.google.hu/url?sa=t&rct=j&q=&esrc=s&source=web&cd=5&ved=0CDkQFjAE&url=http%3A%2F%2Fwww.mkk.zpok.hu%2Fdoc%2Fvasuttal-budapest-kornyeken.pdf&ei=jbluVZmKE8WasgGc8oHQBQ&usg=AFQjCNGA_IywASBnFtoPx6DlmRUfxjoaHA&bvm=bv.94911696,d.bGg" "Mozilla/5.0 (Windows NT 5.1; rv:38.0) Gecko/20100101 Firefox/38.0"
212.24.174.30 - - [03/Jun/2015:10:23:53 +0200] "GET /favicon.ico HTTP/1.1" 404 1181 "-" "Mozilla/5.0 (Windows NT 5.1; rv:38.0) Gecko/20100101 Firefox/38.0"
212.24.174.30 - - [03/Jun/2015:10:23:53 +0200] "GET /favicon.ico HTTP/1.1" 404 1181 "-" "Mozilla/5.0 (Windows NT 5.1; rv:38.0) Gecko/20100101 Firefox/38.0"
157.55.39.189 - - [03/Jun/2015:10:24:58 +0200] "GET /hirlevel/images/1208_lentiszombathely.jpg HTTP/1.1" 200 53507 "-" "msnbot-media/1.1 (+http://search.msn.com/msnbot.htm)"
195.111.130.65 - - [03/Jun/2015:10:28:20 +0200] "GET /hirlevel/images/0911b.jpg HTTP/1.1" 200 43236 "-" "Mozilla/5.0 (X11; Ubuntu; Linux x86_64; rv:38.0) Gecko/20100101 Firefox/38.0"
157.55.39.189 - - [03/Jun/2015:10:31:16 +0200] "GET /hirlevel/images/201411_b.png HTTP/1.1" 200 77824 "-" "msnbot-media/1.1 (+http://search.msn.com/msnbot.htm)"
157.55.39.81 - - [03/Jun/2015:10:31:50 +0200] "GET /hirlevel/images/1107_a.jpg HTTP/1.1" 200 54628 "-" "msnbot-media/1.1 (+http://search.msn.com/msnbot.htm)"
185.10.125.27 - - [03/Jun/2015:10:33:02 +0200] "GET /doc/vasuttal-budapest-kornyeken.pdf HTTP/1.1" 404 1181 "https://www.google.hu/" "Mozilla/5.0 (iPhone; CPU iPhone OS 8_3 like Mac OS X) AppleWebKit/600.1.4 (KHTML, like Gecko) GSA/5.5.50480 Mobile/12F70 Safari/600.1.4"
157.55.39.81 - - [03/Jun/2015:10:33:54 +0200] "GET /robots.txt HTTP/1.1" 404 1181 "-" "Mozilla/5.0 (compatible; bingbot/2.0; +http://www.bing.com/bingbot.htm)"
157.55.39.81 - - [03/Jun/2015:10:34:02 +0200] "GET /hirlevel/images/1206_6.jpg HTTP/1.1" 200 181989 "-" "msnbot-media/1.1 (+http://search.msn.com/msnbot.htm)"
157.55.39.81 - - [03/Jun/2015:10:43:51 +0200] "GET /hirlevel/vonattal1504.html HTTP/1.1" 200 22576 "-" "msnbot-media/1.1 (+http://search.msn.com/msnbot.htm)"
66.249.78.25 - - [03/Jun/2015:10:54:20 +0200] "GET /doc/meghivokgy120524.pdf HTTP/1.1" 200 67485 "-" "Googlebot/2.1 (+http://www.google.com/bot.html)"
78.131.57.205 - - [03/Jun/2015:10:55:29 +0200] "GET /doc/tisza-to_szoroanyag_2012.pdf HTTP/1.1" 200 720896 "http://www.google.hu/url?sa=t&rct=j&q=&esrc=s&source=web&cd=4&ved=0CDEQFjAD&url=http%3A%2F%2Fmkk.zpok.hu%2Fdoc%2Ftisza-to_szoroanyag_2012.pdf&ei=s8BuVYLkFsWiygOi14IY&usg=AFQjCNESnamwfPnBA0n7BtVNOVGR6mX5eA&sig2=j9yLM1EMNxDV_wZGCsCCbQ" "Mozilla/5.0 (Windows NT 6.1; WOW64; Trident/7.0; rv:11.0) like Gecko"
78.131.57.205 - - [03/Jun/2015:10:55:29 +0200] "GET /doc/tisza-to_szoroanyag_2012.pdf HTTP/1.1" 206 575 "-" "Mozilla/5.0 (Windows NT 6.1; WOW64; Trident/7.0; rv:11.0) like Gecko"
78.131.57.205 - - [03/Jun/2015:10:55:30 +0200] "GET /doc/tisza-to_szoroanyag_2012.pdf HTTP/1.1" 206 4608 "-" "Mozilla/5.0 (Windows NT 6.1; WOW64; Trident/7.0; rv:11.0) like Gecko"
78.131.57.205 - - [03/Jun/2015:10:55:30 +0200] "GET /doc/tisza-to_szoroanyag_2012.pdf HTTP/1.1" 206 9728 "-" "Mozilla/5.0 (Windows NT 6.1; WOW64; Trident/7.0; rv:11.0) like Gecko"
78.131.57.205 - - [03/Jun/2015:10:55:30 +0200] "GET /doc/tisza-to_szoroanyag_2012.pdf HTTP/1.1" 206 20970 "-" "Mozilla/5.0 (Windows NT 6.1; WOW64; Trident/7.0; rv:11.0) like Gecko"
78.131.57.205 - - [03/Jun/2015:10:55:30 +0200] "GET /doc/tisza-to_szoroanyag_2012.pdf HTTP/1.1" 206 9110 "-" "Mozilla/5.0 (Windows NT 6.1; WOW64; Trident/7.0; rv:11.0) like Gecko"
78.131.57.205 - - [03/Jun/2015:10:55:30 +0200] "GET /doc/tisza-to_szoroanyag_2012.pdf HTTP/1.1" 206 14564 "-" "Mozilla/5.0 (Windows NT 6.1; WOW64; Trident/7.0; rv:11.0) like Gecko"
78.131.57.205 - - [03/Jun/2015:10:55:30 +0200] "GET /doc/tisza-to_szoroanyag_2012.pdf HTTP/1.1" 206 12140 "-" "Mozilla/5.0 (Windows NT 6.1; WOW64; Trident/7.0; rv:11.0) like Gecko"
78.131.57.205 - - [03/Jun/2015:10:55:30 +0200] "GET /doc/tisza-to_szoroanyag_2012.pdf HTTP/1.1" 206 4868 "-" "Mozilla/5.0 (Windows NT 6.1; WOW64; Trident/7.0; rv:11.0) like Gecko"
78.131.57.205 - - [03/Jun/2015:10:55:30 +0200] "GET /doc/tisza-to_szoroanyag_2012.pdf HTTP/1.1" 206 16384 "-" "Mozilla/5.0 (Windows NT 6.1; WOW64; Trident/7.0; rv:11.0) like Gecko"
78.131.57.205 - - [03/Jun/2015:10:55:30 +0200] "GET /doc/tisza-to_szoroanyag_2012.pdf HTTP/1.1" 206 2560 "-" "Mozilla/5.0 (Windows NT 6.1; WOW64; Trident/7.0; rv:11.0) like Gecko"
78.131.57.205 - - [03/Jun/2015:10:55:30 +0200] "GET /doc/tisza-to_szoroanyag_2012.pdf HTTP/1.1" 206 16384 "-" "Mozilla/5.0 (Windows NT 6.1; WOW64; Trident/7.0; rv:11.0) like Gecko"
78.131.57.205 - - [03/Jun/2015:10:55:30 +0200] "GET /doc/tisza-to_szoroanyag_2012.pdf HTTP/1.1" 206 16384 "-" "Mozilla/5.0 (Windows NT 6.1; WOW64; Trident/7.0; rv:11.0) like Gecko"
78.131.57.205 - - [03/Jun/2015:10:55:30 +0200] "GET /doc/tisza-to_szoroanyag_2012.pdf HTTP/1.1" 206 16384 "-" "Mozilla/5.0 (Windows NT 6.1; WOW64; Trident/7.0; rv:11.0) like Gecko"
78.131.57.205 - - [03/Jun/2015:10:55:31 +0200] "GET /doc/tisza-to_szoroanyag_2012.pdf HTTP/1.1" 206 16384 "-" "Mozilla/5.0 (Windows NT 6.1; WOW64; Trident/7.0; rv:11.0) like Gecko"
78.131.57.205 - - [03/Jun/2015:10:55:31 +0200] "GET /doc/tisza-to_szoroanyag_2012.pdf HTTP/1.1" 206 16384 "-" "Mozilla/5.0 (Windows NT 6.1; WOW64; Trident/7.0; rv:11.0) like Gecko"
78.131.57.205 - - [03/Jun/2015:10:55:31 +0200] "GET /doc/tisza-to_szoroanyag_2012.pdf HTTP/1.1" 206 16384 "-" "Mozilla/5.0 (Windows NT 6.1; WOW64; Trident/7.0; rv:11.0) like Gecko"
78.131.57.205 - - [03/Jun/2015:10:55:31 +0200] "GET /doc/tisza-to_szoroanyag_2012.pdf HTTP/1.1" 206 16384 "-" "Mozilla/5.0 (Windows NT 6.1; WOW64; Trident/7.0; rv:11.0) like Gecko"
78.131.57.205 - - [03/Jun/2015:10:55:31 +0200] "GET /doc/tisza-to_szoroanyag_2012.pdf HTTP/1.1" 206 16384 "-" "Mozilla/5.0 (Windows NT 6.1; WOW64; Trident/7.0; rv:11.0) like Gecko"
78.131.57.205 - - [03/Jun/2015:10:55:31 +0200] "GET /doc/tisza-to_szoroanyag_2012.pdf HTTP/1.1" 206 16384 "-" "Mozilla/5.0 (Windows NT 6.1; WOW64; Trident/7.0; rv:11.0) like Gecko"
78.131.57.205 - - [03/Jun/2015:10:55:31 +0200] "GET /doc/tisza-to_szoroanyag_2012.pdf HTTP/1.1" 206 16384 "-" "Mozilla/5.0 (Windows NT 6.1; WOW64; Trident/7.0; rv:11.0) like Gecko"
78.131.57.205 - - [03/Jun/2015:10:55:31 +0200] "GET /doc/tisza-to_szoroanyag_2012.pdf HTTP/1.1" 206 16384 "-" "Mozilla/5.0 (Windows NT 6.1; WOW64; Trident/7.0; rv:11.0) like Gecko"
78.131.57.205 - - [03/Jun/2015:10:55:31 +0200] "GET /doc/tisza-to_szoroanyag_2012.pdf HTTP/1.1" 206 16384 "-" "Mozilla/5.0 (Windows NT 6.1; WOW64; Trident/7.0; rv:11.0) like Gecko"
78.131.57.205 - - [03/Jun/2015:10:55:31 +0200] "GET /doc/tisza-to_szoroanyag_2012.pdf HTTP/1.1" 206 16384 "-" "Mozilla/5.0 (Windows NT 6.1; WOW64; Trident/7.0; rv:11.0) like Gecko"
78.131.57.205 - - [03/Jun/2015:10:55:31 +0200] "GET /doc/tisza-to_szoroanyag_2012.pdf HTTP/1.1" 206 2048 "-" "Mozilla/5.0 (Windows NT 6.1; WOW64; Trident/7.0; rv:11.0) like Gecko"
15.227.185.75 - - [03/Jun/2015:10:56:30 +0200] "GET /doc/vasuttal-budapest-kornyeken.pdf HTTP/1.1" 404 1181 "https://www.google.hu/" "Mozilla/5.0 (Windows NT 6.1; WOW64) AppleWebKit/537.36 (KHTML, like Gecko) Chrome/43.0.2357.81 Safari/537.36"
15.227.185.75 - - [03/Jun/2015:10:56:30 +0200] "GET /favicon.ico HTTP/1.1" 404 1181 "http://www.mkk.zpok.hu/doc/vasuttal-budapest-kornyeken.pdf" "Mozilla/5.0 (Windows NT 6.1; WOW64) AppleWebKit/537.36 (KHTML, like Gecko) Chrome/43.0.2357.81 Safari/537.36"
157.55.39.118 - - [03/Jun/2015:11:04:52 +0200] "GET /hirlevel/images/0912i.jpg HTTP/1.1" 200 43435 "-" "msnbot-media/1.1 (+http://search.msn.com/msnbot.htm)"
157.55.39.81 - - [03/Jun/2015:11:04:56 +0200] "GET /hirlevel/images/1209_a.jpg HTTP/1.1" 200 70610 "-" "msnbot-media/1.1 (+http://search.msn.com/msnbot.htm)"
74.208.16.123 - - [03/Jun/2015:11:07:08 +0200] "GET /wp-admin/ HTTP/1.1" 404 1181 "-" "-"
157.55.39.187 - - [03/Jun/2015:11:07:16 +0200] "GET /robots.txt HTTP/1.1" 404 1181 "-" "Mozilla/5.0 (compatible; bingbot/2.0; +http://www.bing.com/bingbot.htm)"
157.55.39.118 - - [03/Jun/2015:11:10:01 +0200] "GET /hirlevel/vonattal1304.html HTTP/1.1" 200 53937 "-" "Mozilla/5.0 (iPhone; CPU iPhone OS 7_0 like Mac OS X) AppleWebKit/537.51.1 (KHTML, like Gecko) Version/7.0 Mobile/11A465 Safari/9537.53 (compatible; bingbot/2.0; http://www.bing.com/bingbot.htm)"
213.163.37.38 - - [03/Jun/2015:11:11:30 +0200] "GET /favicon.ico HTTP/1.1" 404 1181 "-" "Mozilla/5.0 (Windows NT 6.1; WOW64; rv:38.0) Gecko/20100101 Firefox/38.0"
213.163.37.38 - - [03/Jun/2015:11:11:30 +0200] "GET /favicon.ico HTTP/1.1" 404 1181 "-" "Mozilla/5.0 (Windows NT 6.1; WOW64; rv:38.0) Gecko/20100101 Firefox/38.0"
91.203.41.15 - - [03/Jun/2015:11:16:13 +0200] "GET /test/wp-admin/ HTTP/1.1" 404 1181 "-" "-"
5.39.85.41 - - [03/Jun/2015:11:25:02 +0200] "GET /wordpress/wp-admin/ HTTP/1.1" 404 1181 "-" "-"
50.28.92.59 - - [03/Jun/2015:11:33:53 +0200] "GET /blog/wp-admin/ HTTP/1.1" 404 1181 "-" "-"
89.133.175.252 - - [03/Jun/2015:11:40:04 +0200] "GET /images/vasutterkep_n.jpg HTTP/1.1" 200 4702972 "-" "Mozilla/5.0 (Windows NT 6.1; WOW64; rv:38.0) Gecko/20100101 Firefox/38.0"
157.55.39.171 - - [03/Jun/2015:11:42:33 +0200] "GET /robots.txt HTTP/1.1" 404 1181 "-" "Mozilla/5.0 (compatible; bingbot/2.0; +http://www.bing.com/bingbot.htm)"
31.31.196.39 - - [03/Jun/2015:11:42:38 +0200] "GET /wp/wp-admin/ HTTP/1.1" 404 1181 "-" "-"
69.194.230.123 - - [03/Jun/2015:11:51:27 +0200] "GET /old/wp-admin/ HTTP/1.1" 404 1181 "-" "-"
89.135.176.41 - - [03/Jun/2015:12:10:12 +0200] "GET /images/vasutterkep_n.jpg HTTP/1.1" 200 4702972 "http://www.google.hu/blank.html" "Mozilla/5.0 (Windows NT 5.1) AppleWebKit/537.36 (KHTML, like Gecko) Chrome/39.0.2171.95 Safari/537.36"
89.135.176.41 - - [03/Jun/2015:12:10:12 +0200] "GET /favicon.ico HTTP/1.1" 404 1181 "-" "Mozilla/5.0 (Windows NT 5.1) AppleWebKit/537.36 (KHTML, like Gecko) Chrome/39.0.2171.95 Safari/537.36"
65.55.210.30 - - [03/Jun/2015:12:11:12 +0200] "GET /hirlevel/images/vonattal.swf HTTP/1.1" 200 697 "http://mkk.zpok.hu/hirlevel/images/vonattal.swf" "Mozilla/5.0 (iPhone; CPU iPhone OS 7_0 like Mac OS X) AppleWebKit/537.51.1 (KHTML, like Gecko) Version/7.0 Mobile/11A465 Safari/9537.53 BingPreview/1.0b"
98.139.190.58 - - [03/Jun/2015:12:15:28 +0200] "GET /images/vasutterkep_n.jpg HTTP/1.1" 200 4702972 "-" "YahooCacheSystem; YahooWebServiceClient"
157.55.39.81 - - [03/Jun/2015:12:16:24 +0200] "GET /hirlevel/vonattal1409.html HTTP/1.1" 200 32865 "-" "Mozilla/5.0 (compatible; bingbot/2.0; +http://www.bing.com/bingbot.htm)"
68.180.228.240 - - [03/Jun/2015:12:16:55 +0200] "GET /robots.txt HTTP/1.1" 404 1181 "-" "Mozilla/5.0 (compatible; Yahoo! Slurp; http://help.yahoo.com/help/us/ysearch/slurp)"
68.180.228.240 - - [03/Jun/2015:12:16:56 +0200] "GET /hirlevel/vonattal1505.html HTTP/1.1" 200 31132 "-" "Mozilla/5.0 (compatible; Yahoo! Slurp; http://help.yahoo.com/help/us/ysearch/slurp)"
84.0.84.139 - - [03/Jun/2015:12:18:39 +0200] "GET /images/vasutterkep_n.jpg HTTP/1.1" 200 4702972 "http://oterkep.blogspot.hu/2007/11/magyarorszg-vasti-trkp.html" "Mozilla/5.0 (Windows NT 6.1; WOW64; rv:38.0) Gecko/20100101 Firefox/38.0"
84.0.84.139 - - [03/Jun/2015:12:18:39 +0200] "GET /favicon.ico HTTP/1.1" 404 1181 "-" "Mozilla/5.0 (Windows NT 6.1; WOW64; rv:38.0) Gecko/20100101 Firefox/38.0"
84.0.84.139 - - [03/Jun/2015:12:18:39 +0200] "GET /favicon.ico HTTP/1.1" 404 1181 "-" "Mozilla/5.0 (Windows NT 6.1; WOW64; rv:38.0) Gecko/20100101 Firefox/38.0"
193.171.131.225 - - [03/Jun/2015:12:18:56 +0200] "GET /images/vasutterkep_n.jpg HTTP/1.1" 200 4178684 "http://www.google.at/blank.html" "Mozilla/5.0 (Windows NT 6.1; WOW64; rv:18.0) Gecko/20100101 Firefox/18.0"
66.249.64.176 - - [03/Jun/2015:12:19:05 +0200] "GET /hirlevel/vonattal1306.html HTTP/1.1" 200 50271 "-" "DoCoMo/2.0 N905i(c100;TB;W24H16) (compatible; Googlebot-Mobile/2.1; +http://www.google.com/bot.html)"
37.76.92.214 - - [03/Jun/2015:12:21:31 +0200] "GET /doc/vasuttal-budapest-kornyeken.pdf HTTP/1.1" 404 1181 "https://www.google.hu/" "Mozilla/5.0 (Windows NT 6.2; WOW64) AppleWebKit/537.36 (KHTML, like Gecko) Chrome/43.0.2357.81 Safari/537.36"
37.76.92.214 - - [03/Jun/2015:12:21:31 +0200] "GET /favicon.ico HTTP/1.1" 404 1181 "http://www.mkk.zpok.hu/doc/vasuttal-budapest-kornyeken.pdf" "Mozilla/5.0 (Windows NT 6.2; WOW64) AppleWebKit/537.36 (KHTML, like Gecko) Chrome/43.0.2357.81 Safari/537.36"
84.107.176.30 - - [03/Jun/2015:12:24:36 +0200] "GET /images/vasutterkep_n.jpg HTTP/1.1" 200 4702972 "https://www.google.nl/" "Mozilla/5.0 (Windows NT 6.2; WOW64) AppleWebKit/537.36 (KHTML, like Gecko) Chrome/43.0.2357.81 Safari/537.36"
180.76.15.28 - - [03/Jun/2015:12:35:40 +0200] "GET /doc/varos-videk_2009.pdf HTTP/1.1" 200 589824 "-" "Mozilla/5.0 (compatible; Baiduspider/2.0; +http://www.baidu.com/search/spider.html)"
109.74.53.8 - - [03/Jun/2015:12:48:54 +0200] "GET /images/vasutterkep_n.jpg HTTP/1.1" 200 4702972 "https://www.google.hu/" "Mozilla/5.0 (Windows NT 6.1; WOW64) AppleWebKit/537.36 (KHTML, like Gecko) Chrome/43.0.2357.81 Safari/537.36"
94.27.206.65 - - [03/Jun/2015:12:49:01 +0200] "GET /images/vasutterkep_n.jpg HTTP/1.1" 200 4496737 "http://www.google.hu/blank.html" "Mozilla/5.0 (Windows NT 6.1; WOW64) AppleWebKit/537.36 (KHTML, like Gecko) Chrome/43.0.2357.81 Safari/537.36"
94.27.206.65 - - [03/Jun/2015:12:49:01 +0200] "GET /images/vasutterkep_n.jpg HTTP/1.1" 206 1 "http://www.google.hu/imgres?imgurl=http://www.mkk.zpok.hu/images/vasutterkep_n.jpg&imgrefurl=http://www.terkepkalauz.hu/index.php?option%3Dcom_content%26task%3Dview%26id%3D396&h=2626&w=3691&tbnid=4fwFdAcnNRDXvM:&zoom=1&docid=9RTHqSJfICAxwM&ei=V9tuVY_gC4j8ywO0u4P4AQ&tbm=isch&ved=0CCIQMygEMAQ" "Mozilla/5.0 (Windows NT 6.1; WOW64) AppleWebKit/537.36 (KHTML, like Gecko) Chrome/43.0.2357.81 Safari/537.36"
94.27.206.65 - - [03/Jun/2015:12:49:02 +0200] "GET /images/vasutterkep_n.jpg HTTP/1.1" 206 348795 "http://www.google.hu/imgres?imgurl=http://www.mkk.zpok.hu/images/vasutterkep_n.jpg&imgrefurl=http://www.terkepkalauz.hu/index.php?option%3Dcom_content%26task%3Dview%26id%3D396&h=2626&w=3691&tbnid=4fwFdAcnNRDXvM:&zoom=1&docid=9RTHqSJfICAxwM&ei=V9tuVY_gC4j8ywO0u4P4AQ&tbm=isch&ved=0CCIQMygEMAQ" "Mozilla/5.0 (Windows NT 6.1; WOW64) AppleWebKit/537.36 (KHTML, like Gecko) Chrome/43.0.2357.81 Safari/537.36"
94.27.206.65 - - [03/Jun/2015:12:49:03 +0200] "GET /favicon.ico HTTP/1.1" 404 1181 "http://www.mkk.zpok.hu/images/vasutterkep_n.jpg" "Mozilla/5.0 (Windows NT 6.1; WOW64) AppleWebKit/537.36 (KHTML, like Gecko) Chrome/43.0.2357.81 Safari/537.36"
91.82.199.181 - - [03/Jun/2015:12:50:14 +0200] "GET /doc/vasuttal-budapest-kornyeken.pdf HTTP/1.1" 404 1181 "http://www.google.hu/url?sa=t&rct=j&q=&esrc=s&source=web&cd=1&ved=0CCMQFjAA&url=http%3A%2F%2Fwww.mkk.zpok.hu%2Fdoc%2Fvasuttal-budapest-kornyeken.pdf&ei=4dtuVYyVDcTMygOX2oHYDw&usg=AFQjCNGA_IywASBnFtoPx6DlmRUfxjoaHA&bvm=bv.94911696,d.bGQ" "Mozilla/5.0 (Windows NT 6.1; rv:38.0) Gecko/20100101 Firefox/38.0"
91.82.199.181 - - [03/Jun/2015:12:50:14 +0200] "GET /favicon.ico HTTP/1.1" 404 1181 "-" "Mozilla/5.0 (Windows NT 6.1; rv:38.0) Gecko/20100101 Firefox/38.0"
91.82.199.181 - - [03/Jun/2015:12:50:14 +0200] "GET /favicon.ico HTTP/1.1" 404 1181 "-" "Mozilla/5.0 (Windows NT 6.1; rv:38.0) Gecko/20100101 Firefox/38.0"
68.180.228.240 - - [03/Jun/2015:12:54:25 +0200] "GET /doc/plakat_zirc_120620.pdf HTTP/1.1" 304 - "-" "Mozilla/5.0 (compatible; Yahoo! Slurp; http://help.yahoo.com/help/us/ysearch/slurp)"
66.249.78.11 - - [03/Jun/2015:12:56:28 +0200] "GET /hirlevel/images/1003a.jpg HTTP/1.1" 200 36864 "-" "Googlebot-Image/1.0"
66.249.78.11 - - [03/Jun/2015:12:58:58 +0200] "GET /hirlevel/images/1003b.jpg HTTP/1.1" 200 34625 "-" "Googlebot-Image/1.0"
195.228.147.19 - - [03/Jun/2015:13:00:25 +0200] "GET /images/vasutterkep_n.jpg HTTP/1.1" 200 4702972 "http://www.bing.com/images/search?q=t%c3%a9rk%c3%a9p+magyarorsz%c3%a1g&view=detailv2&&&id=66F4092595474DE9903C16557A5D520C6E1AEE03&selectedIndex=8&ccid=34KHqx%2f9&simid=608049477141987471&thid=JN.cpyn3S3auUqjzGuDZiFVaA&mode=overlay" "Mozilla/5.0 (Windows NT 6.1; WOW64; Trident/7.0; rv:11.0) like Gecko"
66.249.78.18 - - [03/Jun/2015:13:03:58 +0200] "GET /hirlevel/images/0812e.jpg HTTP/1.1" 200 43006 "-" "Googlebot-Image/1.0"
89.133.175.252 - - [03/Jun/2015:13:23:16 +0200] "GET /images/vasutterkep_n.jpg HTTP/1.1" 200 4702972 "-" "Mozilla/5.0 (Windows NT 6.1; WOW64; rv:38.0) Gecko/20100101 Firefox/38.0"
77.110.130.217 - - [03/Jun/2015:13:29:08 +0200] "GET /images/vasutterkep_n.jpg HTTP/1.1" 200 990957 "-" "Mozilla/5.0 (Windows NT 5.1; rv:38.0) Gecko/20100101 Firefox/38.0"
94.44.255.148 - - [03/Jun/2015:13:37:37 +0200] "GET /images/vasutterkep_n.jpg HTTP/1.1" 200 4702972 "http://hu.wikipedia.org/wiki/Magyarorsz%C3%A1g_vas%C3%BAti_k%C3%B6zleked%C3%A9se" "Mozilla/5.0 (Windows NT 6.0; WOW64; rv:38.0) Gecko/20100101 Firefox/38.0"
94.44.255.148 - - [03/Jun/2015:13:37:39 +0200] "GET /favicon.ico HTTP/1.1" 404 1181 "-" "Mozilla/5.0 (Windows NT 6.0; WOW64; rv:38.0) Gecko/20100101 Firefox/38.0"
94.44.255.148 - - [03/Jun/2015:13:37:39 +0200] "GET /favicon.ico HTTP/1.1" 404 1181 "-" "Mozilla/5.0 (Windows NT 6.0; WOW64; rv:38.0) Gecko/20100101 Firefox/38.0"
94.44.255.148 - - [03/Jun/2015:13:38:04 +0200] "GET / HTTP/1.1" 200 1178 "-" "Mozilla/5.0 (Windows NT 6.0; WOW64; rv:38.0) Gecko/20100101 Firefox/38.0"
94.44.255.148 - - [03/Jun/2015:13:38:09 +0200] "GET /index.swf HTTP/1.1" 200 1411674 "http://www.mkk.zpok.hu/" "Mozilla/5.0 (Windows NT 6.0; WOW64; rv:38.0) Gecko/20100101 Firefox/38.0"
94.44.255.148 - - [03/Jun/2015:13:38:19 +0200] "GET /popupsys%20elemei/main.txt HTTP/1.1" 200 342 "http://www.mkk.zpok.hu/index.swf" "Mozilla/5.0 (Windows NT 6.0; WOW64; rv:38.0) Gecko/20100101 Firefox/38.0"
94.44.255.148 - - [03/Jun/2015:13:38:20 +0200] "GET /hirek.xml HTTP/1.1" 200 50012 "http://www.mkk.zpok.hu/index.swf" "Mozilla/5.0 (Windows NT 6.0; WOW64; rv:38.0) Gecko/20100101 Firefox/38.0"
123.125.71.99 - - [03/Jun/2015:13:45:48 +0200] "GET /doc/kozh04.pdf HTTP/1.1" 200 136111 "-" "Mozilla/5.0 (compatible; Baiduspider/2.0; +http://www.baidu.com/search/spider.html)"
68.180.228.240 - - [03/Jun/2015:13:46:25 +0200] "GET /hirlevel/Volnerlevel_120227.pdf HTTP/1.1" 200 243228 "-" "Mozilla/5.0 (compatible; Yahoo! Slurp; http://help.yahoo.com/help/us/ysearch/slurp)"
66.249.78.25 - - [03/Jun/2015:13:46:32 +0200] "GET /hirlevel/images/1108_b.jpg HTTP/1.1" 200 101243 "-" "Googlebot-Image/1.0"
157.55.39.171 - - [03/Jun/2015:13:49:55 +0200] "GET /robots.txt HTTP/1.1" 404 1181 "-" "Mozilla/5.0 (compatible; bingbot/2.0; +http://www.bing.com/bingbot.htm)"
157.55.39.187 - - [03/Jun/2015:13:51:27 +0200] "GET /doc/vonattal_tisza-tohoz_2010.pdf HTTP/1.1" 200 558271 "-" "Mozilla/5.0 (compatible; bingbot/2.0; +http://www.bing.com/bingbot.htm)"
66.249.78.25 - - [03/Jun/2015:13:51:30 +0200] "GET /hirlevel/images/1209_f.jpg HTTP/1.1" 200 290344 "-" "Googlebot-Image/1.0"
66.249.78.11 - - [03/Jun/2015:13:54:02 +0200] "GET /hirlevel/images/1107_e.jpg HTTP/1.1" 200 135338 "-" "Googlebot-Image/1.0"
66.249.78.25 - - [03/Jun/2015:13:56:32 +0200] "GET /hirlevel/images/1108_a.jpg HTTP/1.1" 200 86302 "-" "Googlebot-Image/1.0"
86.34.17.60 - - [03/Jun/2015:13:58:14 +0200] "GET /images/vasutterkep_n.jpg HTTP/1.1" 200 1453977 "https://www.google.ro/" "Mozilla/5.0 (Windows NT 6.3) AppleWebKit/537.36 (KHTML, like Gecko) Chrome/43.0.2357.81 Safari/537.36"
193.68.41.17 - - [03/Jun/2015:14:00:27 +0200] "GET /hirlevel/vonattal1505.html HTTP/1.1" 200 31132 "-" "Mozilla/5.0 (Windows NT 5.1) AppleWebKit/537.36 (KHTML, like Gecko) Chrome/43.0.2357.81 Safari/537.36"
193.68.41.17 - - [03/Jun/2015:14:00:27 +0200] "GET /hirlevel/NCTA_tamogato_es_lebonyolito_logosor.jpg HTTP/1.1" 200 22139 "http://mkk.zpok.hu/hirlevel/vonattal1505.html" "Mozilla/5.0 (Windows NT 5.1) AppleWebKit/537.36 (KHTML, like Gecko) Chrome/43.0.2357.81 Safari/537.36"
193.68.41.17 - - [03/Jun/2015:14:00:27 +0200] "GET /hirlevel/images/gadoros.png HTTP/1.1" 200 111355 "http://mkk.zpok.hu/hirlevel/vonattal1505.html" "Mozilla/5.0 (Windows NT 5.1) AppleWebKit/537.36 (KHTML, like Gecko) Chrome/43.0.2357.81 Safari/537.36"
193.68.41.17 - - [03/Jun/2015:14:00:27 +0200] "GET /hirlevel/images/jaszboldoghaza.jpg HTTP/1.1" 200 101033 "http://mkk.zpok.hu/hirlevel/vonattal1505.html" "Mozilla/5.0 (Windows NT 5.1) AppleWebKit/537.36 (KHTML, like Gecko) Chrome/43.0.2357.81 Safari/537.36"
193.68.41.17 - - [03/Jun/2015:14:00:32 +0200] "GET /hirlevel/images/avidekkozlekedeseert.swf HTTP/1.1" 304 - "http://mkk.zpok.hu/hirlevel/vonattal1505.html" "Mozilla/5.0 (Windows NT 5.1) AppleWebKit/537.36 (KHTML, like Gecko) Chrome/43.0.2357.81 Safari/537.36"
193.68.41.17 - - [03/Jun/2015:14:00:32 +0200] "GET /favicon.ico HTTP/1.1" 404 1181 "http://mkk.zpok.hu/hirlevel/vonattal1505.html" "Mozilla/5.0 (Windows NT 5.1) AppleWebKit/537.36 (KHTML, like Gecko) Chrome/43.0.2357.81 Safari/537.36"
193.68.41.17 - - [03/Jun/2015:14:06:54 +0200] "GET / HTTP/1.1" 200 1178 "http://www.google.hu/url?url=http://www.mkk.zpok.hu/&rct=j&frm=1&q=&esrc=s&sa=U&ei=xu1uVc62FIvnUrjtg6AM&ved=0CBMQFjAA&usg=AFQjCNG2eFvwGLlM4ZHh_TJABBf6HkgGBw" "Mozilla/4.0 (compatible; MSIE 8.0; Windows NT 5.1; Trident/4.0; .NET CLR 2.0.50727; .NET CLR 3.0.4506.2152; .NET CLR 3.5.30729; InfoPath.3)"
193.68.41.17 - - [03/Jun/2015:14:06:55 +0200] "GET /index.swf HTTP/1.1" 200 1411674 "http://www.mkk.zpok.hu/" "Mozilla/4.0 (compatible; MSIE 8.0; Windows NT 5.1; Trident/4.0; .NET CLR 2.0.50727; .NET CLR 3.0.4506.2152; .NET CLR 3.5.30729; InfoPath.3)"
193.68.41.17 - - [03/Jun/2015:14:06:56 +0200] "GET /favicon.ico HTTP/1.1" 404 1181 "-" "Mozilla/4.0 (compatible; MSIE 8.0; Windows NT 5.1; Trident/4.0; .NET CLR 2.0.50727; .NET CLR 3.0.4506.2152; .NET CLR 3.5.30729; InfoPath.3)"
157.55.39.81 - - [03/Jun/2015:14:08:20 +0200] "GET /hirlevel/vonattal1105-6.htm HTTP/1.1" 200 24904 "-" "Mozilla/5.0 (compatible; bingbot/2.0; +http://www.bing.com/bingbot.htm)"
157.55.39.189 - - [03/Jun/2015:14:25:38 +0200] "GET /hirlevel/hatarmenten_201109.pdf HTTP/1.1" 200 5596450 "-" "Mozilla/5.0 (compatible; bingbot/2.0; +http://www.bing.com/bingbot.htm)"
89.134.90.117 - - [03/Jun/2015:14:32:10 +0200] "GET /doc/budapest-kornyeken-vasuttal.jpg HTTP/1.1" 404 1181 "-" "Mozilla/5.0 (Windows NT 6.3; WOW64; rv:38.0) Gecko/20100101 Firefox/38.0"
180.76.15.150 - - [03/Jun/2015:14:45:54 +0200] "GET /doc/szigethalom_mobhet_1009.pdf HTTP/1.1" 200 129266 "-" "Mozilla/5.0 (compatible; Baiduspider/2.0; +http://www.baidu.com/search/spider.html)"
157.55.39.187 - - [03/Jun/2015:14:46:17 +0200] "GET /robots.txt HTTP/1.1" 404 1181 "-" "Mozilla/5.0 (compatible; bingbot/2.0; +http://www.bing.com/bingbot.htm)"
157.55.39.171 - - [03/Jun/2015:14:51:58 +0200] "GET / HTTP/1.1" 200 1178 "-" "Mozilla/5.0 (compatible; bingbot/2.0; +http://www.bing.com/bingbot.htm)"
194.44.216.101 - - [03/Jun/2015:15:00:03 +0200] "GET /hirlevel/images/0912b.jpg HTTP/1.1" 200 40095 "https://www.google.hu/" "Mozilla/5.0 (Windows NT 6.1) AppleWebKit/537.36 (KHTML, like Gecko) Chrome/43.0.2357.81 Safari/537.36 OPR/30.0.1835.49 (Edition beta)"
157.55.39.189 - - [03/Jun/2015:15:01:25 +0200] "GET /doc/mkk-rkert_mobhet_1009.pdf HTTP/1.1" 200 103589 "-" "Mozilla/5.0 (compatible; bingbot/2.0; +http://www.bing.com/bingbot.htm)"
94.44.255.74 - - [03/Jun/2015:15:01:46 +0200] "GET /favicon.ico HTTP/1.1" 404 1181 "-" "Mozilla/5.0 (Windows NT 6.0; WOW64; rv:38.0) Gecko/20100101 Firefox/38.0"
66.249.78.18 - - [03/Jun/2015:15:06:38 +0200] "GET /hirlevel/images/nea_fobutton_uj.png HTTP/1.1" 200 8113 "-" "Googlebot-Image/1.0"
82.150.57.40 - - [03/Jun/2015:15:09:52 +0200] "GET /images/vasutterkep_n.jpg HTTP/1.1" 200 66777 "http://www.bing.com/images/search?q=magyarorsz%c3%a1g+t%c3%a9rk%c3%a9p&view=detailv2&&&id=9468B6D6C8473711B79AAE70B6FC814C9616D498&selectedIndex=0&ccid=bgnjIJz7&simid=608015972106766782&thid=JN.5bRNsQPsJE15h9pbx1%2f5Gg&mode=overlay" "Mozilla/5.0 (Windows NT 6.3; WOW64; Trident/7.0; LCJB; rv:11.0) like Gecko"
193.68.41.17 - - [03/Jun/2015:15:12:26 +0200] "GET /hirlevel/images/1206_6.jpg HTTP/1.1" 200 181989 "http://tourhongrie.blog.hu/" "Mozilla/5.0 (Windows NT 6.1) AppleWebKit/537.36 (KHTML, like Gecko) Chrome/43.0.2357.81 Safari/537.36"
77.111.106.64 - - [03/Jun/2015:15:24:40 +0200] "GET /doc/budapest-kornyeken-vasuttal.jpg HTTP/1.1" 404 1181 "https://www.google.hu/" "Mozilla/5.0 (Windows NT 6.1; WOW64) AppleWebKit/537.36 (KHTML, like Gecko) Chrome/43.0.2357.81 Safari/537.36"
194.143.225.76 - - [03/Jun/2015:15:31:32 +0200] "GET /images/vasutterkep_n.jpg HTTP/1.1" 200 4702972 "https://www.google.hu/" "Mozilla/5.0 (Windows NT 6.1; WOW64) AppleWebKit/537.36 (KHTML, like Gecko) Chrome/43.0.2357.81 Safari/537.36"
77.111.106.64 - - [03/Jun/2015:15:35:16 +0200] "GET /doc/budapest-kornyeken-vasuttal.jpg HTTP/1.1" 404 1181 "https://www.google.hu/" "Mozilla/5.0 (Windows NT 6.1; WOW64) AppleWebKit/537.36 (KHTML, like Gecko) Chrome/43.0.2357.81 Safari/537.36"
77.111.106.64 - - [03/Jun/2015:15:35:22 +0200] "GET /doc/budapest-kornyeken-vasuttal.jpg HTTP/1.1" 404 1181 "https://www.google.hu/" "Mozilla/5.0 (Windows NT 6.1; WOW64) AppleWebKit/537.36 (KHTML, like Gecko) Chrome/43.0.2357.81 Safari/537.36"
77.111.106.64 - - [03/Jun/2015:15:36:34 +0200] "GET /doc/budapest-kornyeken-vasuttal.jpg HTTP/1.1" 404 1181 "https://www.google.hu/" "Mozilla/5.0 (Windows NT 6.1; WOW64) AppleWebKit/537.36 (KHTML, like Gecko) Chrome/43.0.2357.81 Safari/537.36"
84.206.48.249 - - [03/Jun/2015:15:40:20 +0200] "GET /images/vasutterkep_n.jpg HTTP/1.1" 200 4702972 "-" "Mozilla/5.0 (compatible; MSIE 10.0; Windows NT 6.1; Trident/6.0)"
180.76.15.145 - - [03/Jun/2015:15:41:44 +0200] "GET /doc/meszaros.pdf HTTP/1.1" 200 589824 "-" "Mozilla/5.0 (compatible; Baiduspider/2.0; +http://www.baidu.com/search/spider.html)"
194.228.11.140 - - [03/Jun/2015:15:56:16 +0200] "GET /images/vasutterkep_n.jpg HTTP/1.1" 200 4702972 "https://www.google.cz/" "Mozilla/5.0 (Linux; Android 4.4.4; S56 Build/KTU84P) AppleWebKit/537.36 (KHTML, like Gecko) Chrome/43.0.2357.78 Mobile Safari/537.36"
123.125.71.111 - - [03/Jun/2015:15:56:51 +0200] "GET /doc/sikeres_varos.pdf HTTP/1.1" 200 1149217 "-" "Mozilla/5.0 (compatible; Baiduspider/2.0; +http://www.baidu.com/search/spider.html)"
109.74.61.208 - - [03/Jun/2015:16:14:20 +0200] "GET /images/vasutterkep_n.jpg HTTP/1.1" 200 4702972 "https://www.google.hu/" "Mozilla/5.0 (Macintosh; Intel Mac OS X 10_10_3) AppleWebKit/600.6.3 (KHTML, like Gecko) Version/8.0.6 Safari/600.6.3"
