178.41.160.15 - - [18/Jun/2015:21:41:11 +0200] "GET /doc/ipoly_201109.pdf HTTP/1.1" 206 327680 "http://www.google.sk/url?sa=t&rct=j&q=&esrc=s&source=web&cd=12&ved=0CCYQFjABOAo&url=http%3A%2F%2Fmkk.zpok.hu%2Fdoc%2Fipoly_201109.pdf&ei=yB6DVYCPFMyvUbqdgHA&usg=AFQjCNHX9HesAVmila2ilblwNF4yc_RyQw&sig2=T0ic0nTRnC9TaX2mRGKDjQ&bvm=bv.96041959,d.d24&cad=rja" "Mozilla/5.0 (Windows NT 6.1; rv:33.0) Gecko/20100101 Firefox/33.0"
178.41.160.15 - - [18/Jun/2015:21:41:11 +0200] "GET /doc/ipoly_201109.pdf HTTP/1.1" 206 327680 "http://www.google.sk/url?sa=t&rct=j&q=&esrc=s&source=web&cd=12&ved=0CCYQFjABOAo&url=http%3A%2F%2Fmkk.zpok.hu%2Fdoc%2Fipoly_201109.pdf&ei=yB6DVYCPFMyvUbqdgHA&usg=AFQjCNHX9HesAVmila2ilblwNF4yc_RyQw&sig2=T0ic0nTRnC9TaX2mRGKDjQ&bvm=bv.96041959,d.d24&cad=rja" "Mozilla/5.0 (Windows NT 6.1; rv:33.0) Gecko/20100101 Firefox/33.0"
178.41.160.15 - - [18/Jun/2015:21:41:11 +0200] "GET /doc/eletet-a-vasutnak.pdf HTTP/1.1" 206 65536 "http://www.google.sk/url?sa=t&rct=j&q=&esrc=s&source=web&cd=11&ved=0CB4QFjAAOAo&url=http%3A%2F%2Fwww.mkk.zpok.hu%2Fdoc%2Feletet-a-vasutnak.pdf&ei=yB6DVYCPFMyvUbqdgHA&usg=AFQjCNG1-4AE0MlC_w0xXm1SQ46aV__Lww&sig2=4KdMnHhpb3207NGJeRFwpA&bvm=bv.96041959,d.d24&cad=rja" "Mozilla/5.0 (Windows NT 6.1; rv:33.0) Gecko/20100101 Firefox/33.0"
178.41.160.15 - - [18/Jun/2015:21:41:12 +0200] "GET /doc/ipoly_201109.pdf HTTP/1.1" 206 327680 "http://www.google.sk/url?sa=t&rct=j&q=&esrc=s&source=web&cd=12&ved=0CCYQFjABOAo&url=http%3A%2F%2Fmkk.zpok.hu%2Fdoc%2Fipoly_201109.pdf&ei=yB6DVYCPFMyvUbqdgHA&usg=AFQjCNHX9HesAVmila2ilblwNF4yc_RyQw&sig2=T0ic0nTRnC9TaX2mRGKDjQ&bvm=bv.96041959,d.d24&cad=rja" "Mozilla/5.0 (Windows NT 6.1; rv:33.0) Gecko/20100101 Firefox/33.0"
178.41.160.15 - - [18/Jun/2015:21:41:12 +0200] "GET /doc/ipoly_201109.pdf HTTP/1.1" 206 327680 "http://www.google.sk/url?sa=t&rct=j&q=&esrc=s&source=web&cd=12&ved=0CCYQFjABOAo&url=http%3A%2F%2Fmkk.zpok.hu%2Fdoc%2Fipoly_201109.pdf&ei=yB6DVYCPFMyvUbqdgHA&usg=AFQjCNHX9HesAVmila2ilblwNF4yc_RyQw&sig2=T0ic0nTRnC9TaX2mRGKDjQ&bvm=bv.96041959,d.d24&cad=rja" "Mozilla/5.0 (Windows NT 6.1; rv:33.0) Gecko/20100101 Firefox/33.0"
178.41.160.15 - - [18/Jun/2015:21:41:13 +0200] "GET /doc/ipoly_201109.pdf HTTP/1.1" 206 262144 "http://www.google.sk/url?sa=t&rct=j&q=&esrc=s&source=web&cd=12&ved=0CCYQFjABOAo&url=http%3A%2F%2Fmkk.zpok.hu%2Fdoc%2Fipoly_201109.pdf&ei=yB6DVYCPFMyvUbqdgHA&usg=AFQjCNHX9HesAVmila2ilblwNF4yc_RyQw&sig2=T0ic0nTRnC9TaX2mRGKDjQ&bvm=bv.96041959,d.d24&cad=rja" "Mozilla/5.0 (Windows NT 6.1; rv:33.0) Gecko/20100101 Firefox/33.0"
178.41.160.15 - - [18/Jun/2015:21:41:13 +0200] "GET /doc/ipoly_201109.pdf HTTP/1.1" 206 458752 "http://www.google.sk/url?sa=t&rct=j&q=&esrc=s&source=web&cd=12&ved=0CCYQFjABOAo&url=http%3A%2F%2Fmkk.zpok.hu%2Fdoc%2Fipoly_201109.pdf&ei=yB6DVYCPFMyvUbqdgHA&usg=AFQjCNHX9HesAVmila2ilblwNF4yc_RyQw&sig2=T0ic0nTRnC9TaX2mRGKDjQ&bvm=bv.96041959,d.d24&cad=rja" "Mozilla/5.0 (Windows NT 6.1; rv:33.0) Gecko/20100101 Firefox/33.0"
178.41.160.15 - - [18/Jun/2015:21:41:14 +0200] "GET /doc/ipoly_201109.pdf HTTP/1.1" 206 196608 "http://www.google.sk/url?sa=t&rct=j&q=&esrc=s&source=web&cd=12&ved=0CCYQFjABOAo&url=http%3A%2F%2Fmkk.zpok.hu%2Fdoc%2Fipoly_201109.pdf&ei=yB6DVYCPFMyvUbqdgHA&usg=AFQjCNHX9HesAVmila2ilblwNF4yc_RyQw&sig2=T0ic0nTRnC9TaX2mRGKDjQ&bvm=bv.96041959,d.d24&cad=rja" "Mozilla/5.0 (Windows NT 6.1; rv:33.0) Gecko/20100101 Firefox/33.0"
178.41.160.15 - - [18/Jun/2015:21:41:14 +0200] "GET /doc/ipoly_201109.pdf HTTP/1.1" 206 786432 "http://www.google.sk/url?sa=t&rct=j&q=&esrc=s&source=web&cd=12&ved=0CCYQFjABOAo&url=http%3A%2F%2Fmkk.zpok.hu%2Fdoc%2Fipoly_201109.pdf&ei=yB6DVYCPFMyvUbqdgHA&usg=AFQjCNHX9HesAVmila2ilblwNF4yc_RyQw&sig2=T0ic0nTRnC9TaX2mRGKDjQ&bvm=bv.96041959,d.d24&cad=rja" "Mozilla/5.0 (Windows NT 6.1; rv:33.0) Gecko/20100101 Firefox/33.0"
178.41.160.15 - - [18/Jun/2015:21:41:14 +0200] "GET /doc/ipoly_201109.pdf HTTP/1.1" 206 327680 "http://www.google.sk/url?sa=t&rct=j&q=&esrc=s&source=web&cd=12&ved=0CCYQFjABOAo&url=http%3A%2F%2Fmkk.zpok.hu%2Fdoc%2Fipoly_201109.pdf&ei=yB6DVYCPFMyvUbqdgHA&usg=AFQjCNHX9HesAVmila2ilblwNF4yc_RyQw&sig2=T0ic0nTRnC9TaX2mRGKDjQ&bvm=bv.96041959,d.d24&cad=rja" "Mozilla/5.0 (Windows NT 6.1; rv:33.0) Gecko/20100101 Firefox/33.0"
178.41.160.15 - - [18/Jun/2015:21:41:15 +0200] "GET /doc/eletet-a-vasutnak.pdf HTTP/1.1" 206 65536 "http://www.google.sk/url?sa=t&rct=j&q=&esrc=s&source=web&cd=11&ved=0CB4QFjAAOAo&url=http%3A%2F%2Fwww.mkk.zpok.hu%2Fdoc%2Feletet-a-vasutnak.pdf&ei=yB6DVYCPFMyvUbqdgHA&usg=AFQjCNG1-4AE0MlC_w0xXm1SQ46aV__Lww&sig2=4KdMnHhpb3207NGJeRFwpA&bvm=bv.96041959,d.d24&cad=rja" "Mozilla/5.0 (Windows NT 6.1; rv:33.0) Gecko/20100101 Firefox/33.0"
178.41.160.15 - - [18/Jun/2015:21:41:16 +0200] "GET /doc/eletet-a-vasutnak.pdf HTTP/1.1" 206 65536 "http://www.google.sk/url?sa=t&rct=j&q=&esrc=s&source=web&cd=11&ved=0CB4QFjAAOAo&url=http%3A%2F%2Fwww.mkk.zpok.hu%2Fdoc%2Feletet-a-vasutnak.pdf&ei=yB6DVYCPFMyvUbqdgHA&usg=AFQjCNG1-4AE0MlC_w0xXm1SQ46aV__Lww&sig2=4KdMnHhpb3207NGJeRFwpA&bvm=bv.96041959,d.d24&cad=rja" "Mozilla/5.0 (Windows NT 6.1; rv:33.0) Gecko/20100101 Firefox/33.0"
178.41.160.15 - - [18/Jun/2015:21:41:16 +0200] "GET /doc/eletet-a-vasutnak.pdf HTTP/1.1" 206 65536 "http://www.google.sk/url?sa=t&rct=j&q=&esrc=s&source=web&cd=11&ved=0CB4QFjAAOAo&url=http%3A%2F%2Fwww.mkk.zpok.hu%2Fdoc%2Feletet-a-vasutnak.pdf&ei=yB6DVYCPFMyvUbqdgHA&usg=AFQjCNG1-4AE0MlC_w0xXm1SQ46aV__Lww&sig2=4KdMnHhpb3207NGJeRFwpA&bvm=bv.96041959,d.d24&cad=rja" "Mozilla/5.0 (Windows NT 6.1; rv:33.0) Gecko/20100101 Firefox/33.0"
178.41.160.15 - - [18/Jun/2015:21:41:17 +0200] "GET /doc/eletet-a-vasutnak.pdf HTTP/1.1" 206 65536 "http://www.google.sk/url?sa=t&rct=j&q=&esrc=s&source=web&cd=11&ved=0CB4QFjAAOAo&url=http%3A%2F%2Fwww.mkk.zpok.hu%2Fdoc%2Feletet-a-vasutnak.pdf&ei=yB6DVYCPFMyvUbqdgHA&usg=AFQjCNG1-4AE0MlC_w0xXm1SQ46aV__Lww&sig2=4KdMnHhpb3207NGJeRFwpA&bvm=bv.96041959,d.d24&cad=rja" "Mozilla/5.0 (Windows NT 6.1; rv:33.0) Gecko/20100101 Firefox/33.0"
178.41.160.15 - - [18/Jun/2015:21:41:17 +0200] "GET /doc/ipoly_201109.pdf HTTP/1.1" 206 1114112 "http://www.google.sk/url?sa=t&rct=j&q=&esrc=s&source=web&cd=12&ved=0CCYQFjABOAo&url=http%3A%2F%2Fmkk.zpok.hu%2Fdoc%2Fipoly_201109.pdf&ei=yB6DVYCPFMyvUbqdgHA&usg=AFQjCNHX9HesAVmila2ilblwNF4yc_RyQw&sig2=T0ic0nTRnC9TaX2mRGKDjQ&bvm=bv.96041959,d.d24&cad=rja" "Mozilla/5.0 (Windows NT 6.1; rv:33.0) Gecko/20100101 Firefox/33.0"
178.41.160.15 - - [18/Jun/2015:21:41:17 +0200] "GET /doc/ipoly_201109.pdf HTTP/1.1" 206 65536 "http://www.google.sk/url?sa=t&rct=j&q=&esrc=s&source=web&cd=12&ved=0CCYQFjABOAo&url=http%3A%2F%2Fmkk.zpok.hu%2Fdoc%2Fipoly_201109.pdf&ei=yB6DVYCPFMyvUbqdgHA&usg=AFQjCNHX9HesAVmila2ilblwNF4yc_RyQw&sig2=T0ic0nTRnC9TaX2mRGKDjQ&bvm=bv.96041959,d.d24&cad=rja" "Mozilla/5.0 (Windows NT 6.1; rv:33.0) Gecko/20100101 Firefox/33.0"
178.41.160.15 - - [18/Jun/2015:21:41:17 +0200] "GET /doc/eletet-a-vasutnak.pdf HTTP/1.1" 206 65536 "http://www.google.sk/url?sa=t&rct=j&q=&esrc=s&source=web&cd=11&ved=0CB4QFjAAOAo&url=http%3A%2F%2Fwww.mkk.zpok.hu%2Fdoc%2Feletet-a-vasutnak.pdf&ei=yB6DVYCPFMyvUbqdgHA&usg=AFQjCNG1-4AE0MlC_w0xXm1SQ46aV__Lww&sig2=4KdMnHhpb3207NGJeRFwpA&bvm=bv.96041959,d.d24&cad=rja" "Mozilla/5.0 (Windows NT 6.1; rv:33.0) Gecko/20100101 Firefox/33.0"
178.41.160.15 - - [18/Jun/2015:21:41:18 +0200] "GET /doc/eletet-a-vasutnak.pdf HTTP/1.1" 206 65536 "http://www.google.sk/url?sa=t&rct=j&q=&esrc=s&source=web&cd=11&ved=0CB4QFjAAOAo&url=http%3A%2F%2Fwww.mkk.zpok.hu%2Fdoc%2Feletet-a-vasutnak.pdf&ei=yB6DVYCPFMyvUbqdgHA&usg=AFQjCNG1-4AE0MlC_w0xXm1SQ46aV__Lww&sig2=4KdMnHhpb3207NGJeRFwpA&bvm=bv.96041959,d.d24&cad=rja" "Mozilla/5.0 (Windows NT 6.1; rv:33.0) Gecko/20100101 Firefox/33.0"
178.41.160.15 - - [18/Jun/2015:21:41:18 +0200] "GET /doc/ipoly_201109.pdf HTTP/1.1" 206 65536 "http://www.google.sk/url?sa=t&rct=j&q=&esrc=s&source=web&cd=12&ved=0CCYQFjABOAo&url=http%3A%2F%2Fmkk.zpok.hu%2Fdoc%2Fipoly_201109.pdf&ei=yB6DVYCPFMyvUbqdgHA&usg=AFQjCNHX9HesAVmila2ilblwNF4yc_RyQw&sig2=T0ic0nTRnC9TaX2mRGKDjQ&bvm=bv.96041959,d.d24&cad=rja" "Mozilla/5.0 (Windows NT 6.1; rv:33.0) Gecko/20100101 Firefox/33.0"
178.41.160.15 - - [18/Jun/2015:21:41:18 +0200] "GET /doc/eletet-a-vasutnak.pdf HTTP/1.1" 206 65536 "http://www.google.sk/url?sa=t&rct=j&q=&esrc=s&source=web&cd=11&ved=0CB4QFjAAOAo&url=http%3A%2F%2Fwww.mkk.zpok.hu%2Fdoc%2Feletet-a-vasutnak.pdf&ei=yB6DVYCPFMyvUbqdgHA&usg=AFQjCNG1-4AE0MlC_w0xXm1SQ46aV__Lww&sig2=4KdMnHhpb3207NGJeRFwpA&bvm=bv.96041959,d.d24&cad=rja" "Mozilla/5.0 (Windows NT 6.1; rv:33.0) Gecko/20100101 Firefox/33.0"
178.41.160.15 - - [18/Jun/2015:21:41:19 +0200] "GET /doc/ipoly_201109.pdf HTTP/1.1" 206 65536 "http://www.google.sk/url?sa=t&rct=j&q=&esrc=s&source=web&cd=12&ved=0CCYQFjABOAo&url=http%3A%2F%2Fmkk.zpok.hu%2Fdoc%2Fipoly_201109.pdf&ei=yB6DVYCPFMyvUbqdgHA&usg=AFQjCNHX9HesAVmila2ilblwNF4yc_RyQw&sig2=T0ic0nTRnC9TaX2mRGKDjQ&bvm=bv.96041959,d.d24&cad=rja" "Mozilla/5.0 (Windows NT 6.1; rv:33.0) Gecko/20100101 Firefox/33.0"
178.41.160.15 - - [18/Jun/2015:21:41:19 +0200] "GET /doc/eletet-a-vasutnak.pdf HTTP/1.1" 206 65536 "http://www.google.sk/url?sa=t&rct=j&q=&esrc=s&source=web&cd=11&ved=0CB4QFjAAOAo&url=http%3A%2F%2Fwww.mkk.zpok.hu%2Fdoc%2Feletet-a-vasutnak.pdf&ei=yB6DVYCPFMyvUbqdgHA&usg=AFQjCNG1-4AE0MlC_w0xXm1SQ46aV__Lww&sig2=4KdMnHhpb3207NGJeRFwpA&bvm=bv.96041959,d.d24&cad=rja" "Mozilla/5.0 (Windows NT 6.1; rv:33.0) Gecko/20100101 Firefox/33.0"
178.41.160.15 - - [18/Jun/2015:21:41:19 +0200] "GET /doc/ipoly_201109.pdf HTTP/1.1" 206 65536 "http://www.google.sk/url?sa=t&rct=j&q=&esrc=s&source=web&cd=12&ved=0CCYQFjABOAo&url=http%3A%2F%2Fmkk.zpok.hu%2Fdoc%2Fipoly_201109.pdf&ei=yB6DVYCPFMyvUbqdgHA&usg=AFQjCNHX9HesAVmila2ilblwNF4yc_RyQw&sig2=T0ic0nTRnC9TaX2mRGKDjQ&bvm=bv.96041959,d.d24&cad=rja" "Mozilla/5.0 (Windows NT 6.1; rv:33.0) Gecko/20100101 Firefox/33.0"
178.41.160.15 - - [18/Jun/2015:21:41:19 +0200] "GET /doc/eletet-a-vasutnak.pdf HTTP/1.1" 206 65536 "http://www.google.sk/url?sa=t&rct=j&q=&esrc=s&source=web&cd=11&ved=0CB4QFjAAOAo&url=http%3A%2F%2Fwww.mkk.zpok.hu%2Fdoc%2Feletet-a-vasutnak.pdf&ei=yB6DVYCPFMyvUbqdgHA&usg=AFQjCNG1-4AE0MlC_w0xXm1SQ46aV__Lww&sig2=4KdMnHhpb3207NGJeRFwpA&bvm=bv.96041959,d.d24&cad=rja" "Mozilla/5.0 (Windows NT 6.1; rv:33.0) Gecko/20100101 Firefox/33.0"
178.41.160.15 - - [18/Jun/2015:21:41:20 +0200] "GET /doc/eletet-a-vasutnak.pdf HTTP/1.1" 206 65536 "http://www.google.sk/url?sa=t&rct=j&q=&esrc=s&source=web&cd=11&ved=0CB4QFjAAOAo&url=http%3A%2F%2Fwww.mkk.zpok.hu%2Fdoc%2Feletet-a-vasutnak.pdf&ei=yB6DVYCPFMyvUbqdgHA&usg=AFQjCNG1-4AE0MlC_w0xXm1SQ46aV__Lww&sig2=4KdMnHhpb3207NGJeRFwpA&bvm=bv.96041959,d.d24&cad=rja" "Mozilla/5.0 (Windows NT 6.1; rv:33.0) Gecko/20100101 Firefox/33.0"
178.41.160.15 - - [18/Jun/2015:21:41:20 +0200] "GET /doc/eletet-a-vasutnak.pdf HTTP/1.1" 206 65536 "http://www.google.sk/url?sa=t&rct=j&q=&esrc=s&source=web&cd=11&ved=0CB4QFjAAOAo&url=http%3A%2F%2Fwww.mkk.zpok.hu%2Fdoc%2Feletet-a-vasutnak.pdf&ei=yB6DVYCPFMyvUbqdgHA&usg=AFQjCNG1-4AE0MlC_w0xXm1SQ46aV__Lww&sig2=4KdMnHhpb3207NGJeRFwpA&bvm=bv.96041959,d.d24&cad=rja" "Mozilla/5.0 (Windows NT 6.1; rv:33.0) Gecko/20100101 Firefox/33.0"
178.41.160.15 - - [18/Jun/2015:21:41:20 +0200] "GET /doc/eletet-a-vasutnak.pdf HTTP/1.1" 206 65536 "http://www.google.sk/url?sa=t&rct=j&q=&esrc=s&source=web&cd=11&ved=0CB4QFjAAOAo&url=http%3A%2F%2Fwww.mkk.zpok.hu%2Fdoc%2Feletet-a-vasutnak.pdf&ei=yB6DVYCPFMyvUbqdgHA&usg=AFQjCNG1-4AE0MlC_w0xXm1SQ46aV__Lww&sig2=4KdMnHhpb3207NGJeRFwpA&bvm=bv.96041959,d.d24&cad=rja" "Mozilla/5.0 (Windows NT 6.1; rv:33.0) Gecko/20100101 Firefox/33.0"
178.41.160.15 - - [18/Jun/2015:21:41:20 +0200] "GET /doc/eletet-a-vasutnak.pdf HTTP/1.1" 206 65536 "http://www.google.sk/url?sa=t&rct=j&q=&esrc=s&source=web&cd=11&ved=0CB4QFjAAOAo&url=http%3A%2F%2Fwww.mkk.zpok.hu%2Fdoc%2Feletet-a-vasutnak.pdf&ei=yB6DVYCPFMyvUbqdgHA&usg=AFQjCNG1-4AE0MlC_w0xXm1SQ46aV__Lww&sig2=4KdMnHhpb3207NGJeRFwpA&bvm=bv.96041959,d.d24&cad=rja" "Mozilla/5.0 (Windows NT 6.1; rv:33.0) Gecko/20100101 Firefox/33.0"
178.41.160.15 - - [18/Jun/2015:21:41:20 +0200] "GET /doc/eletet-a-vasutnak.pdf HTTP/1.1" 206 65536 "http://www.google.sk/url?sa=t&rct=j&q=&esrc=s&source=web&cd=11&ved=0CB4QFjAAOAo&url=http%3A%2F%2Fwww.mkk.zpok.hu%2Fdoc%2Feletet-a-vasutnak.pdf&ei=yB6DVYCPFMyvUbqdgHA&usg=AFQjCNG1-4AE0MlC_w0xXm1SQ46aV__Lww&sig2=4KdMnHhpb3207NGJeRFwpA&bvm=bv.96041959,d.d24&cad=rja" "Mozilla/5.0 (Windows NT 6.1; rv:33.0) Gecko/20100101 Firefox/33.0"
178.41.160.15 - - [18/Jun/2015:21:41:20 +0200] "GET /doc/eletet-a-vasutnak.pdf HTTP/1.1" 206 65536 "http://www.google.sk/url?sa=t&rct=j&q=&esrc=s&source=web&cd=11&ved=0CB4QFjAAOAo&url=http%3A%2F%2Fwww.mkk.zpok.hu%2Fdoc%2Feletet-a-vasutnak.pdf&ei=yB6DVYCPFMyvUbqdgHA&usg=AFQjCNG1-4AE0MlC_w0xXm1SQ46aV__Lww&sig2=4KdMnHhpb3207NGJeRFwpA&bvm=bv.96041959,d.d24&cad=rja" "Mozilla/5.0 (Windows NT 6.1; rv:33.0) Gecko/20100101 Firefox/33.0"
178.41.160.15 - - [18/Jun/2015:21:41:21 +0200] "GET /doc/eletet-a-vasutnak.pdf HTTP/1.1" 206 65536 "http://www.google.sk/url?sa=t&rct=j&q=&esrc=s&source=web&cd=11&ved=0CB4QFjAAOAo&url=http%3A%2F%2Fwww.mkk.zpok.hu%2Fdoc%2Feletet-a-vasutnak.pdf&ei=yB6DVYCPFMyvUbqdgHA&usg=AFQjCNG1-4AE0MlC_w0xXm1SQ46aV__Lww&sig2=4KdMnHhpb3207NGJeRFwpA&bvm=bv.96041959,d.d24&cad=rja" "Mozilla/5.0 (Windows NT 6.1; rv:33.0) Gecko/20100101 Firefox/33.0"
178.41.160.15 - - [18/Jun/2015:21:41:21 +0200] "GET /doc/eletet-a-vasutnak.pdf HTTP/1.1" 206 65536 "http://www.google.sk/url?sa=t&rct=j&q=&esrc=s&source=web&cd=11&ved=0CB4QFjAAOAo&url=http%3A%2F%2Fwww.mkk.zpok.hu%2Fdoc%2Feletet-a-vasutnak.pdf&ei=yB6DVYCPFMyvUbqdgHA&usg=AFQjCNG1-4AE0MlC_w0xXm1SQ46aV__Lww&sig2=4KdMnHhpb3207NGJeRFwpA&bvm=bv.96041959,d.d24&cad=rja" "Mozilla/5.0 (Windows NT 6.1; rv:33.0) Gecko/20100101 Firefox/33.0"
178.41.160.15 - - [18/Jun/2015:21:41:21 +0200] "GET /doc/eletet-a-vasutnak.pdf HTTP/1.1" 206 65536 "http://www.google.sk/url?sa=t&rct=j&q=&esrc=s&source=web&cd=11&ved=0CB4QFjAAOAo&url=http%3A%2F%2Fwww.mkk.zpok.hu%2Fdoc%2Feletet-a-vasutnak.pdf&ei=yB6DVYCPFMyvUbqdgHA&usg=AFQjCNG1-4AE0MlC_w0xXm1SQ46aV__Lww&sig2=4KdMnHhpb3207NGJeRFwpA&bvm=bv.96041959,d.d24&cad=rja" "Mozilla/5.0 (Windows NT 6.1; rv:33.0) Gecko/20100101 Firefox/33.0"
178.41.160.15 - - [18/Jun/2015:21:41:21 +0200] "GET /doc/eletet-a-vasutnak.pdf HTTP/1.1" 206 65536 "http://www.google.sk/url?sa=t&rct=j&q=&esrc=s&source=web&cd=11&ved=0CB4QFjAAOAo&url=http%3A%2F%2Fwww.mkk.zpok.hu%2Fdoc%2Feletet-a-vasutnak.pdf&ei=yB6DVYCPFMyvUbqdgHA&usg=AFQjCNG1-4AE0MlC_w0xXm1SQ46aV__Lww&sig2=4KdMnHhpb3207NGJeRFwpA&bvm=bv.96041959,d.d24&cad=rja" "Mozilla/5.0 (Windows NT 6.1; rv:33.0) Gecko/20100101 Firefox/33.0"
178.41.160.15 - - [18/Jun/2015:21:41:21 +0200] "GET /doc/eletet-a-vasutnak.pdf HTTP/1.1" 206 65536 "http://www.google.sk/url?sa=t&rct=j&q=&esrc=s&source=web&cd=11&ved=0CB4QFjAAOAo&url=http%3A%2F%2Fwww.mkk.zpok.hu%2Fdoc%2Feletet-a-vasutnak.pdf&ei=yB6DVYCPFMyvUbqdgHA&usg=AFQjCNG1-4AE0MlC_w0xXm1SQ46aV__Lww&sig2=4KdMnHhpb3207NGJeRFwpA&bvm=bv.96041959,d.d24&cad=rja" "Mozilla/5.0 (Windows NT 6.1; rv:33.0) Gecko/20100101 Firefox/33.0"
178.41.160.15 - - [18/Jun/2015:21:41:21 +0200] "GET /doc/eletet-a-vasutnak.pdf HTTP/1.1" 206 65536 "http://www.google.sk/url?sa=t&rct=j&q=&esrc=s&source=web&cd=11&ved=0CB4QFjAAOAo&url=http%3A%2F%2Fwww.mkk.zpok.hu%2Fdoc%2Feletet-a-vasutnak.pdf&ei=yB6DVYCPFMyvUbqdgHA&usg=AFQjCNG1-4AE0MlC_w0xXm1SQ46aV__Lww&sig2=4KdMnHhpb3207NGJeRFwpA&bvm=bv.96041959,d.d24&cad=rja" "Mozilla/5.0 (Windows NT 6.1; rv:33.0) Gecko/20100101 Firefox/33.0"
178.41.160.15 - - [18/Jun/2015:21:41:22 +0200] "GET /doc/eletet-a-vasutnak.pdf HTTP/1.1" 206 65536 "http://www.google.sk/url?sa=t&rct=j&q=&esrc=s&source=web&cd=11&ved=0CB4QFjAAOAo&url=http%3A%2F%2Fwww.mkk.zpok.hu%2Fdoc%2Feletet-a-vasutnak.pdf&ei=yB6DVYCPFMyvUbqdgHA&usg=AFQjCNG1-4AE0MlC_w0xXm1SQ46aV__Lww&sig2=4KdMnHhpb3207NGJeRFwpA&bvm=bv.96041959,d.d24&cad=rja" "Mozilla/5.0 (Windows NT 6.1; rv:33.0) Gecko/20100101 Firefox/33.0"
178.41.160.15 - - [18/Jun/2015:21:41:22 +0200] "GET /doc/eletet-a-vasutnak.pdf HTTP/1.1" 206 65536 "http://www.google.sk/url?sa=t&rct=j&q=&esrc=s&source=web&cd=11&ved=0CB4QFjAAOAo&url=http%3A%2F%2Fwww.mkk.zpok.hu%2Fdoc%2Feletet-a-vasutnak.pdf&ei=yB6DVYCPFMyvUbqdgHA&usg=AFQjCNG1-4AE0MlC_w0xXm1SQ46aV__Lww&sig2=4KdMnHhpb3207NGJeRFwpA&bvm=bv.96041959,d.d24&cad=rja" "Mozilla/5.0 (Windows NT 6.1; rv:33.0) Gecko/20100101 Firefox/33.0"
178.41.160.15 - - [18/Jun/2015:21:41:22 +0200] "GET /doc/eletet-a-vasutnak.pdf HTTP/1.1" 206 65536 "http://www.google.sk/url?sa=t&rct=j&q=&esrc=s&source=web&cd=11&ved=0CB4QFjAAOAo&url=http%3A%2F%2Fwww.mkk.zpok.hu%2Fdoc%2Feletet-a-vasutnak.pdf&ei=yB6DVYCPFMyvUbqdgHA&usg=AFQjCNG1-4AE0MlC_w0xXm1SQ46aV__Lww&sig2=4KdMnHhpb3207NGJeRFwpA&bvm=bv.96041959,d.d24&cad=rja" "Mozilla/5.0 (Windows NT 6.1; rv:33.0) Gecko/20100101 Firefox/33.0"
178.41.160.15 - - [18/Jun/2015:21:41:22 +0200] "GET /doc/eletet-a-vasutnak.pdf HTTP/1.1" 206 65536 "http://www.google.sk/url?sa=t&rct=j&q=&esrc=s&source=web&cd=11&ved=0CB4QFjAAOAo&url=http%3A%2F%2Fwww.mkk.zpok.hu%2Fdoc%2Feletet-a-vasutnak.pdf&ei=yB6DVYCPFMyvUbqdgHA&usg=AFQjCNG1-4AE0MlC_w0xXm1SQ46aV__Lww&sig2=4KdMnHhpb3207NGJeRFwpA&bvm=bv.96041959,d.d24&cad=rja" "Mozilla/5.0 (Windows NT 6.1; rv:33.0) Gecko/20100101 Firefox/33.0"
178.41.160.15 - - [18/Jun/2015:21:41:22 +0200] "GET /doc/eletet-a-vasutnak.pdf HTTP/1.1" 206 65536 "http://www.google.sk/url?sa=t&rct=j&q=&esrc=s&source=web&cd=11&ved=0CB4QFjAAOAo&url=http%3A%2F%2Fwww.mkk.zpok.hu%2Fdoc%2Feletet-a-vasutnak.pdf&ei=yB6DVYCPFMyvUbqdgHA&usg=AFQjCNG1-4AE0MlC_w0xXm1SQ46aV__Lww&sig2=4KdMnHhpb3207NGJeRFwpA&bvm=bv.96041959,d.d24&cad=rja" "Mozilla/5.0 (Windows NT 6.1; rv:33.0) Gecko/20100101 Firefox/33.0"
178.41.160.15 - - [18/Jun/2015:21:41:22 +0200] "GET /doc/eletet-a-vasutnak.pdf HTTP/1.1" 206 65536 "http://www.google.sk/url?sa=t&rct=j&q=&esrc=s&source=web&cd=11&ved=0CB4QFjAAOAo&url=http%3A%2F%2Fwww.mkk.zpok.hu%2Fdoc%2Feletet-a-vasutnak.pdf&ei=yB6DVYCPFMyvUbqdgHA&usg=AFQjCNG1-4AE0MlC_w0xXm1SQ46aV__Lww&sig2=4KdMnHhpb3207NGJeRFwpA&bvm=bv.96041959,d.d24&cad=rja" "Mozilla/5.0 (Windows NT 6.1; rv:33.0) Gecko/20100101 Firefox/33.0"
178.41.160.15 - - [18/Jun/2015:21:41:23 +0200] "GET /doc/eletet-a-vasutnak.pdf HTTP/1.1" 206 65536 "http://www.google.sk/url?sa=t&rct=j&q=&esrc=s&source=web&cd=11&ved=0CB4QFjAAOAo&url=http%3A%2F%2Fwww.mkk.zpok.hu%2Fdoc%2Feletet-a-vasutnak.pdf&ei=yB6DVYCPFMyvUbqdgHA&usg=AFQjCNG1-4AE0MlC_w0xXm1SQ46aV__Lww&sig2=4KdMnHhpb3207NGJeRFwpA&bvm=bv.96041959,d.d24&cad=rja" "Mozilla/5.0 (Windows NT 6.1; rv:33.0) Gecko/20100101 Firefox/33.0"
178.41.160.15 - - [18/Jun/2015:21:41:23 +0200] "GET /doc/eletet-a-vasutnak.pdf HTTP/1.1" 206 65536 "http://www.google.sk/url?sa=t&rct=j&q=&esrc=s&source=web&cd=11&ved=0CB4QFjAAOAo&url=http%3A%2F%2Fwww.mkk.zpok.hu%2Fdoc%2Feletet-a-vasutnak.pdf&ei=yB6DVYCPFMyvUbqdgHA&usg=AFQjCNG1-4AE0MlC_w0xXm1SQ46aV__Lww&sig2=4KdMnHhpb3207NGJeRFwpA&bvm=bv.96041959,d.d24&cad=rja" "Mozilla/5.0 (Windows NT 6.1; rv:33.0) Gecko/20100101 Firefox/33.0"
178.41.160.15 - - [18/Jun/2015:21:41:23 +0200] "GET /doc/eletet-a-vasutnak.pdf HTTP/1.1" 206 65536 "http://www.google.sk/url?sa=t&rct=j&q=&esrc=s&source=web&cd=11&ved=0CB4QFjAAOAo&url=http%3A%2F%2Fwww.mkk.zpok.hu%2Fdoc%2Feletet-a-vasutnak.pdf&ei=yB6DVYCPFMyvUbqdgHA&usg=AFQjCNG1-4AE0MlC_w0xXm1SQ46aV__Lww&sig2=4KdMnHhpb3207NGJeRFwpA&bvm=bv.96041959,d.d24&cad=rja" "Mozilla/5.0 (Windows NT 6.1; rv:33.0) Gecko/20100101 Firefox/33.0"
178.41.160.15 - - [18/Jun/2015:21:41:24 +0200] "GET /doc/eletet-a-vasutnak.pdf HTTP/1.1" 206 65536 "http://www.google.sk/url?sa=t&rct=j&q=&esrc=s&source=web&cd=11&ved=0CB4QFjAAOAo&url=http%3A%2F%2Fwww.mkk.zpok.hu%2Fdoc%2Feletet-a-vasutnak.pdf&ei=yB6DVYCPFMyvUbqdgHA&usg=AFQjCNG1-4AE0MlC_w0xXm1SQ46aV__Lww&sig2=4KdMnHhpb3207NGJeRFwpA&bvm=bv.96041959,d.d24&cad=rja" "Mozilla/5.0 (Windows NT 6.1; rv:33.0) Gecko/20100101 Firefox/33.0"
178.41.160.15 - - [18/Jun/2015:21:41:24 +0200] "GET /doc/eletet-a-vasutnak.pdf HTTP/1.1" 206 65536 "http://www.google.sk/url?sa=t&rct=j&q=&esrc=s&source=web&cd=11&ved=0CB4QFjAAOAo&url=http%3A%2F%2Fwww.mkk.zpok.hu%2Fdoc%2Feletet-a-vasutnak.pdf&ei=yB6DVYCPFMyvUbqdgHA&usg=AFQjCNG1-4AE0MlC_w0xXm1SQ46aV__Lww&sig2=4KdMnHhpb3207NGJeRFwpA&bvm=bv.96041959,d.d24&cad=rja" "Mozilla/5.0 (Windows NT 6.1; rv:33.0) Gecko/20100101 Firefox/33.0"
178.41.160.15 - - [18/Jun/2015:21:41:24 +0200] "GET /doc/eletet-a-vasutnak.pdf HTTP/1.1" 206 65536 "http://www.google.sk/url?sa=t&rct=j&q=&esrc=s&source=web&cd=11&ved=0CB4QFjAAOAo&url=http%3A%2F%2Fwww.mkk.zpok.hu%2Fdoc%2Feletet-a-vasutnak.pdf&ei=yB6DVYCPFMyvUbqdgHA&usg=AFQjCNG1-4AE0MlC_w0xXm1SQ46aV__Lww&sig2=4KdMnHhpb3207NGJeRFwpA&bvm=bv.96041959,d.d24&cad=rja" "Mozilla/5.0 (Windows NT 6.1; rv:33.0) Gecko/20100101 Firefox/33.0"
178.41.160.15 - - [18/Jun/2015:21:41:24 +0200] "GET /doc/eletet-a-vasutnak.pdf HTTP/1.1" 206 65536 "http://www.google.sk/url?sa=t&rct=j&q=&esrc=s&source=web&cd=11&ved=0CB4QFjAAOAo&url=http%3A%2F%2Fwww.mkk.zpok.hu%2Fdoc%2Feletet-a-vasutnak.pdf&ei=yB6DVYCPFMyvUbqdgHA&usg=AFQjCNG1-4AE0MlC_w0xXm1SQ46aV__Lww&sig2=4KdMnHhpb3207NGJeRFwpA&bvm=bv.96041959,d.d24&cad=rja" "Mozilla/5.0 (Windows NT 6.1; rv:33.0) Gecko/20100101 Firefox/33.0"
178.41.160.15 - - [18/Jun/2015:21:41:24 +0200] "GET /doc/eletet-a-vasutnak.pdf HTTP/1.1" 206 65536 "http://www.google.sk/url?sa=t&rct=j&q=&esrc=s&source=web&cd=11&ved=0CB4QFjAAOAo&url=http%3A%2F%2Fwww.mkk.zpok.hu%2Fdoc%2Feletet-a-vasutnak.pdf&ei=yB6DVYCPFMyvUbqdgHA&usg=AFQjCNG1-4AE0MlC_w0xXm1SQ46aV__Lww&sig2=4KdMnHhpb3207NGJeRFwpA&bvm=bv.96041959,d.d24&cad=rja" "Mozilla/5.0 (Windows NT 6.1; rv:33.0) Gecko/20100101 Firefox/33.0"
178.41.160.15 - - [18/Jun/2015:21:41:24 +0200] "GET /doc/eletet-a-vasutnak.pdf HTTP/1.1" 206 65536 "http://www.google.sk/url?sa=t&rct=j&q=&esrc=s&source=web&cd=11&ved=0CB4QFjAAOAo&url=http%3A%2F%2Fwww.mkk.zpok.hu%2Fdoc%2Feletet-a-vasutnak.pdf&ei=yB6DVYCPFMyvUbqdgHA&usg=AFQjCNG1-4AE0MlC_w0xXm1SQ46aV__Lww&sig2=4KdMnHhpb3207NGJeRFwpA&bvm=bv.96041959,d.d24&cad=rja" "Mozilla/5.0 (Windows NT 6.1; rv:33.0) Gecko/20100101 Firefox/33.0"
178.41.160.15 - - [18/Jun/2015:21:41:25 +0200] "GET /doc/eletet-a-vasutnak.pdf HTTP/1.1" 206 65536 "http://www.google.sk/url?sa=t&rct=j&q=&esrc=s&source=web&cd=11&ved=0CB4QFjAAOAo&url=http%3A%2F%2Fwww.mkk.zpok.hu%2Fdoc%2Feletet-a-vasutnak.pdf&ei=yB6DVYCPFMyvUbqdgHA&usg=AFQjCNG1-4AE0MlC_w0xXm1SQ46aV__Lww&sig2=4KdMnHhpb3207NGJeRFwpA&bvm=bv.96041959,d.d24&cad=rja" "Mozilla/5.0 (Windows NT 6.1; rv:33.0) Gecko/20100101 Firefox/33.0"
178.41.160.15 - - [18/Jun/2015:21:41:25 +0200] "GET /doc/eletet-a-vasutnak.pdf HTTP/1.1" 206 65536 "http://www.google.sk/url?sa=t&rct=j&q=&esrc=s&source=web&cd=11&ved=0CB4QFjAAOAo&url=http%3A%2F%2Fwww.mkk.zpok.hu%2Fdoc%2Feletet-a-vasutnak.pdf&ei=yB6DVYCPFMyvUbqdgHA&usg=AFQjCNG1-4AE0MlC_w0xXm1SQ46aV__Lww&sig2=4KdMnHhpb3207NGJeRFwpA&bvm=bv.96041959,d.d24&cad=rja" "Mozilla/5.0 (Windows NT 6.1; rv:33.0) Gecko/20100101 Firefox/33.0"
178.41.160.15 - - [18/Jun/2015:21:41:25 +0200] "GET /doc/eletet-a-vasutnak.pdf HTTP/1.1" 206 65536 "http://www.google.sk/url?sa=t&rct=j&q=&esrc=s&source=web&cd=11&ved=0CB4QFjAAOAo&url=http%3A%2F%2Fwww.mkk.zpok.hu%2Fdoc%2Feletet-a-vasutnak.pdf&ei=yB6DVYCPFMyvUbqdgHA&usg=AFQjCNG1-4AE0MlC_w0xXm1SQ46aV__Lww&sig2=4KdMnHhpb3207NGJeRFwpA&bvm=bv.96041959,d.d24&cad=rja" "Mozilla/5.0 (Windows NT 6.1; rv:33.0) Gecko/20100101 Firefox/33.0"
66.249.78.25 - - [18/Jun/2015:21:52:31 +0200] "GET /doc/emlekezteto_tatabanya_0327.pdf HTTP/1.1" 200 170585 "-" "Mozilla/5.0 (compatible; Googlebot/2.1; +http://www.google.com/bot.html)"
81.183.143.4 - - [18/Jun/2015:21:56:44 +0200] "GET /hirlevel/images/0907a.jpg HTTP/1.1" 200 128186 "-" "Mozilla/5.0 (Windows NT 5.1; rv:38.0) Gecko/20100101 Firefox/38.0"
94.21.179.6 - - [18/Jun/2015:21:57:10 +0200] "GET /images/vasutterkep_n.jpg HTTP/1.1" 200 4702972 "http://oterkep.blogspot.hu/2007/11/magyarorszg-vasti-trkp.html" "Mozilla/5.0 (Windows NT 6.0) AppleWebKit/537.36 (KHTML, like Gecko) Chrome/43.0.2357.124 Safari/537.36"
94.21.179.6 - - [18/Jun/2015:21:57:11 +0200] "GET /favicon.ico HTTP/1.1" 404 1181 "http://www.mkk.zpok.hu/images/vasutterkep_n.jpg" "Mozilla/5.0 (Windows NT 6.0) AppleWebKit/537.36 (KHTML, like Gecko) Chrome/43.0.2357.124 Safari/537.36"
81.209.177.189 - - [18/Jun/2015:22:01:31 +0200] "GET /robots.txt HTTP/1.1" 404 1181 "-" "netEstate NE Crawler (+http://www.website-datenbank.de/)"
81.209.177.189 - - [18/Jun/2015:22:01:39 +0200] "GET / HTTP/1.1" 200 1178 "-" "netEstate NE Crawler (+http://www.website-datenbank.de/)"
66.249.78.18 - - [18/Jun/2015:22:04:34 +0200] "GET /doc/T&E_szeptember2008.pdf HTTP/1.1" 200 58273 "-" "Mozilla/5.0 (compatible; Googlebot/2.1; +http://www.google.com/bot.html)"
188.6.190.219 - - [18/Jun/2015:22:19:05 +0200] "GET /hirlevel/godollo.jpg HTTP/1.1" 200 115555 "https://www.google.hu/" "Mozilla/5.0 (Windows NT 6.1; WOW64) AppleWebKit/537.36 (KHTML, like Gecko) Chrome/43.0.2357.124 Safari/537.36"
94.27.192.159 - - [18/Jun/2015:22:22:56 +0200] "GET /hirlevel/images/1107_e.jpg HTTP/1.1" 200 135338 "https://www.google.hu/" "Mozilla/5.0 (Windows NT 6.1; WOW64) AppleWebKit/537.36 (KHTML, like Gecko) Chrome/43.0.2357.124 Safari/537.36"
94.27.192.159 - - [18/Jun/2015:22:23:02 +0200] "GET /hirlevel/vonattal1107.htm HTTP/1.1" 200 26917 "https://www.google.hu/" "Mozilla/5.0 (Windows NT 6.1; WOW64) AppleWebKit/537.36 (KHTML, like Gecko) Chrome/43.0.2357.124 Safari/537.36"
94.27.192.159 - - [18/Jun/2015:22:23:03 +0200] "GET /hirlevel/images/1107_a.jpg HTTP/1.1" 200 54628 "http://mkk.zpok.hu/hirlevel/vonattal1107.htm" "Mozilla/5.0 (Windows NT 6.1; WOW64) AppleWebKit/537.36 (KHTML, like Gecko) Chrome/43.0.2357.124 Safari/537.36"
94.27.192.159 - - [18/Jun/2015:22:23:03 +0200] "GET /hirlevel/images/oka.jpg HTTP/1.1" 200 20942 "http://mkk.zpok.hu/hirlevel/vonattal1107.htm" "Mozilla/5.0 (Windows NT 6.1; WOW64) AppleWebKit/537.36 (KHTML, like Gecko) Chrome/43.0.2357.124 Safari/537.36"
94.27.192.159 - - [18/Jun/2015:22:23:03 +0200] "GET /hirlevel/images/1107_b.jpg HTTP/1.1" 200 83593 "http://mkk.zpok.hu/hirlevel/vonattal1107.htm" "Mozilla/5.0 (Windows NT 6.1; WOW64) AppleWebKit/537.36 (KHTML, like Gecko) Chrome/43.0.2357.124 Safari/537.36"
94.27.192.159 - - [18/Jun/2015:22:23:03 +0200] "GET /hirlevel/images/1107_c.jpg HTTP/1.1" 200 92382 "http://mkk.zpok.hu/hirlevel/vonattal1107.htm" "Mozilla/5.0 (Windows NT 6.1; WOW64) AppleWebKit/537.36 (KHTML, like Gecko) Chrome/43.0.2357.124 Safari/537.36"
94.27.192.159 - - [18/Jun/2015:22:23:03 +0200] "GET /hirlevel/images/1107_d.jpg HTTP/1.1" 200 89472 "http://mkk.zpok.hu/hirlevel/vonattal1107.htm" "Mozilla/5.0 (Windows NT 6.1; WOW64) AppleWebKit/537.36 (KHTML, like Gecko) Chrome/43.0.2357.124 Safari/537.36"
94.27.192.159 - - [18/Jun/2015:22:23:03 +0200] "GET /hirlevel/images/nca_logo_1.jpg HTTP/1.1" 200 189245 "http://mkk.zpok.hu/hirlevel/vonattal1107.htm" "Mozilla/5.0 (Windows NT 6.1; WOW64) AppleWebKit/537.36 (KHTML, like Gecko) Chrome/43.0.2357.124 Safari/537.36"
94.27.192.159 - - [18/Jun/2015:22:23:04 +0200] "GET /favicon.ico HTTP/1.1" 404 1181 "http://mkk.zpok.hu/hirlevel/vonattal1107.htm" "Mozilla/5.0 (Windows NT 6.1; WOW64) AppleWebKit/537.36 (KHTML, like Gecko) Chrome/43.0.2357.124 Safari/537.36"
94.27.192.159 - - [18/Jun/2015:22:23:04 +0200] "GET /hirlevel/images/vonattal.swf HTTP/1.1" 200 697 "http://mkk.zpok.hu/hirlevel/vonattal1107.htm" "Mozilla/5.0 (Windows NT 6.1; WOW64) AppleWebKit/537.36 (KHTML, like Gecko) Chrome/43.0.2357.124 Safari/537.36"
66.249.64.186 - - [18/Jun/2015:22:31:53 +0200] "GET /doc/legyel_te_is_buszke_kerekparos.pdf HTTP/1.1" 200 185843 "-" "SAMSUNG-SGH-E250/1.0 Profile/MIDP-2.0 Configuration/CLDC-1.1 UP.Browser/6.2.3.3.c.1.101 (GUI) MMP/2.0 (compatible; Googlebot-Mobile/2.1; +http://www.google.com/bot.html)"
66.249.78.18 - - [18/Jun/2015:22:34:42 +0200] "GET /hirlevel/vonattal1209.htm HTTP/1.1" 304 - "-" "Mozilla/5.0 (compatible; Googlebot/2.1; +http://www.google.com/bot.html)"
94.21.99.90 - - [18/Jun/2015:22:44:05 +0200] "GET /hirlevel/images/citylight_bakonyvasut_kicsi.jpg HTTP/1.1" 200 482578 "https://www.google.hu/" "Mozilla/5.0 (Windows NT 6.1) AppleWebKit/537.36 (KHTML, like Gecko) Chrome/43.0.2357.124 Safari/537.36"
66.249.78.25 - - [18/Jun/2015:22:49:45 +0200] "GET /hirlevel/vonattal1009.htm HTTP/1.1" 304 - "-" "Mozilla/5.0 (compatible; Googlebot/2.1; +http://www.google.com/bot.html)"
188.167.154.69 - - [18/Jun/2015:22:50:39 +0200] "GET /images/vasutterkep_n.jpg HTTP/1.1" 200 4702972 "-" "Mozilla/5.0 (Linux; U; Android 4.2.2; en-us; Z150 Build/JDQ39) AppleWebKit/534.30 (KHTML, like Gecko) Version/4.0 Mobile Safari/534.30 GSA/3.1.8.914827.arm"
180.76.15.20 - - [18/Jun/2015:22:51:38 +0200] "GET /doc/mkk_plakat_rgb.pdf HTTP/1.1" 200 406491 "-" "Mozilla/5.0 (compatible; Baiduspider/2.0; +http://www.baidu.com/search/spider.html)"
66.249.78.11 - - [18/Jun/2015:22:53:31 +0200] "GET /hirlevel/vonattal1112.htm HTTP/1.1" 304 - "-" "Mozilla/5.0 (compatible; Googlebot/2.1; +http://www.google.com/bot.html)"
66.249.78.11 - - [18/Jun/2015:22:56:32 +0200] "GET /hirlevel/vonattal1110.html HTTP/1.1" 304 - "-" "Mozilla/5.0 (compatible; Googlebot/2.1; +http://www.google.com/bot.html)"
66.249.78.25 - - [18/Jun/2015:23:00:18 +0200] "GET /doc/ohat_201403.pdf HTTP/1.1" 304 - "-" "Mozilla/5.0 (compatible; Googlebot/2.1; +http://www.google.com/bot.html)"
78.46.156.169 - - [18/Jun/2015:23:24:03 +0200] "GET /doc/andreas_geissler.ppt HTTP/1.1" 404 1181 "-" "Mozilla/5.0 (Windows NT 6.1; rv:21.0) Gecko/20130401 Firefox/21.0"
66.249.78.25 - - [18/Jun/2015:23:33:26 +0200] "GET /hirlevel/vonattal0911.htm HTTP/1.1" 200 41812 "-" "Mozilla/5.0 (compatible; Googlebot/2.1; +http://www.google.com/bot.html)"
66.249.78.18 - - [18/Jun/2015:23:36:57 +0200] "GET /hirlevel/vonattal1010_1.htm HTTP/1.1" 200 29761 "-" "SAMSUNG-SGH-E250/1.0 Profile/MIDP-2.0 Configuration/CLDC-1.1 UP.Browser/6.2.3.3.c.1.101 (GUI) MMP/2.0 (compatible; Googlebot-Mobile/2.1; +http://www.google.com/bot.html)"
66.249.78.69 - - [18/Jun/2015:23:37:13 +0200] "GET /hirlevel/dombovar_1109.pdf HTTP/1.1" 200 57973 "-" "Mozilla/5.0 (compatible; Googlebot/2.1; +http://www.google.com/bot.html)"
84.236.107.220 - - [18/Jun/2015:23:53:23 +0200] "GET /images/vasutterkep_n.jpg HTTP/1.1" 200 4162657 "https://www.google.hu/" "Mozilla/5.0 (Windows NT 6.1) AppleWebKit/537.36 (KHTML, like Gecko) Chrome/43.0.2357.124 Safari/537.36"
84.236.107.220 - - [18/Jun/2015:23:53:40 +0200] "GET /images/vasutterkep_n.jpg HTTP/1.1" 206 1 "https://www.google.hu/" "Mozilla/5.0 (Windows NT 6.1) AppleWebKit/537.36 (KHTML, like Gecko) Chrome/43.0.2357.124 Safari/537.36"
84.236.107.220 - - [18/Jun/2015:23:53:40 +0200] "GET /images/vasutterkep_n.jpg HTTP/1.1" 206 655515 "https://www.google.hu/" "Mozilla/5.0 (Windows NT 6.1) AppleWebKit/537.36 (KHTML, like Gecko) Chrome/43.0.2357.124 Safari/537.36"
66.220.146.21 - - [18/Jun/2015:23:53:43 +0200] "GET /hirlevel/images/1209_a.jpg HTTP/1.1" 200 70610 "-" "facebookexternalhit/1.1 (+http://www.facebook.com/externalhit_uatext.php)"
207.46.13.117 - - [18/Jun/2015:23:55:34 +0200] "GET /robots.txt HTTP/1.1" 404 1181 "-" "Mozilla/5.0 (compatible; bingbot/2.0; +http://www.bing.com/bingbot.htm)"
207.46.13.117 - - [18/Jun/2015:23:55:39 +0200] "GET /doc/parameterkonyv_0804.pdf HTTP/1.1" 200 83510 "-" "Mozilla/5.0 (iPhone; CPU iPhone OS 7_0 like Mac OS X) AppleWebKit/537.51.1 (KHTML, like Gecko) Version/7.0 Mobile/11A465 Safari/9537.53 (compatible; bingbot/2.0; http://www.bing.com/bingbot.htm)"
207.46.13.114 - - [18/Jun/2015:23:56:19 +0200] "GET / HTTP/1.1" 200 1178 "-" "Mozilla/5.0 (compatible; bingbot/2.0; +http://www.bing.com/bingbot.htm)"
68.180.228.240 - - [18/Jun/2015:23:59:35 +0200] "GET /robots.txt HTTP/1.1" 404 1181 "-" "Mozilla/5.0 (compatible; Yahoo! Slurp; http://help.yahoo.com/help/us/ysearch/slurp)"
68.180.228.240 - - [18/Jun/2015:23:59:36 +0200] "GET /doc/A_kozlekedesmenedzsment_korszeru_eszkozei.pdf HTTP/1.1" 304 - "-" "Mozilla/5.0 (compatible; Yahoo! Slurp; http://help.yahoo.com/help/us/ysearch/slurp)"
66.249.78.25 - - [19/Jun/2015:00:03:34 +0200] "GET /hirlevel/hatvan-eves-az-atmeno-forgalom_1110.pdf HTTP/1.1" 304 - "-" "Mozilla/5.0 (compatible; Googlebot/2.1; +http://www.google.com/bot.html)"
66.249.78.18 - - [19/Jun/2015:00:05:05 +0200] "GET /doc/hatarmenti_infrastruktura.pdf HTTP/1.1" 200 555972 "-" "Mozilla/5.0 (compatible; Googlebot/2.1; +http://www.google.com/bot.html)"
85.238.69.15 - - [19/Jun/2015:00:08:24 +0200] "GET /doc/b2_2012_03.pdf HTTP/1.1" 200 916768 "-" "Mozilla/5.0 (compatible; MSIE 9.0; Windows NT 6.1)"
85.238.69.15 - - [19/Jun/2015:00:08:24 +0200] "GET /doc/b2_2012_03.pdf HTTP/1.1" 200 1080459 "-" "Mozilla/5.0 (compatible; MSIE 9.0; Windows NT 6.1)"
66.249.78.18 - - [19/Jun/2015:00:11:51 +0200] "GET /doc/fogadj_orokbe_egy_allomast.doc HTTP/1.1" 304 - "-" "Mozilla/5.0 (compatible; Googlebot/2.1; +http://www.google.com/bot.html)"
66.249.78.18 - - [19/Jun/2015:00:12:36 +0200] "GET /hirlevel/vasutifoto_0805.pdf HTTP/1.1" 304 - "-" "Mozilla/5.0 (compatible; Googlebot/2.1; +http://www.google.com/bot.html)"
162.243.79.37 - - [19/Jun/2015:00:12:47 +0200] "GET / HTTP/1.0" 200 1178 "-" "-"
162.243.79.37 - - [19/Jun/2015:00:12:47 +0200] "GET /wp-login.php HTTP/1.0" 404 1181 "-" "-"
162.243.79.37 - - [19/Jun/2015:00:12:48 +0200] "GET /administrator/index.php HTTP/1.0" 404 1181 "-" "-"
162.243.79.37 - - [19/Jun/2015:00:12:48 +0200] "GET /user HTTP/1.0" 404 1181 "-" "-"
162.243.79.37 - - [19/Jun/2015:00:12:49 +0200] "GET /admin.php HTTP/1.0" 404 1181 "-" "-"
180.76.15.135 - - [19/Jun/2015:00:13:28 +0200] "GET /doc/b2_2012_03.pdf HTTP/1.1" 200 589824 "-" "Mozilla/5.0 (compatible; Baiduspider/2.0; +http://www.baidu.com/search/spider.html)"
85.67.75.191 - - [19/Jun/2015:00:25:29 +0200] "GET /hirlevel/images/1101_b.jpg HTTP/1.1" 200 96584 "https://www.google.hu/" "Mozilla/5.0 (Linux; Android 5.0; SM-G900F Build/LRX21T; wv) AppleWebKit/537.36 (KHTML, like Gecko) Version/4.0 Chrome/43.0.2357.121 Mobile Safari/537.36 GSA/4.7.13.19.arm"
66.249.64.181 - - [19/Jun/2015:00:31:31 +0200] "GET /hirlevel/vonattal1107.htm HTTP/1.1" 304 - "-" "Mozilla/5.0 (iPhone; CPU iPhone OS 6_0 like Mac OS X) AppleWebKit/536.26 (KHTML, like Gecko) Version/6.0 Mobile/10A5376e Safari/8536.25 (compatible; Googlebot/2.1; +http://www.google.com/bot.html)"
180.76.15.142 - - [19/Jun/2015:00:33:49 +0200] "GET / HTTP/1.1" 200 1178 "-" "Mozilla/5.0 (compatible; Baiduspider/2.0; +http://www.baidu.com/search/spider.html)"
180.76.15.143 - - [19/Jun/2015:00:34:29 +0200] "GET / HTTP/1.1" 200 1178 "-" "Mozilla/5.0 (compatible; Baiduspider/2.0; +http://www.baidu.com/search/spider.html)"
66.249.78.18 - - [19/Jun/2015:00:49:31 +0200] "GET /hirlevel/muzeumok_1306.pdf HTTP/1.1" 200 95751 "-" "Mozilla/5.0 (compatible; Googlebot/2.1; +http://www.google.com/bot.html)"
66.249.78.18 - - [19/Jun/2015:00:53:16 +0200] "GET /doc/OT_HM.pdf HTTP/1.1" 304 - "-" "Mozilla/5.0 (compatible; Googlebot/2.1; +http://www.google.com/bot.html)"
66.249.78.11 - - [19/Jun/2015:00:54:47 +0200] "GET /doc/recs_konf_1103.pdf HTTP/1.1" 304 - "-" "Mozilla/5.0 (compatible; Googlebot/2.1; +http://www.google.com/bot.html)"
66.249.78.11 - - [19/Jun/2015:00:54:58 +0200] "GET /doc/recs_konf_1103.pdf HTTP/1.1" 304 - "-" "Mozilla/5.0 (compatible; Googlebot/2.1; +http://www.google.com/bot.html)"
66.249.78.25 - - [19/Jun/2015:01:04:34 +0200] "GET /doc/emh_konferencia_meghivo_201304.pdf HTTP/1.1" 200 93541 "-" "Mozilla/5.0 (compatible; Googlebot/2.1; +http://www.google.com/bot.html)"
123.125.71.26 - - [19/Jun/2015:01:06:36 +0200] "GET /doc/meszaros_peter.ppt HTTP/1.1" 200 75776 "-" "Mozilla/5.0 (compatible; Baiduspider/2.0; +http://www.baidu.com/search/spider.html)"
66.249.78.69 - - [19/Jun/2015:01:07:16 +0200] "GET / HTTP/1.1" 200 1178 "-" "Mozilla/5.0 (iPhone; CPU iPhone OS 6_0 like Mac OS X) AppleWebKit/536.26 (KHTML, like Gecko) Version/6.0 Mobile/10A5376e Safari/8536.25 (compatible; Googlebot/2.1; +http://www.google.com/bot.html)"
66.249.78.83 - - [19/Jun/2015:01:23:24 +0200] "GET /doc/vonatrafel_c.pdf HTTP/1.1" 304 - "-" "Mozilla/5.0 (compatible; Googlebot/2.1; +http://www.google.com/bot.html)"
157.55.39.61 - - [19/Jun/2015:01:37:35 +0200] "GET /hirlevel/images/1007b.jpg HTTP/1.1" 200 1244290 "-" "Mozilla/5.0 (compatible; bingbot/2.0; +http://www.bing.com/bingbot.htm)"
207.46.13.117 - - [19/Jun/2015:02:00:39 +0200] "GET /hirlevel/images/1206_1.jpg HTTP/1.1" 200 76727 "-" "Mozilla/5.0 (compatible; bingbot/2.0; +http://www.bing.com/bingbot.htm)"
66.249.78.11 - - [19/Jun/2015:02:31:11 +0200] "GET /hirlevel/vonattal1009.htm HTTP/1.1" 304 - "-" "Mozilla/5.0 (compatible; Googlebot/2.1; +http://www.google.com/bot.html)"
157.55.39.136 - - [19/Jun/2015:02:44:34 +0200] "GET /hirlevel/images/1112b.jpg HTTP/1.1" 200 139264 "-" "Mozilla/5.0 (compatible; bingbot/2.0; +http://www.bing.com/bingbot.htm)"
66.249.78.25 - - [19/Jun/2015:02:47:00 +0200] "GET /doc/vasutvonalak_0711.pdf HTTP/1.1" 304 - "-" "Mozilla/5.0 (compatible; Googlebot/2.1; +http://www.google.com/bot.html)"
66.249.78.18 - - [19/Jun/2015:02:47:45 +0200] "GET /hirlevel/vonattal1108.htm HTTP/1.1" 200 26684 "-" "Mozilla/5.0 (compatible; Googlebot/2.1; +http://www.google.com/bot.html)"
66.249.78.18 - - [19/Jun/2015:02:48:30 +0200] "GET /hirlevel/wp6_1006.pdf HTTP/1.1" 200 456795 "-" "Mozilla/5.0 (compatible; Googlebot/2.1; +http://www.google.com/bot.html)"
46.118.117.28 - - [19/Jun/2015:02:54:24 +0200] "GET /doc/vasuttal-budapest-kornyeken.pdf HTTP/1.0" 404 1181 "http://mkk.zpok.hu/doc/vasuttal-budapest-kornyeken.pdf" "Mozilla/5.0 (Windows NT 6.1; WOW64; rv:36.0) Gecko/20100101 Firefox/36.0"
46.118.117.28 - - [19/Jun/2015:02:54:24 +0200] "GET / HTTP/1.0" 200 1178 "http://mkk.zpok.hu/" "Mozilla/5.0 (Windows NT 6.1; WOW64; rv:36.0) Gecko/20100101 Firefox/36.0"
180.76.15.140 - - [19/Jun/2015:03:20:30 +0200] "GET /doc/varos-videk_2009.pdf HTTP/1.1" 200 622592 "-" "Mozilla/5.0 (compatible; Baiduspider/2.0; +http://www.baidu.com/search/spider.html)"
208.115.113.87 - - [19/Jun/2015:03:30:52 +0200] "GET /robots.txt HTTP/1.1" 404 1181 "-" "Mozilla/5.0 (compatible; DotBot/1.1; http://www.opensiteexplorer.org/dotbot, help@moz.com)"
66.249.78.18 - - [19/Jun/2015:03:31:26 +0200] "GET /doc/hatarmenti_infrastruktura.pdf HTTP/1.1" 304 - "-" "Mozilla/5.0 (compatible; Googlebot/2.1; +http://www.google.com/bot.html)"
66.249.78.25 - - [19/Jun/2015:03:35:57 +0200] "GET /hirlevel/muzeumok_1306.pdf HTTP/1.1" 304 - "-" "Mozilla/5.0 (compatible; Googlebot/2.1; +http://www.google.com/bot.html)"
66.249.64.181 - - [19/Jun/2015:03:36:42 +0200] "GET /doc/fogadj_orokbe_egy_allomast.doc HTTP/1.1" 304 - "-" "Mozilla/5.0 (compatible; Googlebot/2.1; +http://www.google.com/bot.html)"
66.249.78.25 - - [19/Jun/2015:03:37:27 +0200] "GET /doc/OT_HM.pdf HTTP/1.1" 304 - "-" "Mozilla/5.0 (compatible; Googlebot/2.1; +http://www.google.com/bot.html)"
66.249.78.76 - - [19/Jun/2015:03:44:59 +0200] "GET /doc/vonatrafel_c.pdf HTTP/1.1" 304 - "-" "Mozilla/5.0 (compatible; Googlebot/2.1; +http://www.google.com/bot.html)"
208.115.113.87 - - [19/Jun/2015:04:00:10 +0200] "GET /hirlevel/vonattal1107.htm HTTP/1.1" 200 26917 "-" "Mozilla/5.0 (compatible; DotBot/1.1; http://www.opensiteexplorer.org/dotbot, help@moz.com)"
66.249.78.25 - - [19/Jun/2015:04:12:06 +0200] "GET /robots.txt HTTP/1.1" 404 1181 "-" "Mozilla/5.0 (compatible; Googlebot/2.1; +http://www.google.com/bot.html)"
66.249.78.18 - - [19/Jun/2015:04:12:06 +0200] "GET /doc/147.pdf HTTP/1.1" 304 - "-" "Mozilla/5.0 (compatible; Googlebot/2.1; +http://www.google.com/bot.html)"
220.181.108.97 - - [19/Jun/2015:04:22:50 +0200] "GET /doc/barkorichard_0706222.pdf HTTP/1.1" 200 67772 "-" "Mozilla/5.0 (compatible; Baiduspider/2.0; +http://www.baidu.com/search/spider.html)"
207.46.13.114 - - [19/Jun/2015:04:24:01 +0200] "GET /hirlevel/vonattal1505.html HTTP/1.1" 200 31132 "-" "Mozilla/5.0 (compatible; bingbot/2.0; +http://www.bing.com/bingbot.htm)"
68.180.228.240 - - [19/Jun/2015:04:34:03 +0200] "GET /hirlevel/vonattal1410.html HTTP/1.1" 304 - "-" "Mozilla/5.0 (compatible; Yahoo! Slurp; http://help.yahoo.com/help/us/ysearch/slurp)"
84.1.95.74 - - [19/Jun/2015:04:37:55 +0200] "GET /favicon.ico HTTP/1.1" 404 1181 "-" "Mozilla/5.0 (X11; Ubuntu; Linux x86_64; rv:36.0) Gecko/20100101 Firefox/36.0"
84.1.95.74 - - [19/Jun/2015:04:37:55 +0200] "GET /favicon.ico HTTP/1.1" 404 1181 "-" "Mozilla/5.0 (X11; Ubuntu; Linux x86_64; rv:36.0) Gecko/20100101 Firefox/36.0"
84.1.95.74 - - [19/Jun/2015:04:38:22 +0200] "GET /hirlevel/majdan_janos_a_kozlekedes_tortenete_nagy_laszlo.pdf HTTP/1.1" 206 65536 "-" "Mozilla/5.0 (X11; Ubuntu; Linux x86_64; rv:36.0) Gecko/20100101 Firefox/36.0"
84.1.95.74 - - [19/Jun/2015:04:38:29 +0200] "GET /hirlevel/majdan_janos_a_kozlekedes_tortenete_nagy_laszlo.pdf HTTP/1.1" 206 11648 "-" "Mozilla/5.0 (X11; Ubuntu; Linux x86_64; rv:36.0) Gecko/20100101 Firefox/36.0"
84.1.95.74 - - [19/Jun/2015:04:38:43 +0200] "GET /hirlevel/majdan_janos_a_kozlekedes_tortenete_nagy_laszlo.pdf HTTP/1.1" 200 18335 "-" "Mozilla/5.0 (X11; Ubuntu; Linux x86_64; rv:36.0) Gecko/20100101 Firefox/36.0"
207.46.13.114 - - [19/Jun/2015:05:43:58 +0200] "GET /hirlevel/vonattal1503.html HTTP/1.1" 200 21721 "-" "Mozilla/5.0 (compatible; bingbot/2.0; +http://www.bing.com/bingbot.htm)"
207.46.13.114 - - [19/Jun/2015:05:43:59 +0200] "GET /hirlevel/vonattal1304.html HTTP/1.1" 200 53937 "-" "Mozilla/5.0 (compatible; bingbot/2.0; +http://www.bing.com/bingbot.htm)"
207.46.13.114 - - [19/Jun/2015:05:43:59 +0200] "GET /hirlevel/vonattal1101-02.htm HTTP/1.1" 200 29113 "-" "Mozilla/5.0 (compatible; bingbot/2.0; +http://www.bing.com/bingbot.htm)"
207.46.13.114 - - [19/Jun/2015:05:44:00 +0200] "GET /hirlevel/vonattal0812.htm HTTP/1.1" 200 33272 "-" "Mozilla/5.0 (compatible; bingbot/2.0; +http://www.bing.com/bingbot.htm)"
207.46.13.114 - - [19/Jun/2015:05:44:00 +0200] "GET /hirlevel/vonattal1306.html HTTP/1.1" 200 50271 "-" "Mozilla/5.0 (compatible; bingbot/2.0; +http://www.bing.com/bingbot.htm)"
207.46.13.114 - - [19/Jun/2015:05:44:00 +0200] "GET /hirlevel/vonattal1207.htm HTTP/1.1" 200 57936 "-" "Mozilla/5.0 (compatible; bingbot/2.0; +http://www.bing.com/bingbot.htm)"
207.46.13.114 - - [19/Jun/2015:05:44:01 +0200] "GET /hirlevel/vasuttal0806-7.htm HTTP/1.1" 200 20641 "-" "Mozilla/5.0 (compatible; bingbot/2.0; +http://www.bing.com/bingbot.htm)"
66.249.78.11 - - [19/Jun/2015:05:46:36 +0200] "GET /hirlevel/utaz%C3%B3-mack%C3%B3-ki%C3%A1ll%C3%ADt%C3%A1s_1309.pdf HTTP/1.1" 200 102594 "-" "Mozilla/5.0 (compatible; Googlebot/2.1; +http://www.google.com/bot.html)"
157.55.39.136 - - [19/Jun/2015:05:56:15 +0200] "GET /hirlevel/vonattal1204.htm HTTP/1.1" 200 31657 "-" "Mozilla/5.0 (compatible; bingbot/2.0; +http://www.bing.com/bingbot.htm)"
157.55.39.136 - - [19/Jun/2015:05:56:16 +0200] "GET /hirlevel/vonattal0810.htm HTTP/1.1" 200 36363 "-" "Mozilla/5.0 (compatible; bingbot/2.0; +http://www.bing.com/bingbot.htm)"
157.55.39.136 - - [19/Jun/2015:05:56:16 +0200] "GET /hirlevel/vonattal1010.htm HTTP/1.1" 200 41354 "-" "Mozilla/5.0 (compatible; bingbot/2.0; +http://www.bing.com/bingbot.htm)"
157.55.39.136 - - [19/Jun/2015:05:56:17 +0200] "GET /hirlevel/vonattal1408.html HTTP/1.1" 200 22601 "-" "Mozilla/5.0 (compatible; bingbot/2.0; +http://www.bing.com/bingbot.htm)"
157.55.39.136 - - [19/Jun/2015:05:56:17 +0200] "GET /hirlevel/vonattal1012.htm HTTP/1.1" 200 40274 "-" "Mozilla/5.0 (compatible; bingbot/2.0; +http://www.bing.com/bingbot.htm)"
157.55.39.136 - - [19/Jun/2015:05:56:17 +0200] "GET /hirlevel/vonattal1505.html HTTP/1.1" 200 31132 "-" "Mozilla/5.0 (compatible; bingbot/2.0; +http://www.bing.com/bingbot.htm)"
180.76.15.146 - - [19/Jun/2015:06:06:05 +0200] "GET /doc/hu_aps_positivbeispiele_aufl2_070622_klein.pdf HTTP/1.1" 200 589824 "-" "Mozilla/5.0 (compatible; Baiduspider/2.0; +http://www.baidu.com/search/spider.html)"
66.249.78.25 - - [19/Jun/2015:06:17:24 +0200] "GET /hirlevel/program_gyor-veszprem_1004.pdf HTTP/1.1" 200 667573 "-" "Mozilla/5.0 (compatible; Googlebot/2.1; +http://www.google.com/bot.html)"
68.180.228.106 - - [19/Jun/2015:06:23:19 +0200] "GET /robots.txt HTTP/1.1" 404 1181 "-" "Mozilla/5.0 (compatible; Yahoo! Slurp; http://help.yahoo.com/help/us/ysearch/slurp)"
68.180.228.106 - - [19/Jun/2015:06:23:22 +0200] "GET /doc/vonatrafel_c.pdf HTTP/1.1" 200 705296 "-" "Mozilla/5.0 (compatible; Yahoo! Slurp; http://help.yahoo.com/help/us/ysearch/slurp)"
66.249.78.76 - - [19/Jun/2015:06:27:46 +0200] "GET /robots.txt HTTP/1.1" 404 1181 "-" "Mozilla/5.0 (compatible; Googlebot/2.1; +http://www.google.com/bot.html)"
66.249.78.83 - - [19/Jun/2015:06:27:47 +0200] "GET /doc/meszaros_peter.ppt HTTP/1.1" 304 - "-" "Mozilla/5.0 (compatible; Googlebot/2.1; +http://www.google.com/bot.html)"
176.57.210.35 - - [19/Jun/2015:06:34:09 +0200] "GET /index.php?gf_page=upload HTTP/1.1" 404 1181 "-" "Mozilla/5.0 (compatible; MSIE 9.0; Windows NT 6.0; Trident/5.0)"
176.57.210.35 - - [19/Jun/2015:06:34:09 +0200] "GET /wp-admin/admin-ajax.php?action=revslider_ajax_action HTTP/1.1" 404 1181 "-" "Mozilla/5.0 (compatible; MSIE 9.0; Windows NT 6.0; Trident/5.0)"
89.145.118.56 - - [19/Jun/2015:06:52:32 +0200] "GET /index.php?gf_page=upload HTTP/1.1" 404 1181 "-" "Mozilla/5.0 (compatible; MSIE 9.0; Windows NT 6.0; Trident/5.0)"
89.145.118.56 - - [19/Jun/2015:06:52:32 +0200] "GET /wp-admin/admin-ajax.php?action=revslider_ajax_action HTTP/1.1" 404 1181 "-" "Mozilla/5.0 (compatible; MSIE 9.0; Windows NT 6.0; Trident/5.0)"
91.36.188.59 - - [19/Jun/2015:06:52:44 +0200] "GET /images/vasutterkep_n.jpg HTTP/1.1" 200 4702972 "-" "Mozilla/5.0 (Windows NT 6.3; WOW64) AppleWebKit/537.36 (KHTML, like Gecko) Chrome/43.0.2357.81 Safari/537.36 OPR/30.0.1835.59"
91.36.188.59 - - [19/Jun/2015:06:52:48 +0200] "GET /favicon.ico HTTP/1.1" 404 1181 "http://www.mkk.zpok.hu/images/vasutterkep_n.jpg" "Mozilla/5.0 (Windows NT 6.3; WOW64) AppleWebKit/537.36 (KHTML, like Gecko) Chrome/43.0.2357.81 Safari/537.36 OPR/30.0.1835.59"
157.55.39.61 - - [19/Jun/2015:06:59:08 +0200] "GET /robots.txt HTTP/1.1" 404 1181 "-" "Mozilla/5.0 (compatible; bingbot/2.0; +http://www.bing.com/bingbot.htm)"
157.55.39.61 - - [19/Jun/2015:07:00:54 +0200] "GET /doc/vasuttal-budapest-kornyeken.pdf HTTP/1.1" 404 1181 "-" "Mozilla/5.0 (iPhone; CPU iPhone OS 7_0 like Mac OS X) AppleWebKit/537.51.1 (KHTML, like Gecko) Version/7.0 Mobile/11A465 Safari/9537.53 (compatible; bingbot/2.0; http://www.bing.com/bingbot.htm)"
66.249.78.76 - - [19/Jun/2015:07:04:48 +0200] "GET /doc/kozh11.pdf HTTP/1.1" 200 280053 "-" "Mozilla/5.0 (iPhone; CPU iPhone OS 6_0 like Mac OS X) AppleWebKit/536.26 (KHTML, like Gecko) Version/6.0 Mobile/10A5376e Safari/8536.25 (compatible; Googlebot/2.1; +http://www.google.com/bot.html)"
94.44.254.39 - - [19/Jun/2015:07:46:15 +0200] "GET /images/vasutterkep_n.jpg HTTP/1.1" 206 1 "https://www.google.hu/" "Mozilla/5.0 (Windows NT 6.1; WOW64) AppleWebKit/537.36 (KHTML, like Gecko) Chrome/43.0.2357.124 Safari/537.36"
94.44.254.39 - - [19/Jun/2015:07:46:20 +0200] "GET /images/vasutterkep_n.jpg HTTP/1.1" 206 3655264 "https://www.google.hu/" "Mozilla/5.0 (Windows NT 6.1; WOW64) AppleWebKit/537.36 (KHTML, like Gecko) Chrome/43.0.2357.124 Safari/537.36"
94.44.254.39 - - [19/Jun/2015:07:46:27 +0200] "GET /images/vasutterkep_n.jpg HTTP/1.1" 206 1 "https://www.google.hu/" "Mozilla/5.0 (Windows NT 6.1; WOW64) AppleWebKit/537.36 (KHTML, like Gecko) Chrome/43.0.2357.124 Safari/537.36"
94.44.254.39 - - [19/Jun/2015:07:46:29 +0200] "GET /images/vasutterkep_n.jpg HTTP/1.1" 206 1951316 "https://www.google.hu/" "Mozilla/5.0 (Windows NT 6.1; WOW64) AppleWebKit/537.36 (KHTML, like Gecko) Chrome/43.0.2357.124 Safari/537.36"
94.44.254.39 - - [19/Jun/2015:07:46:39 +0200] "GET /images/vasutterkep_n.jpg HTTP/1.1" 200 1071312 "https://www.google.hu/" "Mozilla/5.0 (Windows NT 6.1; WOW64) AppleWebKit/537.36 (KHTML, like Gecko) Chrome/43.0.2357.124 Safari/537.36"
188.165.15.121 - - [19/Jun/2015:08:02:48 +0200] "GET / HTTP/1.1" 200 1178 "-" "Mozilla/5.0 (compatible; AhrefsBot/5.0; +http://ahrefs.com/robot/)"
81.183.155.58 - - [19/Jun/2015:08:13:04 +0200] "GET /images/vasutterkep_n.jpg HTTP/1.1" 200 4702972 "https://www.google.hu/" "Mozilla/5.0 (Windows NT 5.1) AppleWebKit/537.36 (KHTML, like Gecko) Chrome/43.0.2357.124 Safari/537.36"
66.249.78.11 - - [19/Jun/2015:08:13:56 +0200] "GET /hirlevel/vonattal0912.htm HTTP/1.1" 304 - "-" "Mozilla/5.0 (compatible; Googlebot/2.1; +http://www.google.com/bot.html)"
92.81.151.122 - - [19/Jun/2015:08:17:41 +0200] "GET /images/vasutterkep_n.jpg HTTP/1.1" 200 4702972 "https://www.google.ro/" "Mozilla/5.0 (Windows NT 6.1) AppleWebKit/537.36 (KHTML, like Gecko) Chrome/43.0.2357.124 Safari/537.36"
68.180.228.240 - - [19/Jun/2015:08:42:26 +0200] "GET /doc/Honig_level_20091104.pdf HTTP/1.1" 304 - "-" "Mozilla/5.0 (compatible; Yahoo! Slurp; http://help.yahoo.com/help/us/ysearch/slurp)"
87.197.98.182 - - [19/Jun/2015:08:46:30 +0200] "GET /images/vasutterkep_n.jpg HTTP/1.1" 200 4702972 "-" "Mozilla/5.0 (Windows NT 6.1; rv:38.0) Gecko/20100101 Firefox/38.0"
171.19.10.2 - - [19/Jun/2015:08:53:31 +0200] "GET /images/vasutterkep_n.jpg HTTP/1.1" 200 3991209 "-" "Mozilla/5.0 (Windows NT 6.1; WOW64; rv:31.0) Gecko/20100101 Firefox/31.0"
5.172.247.227 - - [19/Jun/2015:08:54:34 +0200] "GET /images/vasutterkep_n.jpg HTTP/1.1" 200 34657 "-" "Mozilla/5.0 (Windows NT 6.1; rv:38.0) Gecko/20100101 Firefox/38.0"
5.172.247.227 - - [19/Jun/2015:08:55:50 +0200] "GET /images/vasutterkep_n.jpg HTTP/1.1" 206 4685835 "http://www.google.pl/url?sa=i&rct=j&q=&esrc=s&source=images&cd=&ved=0CAQQjBw&url=http%3A%2F%2Fwww.mkk.zpok.hu%2Fimages%2Fvasutterkep_n.jpg&ei=oryDVeyaF8uesAHbsYLwCw&psig=AFQjCNFwhz4gin_eke6drcfJAGk_B8zkfA&ust=1434783206220193" "Mozilla/5.0 (Windows NT 6.1; rv:38.0) Gecko/20100101 Firefox/38.0"
5.172.247.227 - - [19/Jun/2015:08:55:53 +0200] "GET /favicon.ico HTTP/1.1" 404 1181 "-" "Mozilla/5.0 (Windows NT 6.1; rv:38.0) Gecko/20100101 Firefox/38.0"
5.172.247.227 - - [19/Jun/2015:08:55:53 +0200] "GET /favicon.ico HTTP/1.1" 404 1181 "-" "Mozilla/5.0 (Windows NT 6.1; rv:38.0) Gecko/20100101 Firefox/38.0"
171.19.10.2 - - [19/Jun/2015:09:03:03 +0200] "GET /images/vasutterkep_n.jpg HTTP/1.1" 200 4702972 "-" "Mozilla/5.0 (Windows NT 6.1; WOW64; rv:31.0) Gecko/20100101 Firefox/31.0"
