207.46.13.99 - - [02/Jun/2015:11:23:39 +0200] "GET /doc/vonattal_tisza-tohoz_2010.pdf HTTP/1.1" 200 558271 "-" "Mozilla/5.0 (iPhone; CPU iPhone OS 7_0 like Mac OS X) AppleWebKit/537.51.1 (KHTML, like Gecko) Version/7.0 Mobile/11A465 Safari/9537.53 (compatible; bingbot/2.0; http://www.bing.com/bingbot.htm)"
207.46.13.99 - - [02/Jun/2015:11:23:39 +0200] "GET /hirlevel/vonattal1505.html HTTP/1.1" 200 31132 "-" "Mozilla/5.0 (compatible; bingbot/2.0; +http://www.bing.com/bingbot.htm)"
207.46.13.99 - - [02/Jun/2015:11:23:40 +0200] "GET /hirlevel/images/1311a.jpg HTTP/1.1" 200 99711 "-" "msnbot-media/1.1 (+http://search.msn.com/msnbot.htm)"
208.115.113.87 - - [02/Jun/2015:11:28:49 +0200] "GET /robots.txt HTTP/1.1" 404 1181 "-" "Mozilla/5.0 (compatible; DotBot/1.1; http://www.opensiteexplorer.org/dotbot, help@moz.com)"
193.68.41.17 - - [02/Jun/2015:11:28:57 +0200] "GET /hirlevel/vonattal1505.html HTTP/1.1" 200 31132 "http://web-26.citromail.hu/index.php" "Mozilla/5.0 (Windows NT 6.1) AppleWebKit/537.17 (KHTML, like Gecko) Chrome/24.0.1312.57 Safari/537.17"
193.68.41.17 - - [02/Jun/2015:11:28:57 +0200] "GET /hirlevel/NCTA_tamogato_es_lebonyolito_logosor.jpg HTTP/1.1" 200 22139 "http://mkk.zpok.hu/hirlevel/vonattal1505.html" "Mozilla/5.0 (Windows NT 6.1) AppleWebKit/537.17 (KHTML, like Gecko) Chrome/24.0.1312.57 Safari/537.17"
193.68.41.17 - - [02/Jun/2015:11:28:57 +0200] "GET /hirlevel/images/gadoros.png HTTP/1.1" 200 111355 "http://mkk.zpok.hu/hirlevel/vonattal1505.html" "Mozilla/5.0 (Windows NT 6.1) AppleWebKit/537.17 (KHTML, like Gecko) Chrome/24.0.1312.57 Safari/537.17"
193.68.41.17 - - [02/Jun/2015:11:28:57 +0200] "GET /hirlevel/images/jaszboldoghaza.jpg HTTP/1.1" 200 101033 "http://mkk.zpok.hu/hirlevel/vonattal1505.html" "Mozilla/5.0 (Windows NT 6.1) AppleWebKit/537.17 (KHTML, like Gecko) Chrome/24.0.1312.57 Safari/537.17"
193.68.41.17 - - [02/Jun/2015:11:28:58 +0200] "GET /hirlevel/images/avidekkozlekedeseert.swf HTTP/1.1" 200 5063 "http://mkk.zpok.hu/hirlevel/vonattal1505.html" "Mozilla/5.0 (Windows NT 6.1) AppleWebKit/537.17 (KHTML, like Gecko) Chrome/24.0.1312.57 Safari/537.17"
193.68.41.17 - - [02/Jun/2015:11:28:58 +0200] "GET /favicon.ico HTTP/1.1" 404 1181 "-" "Mozilla/5.0 (Windows NT 6.1) AppleWebKit/537.17 (KHTML, like Gecko) Chrome/24.0.1312.57 Safari/537.17"
86.59.252.173 - - [02/Jun/2015:11:29:54 +0200] "GET /doc/vasuttal-budapest-kornyeken.pdf HTTP/1.1" 404 1181 "http://www.google.hu/url?sa=t&rct=j&q=&esrc=s&source=web&cd=2&ved=0CCQQFjAB&url=http%3A%2F%2Fwww.mkk.zpok.hu%2Fdoc%2Fvasuttal-budapest-kornyeken.pdf&ei=iXdtVYDWOYe7UZqkgIAE&usg=AFQjCNGA_IywASBnFtoPx6DlmRUfxjoaHA&bvm=bv.94455598,bs.1,d.bGg" "Mozilla/5.0 (Windows NT 6.1; WOW64; Trident/7.0; rv:11.0) like Gecko"
86.59.252.173 - - [02/Jun/2015:11:29:55 +0200] "GET /favicon.ico HTTP/1.1" 404 1181 "-" "Mozilla/5.0 (Windows NT 6.1; WOW64; Trident/7.0; rv:11.0) like Gecko"
157.55.39.189 - - [02/Jun/2015:11:33:16 +0200] "GET /robots.txt HTTP/1.1" 404 1181 "-" "Mozilla/5.0 (compatible; bingbot/2.0; +http://www.bing.com/bingbot.htm)"
157.55.39.189 - - [02/Jun/2015:11:36:39 +0200] "GET /hirlevel/images/Okotars_fekvo_szines.jpg HTTP/1.1" 200 98627 "-" "msnbot-media/1.1 (+http://search.msn.com/msnbot.htm)"
157.55.39.81 - - [02/Jun/2015:11:40:29 +0200] "GET /hirlevel/images/0903b.jpg HTTP/1.1" 200 64297 "-" "msnbot-media/1.1 (+http://search.msn.com/msnbot.htm)"
157.55.39.189 - - [02/Jun/2015:11:42:23 +0200] "GET /hirlevel/images/sokanrecsken.jpg HTTP/1.1" 200 50116 "-" "msnbot-media/1.1 (+http://search.msn.com/msnbot.htm)"
157.55.39.81 - - [02/Jun/2015:11:44:52 +0200] "GET /hirlevel/images/0912f.jpg HTTP/1.1" 200 35205 "-" "msnbot-media/1.1 (+http://search.msn.com/msnbot.htm)"
157.55.39.81 - - [02/Jun/2015:11:49:20 +0200] "GET /hirlevel/images/hajdusamson.jpg HTTP/1.1" 200 47572 "-" "msnbot-media/1.1 (+http://search.msn.com/msnbot.htm)"
157.55.39.189 - - [02/Jun/2015:11:49:23 +0200] "GET /robots.txt HTTP/1.1" 404 1181 "-" "Mozilla/5.0 (compatible; bingbot/2.0; +http://www.bing.com/bingbot.htm)"
81.182.217.8 - - [02/Jun/2015:11:50:43 +0200] "GET /doc/tisza-to_szoroanyag_2012.pdf HTTP/1.1" 200 890943 "http://www.google.hu/url?sa=t&rct=j&q=&esrc=s&source=web&cd=5&ved=0CDcQFjAE&url=http%3A%2F%2Fmkk.zpok.hu%2Fdoc%2Ftisza-to_szoroanyag_2012.pdf&ei=6HttVcmUHYLXUYvGgKAI&usg=AFQjCNESnamwfPnBA0n7BtVNOVGR6mX5eA&bvm=bv.94455598,bs.1,d.bGQ" "Mozilla/5.0 (Windows NT 5.1; rv:38.0) Gecko/20100101 Firefox/38.0"
81.182.217.8 - - [02/Jun/2015:11:50:43 +0200] "GET /favicon.ico HTTP/1.1" 404 1181 "-" "Mozilla/5.0 (Windows NT 5.1; rv:38.0) Gecko/20100101 Firefox/38.0"
81.182.217.8 - - [02/Jun/2015:11:50:43 +0200] "GET /favicon.ico HTTP/1.1" 404 1181 "-" "Mozilla/5.0 (Windows NT 5.1; rv:38.0) Gecko/20100101 Firefox/38.0"
81.182.217.8 - - [02/Jun/2015:11:50:43 +0200] "GET /doc/tisza-to_szoroanyag_2012.pdf HTTP/1.1" 206 65536 "http://www.google.hu/url?sa=t&rct=j&q=&esrc=s&source=web&cd=5&ved=0CDcQFjAE&url=http%3A%2F%2Fmkk.zpok.hu%2Fdoc%2Ftisza-to_szoroanyag_2012.pdf&ei=6HttVcmUHYLXUYvGgKAI&usg=AFQjCNESnamwfPnBA0n7BtVNOVGR6mX5eA&bvm=bv.94455598,bs.1,d.bGQ" "Mozilla/5.0 (Windows NT 5.1; rv:38.0) Gecko/20100101 Firefox/38.0"
81.182.217.8 - - [02/Jun/2015:11:50:44 +0200] "GET /doc/tisza-to_szoroanyag_2012.pdf HTTP/1.1" 206 38975 "http://www.google.hu/url?sa=t&rct=j&q=&esrc=s&source=web&cd=5&ved=0CDcQFjAE&url=http%3A%2F%2Fmkk.zpok.hu%2Fdoc%2Ftisza-to_szoroanyag_2012.pdf&ei=6HttVcmUHYLXUYvGgKAI&usg=AFQjCNESnamwfPnBA0n7BtVNOVGR6mX5eA&bvm=bv.94455598,bs.1,d.bGQ" "Mozilla/5.0 (Windows NT 5.1; rv:38.0) Gecko/20100101 Firefox/38.0"
157.55.39.81 - - [02/Jun/2015:11:50:55 +0200] "GET /hirlevel/images/vonattal.jpg HTTP/1.1" 200 28748 "-" "msnbot-media/1.1 (+http://search.msn.com/msnbot.htm)"
208.115.113.87 - - [02/Jun/2015:11:52:55 +0200] "GET /hirlevel/vonattal1007.htm HTTP/1.1" 200 27837 "-" "Mozilla/5.0 (compatible; DotBot/1.1; http://www.opensiteexplorer.org/dotbot, help@moz.com)"
157.55.39.190 - - [02/Jun/2015:11:53:41 +0200] "GET /hirlevel/images/0812f.jpg HTTP/1.1" 200 28022 "-" "msnbot-media/1.1 (+http://search.msn.com/msnbot.htm)"
31.46.247.106 - - [02/Jun/2015:11:53:55 +0200] "GET /hirlevel/vonattal1505.html HTTP/1.1" 200 31132 "http://inda16.indamail.hu/index.php?utm_source=inda16.indamail.hu&utm_medium=referral&utm_content=/index.php&utm_campaign=(referral)&nav=" "Mozilla/5.0 (Windows NT 5.1) AppleWebKit/537.36 (KHTML, like Gecko) Chrome/43.0.2357.81 Safari/537.36"
31.46.247.106 - - [02/Jun/2015:11:53:56 +0200] "GET /hirlevel/NCTA_tamogato_es_lebonyolito_logosor.jpg HTTP/1.1" 200 22139 "http://mkk.zpok.hu/hirlevel/vonattal1505.html" "Mozilla/5.0 (Windows NT 5.1) AppleWebKit/537.36 (KHTML, like Gecko) Chrome/43.0.2357.81 Safari/537.36"
31.46.247.106 - - [02/Jun/2015:11:53:56 +0200] "GET /hirlevel/images/jaszboldoghaza.jpg HTTP/1.1" 200 101033 "http://mkk.zpok.hu/hirlevel/vonattal1505.html" "Mozilla/5.0 (Windows NT 5.1) AppleWebKit/537.36 (KHTML, like Gecko) Chrome/43.0.2357.81 Safari/537.36"
31.46.247.106 - - [02/Jun/2015:11:53:56 +0200] "GET /hirlevel/images/gadoros.png HTTP/1.1" 200 111355 "http://mkk.zpok.hu/hirlevel/vonattal1505.html" "Mozilla/5.0 (Windows NT 5.1) AppleWebKit/537.36 (KHTML, like Gecko) Chrome/43.0.2357.81 Safari/537.36"
31.46.247.106 - - [02/Jun/2015:11:53:57 +0200] "GET /favicon.ico HTTP/1.1" 404 1181 "http://mkk.zpok.hu/hirlevel/vonattal1505.html" "Mozilla/5.0 (Windows NT 5.1) AppleWebKit/537.36 (KHTML, like Gecko) Chrome/43.0.2357.81 Safari/537.36"
31.46.247.106 - - [02/Jun/2015:11:53:57 +0200] "GET /hirlevel/images/avidekkozlekedeseert.swf HTTP/1.1" 200 5063 "http://mkk.zpok.hu/hirlevel/vonattal1505.html" "Mozilla/5.0 (Windows NT 5.1) AppleWebKit/537.36 (KHTML, like Gecko) Chrome/43.0.2357.81 Safari/537.36"
157.55.39.190 - - [02/Jun/2015:11:54:09 +0200] "GET /hirlevel/images/citylight_bakonyvasut_kicsi.jpg HTTP/1.1" 200 482578 "-" "msnbot-media/1.1 (+http://search.msn.com/msnbot.htm)"
193.6.7.183 - - [02/Jun/2015:11:54:54 +0200] "GET /images/vasutterkep_n.jpg HTTP/1.1" 200 4702972 "-" "Mozilla/5.0 (Windows NT 5.1; rv:37.0) Gecko/20100101 Firefox/37.0"
157.55.39.81 - - [02/Jun/2015:11:55:18 +0200] "GET /robots.txt HTTP/1.1" 404 1181 "-" "Mozilla/5.0 (compatible; bingbot/2.0; +http://www.bing.com/bingbot.htm)"
157.55.39.81 - - [02/Jun/2015:11:55:23 +0200] "GET /hirlevel/images/1410_f.jpg HTTP/1.1" 200 33052 "-" "msnbot-media/1.1 (+http://search.msn.com/msnbot.htm)"
157.55.39.190 - - [02/Jun/2015:11:55:42 +0200] "GET /hirlevel/images/1410_h.jpg HTTP/1.1" 200 23784 "-" "msnbot-media/1.1 (+http://search.msn.com/msnbot.htm)"
157.55.39.190 - - [02/Jun/2015:11:55:43 +0200] "GET /hirlevel/images/1304_c.jpg HTTP/1.1" 200 30319 "-" "msnbot-media/1.1 (+http://search.msn.com/msnbot.htm)"
157.55.39.81 - - [02/Jun/2015:11:58:55 +0200] "GET /hirlevel/konferencia_program-szallasok_tapolca.pdf HTTP/1.1" 200 137963 "-" "Mozilla/5.0 (iPhone; CPU iPhone OS 7_0 like Mac OS X) AppleWebKit/537.51.1 (KHTML, like Gecko) Version/7.0 Mobile/11A465 Safari/9537.53 (compatible; bingbot/2.0; http://www.bing.com/bingbot.htm)"
86.59.185.118 - - [02/Jun/2015:11:59:56 +0200] "GET /images/vasutterkep_n.jpg HTTP/1.1" 200 4702972 "-" "Mozilla/5.0 (Windows NT 5.1; rv:38.0) Gecko/20100101 Firefox/38.0"
157.55.39.81 - - [02/Jun/2015:12:00:17 +0200] "GET /hirlevel/images/1410_u.jpg HTTP/1.1" 200 248000 "-" "msnbot-media/1.1 (+http://search.msn.com/msnbot.htm)"
157.55.39.81 - - [02/Jun/2015:12:02:13 +0200] "GET /hirlevel/images/0812d.jpg HTTP/1.1" 200 39967 "-" "msnbot-media/1.1 (+http://search.msn.com/msnbot.htm)"
157.55.39.81 - - [02/Jun/2015:12:04:46 +0200] "GET /robots.txt HTTP/1.1" 404 1181 "-" "Mozilla/5.0 (compatible; bingbot/2.0; +http://www.bing.com/bingbot.htm)"
157.55.39.81 - - [02/Jun/2015:12:04:56 +0200] "GET /hirlevel/images/zajta_201012.jpg HTTP/1.1" 200 1004287 "-" "msnbot-media/1.1 (+http://search.msn.com/msnbot.htm)"
157.55.39.189 - - [02/Jun/2015:12:05:21 +0200] "GET /hirlevel/images/1112b.jpg HTTP/1.1" 200 139264 "-" "msnbot-media/1.1 (+http://search.msn.com/msnbot.htm)"
157.55.39.118 - - [02/Jun/2015:12:06:36 +0200] "GET /hirlevel/images/ot2005.jpg HTTP/1.1" 200 37687 "-" "msnbot-media/1.1 (+http://search.msn.com/msnbot.htm)"
213.181.197.92 - - [02/Jun/2015:12:07:45 +0200] "GET /hirlevel/vonattal1505.html HTTP/1.1" 200 31132 "-" "Mozilla/5.0 (Windows NT 6.1) AppleWebKit/537.36 (KHTML, like Gecko) Chrome/43.0.2357.81 Safari/537.36"
213.181.197.92 - - [02/Jun/2015:12:07:45 +0200] "GET /hirlevel/NCTA_tamogato_es_lebonyolito_logosor.jpg HTTP/1.1" 200 22139 "http://mkk.zpok.hu/hirlevel/vonattal1505.html" "Mozilla/5.0 (Windows NT 6.1) AppleWebKit/537.36 (KHTML, like Gecko) Chrome/43.0.2357.81 Safari/537.36"
213.181.197.92 - - [02/Jun/2015:12:07:45 +0200] "GET /hirlevel/images/gadoros.png HTTP/1.1" 200 111355 "http://mkk.zpok.hu/hirlevel/vonattal1505.html" "Mozilla/5.0 (Windows NT 6.1) AppleWebKit/537.36 (KHTML, like Gecko) Chrome/43.0.2357.81 Safari/537.36"
213.181.197.92 - - [02/Jun/2015:12:07:45 +0200] "GET /hirlevel/images/jaszboldoghaza.jpg HTTP/1.1" 200 101033 "http://mkk.zpok.hu/hirlevel/vonattal1505.html" "Mozilla/5.0 (Windows NT 6.1) AppleWebKit/537.36 (KHTML, like Gecko) Chrome/43.0.2357.81 Safari/537.36"
213.181.197.92 - - [02/Jun/2015:12:07:47 +0200] "GET /favicon.ico HTTP/1.1" 404 1181 "http://mkk.zpok.hu/hirlevel/vonattal1505.html" "Mozilla/5.0 (Windows NT 6.1) AppleWebKit/537.36 (KHTML, like Gecko) Chrome/43.0.2357.81 Safari/537.36"
213.181.197.92 - - [02/Jun/2015:12:07:47 +0200] "GET /hirlevel/images/avidekkozlekedeseert.swf HTTP/1.1" 200 5063 "http://mkk.zpok.hu/hirlevel/vonattal1505.html" "Mozilla/5.0 (Windows NT 6.1) AppleWebKit/537.36 (KHTML, like Gecko) Chrome/43.0.2357.81 Safari/537.36"
157.55.39.190 - - [02/Jun/2015:12:07:57 +0200] "GET /hirlevel/images/sirok.jpg HTTP/1.1" 200 47584 "-" "msnbot-media/1.1 (+http://search.msn.com/msnbot.htm)"
157.55.39.118 - - [02/Jun/2015:12:08:40 +0200] "GET /hirlevel/images/1203_2n.jpg HTTP/1.1" 200 211652 "-" "msnbot-media/1.1 (+http://search.msn.com/msnbot.htm)"
157.55.39.118 - - [02/Jun/2015:12:08:40 +0200] "GET /hirlevel/images/1109e.jpg HTTP/1.1" 200 167091 "-" "msnbot-media/1.1 (+http://search.msn.com/msnbot.htm)"
157.55.39.118 - - [02/Jun/2015:12:08:41 +0200] "GET /hirlevel/images/1107_b.jpg HTTP/1.1" 200 83593 "-" "msnbot-media/1.1 (+http://search.msn.com/msnbot.htm)"
157.55.39.118 - - [02/Jun/2015:12:08:44 +0200] "GET /doc/feketebalog.jpg HTTP/1.1" 200 907718 "-" "msnbot-media/1.1 (+http://search.msn.com/msnbot.htm)"
157.55.39.118 - - [02/Jun/2015:12:08:44 +0200] "GET /hirlevel/images/1410_e.jpg HTTP/1.1" 200 58143 "-" "msnbot-media/1.1 (+http://search.msn.com/msnbot.htm)"
157.55.39.118 - - [02/Jun/2015:12:08:44 +0200] "GET /hirlevel/images/1109c.jpg HTTP/1.1" 200 143659 "-" "msnbot-media/1.1 (+http://search.msn.com/msnbot.htm)"
195.70.35.200 - - [02/Jun/2015:12:09:25 +0200] "GET /doc/budapest-kornyeken-vasuttal.jpg HTTP/1.1" 404 1181 "-" "Mozilla/5.0 (Windows NT 6.1; WOW64; rv:35.0) Gecko/20100101 Firefox/35.0"
157.55.39.118 - - [02/Jun/2015:12:10:15 +0200] "GET /hirlevel/images/1307_1.jpg HTTP/1.1" 200 85992 "-" "msnbot-media/1.1 (+http://search.msn.com/msnbot.htm)"
213.163.4.134 - - [02/Jun/2015:12:11:00 +0200] "GET /doc/vasuttal-budapest-kornyeken.pdf HTTP/1.0" 404 1181 "https://www.google.hu/" "Mozilla/5.0 (Windows NT 6.1) AppleWebKit/537.36 (KHTML, like Gecko) Chrome/43.0.2357.81 Safari/537.36"
213.163.4.134 - - [02/Jun/2015:12:11:00 +0200] "GET /favicon.ico HTTP/1.0" 404 1181 "http://www.mkk.zpok.hu/doc/vasuttal-budapest-kornyeken.pdf" "Mozilla/5.0 (Windows NT 6.1) AppleWebKit/537.36 (KHTML, like Gecko) Chrome/43.0.2357.81 Safari/537.36"
157.55.39.189 - - [02/Jun/2015:12:13:29 +0200] "GET /hirlevel/images/1208_EMH_logo_2012_szlogen.jpg HTTP/1.1" 200 59958 "-" "msnbot-media/1.1 (+http://search.msn.com/msnbot.htm)"
157.55.39.189 - - [02/Jun/2015:12:15:09 +0200] "GET /hirlevel/images/1410_b.jpg HTTP/1.1" 200 24544 "-" "msnbot-media/1.1 (+http://search.msn.com/msnbot.htm)"
157.55.39.189 - - [02/Jun/2015:12:17:59 +0200] "GET /hirlevel/images/201501_a.jpg HTTP/1.1" 200 37199 "-" "msnbot-media/1.1 (+http://search.msn.com/msnbot.htm)"
157.55.39.81 - - [02/Jun/2015:12:18:34 +0200] "GET /hirlevel/images/1103_f.jpg HTTP/1.1" 200 127211 "-" "msnbot-media/1.1 (+http://search.msn.com/msnbot.htm)"
157.55.39.189 - - [02/Jun/2015:12:19:02 +0200] "GET /hirlevel/images/1410_d.jpg HTTP/1.1" 200 56099 "-" "msnbot-media/1.1 (+http://search.msn.com/msnbot.htm)"
212.40.92.42 - - [02/Jun/2015:12:19:44 +0200] "GET /images/vasutterkep_n.jpg HTTP/1.1" 200 4702972 "https://www.google.hu/" "Mozilla/5.0 (Windows NT 6.3; WOW64) AppleWebKit/537.36 (KHTML, like Gecko) Chrome/43.0.2357.81 Safari/537.36"
84.236.114.89 - - [02/Jun/2015:12:19:52 +0200] "GET /hirlevel/images/1206_6.jpg HTTP/1.1" 200 181989 "http://tourhongrie.blog.hu/" "Mozilla/5.0 (Macintosh; Intel Mac OS X 10_7_5) AppleWebKit/537.78.2 (KHTML, like Gecko) Version/6.1.6 Safari/537.78.2"
213.163.4.134 - - [02/Jun/2015:12:25:42 +0200] "GET /doc/vasuttal-budapest-kornyeken.pdf HTTP/1.0" 404 1181 "https://www.google.hu/" "Mozilla/5.0 (Windows NT 6.1) AppleWebKit/537.36 (KHTML, like Gecko) Chrome/43.0.2357.81 Safari/537.36"
66.249.65.56 - - [02/Jun/2015:12:26:01 +0200] "GET /hirlevel/images/1307_2.jpg HTTP/1.1" 200 72177 "-" "Googlebot-Image/1.0"
66.249.65.50 - - [02/Jun/2015:12:27:33 +0200] "GET /hirlevel/images/1307_3.jpg HTTP/1.1" 200 173750 "-" "Googlebot-Image/1.0"
194.98.32.20 - - [02/Jun/2015:12:28:07 +0200] "GET /hirlevel/vonattal1112.htm HTTP/1.1" 200 21986 "http://www.google.fr/imgres?imgurl=http%3A%2F%2Fmkk.zpok.hu%2Fhirlevel%2Fimages%2F1112a.jpg&imgrefurl=http%3A%2F%2Fmkk.zpok.hu%2Fhirlevel%2Fvonattal1112.htm&h=340&w=250&tbnid=ahjW12JqC2TUwM%3A&zoom=1&docid=_3QTJFUC8IBI0M&ei=y4RtVdqQHoP2Uqz2gLAF&tbm=isch&iact=rc&uact=3&dur=318&page=1&start=0&ndsp=19&ved=0CCQQrQMwAQ" "Mozilla/5.0 (Windows NT 6.1; WOW64; rv:38.0) Gecko/20100101 Firefox/38.0"
194.98.32.20 - - [02/Jun/2015:12:28:07 +0200] "GET /hirlevel/images/okotars_1.jpg HTTP/1.1" 200 8192 "http://mkk.zpok.hu/hirlevel/vonattal1112.htm" "Mozilla/5.0 (Windows NT 6.1; WOW64; rv:38.0) Gecko/20100101 Firefox/38.0"
194.98.32.20 - - [02/Jun/2015:12:28:07 +0200] "GET /hirlevel/images/1112a.jpg HTTP/1.1" 200 156611 "http://www.google.fr/imgres?imgurl=http%3A%2F%2Fmkk.zpok.hu%2Fhirlevel%2Fimages%2F1112a.jpg&imgrefurl=http%3A%2F%2Fmkk.zpok.hu%2Fhirlevel%2Fvonattal1112.htm&h=340&w=250&tbnid=ahjW12JqC2TUwM%3A&zoom=1&docid=_3QTJFUC8IBI0M&ei=y4RtVdqQHoP2Uqz2gLAF&tbm=isch&iact=rc&uact=3&dur=318&page=1&start=0&ndsp=19&ved=0CCQQrQMwAQ" "Mozilla/5.0 (Windows NT 6.1; WOW64; rv:38.0) Gecko/20100101 Firefox/38.0"
194.98.32.20 - - [02/Jun/2015:12:28:08 +0200] "GET /hirlevel/images/1112b.jpg HTTP/1.1" 200 139264 "http://mkk.zpok.hu/hirlevel/vonattal1112.htm" "Mozilla/5.0 (Windows NT 6.1; WOW64; rv:38.0) Gecko/20100101 Firefox/38.0"
194.98.32.20 - - [02/Jun/2015:12:28:08 +0200] "GET /hirlevel/images/vonattal.swf HTTP/1.1" 200 697 "http://mkk.zpok.hu/hirlevel/vonattal1112.htm" "Mozilla/5.0 (Windows NT 6.1; WOW64; rv:38.0) Gecko/20100101 Firefox/38.0"
66.249.65.56 - - [02/Jun/2015:12:28:20 +0200] "GET /hirlevel/images/1307_4.jpg HTTP/1.1" 200 183594 "-" "Googlebot-Image/1.0"
207.46.13.99 - - [02/Jun/2015:12:28:23 +0200] "GET /hirlevel/images/0903c.jpg HTTP/1.1" 200 51307 "-" "msnbot-media/1.1 (+http://search.msn.com/msnbot.htm)"
207.46.13.99 - - [02/Jun/2015:12:28:23 +0200] "GET /hirlevel/images/bz_1012.jpg HTTP/1.1" 200 40021 "-" "msnbot-media/1.1 (+http://search.msn.com/msnbot.htm)"
207.46.13.99 - - [02/Jun/2015:12:28:24 +0200] "GET /hirlevel/images/1103_g.jpg HTTP/1.1" 200 72085 "-" "msnbot-media/1.1 (+http://search.msn.com/msnbot.htm)"
207.46.13.99 - - [02/Jun/2015:12:28:24 +0200] "GET /hirlevel/images/1410_a.jpg HTTP/1.1" 200 42627 "-" "msnbot-media/1.1 (+http://search.msn.com/msnbot.htm)"
157.55.39.190 - - [02/Jun/2015:12:28:45 +0200] "GET /hirlevel/images/1103_b.jpg HTTP/1.1" 200 57344 "-" "msnbot-media/1.1 (+http://search.msn.com/msnbot.htm)"
207.46.13.99 - - [02/Jun/2015:12:35:11 +0200] "GET /hirlevel/images/0809e.jpg HTTP/1.1" 200 22127 "-" "msnbot-media/1.1 (+http://search.msn.com/msnbot.htm)"
207.46.13.99 - - [02/Jun/2015:12:35:12 +0200] "GET /hirlevel/images/0809c.jpg HTTP/1.1" 200 26712 "-" "msnbot-media/1.1 (+http://search.msn.com/msnbot.htm)"
157.55.39.118 - - [02/Jun/2015:12:37:16 +0200] "GET /hirlevel/images/1410_i.jpg HTTP/1.1" 200 64133 "-" "msnbot-media/1.1 (+http://search.msn.com/msnbot.htm)"
157.55.39.118 - - [02/Jun/2015:12:37:17 +0200] "GET /hirlevel/images/1311e.png HTTP/1.1" 200 200052 "-" "msnbot-media/1.1 (+http://search.msn.com/msnbot.htm)"
195.228.33.5 - - [02/Jun/2015:12:37:19 +0200] "GET /doc/nagyvasut_tersegi_vasut.ppt HTTP/1.1" 200 52224 "http://www.google.hu/url?url=http://www.mkk.zpok.hu/doc/nagyvasut_tersegi_vasut.ppt&rct=j&frm=1&q=&esrc=s&sa=U&ei=VodtVef9JMHuUMjageAN&ved=0CBMQFjAAOB4&usg=AFQjCNHa3iLX-vHwCp721TfHj1E8GDpz4Q" "Mozilla/4.0 (compatible; MSIE 8.0; Windows NT 6.1; WOW64; Trident/4.0; SLCC2; .NET CLR 2.0.50727; .NET CLR 3.5.30729; .NET CLR 3.0.30729; Media Center PC 6.0; InfoPath.3; .NET4.0C; .NET4.0E)"
195.228.33.5 - - [02/Jun/2015:12:37:23 +0200] "OPTIONS /doc/ HTTP/1.1" 200 - "-" "Microsoft Office Protocol Discovery"
195.228.33.5 - - [02/Jun/2015:12:37:23 +0200] "HEAD /doc/nagyvasut_tersegi_vasut.ppt HTTP/1.1" 200 0 "-" "Microsoft Office Existence Discovery"
195.228.33.5 - - [02/Jun/2015:12:37:23 +0200] "HEAD /doc/nagyvasut_tersegi_vasut.ppt HTTP/1.1" 200 0 "-" "Microsoft Office Existence Discovery"
66.249.73.168 - - [02/Jun/2015:12:37:55 +0200] "GET / HTTP/1.1" 200 1178 "-" "Mozilla/5.0 (iPhone; CPU iPhone OS 6_0 like Mac OS X) AppleWebKit/536.26 (KHTML, like Gecko) Version/6.0 Mobile/10A5376e Safari/8536.25 (compatible; Googlebot/2.1; +http://www.google.com/bot.html)"
157.55.39.189 - - [02/Jun/2015:12:42:13 +0200] "GET /hirlevel/images/komaromi_erdo.jpg HTTP/1.1" 200 38195 "-" "msnbot-media/1.1 (+http://search.msn.com/msnbot.htm)"
157.55.39.243 - - [02/Jun/2015:12:42:42 +0200] "GET /hirlevel/images/0912c.jpg HTTP/1.1" 200 42356 "-" "msnbot-media/1.1 (+http://search.msn.com/msnbot.htm)"
157.55.39.243 - - [02/Jun/2015:12:43:28 +0200] "GET /hirlevel/images/1203_1.jpg HTTP/1.1" 200 15022 "-" "msnbot-media/1.1 (+http://search.msn.com/msnbot.htm)"
157.55.39.243 - - [02/Jun/2015:12:43:30 +0200] "GET /hirlevel/images/1103_e.jpg HTTP/1.1" 200 440679 "-" "msnbot-media/1.1 (+http://search.msn.com/msnbot.htm)"
85.233.98.34 - - [02/Jun/2015:12:45:40 +0200] "GET /images/vasutterkep_n.jpg HTTP/1.1" 200 4702972 "-" "Mozilla/5.0 (Windows NT 6.1; Trident/7.0; rv:11.0) like Gecko"
157.55.39.189 - - [02/Jun/2015:12:45:58 +0200] "GET /hirlevel/images/1109d.jpg HTTP/1.1" 200 6484 "-" "msnbot-media/1.1 (+http://search.msn.com/msnbot.htm)"
84.0.79.51 - - [02/Jun/2015:12:46:10 +0200] "GET /images/vasutterkep_n.jpg HTTP/1.1" 200 4702972 "http://www.pic2fly.com/Magyarorszag+Terkep.html" "Mozilla/5.0 (Windows NT 5.1) AppleWebKit/537.36 (KHTML, like Gecko) Chrome/43.0.2357.81 Safari/537.36"
66.249.65.146 - - [02/Jun/2015:12:51:22 +0200] "GET /hirlevel/images/Okotars_fekvo_szines.jpg HTTP/1.1" 200 98627 "-" "Googlebot-Image/1.0"
180.76.15.8 - - [02/Jun/2015:12:52:37 +0200] "GET /doc/utak_a_kerekparozashoz.pdf HTTP/1.1" 200 614400 "-" "Mozilla/5.0 (compatible; Baiduspider/2.0; +http://www.baidu.com/search/spider.html)"
195.199.75.174 - - [02/Jun/2015:12:52:51 +0200] "GET /images/vasutterkep_n.jpg HTTP/1.1" 200 4702972 "http://www.bing.com/images/search?q=Magyarorsz%c3%a1g+t%c3%a9rk%c3%a9p&view=detailv2&&&id=2FA4BBDE728905768810C44538BFD82D00C89667&selectedIndex=34&ccid=oPGQnCuc&simid=608029393884349124&thid=JN.N3g2t444Gj7sndcdLPpk%2bQ&mode=overlay" "Mozilla/5.0 (Windows NT 6.3; WOW64; Trident/7.0; rv:11.0) like Gecko"
62.100.230.245 - - [02/Jun/2015:12:56:59 +0200] "GET /hirlevel/images/0911d.jpg HTTP/1.1" 200 36398 "-" "Mozilla/5.0 (X11; Linux x86_64; rv:31.0) Gecko/20100101 Firefox/31.0 Iceweasel/31.5.0"
46.249.140.26 - - [02/Jun/2015:12:57:38 +0200] "GET /hirlevel/images/1307_2.jpg HTTP/1.0" 200 72177 "https://www.google.hu/" "Mozilla/5.0 (Windows NT 6.1; WOW64) AppleWebKit/537.36 (KHTML, like Gecko) Chrome/43.0.2357.81 Safari/537.36"
46.249.140.26 - - [02/Jun/2015:12:57:41 +0200] "GET /hirlevel/vonattal1307.html HTTP/1.0" 200 33563 "https://www.google.hu/" "Mozilla/5.0 (Windows NT 6.1; WOW64) AppleWebKit/537.36 (KHTML, like Gecko) Chrome/43.0.2357.81 Safari/537.36"
46.249.140.26 - - [02/Jun/2015:12:57:41 +0200] "GET /hirlevel/images/1307_1.jpg HTTP/1.0" 200 85992 "http://mkk.zpok.hu/hirlevel/vonattal1307.html" "Mozilla/5.0 (Windows NT 6.1; WOW64) AppleWebKit/537.36 (KHTML, like Gecko) Chrome/43.0.2357.81 Safari/537.36"
46.249.140.26 - - [02/Jun/2015:12:57:41 +0200] "GET /hirlevel/images/Videkfejlesztesi_miniszterium-P-arany.jpg HTTP/1.0" 200 10497 "http://mkk.zpok.hu/hirlevel/vonattal1307.html" "Mozilla/5.0 (Windows NT 6.1; WOW64) AppleWebKit/537.36 (KHTML, like Gecko) Chrome/43.0.2357.81 Safari/537.36"
46.249.140.26 - - [02/Jun/2015:12:57:41 +0200] "GET /hirlevel/images/1307_3.jpg HTTP/1.0" 200 173750 "http://mkk.zpok.hu/hirlevel/vonattal1307.html" "Mozilla/5.0 (Windows NT 6.1; WOW64) AppleWebKit/537.36 (KHTML, like Gecko) Chrome/43.0.2357.81 Safari/537.36"
46.249.140.26 - - [02/Jun/2015:12:57:41 +0200] "GET /hirlevel/images/1307_4.jpg HTTP/1.0" 200 183594 "http://mkk.zpok.hu/hirlevel/vonattal1307.html" "Mozilla/5.0 (Windows NT 6.1; WOW64) AppleWebKit/537.36 (KHTML, like Gecko) Chrome/43.0.2357.81 Safari/537.36"
46.249.140.26 - - [02/Jun/2015:12:57:41 +0200] "GET /hirlevel/images/Okotars_fekvo_szines.jpg HTTP/1.0" 200 98627 "http://mkk.zpok.hu/hirlevel/vonattal1307.html" "Mozilla/5.0 (Windows NT 6.1; WOW64) AppleWebKit/537.36 (KHTML, like Gecko) Chrome/43.0.2357.81 Safari/537.36"
46.249.140.26 - - [02/Jun/2015:12:57:41 +0200] "GET /hirlevel/images/nea_fobutton_uj.png HTTP/1.0" 200 8113 "http://mkk.zpok.hu/hirlevel/vonattal1307.html" "Mozilla/5.0 (Windows NT 6.1; WOW64) AppleWebKit/537.36 (KHTML, like Gecko) Chrome/43.0.2357.81 Safari/537.36"
46.249.140.26 - - [02/Jun/2015:12:57:42 +0200] "GET /hirlevel/images/vonattal.swf HTTP/1.0" 200 697 "http://mkk.zpok.hu/hirlevel/vonattal1307.html" "Mozilla/5.0 (Windows NT 6.1; WOW64) AppleWebKit/537.36 (KHTML, like Gecko) Chrome/43.0.2357.81 Safari/537.36"
46.249.140.26 - - [02/Jun/2015:12:57:42 +0200] "GET /favicon.ico HTTP/1.0" 404 1181 "http://mkk.zpok.hu/hirlevel/vonattal1307.html" "Mozilla/5.0 (Windows NT 6.1; WOW64) AppleWebKit/537.36 (KHTML, like Gecko) Chrome/43.0.2357.81 Safari/537.36"
62.100.230.245 - - [02/Jun/2015:12:59:39 +0200] "GET /hirlevel/images/1004e.jpg HTTP/1.1" 200 37887 "-" "Mozilla/5.0 (X11; Linux x86_64; rv:31.0) Gecko/20100101 Firefox/31.0 Iceweasel/31.5.0"
84.1.26.238 - - [02/Jun/2015:13:01:05 +0200] "GET /hirlevel/vonattal1505.html HTTP/1.1" 200 31132 "-" "Mozilla/5.0 (Windows NT 6.0) AppleWebKit/537.36 (KHTML, like Gecko) Chrome/43.0.2357.81 Safari/537.36"
84.1.26.238 - - [02/Jun/2015:13:01:05 +0200] "GET /hirlevel/NCTA_tamogato_es_lebonyolito_logosor.jpg HTTP/1.1" 200 22139 "http://mkk.zpok.hu/hirlevel/vonattal1505.html" "Mozilla/5.0 (Windows NT 6.0) AppleWebKit/537.36 (KHTML, like Gecko) Chrome/43.0.2357.81 Safari/537.36"
84.1.26.238 - - [02/Jun/2015:13:01:05 +0200] "GET /hirlevel/images/jaszboldoghaza.jpg HTTP/1.1" 200 101033 "http://mkk.zpok.hu/hirlevel/vonattal1505.html" "Mozilla/5.0 (Windows NT 6.0) AppleWebKit/537.36 (KHTML, like Gecko) Chrome/43.0.2357.81 Safari/537.36"
84.1.26.238 - - [02/Jun/2015:13:01:05 +0200] "GET /hirlevel/images/gadoros.png HTTP/1.1" 200 111355 "http://mkk.zpok.hu/hirlevel/vonattal1505.html" "Mozilla/5.0 (Windows NT 6.0) AppleWebKit/537.36 (KHTML, like Gecko) Chrome/43.0.2357.81 Safari/537.36"
84.1.26.238 - - [02/Jun/2015:13:01:06 +0200] "GET /hirlevel/images/avidekkozlekedeseert.swf HTTP/1.1" 200 5063 "http://mkk.zpok.hu/hirlevel/vonattal1505.html" "Mozilla/5.0 (Windows NT 6.0) AppleWebKit/537.36 (KHTML, like Gecko) Chrome/43.0.2357.81 Safari/537.36"
84.1.26.238 - - [02/Jun/2015:13:01:06 +0200] "GET /favicon.ico HTTP/1.1" 404 1181 "http://mkk.zpok.hu/hirlevel/vonattal1505.html" "Mozilla/5.0 (Windows NT 6.0) AppleWebKit/537.36 (KHTML, like Gecko) Chrome/43.0.2357.81 Safari/537.36"
194.149.48.254 - - [02/Jun/2015:13:02:07 +0200] "GET /hirlevel/images/1009_b.jpg.JPG HTTP/1.1" 200 119823 "-" "Mozilla/5.0 (compatible; MSIE 10.0; Windows NT 6.1; WOW64; Trident/6.0)"
157.55.39.189 - - [02/Jun/2015:13:03:15 +0200] "GET /hirlevel/images/1311d.jpg HTTP/1.1" 200 142045 "-" "msnbot-media/1.1 (+http://search.msn.com/msnbot.htm)"
195.199.75.174 - - [02/Jun/2015:13:06:35 +0200] "GET /images/vasutterkep_n.jpg HTTP/1.1" 200 4702972 "http://www.bing.com/images/search?q=magyarorsz%c3%a1g+t%c3%a9rk%c3%a9pe&view=detailv2&&&id=8F4CB69EFB84BBB863D4C214CE0439F894FF66AC&selectedIndex=15&ccid=0%2fJp09si&simid=608008232573143611&thid=JN.RkRhegolh%2bGSNVh49qvDuQ&mode=overlay" "Mozilla/5.0 (Windows NT 6.3; WOW64; Trident/7.0; rv:11.0) like Gecko"
94.125.16.11 - - [02/Jun/2015:13:07:30 +0200] "GET /images/vasutterkep_n.jpg HTTP/1.1" 200 4702972 "-" "Mozilla/5.0 (compatible; MSIE 9.0; Windows NT 6.1; WOW64; Trident/5.0)"
68.180.228.240 - - [02/Jun/2015:13:11:01 +0200] "GET /doc/nogradi_terseg_1209.pdf HTTP/1.1" 200 134152 "-" "Mozilla/5.0 (compatible; Yahoo! Slurp; http://help.yahoo.com/help/us/ysearch/slurp)"
195.228.143.98 - - [02/Jun/2015:13:19:03 +0200] "GET /doc/budapest-kornyeken-vasuttal.jpg HTTP/1.1" 404 1181 "https://www.google.hu/" "Mozilla/5.0 (Windows NT 6.1) AppleWebKit/537.36 (KHTML, like Gecko) Chrome/30.0.1599.69 Safari/537.36"
66.249.65.160 - - [02/Jun/2015:13:22:50 +0200] "GET /hirlevel/images/1007f.jpg HTTP/1.1" 200 20480 "-" "Googlebot-Image/1.0"
195.228.143.98 - - [02/Jun/2015:13:27:21 +0200] "GET /doc/budapest-kornyeken-vasuttal.jpg HTTP/1.1" 404 1181 "https://www.google.hu/" "Mozilla/5.0 (Windows NT 6.1) AppleWebKit/537.36 (KHTML, like Gecko) Chrome/30.0.1599.69 Safari/537.36"
195.228.143.98 - - [02/Jun/2015:13:27:24 +0200] "GET /doc/budapest-kornyeken-vasuttal.jpg HTTP/1.1" 404 1181 "https://www.google.hu/" "Mozilla/5.0 (Windows NT 6.1) AppleWebKit/537.36 (KHTML, like Gecko) Chrome/30.0.1599.69 Safari/537.36"
195.199.208.49 - - [02/Jun/2015:13:28:37 +0200] "GET /images/vasutterkep_n.jpg HTTP/1.1" 200 4702972 "https://www.google.hu/" "Mozilla/5.0 (Windows NT 6.1) AppleWebKit/537.36 (KHTML, like Gecko) Chrome/43.0.2357.81 Safari/537.36"
195.228.143.98 - - [02/Jun/2015:13:28:43 +0200] "GET /doc/budapest-kornyeken-vasuttal.jpg HTTP/1.1" 404 1181 "https://www.google.hu/" "Mozilla/5.0 (Windows NT 6.1) AppleWebKit/537.36 (KHTML, like Gecko) Chrome/30.0.1599.69 Safari/537.36"
157.55.39.118 - - [02/Jun/2015:13:28:49 +0200] "GET /hirlevel/Volnerlevel_120227.pdf HTTP/1.1" 200 243228 "-" "msnbot-media/1.1 (+http://search.msn.com/msnbot.htm)"
37.76.2.29 - - [02/Jun/2015:13:33:11 +0200] "GET /images/vasutterkep_n.jpg HTTP/1.1" 200 3551342 "https://www.google.hu/" "Mozilla/5.0 (Windows NT 6.1; WOW64) AppleWebKit/537.36 (KHTML, like Gecko) Chrome/43.0.2357.81 Safari/537.36"
195.228.143.98 - - [02/Jun/2015:13:34:31 +0200] "GET /doc/budapest-kornyeken-vasuttal.jpg HTTP/1.1" 404 1181 "https://www.google.hu/" "Mozilla/5.0 (Windows NT 6.1) AppleWebKit/537.36 (KHTML, like Gecko) Chrome/30.0.1599.69 Safari/537.36"
180.76.15.136 - - [02/Jun/2015:13:36:15 +0200] "GET /doc/osszefoglalo_070622.pdf HTTP/1.1" 200 67689 "-" "Mozilla/5.0 (compatible; Baiduspider/2.0; +http://www.baidu.com/search/spider.html)"
81.183.92.67 - - [02/Jun/2015:13:40:49 +0200] "GET /doc/vasuttal-budapest-kornyeken.pdf HTTP/1.1" 404 1181 "http://www.google.hu/url?sa=t&rct=j&q=&esrc=s&source=web&cd=6&ved=0CEYQFjAF&url=http%3A%2F%2Fwww.mkk.zpok.hu%2Fdoc%2Fvasuttal-budapest-kornyeken.pdf&ei=LpZtVZvgMcXbU8-ZgKAP&usg=AFQjCNGA_IywASBnFtoPx6DlmRUfxjoaHA&sig2=6NGw0GEYksPrrgeaYWA0PQ&bvm=bv.94911696,d.d24" "Mozilla/5.0 (Windows NT 5.1; rv:38.0) Gecko/20100101 Firefox/38.0"
81.183.92.67 - - [02/Jun/2015:13:40:49 +0200] "GET /favicon.ico HTTP/1.1" 404 1181 "-" "Mozilla/5.0 (Windows NT 5.1; rv:38.0) Gecko/20100101 Firefox/38.0"
81.183.92.67 - - [02/Jun/2015:13:40:49 +0200] "GET /favicon.ico HTTP/1.1" 404 1181 "-" "Mozilla/5.0 (Windows NT 5.1; rv:38.0) Gecko/20100101 Firefox/38.0"
157.55.39.81 - - [02/Jun/2015:13:43:16 +0200] "GET /doc/kozleked%C3%A9siszekcio_20150425_tokaj.pdf HTTP/1.1" 200 33693 "-" "Mozilla/5.0 (compatible; bingbot/2.0; +http://www.bing.com/bingbot.htm)"
195.228.143.98 - - [02/Jun/2015:13:44:58 +0200] "GET /doc/budapest-kornyeken-vasuttal.jpg HTTP/1.1" 404 1181 "https://www.google.hu/" "Mozilla/5.0 (Windows NT 6.1) AppleWebKit/537.36 (KHTML, like Gecko) Chrome/30.0.1599.69 Safari/537.36"
195.228.143.98 - - [02/Jun/2015:13:45:35 +0200] "GET /doc/budapest-kornyeken-vasuttal.jpg HTTP/1.1" 404 1181 "https://www.google.hu/" "Mozilla/5.0 (Windows NT 6.1) AppleWebKit/537.36 (KHTML, like Gecko) Chrome/30.0.1599.69 Safari/537.36"
195.228.143.98 - - [02/Jun/2015:13:47:29 +0200] "GET /doc/budapest-kornyeken-vasuttal.jpg HTTP/1.1" 404 1181 "https://www.google.hu/" "Mozilla/5.0 (Windows NT 6.1) AppleWebKit/537.36 (KHTML, like Gecko) Chrome/30.0.1599.69 Safari/537.36"
91.83.172.134 - - [02/Jun/2015:14:19:31 +0200] "GET /images/vasutterkep_n.jpg HTTP/1.1" 200 4702972 "-" "Mozilla/5.0 (Linux; U; Android 4.1.2; hu-hu; LG-D505 Build/JZO54K) AppleWebKit/534.30 (KHTML, like Gecko) Version/4.0 Mobile Safari/534.30 GSA/4.6.10.16.arm"
89.133.240.183 - - [02/Jun/2015:14:22:49 +0200] "GET /hirlevel/images/1103_e.jpg HTTP/1.1" 200 440679 "https://www.google.hu/" "Mozilla/5.0 (Windows NT 6.1; WOW64) AppleWebKit/537.36 (KHTML, like Gecko) Chrome/43.0.2357.81 Safari/537.36"
157.55.39.118 - - [02/Jun/2015:14:33:18 +0200] "GET /doc/kelenfold_1009.pdf HTTP/1.1" 200 2455747 "-" "Mozilla/5.0 (iPhone; CPU iPhone OS 7_0 like Mac OS X) AppleWebKit/537.51.1 (KHTML, like Gecko) Version/7.0 Mobile/11A465 Safari/9537.53 (compatible; bingbot/2.0; http://www.bing.com/bingbot.htm)"
81.183.89.54 - - [02/Jun/2015:14:42:10 +0200] "GET /hirlevel/vonattal1505.html HTTP/1.1" 200 31132 "-" "Mozilla/5.0 (Windows NT 6.1; WOW64) AppleWebKit/537.36 (KHTML, like Gecko) Chrome/43.0.2357.81 Safari/537.36"
81.183.89.54 - - [02/Jun/2015:14:42:10 +0200] "GET /hirlevel/NCTA_tamogato_es_lebonyolito_logosor.jpg HTTP/1.1" 200 22139 "http://mkk.zpok.hu/hirlevel/vonattal1505.html" "Mozilla/5.0 (Windows NT 6.1; WOW64) AppleWebKit/537.36 (KHTML, like Gecko) Chrome/43.0.2357.81 Safari/537.36"
81.183.89.54 - - [02/Jun/2015:14:42:10 +0200] "GET /hirlevel/images/jaszboldoghaza.jpg HTTP/1.1" 200 101033 "http://mkk.zpok.hu/hirlevel/vonattal1505.html" "Mozilla/5.0 (Windows NT 6.1; WOW64) AppleWebKit/537.36 (KHTML, like Gecko) Chrome/43.0.2357.81 Safari/537.36"
81.183.89.54 - - [02/Jun/2015:14:42:10 +0200] "GET /hirlevel/images/gadoros.png HTTP/1.1" 200 111355 "http://mkk.zpok.hu/hirlevel/vonattal1505.html" "Mozilla/5.0 (Windows NT 6.1; WOW64) AppleWebKit/537.36 (KHTML, like Gecko) Chrome/43.0.2357.81 Safari/537.36"
81.183.89.54 - - [02/Jun/2015:14:42:11 +0200] "GET /favicon.ico HTTP/1.1" 404 1181 "http://mkk.zpok.hu/hirlevel/vonattal1505.html" "Mozilla/5.0 (Windows NT 6.1; WOW64) AppleWebKit/537.36 (KHTML, like Gecko) Chrome/43.0.2357.81 Safari/537.36"
81.183.89.54 - - [02/Jun/2015:14:42:11 +0200] "GET /hirlevel/images/avidekkozlekedeseert.swf HTTP/1.1" 200 5063 "http://mkk.zpok.hu/hirlevel/vonattal1505.html" "Mozilla/5.0 (Windows NT 6.1; WOW64) AppleWebKit/537.36 (KHTML, like Gecko) Chrome/43.0.2357.81 Safari/537.36"
66.220.146.22 - - [02/Jun/2015:14:48:17 +0200] "GET /hirlevel/images/gadoros.png HTTP/1.1" 200 111355 "-" "facebookexternalhit/1.1 (+http://www.facebook.com/externalhit_uatext.php)"
180.76.15.30 - - [02/Jun/2015:14:50:33 +0200] "GET /doc/vkdm_bp-apaczai_20091027.pdf HTTP/1.1" 200 64794 "-" "Mozilla/5.0 (compatible; Baiduspider/2.0; +http://www.baidu.com/search/spider.html)"
185.5.228.218 - - [02/Jun/2015:14:54:53 +0200] "GET /images/vasutterkep_n.jpg HTTP/1.1" 200 3391488 "-" "Mozilla/5.0 (Windows NT 6.1; WOW64; rv:38.0) Gecko/20100101 Firefox/38.0"
157.55.39.118 - - [02/Jun/2015:15:04:56 +0200] "GET /doc/prezentacio_20150425_tokaj.pdf HTTP/1.1" 200 33693 "-" "Mozilla/5.0 (compatible; bingbot/2.0; +http://www.bing.com/bingbot.htm)"
84.0.109.107 - - [02/Jun/2015:15:08:43 +0200] "GET /doc/budapest-kornyeken-vasuttal.jpg HTTP/1.1" 404 1181 "https://www.google.hu/" "Mozilla/5.0 (X11; Linux i686) AppleWebKit/537.36 (KHTML, like Gecko) Ubuntu Chromium/39.0.2171.65 Chrome/39.0.2171.65 Safari/537.36"
84.0.109.107 - - [02/Jun/2015:15:08:54 +0200] "GET /doc/budapest-kornyeken-vasuttal.jpg HTTP/1.1" 404 1181 "https://www.google.hu/" "Mozilla/5.0 (X11; Linux i686) AppleWebKit/537.36 (KHTML, like Gecko) Ubuntu Chromium/39.0.2171.65 Chrome/39.0.2171.65 Safari/537.36"
84.0.109.107 - - [02/Jun/2015:15:08:54 +0200] "GET /favicon.ico HTTP/1.1" 404 1181 "-" "Mozilla/5.0 (X11; Linux i686) AppleWebKit/537.36 (KHTML, like Gecko) Ubuntu Chromium/39.0.2171.65 Chrome/39.0.2171.65 Safari/537.36"
66.249.65.153 - - [02/Jun/2015:15:11:42 +0200] "GET /doc/fogadj_orokbe_egy_allomast.doc HTTP/1.1" 200 195072 "-" "SAMSUNG-SGH-E250/1.0 Profile/MIDP-2.0 Configuration/CLDC-1.1 UP.Browser/6.2.3.3.c.1.101 (GUI) MMP/2.0 (compatible; Googlebot-Mobile/2.1; +http://www.google.com/bot.html)"
219.143.238.149 - - [02/Jun/2015:15:12:27 +0200] "GET / HTTP/1.0" 200 1178 "-" "nutch-1.8/Nutch-1.8"
37.191.43.1 - - [02/Jun/2015:15:12:32 +0200] "GET /doc/vasuttal-budapest-kornyeken.pdf HTTP/1.1" 404 1181 "https://www.google.hu/" "Mozilla/5.0 (Windows NT 5.1) AppleWebKit/537.36 (KHTML, like Gecko) Chrome/43.0.2357.81 Safari/537.36"
37.191.43.1 - - [02/Jun/2015:15:12:32 +0200] "GET /favicon.ico HTTP/1.1" 404 1181 "http://www.mkk.zpok.hu/doc/vasuttal-budapest-kornyeken.pdf" "Mozilla/5.0 (Windows NT 5.1) AppleWebKit/537.36 (KHTML, like Gecko) Chrome/43.0.2357.81 Safari/537.36"
157.55.39.189 - - [02/Jun/2015:15:26:34 +0200] "GET /hirlevel/szekcio_201504.pdf HTTP/1.1" 200 33694 "-" "Mozilla/5.0 (compatible; bingbot/2.0; +http://www.bing.com/bingbot.htm)"
84.1.95.2 - - [02/Jun/2015:15:32:04 +0200] "GET /hirlevel/vonattal1505.html HTTP/1.1" 200 31132 "-" "Mozilla/5.0 (Windows NT 6.1; WOW64; Trident/7.0; rv:11.0) like Gecko"
84.1.95.2 - - [02/Jun/2015:15:32:04 +0200] "GET /hirlevel/NCTA_tamogato_es_lebonyolito_logosor.jpg HTTP/1.1" 200 22139 "http://mkk.zpok.hu/hirlevel/vonattal1505.html" "Mozilla/5.0 (Windows NT 6.1; WOW64; Trident/7.0; rv:11.0) like Gecko"
84.1.95.2 - - [02/Jun/2015:15:32:04 +0200] "GET /hirlevel/images/gadoros.png HTTP/1.1" 200 111355 "http://mkk.zpok.hu/hirlevel/vonattal1505.html" "Mozilla/5.0 (Windows NT 6.1; WOW64; Trident/7.0; rv:11.0) like Gecko"
84.1.95.2 - - [02/Jun/2015:15:32:04 +0200] "GET /hirlevel/images/jaszboldoghaza.jpg HTTP/1.1" 200 101033 "http://mkk.zpok.hu/hirlevel/vonattal1505.html" "Mozilla/5.0 (Windows NT 6.1; WOW64; Trident/7.0; rv:11.0) like Gecko"
84.1.95.2 - - [02/Jun/2015:15:32:06 +0200] "HEAD /hirlevel/images/avidekkozlekedeseert.swf HTTP/1.1" 200 0 "-" "Mozilla/5.0 (Windows NT 6.1; WOW64; Trident/7.0; rv:11.0) like Gecko"
84.1.95.2 - - [02/Jun/2015:15:32:07 +0200] "GET /hirlevel/images/avidekkozlekedeseert.swf HTTP/1.1" 200 5063 "http://mkk.zpok.hu/hirlevel/vonattal1505.html" "Mozilla/5.0 (Windows NT 6.1; WOW64; Trident/7.0; rv:11.0) like Gecko"
84.1.95.2 - - [02/Jun/2015:15:32:07 +0200] "GET /favicon.ico HTTP/1.1" 404 1181 "-" "Mozilla/5.0 (Windows NT 6.1; Win64; x64; Trident/7.0; rv:11.0) like Gecko"
77.234.68.71 - - [02/Jun/2015:15:33:38 +0200] "GET /hirlevel/images/1208_katyuk.jpg HTTP/1.1" 200 46554 "https://www.google.hu/" "Mozilla/5.0 (Windows NT 6.3; Win64; x64) AppleWebKit/537.36 (KHTML, like Gecko) Chrome/43.0.2357.81 Safari/537.36"
78.92.177.79 - - [02/Jun/2015:15:36:52 +0200] "GET /hirlevel/vonattal1505.html HTTP/1.1" 200 31132 "-" "Mozilla/5.0 (Windows NT 6.1; rv:38.0) Gecko/20100101 Firefox/38.0"
78.92.177.79 - - [02/Jun/2015:15:36:52 +0200] "GET /hirlevel/NCTA_tamogato_es_lebonyolito_logosor.jpg HTTP/1.1" 200 22139 "http://mkk.zpok.hu/hirlevel/vonattal1505.html" "Mozilla/5.0 (Windows NT 6.1; rv:38.0) Gecko/20100101 Firefox/38.0"
78.92.177.79 - - [02/Jun/2015:15:36:52 +0200] "GET /hirlevel/images/gadoros.png HTTP/1.1" 200 111355 "http://mkk.zpok.hu/hirlevel/vonattal1505.html" "Mozilla/5.0 (Windows NT 6.1; rv:38.0) Gecko/20100101 Firefox/38.0"
78.92.177.79 - - [02/Jun/2015:15:36:52 +0200] "GET /hirlevel/images/jaszboldoghaza.jpg HTTP/1.1" 200 101033 "http://mkk.zpok.hu/hirlevel/vonattal1505.html" "Mozilla/5.0 (Windows NT 6.1; rv:38.0) Gecko/20100101 Firefox/38.0"
78.92.177.79 - - [02/Jun/2015:15:36:54 +0200] "GET /hirlevel/images/avidekkozlekedeseert.swf HTTP/1.1" 200 5063 "http://mkk.zpok.hu/hirlevel/vonattal1505.html" "Mozilla/5.0 (Windows NT 6.1; rv:38.0) Gecko/20100101 Firefox/38.0"
78.92.177.79 - - [02/Jun/2015:15:36:54 +0200] "GET /favicon.ico HTTP/1.1" 404 1181 "-" "Mozilla/5.0 (Windows NT 6.1; rv:38.0) Gecko/20100101 Firefox/38.0"
78.92.177.79 - - [02/Jun/2015:15:36:54 +0200] "GET /favicon.ico HTTP/1.1" 404 1181 "-" "Mozilla/5.0 (Windows NT 6.1; rv:38.0) Gecko/20100101 Firefox/38.0"
94.27.232.24 - - [02/Jun/2015:15:52:39 +0200] "GET /images/vasutterkep_n.jpg HTTP/1.1" 200 3315985 "-" "Mozilla/5.0 (Windows NT 6.1; rv:33.0) Gecko/20100101 Firefox/33.0"
157.55.39.189 - - [02/Jun/2015:16:03:07 +0200] "GET /doc/nyilatkozat-kgy_110527.pdf HTTP/1.1" 404 1181 "-" "Mozilla/5.0 (compatible; bingbot/2.0; +http://www.bing.com/bingbot.htm)"
207.46.13.99 - - [02/Jun/2015:16:03:11 +0200] "GET /hirlevel/images/0809cc.jpg HTTP/1.1" 200 66715 "-" "msnbot-media/1.1 (+http://search.msn.com/msnbot.htm)"
180.76.15.146 - - [02/Jun/2015:16:05:53 +0200] "GET /doc/kozh04.pdf HTTP/1.1" 200 136111 "-" "Mozilla/5.0 (compatible; Baiduspider/2.0; +http://www.baidu.com/search/spider.html)"
157.55.39.189 - - [02/Jun/2015:16:07:20 +0200] "GET /hirlevel/vasuttal0804.htm HTTP/1.1" 200 14711 "-" "Mozilla/5.0 (compatible; bingbot/2.0; +http://www.bing.com/bingbot.htm)"
157.55.39.118 - - [02/Jun/2015:16:12:12 +0200] "GET /doc/vonatrafel_c.pdf HTTP/1.1" 200 705296 "-" "Mozilla/5.0 (iPhone; CPU iPhone OS 7_0 like Mac OS X) AppleWebKit/537.51.1 (KHTML, like Gecko) Version/7.0 Mobile/11A465 Safari/9537.53 (compatible; bingbot/2.0; http://www.bing.com/bingbot.htm)"
85.66.90.142 - - [02/Jun/2015:16:21:59 +0200] "GET /images/vasutterkep_n.jpg HTTP/1.1" 200 4702972 "http://www.terkepkalauz.hu/index.php?option=com_alphacontent§ion=4&cat=32&task=view&id=396&Itemid=99999999" "Mozilla/5.0 (Linux; Android 4.2.2; ALCATEL ONE TOUCH 5036D Build/JDQ39) AppleWebKit/537.36 (KHTML, like Gecko) Chrome/42.0.2311.109 Mobile Safari/537.36"
85.66.90.142 - - [02/Jun/2015:16:21:59 +0200] "GET /favicon.ico HTTP/1.1" 404 1181 "http://www.mkk.zpok.hu/images/vasutterkep_n.jpg" "Mozilla/5.0 (Linux; Android 4.2.2; ALCATEL ONE TOUCH 5036D Build/JDQ39) AppleWebKit/537.36 (KHTML, like Gecko) Chrome/42.0.2311.109 Mobile Safari/537.36"
123.125.71.25 - - [02/Jun/2015:16:22:44 +0200] "GET /doc/kozh04.pdf HTTP/1.1" 200 136111 "-" "Mozilla/5.0 (compatible; Baiduspider/2.0; +http://www.baidu.com/search/spider.html)"
85.66.90.142 - - [02/Jun/2015:16:30:43 +0200] "GET /favicon.ico HTTP/1.1" 404 1181 "http://www.mkk.zpok.hu/images/vasutterkep_n.jpg" "Mozilla/5.0 (Linux; Android 4.2.2; ALCATEL ONE TOUCH 5036D Build/JDQ39) AppleWebKit/537.36 (KHTML, like Gecko) Chrome/42.0.2311.109 Mobile Safari/537.36"
94.44.254.197 - - [02/Jun/2015:16:39:04 +0200] "GET /hirlevel/images/1009_terkep_n.jpg HTTP/1.1" 200 598267 "-" "Mozilla/5.0 (Windows NT 6.1; rv:38.0) Gecko/20100101 Firefox/38.0"
46.139.172.54 - - [02/Jun/2015:16:50:51 +0200] "GET /images/vasutterkep_n.jpg HTTP/1.1" 200 4702972 "https://www.google.hu/" "Mozilla/5.0 (iPhone; CPU iPhone OS 7_1_2 like Mac OS X) AppleWebKit/537.51.2 (KHTML, like Gecko) Version/7.0 Mobile/11D257 Safari/9537.53"
178.48.17.73 - - [02/Jun/2015:16:53:55 +0200] "GET /doc/vasuttal-budapest-kornyeken.pdf HTTP/1.0" 404 1181 "http://www.google.hu/url?sa=t&rct=j&q=&esrc=s&source=web&cd=1&ved=0CCMQFjAA&url=http%3A%2F%2Fwww.mkk.zpok.hu%2Fdoc%2Fvasuttal-budapest-kornyeken.pdf&ei=gcNtVarZF8ygsgGm4IC4CA&usg=AFQjCNGA_IywASBnFtoPx6DlmRUfxjoaHA&bvm=bv.94455598,d.bGg" "Mozilla/5.0 (Windows NT 6.1; rv:29.0) Gecko/20100101 Firefox/29.0"
178.48.17.73 - - [02/Jun/2015:16:53:56 +0200] "GET /favicon.ico HTTP/1.0" 404 1181 "-" "Mozilla/5.0 (Windows NT 6.1; rv:29.0) Gecko/20100101 Firefox/29.0"
178.48.17.73 - - [02/Jun/2015:16:53:56 +0200] "GET /favicon.ico HTTP/1.0" 404 1181 "-" "Mozilla/5.0 (Windows NT 6.1; rv:29.0) Gecko/20100101 Firefox/29.0"
31.46.196.187 - - [02/Jun/2015:17:00:26 +0200] "GET /images/vasutterkep_n.jpg HTTP/1.1" 200 4702972 "https://www.google.hu/" "Mozilla/5.0 (Windows NT 6.1; WOW64) AppleWebKit/537.36 (KHTML, like Gecko) Chrome/43.0.2357.81 Safari/537.36"
85.66.90.142 - - [02/Jun/2015:17:00:48 +0200] "GET /favicon.ico HTTP/1.1" 404 1181 "http://www.mkk.zpok.hu/images/vasutterkep_n.jpg" "Mozilla/5.0 (Linux; Android 4.2.2; ALCATEL ONE TOUCH 5036D Build/JDQ39) AppleWebKit/537.36 (KHTML, like Gecko) Chrome/42.0.2311.109 Mobile Safari/537.36"
81.30.79.136 - - [02/Jun/2015:17:22:41 +0200] "GET /images/vasutterkep_n.jpg HTTP/1.1" 200 4702972 "http://hu.wikipedia.org/wiki/Magyarorsz%C3%A1g_vas%C3%BAti_k%C3%B6zleked%C3%A9se" "Mozilla/5.0 (Windows NT 10.0; WOW64) AppleWebKit/537.36 (KHTML, like Gecko) Chrome/42.0.2311.152 Safari/537.36 OPR/29.0.1795.60"
81.30.79.136 - - [02/Jun/2015:17:22:41 +0200] "GET /favicon.ico HTTP/1.1" 404 1181 "http://www.mkk.zpok.hu/images/vasutterkep_n.jpg" "Mozilla/5.0 (Windows NT 10.0; WOW64) AppleWebKit/537.36 (KHTML, like Gecko) Chrome/42.0.2311.152 Safari/537.36 OPR/29.0.1795.60"
157.55.39.81 - - [02/Jun/2015:17:25:46 +0200] "GET /hirlevel/majdan_janos_a_kozlekedes_tortenete_nagy_laszlo.pdf HTTP/1.1" 200 33695 "-" "Mozilla/5.0 (compatible; bingbot/2.0; +http://www.bing.com/bingbot.htm)"
88.132.187.114 - - [02/Jun/2015:17:34:51 +0200] "GET /hirlevel/vonattal1505.html HTTP/1.1" 200 31132 "-" "Mozilla/5.0 (Windows NT 6.3; WOW64; rv:37.0) Gecko/20100101 Firefox/37.0"
88.132.187.114 - - [02/Jun/2015:17:34:52 +0200] "GET /hirlevel/NCTA_tamogato_es_lebonyolito_logosor.jpg HTTP/1.1" 200 22139 "http://mkk.zpok.hu/hirlevel/vonattal1505.html" "Mozilla/5.0 (Windows NT 6.3; WOW64; rv:37.0) Gecko/20100101 Firefox/37.0"
88.132.187.114 - - [02/Jun/2015:17:34:52 +0200] "GET /hirlevel/images/jaszboldoghaza.jpg HTTP/1.1" 200 101033 "http://mkk.zpok.hu/hirlevel/vonattal1505.html" "Mozilla/5.0 (Windows NT 6.3; WOW64; rv:37.0) Gecko/20100101 Firefox/37.0"
88.132.187.114 - - [02/Jun/2015:17:34:52 +0200] "GET /hirlevel/images/gadoros.png HTTP/1.1" 200 111355 "http://mkk.zpok.hu/hirlevel/vonattal1505.html" "Mozilla/5.0 (Windows NT 6.3; WOW64; rv:37.0) Gecko/20100101 Firefox/37.0"
88.132.187.114 - - [02/Jun/2015:17:34:55 +0200] "GET /hirlevel/images/avidekkozlekedeseert.swf HTTP/1.1" 200 5063 "http://mkk.zpok.hu/hirlevel/vonattal1505.html" "Mozilla/5.0 (Windows NT 6.3; WOW64; rv:37.0) Gecko/20100101 Firefox/37.0"
88.132.187.114 - - [02/Jun/2015:17:34:55 +0200] "GET /favicon.ico HTTP/1.1" 404 1181 "-" "Mozilla/5.0 (Windows NT 6.3; WOW64; rv:37.0) Gecko/20100101 Firefox/37.0"
88.132.187.114 - - [02/Jun/2015:17:34:55 +0200] "GET /favicon.ico HTTP/1.1" 404 1181 "-" "Mozilla/5.0 (Windows NT 6.3; WOW64; rv:37.0) Gecko/20100101 Firefox/37.0"
88.132.187.114 - - [02/Jun/2015:17:41:28 +0200] "GET /favicon.ico HTTP/1.1" 404 1181 "-" "Mozilla/5.0 (Windows NT 6.3; WOW64; rv:37.0) Gecko/20100101 Firefox/37.0"
88.132.187.114 - - [02/Jun/2015:17:41:28 +0200] "GET /favicon.ico HTTP/1.1" 404 1181 "-" "Mozilla/5.0 (Windows NT 6.3; WOW64; rv:37.0) Gecko/20100101 Firefox/37.0"
78.92.30.83 - - [02/Jun/2015:17:50:03 +0200] "GET /images/vasutterkep_n.jpg HTTP/1.1" 200 4702972 "https://www.google.hu/" "Mozilla/5.0 (Windows NT 6.3; WOW64) AppleWebKit/537.36 (KHTML, like Gecko) Chrome/41.0.2272.118 Safari/537.36"
91.137.136.98 - - [02/Jun/2015:17:56:19 +0200] "GET /images/vasutterkep_n.jpg HTTP/1.1" 200 4702972 "http://www.pic2fly.com/Magyarorszag+Terkep.html" "Mozilla/5.0 (Macintosh; Intel Mac OS X 10_8_5) AppleWebKit/600.6.3 (KHTML, like Gecko) Version/6.2.6 Safari/537.85.15"
207.46.13.99 - - [02/Jun/2015:18:04:22 +0200] "GET /doc/parameterkonyv_0804.pdf HTTP/1.1" 200 83510 "-" "Mozilla/5.0 (iPhone; CPU iPhone OS 7_0 like Mac OS X) AppleWebKit/537.51.1 (KHTML, like Gecko) Version/7.0 Mobile/11A465 Safari/9537.53 (compatible; bingbot/2.0; http://www.bing.com/bingbot.htm)"
207.46.13.99 - - [02/Jun/2015:18:04:22 +0200] "GET /hirlevel/II_vasuttorteneti_konf_2o15.pdf HTTP/1.1" 200 30350 "-" "Mozilla/5.0 (compatible; bingbot/2.0; +http://www.bing.com/bingbot.htm)"
207.46.13.99 - - [02/Jun/2015:18:04:23 +0200] "GET / HTTP/1.1" 200 1178 "-" "Mozilla/5.0 (compatible; bingbot/2.0; +http://www.bing.com/bingbot.htm)"
188.142.164.50 - - [02/Jun/2015:18:26:44 +0200] "GET /images/vasutterkep_n.jpg HTTP/1.1" 200 4702972 "https://www.google.hu/" "Mozilla/5.0 (Windows NT 6.1; WOW64) AppleWebKit/537.36 (KHTML, like Gecko) Chrome/43.0.2357.81 Safari/537.36"
93.104.176.142 - - [02/Jun/2015:18:32:49 +0200] "GET /doc/b2_2010.pdf HTTP/1.1" 404 1181 "http://de.wikipedia.org/wiki/Magyar_%C3%81llamvasutak" "Mozilla/5.0 (X11; Ubuntu; Linux x86_64; rv:38.0) Gecko/20100101 Firefox/38.0"
93.104.176.142 - - [02/Jun/2015:18:32:50 +0200] "GET /favicon.ico HTTP/1.1" 404 1181 "-" "Mozilla/5.0 (X11; Ubuntu; Linux x86_64; rv:38.0) Gecko/20100101 Firefox/38.0"
93.104.176.142 - - [02/Jun/2015:18:32:50 +0200] "GET /favicon.ico HTTP/1.1" 404 1181 "-" "Mozilla/5.0 (X11; Ubuntu; Linux x86_64; rv:38.0) Gecko/20100101 Firefox/38.0"
68.180.228.240 - - [02/Jun/2015:18:36:24 +0200] "GET /doc/konf_0807.pdf HTTP/1.1" 200 67897 "-" "Mozilla/5.0 (compatible; Yahoo! Slurp; http://help.yahoo.com/help/us/ysearch/slurp)"
46.251.23.92 - - [02/Jun/2015:18:46:36 +0200] "GET /doc/vasuttal-budapest-kornyeken.pdf HTTP/1.1" 404 1181 "https://www.google.hu/" "Mozilla/5.0 (Windows NT 6.1; Win64; x64) AppleWebKit/537.36 (KHTML, like Gecko) Chrome/43.0.2357.81 Safari/537.36"
46.251.23.92 - - [02/Jun/2015:18:46:36 +0200] "GET /favicon.ico HTTP/1.1" 404 1181 "http://www.mkk.zpok.hu/doc/vasuttal-budapest-kornyeken.pdf" "Mozilla/5.0 (Windows NT 6.1; Win64; x64) AppleWebKit/537.36 (KHTML, like Gecko) Chrome/43.0.2357.81 Safari/537.36"
176.63.34.84 - - [02/Jun/2015:18:47:46 +0200] "GET /images/vasutterkep_n.jpg HTTP/1.1" 200 1696964 "-" "Mozilla/5.0 (Windows NT 6.3; WOW64; rv:38.0) Gecko/20100101 Firefox/38.0"
217.197.190.170 - - [02/Jun/2015:18:56:10 +0200] "GET /hirlevel/images/1009_terkep_n.jpg HTTP/1.1" 200 598267 "https://www.google.hu/" "Mozilla/5.0 (Windows NT 6.3; WOW64) AppleWebKit/537.36 (KHTML, like Gecko) Chrome/42.0.2311.152 Safari/537.36 OPR/29.0.1795.60"
66.249.78.11 - - [02/Jun/2015:19:01:19 +0200] "GET /robots.txt HTTP/1.1" 404 1181 "-" "Mozilla/5.0 (compatible; Googlebot/2.1; +http://www.google.com/bot.html)"
66.249.78.25 - - [02/Jun/2015:19:01:20 +0200] "GET /doc/recs_konf_1103.pdf HTTP/1.1" 200 155298 "-" "Mozilla/5.0 (iPhone; CPU iPhone OS 6_0 like Mac OS X) AppleWebKit/536.26 (KHTML, like Gecko) Version/6.0 Mobile/10A5376e Safari/8536.25 (compatible; Googlebot/2.1; +http://www.google.com/bot.html)"
89.132.6.1 - - [02/Jun/2015:19:08:33 +0200] "GET /doc/vasuttal-budapest-kornyeken.pdf HTTP/1.1" 404 1181 "https://www.google.hu/" "Mozilla/5.0 (Linux; Android 4.2.2; ALCATEL ONE TOUCH 7041X Build/JDQ39) AppleWebKit/537.36 (KHTML, like Gecko) Chrome/43.0.2357.78 Mobile Safari/537.36"
89.132.6.1 - - [02/Jun/2015:19:08:41 +0200] "GET /doc/vasuttal-budapest-kornyeken.pdf HTTP/1.1" 404 1181 "-" "Mozilla/5.0 (Linux; Android 4.2.2; ALCATEL ONE TOUCH 7041X Build/JDQ39) AppleWebKit/537.36 (KHTML, like Gecko) Chrome/43.0.2357.78 Mobile Safari/537.36"
89.132.6.1 - - [02/Jun/2015:19:08:41 +0200] "GET /favicon.ico HTTP/1.1" 404 1181 "http://www.mkk.zpok.hu/doc/vasuttal-budapest-kornyeken.pdf" "Mozilla/5.0 (Linux; Android 4.2.2; ALCATEL ONE TOUCH 7041X Build/JDQ39) AppleWebKit/537.36 (KHTML, like Gecko) Chrome/43.0.2357.78 Mobile Safari/537.36"
