193.68.41.17 - - [24/Aug/2015:16:27:55 +0200] "GET /images/vasutterkep_n.jpg HTTP/1.1" 200 4702972 "http://www.bing.com/images/search?q=m%c3%a1v+vas%c3%bati+t%c3%a9rk%c3%a9p&view=detailv2&&id=0EDC60B2CCA35B0AC9AC2AF0304AEBB0D0CC5153&selectedIndex=0&ccid=LHF60Y0R&simid=607991830191145428&thid=OIP.M2c717ad18d11a0195b53962be399e2d4o0&mode=overlay" "Mozilla/4.0 (compatible; MSIE 7.0; Windows NT 6.1; Trident/5.0; SLCC2; .NET CLR 2.0.50727; .NET CLR 3.5.30729; .NET CLR 3.0.30729; Media Center PC 6.0; InfoPath.3)"
193.68.41.17 - - [24/Aug/2015:16:28:12 +0200] "GET /images/vasutterkep_n.jpg HTTP/1.1" 304 - "http://www.bing.com/images/search?q=m%c3%a1v+vas%c3%bati+t%c3%a9rk%c3%a9p&view=detailv2&qft=+filterui%3aimagesize-large&id=037A6AF96C96D7E109FDDEC66046F54B81AA459B&selectedIndex=1&ccid=VB7W2ay6&simid=607991679864603841&thid=OIP.M541ed6d9acba76245d74a22a7b65818eo0&mode=overlay" "Mozilla/4.0 (compatible; MSIE 7.0; Windows NT 6.1; Trident/5.0; SLCC2; .NET CLR 2.0.50727; .NET CLR 3.5.30729; .NET CLR 3.0.30729; Media Center PC 6.0; InfoPath.3)"
81.182.166.126 - - [24/Aug/2015:16:34:30 +0200] "GET /images/vasutterkep_n.jpg HTTP/1.1" 200 4702972 "http://www.terkepkalauz.hu/index.php?option=com_content&task=view&id=396" "Mozilla/5.0 (Windows NT 10.0; WOW64) AppleWebKit/537.36 (KHTML, like Gecko) Chrome/44.0.2403.157 Safari/537.36"
81.182.166.126 - - [24/Aug/2015:16:34:30 +0200] "GET /favicon.ico HTTP/1.1" 404 1181 "http://www.mkk.zpok.hu/images/vasutterkep_n.jpg" "Mozilla/5.0 (Windows NT 10.0; WOW64) AppleWebKit/537.36 (KHTML, like Gecko) Chrome/44.0.2403.157 Safari/537.36"
148.251.235.206 - - [24/Aug/2015:16:57:52 +0200] "GET /images/b2_2012_03_+terkepkep.pdf HTTP/1.1" 200 16489934 "http://mkk.zpok.hu/images/b2_2012_03_+terkepkep.pdf" "Mozilla/5.0 (compatible; Googlebot/2.1; +http://www.google.com/bot.html)"
66.249.67.104 - - [24/Aug/2015:16:58:08 +0200] "GET /robots.txt HTTP/1.1" 404 1181 "-" "Mozilla/5.0 (compatible; Googlebot/2.1; +http://www.google.com/bot.html)"
66.249.67.98 - - [24/Aug/2015:16:58:08 +0200] "GET /hirlevel/images/0801b.jpg HTTP/1.1" 304 - "-" "Googlebot-Image/1.0"
84.236.86.84 - - [24/Aug/2015:17:27:52 +0200] "GET /doc/tisza-to_szoroanyag_2012.pdf HTTP/1.1" 200 890943 "-" "Mozilla/5.0 (Windows NT 10.0; WOW64; rv:40.0) Gecko/20100101 Firefox/40.0"
84.236.86.84 - - [24/Aug/2015:17:27:52 +0200] "GET /favicon.ico HTTP/1.1" 404 1181 "-" "Mozilla/5.0 (Windows NT 10.0; WOW64; rv:40.0) Gecko/20100101 Firefox/40.0"
84.236.86.84 - - [24/Aug/2015:17:27:52 +0200] "GET /favicon.ico HTTP/1.1" 404 1181 "-" "Mozilla/5.0 (Windows NT 10.0; WOW64; rv:40.0) Gecko/20100101 Firefox/40.0"
84.3.96.154 - - [24/Aug/2015:17:34:39 +0200] "GET /hirlevel/images/1009_terkep_n.jpg HTTP/1.1" 200 598267 "https://www.google.hu/" "Mozilla/5.0 (Windows NT 6.1; WOW64) AppleWebKit/537.36 (KHTML, like Gecko) Chrome/39.6.2171.95 Safari/537.36"
66.249.67.62 - - [24/Aug/2015:17:41:26 +0200] "GET /robots.txt HTTP/1.1" 404 1181 "-" "Mozilla/5.0 (compatible; Googlebot/2.1; +http://www.google.com/bot.html)"
66.249.67.62 - - [24/Aug/2015:17:41:27 +0200] "GET /doc/vonatrafel_c.pdf HTTP/1.1" 200 705296 "-" "DoCoMo/2.0 N905i(c100;TB;W24H16) (compatible; Googlebot-Mobile/2.1; +http://www.google.com/bot.html)"
157.55.39.211 - - [24/Aug/2015:17:47:14 +0200] "GET /robots.txt HTTP/1.1" 404 1181 "-" "Mozilla/5.0 (compatible; bingbot/2.0; +http://www.bing.com/bingbot.htm)"
68.180.230.253 - - [24/Aug/2015:17:48:13 +0200] "GET /doc/varos-videk_2009.pdf HTTP/1.1" 304 - "-" "Mozilla/5.0 (compatible; Yahoo! Slurp; http://help.yahoo.com/help/us/ysearch/slurp)"
77.111.144.252 - - [24/Aug/2015:18:13:56 +0200] "GET /favicon.ico HTTP/1.1" 404 1181 "-" "Mozilla/5.0 (Windows NT 5.1) AppleWebKit/537.36 (KHTML, like Gecko) Chrome/44.0.2403.107 Safari/537.36 OPR/31.0.1889.99"
188.101.212.109 - - [24/Aug/2015:18:17:58 +0200] "GET /doc/b2_201203.jpg HTTP/1.1" 404 1181 "http://vasut.kteam.hu/indexde.html" "Mozilla/5.0 (Windows NT 6.3; WOW64; Trident/7.0; MALCJS; rv:11.0) like Gecko"
207.46.13.129 - - [24/Aug/2015:18:24:43 +0200] "GET /robots.txt HTTP/1.1" 404 1181 "-" "Mozilla/5.0 (compatible; bingbot/2.0; +http://www.bing.com/bingbot.htm)"
31.46.247.32 - - [24/Aug/2015:18:26:38 +0200] "GET /doc/hatarmenti_infrastruktura.pdf HTTP/1.1" 200 555972 "https://www.google.com" "Mozilla/5.0 (Windows NT 6.1; WOW64; rv:40.0) Gecko/20100101 Firefox/40.0"
31.46.247.32 - - [24/Aug/2015:18:26:38 +0200] "GET /doc/hatarmenti_infrastruktura.pdf HTTP/1.1" 206 31684 "https://www.google.com" "Mozilla/5.0 (Windows NT 6.1; WOW64; rv:40.0) Gecko/20100101 Firefox/40.0"
31.46.247.32 - - [24/Aug/2015:18:26:38 +0200] "GET /doc/hatarmenti_infrastruktura.pdf HTTP/1.1" 206 65536 "https://www.google.com" "Mozilla/5.0 (Windows NT 6.1; WOW64; rv:40.0) Gecko/20100101 Firefox/40.0"
31.46.247.32 - - [24/Aug/2015:18:26:38 +0200] "GET /favicon.ico HTTP/1.1" 404 1181 "-" "Mozilla/5.0 (Windows NT 6.1; WOW64; rv:40.0) Gecko/20100101 Firefox/40.0"
31.46.247.32 - - [24/Aug/2015:18:26:39 +0200] "GET /favicon.ico HTTP/1.1" 404 1181 "-" "Mozilla/5.0 (Windows NT 6.1; WOW64; rv:40.0) Gecko/20100101 Firefox/40.0"
46.139.3.24 - - [24/Aug/2015:18:33:06 +0200] "GET /favicon.ico HTTP/1.1" 404 1181 "http://mkk.zpok.hu/doc/hatarmenti_infrastruktura.pdf" "Mozilla/5.0 (Windows NT 6.1; WOW64) AppleWebKit/537.36 (KHTML, like Gecko) Chrome/44.0.2403.157 Safari/537.36"
46.139.3.24 - - [24/Aug/2015:18:33:06 +0200] "GET /doc/hatarmenti_infrastruktura.pdf HTTP/1.1" 200 555972 "http://kereso.startlap.hu/?q=Hat%C3%A1rmenti+Vol%C3%A1n+Nemzetk%C3%B6zi+Buszj%C3%A1ratok&page=1&sise=a&search=google&nhash=startlap_4110c65f23c362b9d4cfcf32540c7eb2_TWpreU5ERTRNakF4TlRFd01EZzFNamsyT1RjNU56SXdOVFE1TXpFME56Z3dPRE0yT0RBeE5UWTROakV6T0RBek16TTQ%3D" "Mozilla/5.0 (Windows NT 6.1; WOW64) AppleWebKit/537.36 (KHTML, like Gecko) Chrome/44.0.2403.157 Safari/537.36"
157.55.39.116 - - [24/Aug/2015:18:37:39 +0200] "GET /hirlevel/hatarmenten_201109.pdf HTTP/1.1" 200 5596450 "-" "Mozilla/5.0 (iPhone; CPU iPhone OS 7_0 like Mac OS X) AppleWebKit/537.51.1 (KHTML, like Gecko) Version/7.0 Mobile/11A465 Safari/9537.53 (compatible; bingbot/2.0; http://www.bing.com/bingbot.htm)"
90.180.250.177 - - [24/Aug/2015:19:06:10 +0200] "GET /images/vasutterkep_n.jpg HTTP/1.1" 200 4702972 "https://www.google.cz/" "Mozilla/5.0 (Windows NT 6.0) AppleWebKit/537.36 (KHTML, like Gecko) Chrome/44.0.2403.157 Safari/537.36"
89.144.216.21 - - [24/Aug/2015:19:08:20 +0200] "GET /images/vasutterkep_n.jpg HTTP/1.1" 200 18489 "https://www.google.at/" "Mozilla/5.0 (Linux; Android 5.0.1; GT-I9515 Build/LRX22C; wv) AppleWebKit/537.36 (KHTML, like Gecko) Version/4.0 Chrome/44.0.2403.117 Mobile Safari/537.36 GSA/5.1.17.19.arm"
91.83.174.188 - - [24/Aug/2015:19:21:51 +0200] "GET /images/vasutterkep_n.jpg HTTP/1.1" 200 4702972 "https://www.google.hu/" "Mozilla/5.0 (Windows NT 6.1; Win64; x64) AppleWebKit/537.36 (KHTML, like Gecko) Chrome/44.0.2403.157 Safari/537.36"
199.30.25.30 - - [24/Aug/2015:19:39:04 +0200] "GET /hirlevel/hatarmenten_201109.pdf HTTP/1.1" 200 67346 "-" "Mozilla/5.0 (iPhone; CPU iPhone OS 7_0 like Mac OS X) AppleWebKit/537.51.1 (KHTML, like Gecko) Version/7.0 Mobile/11A465 Safari/9537.53 BingPreview/1.0b"
207.46.13.10 - - [24/Aug/2015:19:53:37 +0200] "GET /doc/kozh10.pdf HTTP/1.1" 200 407669 "-" "Mozilla/5.0 (iPhone; CPU iPhone OS 7_0 like Mac OS X) AppleWebKit/537.51.1 (KHTML, like Gecko) Version/7.0 Mobile/11A465 Safari/9537.53 (compatible; bingbot/2.0; http://www.bing.com/bingbot.htm)"
84.2.118.252 - - [24/Aug/2015:19:57:51 +0200] "GET /images/vasutterkep_n.jpg HTTP/1.1" 200 2304552 "https://www.google.hu/" "Mozilla/5.0 (Windows NT 10.0; WOW64) AppleWebKit/537.36 (KHTML, like Gecko) Chrome/44.0.2403.155 Safari/537.36 OPR/31.0.1889.174"
84.2.118.252 - - [24/Aug/2015:19:57:52 +0200] "GET /images/vasutterkep_n.jpg HTTP/1.1" 206 1 "https://www.google.hu/" "Mozilla/5.0 (Windows NT 10.0; WOW64) AppleWebKit/537.36 (KHTML, like Gecko) Chrome/44.0.2403.155 Safari/537.36 OPR/31.0.1889.174"
84.2.118.252 - - [24/Aug/2015:19:57:54 +0200] "GET /images/vasutterkep_n.jpg HTTP/1.1" 206 2581320 "https://www.google.hu/" "Mozilla/5.0 (Windows NT 10.0; WOW64) AppleWebKit/537.36 (KHTML, like Gecko) Chrome/44.0.2403.155 Safari/537.36 OPR/31.0.1889.174"
37.76.73.175 - - [24/Aug/2015:20:05:44 +0200] "GET /images/vasutterkep_n.jpg HTTP/1.1" 200 3866624 "-" "Mozilla/5.0 (Windows NT 6.1; Trident/7.0; rv:11.0) like Gecko"
37.76.73.175 - - [24/Aug/2015:20:05:55 +0200] "GET /images/vasutterkep_n.jpg HTTP/1.1" 206 491520 "-" "Mozilla/5.0 (Windows NT 6.1; Trident/7.0; rv:11.0) like Gecko"
66.249.67.98 - - [24/Aug/2015:20:07:35 +0200] "GET /hirlevel/vonattal1304.html HTTP/1.1" 304 - "-" "Mozilla/5.0 (compatible; Googlebot/2.1; +http://www.google.com/bot.html)"
80.99.54.114 - - [24/Aug/2015:20:09:21 +0200] "GET /images/vasutterkep_n.jpg HTTP/1.1" 200 4177920 "http://www.google.hu/blank.html" "Mozilla/5.0 (Linux; U; Android 2.3.6; hu-hu; GT-I8160 Build/GINGERBREAD) AppleWebKit/533.1 (KHTML, like Gecko) Version/4.0 Mobile Safari/533.1"
80.99.54.114 - - [24/Aug/2015:20:09:52 +0200] "GET /images/vasutterkep_n.jpg HTTP/1.1" 200 4702972 "http://www.terkepkalauz.hu/index.php?option=com_content&task=view&id=396" "Mozilla/5.0 (Linux; U; Android 2.3.6; hu-hu; GT-I8160 Build/GINGERBREAD) AppleWebKit/533.1 (KHTML, like Gecko) Version/4.0 Mobile Safari/533.1"
80.99.54.114 - - [24/Aug/2015:20:09:52 +0200] "GET /favicon.ico HTTP/1.1" 404 1181 "http://www.mkk.zpok.hu/images/vasutterkep_n.jpg" "Mozilla/5.0 (Linux; U; Android 2.3.6; hu-hu; GT-I8160 Build/GINGERBREAD) AppleWebKit/533.1 (KHTML, like Gecko) Version/4.0 Mobile Safari/533.1"
80.99.54.114 - - [24/Aug/2015:20:10:17 +0200] "GET /images/vasutterkep_n.jpg HTTP/1.1" 200 4702972 "http://www.google.hu/blank.html" "Mozilla/5.0 (Linux; U; Android 2.3.6; hu-hu; GT-I8160 Build/GINGERBREAD) AppleWebKit/533.1 (KHTML, like Gecko) Version/4.0 Mobile Safari/533.1"
207.46.13.129 - - [24/Aug/2015:20:26:13 +0200] "GET /doc/vonatrafel_c.pdf HTTP/1.1" 200 705296 "-" "Mozilla/5.0 (iPhone; CPU iPhone OS 7_0 like Mac OS X) AppleWebKit/537.51.1 (KHTML, like Gecko) Version/7.0 Mobile/11A465 Safari/9537.53 (compatible; bingbot/2.0; http://www.bing.com/bingbot.htm)"
207.46.13.129 - - [24/Aug/2015:20:54:44 +0200] "GET /hirlevel/md-bucsu_1012.pdf HTTP/1.1" 200 204237 "-" "Mozilla/5.0 (compatible; bingbot/2.0; +http://www.bing.com/bingbot.htm)"
188.6.30.143 - - [24/Aug/2015:21:03:26 +0200] "GET /doc/vonatrafel_c.pdf HTTP/1.1" 200 705296 "http://www.google.hu/url?sa=t&rct=j&q=&esrc=s&source=web&cd=96&ved=0CD0QFjAFOFpqFQoTCN78zqS0wscCFQN3cgodGgoDNw&url=http%3A%2F%2Fwww.mkk.zpok.hu%2Fdoc%2Fvonatrafel_c.pdf&ei=a2rbVZ6bEoPuyQOalIy4Aw&usg=AFQjCNGsgcg6vTOLwaCjcNPpwiNGRYJS-Q" "Mozilla/5.0 (Windows NT 6.3; WOW64; Trident/7.0; rv:11.0) like Gecko"
91.137.142.187 - - [24/Aug/2015:21:11:33 +0200] "GET /favicon.ico HTTP/1.1" 404 1181 "http://mkk.zpok.hu/doc/tisza-to_szoroanyag_2012.pdf" "Mozilla/5.0 (Windows NT 6.1) AppleWebKit/537.36 (KHTML, like Gecko) Chrome/44.0.2403.157 Safari/537.36"
91.137.142.187 - - [24/Aug/2015:21:11:33 +0200] "GET /doc/tisza-to_szoroanyag_2012.pdf HTTP/1.1" 200 890943 "https://www.google.hu/" "Mozilla/5.0 (Windows NT 6.1) AppleWebKit/537.36 (KHTML, like Gecko) Chrome/44.0.2403.157 Safari/537.36"
88.132.161.33 - - [24/Aug/2015:21:13:42 +0200] "GET /images/vasutterkep_n.jpg HTTP/1.1" 200 4702972 "https://www.google.hu" "Mozilla/5.0 (Windows NT 6.1; WOW64; rv:40.0) Gecko/20100101 Firefox/40.0"
89.137.146.169 - - [24/Aug/2015:21:25:10 +0200] "GET /images/vasutterkep_n.jpg HTTP/1.1" 200 4702972 "https://www.google.ro/" "Mozilla/5.0 (Windows NT 5.1) AppleWebKit/537.36 (KHTML, like Gecko) Chrome/44.0.2403.157 Safari/537.36"
178.6.230.124 - - [24/Aug/2015:21:32:25 +0200] "GET /images/vasutterkep_n.jpg HTTP/1.1" 200 4254108 "http://www.bing.com/images/search?q=Ruhrgebiet+&view=detailv2&&id=103F4187B20473F967DE80B34815C9A48CB6A320&selectedIndex=24&ccid=1ARLevzE&simid=608031631655175710&thid=OIP.Md4044b7afcc45a54b81c77f05cfa1895o0&mode=overlay" "Mozilla/5.0 (Windows NT 10.0; rv:39.0) Gecko/20100101 Firefox/39.0"
176.63.20.254 - - [24/Aug/2015:21:34:35 +0200] "GET /hirlevel/vonattal1107.htm HTTP/1.1" 200 26917 "http://www.vasutallomasok.hu/index.php?o=showlanc&l=7757&f=2490" "Mozilla/5.0 (Windows NT 6.1; rv:28.0) Gecko/20100101 Firefox/28.0"
176.63.20.254 - - [24/Aug/2015:21:34:36 +0200] "GET /hirlevel/images/1107_a.jpg HTTP/1.1" 200 54628 "http://mkk.zpok.hu/hirlevel/vonattal1107.htm" "Mozilla/5.0 (Windows NT 6.1; rv:28.0) Gecko/20100101 Firefox/28.0"
176.63.20.254 - - [24/Aug/2015:21:34:36 +0200] "GET /hirlevel/images/1107_b.jpg HTTP/1.1" 200 83593 "http://mkk.zpok.hu/hirlevel/vonattal1107.htm" "Mozilla/5.0 (Windows NT 6.1; rv:28.0) Gecko/20100101 Firefox/28.0"
176.63.20.254 - - [24/Aug/2015:21:34:36 +0200] "GET /hirlevel/images/oka.jpg HTTP/1.1" 200 20942 "http://mkk.zpok.hu/hirlevel/vonattal1107.htm" "Mozilla/5.0 (Windows NT 6.1; rv:28.0) Gecko/20100101 Firefox/28.0"
176.63.20.254 - - [24/Aug/2015:21:34:36 +0200] "GET /hirlevel/images/1107_c.jpg HTTP/1.1" 200 92382 "http://mkk.zpok.hu/hirlevel/vonattal1107.htm" "Mozilla/5.0 (Windows NT 6.1; rv:28.0) Gecko/20100101 Firefox/28.0"
176.63.20.254 - - [24/Aug/2015:21:34:36 +0200] "GET /hirlevel/images/1107_d.jpg HTTP/1.1" 200 89472 "http://mkk.zpok.hu/hirlevel/vonattal1107.htm" "Mozilla/5.0 (Windows NT 6.1; rv:28.0) Gecko/20100101 Firefox/28.0"
176.63.20.254 - - [24/Aug/2015:21:34:36 +0200] "GET /hirlevel/images/1107_e.jpg HTTP/1.1" 200 135338 "http://mkk.zpok.hu/hirlevel/vonattal1107.htm" "Mozilla/5.0 (Windows NT 6.1; rv:28.0) Gecko/20100101 Firefox/28.0"
176.63.20.254 - - [24/Aug/2015:21:34:36 +0200] "GET /hirlevel/images/nca_logo_1.jpg HTTP/1.1" 200 189245 "http://mkk.zpok.hu/hirlevel/vonattal1107.htm" "Mozilla/5.0 (Windows NT 6.1; rv:28.0) Gecko/20100101 Firefox/28.0"
176.63.20.254 - - [24/Aug/2015:21:34:37 +0200] "GET /hirlevel/images/vonattal.swf HTTP/1.1" 200 697 "http://mkk.zpok.hu/hirlevel/vonattal1107.htm" "Mozilla/5.0 (Windows NT 6.1; rv:28.0) Gecko/20100101 Firefox/28.0"
176.63.20.254 - - [24/Aug/2015:21:34:37 +0200] "GET /favicon.ico HTTP/1.1" 404 1181 "-" "Mozilla/5.0 (Windows NT 6.1; rv:28.0) Gecko/20100101 Firefox/28.0"
176.63.20.254 - - [24/Aug/2015:21:34:37 +0200] "GET /favicon.ico HTTP/1.1" 404 1181 "-" "Mozilla/5.0 (Windows NT 6.1; rv:28.0) Gecko/20100101 Firefox/28.0"
207.46.13.10 - - [24/Aug/2015:22:03:02 +0200] "GET /hirlevel/rajzpalyazateredmeny_201411.pdf HTTP/1.1" 200 151552 "-" "Mozilla/5.0 (compatible; bingbot/2.0; +http://www.bing.com/bingbot.htm)"
207.46.13.41 - - [24/Aug/2015:22:26:19 +0200] "GET /doc/allomasok_kepes_osszefoglaloja.pdf HTTP/1.1" 200 5628186 "-" "Mozilla/5.0 (iPhone; CPU iPhone OS 7_0 like Mac OS X) AppleWebKit/537.51.1 (KHTML, like Gecko) Version/7.0 Mobile/11A465 Safari/9537.53 (compatible; bingbot/2.0; http://www.bing.com/bingbot.htm)"
78.49.127.78 - - [24/Aug/2015:22:27:01 +0200] "GET /images/vasutterkep_n.jpg HTTP/1.1" 200 4702972 "-" "Mozilla/5.0 (Macintosh; Intel Mac OS X 10.6; rv:39.0) Gecko/20100101 Firefox/39.0"
166.94.13.33 - - [24/Aug/2015:22:29:46 +0200] "GET /images/vasutterkep_n.jpg HTTP/1.1" 200 34657 "-" "Mozilla/4.0 (compatible; MSIE 7.0; Windows NT 6.1; Trident/6.0; SLCC2; .NET CLR 2.0.50727; .NET CLR 3.5.30729; .NET CLR 3.0.30729; Media Center PC 6.0; InfoPath.3; MS-RTC LM 8; .NET CLR 1.1.4322; .NET CLR 3.0.30618; InfoPath.1; SLCC1; .NET4.0C; .NET4.0E)"
207.46.13.10 - - [24/Aug/2015:22:41:29 +0200] "GET /doc/kozh10.pdf HTTP/1.1" 200 407669 "-" "Mozilla/5.0 (compatible; bingbot/2.0; +http://www.bing.com/bingbot.htm)"
207.46.13.41 - - [24/Aug/2015:23:01:29 +0200] "GET /doc/kelenfold_1009.pdf HTTP/1.1" 200 2455747 "-" "Mozilla/5.0 (iPhone; CPU iPhone OS 7_0 like Mac OS X) AppleWebKit/537.51.1 (KHTML, like Gecko) Version/7.0 Mobile/11A465 Safari/9537.53 (compatible; bingbot/2.0; http://www.bing.com/bingbot.htm)"
62.131.104.134 - - [24/Aug/2015:23:03:44 +0200] "GET /images/vasutterkep_n.jpg HTTP/1.1" 200 4702972 "http://www.bing.com/images/search?q=ungarn&view=detailv2&&id=257E4DDD9944FDC5679F43F97447D065D43DFC6F&selectedIndex=158&ccid=yhRZAxPP&simid=608043301084398898&thid=OIP.Mca14590313cfcb6b8c47068ca6afad58o0&mode=overlay" "Mozilla/5.0 (Windows NT 6.1; rv:40.0) Gecko/20100101 Firefox/40.0"
66.249.67.98 - - [24/Aug/2015:23:13:22 +0200] "GET /hirlevel/images/1007c.jpg HTTP/1.1" 304 - "-" "Googlebot-Image/1.0"
94.197.112.41 - - [24/Aug/2015:23:13:36 +0200] "GET /doc/b2_2010.pdf HTTP/1.0" 404 1181 "-" "Mozilla/5.0 (compatible; MSIE 9.0; Windows NT 6.0; Trident/5.0)"
66.249.67.104 - - [24/Aug/2015:23:14:48 +0200] "GET /hirlevel/images/kvvm_1.jpg HTTP/1.1" 304 - "-" "Googlebot-Image/1.0"
66.249.67.98 - - [24/Aug/2015:23:22:28 +0200] "GET /hirlevel/mateszakla-vasuti-kiallitas_1110.pdf HTTP/1.1" 200 56547 "-" "DoCoMo/2.0 N905i(c100;TB;W24H16) (compatible; Googlebot-Mobile/2.1; +http://www.google.com/bot.html)"
180.76.15.142 - - [24/Aug/2015:23:53:44 +0200] "GET /hirlevel/emb_1006.pdf HTTP/1.1" 200 38333 "-" "Mozilla/5.0 (compatible; Baiduspider/2.0; +http://www.baidu.com/search/spider.html)"
66.249.67.104 - - [24/Aug/2015:23:58:12 +0200] "GET /hirlevel/images/0912g.jpg HTTP/1.1" 304 - "-" "Googlebot-Image/1.0"
80.98.237.135 - - [25/Aug/2015:00:02:18 +0200] "GET /hirlevel/images/0912g.jpg HTTP/1.1" 200 45621 "http://www.google.hu/blank.html" "Mozilla/5.0 (Macintosh; Intel Mac OS X 10_10_5) AppleWebKit/600.8.9 (KHTML, like Gecko) Version/8.0.8 Safari/600.8.9"
66.249.67.92 - - [25/Aug/2015:00:12:40 +0200] "GET /hirlevel/images/0912e.jpg HTTP/1.1" 304 - "-" "Googlebot-Image/1.0"
144.76.23.74 - - [25/Aug/2015:00:13:32 +0200] "GET / HTTP/1.1" 200 1178 "-" "Mozilla/5.0 (Windows; U; Windows NT 6.0; en-GB; rv:1.0; trendictionbot0.5.0; trendiction search; http://www.trendiction.de/bot; please let us know of any problems; web at trendiction.com) Gecko/20071127 Firefox/3.0.0.11"
66.249.67.98 - - [25/Aug/2015:00:18:27 +0200] "GET /hirlevel/images/nca_logo_1.jpg HTTP/1.1" 304 - "-" "Googlebot-Image/1.0"
66.249.67.98 - - [25/Aug/2015:00:19:54 +0200] "GET /hirlevel/images/1006f.jpg HTTP/1.1" 304 - "-" "Googlebot-Image/1.0"
66.249.67.92 - - [25/Aug/2015:00:22:47 +0200] "GET /hirlevel/images/1006c.jpg HTTP/1.1" 304 - "-" "Googlebot-Image/1.0"
66.249.67.92 - - [25/Aug/2015:00:24:13 +0200] "GET /hirlevel/images/0912c.jpg HTTP/1.1" 304 - "-" "Googlebot-Image/1.0"
66.249.67.98 - - [25/Aug/2015:00:25:41 +0200] "GET /hirlevel/images/0912b.jpg HTTP/1.1" 304 - "-" "Googlebot-Image/1.0"
68.180.230.253 - - [25/Aug/2015:00:35:42 +0200] "GET /robots.txt HTTP/1.1" 404 1181 "-" "Mozilla/5.0 (compatible; Yahoo! Slurp; http://help.yahoo.com/help/us/ysearch/slurp)"
68.180.230.253 - - [25/Aug/2015:00:35:43 +0200] "GET /doc/Honig_level_20091104.pdf HTTP/1.1" 304 - "-" "Mozilla/5.0 (compatible; Yahoo! Slurp; http://help.yahoo.com/help/us/ysearch/slurp)"
207.46.13.41 - - [25/Aug/2015:00:40:48 +0200] "GET /robots.txt HTTP/1.1" 404 1181 "-" "Mozilla/5.0 (compatible; bingbot/2.0; +http://www.bing.com/bingbot.htm)"
66.249.67.98 - - [25/Aug/2015:00:45:35 +0200] "GET /hirlevel/102-es_vonal.pdf HTTP/1.1" 200 223259 "-" "SAMSUNG-SGH-E250/1.0 Profile/MIDP-2.0 Configuration/CLDC-1.1 UP.Browser/6.2.3.3.c.1.101 (GUI) MMP/2.0 (compatible; Googlebot-Mobile/2.1; +http://www.google.com/bot.html)"
220.181.108.95 - - [25/Aug/2015:00:47:46 +0200] "GET /doc/belepesinyilatkozat.pdf HTTP/1.1" 200 39570 "-" "Mozilla/5.0 (compatible; Baiduspider/2.0; +http://www.baidu.com/search/spider.html)"
66.249.67.104 - - [25/Aug/2015:01:41:10 +0200] "GET /doc/recsk200702.pdf HTTP/1.1" 200 49849 "-" "Googlebot/2.1 (+http://www.google.com/bot.html)"
188.165.15.44 - - [25/Aug/2015:01:42:58 +0200] "GET /hirlevel/vonattal1109.htm HTTP/1.1" 200 47571 "-" "Mozilla/5.0 (compatible; AhrefsBot/5.0; +http://ahrefs.com/robot/)"
207.46.13.129 - - [25/Aug/2015:01:50:57 +0200] "GET /hirlevel/images/zajta_201012.jpg HTTP/1.1" 200 1004287 "-" "Mozilla/5.0 (compatible; bingbot/2.0; +http://www.bing.com/bingbot.htm)"
180.76.15.149 - - [25/Aug/2015:01:52:57 +0200] "GET /doc/utak_a_kerekparozashoz.pdf HTTP/1.1" 200 581632 "-" "Mozilla/5.0 (compatible; Baiduspider/2.0; +http://www.baidu.com/search/spider.html)"
31.220.196.8 - - [25/Aug/2015:01:54:10 +0200] "GET /images/vasutterkep_n.jpg HTTP/1.1" 200 4702972 "-" "ImageMobile/2.6 CFNetwork/711.5.6 Darwin/14.0.0"
46.4.120.3 - - [25/Aug/2015:02:17:48 +0200] "GET /robots.txt HTTP/1.0" 404 1181 "-" "Mozilla/5.0 (compatible; MJ12bot/v1.4.5; http://www.majestic12.co.uk/bot.php?+)"
46.4.120.3 - - [25/Aug/2015:02:17:53 +0200] "GET /hirlevel/vonattal1206.htm HTTP/1.0" 200 47612 "-" "Mozilla/5.0 (compatible; MJ12bot/v1.4.5; http://www.majestic12.co.uk/bot.php?+)"
207.46.13.10 - - [25/Aug/2015:02:27:00 +0200] "GET /robots.txt HTTP/1.1" 404 1181 "-" "Mozilla/5.0 (compatible; bingbot/2.0; +http://www.bing.com/bingbot.htm)"
37.140.141.38 - - [25/Aug/2015:02:36:56 +0200] "GET /robots.txt HTTP/1.1" 404 1181 "-" "Mozilla/5.0 (compatible; YandexBot/3.0; +http://yandex.com/bots)"
66.249.67.62 - - [25/Aug/2015:02:59:46 +0200] "GET /doc/menetrendi-koncepcio_090831.pdf HTTP/1.1" 200 99401 "-" "DoCoMo/2.0 N905i(c100;TB;W24H16) (compatible; Googlebot-Mobile/2.1; +http://www.google.com/bot.html)"
68.180.228.106 - - [25/Aug/2015:03:20:24 +0200] "GET /robots.txt HTTP/1.1" 404 1181 "-" "Mozilla/5.0 (compatible; Yahoo! Slurp; http://help.yahoo.com/help/us/ysearch/slurp)"
68.180.228.106 - - [25/Aug/2015:03:20:24 +0200] "GET /doc/helyierdeku_vasutak2009.ppt HTTP/1.1" 304 - "-" "Mozilla/5.0 (compatible; Yahoo! Slurp; http://help.yahoo.com/help/us/ysearch/slurp)"
66.249.67.104 - - [25/Aug/2015:03:24:42 +0200] "GET /doc/hatarmenti_infrastruktura.pdf HTTP/1.1" 200 555972 "-" "Mozilla/5.0 (iPhone; CPU iPhone OS 8_3 like Mac OS X) AppleWebKit/600.1.4 (KHTML, like Gecko) Version/8.0 Mobile/12F70 Safari/600.1.4 (compatible; Googlebot/2.1; +http://www.google.com/bot.html)"
207.46.13.38 - - [25/Aug/2015:03:43:42 +0200] "GET /doc/s-bahn.pdf HTTP/1.1" 200 97892 "-" "Mozilla/5.0 (iPhone; CPU iPhone OS 7_0 like Mac OS X) AppleWebKit/537.51.1 (KHTML, like Gecko) Version/7.0 Mobile/11A465 Safari/9537.53 (compatible; bingbot/2.0; http://www.bing.com/bingbot.htm)"
157.55.39.58 - - [25/Aug/2015:03:43:59 +0200] "GET /doc/mkk_allasf_120413.pdf HTTP/1.1" 200 33696 "-" "Mozilla/5.0 (compatible; bingbot/2.0; +http://www.bing.com/bingbot.htm)"
157.55.39.58 - - [25/Aug/2015:03:44:00 +0200] "GET /doc/nosztalgia-kisvasutak.pdf HTTP/1.1" 200 33694 "-" "Mozilla/5.0 (compatible; bingbot/2.0; +http://www.bing.com/bingbot.htm)"
157.55.39.58 - - [25/Aug/2015:03:44:00 +0200] "GET /doc/ots_uj_0812.pdf HTTP/1.1" 200 33696 "-" "Mozilla/5.0 (compatible; bingbot/2.0; +http://www.bing.com/bingbot.htm)"
157.55.39.58 - - [25/Aug/2015:03:44:01 +0200] "GET /hirlevel/vonattal1401.html HTTP/1.1" 200 16168 "-" "Mozilla/5.0 (compatible; bingbot/2.0; +http://www.bing.com/bingbot.htm)"
157.55.39.58 - - [25/Aug/2015:03:44:01 +0200] "GET /hirlevel/vonattal1107.htm HTTP/1.1" 200 26917 "-" "Mozilla/5.0 (compatible; bingbot/2.0; +http://www.bing.com/bingbot.htm)"
157.55.39.58 - - [25/Aug/2015:03:44:02 +0200] "GET /doc/Honig_level_20091104.pdf HTTP/1.1" 200 76029 "-" "Mozilla/5.0 (compatible; bingbot/2.0; +http://www.bing.com/bingbot.htm)"
157.55.39.58 - - [25/Aug/2015:03:44:03 +0200] "GET /doc/igazolofuzet.pdf HTTP/1.1" 200 33694 "-" "Mozilla/5.0 (compatible; bingbot/2.0; +http://www.bing.com/bingbot.htm)"
157.55.39.58 - - [25/Aug/2015:03:44:03 +0200] "GET /doc/miniszter_0812.pdf HTTP/1.1" 200 33696 "-" "Mozilla/5.0 (compatible; bingbot/2.0; +http://www.bing.com/bingbot.htm)"
157.55.39.58 - - [25/Aug/2015:03:44:04 +0200] "GET /hirlevel/orszaggyules%20allasfoglalas.pdf HTTP/1.1" 200 33696 "-" "Mozilla/5.0 (compatible; bingbot/2.0; +http://www.bing.com/bingbot.htm)"
157.55.39.58 - - [25/Aug/2015:03:44:04 +0200] "GET /hirlevel/images/vonattal-zircrol.pdf HTTP/1.1" 200 33694 "-" "Mozilla/5.0 (compatible; bingbot/2.0; +http://www.bing.com/bingbot.htm)"
157.55.39.58 - - [25/Aug/2015:03:44:05 +0200] "GET /hirlevel/emk_102.pdf HTTP/1.1" 200 33696 "-" "Mozilla/5.0 (compatible; bingbot/2.0; +http://www.bing.com/bingbot.htm)"
157.55.39.58 - - [25/Aug/2015:03:44:06 +0200] "GET /hirlevel/csege_1102.pdf HTTP/1.1" 200 33694 "-" "Mozilla/5.0 (compatible; bingbot/2.0; +http://www.bing.com/bingbot.htm)"
157.55.39.58 - - [25/Aug/2015:03:44:06 +0200] "GET /hirlevel/2012._evi_vonatritkitas_120322.pdf HTTP/1.1" 200 33695 "-" "Mozilla/5.0 (compatible; bingbot/2.0; +http://www.bing.com/bingbot.htm)"
157.55.39.58 - - [25/Aug/2015:03:44:07 +0200] "GET /doc/varos-videk_2009.pdf HTTP/1.1" 200 33692 "-" "Mozilla/5.0 (compatible; bingbot/2.0; +http://www.bing.com/bingbot.htm)"
157.55.39.58 - - [25/Aug/2015:03:44:07 +0200] "GET /doc/utaspanasz_1305.pdf HTTP/1.1" 200 33695 "-" "Mozilla/5.0 (compatible; bingbot/2.0; +http://www.bing.com/bingbot.htm)"
157.55.39.58 - - [25/Aug/2015:03:44:08 +0200] "GET /hirlevel/vonattal1103.htm HTTP/1.1" 200 36669 "-" "Mozilla/5.0 (compatible; bingbot/2.0; +http://www.bing.com/bingbot.htm)"
157.55.39.58 - - [25/Aug/2015:03:44:09 +0200] "GET /hirlevel/vonattal0903.htm HTTP/1.1" 200 32511 "-" "Mozilla/5.0 (compatible; bingbot/2.0; +http://www.bing.com/bingbot.htm)"
207.46.13.2 - - [25/Aug/2015:03:44:15 +0200] "GET /hirlevel/tegyen_tobbet_magyarorszag_%20a_kozlekedesi_szendioxid.pdf HTTP/1.1" 200 34905 "-" "Mozilla/5.0 (compatible; bingbot/2.0; +http://www.bing.com/bingbot.htm)"
207.46.13.2 - - [25/Aug/2015:03:44:16 +0200] "GET /hirlevel/vonattal1408.html HTTP/1.1" 200 22601 "-" "Mozilla/5.0 (compatible; bingbot/2.0; +http://www.bing.com/bingbot.htm)"
207.46.13.2 - - [25/Aug/2015:03:44:17 +0200] "GET /hirlevel/vonattal1207.htm HTTP/1.1" 200 57936 "-" "Mozilla/5.0 (compatible; bingbot/2.0; +http://www.bing.com/bingbot.htm)"
207.46.13.2 - - [25/Aug/2015:03:44:17 +0200] "GET /hirlevel/vonattal1105-6.html HTTP/1.1" 200 24904 "-" "Mozilla/5.0 (compatible; bingbot/2.0; +http://www.bing.com/bingbot.htm)"
207.46.13.2 - - [25/Aug/2015:03:44:18 +0200] "GET /doc/12pont_100702.pdf HTTP/1.1" 200 98080 "-" "Mozilla/5.0 (compatible; bingbot/2.0; +http://www.bing.com/bingbot.htm)"
207.46.13.2 - - [25/Aug/2015:03:44:18 +0200] "GET /doc/38vasutvonal.pdf HTTP/1.1" 200 33696 "-" "Mozilla/5.0 (compatible; bingbot/2.0; +http://www.bing.com/bingbot.htm)"
207.46.13.2 - - [25/Aug/2015:03:44:19 +0200] "GET /doc/Allasfoglalas_201203.pdf HTTP/1.1" 200 33696 "-" "Mozilla/5.0 (compatible; bingbot/2.0; +http://www.bing.com/bingbot.htm)"
207.46.13.2 - - [25/Aug/2015:03:44:19 +0200] "GET /doc/NFM_Fellegi_201007.pdf HTTP/1.1" 200 33695 "-" "Mozilla/5.0 (compatible; bingbot/2.0; +http://www.bing.com/bingbot.htm)"
207.46.13.2 - - [25/Aug/2015:03:44:20 +0200] "GET /doc/T&E_junius2009.pdf HTTP/1.1" 200 33695 "-" "Mozilla/5.0 (compatible; bingbot/2.0; +http://www.bing.com/bingbot.htm)"
207.46.13.2 - - [25/Aug/2015:03:44:20 +0200] "GET /doc/elovarosi_201301.pdf HTTP/1.1" 200 35439 "-" "Mozilla/5.0 (compatible; bingbot/2.0; +http://www.bing.com/bingbot.htm)"
207.46.13.2 - - [25/Aug/2015:03:44:21 +0200] "GET /doc/memorandum_0807.pdf HTTP/1.1" 200 33696 "-" "Mozilla/5.0 (compatible; bingbot/2.0; +http://www.bing.com/bingbot.htm)"
207.46.13.2 - - [25/Aug/2015:03:44:21 +0200] "GET /doc/mkk%20plakat_rgb.pdf HTTP/1.1" 200 33694 "-" "Mozilla/5.0 (compatible; bingbot/2.0; +http://www.bing.com/bingbot.htm)"
207.46.13.2 - - [25/Aug/2015:03:44:25 +0200] "GET /hirlevel/mkk_allasf_120413 HTTP/1.1" 200 236674 "-" "Mozilla/5.0 (compatible; bingbot/2.0; +http://www.bing.com/bingbot.htm)"
207.46.13.2 - - [25/Aug/2015:03:44:26 +0200] "GET /hirlevel/heviz_1109.pdf HTTP/1.1" 200 33696 "-" "Mozilla/5.0 (compatible; bingbot/2.0; +http://www.bing.com/bingbot.htm)"
207.46.13.2 - - [25/Aug/2015:03:44:26 +0200] "GET /hirlevel/bakonyivasut_0805.pdf HTTP/1.1" 200 33694 "-" "Mozilla/5.0 (compatible; bingbot/2.0; +http://www.bing.com/bingbot.htm)"
207.46.13.2 - - [25/Aug/2015:03:44:27 +0200] "GET /doc/vonattal_tisza-tohoz_2010.pdf HTTP/1.1" 200 33694 "-" "Mozilla/5.0 (compatible; bingbot/2.0; +http://www.bing.com/bingbot.htm)"
207.46.13.2 - - [25/Aug/2015:03:44:27 +0200] "GET /images/b2_2012_03_+terkepkep.pdf HTTP/1.1" 200 33691 "-" "Mozilla/5.0 (compatible; bingbot/2.0; +http://www.bing.com/bingbot.htm)"
207.46.13.2 - - [25/Aug/2015:03:44:28 +0200] "GET /hirlevel/vonattal1410.html HTTP/1.1" 200 34691 "-" "Mozilla/5.0 (compatible; bingbot/2.0; +http://www.bing.com/bingbot.htm)"
207.46.13.2 - - [25/Aug/2015:03:44:29 +0200] "GET /doc/szekesfehervar.pdf HTTP/1.1" 200 47894 "-" "Mozilla/5.0 (compatible; bingbot/2.0; +http://www.bing.com/bingbot.htm)"
207.46.13.2 - - [25/Aug/2015:03:44:29 +0200] "GET /doc/szecseny_04.pdf HTTP/1.1" 200 33695 "-" "Mozilla/5.0 (compatible; bingbot/2.0; +http://www.bing.com/bingbot.htm)"
207.46.13.2 - - [25/Aug/2015:03:44:30 +0200] "GET /hirlevel/vonattal1010.htm HTTP/1.1" 200 41354 "-" "Mozilla/5.0 (compatible; bingbot/2.0; +http://www.bing.com/bingbot.htm)"
207.46.13.2 - - [25/Aug/2015:03:44:31 +0200] "GET /hirlevel/vonattal1007.htm HTTP/1.1" 200 27837 "-" "Mozilla/5.0 (compatible; bingbot/2.0; +http://www.bing.com/bingbot.htm)"
207.46.13.2 - - [25/Aug/2015:03:44:31 +0200] "GET /hirlevel/vonattal1004.htm HTTP/1.1" 200 51166 "-" "Mozilla/5.0 (compatible; bingbot/2.0; +http://www.bing.com/bingbot.htm)"
207.46.13.2 - - [25/Aug/2015:03:44:31 +0200] "GET /hirlevel/vonattal0912.htm HTTP/1.1" 200 55120 "-" "Mozilla/5.0 (compatible; bingbot/2.0; +http://www.bing.com/bingbot.htm)"
207.46.13.2 - - [25/Aug/2015:03:44:32 +0200] "GET /hirlevel/vonattal0908.htm HTTP/1.1" 200 17434 "-" "Mozilla/5.0 (compatible; bingbot/2.0; +http://www.bing.com/bingbot.htm)"
207.46.13.2 - - [25/Aug/2015:03:44:32 +0200] "GET /hirlevel/vasuttal0806-7.htm HTTP/1.1" 200 20641 "-" "Mozilla/5.0 (compatible; bingbot/2.0; +http://www.bing.com/bingbot.htm)"
66.249.67.62 - - [25/Aug/2015:03:48:03 +0200] "GET / HTTP/1.1" 200 1178 "-" "Mozilla/5.0 (compatible; Googlebot/2.1; +http://www.google.com/bot.html)"
207.46.13.38 - - [25/Aug/2015:04:02:01 +0200] "GET /doc/kisterenye_kalkapolna_menetrend.xls HTTP/1.1" 200 28160 "-" "Mozilla/5.0 (iPhone; CPU iPhone OS 7_0 like Mac OS X) AppleWebKit/537.51.1 (KHTML, like Gecko) Version/7.0 Mobile/11A465 Safari/9537.53 (compatible; bingbot/2.0; http://www.bing.com/bingbot.htm)"
207.46.13.10 - - [25/Aug/2015:04:02:33 +0200] "GET /robots.txt HTTP/1.1" 404 1181 "-" "Mozilla/5.0 (compatible; bingbot/2.0; +http://www.bing.com/bingbot.htm)"
157.55.39.199 - - [25/Aug/2015:04:04:58 +0200] "GET /hirlevel/vasutifoto_0805.pdf HTTP/1.1" 200 33696 "-" "Mozilla/5.0 (compatible; bingbot/2.0; +http://www.bing.com/bingbot.htm)"
157.55.39.199 - - [25/Aug/2015:04:04:59 +0200] "GET /hirlevel/tatabanya_1109.pdf HTTP/1.1" 200 33692 "-" "Mozilla/5.0 (compatible; bingbot/2.0; +http://www.bing.com/bingbot.htm)"
157.55.39.199 - - [25/Aug/2015:04:04:59 +0200] "GET /hirlevel/szentgotthard_1109.pdf HTTP/1.1" 200 33695 "-" "Mozilla/5.0 (compatible; bingbot/2.0; +http://www.bing.com/bingbot.htm)"
157.55.39.199 - - [25/Aug/2015:04:05:00 +0200] "GET /hirlevel/rakosmente_1109.pdf HTTP/1.1" 200 33694 "-" "Mozilla/5.0 (compatible; bingbot/2.0; +http://www.bing.com/bingbot.htm)"
157.55.39.199 - - [25/Aug/2015:04:05:00 +0200] "GET /hirlevel/program_gyor-veszprem_1004.pdf HTTP/1.1" 200 33694 "-" "Mozilla/5.0 (compatible; bingbot/2.0; +http://www.bing.com/bingbot.htm)"
157.55.39.199 - - [25/Aug/2015:04:05:01 +0200] "GET /doc/pusztatelen_0812.pdf HTTP/1.1" 200 33694 "-" "Mozilla/5.0 (compatible; bingbot/2.0; +http://www.bing.com/bingbot.htm)"
157.55.39.199 - - [25/Aug/2015:04:05:02 +0200] "GET /hirlevel/vonattal1307.html HTTP/1.1" 200 33563 "-" "Mozilla/5.0 (compatible; bingbot/2.0; +http://www.bing.com/bingbot.htm)"
157.55.39.199 - - [25/Aug/2015:04:05:03 +0200] "GET /hirlevel/vonattal1105-6.htm HTTP/1.1" 200 24904 "-" "Mozilla/5.0 (compatible; bingbot/2.0; +http://www.bing.com/bingbot.htm)"
157.55.39.199 - - [25/Aug/2015:04:05:03 +0200] "GET /doc/Bajnai-mellekvonal091209.pdf HTTP/1.1" 200 97594 "-" "Mozilla/5.0 (compatible; bingbot/2.0; +http://www.bing.com/bingbot.htm)"
66.249.67.98 - - [25/Aug/2015:04:05:03 +0200] "GET /hirlevel/devavanya.pdf HTTP/1.1" 200 39671 "-" "Mozilla/5.0 (compatible; Googlebot/2.1; +http://www.google.com/bot.html)"
157.55.39.199 - - [25/Aug/2015:04:05:04 +0200] "GET /doc/kaposvar_0812.pdf HTTP/1.1" 200 33694 "-" "Mozilla/5.0 (compatible; bingbot/2.0; +http://www.bing.com/bingbot.htm)"
157.55.39.199 - - [25/Aug/2015:04:05:04 +0200] "GET /hirlevel/ot_0805.pdf HTTP/1.1" 200 33696 "-" "Mozilla/5.0 (compatible; bingbot/2.0; +http://www.bing.com/bingbot.htm)"
157.55.39.199 - - [25/Aug/2015:04:05:05 +0200] "GET /hirlevel/emh_rajzpalyazat0805.pdf HTTP/1.1" 200 33696 "-" "Mozilla/5.0 (compatible; bingbot/2.0; +http://www.bing.com/bingbot.htm)"
157.55.39.199 - - [25/Aug/2015:04:05:06 +0200] "GET /hirlevel/dunaujvaros_1109.pdf HTTP/1.1" 200 33695 "-" "Mozilla/5.0 (compatible; bingbot/2.0; +http://www.bing.com/bingbot.htm)"
157.55.39.199 - - [25/Aug/2015:04:05:06 +0200] "GET /hirlevel/charta_hun_teljes_net.pdf HTTP/1.1" 200 33694 "-" "Mozilla/5.0 (compatible; bingbot/2.0; +http://www.bing.com/bingbot.htm)"
157.55.39.199 - - [25/Aug/2015:04:05:06 +0200] "GET /hirlevel/vonattal1112.htm HTTP/1.1" 200 21986 "-" "Mozilla/5.0 (compatible; bingbot/2.0; +http://www.bing.com/bingbot.htm)"
157.55.39.199 - - [25/Aug/2015:04:05:07 +0200] "GET /hirlevel/vonattal0911.htm HTTP/1.1" 200 41812 "-" "Mozilla/5.0 (compatible; bingbot/2.0; +http://www.bing.com/bingbot.htm)"
157.55.39.199 - - [25/Aug/2015:04:05:08 +0200] "GET /hirlevel/vonattal0907.htm HTTP/1.1" 200 33088 "-" "Mozilla/5.0 (compatible; bingbot/2.0; +http://www.bing.com/bingbot.htm)"
207.46.13.2 - - [25/Aug/2015:04:08:36 +0200] "GET /hirlevel/images/sokanrecsken.jpg HTTP/1.1" 200 50116 "-" "Mozilla/5.0 (compatible; bingbot/2.0; +http://www.bing.com/bingbot.htm)"
207.46.13.129 - - [25/Aug/2015:04:12:51 +0200] "GET /hirlevel/vasuttal0803.htm HTTP/1.1" 200 31521 "-" "Mozilla/5.0 (compatible; bingbot/2.0; +http://www.bing.com/bingbot.htm)"
207.46.13.10 - - [25/Aug/2015:04:31:06 +0200] "GET / HTTP/1.1" 200 1178 "-" "Mozilla/5.0 (compatible; bingbot/2.0; +http://www.bing.com/bingbot.htm)"
180.76.15.18 - - [25/Aug/2015:04:31:16 +0200] "GET / HTTP/1.1" 304 - "-" "Mozilla/5.0 (compatible; Baiduspider/2.0; +http://www.baidu.com/search/spider.html)"
68.180.230.253 - - [25/Aug/2015:04:36:22 +0200] "GET /doc/legyel_te_is_buszke_kerekparos.pdf HTTP/1.1" 304 - "-" "Mozilla/5.0 (compatible; Yahoo! Slurp; http://help.yahoo.com/help/us/ysearch/slurp)"
207.46.13.129 - - [25/Aug/2015:04:37:12 +0200] "GET /doc/OT_HM.pdf HTTP/1.1" 200 1439316 "-" "Mozilla/5.0 (iPhone; CPU iPhone OS 7_0 like Mac OS X) AppleWebKit/537.51.1 (KHTML, like Gecko) Version/7.0 Mobile/11A465 Safari/9537.53 (compatible; bingbot/2.0; http://www.bing.com/bingbot.htm)"
207.46.13.2 - - [25/Aug/2015:04:54:45 +0200] "GET /hirlevel/images/0903f.jpg HTTP/1.1" 200 73829 "-" "Mozilla/5.0 (compatible; bingbot/2.0; +http://www.bing.com/bingbot.htm)"
180.76.15.152 - - [25/Aug/2015:05:01:17 +0200] "GET /doc/T&E_aprilis2009.pdf HTTP/1.1" 200 63207 "-" "Mozilla/5.0 (compatible; Baiduspider/2.0; +http://www.baidu.com/search/spider.html)"
68.180.230.253 - - [25/Aug/2015:05:08:45 +0200] "GET /doc/MKKE_2014_OBHGEPI_PK_142_1425021032546.pdf HTTP/1.1" 304 - "-" "Mozilla/5.0 (compatible; Yahoo! Slurp; http://help.yahoo.com/help/us/ysearch/slurp)"
180.76.15.30 - - [25/Aug/2015:05:22:20 +0200] "GET / HTTP/1.1" 200 1178 "-" "Mozilla/5.0 (compatible; Baiduspider/2.0; +http://www.baidu.com/search/spider.html)"
180.76.15.32 - - [25/Aug/2015:05:22:25 +0200] "GET / HTTP/1.1" 200 1178 "-" "Mozilla/5.0 (compatible; Baiduspider/2.0; +http://www.baidu.com/search/spider.html)"
157.55.39.199 - - [25/Aug/2015:05:24:48 +0200] "GET /hirlevel/images/1107_b.jpg HTTP/1.1" 200 83593 "-" "Mozilla/5.0 (compatible; bingbot/2.0; +http://www.bing.com/bingbot.htm)"
66.249.67.68 - - [25/Aug/2015:05:31:06 +0200] "GET /doc/vkdm_bp-apaczai_20091027.pdf HTTP/1.1" 200 64794 "-" "SAMSUNG-SGH-E250/1.0 Profile/MIDP-2.0 Configuration/CLDC-1.1 UP.Browser/6.2.3.3.c.1.101 (GUI) MMP/2.0 (compatible; Googlebot-Mobile/2.1; +http://www.google.com/bot.html)"
157.55.39.57 - - [25/Aug/2015:05:42:27 +0200] "GET /hirlevel/images/0812d.jpg HTTP/1.1" 200 39967 "-" "Mozilla/5.0 (compatible; bingbot/2.0; +http://www.bing.com/bingbot.htm)"
66.249.67.92 - - [25/Aug/2015:05:45:30 +0200] "GET /robots.txt HTTP/1.1" 404 1181 "-" "Mozilla/5.0 (compatible; Googlebot/2.1; +http://www.google.com/bot.html)"
66.249.67.92 - - [25/Aug/2015:05:45:30 +0200] "GET /hirlevel/images/0912f.jpg HTTP/1.1" 304 - "-" "Googlebot-Image/1.0"
157.55.39.58 - - [25/Aug/2015:05:46:09 +0200] "GET /hirlevel/images/1010a.jpg HTTP/1.1" 200 52624 "-" "Mozilla/5.0 (compatible; bingbot/2.0; +http://www.bing.com/bingbot.htm)"
157.55.39.58 - - [25/Aug/2015:05:46:48 +0200] "GET /hirlevel/images/1009_terkep_n.jpg HTTP/1.1" 200 598267 "-" "Mozilla/5.0 (compatible; bingbot/2.0; +http://www.bing.com/bingbot.htm)"
207.46.13.2 - - [25/Aug/2015:06:09:58 +0200] "GET /robots.txt HTTP/1.1" 404 1181 "-" "Mozilla/5.0 (compatible; bingbot/2.0; +http://www.bing.com/bingbot.htm)"
157.55.39.199 - - [25/Aug/2015:06:28:55 +0200] "GET /doc/prezentacio_20150425_tokaj.pdf HTTP/1.1" 200 214167 "-" "Mozilla/5.0 (iPhone; CPU iPhone OS 7_0 like Mac OS X) AppleWebKit/537.51.1 (KHTML, like Gecko) Version/7.0 Mobile/11A465 Safari/9537.53 (compatible; bingbot/2.0; http://www.bing.com/bingbot.htm)"
66.249.67.62 - - [25/Aug/2015:06:29:10 +0200] "GET /robots.txt HTTP/1.1" 404 1181 "-" "Mozilla/5.0 (compatible; Googlebot/2.1; +http://www.google.com/bot.html)"
66.249.67.62 - - [25/Aug/2015:06:29:10 +0200] "GET / HTTP/1.1" 200 1178 "-" "Mozilla/5.0 (iPhone; CPU iPhone OS 8_3 like Mac OS X) AppleWebKit/600.1.4 (KHTML, like Gecko) Version/8.0 Mobile/12F70 Safari/600.1.4 (compatible; Googlebot/2.1; +http://www.google.com/bot.html)"
157.55.39.199 - - [25/Aug/2015:06:37:58 +0200] "GET /robots.txt HTTP/1.1" 404 1181 "-" "Mozilla/5.0 (compatible; bingbot/2.0; +http://www.bing.com/bingbot.htm)"
66.249.67.68 - - [25/Aug/2015:06:40:55 +0200] "GET /index.swf HTTP/1.1" 200 0 "-" "Mozilla/5.0 (compatible; Googlebot/2.1; +http://www.google.com/bot.html)"
157.55.39.199 - - [25/Aug/2015:06:51:02 +0200] "GET /robots.txt HTTP/1.1" 404 1181 "-" "Mozilla/5.0 (compatible; bingbot/2.0; +http://www.bing.com/bingbot.htm)"
180.76.15.134 - - [25/Aug/2015:06:52:12 +0200] "GET /doc/kozh06.pdf HTTP/1.1" 200 136124 "-" "Mozilla/5.0 (compatible; Baiduspider/2.0; +http://www.baidu.com/search/spider.html)"
157.55.39.57 - - [25/Aug/2015:06:54:28 +0200] "GET /hirlevel/images/1307_1.jpg HTTP/1.1" 200 85992 "-" "Mozilla/5.0 (compatible; bingbot/2.0; +http://www.bing.com/bingbot.htm)"
104.131.147.112 - - [25/Aug/2015:07:00:26 +0200] "GET / HTTP/1.1" 200 1178 "-" "Mozilla/5.0 (compatible; Gluten Free Crawler/1.0; +http://glutenfreepleasure.com/)"
104.131.147.112 - - [25/Aug/2015:07:00:43 +0200] "GET / HTTP/1.1" 200 1178 "-" "Mozilla/5.0 (compatible; Gluten Free Crawler/1.0; +http://glutenfreepleasure.com/)"
66.249.67.92 - - [25/Aug/2015:07:05:54 +0200] "GET /doc/emlekezteto_tatabanya_0327.pdf HTTP/1.1" 200 170585 "-" "SAMSUNG-SGH-E250/1.0 Profile/MIDP-2.0 Configuration/CLDC-1.1 UP.Browser/6.2.3.3.c.1.101 (GUI) MMP/2.0 (compatible; Googlebot-Mobile/2.1; +http://www.google.com/bot.html)"
5.9.156.11 - - [25/Aug/2015:07:08:54 +0200] "GET / HTTP/1.1" 200 1178 "-" "Mozilla/5.0 (compatible; MegaIndex.ru/2.0; +http://megaindex.com/crawler)"
66.249.67.92 - - [25/Aug/2015:07:16:42 +0200] "GET /hirlevel/images/1009_terkep_k.jpg HTTP/1.1" 304 - "-" "Googlebot-Image/1.0"
208.89.211.38 - - [25/Aug/2015:07:34:27 +0200] "GET / HTTP/1.1" 200 1178 "http://www.vasuttortenet.eoldal.hu/" "Mozilla/5.0 (Windows NT 6.2; WOW64; Trident/7.0; rv:11.0) like Gecko"
91.82.145.12 - - [25/Aug/2015:07:35:53 +0200] "GET /images/vasutterkep_n.jpg HTTP/1.1" 200 2783137 "https://www.google.hu/" "Mozilla/5.0 (Windows NT 6.3; WOW64) AppleWebKit/537.36 (KHTML, like Gecko) Chrome/44.0.2403.157 Safari/537.36"
91.82.145.12 - - [25/Aug/2015:07:36:34 +0200] "GET /images/vasutterkep_n.jpg HTTP/1.1" 206 1 "https://www.google.hu/" "Mozilla/5.0 (Windows NT 6.3; WOW64) AppleWebKit/537.36 (KHTML, like Gecko) Chrome/44.0.2403.157 Safari/537.36"
91.82.145.12 - - [25/Aug/2015:07:36:39 +0200] "GET /images/vasutterkep_n.jpg HTTP/1.1" 206 2043675 "https://www.google.hu/" "Mozilla/5.0 (Windows NT 6.3; WOW64) AppleWebKit/537.36 (KHTML, like Gecko) Chrome/44.0.2403.157 Safari/537.36"
66.249.67.98 - - [25/Aug/2015:07:36:59 +0200] "GET /hirlevel/images/0912a.jpg HTTP/1.1" 304 - "-" "Googlebot-Image/1.0"
66.249.67.92 - - [25/Aug/2015:07:38:26 +0200] "GET /hirlevel/images/0912h.jpg HTTP/1.1" 304 - "-" "Googlebot-Image/1.0"
66.249.67.104 - - [25/Aug/2015:07:39:52 +0200] "GET /hirlevel/images/0912i.jpg HTTP/1.1" 304 - "-" "Googlebot-Image/1.0"
157.55.39.211 - - [25/Aug/2015:07:50:34 +0200] "GET /robots.txt HTTP/1.1" 404 1181 "-" "Mozilla/5.0 (compatible; bingbot/2.0; +http://www.bing.com/bingbot.htm)"
95.222.2.119 - - [25/Aug/2015:07:53:01 +0200] "GET /images/vasutterkep_n.jpg HTTP/1.1" 200 4702972 "http://www.bing.com/images/search?q=ungarn+karte&view=detailv2&&id=96352B7D41B76F3373FD3702E612E3EF95437734&selectedIndex=24&ccid=lc%2fWxNDU&simid=608036287399002476&thid=OIP.M95cfd6c4d0d48cbf964405b343a3896do0&mode=overlay" "Mozilla/5.0 (Windows NT 6.3; Win64; x64; Trident/7.0; rv:11.0) like Gecko"
66.249.67.62 - - [25/Aug/2015:07:55:13 +0200] "GET /index.swf HTTP/1.1" 200 0 "-" "Mozilla/5.0 (compatible; Googlebot/2.1; +http://www.google.com/bot.html)"
66.249.67.98 - - [25/Aug/2015:08:05:56 +0200] "GET /hirlevel/images/ti-to_2012-06-27.jpg HTTP/1.1" 304 - "-" "Googlebot-Image/1.0"
66.249.67.92 - - [25/Aug/2015:08:11:44 +0200] "GET /hirlevel/images/1306_1.jpg HTTP/1.1" 304 - "-" "Googlebot-Image/1.0"
207.46.13.32 - - [25/Aug/2015:08:14:51 +0200] "GET /robots.txt HTTP/1.1" 404 1181 "-" "Mozilla/5.0 (compatible; bingbot/2.0; +http://www.bing.com/bingbot.htm)"
157.55.39.199 - - [25/Aug/2015:08:16:25 +0200] "GET /robots.txt HTTP/1.1" 404 1181 "-" "Mozilla/5.0 (compatible; bingbot/2.0; +http://www.bing.com/bingbot.htm)"
157.55.39.199 - - [25/Aug/2015:08:22:48 +0200] "GET / HTTP/1.1" 200 1178 "-" "Mozilla/5.0 (compatible; bingbot/2.0; +http://www.bing.com/bingbot.htm)"
148.251.235.206 - - [25/Aug/2015:08:22:49 +0200] "GET /hirlevel/ahol_kerekparozni_jo.pdf HTTP/1.1" 200 1029472 "http://mkk.zpok.hu/hirlevel/ahol_kerekparozni_jo.pdf" "Mozilla/5.0 (compatible; Googlebot/2.1; +http://www.google.com/bot.html)"
203.133.169.77 - - [25/Aug/2015:08:25:36 +0200] "GET / HTTP/1.1" 200 1178 "-" "Mozilla/5.0 (compatible; MSIE or Firefox mutant; not on Windows server;) Daumoa 4.0"
203.133.169.77 - - [25/Aug/2015:08:25:42 +0200] "GET /robots.txt HTTP/1.1" 404 1181 "-" "Mozilla/5.0 (compatible; MSIE or Firefox mutant; not on Windows server;) Daumoa 4.0"
203.133.169.77 - - [25/Aug/2015:08:25:43 +0200] "GET /index.swf HTTP/1.1" 200 0 "-" "Mozilla/5.0 (compatible; MSIE or Firefox mutant; not on Windows server;) Daumoa 4.0"
157.55.39.243 - - [25/Aug/2015:08:39:26 +0200] "GET /images/vasutterkep_n.jpg HTTP/1.1" 200 4702972 "-" "Mozilla/5.0 (compatible; bingbot/2.0; +http://www.bing.com/bingbot.htm)"
66.249.93.238 - - [25/Aug/2015:08:50:42 +0200] "GET /images/vasutterkep_n.jpg HTTP/1.1" 200 4702972 "-" "Google favicon"
66.249.93.244 - - [25/Aug/2015:08:50:42 +0200] "GET /favicon.ico HTTP/1.1" 404 1181 "-" "Google favicon"
89.163.148.58 - - [25/Aug/2015:08:52:09 +0200] "GET /robots.txt HTTP/1.0" 404 1181 "-" "Mozilla/5.0 (compatible; MJ12bot/v1.4.5; http://www.majestic12.co.uk/bot.php?+)"
89.163.148.58 - - [25/Aug/2015:08:52:10 +0200] "GET /hirlevel/vonattal1209.htm HTTP/1.0" 200 45089 "-" "Mozilla/5.0 (compatible; MJ12bot/v1.4.5; http://www.majestic12.co.uk/bot.php?+)"
66.249.67.62 - - [25/Aug/2015:08:56:53 +0200] "GET /doc/szoroanyag_109_2009.pdf HTTP/1.1" 404 1181 "-" "Mozilla/5.0 (compatible; Googlebot/2.1; +http://www.google.com/bot.html)"
66.249.67.104 - - [25/Aug/2015:08:57:31 +0200] "GET /doc/meghivo0926.pdf HTTP/1.1" 404 1181 "-" "Mozilla/5.0 (compatible; Googlebot/2.1; +http://www.google.com/bot.html)"
66.249.67.98 - - [25/Aug/2015:09:03:02 +0200] "GET /hirlevel/vonattal1306.html HTTP/1.1" 304 - "-" "Mozilla/5.0 (compatible; Googlebot/2.1; +http://www.google.com/bot.html)"
68.180.230.253 - - [25/Aug/2015:09:19:03 +0200] "GET /hirlevel/szentgotthardon_1410.pdf HTTP/1.1" 200 32715 "-" "Mozilla/5.0 (compatible; Yahoo! Slurp; http://help.yahoo.com/help/us/ysearch/slurp)"
68.180.230.253 - - [25/Aug/2015:09:27:52 +0200] "GET /hirlevel/vonattal1409.html HTTP/1.1" 304 - "-" "Mozilla/5.0 (compatible; Yahoo! Slurp; http://help.yahoo.com/help/us/ysearch/slurp)"
157.55.39.199 - - [25/Aug/2015:09:44:30 +0200] "GET / HTTP/1.1" 200 1178 "-" "Mozilla/5.0 (compatible; bingbot/2.0; +http://www.bing.com/bingbot.htm)"
157.55.39.199 - - [25/Aug/2015:09:44:31 +0200] "GET /index.swf HTTP/1.1" 200 0 "-" "Mozilla/5.0 (compatible; bingbot/2.0; +http://www.bing.com/bingbot.htm)"
195.228.210.110 - - [25/Aug/2015:09:48:50 +0200] "GET /images/vasutterkep_n.jpg HTTP/1.1" 200 4702972 "http://www.bing.com/images/search?q=magyarorszag+terkep&view=detailv2&&id=4C31BCB55C338584EC5A33C80A8DB6CF68835508&selectedIndex=0&ccid=lc%2fWxNDU&simid=608008292804593467&thid=OIP.M95cfd6c4d0d48cbf964405b343a3896dH0&mode=overlay" "Mozilla/5.0 (Windows NT 6.1; Trident/7.0; rv:11.0) like Gecko"
66.249.67.92 - - [25/Aug/2015:09:55:32 +0200] "GET /hirlevel/vonattal1009.htm HTTP/1.1" 304 - "-" "Mozilla/5.0 (compatible; Googlebot/2.1; +http://www.google.com/bot.html)"
84.206.8.134 - - [25/Aug/2015:09:56:38 +0200] "GET /images/vasutterkep_n.jpg HTTP/1.0" 200 4702972 "http://www.terkepkalauz.hu/index.php?option=com_content&task=view&id=396" "Mozilla/4.0 (compatible; MSIE 8.0; Windows NT 5.1; Trident/4.0; .NET CLR 2.0.50727; .NET CLR 3.0.4506.2152; .NET CLR 3.5.30729)"
84.206.8.134 - - [25/Aug/2015:09:56:38 +0200] "GET /favicon.ico HTTP/1.0" 404 1181 "-" "Mozilla/4.0 (compatible; MSIE 8.0; Windows NT 5.1; Trident/4.0; .NET CLR 2.0.50727; .NET CLR 3.0.4506.2152; .NET CLR 3.5.30729)"
66.249.67.98 - - [25/Aug/2015:10:18:22 +0200] "GET /hirlevel/vonattal1105-6.htm HTTP/1.1" 304 - "-" "Mozilla/5.0 (compatible; Googlebot/2.1; +http://www.google.com/bot.html)"
46.139.42.66 - - [25/Aug/2015:10:22:29 +0200] "GET /hirlevel/images/1109b.jpg HTTP/1.1" 200 139587 "https://www.google.hu/" "Mozilla/5.0 (Windows NT 6.1) AppleWebKit/537.36 (KHTML, like Gecko) Chrome/44.0.2403.157 Safari/537.36"
185.10.126.3 - - [25/Aug/2015:10:28:07 +0200] "GET /doc/vonatrafel_c.pdf HTTP/1.1" 200 705296 "https://www.google.hu" "Mozilla/5.0 (Windows NT 5.1; rv:40.0) Gecko/20100101 Firefox/40.0"
185.10.126.3 - - [25/Aug/2015:10:28:11 +0200] "GET /favicon.ico HTTP/1.1" 404 1181 "-" "Mozilla/5.0 (Windows NT 5.1; rv:40.0) Gecko/20100101 Firefox/40.0"
185.10.126.3 - - [25/Aug/2015:10:28:11 +0200] "GET /doc/vonatrafel_c.pdf HTTP/1.1" 206 65536 "https://www.google.hu" "Mozilla/5.0 (Windows NT 5.1; rv:40.0) Gecko/20100101 Firefox/40.0"
185.10.126.3 - - [25/Aug/2015:10:28:12 +0200] "GET /doc/vonatrafel_c.pdf HTTP/1.1" 206 49936 "https://www.google.hu" "Mozilla/5.0 (Windows NT 5.1; rv:40.0) Gecko/20100101 Firefox/40.0"
180.76.15.5 - - [25/Aug/2015:10:33:24 +0200] "GET / HTTP/1.1" 200 1178 "-" "Mozilla/5.0 (compatible; Baiduspider/2.0; +http://www.baidu.com/search/spider.html)"
180.76.15.138 - - [25/Aug/2015:10:33:48 +0200] "GET / HTTP/1.1" 200 1178 "-" "Mozilla/5.0 (compatible; Baiduspider/2.0; +http://www.baidu.com/search/spider.html)"
77.111.144.252 - - [25/Aug/2015:10:43:48 +0200] "GET /favicon.ico HTTP/1.1" 404 1181 "-" "Mozilla/5.0 (Windows NT 5.1) AppleWebKit/537.36 (KHTML, like Gecko) Chrome/44.0.2403.107 Safari/537.36 OPR/31.0.1889.99"
220.181.108.179 - - [25/Aug/2015:10:48:29 +0200] "GET /doc/kerparoskozlekedes.pdf HTTP/1.1" 200 2540119 "-" "Mozilla/5.0 (compatible; Baiduspider/2.0; +http://www.baidu.com/search/spider.html)"
195.191.14.88 - - [25/Aug/2015:10:58:34 +0200] "GET /images/vasutterkep_n.jpg HTTP/1.0" 200 4702972 "http://www.bing.com/images/search?q=bahnstrecken&view=detailv2&&id=A53AEA98047BF46531F77A4F0809ABE290ABA795&selectedIndex=1&ccid=8ogaP3mP&simid=608021723162804294&thid=OIP.Mf2881a3f798fb9e1852cb54968b7841bo0&mode=overlay" "Mozilla/5.0 (compatible; MSIE 10.0; Windows NT 6.1; Trident/6.0)"
77.111.144.252 - - [25/Aug/2015:11:12:11 +0200] "GET /favicon.ico HTTP/1.1" 404 1181 "-" "Mozilla/5.0 (Windows NT 5.1) AppleWebKit/537.36 (KHTML, like Gecko) Chrome/44.0.2403.107 Safari/537.36 OPR/31.0.1889.99"
157.55.39.211 - - [25/Aug/2015:11:13:04 +0200] "GET /hirlevel/images/1410_u.jpg HTTP/1.1" 200 248000 "-" "Mozilla/5.0 (compatible; bingbot/2.0; +http://www.bing.com/bingbot.htm)"
220.181.108.88 - - [25/Aug/2015:11:20:30 +0200] "GET / HTTP/1.1" 200 1178 "-" "Mozilla/5.0 (compatible; Baiduspider/2.0; +http://www.baidu.com/search/spider.html)"
87.12.219.180 - - [25/Aug/2015:11:25:11 +0200] "GET /images/vasutterkep_n.jpg HTTP/1.1" 200 4702972 "https://www.google.it/" "Mozilla/5.0 (Macintosh; Intel Mac OS X 10_10_4) AppleWebKit/600.7.12 (KHTML, like Gecko) Version/8.0.7 Safari/600.7.12"
157.55.39.243 - - [25/Aug/2015:11:31:18 +0200] "GET /doc/vonatrafel_c.pdf HTTP/1.1" 200 705296 "-" "Mozilla/5.0 (iPhone; CPU iPhone OS 7_0 like Mac OS X) AppleWebKit/537.51.1 (KHTML, like Gecko) Version/7.0 Mobile/11A465 Safari/9537.53 (compatible; bingbot/2.0; http://www.bing.com/bingbot.htm)"
213.241.23.130 - - [25/Aug/2015:11:38:25 +0200] "GET /images/vasutterkep_n.jpg HTTP/1.0" 200 4292328 "http://www.google.pl/blank.html" "Mozilla/5.0 (Windows NT 6.1; WOW64; rv:40.0) Gecko/20100101 Firefox/40.0"
213.241.23.130 - - [25/Aug/2015:11:38:28 +0200] "GET /images/vasutterkep_n.jpg HTTP/1.0" 200 943104 "http://www.google.pl/blank.html" "Mozilla/5.0 (Windows NT 6.1; WOW64; rv:40.0) Gecko/20100101 Firefox/40.0"
