46.107.232.33 - - [27/Nov/2015:19:52:35 +0100] "GET /favicon.ico HTTP/1.1" 404 1181 "-" "Mozilla/5.0 (Linux; Android 4.4.2; K01A Build/KVT49L) AppleWebKit/537.36 (KHTML, like Gecko) Version/4.0 Chrome/30.0.0.0 Safari/537.36"
157.55.39.35 - - [27/Nov/2015:20:16:24 +0100] "GET /robots.txt HTTP/1.1" 404 1181 "-" "Mozilla/5.0 (compatible; bingbot/2.0; +http://www.bing.com/bingbot.htm)"
157.55.39.35 - - [27/Nov/2015:20:17:41 +0100] "GET / HTTP/1.1" 200 1178 "-" "Mozilla/5.0 (compatible; bingbot/2.0; +http://www.bing.com/bingbot.htm)"
66.249.64.216 - - [27/Nov/2015:20:33:17 +0100] "GET /hirlevel/eamn_k.png HTTP/1.1" 304 - "-" "Googlebot-Image/1.0"
66.249.64.211 - - [27/Nov/2015:20:37:34 +0100] "GET /hirlevel/images/gozos.jpg HTTP/1.1" 304 - "-" "Googlebot-Image/1.0"
94.21.132.155 - - [27/Nov/2015:20:40:06 +0100] "GET /images/vasutterkep_n.jpg HTTP/1.1" 200 4702972 "https://www.google.hu" "Mozilla/5.0 (Windows NT 6.1; WOW64; rv:42.0) Gecko/20100101 Firefox/42.0"
157.55.39.35 - - [27/Nov/2015:20:43:57 +0100] "GET /robots.txt HTTP/1.1" 404 1181 "-" "Mozilla/5.0 (compatible; bingbot/2.0; +http://www.bing.com/bingbot.htm)"
94.21.143.240 - - [27/Nov/2015:20:49:00 +0100] "GET /images/vasutterkep_n.jpg HTTP/1.1" 200 4702972 "https://www.google.hu" "Mozilla/5.0 (Windows NT 6.1; WOW64; rv:42.0) Gecko/20100101 Firefox/42.0"
188.6.106.254 - - [27/Nov/2015:20:56:02 +0100] "GET /images/vasutterkep_n.jpg HTTP/1.1" 200 4702972 "https://www.google.hu" "Mozilla/5.0 (Windows NT 10.0; WOW64; rv:42.0) Gecko/20100101 Firefox/42.0"
121.127.252.58 - - [27/Nov/2015:20:59:18 +0100] "HEAD /editor/editor HTTP/1.1" 404 0 "-" "-"
121.127.252.58 - - [27/Nov/2015:20:59:18 +0100] "HEAD /fckeditor/editor HTTP/1.1" 404 0 "-" "-"
79.120.170.148 - - [27/Nov/2015:21:05:34 +0100] "GET /favicon.ico HTTP/1.1" 404 1181 "http://www.mkk.zpok.hu/doc/vonatrafel_c.pdf" "Mozilla/5.0 (Windows NT 6.1) AppleWebKit/537.36 (KHTML, like Gecko) Chrome/46.0.2490.86 Safari/537.36"
79.120.170.148 - - [27/Nov/2015:21:05:35 +0100] "GET /doc/vonatrafel_c.pdf HTTP/1.1" 206 32768 "http://www.mkk.zpok.hu/doc/vonatrafel_c.pdf" "Mozilla/5.0 (Windows NT 6.1) AppleWebKit/537.36 (KHTML, like Gecko) Chrome/46.0.2490.86 Safari/537.36"
79.120.170.148 - - [27/Nov/2015:21:05:35 +0100] "GET /doc/vonatrafel_c.pdf HTTP/1.1" 200 312094 "https://www.google.hu/" "Mozilla/5.0 (Windows NT 6.1) AppleWebKit/537.36 (KHTML, like Gecko) Chrome/46.0.2490.86 Safari/537.36"
79.120.170.148 - - [27/Nov/2015:21:05:36 +0100] "GET /doc/vonatrafel_c.pdf HTTP/1.1" 206 32768 "http://www.mkk.zpok.hu/doc/vonatrafel_c.pdf" "Mozilla/5.0 (Windows NT 6.1) AppleWebKit/537.36 (KHTML, like Gecko) Chrome/46.0.2490.86 Safari/537.36"
79.120.170.148 - - [27/Nov/2015:21:05:36 +0100] "GET /doc/vonatrafel_c.pdf HTTP/1.1" 206 32768 "http://www.mkk.zpok.hu/doc/vonatrafel_c.pdf" "Mozilla/5.0 (Windows NT 6.1) AppleWebKit/537.36 (KHTML, like Gecko) Chrome/46.0.2490.86 Safari/537.36"
79.120.170.148 - - [27/Nov/2015:21:05:36 +0100] "GET /doc/vonatrafel_c.pdf HTTP/1.1" 206 32768 "http://www.mkk.zpok.hu/doc/vonatrafel_c.pdf" "Mozilla/5.0 (Windows NT 6.1) AppleWebKit/537.36 (KHTML, like Gecko) Chrome/46.0.2490.86 Safari/537.36"
79.120.170.148 - - [27/Nov/2015:21:05:37 +0100] "GET /doc/vonatrafel_c.pdf HTTP/1.1" 206 32768 "http://www.mkk.zpok.hu/doc/vonatrafel_c.pdf" "Mozilla/5.0 (Windows NT 6.1) AppleWebKit/537.36 (KHTML, like Gecko) Chrome/46.0.2490.86 Safari/537.36"
79.120.170.148 - - [27/Nov/2015:21:05:37 +0100] "GET /doc/vonatrafel_c.pdf HTTP/1.1" 206 32768 "http://www.mkk.zpok.hu/doc/vonatrafel_c.pdf" "Mozilla/5.0 (Windows NT 6.1) AppleWebKit/537.36 (KHTML, like Gecko) Chrome/46.0.2490.86 Safari/537.36"
79.120.170.148 - - [27/Nov/2015:21:05:37 +0100] "GET /doc/vonatrafel_c.pdf HTTP/1.1" 206 32768 "http://www.mkk.zpok.hu/doc/vonatrafel_c.pdf" "Mozilla/5.0 (Windows NT 6.1) AppleWebKit/537.36 (KHTML, like Gecko) Chrome/46.0.2490.86 Safari/537.36"
79.120.170.148 - - [27/Nov/2015:21:05:38 +0100] "GET /doc/vonatrafel_c.pdf HTTP/1.1" 206 32768 "http://www.mkk.zpok.hu/doc/vonatrafel_c.pdf" "Mozilla/5.0 (Windows NT 6.1) AppleWebKit/537.36 (KHTML, like Gecko) Chrome/46.0.2490.86 Safari/537.36"
79.120.170.148 - - [27/Nov/2015:21:05:38 +0100] "GET /doc/vonatrafel_c.pdf HTTP/1.1" 206 32768 "http://www.mkk.zpok.hu/doc/vonatrafel_c.pdf" "Mozilla/5.0 (Windows NT 6.1) AppleWebKit/537.36 (KHTML, like Gecko) Chrome/46.0.2490.86 Safari/537.36"
79.120.170.148 - - [27/Nov/2015:21:05:38 +0100] "GET /doc/vonatrafel_c.pdf HTTP/1.1" 206 32768 "http://www.mkk.zpok.hu/doc/vonatrafel_c.pdf" "Mozilla/5.0 (Windows NT 6.1) AppleWebKit/537.36 (KHTML, like Gecko) Chrome/46.0.2490.86 Safari/537.36"
79.120.170.148 - - [27/Nov/2015:21:05:39 +0100] "GET /doc/vonatrafel_c.pdf HTTP/1.1" 206 32768 "http://www.mkk.zpok.hu/doc/vonatrafel_c.pdf" "Mozilla/5.0 (Windows NT 6.1) AppleWebKit/537.36 (KHTML, like Gecko) Chrome/46.0.2490.86 Safari/537.36"
79.120.170.148 - - [27/Nov/2015:21:05:39 +0100] "GET /doc/vonatrafel_c.pdf HTTP/1.1" 206 65536 "http://www.mkk.zpok.hu/doc/vonatrafel_c.pdf" "Mozilla/5.0 (Windows NT 6.1) AppleWebKit/537.36 (KHTML, like Gecko) Chrome/46.0.2490.86 Safari/537.36"
79.120.170.148 - - [27/Nov/2015:21:05:40 +0100] "GET /doc/vonatrafel_c.pdf HTTP/1.1" 206 65536 "http://www.mkk.zpok.hu/doc/vonatrafel_c.pdf" "Mozilla/5.0 (Windows NT 6.1) AppleWebKit/537.36 (KHTML, like Gecko) Chrome/46.0.2490.86 Safari/537.36"
79.120.170.148 - - [27/Nov/2015:21:05:40 +0100] "GET /doc/vonatrafel_c.pdf HTTP/1.1" 206 65536 "http://www.mkk.zpok.hu/doc/vonatrafel_c.pdf" "Mozilla/5.0 (Windows NT 6.1) AppleWebKit/537.36 (KHTML, like Gecko) Chrome/46.0.2490.86 Safari/537.36"
79.120.170.148 - - [27/Nov/2015:21:05:41 +0100] "GET /doc/vonatrafel_c.pdf HTTP/1.1" 206 65536 "http://www.mkk.zpok.hu/doc/vonatrafel_c.pdf" "Mozilla/5.0 (Windows NT 6.1) AppleWebKit/537.36 (KHTML, like Gecko) Chrome/46.0.2490.86 Safari/537.36"
79.120.170.148 - - [27/Nov/2015:21:05:41 +0100] "GET /doc/vonatrafel_c.pdf HTTP/1.1" 206 82704 "http://www.mkk.zpok.hu/doc/vonatrafel_c.pdf" "Mozilla/5.0 (Windows NT 6.1) AppleWebKit/537.36 (KHTML, like Gecko) Chrome/46.0.2490.86 Safari/537.36"
66.249.64.216 - - [27/Nov/2015:21:06:22 +0100] "GET /hirlevel/Kevesbbauto.pdf HTTP/1.1" 200 156692 "-" "Mozilla/5.0 (compatible; Googlebot/2.1; +http://www.google.com/bot.html)"
180.76.15.139 - - [27/Nov/2015:21:14:40 +0100] "GET /doc/kozh05.pdf HTTP/1.1" 200 97320 "-" "Mozilla/5.0 (compatible; Baiduspider/2.0; +http://www.baidu.com/search/spider.html)"
81.182.202.36 - - [27/Nov/2015:21:15:08 +0100] "GET /images/vasutterkep_n.jpg HTTP/1.1" 200 1769377 "https://www.google.hu/" "Mozilla/5.0 (Windows NT 6.3; WOW64) AppleWebKit/537.36 (KHTML, like Gecko) Chrome/46.0.2490.86 Safari/537.36"
81.182.202.36 - - [27/Nov/2015:21:15:12 +0100] "GET /images/vasutterkep_n.jpg HTTP/1.1" 206 1 "https://www.google.hu/" "Mozilla/5.0 (Windows NT 6.3; WOW64) AppleWebKit/537.36 (KHTML, like Gecko) Chrome/46.0.2490.86 Safari/537.36"
81.182.202.36 - - [27/Nov/2015:21:15:15 +0100] "GET /images/vasutterkep_n.jpg HTTP/1.1" 206 3069147 "https://www.google.hu/" "Mozilla/5.0 (Windows NT 6.3; WOW64) AppleWebKit/537.36 (KHTML, like Gecko) Chrome/46.0.2490.86 Safari/537.36"
37.76.21.224 - - [27/Nov/2015:21:34:09 +0100] "GET /images/vasutterkep_n.jpg HTTP/1.1" 200 4702972 "-" "Mozilla/5.0 (Windows NT 10.0; WOW64; Trident/7.0; rv:11.0) like Gecko/20100101 Firefox/12.0"
66.249.64.127 - - [27/Nov/2015:21:42:04 +0100] "GET /robots.txt HTTP/1.1" 404 1181 "-" "Mozilla/5.0 (compatible; Googlebot/2.1; +http://www.google.com/bot.html)"
66.249.64.127 - - [27/Nov/2015:21:42:04 +0100] "GET /doc/kozh04.pdf HTTP/1.1" 200 136111 "-" "Mozilla/5.0 (compatible; Googlebot/2.1; +http://www.google.com/bot.html)"
157.55.39.35 - - [27/Nov/2015:21:50:53 +0100] "GET /doc/b2_2012_03.pdf HTTP/1.1" 200 1080459 "-" "Mozilla/5.0 (iPhone; CPU iPhone OS 7_0 like Mac OS X) AppleWebKit/537.51.1 (KHTML, like Gecko) Version/7.0 Mobile/11A465 Safari/9537.53 (compatible; bingbot/2.0; http://www.bing.com/bingbot.htm)"
77.111.147.165 - - [27/Nov/2015:21:51:57 +0100] "GET /browserconfig.xml HTTP/1.1" 404 1181 "-" "Mozilla/5.0 (Windows NT 10.0) AppleWebKit/537.36 (KHTML, like Gecko) Chrome/42.0.2311.135 Safari/537.36 Edge/12.10240"
77.103.124.196 - - [27/Nov/2015:22:15:41 +0100] "GET /images/vasutterkep_n.jpg HTTP/1.1" 200 1794048 "https://www.google.hu" "Mozilla/5.0 (Windows NT 5.1; rv:42.0) Gecko/20100101 Firefox/42.0"
77.103.124.196 - - [27/Nov/2015:22:16:50 +0100] "GET /images/vasutterkep_n.jpg HTTP/1.1" 206 3063808 "https://www.google.hu" "Mozilla/5.0 (Windows NT 5.1; rv:42.0) Gecko/20100101 Firefox/42.0"
77.103.124.196 - - [27/Nov/2015:22:16:58 +0100] "GET /images/vasutterkep_n.jpg HTTP/1.1" 206 205564 "https://www.google.hu" "Mozilla/5.0 (Windows NT 5.1; rv:42.0) Gecko/20100101 Firefox/42.0"
91.82.176.47 - - [27/Nov/2015:22:19:11 +0100] "GET / HTTP/1.1" 200 1178 "https://www.facebook.com/" "Mozilla/5.0 (Windows NT 6.1; WOW64) AppleWebKit/537.36 (KHTML, like Gecko) Chrome/46.0.2490.86 Safari/537.36"
91.82.176.47 - - [27/Nov/2015:22:19:11 +0100] "GET /favicon.ico HTTP/1.1" 404 1181 "http://www.mkk.zpok.hu/" "Mozilla/5.0 (Windows NT 6.1; WOW64) AppleWebKit/537.36 (KHTML, like Gecko) Chrome/46.0.2490.86 Safari/537.36"
66.220.146.25 - - [27/Nov/2015:22:19:12 +0100] "GET / HTTP/1.1" 206 1178 "-" "facebookexternalhit/1.1 (+http://www.facebook.com/externalhit_uatext.php)"
91.82.176.47 - - [27/Nov/2015:22:19:13 +0100] "GET /index.swf HTTP/1.1" 200 1451868 "http://www.mkk.zpok.hu/" "Mozilla/5.0 (Windows NT 6.1; WOW64) AppleWebKit/537.36 (KHTML, like Gecko) Chrome/46.0.2490.86 Safari/537.36"
91.82.176.47 - - [27/Nov/2015:22:19:22 +0100] "GET /popupsys%20elemei/main.txt HTTP/1.1" 200 342 "http://www.mkk.zpok.hu/" "Mozilla/5.0 (Windows NT 6.1; WOW64) AppleWebKit/537.36 (KHTML, like Gecko) Chrome/46.0.2490.86 Safari/537.36"
91.82.176.47 - - [27/Nov/2015:22:19:22 +0100] "GET /hirek.xml HTTP/1.1" 200 50012 "http://www.mkk.zpok.hu/" "Mozilla/5.0 (Windows NT 6.1; WOW64) AppleWebKit/537.36 (KHTML, like Gecko) Chrome/46.0.2490.86 Safari/537.36"
91.82.176.47 - - [27/Nov/2015:22:20:01 +0100] "GET /favicon.ico HTTP/1.1" 404 1181 "http://mkk.zpok.hu/doc/A_kozlekedesmenedzsment_korszeru_eszkozei.pdf" "Mozilla/5.0 (Windows NT 6.1; WOW64) AppleWebKit/537.36 (KHTML, like Gecko) Chrome/46.0.2490.86 Safari/537.36"
91.82.176.47 - - [27/Nov/2015:22:20:01 +0100] "GET /doc/A_kozlekedesmenedzsment_korszeru_eszkozei.pdf HTTP/1.1" 206 32768 "http://mkk.zpok.hu/doc/A_kozlekedesmenedzsment_korszeru_eszkozei.pdf" "Mozilla/5.0 (Windows NT 6.1; WOW64) AppleWebKit/537.36 (KHTML, like Gecko) Chrome/46.0.2490.86 Safari/537.36"
91.82.176.47 - - [27/Nov/2015:22:20:01 +0100] "GET /doc/A_kozlekedesmenedzsment_korszeru_eszkozei.pdf HTTP/1.1" 200 339248 "http://www.mkk.zpok.hu/" "Mozilla/5.0 (Windows NT 6.1; WOW64) AppleWebKit/537.36 (KHTML, like Gecko) Chrome/46.0.2490.86 Safari/537.36"
91.82.176.47 - - [27/Nov/2015:22:20:04 +0100] "GET /doc/A_kozlekedesmenedzsment_korszeru_eszkozei.pdf HTTP/1.1" 206 1596555 "http://mkk.zpok.hu/doc/A_kozlekedesmenedzsment_korszeru_eszkozei.pdf" "Mozilla/5.0 (Windows NT 6.1; WOW64) AppleWebKit/537.36 (KHTML, like Gecko) Chrome/46.0.2490.86 Safari/537.36"
91.82.176.47 - - [27/Nov/2015:22:20:04 +0100] "GET /doc/A_kozlekedesmenedzsment_korszeru_eszkozei.pdf HTTP/1.1" 206 32768 "http://mkk.zpok.hu/doc/A_kozlekedesmenedzsment_korszeru_eszkozei.pdf" "Mozilla/5.0 (Windows NT 6.1; WOW64) AppleWebKit/537.36 (KHTML, like Gecko) Chrome/46.0.2490.86 Safari/537.36"
91.82.176.47 - - [27/Nov/2015:22:20:04 +0100] "GET /doc/A_kozlekedesmenedzsment_korszeru_eszkozei.pdf HTTP/1.1" 206 32768 "http://mkk.zpok.hu/doc/A_kozlekedesmenedzsment_korszeru_eszkozei.pdf" "Mozilla/5.0 (Windows NT 6.1; WOW64) AppleWebKit/537.36 (KHTML, like Gecko) Chrome/46.0.2490.86 Safari/537.36"
91.82.176.47 - - [27/Nov/2015:22:20:04 +0100] "GET /doc/A_kozlekedesmenedzsment_korszeru_eszkozei.pdf HTTP/1.1" 206 32768 "http://mkk.zpok.hu/doc/A_kozlekedesmenedzsment_korszeru_eszkozei.pdf" "Mozilla/5.0 (Windows NT 6.1; WOW64) AppleWebKit/537.36 (KHTML, like Gecko) Chrome/46.0.2490.86 Safari/537.36"
91.82.176.47 - - [27/Nov/2015:22:20:04 +0100] "GET /doc/A_kozlekedesmenedzsment_korszeru_eszkozei.pdf HTTP/1.1" 206 32768 "http://mkk.zpok.hu/doc/A_kozlekedesmenedzsment_korszeru_eszkozei.pdf" "Mozilla/5.0 (Windows NT 6.1; WOW64) AppleWebKit/537.36 (KHTML, like Gecko) Chrome/46.0.2490.86 Safari/537.36"
91.82.176.47 - - [27/Nov/2015:22:20:04 +0100] "GET /doc/A_kozlekedesmenedzsment_korszeru_eszkozei.pdf HTTP/1.1" 206 32768 "http://mkk.zpok.hu/doc/A_kozlekedesmenedzsment_korszeru_eszkozei.pdf" "Mozilla/5.0 (Windows NT 6.1; WOW64) AppleWebKit/537.36 (KHTML, like Gecko) Chrome/46.0.2490.86 Safari/537.36"
91.82.176.47 - - [27/Nov/2015:22:20:04 +0100] "GET /doc/A_kozlekedesmenedzsment_korszeru_eszkozei.pdf HTTP/1.1" 206 32768 "http://mkk.zpok.hu/doc/A_kozlekedesmenedzsment_korszeru_eszkozei.pdf" "Mozilla/5.0 (Windows NT 6.1; WOW64) AppleWebKit/537.36 (KHTML, like Gecko) Chrome/46.0.2490.86 Safari/537.36"
91.82.176.47 - - [27/Nov/2015:22:20:05 +0100] "GET /doc/A_kozlekedesmenedzsment_korszeru_eszkozei.pdf HTTP/1.1" 206 32768 "http://mkk.zpok.hu/doc/A_kozlekedesmenedzsment_korszeru_eszkozei.pdf" "Mozilla/5.0 (Windows NT 6.1; WOW64) AppleWebKit/537.36 (KHTML, like Gecko) Chrome/46.0.2490.86 Safari/537.36"
91.82.176.47 - - [27/Nov/2015:22:20:05 +0100] "GET /doc/A_kozlekedesmenedzsment_korszeru_eszkozei.pdf HTTP/1.1" 206 32768 "http://mkk.zpok.hu/doc/A_kozlekedesmenedzsment_korszeru_eszkozei.pdf" "Mozilla/5.0 (Windows NT 6.1; WOW64) AppleWebKit/537.36 (KHTML, like Gecko) Chrome/46.0.2490.86 Safari/537.36"
91.82.176.47 - - [27/Nov/2015:22:20:05 +0100] "GET /doc/A_kozlekedesmenedzsment_korszeru_eszkozei.pdf HTTP/1.1" 206 32768 "http://mkk.zpok.hu/doc/A_kozlekedesmenedzsment_korszeru_eszkozei.pdf" "Mozilla/5.0 (Windows NT 6.1; WOW64) AppleWebKit/537.36 (KHTML, like Gecko) Chrome/46.0.2490.86 Safari/537.36"
91.82.176.47 - - [27/Nov/2015:22:20:05 +0100] "GET /doc/A_kozlekedesmenedzsment_korszeru_eszkozei.pdf HTTP/1.1" 206 65536 "http://mkk.zpok.hu/doc/A_kozlekedesmenedzsment_korszeru_eszkozei.pdf" "Mozilla/5.0 (Windows NT 6.1; WOW64) AppleWebKit/537.36 (KHTML, like Gecko) Chrome/46.0.2490.86 Safari/537.36"
91.82.176.47 - - [27/Nov/2015:22:20:05 +0100] "GET /doc/A_kozlekedesmenedzsment_korszeru_eszkozei.pdf HTTP/1.1" 206 65536 "http://mkk.zpok.hu/doc/A_kozlekedesmenedzsment_korszeru_eszkozei.pdf" "Mozilla/5.0 (Windows NT 6.1; WOW64) AppleWebKit/537.36 (KHTML, like Gecko) Chrome/46.0.2490.86 Safari/537.36"
91.82.176.47 - - [27/Nov/2015:22:20:05 +0100] "GET /doc/A_kozlekedesmenedzsment_korszeru_eszkozei.pdf HTTP/1.1" 206 65536 "http://mkk.zpok.hu/doc/A_kozlekedesmenedzsment_korszeru_eszkozei.pdf" "Mozilla/5.0 (Windows NT 6.1; WOW64) AppleWebKit/537.36 (KHTML, like Gecko) Chrome/46.0.2490.86 Safari/537.36"
91.82.176.47 - - [27/Nov/2015:22:20:05 +0100] "GET /doc/A_kozlekedesmenedzsment_korszeru_eszkozei.pdf HTTP/1.1" 206 65536 "http://mkk.zpok.hu/doc/A_kozlekedesmenedzsment_korszeru_eszkozei.pdf" "Mozilla/5.0 (Windows NT 6.1; WOW64) AppleWebKit/537.36 (KHTML, like Gecko) Chrome/46.0.2490.86 Safari/537.36"
91.82.176.47 - - [27/Nov/2015:22:20:05 +0100] "GET /doc/A_kozlekedesmenedzsment_korszeru_eszkozei.pdf HTTP/1.1" 206 65536 "http://mkk.zpok.hu/doc/A_kozlekedesmenedzsment_korszeru_eszkozei.pdf" "Mozilla/5.0 (Windows NT 6.1; WOW64) AppleWebKit/537.36 (KHTML, like Gecko) Chrome/46.0.2490.86 Safari/537.36"
91.82.176.47 - - [27/Nov/2015:22:20:06 +0100] "GET /doc/A_kozlekedesmenedzsment_korszeru_eszkozei.pdf HTTP/1.1" 206 65536 "http://mkk.zpok.hu/doc/A_kozlekedesmenedzsment_korszeru_eszkozei.pdf" "Mozilla/5.0 (Windows NT 6.1; WOW64) AppleWebKit/537.36 (KHTML, like Gecko) Chrome/46.0.2490.86 Safari/537.36"
91.82.176.47 - - [27/Nov/2015:22:20:06 +0100] "GET /doc/A_kozlekedesmenedzsment_korszeru_eszkozei.pdf HTTP/1.1" 206 65536 "http://mkk.zpok.hu/doc/A_kozlekedesmenedzsment_korszeru_eszkozei.pdf" "Mozilla/5.0 (Windows NT 6.1; WOW64) AppleWebKit/537.36 (KHTML, like Gecko) Chrome/46.0.2490.86 Safari/537.36"
91.82.176.47 - - [27/Nov/2015:22:20:06 +0100] "GET /doc/A_kozlekedesmenedzsment_korszeru_eszkozei.pdf HTTP/1.1" 206 65536 "http://mkk.zpok.hu/doc/A_kozlekedesmenedzsment_korszeru_eszkozei.pdf" "Mozilla/5.0 (Windows NT 6.1; WOW64) AppleWebKit/537.36 (KHTML, like Gecko) Chrome/46.0.2490.86 Safari/537.36"
91.82.176.47 - - [27/Nov/2015:22:20:06 +0100] "GET /doc/A_kozlekedesmenedzsment_korszeru_eszkozei.pdf HTTP/1.1" 206 65536 "http://mkk.zpok.hu/doc/A_kozlekedesmenedzsment_korszeru_eszkozei.pdf" "Mozilla/5.0 (Windows NT 6.1; WOW64) AppleWebKit/537.36 (KHTML, like Gecko) Chrome/46.0.2490.86 Safari/537.36"
91.82.176.47 - - [27/Nov/2015:22:20:06 +0100] "GET /doc/A_kozlekedesmenedzsment_korszeru_eszkozei.pdf HTTP/1.1" 206 65536 "http://mkk.zpok.hu/doc/A_kozlekedesmenedzsment_korszeru_eszkozei.pdf" "Mozilla/5.0 (Windows NT 6.1; WOW64) AppleWebKit/537.36 (KHTML, like Gecko) Chrome/46.0.2490.86 Safari/537.36"
91.82.176.47 - - [27/Nov/2015:22:20:06 +0100] "GET /doc/A_kozlekedesmenedzsment_korszeru_eszkozei.pdf HTTP/1.1" 206 131072 "http://mkk.zpok.hu/doc/A_kozlekedesmenedzsment_korszeru_eszkozei.pdf" "Mozilla/5.0 (Windows NT 6.1; WOW64) AppleWebKit/537.36 (KHTML, like Gecko) Chrome/46.0.2490.86 Safari/537.36"
91.82.176.47 - - [27/Nov/2015:22:20:07 +0100] "GET /doc/A_kozlekedesmenedzsment_korszeru_eszkozei.pdf HTTP/1.1" 206 131072 "http://mkk.zpok.hu/doc/A_kozlekedesmenedzsment_korszeru_eszkozei.pdf" "Mozilla/5.0 (Windows NT 6.1; WOW64) AppleWebKit/537.36 (KHTML, like Gecko) Chrome/46.0.2490.86 Safari/537.36"
91.82.176.47 - - [27/Nov/2015:22:20:07 +0100] "GET /doc/A_kozlekedesmenedzsment_korszeru_eszkozei.pdf HTTP/1.1" 206 131072 "http://mkk.zpok.hu/doc/A_kozlekedesmenedzsment_korszeru_eszkozei.pdf" "Mozilla/5.0 (Windows NT 6.1; WOW64) AppleWebKit/537.36 (KHTML, like Gecko) Chrome/46.0.2490.86 Safari/537.36"
91.82.176.47 - - [27/Nov/2015:22:20:07 +0100] "GET /doc/A_kozlekedesmenedzsment_korszeru_eszkozei.pdf HTTP/1.1" 206 131072 "http://mkk.zpok.hu/doc/A_kozlekedesmenedzsment_korszeru_eszkozei.pdf" "Mozilla/5.0 (Windows NT 6.1; WOW64) AppleWebKit/537.36 (KHTML, like Gecko) Chrome/46.0.2490.86 Safari/537.36"
91.82.176.47 - - [27/Nov/2015:22:20:07 +0100] "GET /doc/A_kozlekedesmenedzsment_korszeru_eszkozei.pdf HTTP/1.1" 206 131072 "http://mkk.zpok.hu/doc/A_kozlekedesmenedzsment_korszeru_eszkozei.pdf" "Mozilla/5.0 (Windows NT 6.1; WOW64) AppleWebKit/537.36 (KHTML, like Gecko) Chrome/46.0.2490.86 Safari/537.36"
91.82.176.47 - - [27/Nov/2015:22:20:08 +0100] "GET /doc/A_kozlekedesmenedzsment_korszeru_eszkozei.pdf HTTP/1.1" 206 131072 "http://mkk.zpok.hu/doc/A_kozlekedesmenedzsment_korszeru_eszkozei.pdf" "Mozilla/5.0 (Windows NT 6.1; WOW64) AppleWebKit/537.36 (KHTML, like Gecko) Chrome/46.0.2490.86 Safari/537.36"
91.82.176.47 - - [27/Nov/2015:22:20:08 +0100] "GET /doc/A_kozlekedesmenedzsment_korszeru_eszkozei.pdf HTTP/1.1" 206 131072 "http://mkk.zpok.hu/doc/A_kozlekedesmenedzsment_korszeru_eszkozei.pdf" "Mozilla/5.0 (Windows NT 6.1; WOW64) AppleWebKit/537.36 (KHTML, like Gecko) Chrome/46.0.2490.86 Safari/537.36"
91.82.176.47 - - [27/Nov/2015:22:20:08 +0100] "GET /doc/A_kozlekedesmenedzsment_korszeru_eszkozei.pdf HTTP/1.1" 206 131072 "http://mkk.zpok.hu/doc/A_kozlekedesmenedzsment_korszeru_eszkozei.pdf" "Mozilla/5.0 (Windows NT 6.1; WOW64) AppleWebKit/537.36 (KHTML, like Gecko) Chrome/46.0.2490.86 Safari/537.36"
91.82.176.47 - - [27/Nov/2015:22:20:08 +0100] "GET /doc/A_kozlekedesmenedzsment_korszeru_eszkozei.pdf HTTP/1.1" 206 131072 "http://mkk.zpok.hu/doc/A_kozlekedesmenedzsment_korszeru_eszkozei.pdf" "Mozilla/5.0 (Windows NT 6.1; WOW64) AppleWebKit/537.36 (KHTML, like Gecko) Chrome/46.0.2490.86 Safari/537.36"
91.82.176.47 - - [27/Nov/2015:22:20:08 +0100] "GET /doc/A_kozlekedesmenedzsment_korszeru_eszkozei.pdf HTTP/1.1" 206 131072 "http://mkk.zpok.hu/doc/A_kozlekedesmenedzsment_korszeru_eszkozei.pdf" "Mozilla/5.0 (Windows NT 6.1; WOW64) AppleWebKit/537.36 (KHTML, like Gecko) Chrome/46.0.2490.86 Safari/537.36"
91.82.176.47 - - [27/Nov/2015:22:20:09 +0100] "GET /doc/A_kozlekedesmenedzsment_korszeru_eszkozei.pdf HTTP/1.1" 206 262144 "http://mkk.zpok.hu/doc/A_kozlekedesmenedzsment_korszeru_eszkozei.pdf" "Mozilla/5.0 (Windows NT 6.1; WOW64) AppleWebKit/537.36 (KHTML, like Gecko) Chrome/46.0.2490.86 Safari/537.36"
91.82.176.47 - - [27/Nov/2015:22:20:09 +0100] "GET /doc/A_kozlekedesmenedzsment_korszeru_eszkozei.pdf HTTP/1.1" 206 262144 "http://mkk.zpok.hu/doc/A_kozlekedesmenedzsment_korszeru_eszkozei.pdf" "Mozilla/5.0 (Windows NT 6.1; WOW64) AppleWebKit/537.36 (KHTML, like Gecko) Chrome/46.0.2490.86 Safari/537.36"
91.82.176.47 - - [27/Nov/2015:22:20:09 +0100] "GET /doc/A_kozlekedesmenedzsment_korszeru_eszkozei.pdf HTTP/1.1" 206 262144 "http://mkk.zpok.hu/doc/A_kozlekedesmenedzsment_korszeru_eszkozei.pdf" "Mozilla/5.0 (Windows NT 6.1; WOW64) AppleWebKit/537.36 (KHTML, like Gecko) Chrome/46.0.2490.86 Safari/537.36"
91.82.176.47 - - [27/Nov/2015:22:20:10 +0100] "GET /doc/A_kozlekedesmenedzsment_korszeru_eszkozei.pdf HTTP/1.1" 206 262144 "http://mkk.zpok.hu/doc/A_kozlekedesmenedzsment_korszeru_eszkozei.pdf" "Mozilla/5.0 (Windows NT 6.1; WOW64) AppleWebKit/537.36 (KHTML, like Gecko) Chrome/46.0.2490.86 Safari/537.36"
91.82.176.47 - - [27/Nov/2015:22:20:10 +0100] "GET /doc/A_kozlekedesmenedzsment_korszeru_eszkozei.pdf HTTP/1.1" 206 262144 "http://mkk.zpok.hu/doc/A_kozlekedesmenedzsment_korszeru_eszkozei.pdf" "Mozilla/5.0 (Windows NT 6.1; WOW64) AppleWebKit/537.36 (KHTML, like Gecko) Chrome/46.0.2490.86 Safari/537.36"
91.82.176.47 - - [27/Nov/2015:22:20:10 +0100] "GET /doc/A_kozlekedesmenedzsment_korszeru_eszkozei.pdf HTTP/1.1" 206 262144 "http://mkk.zpok.hu/doc/A_kozlekedesmenedzsment_korszeru_eszkozei.pdf" "Mozilla/5.0 (Windows NT 6.1; WOW64) AppleWebKit/537.36 (KHTML, like Gecko) Chrome/46.0.2490.86 Safari/537.36"
91.82.176.47 - - [27/Nov/2015:22:20:11 +0100] "GET /doc/A_kozlekedesmenedzsment_korszeru_eszkozei.pdf HTTP/1.1" 206 262144 "http://mkk.zpok.hu/doc/A_kozlekedesmenedzsment_korszeru_eszkozei.pdf" "Mozilla/5.0 (Windows NT 6.1; WOW64) AppleWebKit/537.36 (KHTML, like Gecko) Chrome/46.0.2490.86 Safari/537.36"
91.82.176.47 - - [27/Nov/2015:22:20:11 +0100] "GET /doc/A_kozlekedesmenedzsment_korszeru_eszkozei.pdf HTTP/1.1" 206 262144 "http://mkk.zpok.hu/doc/A_kozlekedesmenedzsment_korszeru_eszkozei.pdf" "Mozilla/5.0 (Windows NT 6.1; WOW64) AppleWebKit/537.36 (KHTML, like Gecko) Chrome/46.0.2490.86 Safari/537.36"
91.82.176.47 - - [27/Nov/2015:22:20:12 +0100] "GET /doc/A_kozlekedesmenedzsment_korszeru_eszkozei.pdf HTTP/1.1" 206 262144 "http://mkk.zpok.hu/doc/A_kozlekedesmenedzsment_korszeru_eszkozei.pdf" "Mozilla/5.0 (Windows NT 6.1; WOW64) AppleWebKit/537.36 (KHTML, like Gecko) Chrome/46.0.2490.86 Safari/537.36"
91.82.176.47 - - [27/Nov/2015:22:20:12 +0100] "GET /doc/A_kozlekedesmenedzsment_korszeru_eszkozei.pdf HTTP/1.1" 206 262144 "http://mkk.zpok.hu/doc/A_kozlekedesmenedzsment_korszeru_eszkozei.pdf" "Mozilla/5.0 (Windows NT 6.1; WOW64) AppleWebKit/537.36 (KHTML, like Gecko) Chrome/46.0.2490.86 Safari/537.36"
91.82.176.47 - - [27/Nov/2015:22:20:13 +0100] "GET /doc/A_kozlekedesmenedzsment_korszeru_eszkozei.pdf HTTP/1.1" 206 524288 "http://mkk.zpok.hu/doc/A_kozlekedesmenedzsment_korszeru_eszkozei.pdf" "Mozilla/5.0 (Windows NT 6.1; WOW64) AppleWebKit/537.36 (KHTML, like Gecko) Chrome/46.0.2490.86 Safari/537.36"
91.82.176.47 - - [27/Nov/2015:22:20:13 +0100] "GET /doc/A_kozlekedesmenedzsment_korszeru_eszkozei.pdf HTTP/1.1" 206 524288 "http://mkk.zpok.hu/doc/A_kozlekedesmenedzsment_korszeru_eszkozei.pdf" "Mozilla/5.0 (Windows NT 6.1; WOW64) AppleWebKit/537.36 (KHTML, like Gecko) Chrome/46.0.2490.86 Safari/537.36"
91.82.176.47 - - [27/Nov/2015:22:20:14 +0100] "GET /doc/A_kozlekedesmenedzsment_korszeru_eszkozei.pdf HTTP/1.1" 206 738679 "http://mkk.zpok.hu/doc/A_kozlekedesmenedzsment_korszeru_eszkozei.pdf" "Mozilla/5.0 (Windows NT 6.1; WOW64) AppleWebKit/537.36 (KHTML, like Gecko) Chrome/46.0.2490.86 Safari/537.36"
91.82.176.47 - - [27/Nov/2015:22:20:53 +0100] "GET /doc/vasuttal-budapest-kornyeken.pdf HTTP/1.1" 404 1181 "http://www.mkk.zpok.hu/" "Mozilla/5.0 (Windows NT 6.1; WOW64) AppleWebKit/537.36 (KHTML, like Gecko) Chrome/46.0.2490.86 Safari/537.36"
91.82.176.47 - - [27/Nov/2015:22:20:59 +0100] "GET /doc/allomasok_kepes_osszefoglaloja.pdf HTTP/1.1" 200 343736 "http://www.mkk.zpok.hu/" "Mozilla/5.0 (Windows NT 6.1; WOW64) AppleWebKit/537.36 (KHTML, like Gecko) Chrome/46.0.2490.86 Safari/537.36"
91.82.176.47 - - [27/Nov/2015:22:21:00 +0100] "GET /doc/allomasok_kepes_osszefoglaloja.pdf HTTP/1.1" 206 32768 "http://www.mkk.zpok.hu/doc/allomasok_kepes_osszefoglaloja.pdf" "Mozilla/5.0 (Windows NT 6.1; WOW64) AppleWebKit/537.36 (KHTML, like Gecko) Chrome/46.0.2490.86 Safari/537.36"
91.82.176.47 - - [27/Nov/2015:22:21:06 +0100] "GET /doc/allomasok_kepes_osszefoglaloja.pdf HTTP/1.1" 206 5595418 "http://www.mkk.zpok.hu/doc/allomasok_kepes_osszefoglaloja.pdf" "Mozilla/5.0 (Windows NT 6.1; WOW64) AppleWebKit/537.36 (KHTML, like Gecko) Chrome/46.0.2490.86 Safari/537.36"
207.46.13.109 - - [27/Nov/2015:22:25:13 +0100] "GET /doc/memorandum_0807.pdf HTTP/1.1" 200 48899 "-" "Mozilla/5.0 (compatible; bingbot/2.0; +http://www.bing.com/bingbot.htm)"
92.249.230.46 - - [27/Nov/2015:22:25:59 +0100] "GET /hirlevel/images/0907a.jpg HTTP/1.1" 200 128186 "https://www.google.hu/" "Mozilla/5.0 (Windows NT 5.1) AppleWebKit/537.36 (KHTML, like Gecko) Chrome/46.0.2490.86 Safari/537.36"
217.21.28.20 - - [27/Nov/2015:22:33:15 +0100] "GET /images/vasutterkep_n.jpg HTTP/1.1" 200 3099660 "https://www.google.hu/" "Mozilla/5.0 (Windows NT 6.1; WOW64) AppleWebKit/537.36 (KHTML, like Gecko) Chrome/46.0.2490.86 Safari/537.36"
31.46.241.220 - - [27/Nov/2015:22:40:33 +0100] "GET / HTTP/1.1" 200 1178 "http://www.google.hu/url?sa=t&rct=j&q=&esrc=s&source=web&cd=11&ved=0ahUKEwihiITax7HJAhUHVRQKHWpqCNYQFghGMAo&url=http%3A%2F%2Fwww.mkk.zpok.hu%2F&usg=AFQjCNFA5BXchpHNcIIkgFgY4DIwr33X0w" "Mozilla/5.0 (Windows NT 6.1; WOW64; Trident/7.0; rv:11.0) like Gecko"
31.46.241.220 - - [27/Nov/2015:22:40:35 +0100] "GET /index.swf HTTP/1.1" 200 1451868 "http://www.mkk.zpok.hu/" "Mozilla/5.0 (Windows NT 6.1; WOW64; Trident/7.0; rv:11.0) like Gecko"
31.46.241.220 - - [27/Nov/2015:22:40:35 +0100] "GET /favicon.ico HTTP/1.1" 404 1181 "-" "Mozilla/5.0 (Windows NT 6.1; Win64; x64; Trident/7.0; rv:11.0) like Gecko"
88.87.244.232 - - [27/Nov/2015:22:49:14 +0100] "GET /images/vasutterkep_n.jpg HTTP/1.1" 200 606208 "https://www.google.hu" "Mozilla/5.0 (Windows NT 6.1; WOW64; rv:42.0) Gecko/20100101 Firefox/42.0"
88.87.244.232 - - [27/Nov/2015:22:49:38 +0100] "GET /images/vasutterkep_n.jpg HTTP/1.1" 206 2955120 "https://www.google.hu" "Mozilla/5.0 (Windows NT 6.1; WOW64; rv:42.0) Gecko/20100101 Firefox/42.0"
157.55.39.35 - - [27/Nov/2015:23:26:15 +0100] "GET /robots.txt HTTP/1.1" 404 1181 "-" "Mozilla/5.0 (compatible; bingbot/2.0; +http://www.bing.com/bingbot.htm)"
66.249.64.211 - - [27/Nov/2015:23:27:38 +0100] "GET /hirlevel/vonattal1012.htm HTTP/1.1" 200 40274 "http://neolaki.net/ney/Zajta-6.html" "Mozilla/5.0 (compatible; Googlebot/2.1; +http://www.google.com/bot.html)"
157.55.39.35 - - [27/Nov/2015:23:47:23 +0100] "GET /doc/tisza-to_szoroanyag_2012.pdf HTTP/1.1" 200 890943 "-" "Mozilla/5.0 (compatible; bingbot/2.0; +http://www.bing.com/bingbot.htm)"
68.180.228.34 - - [28/Nov/2015:00:30:32 +0100] "GET /hirlevel/Kevesbbauto.pdf HTTP/1.1" 200 156692 "-" "Mozilla/5.0 (compatible; Yahoo! Slurp; http://help.yahoo.com/help/us/ysearch/slurp)"
157.55.39.35 - - [28/Nov/2015:00:41:50 +0100] "GET / HTTP/1.1" 200 1178 "-" "Mozilla/5.0 (compatible; bingbot/2.0; +http://www.bing.com/bingbot.htm)"
66.249.64.206 - - [28/Nov/2015:01:17:24 +0100] "GET /robots.txt HTTP/1.1" 404 1181 "-" "Mozilla/5.0 (compatible; Googlebot/2.1; +http://www.google.com/bot.html)"
66.249.64.216 - - [28/Nov/2015:01:17:24 +0100] "GET /doc/nctazaro.pdf HTTP/1.1" 404 1181 "-" "Mozilla/5.0 (compatible; Googlebot/2.1; +http://www.google.com/bot.html)"
68.180.228.34 - - [28/Nov/2015:01:38:52 +0100] "GET /hirlevel/turizmus_gyula_201410.pdf HTTP/1.1" 304 - "-" "Mozilla/5.0 (compatible; Yahoo! Slurp; http://help.yahoo.com/help/us/ysearch/slurp)"
157.55.39.87 - - [28/Nov/2015:01:39:16 +0100] "GET /doc/gyvp_mkk_allasfoglalas.ppt HTTP/1.1" 200 1893376 "-" "Mozilla/5.0 (compatible; bingbot/2.0; +http://www.bing.com/bingbot.htm)"
123.125.71.88 - - [28/Nov/2015:01:44:09 +0100] "GET /robots.txt HTTP/1.1" 404 1181 "-" "Mozilla/5.0 (Windows NT 5.1; rv:6.0.2) Gecko/20100101 Firefox/6.0.2"
123.125.71.84 - - [28/Nov/2015:01:44:27 +0100] "GET /doc/hu_aps_positivbeispiele_aufl2_070622_klein.pdf HTTP/1.1" 200 2887217 "-" "Mozilla/5.0 (compatible; Baiduspider/2.0; +http://www.baidu.com/search/spider.html)"
188.165.15.41 - - [28/Nov/2015:02:20:48 +0100] "GET /hirlevel/vonattal1503.html HTTP/1.1" 200 21721 "-" "Mozilla/5.0 (compatible; AhrefsBot/5.0; +http://ahrefs.com/robot/)"
125.209.235.176 - - [28/Nov/2015:02:43:17 +0100] "GET /robots.txt HTTP/1.1" 404 1181 "-" "Mozilla/5.0 (compatible; Yeti/1.1; +http://help.naver.com/robots/)"
125.209.235.167 - - [28/Nov/2015:02:43:18 +0100] "GET /doc/b2_2010.pdf HTTP/1.1" 404 1181 "-" "Mozilla/5.0 (compatible; Yeti/1.1; +http://help.naver.com/robots/)"
144.76.23.74 - - [28/Nov/2015:03:20:55 +0100] "GET /robots.txt HTTP/1.1" 404 1181 "-" "Mozilla/5.0 (Windows; U; Windows NT 6.0; en-GB; rv:1.0; trendictionbot0.5.0; trendiction search; http://www.trendiction.de/bot; please let us know of any problems; web at trendiction.com) Gecko/20071127 Firefox/3.0.0.11"
144.76.23.74 - - [28/Nov/2015:03:20:56 +0100] "GET / HTTP/1.1" 200 1178 "-" "Mozilla/5.0 (Windows; U; Windows NT 6.0; en-GB; rv:1.0; trendictionbot0.5.0; trendiction search; http://www.trendiction.de/bot; please let us know of any problems; web at trendiction.com) Gecko/20071127 Firefox/3.0.0.11"
66.249.64.216 - - [28/Nov/2015:03:34:41 +0100] "GET /hirlevel/images/201411_d.png HTTP/1.1" 304 - "-" "Googlebot-Image/1.0"
188.165.15.41 - - [28/Nov/2015:03:35:31 +0100] "GET /hirlevel/vonattal1506.html HTTP/1.1" 200 19070 "-" "Mozilla/5.0 (compatible; AhrefsBot/5.0; +http://ahrefs.com/robot/)"
66.249.64.211 - - [28/Nov/2015:04:06:28 +0100] "GET /hirlevel/images/0809e.jpg HTTP/1.1" 304 - "-" "Googlebot-Image/1.0"
66.249.64.127 - - [28/Nov/2015:04:08:14 +0100] "GET /doc/szoroanyag_109_2009.pdf HTTP/1.1" 404 1181 "-" "Mozilla/5.0 (compatible; Googlebot/2.1; +http://www.google.com/bot.html)"
66.249.64.216 - - [28/Nov/2015:04:10:00 +0100] "GET /hirlevel/images/0809ee.jpg HTTP/1.1" 304 - "-" "Googlebot-Image/1.0"
66.249.64.216 - - [28/Nov/2015:04:13:33 +0100] "GET /hirlevel/images/0809b.jpg HTTP/1.1" 304 - "-" "Googlebot-Image/1.0"
66.249.64.216 - - [28/Nov/2015:04:20:37 +0100] "GET /hirlevel/images/1409a.png HTTP/1.1" 304 - "-" "Googlebot-Image/1.0"
157.55.39.217 - - [28/Nov/2015:04:21:28 +0100] "GET /doc/kozh10.pdf HTTP/1.1" 200 407669 "-" "Mozilla/5.0 (iPhone; CPU iPhone OS 7_0 like Mac OS X) AppleWebKit/537.51.1 (KHTML, like Gecko) Version/7.0 Mobile/11A465 Safari/9537.53 (compatible; bingbot/2.0; http://www.bing.com/bingbot.htm)"
66.249.64.216 - - [28/Nov/2015:04:24:09 +0100] "GET /hirlevel/images/1409h.png HTTP/1.1" 304 - "-" "Googlebot-Image/1.0"
66.249.64.206 - - [28/Nov/2015:04:27:42 +0100] "GET /hirlevel/images/1409c.png HTTP/1.1" 304 - "-" "Googlebot-Image/1.0"
66.249.64.216 - - [28/Nov/2015:04:38:55 +0100] "GET /hirlevel/images/1410_e.jpg HTTP/1.1" 304 - "-" "Googlebot-Image/1.0"
148.251.235.206 - - [28/Nov/2015:05:35:02 +0100] "GET /doc/sajtonyilatkozat_tersegivasutak.pdf HTTP/1.1" 200 89934 "http://mkk.zpok.hu/doc/sajtonyilatkozat_tersegivasutak.pdf" "Mozilla/5.0 (compatible; Googlebot/2.1; +http://www.google.com/bot.html)"
157.55.39.217 - - [28/Nov/2015:05:51:20 +0100] "GET /robots.txt HTTP/1.1" 404 1181 "-" "Mozilla/5.0 (compatible; bingbot/2.0; +http://www.bing.com/bingbot.htm)"
157.55.39.217 - - [28/Nov/2015:05:51:25 +0100] "GET / HTTP/1.1" 200 1178 "-" "Mozilla/5.0 (compatible; bingbot/2.0; +http://www.bing.com/bingbot.htm)"
5.9.145.132 - - [28/Nov/2015:06:12:13 +0100] "GET /doc/andreas_geissler.ppt HTTP/1.1" 404 1181 "-" "Mozilla/5.0 (Windows NT 6.1; WOW64; rv:21.0) Gecko/20130331 Firefox/21.0"
207.46.13.52 - - [28/Nov/2015:06:43:36 +0100] "GET /robots.txt HTTP/1.1" 404 1181 "-" "Mozilla/5.0 (compatible; bingbot/2.0; +http://www.bing.com/bingbot.htm)"
207.46.13.52 - - [28/Nov/2015:06:43:54 +0100] "GET /doc/hatarmenti_infrastruktura.pdf HTTP/1.1" 200 555972 "-" "Mozilla/5.0 (compatible; bingbot/2.0; +http://www.bing.com/bingbot.htm)"
207.46.13.120 - - [28/Nov/2015:07:23:37 +0100] "GET /hirlevel/vonattal1304.html HTTP/1.1" 200 53937 "-" "Mozilla/5.0 (compatible; bingbot/2.0; +http://www.bing.com/bingbot.htm)"
207.46.13.120 - - [28/Nov/2015:07:23:38 +0100] "GET /hirlevel/vonattal1101-02.htm HTTP/1.1" 200 29113 "-" "Mozilla/5.0 (compatible; bingbot/2.0; +http://www.bing.com/bingbot.htm)"
207.46.13.120 - - [28/Nov/2015:07:23:38 +0100] "GET /hirlevel/vonattal1108.htm HTTP/1.1" 200 26684 "-" "Mozilla/5.0 (compatible; bingbot/2.0; +http://www.bing.com/bingbot.htm)"
178.48.141.97 - - [28/Nov/2015:07:23:41 +0100] "GET /hirlevel/images/1101_b.jpg HTTP/1.1" 200 96584 "https://www.google.hu/" "Mozilla/5.0 (Windows NT 6.1; WOW64) AppleWebKit/537.36 (KHTML, like Gecko) Chrome/46.0.2490.86 Safari/537.36"
157.55.39.217 - - [28/Nov/2015:07:23:42 +0100] "GET /doc/emlekezteto_tatabanya_0327.pdf HTTP/1.1" 200 33694 "-" "Mozilla/5.0 (compatible; bingbot/2.0; +http://www.bing.com/bingbot.htm)"
157.55.39.217 - - [28/Nov/2015:07:23:43 +0100] "GET /hirlevel/vonattal1306.html HTTP/1.1" 200 50271 "-" "Mozilla/5.0 (compatible; bingbot/2.0; +http://www.bing.com/bingbot.htm)"
157.55.39.217 - - [28/Nov/2015:07:23:43 +0100] "GET /hirlevel/vonattal1209.htm HTTP/1.1" 200 45089 "-" "Mozilla/5.0 (compatible; bingbot/2.0; +http://www.bing.com/bingbot.htm)"
157.55.39.217 - - [28/Nov/2015:07:23:43 +0100] "GET /hirlevel/vonattal1009.htm HTTP/1.1" 200 40861 "-" "Mozilla/5.0 (compatible; bingbot/2.0; +http://www.bing.com/bingbot.htm)"
157.55.39.217 - - [28/Nov/2015:07:23:44 +0100] "GET /hirlevel/vonattal1012.htm HTTP/1.1" 200 40274 "-" "Mozilla/5.0 (compatible; bingbot/2.0; +http://www.bing.com/bingbot.htm)"
157.55.39.217 - - [28/Nov/2015:07:23:44 +0100] "GET /hirlevel/vonattal1003.htm HTTP/1.1" 200 28228 "-" "Mozilla/5.0 (compatible; bingbot/2.0; +http://www.bing.com/bingbot.htm)"
188.165.15.176 - - [28/Nov/2015:07:30:42 +0100] "GET /robots.txt HTTP/1.1" 404 1181 "-" "Mozilla/5.0 (compatible; AhrefsBot/5.0; +http://ahrefs.com/robot/)"
180.76.15.28 - - [28/Nov/2015:07:32:48 +0100] "GET /doc/vonatrafel_c.pdf HTTP/1.1" 200 622592 "-" "Mozilla/5.0 (compatible; Baiduspider/2.0; +http://www.baidu.com/search/spider.html)"
66.249.64.211 - - [28/Nov/2015:07:48:21 +0100] "GET /doc/memorandum_0807.pdf HTTP/1.1" 200 48899 "-" "Mozilla/5.0 (iPhone; CPU iPhone OS 8_3 like Mac OS X) AppleWebKit/600.1.4 (KHTML, like Gecko) Version/8.0 Mobile/12F70 Safari/600.1.4 (compatible; Googlebot/2.1; +http://www.google.com/bot.html)"
81.71.204.135 - - [28/Nov/2015:08:17:02 +0100] "GET /images/vasutterkep_n.jpg HTTP/1.1" 200 4702972 "https://www.google.nl/" "Mozilla/5.0 (Windows NT 6.1) AppleWebKit/537.36 (KHTML, like Gecko) Chrome/46.0.2490.86 Safari/537.36"
84.1.200.186 - - [28/Nov/2015:08:22:23 +0100] "GET /doc/mkk_eger_tanulmany_2014.pdf HTTP/1.1" 200 851104 "https://www.google.hu/" "Mozilla/5.0 (iPhone; CPU iPhone OS 9_1 like Mac OS X) AppleWebKit/601.1.46 (KHTML, like Gecko) Version/9.0 Mobile/13B143 Safari/601.1"
81.183.168.103 - - [28/Nov/2015:08:35:56 +0100] "GET /images/vasutterkep_n.jpg HTTP/1.1" 200 4702972 "https://www.google.hu/" "Mozilla/5.0 (Windows NT 10.0; WOW64) AppleWebKit/537.36 (KHTML, like Gecko) Chrome/46.0.2490.86 Safari/537.36"
92.249.250.98 - - [28/Nov/2015:08:39:00 +0100] "GET /images/b2_2012_03_+terkepkep.pdf HTTP/1.1" 200 77312 "-" "Mozilla/5.0 (Mobile; Windows Phone 8.1; Android 4.0; ARM; Trident/7.0; Touch; rv:11.0; IEMobile/11.0; Microsoft; Lumia 532 Dual SIM) like iPhone OS 7_0_3 Mac OS X AppleWebKit/537 (KHTML, like Gecko) Mobile Safari/537"
92.249.250.98 - - [28/Nov/2015:08:39:04 +0100] "GET /images/b2_2012_03_+terkepkep.pdf HTTP/1.1" 200 16489934 "-" "Mozilla/5.0 (Windows Phone 8.1; ARM; Trident/7.0; Touch; rv:11.0; IEMobile/11.0; Microsoft; Lumia 532 Dual SIM) like Gecko"
188.143.55.98 - - [28/Nov/2015:08:40:40 +0100] "GET /images/vasutterkep_n.jpg HTTP/1.1" 200 4702972 "https://www.google.hu/" "Mozilla/5.0 (Windows NT 6.1) AppleWebKit/537.36 (KHTML, like Gecko) Chrome/46.0.2490.86 Safari/537.36 OPR/33.0.1990.115"
188.143.55.98 - - [28/Nov/2015:08:40:42 +0100] "GET /favicon.ico HTTP/1.1" 404 1181 "http://www.mkk.zpok.hu/images/vasutterkep_n.jpg" "Mozilla/5.0 (Windows NT 6.1) AppleWebKit/537.36 (KHTML, like Gecko) Chrome/46.0.2490.86 Safari/537.36 OPR/33.0.1990.115"
87.244.195.237 - - [28/Nov/2015:08:44:05 +0100] "GET /favicon.ico HTTP/1.1" 404 1181 "-" "Mozilla/5.0 (Windows NT 6.1; WOW64; rv:42.0) Gecko/20100101 Firefox/42.0"
87.244.195.237 - - [28/Nov/2015:08:44:05 +0100] "GET /favicon.ico HTTP/1.1" 404 1181 "-" "Mozilla/5.0 (Windows NT 6.1; WOW64; rv:42.0) Gecko/20100101 Firefox/42.0"
207.46.13.52 - - [28/Nov/2015:08:45:10 +0100] "GET /doc/mkk_plakat_rgb.pdf HTTP/1.1" 200 406491 "-" "Mozilla/5.0 (compatible; bingbot/2.0; +http://www.bing.com/bingbot.htm)"
93.186.202.241 - - [28/Nov/2015:08:49:41 +0100] "GET /doc/hu_aps_positivbeispiele_aufl2_070622_klein.pdf HTTP/1.1" 200 2887217 "-" "Mozilla/5.0 (Windows NT 6.1) AppleWebKit/537.36 (KHTML, like Gecko) Chrome/27.0.1453.93 Safari/537.36"
195.91.23.52 - - [28/Nov/2015:08:51:35 +0100] "GET /hirlevel/images/1103_e.jpg HTTP/1.1" 200 440679 "https://www.google.sk" "Mozilla/5.0 (Windows NT 6.1; rv:42.0) Gecko/20100101 Firefox/42.0"
84.2.215.192 - - [28/Nov/2015:08:53:20 +0100] "GET /images/vasutterkep_n.jpg HTTP/1.1" 200 4702972 "https://www.google.hu" "Mozilla/5.0 (Windows NT 6.1; WOW64; rv:42.0) Gecko/20100101 Firefox/42.0"
85.66.178.224 - - [28/Nov/2015:09:06:55 +0100] "GET /images/vasutterkep_n.jpg HTTP/1.1" 200 4702972 "https://www.google.hu/" "Mozilla/5.0 (Windows NT 6.1; WOW64) AppleWebKit/537.36 (KHTML, like Gecko) Chrome/46.0.2490.86 Safari/537.36"
207.46.13.120 - - [28/Nov/2015:09:17:41 +0100] "GET /hirlevel/vonattal1010_1.htm HTTP/1.1" 200 29761 "-" "Mozilla/5.0 (compatible; bingbot/2.0; +http://www.bing.com/bingbot.htm)"
78.92.186.217 - - [28/Nov/2015:09:42:44 +0100] "GET /images/vasutterkep_n.jpg HTTP/1.1" 200 4702972 "https://www.google.hu/" "Mozilla/5.0 (iPhone; CPU iPhone OS 9_1 like Mac OS X) AppleWebKit/601.1.46 (KHTML, like Gecko) Version/9.0 Mobile/13B143 Safari/601.1"
77.111.90.197 - - [28/Nov/2015:09:46:47 +0100] "GET / HTTP/1.1" 200 1178 "-" "Mozilla/5.0 (Windows NT 6.1; WOW64) AppleWebKit/537.36 (KHTML, like Gecko) Chrome/46.0.2490.71 Safari/537.36"
77.111.90.197 - - [28/Nov/2015:09:46:47 +0100] "GET / HTTP/1.0" 200 1178 "-" "-"
157.55.39.217 - - [28/Nov/2015:09:52:11 +0100] "GET /hirlevel/vonattal1012.htm HTTP/1.1" 304 - "-" "Mozilla/5.0 (compatible; bingbot/2.0; +http://www.bing.com/bingbot.htm)"
157.55.39.35 - - [28/Nov/2015:09:54:57 +0100] "GET / HTTP/1.1" 200 1178 "-" "Mozilla/5.0 (compatible; bingbot/2.0; +http://www.bing.com/bingbot.htm)"
207.46.13.52 - - [28/Nov/2015:10:09:33 +0100] "GET /index.swf HTTP/1.1" 200 1451868 "-" "Mozilla/5.0 (compatible; bingbot/2.0; +http://www.bing.com/bingbot.htm)"
173.252.74.101 - - [28/Nov/2015:10:13:51 +0100] "GET /hirlevel/images/1506a.png HTTP/1.1" 200 180321 "-" "facebookexternalhit/1.1 (+http://www.facebook.com/externalhit_uatext.php)"
207.46.13.52 - - [28/Nov/2015:10:28:29 +0100] "GET /doc/tersegi_polg_0803.pdf HTTP/1.1" 200 63931 "-" "Mozilla/5.0 (compatible; bingbot/2.0; +http://www.bing.com/bingbot.htm)"
89.163.148.58 - - [28/Nov/2015:10:34:33 +0100] "GET /robots.txt HTTP/1.0" 404 1181 "-" "Mozilla/5.0 (compatible; MJ12bot/v1.4.5; http://www.majestic12.co.uk/bot.php?+)"
89.163.148.58 - - [28/Nov/2015:10:34:34 +0100] "GET /hirlevel/vonattal1408.html HTTP/1.0" 200 22601 "-" "Mozilla/5.0 (compatible; MJ12bot/v1.4.5; http://www.majestic12.co.uk/bot.php?+)"
89.163.148.58 - - [28/Nov/2015:10:34:36 +0100] "GET /hirlevel/vonattal1409.html HTTP/1.0" 200 32865 "-" "Mozilla/5.0 (compatible; MJ12bot/v1.4.5; http://www.majestic12.co.uk/bot.php?+)"
89.163.148.58 - - [28/Nov/2015:10:34:38 +0100] "GET /hirlevel/vonattal1410.html HTTP/1.0" 200 34691 "-" "Mozilla/5.0 (compatible; MJ12bot/v1.4.5; http://www.majestic12.co.uk/bot.php?+)"
89.163.148.58 - - [28/Nov/2015:10:34:39 +0100] "GET /hirlevel/vonattal1412.html HTTP/1.0" 200 20581 "-" "Mozilla/5.0 (compatible; MJ12bot/v1.4.5; http://www.majestic12.co.uk/bot.php?+)"
89.163.148.58 - - [28/Nov/2015:10:34:41 +0100] "GET /hirlevel/vonattal1501.html HTTP/1.0" 200 25759 "-" "Mozilla/5.0 (compatible; MJ12bot/v1.4.5; http://www.majestic12.co.uk/bot.php?+)"
89.163.148.58 - - [28/Nov/2015:10:34:42 +0100] "GET /hirlevel/vonattal1503.html HTTP/1.0" 200 21721 "-" "Mozilla/5.0 (compatible; MJ12bot/v1.4.5; http://www.majestic12.co.uk/bot.php?+)"
89.163.148.58 - - [28/Nov/2015:10:34:43 +0100] "GET /hirlevel/vonattal1504.html HTTP/1.0" 200 22577 "-" "Mozilla/5.0 (compatible; MJ12bot/v1.4.5; http://www.majestic12.co.uk/bot.php?+)"
185.28.144.175 - - [28/Nov/2015:10:36:24 +0100] "GET /images/vasutterkep_n.jpg HTTP/1.1" 200 1039356 "https://www.google.sk" "Mozilla/5.0 (Windows NT 6.1; rv:42.0) Gecko/20100101 Firefox/42.0"
157.55.39.217 - - [28/Nov/2015:10:36:56 +0100] "GET /robots.txt HTTP/1.1" 404 1181 "-" "Mozilla/5.0 (compatible; bingbot/2.0; +http://www.bing.com/bingbot.htm)"
157.55.39.217 - - [28/Nov/2015:10:36:57 +0100] "GET /robots.txt HTTP/1.1" 404 1181 "-" "Mozilla/5.0 (compatible; bingbot/2.0; +http://www.bing.com/bingbot.htm)"
157.55.39.217 - - [28/Nov/2015:10:37:52 +0100] "GET /doc/mkkaf_0908.pdf HTTP/1.1" 200 74547 "-" "Mozilla/5.0 (compatible; bingbot/2.0; +http://www.bing.com/bingbot.htm)"
66.249.64.206 - - [28/Nov/2015:10:39:15 +0100] "GET /images/b2_2012_03_+terkepkep.pdf HTTP/1.1" 304 - "-" "Mozilla/5.0 (compatible; Googlebot/2.1; +http://www.google.com/bot.html)"
207.46.13.52 - - [28/Nov/2015:10:54:55 +0100] "GET /hirlevel/fk_tartalomroviden.pdf HTTP/1.1" 200 554372 "-" "Mozilla/5.0 (compatible; bingbot/2.0; +http://www.bing.com/bingbot.htm)"
66.249.64.216 - - [28/Nov/2015:11:02:33 +0100] "GET /hirlevel/images/1504_c.jpg HTTP/1.1" 304 - "-" "Googlebot-Image/1.0"
85.238.94.121 - - [28/Nov/2015:11:09:59 +0100] "GET /hirlevel/images/1009_terkep_n.jpg HTTP/1.1" 200 598267 "https://www.google.hu" "Mozilla/5.0 (Windows NT 5.1; rv:42.0) Gecko/20100101 Firefox/42.0"
66.249.64.127 - - [28/Nov/2015:11:12:57 +0100] "GET /robots.txt HTTP/1.1" 404 1181 "-" "Mozilla/5.0 (compatible; Googlebot/2.1; +http://www.google.com/bot.html)"
66.249.64.1 - - [28/Nov/2015:11:12:57 +0100] "GET /doc/kozh03.pdf HTTP/1.1" 200 76029 "-" "Mozilla/5.0 (iPhone; CPU iPhone OS 8_3 like Mac OS X) AppleWebKit/600.1.4 (KHTML, like Gecko) Version/8.0 Mobile/12F70 Safari/600.1.4 (compatible; Googlebot/2.1; +http://www.google.com/bot.html)"
178.255.215.87 - - [28/Nov/2015:11:18:55 +0100] "GET /robots.txt HTTP/1.1" 404 1181 "-" "Mozilla/5.0 (compatible; Exabot/3.0; +http://www.exabot.com/go/robot)"
178.255.215.87 - - [28/Nov/2015:11:18:55 +0100] "GET / HTTP/1.1" 304 - "-" "Mozilla/5.0 (compatible; Exabot/3.0; +http://www.exabot.com/go/robot)"
66.249.64.216 - - [28/Nov/2015:11:22:08 +0100] "GET /hirlevel/images/1410_e.jpg HTTP/1.1" 304 - "-" "Googlebot-Image/1.0"
66.249.64.206 - - [28/Nov/2015:11:25:24 +0100] "GET /hirlevel/images/1410_c.jpg HTTP/1.1" 304 - "-" "Googlebot-Image/1.0"
92.249.177.51 - - [28/Nov/2015:11:26:13 +0100] "GET /images/vasutterkep_n.jpg HTTP/1.1" 200 1374937 "https://www.google.hu" "Mozilla/5.0 (Windows NT 10.0; WOW64; rv:42.0) Gecko/20100101 Firefox/42.0"
178.164.161.107 - - [28/Nov/2015:11:27:40 +0100] "GET /images/vasutterkep_n.jpg HTTP/1.1" 200 4702972 "https://www.google.hu/" "Mozilla/5.0 (Windows NT 10.0; WOW64) AppleWebKit/537.36 (KHTML, like Gecko) Chrome/46.0.2490.86 Safari/537.36"
137.135.176.145 - - [28/Nov/2015:11:38:42 +0100] "GET /hirlevel/images/1009_terkep_n.jpg HTTP/1.1" 200 598267 "-" "Mozilla/5.0 (Windows NT 6.2; ARM; Trident/7.0; Touch; rv:11.0; WPDesktop; Lumia 625; Vodafone) like Gecko"
207.46.13.120 - - [28/Nov/2015:11:41:42 +0100] "GET /doc/prezentacio_20150425_tokaj.pdf HTTP/1.1" 200 214167 "-" "Mozilla/5.0 (iPhone; CPU iPhone OS 7_0 like Mac OS X) AppleWebKit/537.51.1 (KHTML, like Gecko) Version/7.0 Mobile/11A465 Safari/9537.53 (compatible; bingbot/2.0; http://www.bing.com/bingbot.htm)"
178.255.215.87 - - [28/Nov/2015:11:58:42 +0100] "GET /robots.txt HTTP/1.1" 404 1181 "-" "Mozilla/5.0 (compatible; Exabot/3.0; +http://www.exabot.com/go/robot)"
178.255.215.87 - - [28/Nov/2015:11:58:42 +0100] "GET /hirlevel/images/vonattal.swf HTTP/1.1" 200 697 "-" "Mozilla/5.0 (compatible; Exabot/3.0; +http://www.exabot.com/go/robot)"
84.3.218.35 - - [28/Nov/2015:11:59:33 +0100] "GET /doc/hatarmenti_infrastruktura.pdf HTTP/1.1" 200 555972 "https://www.google.hu" "Mozilla/5.0 (Windows NT 6.1; rv:42.0) Gecko/20100101 Firefox/42.0"
84.3.218.35 - - [28/Nov/2015:11:59:33 +0100] "GET /favicon.ico HTTP/1.1" 404 1181 "-" "Mozilla/5.0 (Windows NT 6.1; rv:42.0) Gecko/20100101 Firefox/42.0"
84.3.218.35 - - [28/Nov/2015:11:59:33 +0100] "GET /favicon.ico HTTP/1.1" 404 1181 "-" "Mozilla/5.0 (Windows NT 6.1; rv:42.0) Gecko/20100101 Firefox/42.0"
93.86.125.10 - - [28/Nov/2015:12:21:34 +0100] "GET /images/vasutterkep_n.jpg HTTP/1.1" 200 4702972 "https://www.google.rs" "Mozilla/5.0 (Windows NT 6.1; rv:42.0) Gecko/20100101 Firefox/42.0"
176.63.83.30 - - [28/Nov/2015:12:32:55 +0100] "GET / HTTP/1.1" 200 1178 "https://www.google.hu/" "Mozilla/5.0 (Windows NT 10.0; WOW64) AppleWebKit/537.36 (KHTML, like Gecko) Chrome/46.0.2490.86 Safari/537.36"
176.63.83.30 - - [28/Nov/2015:12:32:55 +0100] "GET /favicon.ico HTTP/1.1" 404 1181 "http://www.mkk.zpok.hu/" "Mozilla/5.0 (Windows NT 10.0; WOW64) AppleWebKit/537.36 (KHTML, like Gecko) Chrome/46.0.2490.86 Safari/537.36"
176.63.83.30 - - [28/Nov/2015:12:32:56 +0100] "GET /index.swf HTTP/1.1" 200 1451868 "http://www.mkk.zpok.hu/" "Mozilla/5.0 (Windows NT 10.0; WOW64) AppleWebKit/537.36 (KHTML, like Gecko) Chrome/46.0.2490.86 Safari/537.36"
80.98.163.204 - - [28/Nov/2015:12:40:04 +0100] "GET / HTTP/1.1" 200 1178 "https://www.facebook.com" "Mozilla/5.0 (Windows NT 6.1; WOW64; rv:42.0) Gecko/20100101 Firefox/42.0"
80.98.163.204 - - [28/Nov/2015:12:40:05 +0100] "GET /index.swf HTTP/1.1" 200 1451868 "http://www.mkk.zpok.hu/" "Mozilla/5.0 (Windows NT 6.1; WOW64; rv:42.0) Gecko/20100101 Firefox/42.0"
80.98.163.204 - - [28/Nov/2015:12:40:05 +0100] "GET /favicon.ico HTTP/1.1" 404 1181 "-" "Mozilla/5.0 (Windows NT 6.1; WOW64; rv:42.0) Gecko/20100101 Firefox/42.0"
80.98.163.204 - - [28/Nov/2015:12:40:05 +0100] "GET /favicon.ico HTTP/1.1" 404 1181 "-" "Mozilla/5.0 (Windows NT 6.1; WOW64; rv:42.0) Gecko/20100101 Firefox/42.0"
80.98.163.204 - - [28/Nov/2015:12:40:12 +0100] "GET /popupsys%20elemei/main.txt HTTP/1.1" 200 342 "http://www.mkk.zpok.hu/index.swf" "Mozilla/5.0 (Windows NT 6.1; WOW64; rv:42.0) Gecko/20100101 Firefox/42.0"
80.98.163.204 - - [28/Nov/2015:12:40:12 +0100] "GET /hirek.xml HTTP/1.1" 200 50012 "http://www.mkk.zpok.hu/index.swf" "Mozilla/5.0 (Windows NT 6.1; WOW64; rv:42.0) Gecko/20100101 Firefox/42.0"
80.98.163.204 - - [28/Nov/2015:12:40:18 +0100] "GET /doc/b2_2012_03.pdf HTTP/1.1" 200 1080459 "http://www.mkk.zpok.hu/" "Mozilla/5.0 (Windows NT 6.1; WOW64; rv:42.0) Gecko/20100101 Firefox/42.0"
80.98.163.204 - - [28/Nov/2015:12:40:18 +0100] "GET /doc/b2_2012_03.pdf HTTP/1.1" 206 31883 "http://www.mkk.zpok.hu/" "Mozilla/5.0 (Windows NT 6.1; WOW64; rv:42.0) Gecko/20100101 Firefox/42.0"
80.98.163.204 - - [28/Nov/2015:12:40:18 +0100] "GET /favicon.ico HTTP/1.1" 404 1181 "-" "Mozilla/5.0 (Windows NT 6.1; WOW64; rv:42.0) Gecko/20100101 Firefox/42.0"
80.98.163.204 - - [28/Nov/2015:12:40:18 +0100] "GET /favicon.ico HTTP/1.1" 404 1181 "-" "Mozilla/5.0 (Windows NT 6.1; WOW64; rv:42.0) Gecko/20100101 Firefox/42.0"
66.249.64.211 - - [28/Nov/2015:12:48:29 +0100] "GET /hirlevel/vonattal1009.htm HTTP/1.1" 304 - "-" "SAMSUNG-SGH-E250/1.0 Profile/MIDP-2.0 Configuration/CLDC-1.1 UP.Browser/6.2.3.3.c.1.101 (GUI) MMP/2.0 (compatible; Googlebot-Mobile/2.1; +http://www.google.com/bot.html)"
91.83.255.117 - - [28/Nov/2015:13:17:20 +0100] "GET /hirlevel/images/1010a.jpg HTTP/1.1" 200 52624 "https://www.google.hu" "Mozilla/5.0 (Windows NT 6.1; WOW64; rv:42.0) Gecko/20100101 Firefox/42.0"
89.132.218.243 - - [28/Nov/2015:13:17:51 +0100] "GET /images/vasutterkep_n.jpg HTTP/1.1" 200 4702972 "https://www.google.hu/" "Mozilla/5.0 (Windows NT 6.3; WOW64) AppleWebKit/537.36 (KHTML, like Gecko) Chrome/46.0.2490.86 Safari/537.36"
157.55.39.217 - - [28/Nov/2015:13:27:35 +0100] "GET / HTTP/1.1" 200 1178 "-" "Mozilla/5.0 (compatible; bingbot/2.0; +http://www.bing.com/bingbot.htm)"
94.21.237.41 - - [28/Nov/2015:13:30:13 +0100] "GET /images/vasutterkep_n.jpg HTTP/1.1" 200 4702972 "https://www.google.hu/" "Mozilla/5.0 (Windows NT 6.1) AppleWebKit/537.36 (KHTML, like Gecko) Chrome/46.0.2490.86 Safari/537.36"
151.177.67.126 - - [28/Nov/2015:13:46:11 +0100] "GET /hirlevel/images/0912h.jpg HTTP/1.1" 200 33036 "https://www.google.se/" "Mozilla/5.0 (Windows NT 10.0; WOW64) AppleWebKit/537.36 (KHTML, like Gecko) Chrome/46.0.2490.86 Safari/537.36"
66.249.64.206 - - [28/Nov/2015:13:50:58 +0100] "GET /robots.txt HTTP/1.1" 404 1181 "-" "Mozilla/5.0 (compatible; Googlebot/2.1; +http://www.google.com/bot.html)"
66.249.64.211 - - [28/Nov/2015:13:50:58 +0100] "GET /hirlevel/images/0809dd.jpg HTTP/1.1" 304 - "-" "Googlebot-Image/1.0"
62.47.24.242 - - [28/Nov/2015:13:53:58 +0100] "GET /images/vasutterkep_n.jpg HTTP/1.1" 200 4702972 "https://www.google.at" "Mozilla/5.0 (Windows NT 6.1; rv:42.0) Gecko/20100101 Firefox/42.0"
