94.23.214.33 - - [11/May/2016:22:35:51 +0200] "GET /hirlevel/vonattal1108.htm HTTP/1.0" 200 26684 "-" "Mozilla/5.0 (compatible; MJ12bot/v1.4.5; http://www.majestic12.co.uk/bot.php?+)"
94.23.214.33 - - [11/May/2016:22:35:53 +0200] "GET /hirlevel/vonattal1109.htm HTTP/1.0" 200 47571 "-" "Mozilla/5.0 (compatible; MJ12bot/v1.4.5; http://www.majestic12.co.uk/bot.php?+)"
94.23.214.33 - - [11/May/2016:22:35:54 +0200] "GET /hirlevel/vonattal1207.htm HTTP/1.0" 200 57936 "-" "Mozilla/5.0 (compatible; MJ12bot/v1.4.5; http://www.majestic12.co.uk/bot.php?+)"
94.23.214.33 - - [11/May/2016:22:35:56 +0200] "GET /hirlevel/vonattal1209.htm HTTP/1.0" 200 45089 "-" "Mozilla/5.0 (compatible; MJ12bot/v1.4.5; http://www.majestic12.co.uk/bot.php?+)"
94.23.214.33 - - [11/May/2016:22:35:58 +0200] "GET /hirlevel/vonattal1309.html HTTP/1.0" 200 41258 "-" "Mozilla/5.0 (compatible; MJ12bot/v1.4.5; http://www.majestic12.co.uk/bot.php?+)"
52.3.127.144 - - [11/May/2016:22:54:46 +0200] "GET /robots.txt HTTP/1.1" 404 1181 "-" "ltx71 - (http://ltx71.com/)"
54.83.178.129 - - [11/May/2016:22:57:20 +0200] "GET /doc/b2_2012_03.pdf HTTP/1.0" 200 1080459 "-" "ltx71 - (http://ltx71.com/)"
93.92.251.9 - - [11/May/2016:23:30:12 +0200] "GET /images/vasutterkep_n.jpg HTTP/1.1" 200 3244817 "https://www.google.rs" "Mozilla/5.0 (Windows NT 5.1; rv:46.0) Gecko/20100101 Firefox/46.0"
89.70.20.15 - - [11/May/2016:23:31:39 +0200] "GET /favicon.ico HTTP/1.1" 404 1181 "http://mkk.zpok.hu/hirlevel/kedvezo_menetrendek_2015-2016.pdf" "Mozilla/5.0 (Windows NT 6.1) AppleWebKit/537.36 (KHTML, like Gecko) Chrome/50.0.2661.94 Safari/537.36"
89.70.20.15 - - [11/May/2016:23:31:39 +0200] "GET /hirlevel/kedvezo_menetrendek_2015-2016.pdf HTTP/1.1" 200 150007 "https://www.google.pl/" "Mozilla/5.0 (Windows NT 6.1) AppleWebKit/537.36 (KHTML, like Gecko) Chrome/50.0.2661.94 Safari/537.36"
66.249.66.118 - - [11/May/2016:23:33:18 +0200] "GET /doc/forum_valaszok_0903.pdf HTTP/1.1" 304 - "-" "Mozilla/5.0 (compatible; Googlebot/2.1; +http://www.google.com/bot.html)"
89.135.80.151 - - [11/May/2016:23:37:03 +0200] "GET /images/vasutterkep_n.jpg HTTP/1.1" 200 4702972 "-" "Mozilla/5.0 (Linux; Android 4.4.2; SM-G900F Build/KOT49H) AppleWebKit/537.36 (KHTML, like Gecko) Version/4.0 Chrome/30.0.0.0 Mobile Safari/537.36 GSA/5.12.35.16.arm"
216.81.71.70 - - [11/May/2016:23:40:46 +0200] "GET / HTTP/1.1" 200 1178 "-" "=Mozilla/5.0 (Windows; U; Windows NT 6.1; en-US) AppleWebKit/534.16 (KHTML, like Gecko) Chrome/10.0.648.204 Safari/534.16"
62.138.0.25 - - [12/May/2016:00:05:29 +0200] "GET /robots.txt HTTP/1.1" 404 1181 "-" "Mozilla/5.0 (compatible; seoscanners.net/1; +spider@seoscanners.net)"
62.138.0.25 - - [12/May/2016:00:05:30 +0200] "GET /doc/mkk_ot_szekcio_201304.ppt HTTP/1.1" 200 684032 "-" "Mozilla/5.0 (compatible; seoscanners.net/1; +spider@seoscanners.net)"
89.132.182.249 - - [12/May/2016:00:17:09 +0200] "GET /images/vasutterkep_n.jpg HTTP/1.1" 200 408577 "https://www.google.hu" "Mozilla/5.0 (Windows NT 6.3; WOW64; rv:46.0) Gecko/20100101 Firefox/46.0"
66.249.66.52 - - [12/May/2016:00:20:54 +0200] "GET /doc/b2_20102.jpg HTTP/1.1" 404 1181 "-" "Googlebot-Image/1.0"
151.80.31.173 - - [12/May/2016:00:38:07 +0200] "GET /robots.txt HTTP/1.1" 404 1181 "-" "Mozilla/5.0 (compatible; AhrefsBot/5.1; +http://ahrefs.com/robot/)"
151.80.31.158 - - [12/May/2016:00:38:08 +0200] "GET /images/vasutterkep_n.jpg HTTP/1.1" 200 17047 "-" "Mozilla/5.0 (compatible; AhrefsBot/5.1; +http://ahrefs.com/robot/)"
200.98.171.192 - - [12/May/2016:01:02:56 +0200] "GET /images/xxu.php HTTP/1.1" 404 1181 "-" "-"
89.133.41.1 - - [12/May/2016:01:28:14 +0200] "GET /hirlevel/vonattal1207.htm HTTP/1.1" 200 57936 "-" "Mozilla/5.0 (Windows NT 6.1) AppleWebKit/537.36 (KHTML, like Gecko) Chrome/50.0.2661.94 Safari/537.36"
89.133.41.1 - - [12/May/2016:01:28:14 +0200] "GET /hirlevel/images/1208_katyuk.jpg HTTP/1.1" 200 46554 "http://mkk.zpok.hu/hirlevel/vonattal1207.htm" "Mozilla/5.0 (Windows NT 6.1) AppleWebKit/537.36 (KHTML, like Gecko) Chrome/50.0.2661.94 Safari/537.36"
89.133.41.1 - - [12/May/2016:01:28:14 +0200] "GET /hirlevel/images/1208_EMH_logo_2012_szlogen.jpg HTTP/1.1" 200 59958 "http://mkk.zpok.hu/hirlevel/vonattal1207.htm" "Mozilla/5.0 (Windows NT 6.1) AppleWebKit/537.36 (KHTML, like Gecko) Chrome/50.0.2661.94 Safari/537.36"
89.133.41.1 - - [12/May/2016:01:28:14 +0200] "GET /hirlevel/images/1208_gadoros.jpg HTTP/1.1" 200 57871 "http://mkk.zpok.hu/hirlevel/vonattal1207.htm" "Mozilla/5.0 (Windows NT 6.1) AppleWebKit/537.36 (KHTML, like Gecko) Chrome/50.0.2661.94 Safari/537.36"
89.133.41.1 - - [12/May/2016:01:28:14 +0200] "GET /hirlevel/images/1208_tisza-to.jpg HTTP/1.1" 200 70728 "http://mkk.zpok.hu/hirlevel/vonattal1207.htm" "Mozilla/5.0 (Windows NT 6.1) AppleWebKit/537.36 (KHTML, like Gecko) Chrome/50.0.2661.94 Safari/537.36"
89.133.41.1 - - [12/May/2016:01:28:14 +0200] "GET /hirlevel/images/1208_jaszboldoghaza.jpg HTTP/1.1" 200 65684 "http://mkk.zpok.hu/hirlevel/vonattal1207.htm" "Mozilla/5.0 (Windows NT 6.1) AppleWebKit/537.36 (KHTML, like Gecko) Chrome/50.0.2661.94 Safari/537.36"
89.133.41.1 - - [12/May/2016:01:28:14 +0200] "GET /hirlevel/images/_1208_ludas.jpg HTTP/1.1" 200 57344 "http://mkk.zpok.hu/hirlevel/vonattal1207.htm" "Mozilla/5.0 (Windows NT 6.1) AppleWebKit/537.36 (KHTML, like Gecko) Chrome/50.0.2661.94 Safari/537.36"
89.133.41.1 - - [12/May/2016:01:28:14 +0200] "GET /hirlevel/images/1208_pesa.png HTTP/1.1" 200 101881 "http://mkk.zpok.hu/hirlevel/vonattal1207.htm" "Mozilla/5.0 (Windows NT 6.1) AppleWebKit/537.36 (KHTML, like Gecko) Chrome/50.0.2661.94 Safari/537.36"
89.133.41.1 - - [12/May/2016:01:28:14 +0200] "GET /hirlevel/images/1208_kapostuskevar.jpg HTTP/1.1" 200 53080 "http://mkk.zpok.hu/hirlevel/vonattal1207.htm" "Mozilla/5.0 (Windows NT 6.1) AppleWebKit/537.36 (KHTML, like Gecko) Chrome/50.0.2661.94 Safari/537.36"
89.133.41.1 - - [12/May/2016:01:28:14 +0200] "GET /hirlevel/images/1208_tokaj.jpg HTTP/1.1" 200 47474 "http://mkk.zpok.hu/hirlevel/vonattal1207.htm" "Mozilla/5.0 (Windows NT 6.1) AppleWebKit/537.36 (KHTML, like Gecko) Chrome/50.0.2661.94 Safari/537.36"
89.133.41.1 - - [12/May/2016:01:28:14 +0200] "GET /hirlevel/images/1208_lentiszombathely.jpg HTTP/1.1" 200 53507 "http://mkk.zpok.hu/hirlevel/vonattal1207.htm" "Mozilla/5.0 (Windows NT 6.1) AppleWebKit/537.36 (KHTML, like Gecko) Chrome/50.0.2661.94 Safari/537.36"
89.133.41.1 - - [12/May/2016:01:28:14 +0200] "GET /hirlevel/images/Videkfejlesztesi_miniszterium-P-arany.jpg HTTP/1.1" 200 10497 "http://mkk.zpok.hu/hirlevel/vonattal1207.htm" "Mozilla/5.0 (Windows NT 6.1) AppleWebKit/537.36 (KHTML, like Gecko) Chrome/50.0.2661.94 Safari/537.36"
89.133.41.1 - - [12/May/2016:01:28:14 +0200] "GET /hirlevel/images/Okotars_fekvo_szines.jpg HTTP/1.1" 200 98627 "http://mkk.zpok.hu/hirlevel/vonattal1207.htm" "Mozilla/5.0 (Windows NT 6.1) AppleWebKit/537.36 (KHTML, like Gecko) Chrome/50.0.2661.94 Safari/537.36"
89.133.41.1 - - [12/May/2016:01:28:15 +0200] "GET /favicon.ico HTTP/1.1" 404 1181 "http://mkk.zpok.hu/hirlevel/vonattal1207.htm" "Mozilla/5.0 (Windows NT 6.1) AppleWebKit/537.36 (KHTML, like Gecko) Chrome/50.0.2661.94 Safari/537.36"
89.133.41.1 - - [12/May/2016:01:28:15 +0200] "GET /hirlevel/images/vonattal.swf HTTP/1.1" 200 697 "http://mkk.zpok.hu/hirlevel/vonattal1207.htm" "Mozilla/5.0 (Windows NT 6.1) AppleWebKit/537.36 (KHTML, like Gecko) Chrome/50.0.2661.94 Safari/537.36"
5.9.151.22 - - [12/May/2016:01:32:38 +0200] "GET /robots.txt HTTP/1.0" 404 1181 "-" "Mozilla/5.0 (compatible; MJ12bot/v1.4.5; http://www.majestic12.co.uk/bot.php?+)"
5.9.151.22 - - [12/May/2016:01:32:40 +0200] "GET /hirlevel/vonattal1309.html HTTP/1.0" 200 41258 "-" "Mozilla/5.0 (compatible; MJ12bot/v1.4.5; http://www.majestic12.co.uk/bot.php?+)"
5.9.151.22 - - [12/May/2016:01:32:40 +0200] "GET /robots.txt HTTP/1.0" 404 1181 "-" "Mozilla/5.0 (compatible; MJ12bot/v1.4.5; http://www.majestic12.co.uk/bot.php?+)"
5.9.151.22 - - [12/May/2016:01:32:42 +0200] "GET /hirlevel/vasuttal0712.htm HTTP/1.0" 200 16632 "-" "Mozilla/5.0 (compatible; MJ12bot/v1.4.5; http://www.majestic12.co.uk/bot.php?+)"
5.9.151.22 - - [12/May/2016:01:32:44 +0200] "GET /hirlevel/vasuttal0803.htm HTTP/1.0" 200 31521 "-" "Mozilla/5.0 (compatible; MJ12bot/v1.4.5; http://www.majestic12.co.uk/bot.php?+)"
5.9.151.22 - - [12/May/2016:01:32:46 +0200] "GET /hirlevel/vasuttal0809.htm HTTP/1.0" 200 24446 "-" "Mozilla/5.0 (compatible; MJ12bot/v1.4.5; http://www.majestic12.co.uk/bot.php?+)"
5.9.151.22 - - [12/May/2016:01:32:52 +0200] "GET /hirlevel/vonattal0906.htm HTTP/1.0" 200 25493 "-" "Mozilla/5.0 (compatible; MJ12bot/v1.4.5; http://www.majestic12.co.uk/bot.php?+)"
77.75.78.171 - - [12/May/2016:01:38:33 +0200] "GET /robots.txt HTTP/1.1" 404 1181 "-" "Mozilla/5.0 (compatible; SeznamBot/3.2; +http://napoveda.seznam.cz/en/seznambot-intro/)"
77.75.78.171 - - [12/May/2016:01:38:34 +0200] "GET /images/vasutterkep_n.jpg HTTP/1.1" 304 - "-" "Mozilla/5.0 (compatible; SeznamBot/3.2; +http://napoveda.seznam.cz/en/seznambot-intro/)"
62.138.0.25 - - [12/May/2016:01:53:04 +0200] "GET /robots.txt HTTP/1.1" 404 1181 "-" "Mozilla/5.0 (compatible; seoscanners.net/1; +spider@seoscanners.net)"
62.138.0.25 - - [12/May/2016:01:53:05 +0200] "GET /doc/0420_program_uj.pdf HTTP/1.1" 200 257505 "-" "Mozilla/5.0 (compatible; seoscanners.net/1; +spider@seoscanners.net)"
157.55.39.188 - - [12/May/2016:02:05:06 +0200] "GET /hirlevel/vonattal1109.htm HTTP/1.1" 200 47571 "-" "Mozilla/5.0 (iPhone; CPU iPhone OS 7_0 like Mac OS X) AppleWebKit/537.51.1 (KHTML, like Gecko) Version/7.0 Mobile/11A465 Safari/9537.53 (compatible; bingbot/2.0; +http://www.bing.com/bingbot.htm)"
40.77.167.72 - - [12/May/2016:02:08:09 +0200] "GET /hirlevel/images/vonattal.swf HTTP/1.1" 200 697 "-" "Mozilla/5.0 (iPhone; CPU iPhone OS 7_0 like Mac OS X) AppleWebKit/537.51.1 (KHTML, like Gecko) Version/7.0 Mobile/11A465 Safari/9537.53 (compatible; bingbot/2.0; +http://www.bing.com/bingbot.htm)"
144.76.23.74 - - [12/May/2016:02:39:13 +0200] "GET /robots.txt HTTP/1.1" 404 1181 "-" "Mozilla/5.0 (Windows; U; Windows NT 6.0; en-GB; rv:1.0; trendictionbot0.5.0; trendiction search; http://www.trendiction.de/bot; please let us know of any problems; web at trendiction.com) Gecko/20071127 Firefox/3.0.0.11"
144.76.23.74 - - [12/May/2016:02:39:14 +0200] "GET / HTTP/1.1" 200 1178 "-" "Mozilla/5.0 (Windows; U; Windows NT 6.0; en-GB; rv:1.0; trendictionbot0.5.0; trendiction search; http://www.trendiction.de/bot; please let us know of any problems; web at trendiction.com) Gecko/20071127 Firefox/3.0.0.11"
66.249.66.46 - - [12/May/2016:03:08:16 +0200] "GET /doc/ttft.pdf HTTP/1.1" 304 - "-" "Mozilla/5.0 (compatible; Googlebot/2.1; +http://www.google.com/bot.html)"
52.3.105.23 - - [12/May/2016:03:15:26 +0200] "GET /robots.txt HTTP/1.1" 404 1181 "-" "ltx71 - (http://ltx71.com/)"
52.3.105.23 - - [12/May/2016:03:17:01 +0200] "GET / HTTP/1.1" 200 1178 "-" "ltx71 - (http://ltx71.com/)"
157.55.39.81 - - [12/May/2016:03:54:26 +0200] "GET /robots.txt HTTP/1.1" 404 1181 "-" "Mozilla/5.0 (compatible; bingbot/2.0; +http://www.bing.com/bingbot.htm)"
40.77.167.72 - - [12/May/2016:03:56:15 +0200] "GET /robots.txt HTTP/1.1" 404 1181 "-" "Mozilla/5.0 (compatible; bingbot/2.0; +http://www.bing.com/bingbot.htm)"
157.55.39.188 - - [12/May/2016:03:56:39 +0200] "GET /hirlevel/102-es_vonal.pdf HTTP/1.1" 200 223259 "-" "Mozilla/5.0 (iPhone; CPU iPhone OS 7_0 like Mac OS X) AppleWebKit/537.51.1 (KHTML, like Gecko) Version/7.0 Mobile/11A465 Safari/9537.53 (compatible; bingbot/2.0; +http://www.bing.com/bingbot.htm)"
54.80.209.166 - - [12/May/2016:04:37:49 +0200] "GET / HTTP/1.1" 200 1178 "-" "Mozilla/5.0 (compatible; linkdexbot/2.0; +http://www.linkdex.com/bots/)"
68.180.230.219 - - [12/May/2016:04:46:28 +0200] "GET /robots.txt HTTP/1.1" 404 1181 "-" "Mozilla/5.0 (compatible; Yahoo! Slurp; http://help.yahoo.com/help/us/ysearch/slurp)"
68.180.230.219 - - [12/May/2016:04:46:32 +0200] "GET /hirlevel/UtasforumJegyzkonyv141121.pdf HTTP/1.1" 200 1416715 "-" "Mozilla/5.0 (compatible; Yahoo! Slurp; http://help.yahoo.com/help/us/ysearch/slurp)"
207.46.13.65 - - [12/May/2016:05:08:46 +0200] "GET /robots.txt HTTP/1.1" 404 1181 "-" "Mozilla/5.0 (compatible; bingbot/2.0; +http://www.bing.com/bingbot.htm)"
66.249.66.46 - - [12/May/2016:05:20:59 +0200] "GET /robots.txt HTTP/1.1" 404 1181 "-" "Mozilla/5.0 (compatible; Googlebot/2.1; +http://www.google.com/bot.html)"
66.249.66.46 - - [12/May/2016:05:21:00 +0200] "GET /hirlevel/emh_rajzpalyazat0805.pdf HTTP/1.1" 200 59198 "-" "Mozilla/5.0 (compatible; Googlebot/2.1; +http://www.google.com/bot.html)"
130.193.51.56 - - [12/May/2016:05:24:26 +0200] "GET /hirlevel/images/1203_2n.jpg HTTP/1.1" 200 211652 "-" "Mozilla/5.0 (compatible; YandexImages/3.0; +http://yandex.com/bots)"
85.25.210.234 - - [12/May/2016:05:44:45 +0200] "GET /robots.txt HTTP/1.1" 404 1181 "-" "Mozilla/5.0 (compatible; seoscanners.net/1; +spider@seoscanners.net)"
85.25.210.234 - - [12/May/2016:05:44:46 +0200] "GET /hirlevel/Volnerlevel_120227.pdf HTTP/1.1" 200 243228 "-" "Mozilla/5.0 (compatible; seoscanners.net/1; +spider@seoscanners.net)"
52.3.127.144 - - [12/May/2016:05:55:01 +0200] "GET /robots.txt HTTP/1.1" 404 1181 "-" "ltx71 - (http://ltx71.com/)"
52.3.127.144 - - [12/May/2016:05:59:16 +0200] "GET /robots.txt HTTP/1.1" 404 1181 "-" "ltx71 - (http://ltx71.com/)"
52.3.127.144 - - [12/May/2016:06:00:44 +0200] "GET /doc/helyierdeku_vasutak2009.ppt HTTP/1.1" 200 2578944 "-" "ltx71 - (http://ltx71.com/)"
52.3.127.144 - - [12/May/2016:06:02:08 +0200] "GET /robots.txt HTTP/1.1" 404 1181 "-" "ltx71 - (http://ltx71.com/)"
40.77.167.72 - - [12/May/2016:06:10:35 +0200] "GET /robots.txt HTTP/1.1" 404 1181 "-" "Mozilla/5.0 (compatible; bingbot/2.0; +http://www.bing.com/bingbot.htm)"
40.77.167.72 - - [12/May/2016:06:10:59 +0200] "GET /hirlevel/kedvezo_menetrendek_2015-2016.pdf HTTP/1.1" 200 150007 "-" "Mozilla/5.0 (iPhone; CPU iPhone OS 7_0 like Mac OS X) AppleWebKit/537.51.1 (KHTML, like Gecko) Version/7.0 Mobile/11A465 Safari/9537.53 (compatible; bingbot/2.0; +http://www.bing.com/bingbot.htm)"
40.77.167.72 - - [12/May/2016:06:15:21 +0200] "GET /doc/szecseny_04.pdf HTTP/1.1" 200 70592 "-" "Mozilla/5.0 (iPhone; CPU iPhone OS 7_0 like Mac OS X) AppleWebKit/537.51.1 (KHTML, like Gecko) Version/7.0 Mobile/11A465 Safari/9537.53 (compatible; bingbot/2.0; +http://www.bing.com/bingbot.htm)"
207.46.13.38 - - [12/May/2016:06:16:22 +0200] "GET /doc/tiszato0707.pdf HTTP/1.1" 200 64543 "-" "Mozilla/5.0 (iPhone; CPU iPhone OS 7_0 like Mac OS X) AppleWebKit/537.51.1 (KHTML, like Gecko) Version/7.0 Mobile/11A465 Safari/9537.53 (compatible; bingbot/2.0; +http://www.bing.com/bingbot.htm)"
85.25.210.234 - - [12/May/2016:06:16:26 +0200] "GET /robots.txt HTTP/1.1" 404 1181 "-" "Mozilla/5.0 (compatible; seoscanners.net/1; +spider@seoscanners.net)"
85.25.210.234 - - [12/May/2016:06:16:26 +0200] "GET /doc/jelentkezesi_urlap_a_palyamunka_melle.doc HTTP/1.1" 200 14336 "-" "Mozilla/5.0 (compatible; seoscanners.net/1; +spider@seoscanners.net)"
85.25.210.234 - - [12/May/2016:06:25:23 +0200] "GET /robots.txt HTTP/1.1" 404 1181 "-" "Mozilla/5.0 (compatible; seoscanners.net/1; +spider@seoscanners.net)"
85.25.210.234 - - [12/May/2016:06:25:25 +0200] "GET /doc/halalraitelve.pdf HTTP/1.1" 200 37180 "-" "Mozilla/5.0 (compatible; seoscanners.net/1; +spider@seoscanners.net)"
52.3.127.144 - - [12/May/2016:06:28:19 +0200] "GET /robots.txt HTTP/1.1" 404 1181 "-" "ltx71 - (http://ltx71.com/)"
185.10.127.38 - - [12/May/2016:06:28:30 +0200] "GET /images/vasutterkep_n.jpg HTTP/1.1" 200 4702972 "https://www.google.hu" "Mozilla/5.0 (Windows NT 6.1; Win64; x64; rv:46.0) Gecko/20100101 Firefox/46.0"
52.3.127.144 - - [12/May/2016:06:29:32 +0200] "GET /doc/nctazaro.pdf HTTP/1.1" 404 1181 "-" "ltx71 - (http://ltx71.com/)"
66.249.66.46 - - [12/May/2016:06:34:44 +0200] "GET /doc/igazolofuzet.pdf HTTP/1.1" 200 184716 "-" "Mozilla/5.0 (compatible; Googlebot/2.1; +http://www.google.com/bot.html)"
62.138.0.25 - - [12/May/2016:06:39:48 +0200] "GET /robots.txt HTTP/1.1" 404 1181 "-" "Mozilla/5.0 (compatible; seoscanners.net/1; +spider@seoscanners.net)"
62.138.0.25 - - [12/May/2016:06:39:49 +0200] "GET /doc/nctazaro.pdf HTTP/1.1" 404 1181 "-" "Mozilla/5.0 (compatible; seoscanners.net/1; +spider@seoscanners.net)"
52.3.127.144 - - [12/May/2016:06:42:49 +0200] "GET /robots.txt HTTP/1.1" 404 1181 "-" "ltx71 - (http://ltx71.com/)"
40.77.167.72 - - [12/May/2016:06:44:38 +0200] "GET / HTTP/1.1" 200 1178 "-" "Mozilla/5.0 (compatible; bingbot/2.0; +http://www.bing.com/bingbot.htm)"
62.138.0.25 - - [12/May/2016:06:52:32 +0200] "GET /robots.txt HTTP/1.1" 404 1181 "-" "Mozilla/5.0 (compatible; seoscanners.net/1; +spider@seoscanners.net)"
62.138.0.25 - - [12/May/2016:06:52:33 +0200] "GET /hirlevel/NCTA_tamogato_es_lebonyolito_logosor.jpg HTTP/1.1" 200 22139 "-" "Mozilla/5.0 (compatible; seoscanners.net/1; +spider@seoscanners.net)"
66.249.66.118 - - [12/May/2016:07:08:10 +0200] "GET /images/vasutterkep_n.jpg HTTP/1.1" 200 4702972 "-" "Googlebot-Image/1.0"
202.180.34.186 - - [12/May/2016:07:17:33 +0200] "GET /robots.txt HTTP/1.1" 404 1181 "-" "ICC-Crawler/2.0 (Mozilla-compatible; ; http://www.nict.go.jp/en/univ-com/plan/crawl.html)"
188.165.196.25 - - [12/May/2016:08:00:14 +0200] "GET /robots.txt HTTP/1.0" 404 1181 "-" ""
188.165.196.25 - - [12/May/2016:08:00:14 +0200] "GET / HTTP/1.1" 206 1178 "-" "Mozilla/5.0 (X11; Linux i686) AppleWebKit/534.30 (KHTML, like Gecko) Ubuntu/11.04 Chromium/12.0.742.112 Chrome/12.0.742.112 Safari/534.30"
52.3.127.144 - - [12/May/2016:08:05:24 +0200] "GET /robots.txt HTTP/1.1" 404 1181 "-" "ltx71 - (http://ltx71.com/)"
52.3.127.144 - - [12/May/2016:08:05:39 +0200] "GET /doc/honig-ceges.pdf HTTP/1.1" 200 114708 "-" "ltx71 - (http://ltx71.com/)"
52.3.127.144 - - [12/May/2016:08:06:51 +0200] "GET /robots.txt HTTP/1.1" 404 1181 "-" "ltx71 - (http://ltx71.com/)"
78.131.90.4 - - [12/May/2016:08:15:28 +0200] "GET /hirlevel/images/1409a.png HTTP/1.1" 200 118981 "https://www.google.hu" "Mozilla/5.0 (Windows NT 5.1; rv:46.0) Gecko/20100101 Firefox/46.0"
62.138.0.25 - - [12/May/2016:08:28:03 +0200] "GET /robots.txt HTTP/1.1" 404 1181 "-" "Mozilla/5.0 (compatible; seoscanners.net/1; +spider@seoscanners.net)"
62.138.0.25 - - [12/May/2016:08:28:03 +0200] "GET /hirlevel/vonattal1506.html HTTP/1.1" 200 19070 "-" "Mozilla/5.0 (compatible; seoscanners.net/1; +spider@seoscanners.net)"
78.131.21.187 - - [12/May/2016:08:35:37 +0200] "GET /images/vasutterkep_n.jpg HTTP/1.1" 200 4702972 "-" "Mozilla/5.0 (Linux; Android 4.4.4; D2203 Build/18.5.C.0.25) AppleWebKit/537.36 (KHTML, like Gecko) Version/4.0 Chrome/33.0.0.0 Mobile Safari/537.36 GSA/5.12.35.16.arm"
40.77.167.72 - - [12/May/2016:08:38:52 +0200] "GET / HTTP/1.1" 200 1178 "-" "Mozilla/5.0 (compatible; bingbot/2.0; +http://www.bing.com/bingbot.htm)"
157.55.39.188 - - [12/May/2016:08:38:57 +0200] "GET /hirlevel/vonattal1109.htm HTTP/1.1" 200 47571 "-" "Mozilla/5.0 (compatible; bingbot/2.0; +http://www.bing.com/bingbot.htm)"
157.55.39.188 - - [12/May/2016:08:38:57 +0200] "GET /hirlevel/vasuttal0806-7.htm HTTP/1.1" 200 20641 "-" "Mozilla/5.0 (compatible; bingbot/2.0; +http://www.bing.com/bingbot.htm)"
207.244.90.79 - - [12/May/2016:08:41:50 +0200] "GET / HTTP/1.1" 200 1178 "https://www.google.com/" "Mozilla/5.0 (Windows NT 6.1) AppleWebKit/537.36 (KHTML, like Gecko) Chrome/50.0.2661.94 Safari/537.36"
207.244.90.79 - - [12/May/2016:08:41:51 +0200] "GET /favicon.ico HTTP/1.1" 404 1181 "http://www.mkk.zpok.hu/" "Mozilla/5.0 (Windows NT 6.1) AppleWebKit/537.36 (KHTML, like Gecko) Chrome/50.0.2661.94 Safari/537.36"
176.14.78.198 - - [12/May/2016:08:45:02 +0200] "GET /doc/belepesinyilatkozat.pdf HTTP/1.1" 200 403816 "http://yandex.ru/clck/jsredir?from=yandex.ru%3Bsearch%3Bweb%3B%3B&text=&etext=1052.meqe8NY0MpDacsnvNebfnVvlNNhqnWTXmRCEaNFEdss1OdD7Kc87T3mDiSZ-Yils.db6035b8b962ae75b6d527763d0f4c77c09e70e3&uuid=&state=_BLhILn4SxNIvvL0W45KSic66uCIg23qh8iRG98qeIXmeppkgUc0YOm24rr5dkiDnIjpu2TfUVc&data=UlNrNmk5WktYejR0eWJFYk1LdmtxZ3l0WnFqTm00dHpnN05HaGVMR01PajNTdkNVYXRkd1ZUcVQ0TUo4NzBMRFF5QllheTk3NVc3ajFkdk5QT0F0dHpjUmk1elBlQUdwOEJQVnhTR2VXTWZ1V3RjWmVpQlhGVEFCSVZsQS00MGRmdWRNeU9SbGp1WQ&b64e=2&sign=a8a73422ea5ac50af2993bdd77089c4f&keyno=0&cst=AiuY0DBWFJ7IXge4WdYJQaYgAYq7JarrM1cyByTpLMuQfCLdoPot-GKKM8Ar_M2iyXa2jMcOL4p2QyP1aLvlFRkADGsShzi1mwrMQjawaskcBuDH0IGQtf1DPeBxWL_wGpzZsDca5iTIzJ4RQiFt2T6vZZp4hcDb&ref=orjY4mGPRjk5boDnW0uvlrrd71vZw9kp5uQozpMtKCWAB4NbWhozjoeLLuETH7i_FVhcYxKk18CcXYJiDVPQYE2g-VESk1ojOqTSDAkMwrPJ6joEVgUI_A&l10n=ru&cts=1463029692879&mc=5.49136825813" "Mozilla/4.0 (compatible; MSIE 8.0; Windows NT 5.1; Trident/4.0)"
207.46.13.65 - - [12/May/2016:08:45:58 +0200] "GET /robots.txt HTTP/1.1" 404 1181 "-" "Mozilla/5.0 (compatible; bingbot/2.0; +http://www.bing.com/bingbot.htm)"
52.3.127.144 - - [12/May/2016:08:47:38 +0200] "GET /robots.txt HTTP/1.1" 404 1181 "-" "ltx71 - (http://ltx71.com/)"
213.181.199.5 - - [12/May/2016:08:52:12 +0200] "GET /images/vasutterkep_n.jpg HTTP/1.1" 200 4702972 "https://www.google.sk/" "Mozilla/5.0 (Windows NT 6.1; WOW64) AppleWebKit/537.36 (KHTML, like Gecko) Chrome/50.0.2661.94 Safari/537.36"
213.181.199.5 - - [12/May/2016:08:52:12 +0200] "GET /favicon.ico HTTP/1.1" 404 1181 "http://www.mkk.zpok.hu/images/vasutterkep_n.jpg" "Mozilla/5.0 (Windows NT 6.1; WOW64) AppleWebKit/537.36 (KHTML, like Gecko) Chrome/50.0.2661.94 Safari/537.36"
207.46.13.65 - - [12/May/2016:08:54:46 +0200] "GET /hirlevel/jardapalyazat_201410.pdf HTTP/1.1" 200 75354 "-" "Mozilla/5.0 (iPhone; CPU iPhone OS 7_0 like Mac OS X) AppleWebKit/537.51.1 (KHTML, like Gecko) Version/7.0 Mobile/11A465 Safari/9537.53 (compatible; bingbot/2.0; +http://www.bing.com/bingbot.htm)"
207.46.13.65 - - [12/May/2016:08:54:47 +0200] "GET /hirlevel/vasuttal0803.htm HTTP/1.1" 200 31521 "-" "Mozilla/5.0 (compatible; bingbot/2.0; +http://www.bing.com/bingbot.htm)"
207.46.13.65 - - [12/May/2016:08:54:48 +0200] "GET /hirlevel/vasuttal0702.htm HTTP/1.1" 200 24655 "-" "Mozilla/5.0 (compatible; bingbot/2.0; +http://www.bing.com/bingbot.htm)"
207.46.13.65 - - [12/May/2016:08:54:51 +0200] "GET /hirlevel/vonattal1601.html HTTP/1.1" 200 20444 "-" "Mozilla/5.0 (compatible; bingbot/2.0; +http://www.bing.com/bingbot.htm)"
62.138.0.25 - - [12/May/2016:08:55:56 +0200] "GET /robots.txt HTTP/1.1" 404 1181 "-" "Mozilla/5.0 (compatible; seoscanners.net/1; +spider@seoscanners.net)"
62.138.0.25 - - [12/May/2016:08:55:56 +0200] "GET /hirlevel/tegyen_tobbet_magyarorszag_%20a_kozlekedesi_szendioxid.pdf HTTP/1.1" 200 34905 "-" "Mozilla/5.0 (compatible; seoscanners.net/1; +spider@seoscanners.net)"
66.249.66.46 - - [12/May/2016:09:01:27 +0200] "GET /hirlevel/tersegi-targyalasokhoz.pdf HTTP/1.1" 200 100152 "-" "Mozilla/5.0 (compatible; Googlebot/2.1; +http://www.google.com/bot.html)"
207.46.13.38 - - [12/May/2016:09:17:48 +0200] "GET /hirlevel/vonattal0906.htm HTTP/1.1" 200 25493 "-" "Mozilla/5.0 (compatible; bingbot/2.0; +http://www.bing.com/bingbot.htm)"
207.46.13.38 - - [12/May/2016:09:17:49 +0200] "GET /hirlevel/vonattal1503.html HTTP/1.1" 200 21721 "-" "Mozilla/5.0 (compatible; bingbot/2.0; +http://www.bing.com/bingbot.htm)"
207.46.13.38 - - [12/May/2016:09:17:49 +0200] "GET /hirlevel/vonattal1504.html HTTP/1.1" 200 22577 "-" "Mozilla/5.0 (compatible; bingbot/2.0; +http://www.bing.com/bingbot.htm)"
40.77.167.72 - - [12/May/2016:09:17:52 +0200] "GET /hirlevel/vonattal0907.htm HTTP/1.1" 200 33088 "-" "Mozilla/5.0 (compatible; bingbot/2.0; +http://www.bing.com/bingbot.htm)"
40.77.167.72 - - [12/May/2016:09:17:52 +0200] "GET /hirlevel/vonattal1603.html HTTP/1.1" 200 31488 "-" "Mozilla/5.0 (compatible; bingbot/2.0; +http://www.bing.com/bingbot.htm)"
40.77.167.72 - - [12/May/2016:09:17:53 +0200] "GET /hirlevel/vonattal1009_1.htm HTTP/1.1" 200 17980 "-" "Mozilla/5.0 (compatible; bingbot/2.0; +http://www.bing.com/bingbot.htm)"
157.55.39.188 - - [12/May/2016:09:17:58 +0200] "GET /hirlevel/vonattal0810.htm HTTP/1.1" 200 36363 "-" "Mozilla/5.0 (compatible; bingbot/2.0; +http://www.bing.com/bingbot.htm)"
157.55.39.188 - - [12/May/2016:09:17:58 +0200] "GET /hirlevel/vasuttal0804.htm HTTP/1.1" 200 14711 "-" "Mozilla/5.0 (compatible; bingbot/2.0; +http://www.bing.com/bingbot.htm)"
157.55.39.188 - - [12/May/2016:09:17:58 +0200] "GET /hirlevel/vasuttal0703.htm HTTP/1.1" 200 25859 "-" "Mozilla/5.0 (compatible; bingbot/2.0; +http://www.bing.com/bingbot.htm)"
157.55.39.188 - - [12/May/2016:09:17:59 +0200] "GET /hirlevel/vonattal1512.html HTTP/1.1" 200 36609 "-" "Mozilla/5.0 (compatible; bingbot/2.0; +http://www.bing.com/bingbot.htm)"
52.3.127.144 - - [12/May/2016:09:27:27 +0200] "GET /robots.txt HTTP/1.1" 404 1181 "-" "ltx71 - (http://ltx71.com/)"
52.3.127.144 - - [12/May/2016:09:28:09 +0200] "GET /doc/b2_2012_03.pdf HTTP/1.1" 200 1080459 "-" "ltx71 - (http://ltx71.com/)"
157.55.39.81 - - [12/May/2016:09:28:40 +0200] "GET /hirlevel/plakat_ajandekjegy_megszuntetes.pdf HTTP/1.1" 200 30340 "-" "Mozilla/5.0 (iPhone; CPU iPhone OS 7_0 like Mac OS X) AppleWebKit/537.51.1 (KHTML, like Gecko) Version/7.0 Mobile/11A465 Safari/9537.53 (compatible; bingbot/2.0; +http://www.bing.com/bingbot.htm)"
207.46.13.38 - - [12/May/2016:09:28:46 +0200] "GET /robots.txt HTTP/1.1" 404 1181 "-" "Mozilla/5.0 (compatible; bingbot/2.0; +http://www.bing.com/bingbot.htm)"
62.138.0.25 - - [12/May/2016:09:31:26 +0200] "GET /robots.txt HTTP/1.1" 404 1181 "-" "Mozilla/5.0 (compatible; seoscanners.net/1; +spider@seoscanners.net)"
62.138.0.25 - - [12/May/2016:09:31:27 +0200] "GET /hirlevel/vonattal1512.html HTTP/1.1" 200 36609 "-" "Mozilla/5.0 (compatible; seoscanners.net/1; +spider@seoscanners.net)"
207.46.13.38 - - [12/May/2016:09:43:22 +0200] "GET /hirlevel/plakat_ajandekjegy_megszuntetes.pdf HTTP/1.1" 200 30340 "-" "Mozilla/5.0 (compatible; bingbot/2.0; +http://www.bing.com/bingbot.htm)"
84.206.45.2 - - [12/May/2016:09:46:14 +0200] "GET /hirlevel/vasuttal0704.htm HTTP/1.1" 200 25859 "http://www.google.hu/url?sa=t&rct=j&q=&esrc=s&source=web&cd=11&ved=0ahUKEwjl_JjQhdTMAhVMLMAKHUetBgA4ChAWCCkwAA&url=http%3A%2F%2Fmkk.zpok.hu%2Fhirlevel%2Fvasuttal0704.htm&usg=AFQjCNE0IVdN8jlI34hPDMc8X_eztdGQFw&sig2=kl9TlFqkWpa2Vw1UjxSVwA&bvm=bv.121658157,d.bGg" "Mozilla/5.0 (Windows NT 6.1; WOW64; Trident/7.0; rv:11.0) like Gecko"
84.206.45.2 - - [12/May/2016:09:46:14 +0200] "GET /hirlevel/images/vonattal.jpg HTTP/1.1" 200 28748 "http://mkk.zpok.hu/hirlevel/vasuttal0704.htm" "Mozilla/5.0 (Windows NT 6.1; WOW64; Trident/7.0; rv:11.0) like Gecko"
84.206.45.2 - - [12/May/2016:09:46:14 +0200] "GET /hirlevel/images/gozos.jpg HTTP/1.1" 200 23613 "http://mkk.zpok.hu/hirlevel/vasuttal0704.htm" "Mozilla/5.0 (Windows NT 6.1; WOW64; Trident/7.0; rv:11.0) like Gecko"
84.206.45.2 - - [12/May/2016:09:46:14 +0200] "GET /hirlevel/images/okotars.jpg HTTP/1.1" 200 8312 "http://mkk.zpok.hu/hirlevel/vasuttal0704.htm" "Mozilla/5.0 (Windows NT 6.1; WOW64; Trident/7.0; rv:11.0) like Gecko"
84.206.45.2 - - [12/May/2016:09:46:14 +0200] "GET /hirlevel/images/szazalek.jpg HTTP/1.1" 200 43499 "http://mkk.zpok.hu/hirlevel/vasuttal0704.htm" "Mozilla/5.0 (Windows NT 6.1; WOW64; Trident/7.0; rv:11.0) like Gecko"
84.206.45.2 - - [12/May/2016:09:46:16 +0200] "GET /favicon.ico HTTP/1.1" 404 1181 "-" "Mozilla/5.0 (Windows NT 6.1; WOW64; Trident/7.0; rv:11.0) like Gecko"
180.76.15.151 - - [12/May/2016:10:10:43 +0200] "GET /doc/ksz-ek_alakitasa_lehetosegek.ppt HTTP/1.1" 200 622592 "-" "Mozilla/5.0 (compatible; Baiduspider/2.0; +http://www.baidu.com/search/spider.html)"
52.3.127.144 - - [12/May/2016:10:12:33 +0200] "GET /robots.txt HTTP/1.1" 404 1181 "-" "ltx71 - (http://ltx71.com/)"
37.76.2.158 - - [12/May/2016:10:26:05 +0200] "GET /doc/sikeres_varos.pdf HTTP/1.1" 200 1149217 "https://www.google.hu/" "Mozilla/5.0 (iPhone; CPU iPhone OS 9_0_2 like Mac OS X) AppleWebKit/601.1.46 (KHTML, like Gecko) Version/9.0 Mobile/13A452 Safari/601.1"
37.76.82.57 - - [12/May/2016:10:27:39 +0200] "GET /doc/sikeres_varos.pdf HTTP/1.1" 200 80696 "-" "Mozilla/5.0 (Linux; Android 4.1.2; ST26i Build/11.2.A.0.31) AppleWebKit/535.19 (KHTML, like Gecko) Chrome/18.0.1025.166 Mobile Safari/535.19"
37.76.82.57 - - [12/May/2016:10:27:43 +0200] "GET /doc/sikeres_varos.pdf HTTP/1.1" 200 1149217 "" "Mozilla/5.0 (Linux; Android 4.1.2; ST26i Build/11.2.A.0.31) AppleWebKit/535.19 (KHTML, like Gecko) Chrome/18.0.1025.166 Mobile Safari/535.19"
68.180.230.219 - - [12/May/2016:10:29:54 +0200] "GET /doc/b2_2010.pdf HTTP/1.1" 404 1181 "-" "Mozilla/5.0 (compatible; Yahoo! Slurp; http://help.yahoo.com/help/us/ysearch/slurp)"
84.206.25.130 - - [12/May/2016:10:30:44 +0200] "GET / HTTP/1.1" 200 1178 "http://www.google.hu/url?url=http://www.mkk.zpok.hu/&rct=j&frm=1&q=&esrc=s&sa=U&ved=0ahUKEwjizKzzjtTMAhXIfiwKHU2sDVIQFghIMAk&sig2=8b-rmoXyvnlDUNmiC5gZBQ&usg=AFQjCNFW_HGZXjDQu3wXIs684fD436oigA" "Mozilla/5.0 (compatible; MSIE 9.0; Windows NT 6.1; Trident/5.0)"
84.206.25.130 - - [12/May/2016:10:30:44 +0200] "GET /index.swf HTTP/1.1" 200 1451930 "http://www.mkk.zpok.hu/" "Mozilla/5.0 (compatible; MSIE 9.0; Windows NT 6.1; Trident/5.0)"
84.206.25.130 - - [12/May/2016:10:30:44 +0200] "GET /favicon.ico HTTP/1.1" 404 1181 "-" "Mozilla/5.0 (compatible; MSIE 9.0; Windows NT 6.1; Trident/5.0)"
84.206.25.130 - - [12/May/2016:10:30:50 +0200] "GET /popupsys%20elemei/main.txt HTTP/1.1" 200 342 "http://www.mkk.zpok.hu/index.swf" "Mozilla/5.0 (compatible; MSIE 9.0; Windows NT 6.1; Trident/5.0)"
84.206.25.130 - - [12/May/2016:10:30:50 +0200] "GET /hirek.xml HTTP/1.1" 200 50849 "http://www.mkk.zpok.hu/index.swf" "Mozilla/5.0 (compatible; MSIE 9.0; Windows NT 6.1; Trident/5.0)"
84.206.25.130 - - [12/May/2016:10:31:05 +0200] "GET /favicon.ico HTTP/1.1" 404 1181 "-" "Mozilla/5.0 (compatible; MSIE 9.0; Windows NT 6.1; Trident/5.0)"
31.46.255.16 - - [12/May/2016:10:32:20 +0200] "GET /doc/sikeres_varos.pdf HTTP/1.1" 200 1149217 "https://www.google.hu/" "Mozilla/5.0 (iPhone; CPU iPhone OS 9_3_1 like Mac OS X) AppleWebKit/601.1.46 (KHTML, like Gecko) Version/9.0 Mobile/13E238 Safari/601.1"
207.46.13.65 - - [12/May/2016:10:33:40 +0200] "GET /hirlevel/vonattal1508.html HTTP/1.1" 200 24080 "-" "Mozilla/5.0 (compatible; bingbot/2.0; +http://www.bing.com/bingbot.htm)"
207.46.13.65 - - [12/May/2016:10:33:41 +0200] "GET /hirlevel/vonattal1601.html HTTP/1.1" 200 20444 "-" "Mozilla/5.0 (compatible; bingbot/2.0; +http://www.bing.com/bingbot.htm)"
207.46.13.65 - - [12/May/2016:10:33:41 +0200] "GET /hirlevel/vonattal0912.htm HTTP/1.1" 200 55120 "-" "Mozilla/5.0 (compatible; bingbot/2.0; +http://www.bing.com/bingbot.htm)"
89.223.199.209 - - [12/May/2016:10:43:54 +0200] "GET /hirlevel/images/1009_terkep_n.jpg HTTP/1.1" 200 598267 "https://www.google.hu/" "Mozilla/5.0 (iPhone; CPU iPhone OS 9_3_1 like Mac OS X) AppleWebKit/601.1.46 (KHTML, like Gecko) Version/9.0 Mobile/13E238 Safari/601.1"
37.76.39.49 - - [12/May/2016:10:44:32 +0200] "GET /doc/sikeres_varos.pdf HTTP/1.1" 200 1149217 "-" "Dalvik/1.6.0 (Linux; U; Android 4.2.2; GT-S7275R Build/JDQ39)"
52.3.105.23 - - [12/May/2016:10:49:25 +0200] "GET /robots.txt HTTP/1.1" 404 1181 "-" "ltx71 - (http://ltx71.com/)"
52.3.105.23 - - [12/May/2016:10:50:43 +0200] "GET /doc/vonatrafel_c.pdf HTTP/1.1" 200 705296 "-" "ltx71 - (http://ltx71.com/)"
68.180.230.219 - - [12/May/2016:10:54:41 +0200] "GET /hirlevel/Volnerlevel_120227.pdf HTTP/1.1" 200 243228 "-" "Mozilla/5.0 (compatible; Yahoo! Slurp; http://help.yahoo.com/help/us/ysearch/slurp)"
62.152.233.114 - - [12/May/2016:11:06:31 +0200] "GET /images/vasutterkep_n.jpg HTTP/1.1" 200 4702972 "http://www.vlaky.net/servis/linky.asp?stat=4" "Mozilla/5.0 (Windows NT 6.1; WOW64; Trident/7.0; rv:11.0) like Gecko"
62.152.233.114 - - [12/May/2016:11:06:31 +0200] "GET /favicon.ico HTTP/1.1" 404 1181 "-" "Mozilla/5.0 (Windows NT 6.1; Win64; x64; Trident/7.0; rv:11.0) like Gecko"
81.94.251.246 - - [12/May/2016:11:08:23 +0200] "GET /images/vasutterkep_n.jpg HTTP/1.1" 200 4702972 "https://www.google.hu/" "Mozilla/5.0 (Windows NT 6.1) AppleWebKit/537.36 (KHTML, like Gecko) Chrome/45.0.0.11172 Safari/537.36"
81.94.251.246 - - [12/May/2016:11:08:28 +0200] "GET /favicon.ico HTTP/1.1" 404 1181 "http://www.mkk.zpok.hu/images/vasutterkep_n.jpg" "Mozilla/5.0 (Windows NT 6.1) AppleWebKit/537.36 (KHTML, like Gecko) Chrome/45.0.0.11172 Safari/537.36"
52.3.127.144 - - [12/May/2016:11:11:49 +0200] "GET /robots.txt HTTP/1.1" 404 1181 "-" "ltx71 - (http://ltx71.com/)"
217.150.131.11 - - [12/May/2016:11:17:10 +0200] "GET /hirlevel/images/1009_terkep_n.jpg HTTP/1.1" 200 155599 "https://www.google.hu/" "Mozilla/5.0 (Windows NT 5.1) AppleWebKit/537.36 (KHTML, like Gecko) Chrome/49.0.2623.112 Safari/537.36"
66.249.66.49 - - [12/May/2016:11:35:56 +0200] "GET /doc/Bajnai-mellekvonal091209.pdf HTTP/1.1" 200 237893 "-" "Mozilla/5.0 (compatible; Googlebot/2.1; +http://www.google.com/bot.html)"
66.249.66.46 - - [12/May/2016:11:37:20 +0200] "GET /doc/tande_1012.pdf HTTP/1.1" 200 289952 "-" "Mozilla/5.0 (compatible; Googlebot/2.1; +http://www.google.com/bot.html)"
52.3.105.23 - - [12/May/2016:11:42:39 +0200] "GET /robots.txt HTTP/1.1" 404 1181 "-" "ltx71 - (http://ltx71.com/)"
195.228.58.252 - - [12/May/2016:11:46:45 +0200] "GET /images/vasutterkep_n.jpg HTTP/1.1" 200 4702972 "-" "Mozilla/5.0 (Windows NT 6.1; rv:41.0) Gecko/20100101 Firefox/41.0"
195.228.58.252 - - [12/May/2016:11:46:45 +0200] "GET /favicon.ico HTTP/1.1" 404 1181 "-" "Mozilla/5.0 (Windows NT 6.1; rv:41.0) Gecko/20100101 Firefox/41.0"
195.228.58.252 - - [12/May/2016:11:46:46 +0200] "GET /favicon.ico HTTP/1.1" 404 1181 "-" "Mozilla/5.0 (Windows NT 6.1; rv:41.0) Gecko/20100101 Firefox/41.0"
193.6.50.29 - - [12/May/2016:11:49:21 +0200] "GET /images/vasutterkep_n.jpg HTTP/1.1" 200 34657 "https://www.google.hu/" "Mozilla/5.0 (Windows NT 6.1) AppleWebKit/537.36 (KHTML, like Gecko) Chrome/50.0.2661.94 Safari/537.36"
40.77.167.72 - - [12/May/2016:11:54:42 +0200] "GET / HTTP/1.1" 200 1178 "-" "Mozilla/5.0 (compatible; bingbot/2.0; +http://www.bing.com/bingbot.htm)"
66.249.66.46 - - [12/May/2016:11:59:50 +0200] "GET /doc/jelentkezesi_lap_vtot_1204.doc HTTP/1.1" 200 65024 "-" "Mozilla/5.0 (compatible; Googlebot/2.1; +http://www.google.com/bot.html)"
68.180.230.219 - - [12/May/2016:12:07:36 +0200] "GET /hirlevel/vonattal1503.html HTTP/1.1" 200 21721 "-" "Mozilla/5.0 (compatible; Yahoo! Slurp; http://help.yahoo.com/help/us/ysearch/slurp)"
40.77.167.72 - - [12/May/2016:12:17:31 +0200] "GET /doc/vonattal_tisza-tohoz_2010.pdf HTTP/1.1" 200 558271 "-" "Mozilla/5.0 (iPhone; CPU iPhone OS 7_0 like Mac OS X) AppleWebKit/537.51.1 (KHTML, like Gecko) Version/7.0 Mobile/11A465 Safari/9537.53 (compatible; bingbot/2.0; +http://www.bing.com/bingbot.htm)"
195.199.143.86 - - [12/May/2016:12:26:59 +0200] "GET /images/vasutterkep_n.jpg HTTP/1.1" 200 4702972 "https://www.bing.com/" "Mozilla/5.0 (Windows NT 10.0; Win64; x64) AppleWebKit/537.36 (KHTML, like Gecko) Chrome/46.0.2486.0 Safari/537.36 Edge/13.10586"
66.249.66.52 - - [12/May/2016:12:28:21 +0200] "GET /images/b2_2012_03_+terkepkep.pdf HTTP/1.1" 200 16489934 "-" "Mozilla/5.0 (Linux; Android 6.0.1; Nexus 5X Build/MMB29P) AppleWebKit/537.36 (KHTML, like Gecko) Chrome/41.0.2272.96 Mobile Safari/537.36 (compatible; Googlebot/2.1; +http://www.google.com/bot.html)"
82.144.188.150 - - [12/May/2016:12:36:22 +0200] "GET /hirlevel/images/1009_b.jpg.JPG HTTP/1.1" 200 119823 "https://www.google.hu" "Mozilla/5.0 (Windows NT 6.3; WOW64; rv:45.0) Gecko/20100101 Firefox/45.0"
212.219.231.101 - - [12/May/2016:12:43:51 +0200] "GET /images/vasutterkep_n.jpg HTTP/1.1" 200 4702972 "http://www.bing.com/images/search?q=terkep&view=detailv2&adlt=strict&id=4C31BCB55C338584EC5A0E56F55DC7E6BAE57032&selectedIndex=2&ccid=SMQ%2bm81C&simid=608032095812520727&thid=OIP.M48c43e9bcd42cef561e2b003e4f6794bH0&mode=overlay" "Mozilla/5.0 (Windows NT 6.1; Trident/7.0; rv:11.0) like Gecko"
195.228.58.252 - - [12/May/2016:12:49:05 +0200] "GET /images/vasutterkep_n.jpg HTTP/1.1" 200 4702972 "-" "Mozilla/5.0 (Windows NT 6.1; rv:41.0) Gecko/20100101 Firefox/41.0"
207.46.13.38 - - [12/May/2016:12:56:23 +0200] "GET /doc/s-bahn.pdf HTTP/1.1" 200 97892 "-" "Mozilla/5.0 (iPhone; CPU iPhone OS 7_0 like Mac OS X) AppleWebKit/537.51.1 (KHTML, like Gecko) Version/7.0 Mobile/11A465 Safari/9537.53 (compatible; bingbot/2.0; +http://www.bing.com/bingbot.htm)"
195.228.211.153 - - [12/May/2016:13:03:12 +0200] "GET /images/vasutterkep_n.jpg HTTP/1.1" 200 4702972 "https://www.google.hu/" "Mozilla/5.0 (Windows NT 6.1; WOW64) AppleWebKit/537.36 (KHTML, like Gecko) Chrome/50.0.2661.94 Safari/537.36"
130.193.51.56 - - [12/May/2016:13:09:44 +0200] "GET /robots.txt HTTP/1.1" 404 1181 "-" "Mozilla/5.0 (compatible; YandexBot/3.0; +http://yandex.com/bots)"
130.193.51.56 - - [12/May/2016:13:09:48 +0200] "GET /hirlevel/vonattal1307.html HTTP/1.1" 200 33563 "-" "Mozilla/5.0 (compatible; YandexBot/3.0; +http://yandex.com/bots)"
188.141.119.11 - - [12/May/2016:13:24:57 +0200] "GET /images/vasutterkep_n.jpg HTTP/1.1" 200 4702972 "-" "Mozilla/5.0 (Windows NT 6.1; rv:46.0) Gecko/20100101 Firefox/46.0"
180.76.15.143 - - [12/May/2016:13:28:15 +0200] "GET /doc/b2_2012_03.pdf HTTP/1.1" 200 589824 "-" "Mozilla/5.0 (compatible; Baiduspider/2.0; +http://www.baidu.com/search/spider.html)"
37.9.122.203 - - [12/May/2016:13:28:16 +0200] "GET /robots.txt HTTP/1.1" 404 1181 "-" "Mozilla/5.0 (compatible; YandexBot/3.0; +http://yandex.com/bots)"
37.9.122.203 - - [12/May/2016:13:28:26 +0200] "GET /robots.txt HTTP/1.1" 404 1181 "-" "Mozilla/5.0 (compatible; YandexBot/3.0; +http://yandex.com/bots)"
37.9.122.203 - - [12/May/2016:13:28:31 +0200] "GET /index.swf HTTP/1.1" 200 1451930 "-" "Mozilla/5.0 (compatible; YandexBot/3.0; +http://yandex.com/bots)"
93.158.152.202 - - [12/May/2016:13:28:34 +0200] "GET / HTTP/1.1" 200 1178 "-" "Mozilla/5.0 (compatible; YandexBot/3.0; +http://yandex.com/bots)"
89.132.60.218 - - [12/May/2016:13:32:52 +0200] "GET /doc/b2_2012_03.pdf HTTP/1.1" 206 31883 "http://www.bakonyvasut.hu/index.php?page=hatarozat" "Mozilla/5.0 (Windows NT 5.1; rv:46.0) Gecko/20100101 Firefox/46.0"
89.132.60.218 - - [12/May/2016:13:32:52 +0200] "GET /doc/b2_2012_03.pdf HTTP/1.1" 200 1080459 "http://www.bakonyvasut.hu/index.php?page=hatarozat" "Mozilla/5.0 (Windows NT 5.1; rv:46.0) Gecko/20100101 Firefox/46.0"
89.132.60.218 - - [12/May/2016:13:32:52 +0200] "GET /favicon.ico HTTP/1.1" 404 1181 "-" "Mozilla/5.0 (Windows NT 5.1; rv:46.0) Gecko/20100101 Firefox/46.0"
89.132.60.218 - - [12/May/2016:13:32:52 +0200] "GET /favicon.ico HTTP/1.1" 404 1181 "-" "Mozilla/5.0 (Windows NT 5.1; rv:46.0) Gecko/20100101 Firefox/46.0"
52.3.105.23 - - [12/May/2016:13:37:08 +0200] "GET /robots.txt HTTP/1.1" 404 1181 "-" "ltx71 - (http://ltx71.com/)"
66.249.66.46 - - [12/May/2016:13:45:18 +0200] "GET /hirlevel/vonattal1006.htm HTTP/1.1" 200 43254 "-" "Mozilla/5.0 (compatible; Googlebot/2.1; +http://www.google.com/bot.html)"
68.180.230.219 - - [12/May/2016:13:48:49 +0200] "GET /hirlevel/out.html HTTP/1.1" 404 1181 "-" "Mozilla/5.0 (compatible; Yahoo! Slurp; http://help.yahoo.com/help/us/ysearch/slurp)"
68.180.230.219 - - [12/May/2016:13:53:36 +0200] "GET /hirlevel/tapolca_jelentkez%C3%A9si_lap.pdf HTTP/1.1" 200 109809 "-" "Mozilla/5.0 (compatible; Yahoo! Slurp; http://help.yahoo.com/help/us/ysearch/slurp)"
46.107.24.246 - - [12/May/2016:14:03:05 +0200] "GET /hirlevel/images/1409g.png HTTP/1.1" 200 229166 "https://www.google.hu" "Mozilla/5.0 (Windows NT 6.1; WOW64; rv:46.0) Gecko/20100101 Firefox/46.0"
46.107.24.246 - - [12/May/2016:14:03:05 +0200] "GET /hirlevel/vonattal1409.html HTTP/1.1" 200 32865 "https://www.google.hu" "Mozilla/5.0 (Windows NT 6.1; WOW64; rv:46.0) Gecko/20100101 Firefox/46.0"
46.107.24.246 - - [12/May/2016:14:03:06 +0200] "GET /hirlevel/NCTA_tamogato_es_lebonyolito_logosor.jpg HTTP/1.1" 200 22139 "http://mkk.zpok.hu/hirlevel/vonattal1409.html" "Mozilla/5.0 (Windows NT 6.1; WOW64; rv:46.0) Gecko/20100101 Firefox/46.0"
46.107.24.246 - - [12/May/2016:14:03:06 +0200] "GET /hirlevel/images/1409a.png HTTP/1.1" 200 118981 "http://mkk.zpok.hu/hirlevel/vonattal1409.html" "Mozilla/5.0 (Windows NT 6.1; WOW64; rv:46.0) Gecko/20100101 Firefox/46.0"
46.107.24.246 - - [12/May/2016:14:03:06 +0200] "GET /hirlevel/images/1409f.png HTTP/1.1" 200 115436 "http://mkk.zpok.hu/hirlevel/vonattal1409.html" "Mozilla/5.0 (Windows NT 6.1; WOW64; rv:46.0) Gecko/20100101 Firefox/46.0"
46.107.24.246 - - [12/May/2016:14:03:06 +0200] "GET /hirlevel/images/1409c.png HTTP/1.1" 200 104715 "http://mkk.zpok.hu/hirlevel/vonattal1409.html" "Mozilla/5.0 (Windows NT 6.1; WOW64; rv:46.0) Gecko/20100101 Firefox/46.0"
46.107.24.246 - - [12/May/2016:14:03:06 +0200] "GET /hirlevel/images/1409d.png HTTP/1.1" 200 136768 "http://mkk.zpok.hu/hirlevel/vonattal1409.html" "Mozilla/5.0 (Windows NT 6.1; WOW64; rv:46.0) Gecko/20100101 Firefox/46.0"
46.107.24.246 - - [12/May/2016:14:03:06 +0200] "GET /hirlevel/images/1409h.png HTTP/1.1" 200 126170 "http://mkk.zpok.hu/hirlevel/vonattal1409.html" "Mozilla/5.0 (Windows NT 6.1; WOW64; rv:46.0) Gecko/20100101 Firefox/46.0"
46.107.24.246 - - [12/May/2016:14:03:07 +0200] "GET /hirlevel/images/1409e.png HTTP/1.1" 200 118402 "http://mkk.zpok.hu/hirlevel/vonattal1409.html" "Mozilla/5.0 (Windows NT 6.1; WOW64; rv:46.0) Gecko/20100101 Firefox/46.0"
46.107.24.246 - - [12/May/2016:14:03:07 +0200] "GET /hirlevel/images/vonattal.swf HTTP/1.1" 200 697 "http://mkk.zpok.hu/hirlevel/vonattal1409.html" "Mozilla/5.0 (Windows NT 6.1; WOW64; rv:46.0) Gecko/20100101 Firefox/46.0"
46.107.24.246 - - [12/May/2016:14:03:07 +0200] "GET /hirlevel/images/1409i.png HTTP/1.1" 200 100574 "http://mkk.zpok.hu/hirlevel/vonattal1409.html" "Mozilla/5.0 (Windows NT 6.1; WOW64; rv:46.0) Gecko/20100101 Firefox/46.0"
46.107.24.246 - - [12/May/2016:14:03:07 +0200] "GET /hirlevel/images/1409b.png HTTP/1.1" 200 119954 "http://mkk.zpok.hu/hirlevel/vonattal1409.html" "Mozilla/5.0 (Windows NT 6.1; WOW64; rv:46.0) Gecko/20100101 Firefox/46.0"
46.107.24.246 - - [12/May/2016:14:03:07 +0200] "GET /hirlevel/images/1409k.png HTTP/1.1" 200 88518 "http://mkk.zpok.hu/hirlevel/vonattal1409.html" "Mozilla/5.0 (Windows NT 6.1; WOW64; rv:46.0) Gecko/20100101 Firefox/46.0"
46.107.24.246 - - [12/May/2016:14:03:08 +0200] "GET /hirlevel/images/1409j.png HTTP/1.1" 200 104897 "http://mkk.zpok.hu/hirlevel/vonattal1409.html" "Mozilla/5.0 (Windows NT 6.1; WOW64; rv:46.0) Gecko/20100101 Firefox/46.0"
46.107.24.246 - - [12/May/2016:14:03:08 +0200] "GET /favicon.ico HTTP/1.1" 404 1181 "-" "Mozilla/5.0 (Windows NT 6.1; WOW64; rv:46.0) Gecko/20100101 Firefox/46.0"
46.107.24.246 - - [12/May/2016:14:03:08 +0200] "GET /favicon.ico HTTP/1.1" 404 1181 "-" "Mozilla/5.0 (Windows NT 6.1; WOW64; rv:46.0) Gecko/20100101 Firefox/46.0"
84.0.76.159 - - [12/May/2016:14:05:56 +0200] "GET / HTTP/1.1" 200 1178 "https://www.google.hu/" "Mozilla/5.0 (Windows NT 6.2; WOW64) AppleWebKit/537.36 (KHTML, like Gecko) Chrome/50.0.2661.94 Safari/537.36"
84.0.76.159 - - [12/May/2016:14:05:57 +0200] "GET /favicon.ico HTTP/1.1" 404 1181 "http://www.mkk.zpok.hu/" "Mozilla/5.0 (Windows NT 6.2; WOW64) AppleWebKit/537.36 (KHTML, like Gecko) Chrome/50.0.2661.94 Safari/537.36"
84.0.76.159 - - [12/May/2016:14:05:57 +0200] "GET /index.swf HTTP/1.1" 200 1451930 "http://www.mkk.zpok.hu/" "Mozilla/5.0 (Windows NT 6.2; WOW64) AppleWebKit/537.36 (KHTML, like Gecko) Chrome/50.0.2661.94 Safari/537.36"
84.0.76.159 - - [12/May/2016:14:06:10 +0200] "GET /popupsys%20elemei/main.txt HTTP/1.1" 200 342 "http://www.mkk.zpok.hu/" "Mozilla/5.0 (Windows NT 6.2; WOW64) AppleWebKit/537.36 (KHTML, like Gecko) Chrome/50.0.2661.94 Safari/537.36"
84.0.76.159 - - [12/May/2016:14:06:10 +0200] "GET /hirek.xml HTTP/1.1" 200 50849 "http://www.mkk.zpok.hu/" "Mozilla/5.0 (Windows NT 6.2; WOW64) AppleWebKit/537.36 (KHTML, like Gecko) Chrome/50.0.2661.94 Safari/537.36"
40.77.167.72 - - [12/May/2016:14:07:38 +0200] "GET /hirlevel/rajzpalyazateredmeny_201411.pdf HTTP/1.1" 200 151552 "-" "Mozilla/5.0 (iPhone; CPU iPhone OS 7_0 like Mac OS X) AppleWebKit/537.51.1 (KHTML, like Gecko) Version/7.0 Mobile/11A465 Safari/9537.53 (compatible; bingbot/2.0; +http://www.bing.com/bingbot.htm)"
207.46.13.38 - - [12/May/2016:14:18:25 +0200] "GET /hirlevel/MAV_102vonal_prezi201504.pdf HTTP/1.1" 200 1579816 "-" "Mozilla/5.0 (iPhone; CPU iPhone OS 7_0 like Mac OS X) AppleWebKit/537.51.1 (KHTML, like Gecko) Version/7.0 Mobile/11A465 Safari/9537.53 (compatible; bingbot/2.0; +http://www.bing.com/bingbot.htm)"
52.3.127.144 - - [12/May/2016:14:22:45 +0200] "GET /robots.txt HTTP/1.1" 404 1181 "-" "ltx71 - (http://ltx71.com/)"
80.98.255.151 - - [12/May/2016:14:31:09 +0200] "GET /images/vasutterkep_n.jpg HTTP/1.1" 200 4702972 "https://www.google.hu/" "Mozilla/5.0 (Windows NT 6.1; WOW64) AppleWebKit/537.36 (KHTML, like Gecko) Chrome/50.0.2661.94 Safari/537.36"
84.206.48.251 - - [12/May/2016:14:31:21 +0200] "GET /images/vasutterkep_n.jpg HTTP/1.1" 200 4702972 "http://www.bing.com/images/search?q=magyarorsz%c3%a1g+t%c3%a9rk%c3%a9p&view=detailv2&&id=4C31BCB55C338584EC5A74EFE71E347D4E7DE174&selectedIndex=10&ccid=xjI92eHo&simid=608025588945653269&thid=OIP.Mc6323dd9e1e89b94f1f3c2a1da2e04ebo0&mode=overlay" "Mozilla/5.0 (Windows NT 6.1; Trident/7.0; rv:11.0) like Gecko"
85.25.210.234 - - [12/May/2016:14:32:03 +0200] "GET /hirlevel/vonattal1503.html HTTP/1.1" 200 21721 "-" "Mozilla/5.0 (compatible; seoscanners.net/1; +spider@seoscanners.net)"
46.107.57.50 - - [12/May/2016:14:42:28 +0200] "GET /images/vasutterkep_n.jpg HTTP/1.1" 200 4702972 "-" "Mozilla/5.0 (Windows NT 6.1; WOW64; Trident/7.0; rv:11.0) like Gecko/20100101 Firefox/12.0"
80.153.49.158 - - [12/May/2016:14:51:01 +0200] "GET /images/vasutterkep_n.jpg HTTP/1.1" 200 4702972 "http://images.google.de/url?sa=t&rct=j&q=&source=imgres&cd=91&ved=0ahUKEwjw-dnfydTMAhVCiiwKHZBfAs44WhDmEwgFMAA&url=http%3A%2F%2Fwww.mkk.zpok.hu%2Fimages%2Fvasutterkep_n.jpg&usg=AFQjCNEhBmPw_vZ_AHrS9T7QkW8O8tIWeA" "Mozilla/5.0 (Windows NT 6.1; WOW64; Trident/7.0; tb-gmx/2.6.6; rv:11.0) like Gecko"
80.153.49.158 - - [12/May/2016:14:51:01 +0200] "GET /favicon.ico HTTP/1.1" 404 1181 "-" "Mozilla/5.0 (Windows NT 6.1; Win64; x64; Trident/7.0; tb-gmx/2.6.6; rv:11.0) like Gecko"
80.98.255.151 - - [12/May/2016:14:53:04 +0200] "GET /favicon.ico HTTP/1.1" 404 1181 "http://www.mkk.zpok.hu/images/vasutterkep_n.jpg" "Mozilla/5.0 (Windows NT 6.1; WOW64) AppleWebKit/537.36 (KHTML, like Gecko) Chrome/50.0.2661.94 Safari/537.36"
185.27.60.36 - - [12/May/2016:15:04:44 +0200] "GET /images/vasutterkep_n.jpg HTTP/1.1" 200 1662400 "https://www.google.hu/" "Mozilla/5.0 (Windows NT 5.1) AppleWebKit/537.36 (KHTML, like Gecko) Chrome/49.0.2623.112 Safari/537.36"
40.77.167.72 - - [12/May/2016:15:06:25 +0200] "GET /doc/b2_2012_03.pdf HTTP/1.1" 200 1080459 "-" "Mozilla/5.0 (iPhone; CPU iPhone OS 7_0 like Mac OS X) AppleWebKit/537.51.1 (KHTML, like Gecko) Version/7.0 Mobile/11A465 Safari/9537.53 (compatible; bingbot/2.0; +http://www.bing.com/bingbot.htm)"
66.249.66.52 - - [12/May/2016:15:11:05 +0200] "GET /doc/T&E_aprilis2009.pdf HTTP/1.1" 200 63207 "-" "Mozilla/5.0 (compatible; Googlebot/2.1; +http://www.google.com/bot.html)"
85.66.77.203 - - [12/May/2016:15:14:24 +0200] "GET /images/vasutterkep_n.jpg HTTP/1.1" 200 4702972 "https://www.google.hu/" "Mozilla/5.0 (iPad; CPU OS 9_1 like Mac OS X) AppleWebKit/601.1.46 (KHTML, like Gecko) Version/9.0 Mobile/13B143 Safari/601.1"
195.199.52.126 - - [12/May/2016:15:14:36 +0200] "GET /images/vasutterkep_n.jpg HTTP/1.1" 200 4702972 "https://www.bing.com/" "Mozilla/5.0 (Windows NT 10.0) AppleWebKit/537.36 (KHTML, like Gecko) Chrome/46.0.2486.0 Safari/537.36 Edge/13.10586"
176.193.105.171 - - [12/May/2016:15:23:26 +0200] "GET /hirlevel/images/1206_6.jpg HTTP/1.1" 200 181989 "http://tourhongrie.blog.hu/" "Mozilla/5.0 (Windows NT 6.1; WOW64) AppleWebKit/537.36 (KHTML, like Gecko) Chrome/28.0.1500.95 YaBrowser/13.10.1500.9323 Safari/537.36"
123.125.67.209 - - [12/May/2016:15:48:43 +0200] "GET /robots.txt HTTP/1.1" 404 1181 "-" "Mozilla/5.0 (compatible; Baiduspider/2.0; +http://www.baidu.com/search/spider.html)"
66.249.66.120 - - [12/May/2016:15:49:18 +0200] "GET /robots.txt HTTP/1.1" 404 1181 "-" "Mozilla/5.0 (compatible; Googlebot/2.1; +http://www.google.com/bot.html)"
66.249.66.118 - - [12/May/2016:15:49:18 +0200] "GET / HTTP/1.1" 200 1178 "-" "Mozilla/5.0 (Linux; Android 6.0.1; Nexus 5X Build/MMB29P) AppleWebKit/537.36 (KHTML, like Gecko) Chrome/41.0.2272.96 Mobile Safari/537.36 (compatible; Googlebot/2.1; +http://www.google.com/bot.html)"
123.125.71.112 - - [12/May/2016:15:49:59 +0200] "GET /doc/ideigl_vedettseg.pdf HTTP/1.1" 200 864830 "-" "Mozilla/5.0 (compatible; Baiduspider/2.0; +http://www.baidu.com/search/spider.html)"
202.180.34.186 - - [12/May/2016:15:57:56 +0200] "GET /robots.txt HTTP/1.1" 404 1181 "-" "ICC-Crawler/2.0 (Mozilla-compatible; ; http://www.nict.go.jp/en/univ-com/plan/crawl.html)"
52.3.105.23 - - [12/May/2016:16:06:24 +0200] "GET /robots.txt HTTP/1.1" 404 1181 "-" "ltx71 - (http://ltx71.com/)"
52.3.105.23 - - [12/May/2016:16:07:44 +0200] "GET /images/vasutterkep_n.jpg HTTP/1.1" 200 34404 "-" "ltx71 - (http://ltx71.com/)"
52.3.105.23 - - [12/May/2016:16:09:09 +0200] "GET /images/vasutterkep_n.jpg HTTP/1.1" 200 219748 "-" "ltx71 - (http://ltx71.com/)"
85.25.210.234 - - [12/May/2016:16:09:29 +0200] "GET /robots.txt HTTP/1.1" 404 1181 "-" "Mozilla/5.0 (compatible; seoscanners.net/1; +spider@seoscanners.net)"
85.25.210.234 - - [12/May/2016:16:09:32 +0200] "GET /doc/varos-videk_2009.pdf HTTP/1.1" 200 1636386 "-" "Mozilla/5.0 (compatible; seoscanners.net/1; +spider@seoscanners.net)"
157.55.39.188 - - [12/May/2016:16:30:27 +0200] "GET /doc/vasutbezarasok_200710.pdf HTTP/1.1" 200 73986 "-" "Mozilla/5.0 (iPhone; CPU iPhone OS 7_0 like Mac OS X) AppleWebKit/537.51.1 (KHTML, like Gecko) Version/7.0 Mobile/11A465 Safari/9537.53 (compatible; bingbot/2.0; +http://www.bing.com/bingbot.htm)"
91.83.175.48 - - [12/May/2016:16:42:36 +0200] "GET /hirlevel/images/1009_terkep_n.jpg HTTP/1.1" 200 598267 "https://www.google.hu" "Mozilla/5.0 (Windows NT 6.1; rv:46.0) Gecko/20100101 Firefox/46.0"
