176.112.184.117 - - [23/May/2016:13:20:30 +0200] "GET /hirlevel/images/1009_terkep_n.jpg HTTP/1.1" 200 598267 "https://www.google.hu" "Mozilla/5.0 (Windows NT 6.3; WOW64; rv:46.0) Gecko/20100101 Firefox/46.0"
207.46.13.47 - - [23/May/2016:13:22:16 +0200] "GET /doc/38vasutvonal.pdf HTTP/1.1" 200 48616 "-" "Mozilla/5.0 (iPhone; CPU iPhone OS 7_0 like Mac OS X) AppleWebKit/537.51.1 (KHTML, like Gecko) Version/7.0 Mobile/11A465 Safari/9537.53 (compatible; bingbot/2.0; +http://www.bing.com/bingbot.htm)"
185.27.106.120 - - [23/May/2016:13:41:06 +0200] "GET /images/vasutterkep_n.jpg HTTP/1.1" 200 4702972 "http://www.keyword-suggestions.com/bWFneWFyb3JzemFnIGF1dG9zIHRlcmtlcA/" "Mozilla/5.0 (Windows NT 5.1; rv:29.0) Gecko/20100101 Firefox/29.0"
62.245.237.139 - - [23/May/2016:13:43:22 +0200] "GET /images/vasutterkep_n.jpg HTTP/1.1" 200 4702972 "https://www.bing.com" "Mozilla/5.0 (Windows NT 6.1; WOW64; rv:38.0) Gecko/20100101 Firefox/38.0"
62.245.237.139 - - [23/May/2016:13:43:46 +0200] "GET /images/vasutterkep_n.jpg HTTP/1.1" 200 4702972 "https://www.bing.com" "Mozilla/5.0 (Windows NT 6.1; WOW64; rv:38.0) Gecko/20100101 Firefox/38.0"
62.245.237.139 - - [23/May/2016:13:43:46 +0200] "GET /favicon.ico HTTP/1.1" 404 1181 "-" "Mozilla/5.0 (Windows NT 6.1; WOW64; rv:38.0) Gecko/20100101 Firefox/38.0"
62.245.237.139 - - [23/May/2016:13:43:47 +0200] "GET /favicon.ico HTTP/1.1" 404 1181 "-" "Mozilla/5.0 (Windows NT 6.1; WOW64; rv:38.0) Gecko/20100101 Firefox/38.0"
109.74.48.13 - - [23/May/2016:13:45:25 +0200] "GET /images/vasutterkep_n.jpg HTTP/1.1" 200 4153344 "https://www.google.hu/" "Mozilla/5.0 (Windows NT 6.1; WOW64) AppleWebKit/537.36 (KHTML, like Gecko) Chrome/50.0.2661.102 Safari/537.36"
66.249.75.89 - - [23/May/2016:13:47:14 +0200] "GET /doc/feketebalog.pdf HTTP/1.1" 200 36866 "-" "SAMSUNG-SGH-E250/1.0 Profile/MIDP-2.0 Configuration/CLDC-1.1 UP.Browser/6.2.3.3.c.1.101 (GUI) MMP/2.0 (compatible; Googlebot-Mobile/2.1; +http://www.google.com/bot.html)"
176.198.206.222 - - [23/May/2016:13:55:31 +0200] "GET /images/vasutterkep_n.jpg HTTP/1.1" 200 4702972 "http://images.google.de/url?sa=t&rct=j&q=&source=imgres&cd=107&ved=0ahUKEwj1qOPtkfDMAhVuSZoKHUZMDsc4ahDmEwgFMAA&url=http%3A%2F%2Fwww.mkk.zpok.hu%2Fimages%2Fvasutterkep_n.jpg&usg=AFQjCNEhBmPw_vZ_AHrS9T7QkW8O8tIWeA&sig2=CljBKTdrnsm1mOrhLutepg" "Mozilla/5.0 (Windows NT 6.1; WOW64; Trident/7.0; rv:11.0) like Gecko"
176.198.206.222 - - [23/May/2016:13:55:31 +0200] "GET /favicon.ico HTTP/1.1" 404 1181 "-" "Mozilla/5.0 (Windows NT 6.1; Win64; x64; Trident/7.0; rv:11.0) like Gecko"
195.228.14.239 - - [23/May/2016:13:58:34 +0200] "GET /images/vasutterkep_n.jpg HTTP/1.1" 200 4702972 "https://www.google.hu/" "Mozilla/5.0 (Windows NT 6.1; WOW64) AppleWebKit/537.36 (KHTML, like Gecko) Chrome/50.0.2661.102 Safari/537.36"
176.198.206.222 - - [23/May/2016:14:00:16 +0200] "GET /favicon.ico HTTP/1.1" 404 1181 "-" "Mozilla/5.0 (Windows NT 6.1; Win64; x64; Trident/7.0; rv:11.0) like Gecko"
68.180.230.218 - - [23/May/2016:14:00:42 +0200] "GET /robots.txt HTTP/1.1" 404 1181 "-" "Mozilla/5.0 (compatible; Yahoo! Slurp; http://help.yahoo.com/help/us/ysearch/slurp)"
68.180.230.218 - - [23/May/2016:14:00:42 +0200] "GET /doc/hu_aps_positivbeispiele_aufl2_070622_klein.pdf HTTP/1.1" 304 - "-" "Mozilla/5.0 (compatible; Yahoo! Slurp; http://help.yahoo.com/help/us/ysearch/slurp)"
84.3.162.111 - - [23/May/2016:14:02:01 +0200] "GET /images/vasutterkep_n.jpg HTTP/1.1" 200 4702972 "https://www.google.hu" "Mozilla/5.0 (Windows NT 6.3; WOW64; rv:44.0) Gecko/20100101 Firefox/44.0"
195.199.94.246 - - [23/May/2016:14:14:49 +0200] "GET /hirlevel/images/1304_c.jpg HTTP/1.1" 200 30319 "https://www.google.hu" "Mozilla/5.0 (Windows NT 5.1; rv:46.0) Gecko/20100101 Firefox/46.0"
40.77.167.20 - - [23/May/2016:14:29:51 +0200] "GET /m3.html HTTP/1.1" 404 1181 "-" "Mozilla/5.0 (compatible; bingbot/2.0; +http://www.bing.com/bingbot.htm)"
157.55.39.101 - - [23/May/2016:14:32:02 +0200] "GET /doc/b2_terkep_200902_2.pdf HTTP/1.1" 404 1181 "-" "Mozilla/5.0 (compatible; bingbot/2.0; +http://www.bing.com/bingbot.htm)"
68.180.230.219 - - [23/May/2016:14:35:08 +0200] "GET /doc/kaposvar_0812.pdf HTTP/1.1" 200 316585 "-" "Mozilla/5.0 (compatible; Yahoo! Slurp; http://help.yahoo.com/help/us/ysearch/slurp)"
81.94.244.196 - - [23/May/2016:14:36:21 +0200] "GET /images/vasutterkep_n.jpg HTTP/1.1" 200 3196504 "https://www.google.hu/" "Mozilla/5.0 (Windows NT 10.0; Win64; x64) AppleWebKit/537.36 (KHTML, like Gecko) Chrome/46.0.2486.0 Safari/537.36 Edge/13.10586"
195.199.105.94 - - [23/May/2016:14:39:36 +0200] "GET /images/vasutterkep_n.jpg HTTP/1.1" 200 4702972 "https://www.bing.com/" "Mozilla/5.0 (Windows NT 10.0; Win64; x64) AppleWebKit/537.36 (KHTML, like Gecko) Chrome/46.0.2486.0 Safari/537.36 Edge/13.10586"
157.55.39.101 - - [23/May/2016:14:44:30 +0200] "GET /hirlevel/TiszaTaviVonalak.pdf HTTP/1.1" 200 566060 "-" "Mozilla/5.0 (iPhone; CPU iPhone OS 7_0 like Mac OS X) AppleWebKit/537.51.1 (KHTML, like Gecko) Version/7.0 Mobile/11A465 Safari/9537.53 (compatible; bingbot/2.0; +http://www.bing.com/bingbot.htm)"
81.183.204.33 - - [23/May/2016:14:54:40 +0200] "GET /hirlevel/DSC_3371.JPG HTTP/1.1" 200 48654 "https://www.google.hu/" "Mozilla/5.0 (Windows NT 6.1) AppleWebKit/537.36 (KHTML, like Gecko) Chrome/50.0.2661.102 Safari/537.36"
5.204.2.238 - - [23/May/2016:14:58:53 +0200] "GET /images/vasutterkep_n.jpg HTTP/1.1" 200 4702972 "-" "Mozilla/5.0 (Windows NT 6.1; WOW64; Trident/7.0; rv:11.0) like Gecko"
195.228.96.92 - - [23/May/2016:15:01:43 +0200] "GET /images/vasutterkep_n.jpg HTTP/1.1" 200 4702972 "-" "Mozilla/5.0 (Windows NT 10.0; WOW64; Trident/7.0; rv:11.0) like Gecko"
84.206.8.18 - - [23/May/2016:15:04:58 +0200] "GET /images/vasutterkep_n.jpg HTTP/1.1" 200 4702972 "https://www.google.hu" "Mozilla/5.0 (Windows NT 6.1; rv:46.0) Gecko/20100101 Firefox/46.0"
207.46.13.181 - - [23/May/2016:15:06:51 +0200] "GET /doc/ots_uj_0812.pdf HTTP/1.1" 304 - "-" "Mozilla/5.0 (compatible; bingbot/2.0; +http://www.bing.com/bingbot.htm)"
80.98.189.68 - - [23/May/2016:15:08:13 +0200] "GET /images/vasutterkep_n.jpg HTTP/1.1" 200 4702972 "https://www.google.hu/" "Mozilla/5.0 (Windows NT 10.0; WOW64) AppleWebKit/537.36 (KHTML, like Gecko) Chrome/50.0.2661.102 Safari/537.36"
52.3.105.23 - - [23/May/2016:15:10:21 +0200] "GET /robots.txt HTTP/1.1" 404 1181 "-" "ltx71 - (http://ltx71.com/)"
85.25.210.234 - - [23/May/2016:15:16:29 +0200] "GET /robots.txt HTTP/1.1" 404 1181 "-" "Mozilla/5.0 (compatible; seoscanners.net/1; +spider@seoscanners.net)"
85.25.210.234 - - [23/May/2016:15:16:30 +0200] "GET /doc/b2_2010.pdf HTTP/1.1" 404 1181 "-" "Mozilla/5.0 (compatible; seoscanners.net/1; +spider@seoscanners.net)"
40.77.167.20 - - [23/May/2016:15:25:38 +0200] "GET /doc/varos-videk_2009.pdf HTTP/1.1" 304 - "-" "Mozilla/5.0 (compatible; bingbot/2.0; +http://www.bing.com/bingbot.htm)"
207.46.13.181 - - [23/May/2016:15:35:41 +0200] "GET /doc/mkk_plakat_rgb.pdf HTTP/1.1" 200 406491 "-" "Mozilla/5.0 (compatible; bingbot/2.0; +http://www.bing.com/bingbot.htm)"
89.135.1.196 - - [23/May/2016:15:37:03 +0200] "GET /images/vasutterkep_n.jpg HTTP/1.1" 200 659537 "-" "Mozilla/5.0 (Windows NT 5.1) AppleWebKit/537.36 (KHTML, like Gecko) Chrome/49.0.2623.112 Safari/537.36"
207.46.13.47 - - [23/May/2016:15:37:33 +0200] "GET /hirlevel/emlekezteto_hevesvezekeny_201504.pdf HTTP/1.1" 200 192146 "-" "Mozilla/5.0 (compatible; bingbot/2.0; +http://www.bing.com/bingbot.htm)"
207.46.13.181 - - [23/May/2016:15:39:38 +0200] "GET /doc/HaryMarkCikke.pdf HTTP/1.1" 200 397874 "-" "Mozilla/5.0 (iPhone; CPU iPhone OS 7_0 like Mac OS X) AppleWebKit/537.51.1 (KHTML, like Gecko) Version/7.0 Mobile/11A465 Safari/9537.53 (compatible; bingbot/2.0; +http://www.bing.com/bingbot.htm)"
89.134.103.158 - - [23/May/2016:15:48:26 +0200] "GET /hirlevel/images/1101_a.jpg HTTP/1.1" 200 59963 "https://www.google.hu/" "Mozilla/5.0 (Windows NT 10.0; WOW64) AppleWebKit/537.36 (KHTML, like Gecko) Chrome/50.0.2661.102 Safari/537.36"
37.76.127.119 - - [23/May/2016:16:05:54 +0200] "GET / HTTP/1.1" 200 1178 "-" "Mozilla/5.0 (Linux; Android 4.2.2; GT-S7275R Build/JDQ39) AppleWebKit/537.36 (KHTML, like Gecko) Chrome/50.0.2661.89 Mobile Safari/537.36"
37.76.127.119 - - [23/May/2016:16:05:55 +0200] "GET /favicon.ico HTTP/1.1" 404 1181 "http://mkk.zpok.hu/" "Mozilla/5.0 (Linux; Android 4.2.2; GT-S7275R Build/JDQ39) AppleWebKit/537.36 (KHTML, like Gecko) Chrome/50.0.2661.89 Mobile Safari/537.36"
37.76.127.119 - - [23/May/2016:16:06:21 +0200] "GET /index HTTP/1.1" 200 1178 "-" "Mozilla/5.0 (Linux; Android 4.2.2; GT-S7275R Build/JDQ39) AppleWebKit/537.36 (KHTML, like Gecko) Chrome/50.0.2661.89 Mobile Safari/537.36"
37.76.127.119 - - [23/May/2016:16:06:33 +0200] "GET /index.html HTTP/1.1" 200 1178 "-" "Mozilla/5.0 (Linux; Android 4.2.2; GT-S7275R Build/JDQ39) AppleWebKit/537.36 (KHTML, like Gecko) Chrome/50.0.2661.89 Mobile Safari/537.36"
87.97.76.189 - - [23/May/2016:16:09:03 +0200] "GET / HTTP/1.1" 200 1178 "-" "Mozilla/5.0 (Windows NT 6.1; WOW64; Trident/7.0; rv:11.0) like Gecko"
87.97.76.189 - - [23/May/2016:16:09:04 +0200] "GET /favicon.ico HTTP/1.1" 404 1181 "-" "Mozilla/5.0 (Windows NT 6.1; WOW64; Trident/7.0; rv:11.0) like Gecko"
176.63.2.219 - - [23/May/2016:16:09:07 +0200] "GET /hirlevel/images/1410_c.jpg HTTP/1.1" 200 19462 "https://www.bing.com/" "Mozilla/5.0 (Windows NT 10.0; Win64; x64) AppleWebKit/537.36 (KHTML, like Gecko) Chrome/46.0.2486.0 Safari/537.36 Edge/13.10586"
87.97.76.189 - - [23/May/2016:16:09:18 +0200] "GET /favicon.ico HTTP/1.1" 404 1181 "-" "Mozilla/5.0 (Windows NT 6.1; WOW64; Trident/7.0; rv:11.0) like Gecko"
87.97.76.189 - - [23/May/2016:16:09:25 +0200] "GET / HTTP/1.1" 304 - "-" "Mozilla/5.0 (Windows NT 6.1; WOW64) AppleWebKit/537.36 (KHTML, like Gecko) Chrome/50.0.2661.102 Safari/537.36"
87.97.76.189 - - [23/May/2016:16:09:28 +0200] "GET /index.swf HTTP/1.1" 304 - "http://mkk.zpok.hu/" "Mozilla/5.0 (Windows NT 6.1; WOW64) AppleWebKit/537.36 (KHTML, like Gecko) Chrome/50.0.2661.102 Safari/537.36"
87.97.76.189 - - [23/May/2016:16:09:28 +0200] "GET /favicon.ico HTTP/1.1" 404 1181 "http://mkk.zpok.hu/" "Mozilla/5.0 (Windows NT 6.1; WOW64) AppleWebKit/537.36 (KHTML, like Gecko) Chrome/50.0.2661.102 Safari/537.36"
87.97.76.189 - - [23/May/2016:16:09:32 +0200] "GET /popupsys%20elemei/main.txt HTTP/1.1" 304 - "http://mkk.zpok.hu/" "Mozilla/5.0 (Windows NT 6.1; WOW64) AppleWebKit/537.36 (KHTML, like Gecko) Chrome/50.0.2661.102 Safari/537.36"
87.97.76.189 - - [23/May/2016:16:09:32 +0200] "GET /hirek.xml HTTP/1.1" 200 51587 "http://mkk.zpok.hu/" "Mozilla/5.0 (Windows NT 6.1; WOW64) AppleWebKit/537.36 (KHTML, like Gecko) Chrome/50.0.2661.102 Safari/537.36"
87.97.76.189 - - [23/May/2016:16:09:48 +0200] "GET / HTTP/1.1" 304 - "-" "Mozilla/5.0 (Windows NT 6.1; WOW64) AppleWebKit/537.36 (KHTML, like Gecko) Chrome/50.0.2661.102 Safari/537.36"
31.46.75.6 - - [23/May/2016:16:10:16 +0200] "GET /hirlevel/images/1009_terkep_n.jpg HTTP/1.1" 200 598267 "https://www.google.hu/" "Mozilla/5.0 (Windows NT 10.0) AppleWebKit/537.36 (KHTML, like Gecko) Chrome/50.0.2661.102 Safari/537.36"
66.249.69.134 - - [23/May/2016:16:16:49 +0200] "GET /robots.txt HTTP/1.1" 404 1181 "-" "Mozilla/5.0 (compatible; Googlebot/2.1; +http://www.google.com/bot.html)"
66.249.69.146 - - [23/May/2016:16:16:50 +0200] "GET /doc/meszaros_peter.ppt HTTP/1.1" 200 75776 "-" "DoCoMo/2.0 N905i(c100;TB;W24H16) (compatible; Googlebot-Mobile/2.1; +http://www.google.com/bot.html)"
68.180.230.219 - - [23/May/2016:16:22:30 +0200] "GET /doc/nctazaro.pdf HTTP/1.1" 404 1181 "-" "Mozilla/5.0 (compatible; Yahoo! Slurp; http://help.yahoo.com/help/us/ysearch/slurp)"
84.236.39.43 - - [23/May/2016:16:48:20 +0200] "GET /images/vasutterkep_n.jpg HTTP/1.1" 200 4702972 "https://www.google.hu/" "Mozilla/5.0 (Windows NT 10.0; Win64; x64) AppleWebKit/537.36 (KHTML, like Gecko) Chrome/46.0.2486.0 Safari/537.36 Edge/13.10586"
66.249.75.89 - - [23/May/2016:17:03:37 +0200] "GET /robots.txt HTTP/1.1" 404 1181 "-" "Mozilla/5.0 (compatible; Googlebot/2.1; +http://www.google.com/bot.html)"
66.249.75.96 - - [23/May/2016:17:03:38 +0200] "GET /hirlevel/vonattal1105-6.htm HTTP/1.1" 200 24904 "-" "Mozilla/5.0 (Linux; Android 6.0.1; Nexus 5X Build/MMB29P) AppleWebKit/537.36 (KHTML, like Gecko) Chrome/41.0.2272.96 Mobile Safari/537.36 (compatible; Googlebot/2.1; +http://www.google.com/bot.html)"
77.111.90.197 - - [23/May/2016:17:08:13 +0200] "GET / HTTP/1.1" 200 1178 "-" "Mozilla/5.0 (Windows NT 6.1; WOW64) AppleWebKit/537.36 (KHTML, like Gecko) Chrome/46.0.2490.71 Safari/537.36"
77.111.90.197 - - [23/May/2016:17:08:13 +0200] "GET / HTTP/1.0" 200 1178 "-" "-"
62.138.0.25 - - [23/May/2016:17:12:39 +0200] "GET /robots.txt HTTP/1.1" 404 1181 "-" "Mozilla/5.0 (compatible; seoscanners.net/1; +spider@seoscanners.net)"
62.138.0.25 - - [23/May/2016:17:12:39 +0200] "GET /doc/konf_0807.pdf HTTP/1.1" 200 67897 "-" "Mozilla/5.0 (compatible; seoscanners.net/1; +spider@seoscanners.net)"
85.160.5.210 - - [23/May/2016:17:14:58 +0200] "GET /images/vasutterkep_n.jpg HTTP/1.1" 200 4702972 "https://www.google.cz/" "Mozilla/5.0 (Windows NT 5.1) AppleWebKit/537.36 (KHTML, like Gecko) Chrome/49.0.2623.112 Safari/537.36"
52.3.105.23 - - [23/May/2016:17:15:46 +0200] "GET /robots.txt HTTP/1.1" 404 1181 "-" "ltx71 - (http://ltx71.com/)"
207.46.13.47 - - [23/May/2016:17:17:19 +0200] "GET /hirlevel/images/demnet_1.jpg HTTP/1.1" 200 11355 "-" "Mozilla/5.0 (compatible; bingbot/2.0; +http://www.bing.com/bingbot.htm)"
207.46.13.181 - - [23/May/2016:17:17:31 +0200] "GET /hirlevel/images/1009_b.jpg.JPG HTTP/1.1" 200 119823 "-" "Mozilla/5.0 (compatible; bingbot/2.0; +http://www.bing.com/bingbot.htm)"
40.77.167.20 - - [23/May/2016:17:18:19 +0200] "GET /hirlevel/images/1311a.jpg HTTP/1.1" 200 99711 "-" "Mozilla/5.0 (compatible; bingbot/2.0; +http://www.bing.com/bingbot.htm)"
207.46.13.47 - - [23/May/2016:17:18:33 +0200] "GET /hirlevel/images/1007a.jpg HTTP/1.1" 200 77240 "-" "Mozilla/5.0 (compatible; bingbot/2.0; +http://www.bing.com/bingbot.htm)"
40.77.167.20 - - [23/May/2016:17:24:48 +0200] "GET /hirlevel/images/autonomia_1.jpg HTTP/1.1" 200 11433 "-" "Mozilla/5.0 (compatible; bingbot/2.0; +http://www.bing.com/bingbot.htm)"
157.55.39.101 - - [23/May/2016:17:26:29 +0200] "GET /hirlevel/images/1512_b.jpg HTTP/1.1" 200 129334 "-" "Mozilla/5.0 (compatible; bingbot/2.0; +http://www.bing.com/bingbot.htm)"
157.55.39.101 - - [23/May/2016:17:29:31 +0200] "GET /hirlevel/images/1410_e.jpg HTTP/1.1" 200 58143 "-" "Mozilla/5.0 (compatible; bingbot/2.0; +http://www.bing.com/bingbot.htm)"
207.46.13.47 - - [23/May/2016:17:29:37 +0200] "GET /hirlevel/images/Okotars_fekvo_szines.jpg HTTP/1.1" 200 98627 "-" "Mozilla/5.0 (compatible; bingbot/2.0; +http://www.bing.com/bingbot.htm)"
207.46.13.47 - - [23/May/2016:17:30:08 +0200] "GET /hirlevel/20140222_HA_VAS_Paripa.pdf HTTP/1.1" 200 513132 "-" "Mozilla/5.0 (compatible; bingbot/2.0; +http://www.bing.com/bingbot.htm)"
207.46.13.47 - - [23/May/2016:17:35:17 +0200] "GET /hirlevel/images/1109b.jpg HTTP/1.1" 200 139587 "-" "Mozilla/5.0 (compatible; bingbot/2.0; +http://www.bing.com/bingbot.htm)"
40.77.167.20 - - [23/May/2016:17:35:23 +0200] "GET /doc/1371_2007_utasjogi_rendelet.pdf HTTP/1.1" 304 - "-" "Mozilla/5.0 (compatible; bingbot/2.0; +http://www.bing.com/bingbot.htm)"
40.77.167.20 - - [23/May/2016:17:36:18 +0200] "GET /hirlevel/images/1410_a.jpg HTTP/1.1" 200 42627 "-" "Mozilla/5.0 (compatible; bingbot/2.0; +http://www.bing.com/bingbot.htm)"
207.46.13.47 - - [23/May/2016:17:36:45 +0200] "GET /hirlevel/images/zajta_201012_k.jpg HTTP/1.1" 200 59016 "-" "Mozilla/5.0 (compatible; bingbot/2.0; +http://www.bing.com/bingbot.htm)"
157.55.39.101 - - [23/May/2016:17:36:56 +0200] "GET /hirlevel/images/1209_b.jpg HTTP/1.1" 200 81017 "-" "Mozilla/5.0 (compatible; bingbot/2.0; +http://www.bing.com/bingbot.htm)"
80.99.135.109 - - [23/May/2016:17:37:02 +0200] "GET /hirlevel/images/1410_e.jpg HTTP/1.1" 200 58143 "https://www.google.hu" "Mozilla/5.0 (Windows NT 6.1; WOW64; rv:46.0) Gecko/20100101 Firefox/46.0"
207.46.13.47 - - [23/May/2016:17:37:32 +0200] "GET /hirlevel/images/1208_pesa.png HTTP/1.1" 200 101881 "-" "Mozilla/5.0 (compatible; bingbot/2.0; +http://www.bing.com/bingbot.htm)"
5.187.185.79 - - [23/May/2016:17:39:26 +0200] "GET /images/vasutterkep_n.jpg HTTP/1.1" 200 4702972 "https://www.google.hu/" "Mozilla/5.0 (Linux; Android 5.1.1; SM-G361F Build/LMY48B; wv) AppleWebKit/537.36 (KHTML, like Gecko) Version/4.0 Chrome/50.0.2661.86 Mobile Safari/537.36 GSA/5.12.35.21.arm"
40.77.167.20 - - [23/May/2016:17:41:03 +0200] "GET / HTTP/1.1" 200 1178 "-" "Mozilla/5.0 (compatible; bingbot/2.0; +http://www.bing.com/bingbot.htm)"
207.46.13.181 - - [23/May/2016:17:42:29 +0200] "GET /hirlevel/images/1410_u.jpg HTTP/1.1" 200 248000 "-" "Mozilla/5.0 (compatible; bingbot/2.0; +http://www.bing.com/bingbot.htm)"
94.21.171.164 - - [23/May/2016:17:43:46 +0200] "GET /images/vasutterkep_n.jpg HTTP/1.1" 200 4702972 "-" "Mozilla/5.0 (Windows NT 5.1; rv:46.0) Gecko/20100101 Firefox/46.0"
157.55.39.101 - - [23/May/2016:17:43:57 +0200] "GET /hirlevel/images/1107_d.jpg HTTP/1.1" 200 89472 "-" "Mozilla/5.0 (compatible; bingbot/2.0; +http://www.bing.com/bingbot.htm)"
40.77.167.20 - - [23/May/2016:17:44:20 +0200] "GET /robots.txt HTTP/1.1" 404 1181 "-" "Mozilla/5.0 (compatible; bingbot/2.0; +http://www.bing.com/bingbot.htm)"
40.77.167.20 - - [23/May/2016:17:44:29 +0200] "GET /hirlevel/images/201411_a.png HTTP/1.1" 200 1667169 "-" "Mozilla/5.0 (compatible; bingbot/2.0; +http://www.bing.com/bingbot.htm)"
207.46.13.181 - - [23/May/2016:17:44:42 +0200] "GET /hirlevel/images/0809b.jpg HTTP/1.1" 200 24375 "-" "Mozilla/5.0 (compatible; bingbot/2.0; +http://www.bing.com/bingbot.htm)"
66.249.69.146 - - [23/May/2016:17:59:05 +0200] "GET / HTTP/1.1" 304 - "-" "Mozilla/5.0 (compatible; Googlebot/2.1; +http://www.google.com/bot.html)"
202.180.34.186 - - [23/May/2016:18:06:13 +0200] "GET /robots.txt HTTP/1.1" 404 1181 "-" "ICC-Crawler/2.0 (Mozilla-compatible; ; http://www.nict.go.jp/en/univ-com/plan/crawl.html)"
202.180.34.186 - - [23/May/2016:18:07:04 +0200] "GET /doc/b2_2010.pdf HTTP/1.1" 404 1181 "-" "ICC-Crawler/2.0 (Mozilla-compatible; ; http://www.nict.go.jp/en/univ-com/plan/crawl.html)"
158.180.192.10 - - [23/May/2016:18:08:04 +0200] "GET /hirlevel/images/0912a.jpg HTTP/1.1" 200 39999 "-" "Mozilla/5.0 (Windows NT 6.1; WOW64; Trident/7.0; rv:11.0) like Gecko"
62.138.0.25 - - [23/May/2016:18:12:02 +0200] "GET /robots.txt HTTP/1.1" 404 1181 "-" "Mozilla/5.0 (compatible; seoscanners.net/1; +spider@seoscanners.net)"
62.138.0.25 - - [23/May/2016:18:12:03 +0200] "GET /hirlevel/automentesnap-gyula_201410.pdf HTTP/1.1" 200 36349 "-" "Mozilla/5.0 (compatible; seoscanners.net/1; +spider@seoscanners.net)"
68.180.230.219 - - [23/May/2016:18:20:32 +0200] "GET /hirlevel/vonattal1501.html HTTP/1.1" 200 25759 "-" "Mozilla/5.0 (compatible; Yahoo! Slurp; http://help.yahoo.com/help/us/ysearch/slurp)"
207.46.13.47 - - [23/May/2016:18:33:23 +0200] "GET /doc/legyel_te_is_buszke_kerekparos.pdf HTTP/1.1" 304 - "-" "Mozilla/5.0 (compatible; bingbot/2.0; +http://www.bing.com/bingbot.htm)"
66.249.75.89 - - [23/May/2016:18:53:26 +0200] "GET /hirlevel/kedvezo_menetrendek_2015-2016.pdf HTTP/1.1" 200 150007 "-" "Mozilla/5.0 (Linux; Android 6.0.1; Nexus 5X Build/MMB29P) AppleWebKit/537.36 (KHTML, like Gecko) Chrome/41.0.2272.96 Mobile Safari/537.36 (compatible; Googlebot/2.1; +http://www.google.com/bot.html)"
157.55.39.101 - - [23/May/2016:18:54:55 +0200] "GET /doc/elovarosi_201301.pdf HTTP/1.1" 304 - "-" "Mozilla/5.0 (compatible; bingbot/2.0; +http://www.bing.com/bingbot.htm)"
176.63.27.231 - - [23/May/2016:18:57:10 +0200] "GET /images/vasutterkep_n.jpg HTTP/1.1" 200 4702972 "https://www.google.hu/" "Mozilla/5.0 (Windows NT 5.1) AppleWebKit/537.36 (KHTML, like Gecko) Chrome/49.0.2623.112 Safari/537.36"
62.138.0.25 - - [23/May/2016:19:00:33 +0200] "GET /robots.txt HTTP/1.1" 404 1181 "-" "Mozilla/5.0 (compatible; seoscanners.net/1; +spider@seoscanners.net)"
62.138.0.25 - - [23/May/2016:19:00:34 +0200] "GET /hirlevel/vonattal1304.html HTTP/1.1" 200 53937 "-" "Mozilla/5.0 (compatible; seoscanners.net/1; +spider@seoscanners.net)"
62.138.0.25 - - [23/May/2016:19:01:23 +0200] "GET /robots.txt HTTP/1.1" 404 1181 "-" "Mozilla/5.0 (compatible; seoscanners.net/1; +spider@seoscanners.net)"
62.138.0.25 - - [23/May/2016:19:01:23 +0200] "GET /hirlevel/majdan_janos_a_kozlekedes_tortenete_nagy_laszlo.pdf HTTP/1.1" 200 77184 "-" "Mozilla/5.0 (compatible; seoscanners.net/1; +spider@seoscanners.net)"
152.66.234.98 - - [23/May/2016:19:08:25 +0200] "GET /images/vasutterkep_n.jpg HTTP/1.1" 200 4702972 "http://www.terkepkalauz.hu/index.php?option=com_content&task=view&id=396" "Mozilla/5.0 (Windows NT 10.0; WOW64) AppleWebKit/537.36 (KHTML, like Gecko) Chrome/50.0.2661.102 Safari/537.36"
152.66.234.98 - - [23/May/2016:19:08:25 +0200] "GET /favicon.ico HTTP/1.1" 404 1181 "http://www.mkk.zpok.hu/images/vasutterkep_n.jpg" "Mozilla/5.0 (Windows NT 10.0; WOW64) AppleWebKit/537.36 (KHTML, like Gecko) Chrome/50.0.2661.102 Safari/537.36"
80.95.65.75 - - [23/May/2016:19:08:49 +0200] "GET /hirlevel/images/1009_terkep_n.jpg HTTP/1.1" 200 598267 "https://www.google.hu" "Mozilla/5.0 (Windows NT 10.0; WOW64; rv:46.0) Gecko/20100101 Firefox/46.0"
152.66.234.98 - - [23/May/2016:19:11:28 +0200] "GET /doc/vonatrafel_c.pdf HTTP/1.1" 200 705296 "http://www.terkepkalauz.hu/index.php?option=com_content&task=view&id=396" "Mozilla/5.0 (Windows NT 10.0; WOW64) AppleWebKit/537.36 (KHTML, like Gecko) Chrome/50.0.2661.102 Safari/537.36"
151.80.31.164 - - [23/May/2016:19:12:26 +0200] "GET /hirlevel/vonattal1107.htm HTTP/1.1" 200 26917 "-" "Mozilla/5.0 (compatible; AhrefsBot/5.1; +http://ahrefs.com/robot/)"
66.249.75.96 - - [23/May/2016:19:33:46 +0200] "GET /hirlevel/vonattal0912.htm HTTP/1.1" 200 55120 "-" "Mozilla/5.0 (Linux; Android 6.0.1; Nexus 5X Build/MMB29P) AppleWebKit/537.36 (KHTML, like Gecko) Chrome/41.0.2272.96 Mobile Safari/537.36 (compatible; Googlebot/2.1; +http://www.google.com/bot.html)"
207.46.13.181 - - [23/May/2016:19:36:33 +0200] "GET /doc/takaritonap_1009.pdf HTTP/1.1" 304 - "-" "Mozilla/5.0 (compatible; bingbot/2.0; +http://www.bing.com/bingbot.htm)"
176.63.17.244 - - [23/May/2016:19:39:17 +0200] "GET /images/vasutterkep_n.jpg HTTP/1.1" 200 4702972 "https://www.google.hu/" "Mozilla/5.0 (Windows NT 10.0; WOW64) AppleWebKit/537.36 (KHTML, like Gecko) Chrome/50.0.2661.102 Safari/537.36"
89.134.60.197 - - [23/May/2016:19:47:07 +0200] "GET /images/vasutterkep_n.jpg HTTP/1.1" 200 4702972 "https://www.google.hu/" "Mozilla/5.0 (Windows NT 10.0; WOW64) AppleWebKit/537.36 (KHTML, like Gecko) Chrome/50.0.2661.102 Safari/537.36"
178.48.226.94 - - [23/May/2016:19:53:26 +0200] "GET /images/vasutterkep_n.jpg HTTP/1.1" 200 4702972 "https://www.google.hu/" "Mozilla/5.0 (Windows NT 10.0; WOW64) AppleWebKit/537.36 (KHTML, like Gecko) Chrome/50.0.2661.94 Safari/537.36 OPR/37.0.2178.43"
62.18.249.117 - - [23/May/2016:20:41:20 +0200] "GET /images/vasutterkep_n.jpg HTTP/1.1" 200 230617 "https://www.google.it" "Mozilla/5.0 (Windows NT 6.3; WOW64; rv:39.0) Gecko/20100101 Firefox/39.0"
84.1.177.253 - - [23/May/2016:20:57:15 +0200] "GET /doc/legyel_te_is_buszke_kerekparos.pdf HTTP/1.1" 200 185843 "-" "Mozilla/5.0 (Linux; Android 5.0.2; SM-G530FZ Build/LRX22G) AppleWebKit/537.36 (KHTML, like Gecko) Chrome/50.0.2661.89 Mobile Safari/537.36"
84.1.177.253 - - [23/May/2016:20:57:31 +0200] "GET /doc/legyel_te_is_buszke_kerekparos.pdf HTTP/1.1" 200 185843 "-" "Mozilla/5.0 (Linux; Android 5.0.2; SM-G530FZ Build/LRX22G) AppleWebKit/537.36 (KHTML, like Gecko) Chrome/50.0.2661.89 Mobile Safari/537.36"
84.1.177.253 - - [23/May/2016:20:57:38 +0200] "GET /doc/legyel_te_is_buszke_kerekparos.pdf HTTP/1.1" 200 185843 "-" "Dalvik/2.1.0 (Linux; U; Android 5.0.2; SM-G530FZ Build/LRX22G)"
66.249.75.89 - - [23/May/2016:20:58:29 +0200] "GET /hirlevel/muzeumok_1306.pdf HTTP/1.1" 200 95751 "-" "Mozilla/5.0 (compatible; Googlebot/2.1; +http://www.google.com/bot.html)"
40.77.167.20 - - [23/May/2016:20:59:17 +0200] "GET /doc/Bajnai-mellekvonal091209.pdf HTTP/1.1" 304 - "-" "Mozilla/5.0 (compatible; bingbot/2.0; +http://www.bing.com/bingbot.htm)"
52.3.105.23 - - [23/May/2016:21:01:20 +0200] "GET /robots.txt HTTP/1.1" 404 1181 "-" "ltx71 - (http://ltx71.com/)"
52.3.105.23 - - [23/May/2016:21:02:04 +0200] "GET /hirlevel/emh-1.pdf HTTP/1.1" 200 193983 "-" "ltx71 - (http://ltx71.com/)"
40.77.167.20 - - [23/May/2016:21:03:47 +0200] "GET /doc/utasforum_jelentkezes_120524.doc HTTP/1.1" 304 - "-" "Mozilla/5.0 (compatible; bingbot/2.0; +http://www.bing.com/bingbot.htm)"
180.76.15.153 - - [23/May/2016:21:16:16 +0200] "GET /doc/ksz-ek_alakitasa_lehetosegek.ppt HTTP/1.1" 200 589824 "-" "Mozilla/5.0 (compatible; Baiduspider/2.0; +http://www.baidu.com/search/spider.html)"
80.98.23.22 - - [23/May/2016:21:16:27 +0200] "GET /images/vasutterkep_n.jpg HTTP/1.1" 200 4702972 "https://www.google.hu" "Mozilla/5.0 (Windows NT 6.3; WOW64; rv:46.0) Gecko/20100101 Firefox/46.0"
62.138.0.25 - - [23/May/2016:21:27:33 +0200] "GET /robots.txt HTTP/1.1" 404 1181 "-" "Mozilla/5.0 (compatible; seoscanners.net/1; +spider@seoscanners.net)"
62.138.0.25 - - [23/May/2016:21:27:38 +0200] "GET /hirlevel/fk_tartalomroviden.pdf HTTP/1.1" 200 554372 "-" "Mozilla/5.0 (compatible; seoscanners.net/1; +spider@seoscanners.net)"
86.101.151.55 - - [23/May/2016:21:29:07 +0200] "GET /images/vasutterkep_n.jpg HTTP/1.1" 200 4702972 "https://www.bing.com/" "Mozilla/5.0 (Windows NT 10.0; Win64; x64) AppleWebKit/537.36 (KHTML, like Gecko) Chrome/46.0.2486.0 Safari/537.36 Edge/13.10586"
130.193.51.56 - - [23/May/2016:21:48:36 +0200] "GET /robots.txt HTTP/1.1" 404 1181 "-" "Mozilla/5.0 (compatible; YandexBot/3.0; +http://yandex.com/bots)"
130.193.51.56 - - [23/May/2016:21:48:40 +0200] "GET /doc/feketebalog.jpg HTTP/1.1" 304 - "-" "Mozilla/5.0 (compatible; YandexImages/3.0; +http://yandex.com/bots)"
54.210.18.124 - - [23/May/2016:21:57:32 +0200] "GET /robots.txt HTTP/1.1" 404 1181 "https://jad.subarctic.org/status/mkk.zpok.hu" "awooo"
94.21.110.108 - - [23/May/2016:21:58:25 +0200] "GET / HTTP/1.1" 200 1178 "https://www.google.hu" "Mozilla/5.0 (Windows NT 6.1; WOW64; rv:46.0) Gecko/20100101 Firefox/46.0"
94.21.110.108 - - [23/May/2016:21:58:26 +0200] "GET /index.swf HTTP/1.1" 200 1451930 "http://www.mkk.zpok.hu/" "Mozilla/5.0 (Windows NT 6.1; WOW64; rv:46.0) Gecko/20100101 Firefox/46.0"
94.21.110.108 - - [23/May/2016:21:58:26 +0200] "GET /favicon.ico HTTP/1.1" 404 1181 "-" "Mozilla/5.0 (Windows NT 6.1; WOW64; rv:46.0) Gecko/20100101 Firefox/46.0"
94.21.110.108 - - [23/May/2016:21:58:26 +0200] "GET /favicon.ico HTTP/1.1" 404 1181 "-" "Mozilla/5.0 (Windows NT 6.1; WOW64; rv:46.0) Gecko/20100101 Firefox/46.0"
94.21.110.108 - - [23/May/2016:21:58:31 +0200] "GET /popupsys%20elemei/main.txt HTTP/1.1" 200 342 "http://www.mkk.zpok.hu/index.swf" "Mozilla/5.0 (Windows NT 6.1; WOW64; rv:46.0) Gecko/20100101 Firefox/46.0"
94.21.110.108 - - [23/May/2016:21:58:31 +0200] "GET /hirek.xml HTTP/1.1" 200 51587 "http://www.mkk.zpok.hu/index.swf" "Mozilla/5.0 (Windows NT 6.1; WOW64; rv:46.0) Gecko/20100101 Firefox/46.0"
91.195.157.110 - - [23/May/2016:22:18:08 +0200] "GET /hirlevel/images/1009_terkep_n.jpg HTTP/1.1" 200 460419 "https://www.google.com.ua/" "Mozilla/5.0 (Windows NT 6.1; WOW64) AppleWebKit/537.36 (KHTML, like Gecko) Chrome/50.0.2661.102 Safari/537.36"
207.46.13.47 - - [23/May/2016:22:20:00 +0200] "GET /doc/vandorbottal_a_vasparipaert_1010.pdf HTTP/1.1" 304 - "-" "Mozilla/5.0 (compatible; bingbot/2.0; +http://www.bing.com/bingbot.htm)"
157.55.39.101 - - [23/May/2016:22:22:34 +0200] "GET /doc/plakat_veszprem_1010.pdf HTTP/1.1" 304 - "-" "Mozilla/5.0 (compatible; bingbot/2.0; +http://www.bing.com/bingbot.htm)"
178.2.166.201 - - [23/May/2016:22:24:46 +0200] "GET /images/vasutterkep_n.jpg HTTP/1.1" 200 4702972 "http://www.bing.com/images/search?q=magyarorsz%c3%a1g&view=detailv2&&id=5F014F0B1431DDBB37F719603019AFA80F08924F&selectedIndex=17&ccid=QnsF7wqH&simid=608029329883531725&thid=OIP.M427b05ef0a8795c9423b1327a26523b0o0&mode=overlay" "Mozilla/5.0 (Windows NT 6.3; Win64; x64; Trident/7.0; tb-webde/2.6.6; rv:11.0) like Gecko"
207.46.13.181 - - [23/May/2016:22:26:48 +0200] "GET /doc/ot_szekcio_jelentkezesi_lap.doc HTTP/1.1" 304 - "-" "Mozilla/5.0 (compatible; bingbot/2.0; +http://www.bing.com/bingbot.htm)"
84.2.166.11 - - [23/May/2016:22:34:51 +0200] "GET /hirlevel/images/1409g.png HTTP/1.1" 200 229166 "https://www.google.hu" "Mozilla/5.0 (Windows NT 5.1; rv:46.0) Gecko/20100101 Firefox/46.0"
207.46.13.181 - - [23/May/2016:22:42:25 +0200] "GET /doc/OT_HM.pdf HTTP/1.1" 200 1439316 "-" "Mozilla/5.0 (iPhone; CPU iPhone OS 7_0 like Mac OS X) AppleWebKit/537.51.1 (KHTML, like Gecko) Version/7.0 Mobile/11A465 Safari/9537.53 (compatible; bingbot/2.0; +http://www.bing.com/bingbot.htm)"
24.185.6.91 - - [23/May/2016:22:45:25 +0200] "GET /images/vasutterkep_n.jpg HTTP/1.1" 200 4702972 "https://www.bing.com" "Mozilla/5.0 (Windows NT 10.0; WOW64; rv:46.0) Gecko/20100101 Firefox/46.0"
157.55.39.101 - - [23/May/2016:22:47:47 +0200] "GET /doc/utasforum_120524_tersegek.pdf HTTP/1.1" 304 - "-" "Mozilla/5.0 (compatible; bingbot/2.0; +http://www.bing.com/bingbot.htm)"
207.46.13.181 - - [23/May/2016:23:38:41 +0200] "GET /doc/mkk_ot_szekcio_201304.ppt HTTP/1.1" 304 - "-" "Mozilla/5.0 (compatible; bingbot/2.0; +http://www.bing.com/bingbot.htm)"
66.249.75.82 - - [23/May/2016:23:43:32 +0200] "GET /hirlevel/images/1410_a.jpg HTTP/1.1" 200 42627 "-" "Googlebot-Image/1.0"
107.23.150.0 - - [23/May/2016:23:48:52 +0200] "GET /robots.txt HTTP/1.1" 404 1181 "-" ""
107.23.150.0 - - [23/May/2016:23:48:54 +0200] "GET / HTTP/1.0" 200 1178 "-" "ltx71 - (http://ltx71.com/)"
40.77.167.20 - - [23/May/2016:23:57:36 +0200] "GET / HTTP/1.1" 200 1178 "-" "Mozilla/5.0 (compatible; bingbot/2.0; +http://www.bing.com/bingbot.htm)"
85.25.210.234 - - [24/May/2016:00:08:55 +0200] "GET /robots.txt HTTP/1.1" 404 1181 "-" "Mozilla/5.0 (compatible; seoscanners.net/1; +spider@seoscanners.net)"
85.25.210.234 - - [24/May/2016:00:08:55 +0200] "GET /doc/osszefoglalo_070622.pdf HTTP/1.1" 200 67689 "-" "Mozilla/5.0 (compatible; seoscanners.net/1; +spider@seoscanners.net)"
207.46.13.47 - - [24/May/2016:00:15:29 +0200] "GET /hirlevel/images/vonattal-zircrol.pdf HTTP/1.1" 200 279752 "-" "Mozilla/5.0 (compatible; bingbot/2.0; +http://www.bing.com/bingbot.htm)"
66.249.75.96 - - [24/May/2016:00:37:04 +0200] "GET /hirlevel/utasforummeghivo_1202.pdf HTTP/1.1" 200 260674 "-" "Mozilla/5.0 (Linux; Android 6.0.1; Nexus 5X Build/MMB29P) AppleWebKit/537.36 (KHTML, like Gecko) Chrome/41.0.2272.96 Mobile Safari/537.36 (compatible; Googlebot/2.1; +http://www.google.com/bot.html)"
97.74.195.43 - - [24/May/2016:00:57:56 +0200] "HEAD /doc/ocsi_bela_070622.ppt HTTP/1.1" 200 0 "-" "-"
207.46.13.47 - - [24/May/2016:01:14:48 +0200] "GET /doc/meghivo_kgy_1111.pdf HTTP/1.1" 304 - "-" "Mozilla/5.0 (compatible; bingbot/2.0; +http://www.bing.com/bingbot.htm)"
66.249.69.146 - - [24/May/2016:01:15:41 +0200] "GET /doc/mkk_allasfogl070622.pdf HTTP/1.1" 200 62326 "-" "Mozilla/5.0 (Linux; Android 6.0.1; Nexus 5X Build/MMB29P) AppleWebKit/537.36 (KHTML, like Gecko) Chrome/41.0.2272.96 Mobile Safari/537.36 (compatible; Googlebot/2.1; +http://www.google.com/bot.html)"
157.55.39.101 - - [24/May/2016:01:19:57 +0200] "GET /doc/tiszacsegeforum_20130823.pdf HTTP/1.1" 304 - "-" "Mozilla/5.0 (compatible; bingbot/2.0; +http://www.bing.com/bingbot.htm)"
66.249.75.96 - - [24/May/2016:01:28:33 +0200] "GET /doc/tisza-to_szoroanyag_2012.pdf HTTP/1.1" 200 890943 "-" "Mozilla/5.0 (compatible; Googlebot/2.1; +http://www.google.com/bot.html)"
157.55.39.101 - - [24/May/2016:01:51:33 +0200] "GET /doc/allomasok_kepes_osszefoglaloja.pdf HTTP/1.1" 304 - "-" "Mozilla/5.0 (compatible; bingbot/2.0; +http://www.bing.com/bingbot.htm)"
157.55.39.101 - - [24/May/2016:01:57:01 +0200] "GET /doc/fogadj_orokbe.doc HTTP/1.1" 304 - "-" "Mozilla/5.0 (compatible; bingbot/2.0; +http://www.bing.com/bingbot.htm)"
157.55.39.101 - - [24/May/2016:02:05:53 +0200] "GET /doc/szarvas_mobhet_1009.pdf HTTP/1.1" 304 - "-" "Mozilla/5.0 (compatible; bingbot/2.0; +http://www.bing.com/bingbot.htm)"
173.58.98.233 - - [24/May/2016:02:07:11 +0200] "GET /hirlevel/images/1009_terkep_n.jpg HTTP/1.1" 200 598267 "https://www.google.com/" "Mozilla/5.0 (iPhone; CPU iPhone OS 9_2_1 like Mac OS X) AppleWebKit/601.1.46 (KHTML, like Gecko) Version/9.0 Mobile/13D15 Safari/601.1"
5.9.44.13 - - [24/May/2016:02:29:38 +0200] "GET / HTTP/1.1" 200 1178 "-" "Mozilla/5.0 (Windows NT 6.3; WOW64) AppleWebKit/537.36 (KHTML, like Gecko) Chrome/43.0.2357.124 Safari/537.36"
66.249.69.146 - - [24/May/2016:02:29:48 +0200] "GET /doc/ksz-ek_alakitasa_lehetosegek.ppt HTTP/1.1" 200 3719680 "-" "Mozilla/5.0 (Linux; Android 6.0.1; Nexus 5X Build/MMB29P) AppleWebKit/537.36 (KHTML, like Gecko) Chrome/41.0.2272.96 Mobile Safari/537.36 (compatible; Googlebot/2.1; +http://www.google.com/bot.html)"
40.77.167.20 - - [24/May/2016:02:30:39 +0200] "GET /doc/fogadj_orokbe_egy_allomast.doc HTTP/1.1" 304 - "-" "Mozilla/5.0 (compatible; bingbot/2.0; +http://www.bing.com/bingbot.htm)"
93.158.152.25 - - [24/May/2016:02:39:34 +0200] "GET /hirlevel/images/karpatok.jpg HTTP/1.1" 200 11967 "-" "Mozilla/5.0 (compatible; YandexImages/3.0; +http://yandex.com/bots)"
40.77.167.20 - - [24/May/2016:02:46:17 +0200] "GET /doc/kisterenye_kalkapolna_menetrend.xls HTTP/1.1" 304 - "-" "Mozilla/5.0 (compatible; bingbot/2.0; +http://www.bing.com/bingbot.htm)"
85.25.210.234 - - [24/May/2016:02:46:55 +0200] "GET /robots.txt HTTP/1.1" 404 1181 "-" "Mozilla/5.0 (compatible; seoscanners.net/1; +spider@seoscanners.net)"
85.25.210.234 - - [24/May/2016:02:46:55 +0200] "GET /hirlevel/turizmus_gyula_201410.pdf HTTP/1.1" 200 24576 "-" "Mozilla/5.0 (compatible; seoscanners.net/1; +spider@seoscanners.net)"
52.3.105.23 - - [24/May/2016:02:51:11 +0200] "GET /robots.txt HTTP/1.1" 404 1181 "-" "ltx71 - (http://ltx71.com/)"
52.3.105.23 - - [24/May/2016:02:51:40 +0200] "GET /doc/T&E_junius2009.pdf HTTP/1.1" 200 68179 "-" "ltx71 - (http://ltx71.com/)"
180.76.15.149 - - [24/May/2016:03:01:37 +0200] "GET /doc/varos-videk_2009.pdf HTTP/1.1" 200 589824 "-" "Mozilla/5.0 (compatible; Baiduspider/2.0; +http://www.baidu.com/search/spider.html)"
62.138.0.25 - - [24/May/2016:03:15:54 +0200] "GET /robots.txt HTTP/1.1" 404 1181 "-" "Mozilla/5.0 (compatible; seoscanners.net/1; +spider@seoscanners.net)"
62.138.0.25 - - [24/May/2016:03:16:02 +0200] "GET /doc/legyel_te_is_buszke_kerekparos.pdf HTTP/1.1" 200 185843 "-" "Mozilla/5.0 (compatible; seoscanners.net/1; +spider@seoscanners.net)"
66.249.75.82 - - [24/May/2016:03:25:44 +0200] "GET /doc/eletet-a-vasutnak.pdf HTTP/1.1" 200 5085257 "-" "SAMSUNG-SGH-E250/1.0 Profile/MIDP-2.0 Configuration/CLDC-1.1 UP.Browser/6.2.3.3.c.1.101 (GUI) MMP/2.0 (compatible; Googlebot-Mobile/2.1; +http://www.google.com/bot.html)"
52.3.105.23 - - [24/May/2016:03:37:24 +0200] "GET /robots.txt HTTP/1.1" 404 1181 "-" "ltx71 - (http://ltx71.com/)"
52.3.105.23 - - [24/May/2016:03:44:25 +0200] "GET /robots.txt HTTP/1.1" 404 1181 "-" "ltx71 - (http://ltx71.com/)"
52.3.105.23 - - [24/May/2016:03:45:45 +0200] "GET /doc/ombudsman_0711.pdf HTTP/1.1" 200 39434 "-" "ltx71 - (http://ltx71.com/)"
89.40.181.115 - - [24/May/2016:03:54:56 +0200] "GET / HTTP/1.1" 200 1178 "-" "Mozilla/4.0 (compatible; MSIE 5.0; Windows NT; DigExt; DTS Agent"
203.217.250.11 - - [24/May/2016:03:55:15 +0200] "GET / HTTP/1.1" 200 1178 "-" "Mozilla/5.0 (Linux; U; Android 2.2; en-gb; GT-P1000 Build/FROYO) AppleWebKit/533.1 (KHTML, like Gecko) Version/4.0 Mobile Safari/533.1"
157.55.39.101 - - [24/May/2016:04:01:19 +0200] "GET /doc/utasforum_201203.pdf HTTP/1.1" 304 - "-" "Mozilla/5.0 (compatible; bingbot/2.0; +http://www.bing.com/bingbot.htm)"
40.77.167.20 - - [24/May/2016:04:09:42 +0200] "GET /doc/meghivo_kgy_201405523.pdf HTTP/1.1" 304 - "-" "Mozilla/5.0 (compatible; bingbot/2.0; +http://www.bing.com/bingbot.htm)"
66.249.69.146 - - [24/May/2016:04:54:44 +0200] "GET /robots.txt HTTP/1.1" 404 1181 "-" "Mozilla/5.0 (compatible; Googlebot/2.1; +http://www.google.com/bot.html)"
66.249.69.134 - - [24/May/2016:04:54:44 +0200] "GET / HTTP/1.1" 200 1178 "-" "Mozilla/5.0 (Linux; Android 6.0.1; Nexus 5X Build/MMB29P) AppleWebKit/537.36 (KHTML, like Gecko) Chrome/41.0.2272.96 Mobile Safari/537.36 (compatible; Googlebot/2.1; +http://www.google.com/bot.html)"
66.249.69.140 - - [24/May/2016:05:01:38 +0200] "GET /doc/vonattalmellekvonalakon.pdf HTTP/1.1" 404 1181 "-" "Mozilla/5.0 (compatible; Googlebot/2.1; +http://www.google.com/bot.html)"
68.180.230.219 - - [24/May/2016:05:22:01 +0200] "GET /robots.txt HTTP/1.1" 404 1181 "-" "Mozilla/5.0 (compatible; Yahoo! Slurp; http://help.yahoo.com/help/us/ysearch/slurp)"
68.180.230.219 - - [24/May/2016:05:22:01 +0200] "GET /doc/honig-ceges.pdf HTTP/1.1" 304 - "-" "Mozilla/5.0 (compatible; Yahoo! Slurp; http://help.yahoo.com/help/us/ysearch/slurp)"
85.25.210.234 - - [24/May/2016:05:24:31 +0200] "GET /robots.txt HTTP/1.1" 404 1181 "-" "Mozilla/5.0 (compatible; seoscanners.net/1; +spider@seoscanners.net)"
85.25.210.234 - - [24/May/2016:05:24:32 +0200] "GET /doc/memorandum_0807.pdf HTTP/1.1" 200 48899 "-" "Mozilla/5.0 (compatible; seoscanners.net/1; +spider@seoscanners.net)"
178.255.215.87 - - [24/May/2016:05:31:08 +0200] "GET /robots.txt HTTP/1.1" 404 1181 "-" "Mozilla/5.0 (compatible; Exabot/3.0; +http://www.exabot.com/go/robot)"
178.255.215.87 - - [24/May/2016:05:31:08 +0200] "GET / HTTP/1.1" 304 - "-" "Mozilla/5.0 (compatible; Exabot/3.0; +http://www.exabot.com/go/robot)"
157.55.39.101 - - [24/May/2016:06:19:56 +0200] "GET /doc/vonatrafel_c.pdf HTTP/1.1" 200 705296 "-" "Mozilla/5.0 (iPhone; CPU iPhone OS 7_0 like Mac OS X) AppleWebKit/537.51.1 (KHTML, like Gecko) Version/7.0 Mobile/11A465 Safari/9537.53 (compatible; bingbot/2.0; +http://www.bing.com/bingbot.htm)"
207.46.13.181 - - [24/May/2016:06:22:17 +0200] "GET /doc/tiszato0707.pdf HTTP/1.1" 200 64543 "-" "Mozilla/5.0 (iPhone; CPU iPhone OS 7_0 like Mac OS X) AppleWebKit/537.51.1 (KHTML, like Gecko) Version/7.0 Mobile/11A465 Safari/9537.53 (compatible; bingbot/2.0; +http://www.bing.com/bingbot.htm)"
62.138.0.25 - - [24/May/2016:06:22:20 +0200] "GET /robots.txt HTTP/1.1" 404 1181 "-" "Mozilla/5.0 (compatible; seoscanners.net/1; +spider@seoscanners.net)"
62.138.0.25 - - [24/May/2016:06:22:31 +0200] "GET /doc/hu_aps_positivbeispiele_aufl2_070622_klein.pdf HTTP/1.1" 200 2887217 "-" "Mozilla/5.0 (compatible; seoscanners.net/1; +spider@seoscanners.net)"
209.36.33.194 - - [24/May/2016:06:27:31 +0200] "GET /images/vasutterkep_n.jpg HTTP/1.1" 200 180657 "https://www.google.com/" "Mozilla/5.0 (Windows NT 6.3; WOW64) AppleWebKit/537.36 (KHTML, like Gecko) Chrome/50.0.2661.102 Safari/537.36"
40.77.167.20 - - [24/May/2016:06:53:41 +0200] "GET /doc/szarnyvonalak_0911.pdf HTTP/1.1" 304 - "-" "Mozilla/5.0 (compatible; bingbot/2.0; +http://www.bing.com/bingbot.htm)"
157.55.39.101 - - [24/May/2016:07:05:02 +0200] "GET /hirlevel/vonattal1207.htm HTTP/1.1" 200 57936 "-" "Mozilla/5.0 (compatible; bingbot/2.0; +http://www.bing.com/bingbot.htm)"
40.77.167.20 - - [24/May/2016:07:05:16 +0200] "GET /hirlevel/images/vonattal.swf HTTP/1.1" 200 697 "-" "Mozilla/5.0 (compatible; bingbot/2.0; +http://www.bing.com/bingbot.htm)"
207.46.13.181 - - [24/May/2016:07:12:46 +0200] "GET /doc/vonatritkitaslevel_20120228.pdf HTTP/1.1" 304 - "-" "Mozilla/5.0 (compatible; bingbot/2.0; +http://www.bing.com/bingbot.htm)"
195.199.239.54 - - [24/May/2016:07:21:57 +0200] "GET /hirlevel/images/1208_pesa.png HTTP/1.1" 200 101881 "https://www.google.hu" "Mozilla/5.0 (Windows NT 6.3; WOW64; rv:46.0) Gecko/20100101 Firefox/46.0"
207.46.13.47 - - [24/May/2016:07:21:58 +0200] "GET /hirlevel/102-es_vonal.pdf HTTP/1.1" 200 223259 "-" "Mozilla/5.0 (iPhone; CPU iPhone OS 7_0 like Mac OS X) AppleWebKit/537.51.1 (KHTML, like Gecko) Version/7.0 Mobile/11A465 Safari/9537.53 (compatible; bingbot/2.0; +http://www.bing.com/bingbot.htm)"
195.199.239.54 - - [24/May/2016:07:22:05 +0200] "GET /hirlevel/images/1208_pesa.png HTTP/1.1" 200 101881 "-" "Mozilla/4.0 (compatible; MSIE 7.0; Windows NT 6.2; Win64; x64; Trident/7.0; .NET4.0E; .NET4.0C; .NET CLR 3.5.30729; .NET CLR 2.0.50727; .NET CLR 3.0.30729; InfoPath.3; GWX:QUALIFIED; ms-office; MSOffice 15)"
173.252.90.229 - - [24/May/2016:07:39:14 +0200] "GET /images/vasutterkep_n.jpg HTTP/1.1" 200 4702972 "-" "facebookexternalhit/1.1 (+http://www.facebook.com/externalhit_uatext.php)"
207.46.13.181 - - [24/May/2016:07:42:40 +0200] "GET /robots.txt HTTP/1.1" 404 1181 "-" "Mozilla/5.0 (compatible; bingbot/2.0; +http://www.bing.com/bingbot.htm)"
207.46.13.181 - - [24/May/2016:07:47:39 +0200] "GET /robots.txt HTTP/1.1" 404 1181 "-" "Mozilla/5.0 (compatible; bingbot/2.0; +http://www.bing.com/bingbot.htm)"
52.3.105.23 - - [24/May/2016:07:48:23 +0200] "GET /robots.txt HTTP/1.1" 404 1181 "-" "ltx71 - (http://ltx71.com/)"
89.132.165.123 - - [24/May/2016:07:54:14 +0200] "GET /hirlevel/images/1009_terkep_n.jpg HTTP/1.1" 200 598267 "https://www.google.hu/" "Mozilla/5.0 (Windows NT 10.0; WOW64) AppleWebKit/537.36 (KHTML, like Gecko) Chrome/50.0.2661.102 Safari/537.36"
207.46.13.181 - - [24/May/2016:08:25:10 +0200] "GET /hirlevel/vonattal1503.html HTTP/1.1" 200 21721 "-" "Mozilla/5.0 (compatible; bingbot/2.0; +http://www.bing.com/bingbot.htm)"
89.132.165.123 - - [24/May/2016:08:29:11 +0200] "GET /images/vasutterkep_n.jpg HTTP/1.1" 200 4702972 "https://www.google.hu/" "Mozilla/5.0 (Windows NT 10.0; WOW64) AppleWebKit/537.36 (KHTML, like Gecko) Chrome/50.0.2661.102 Safari/537.36"
85.25.210.234 - - [24/May/2016:08:32:38 +0200] "GET /robots.txt HTTP/1.1" 404 1181 "-" "Mozilla/5.0 (compatible; seoscanners.net/1; +spider@seoscanners.net)"
85.25.210.234 - - [24/May/2016:08:32:38 +0200] "GET /hirlevel/images/1602e.jpg HTTP/1.1" 200 216049 "-" "Mozilla/5.0 (compatible; seoscanners.net/1; +spider@seoscanners.net)"
85.25.210.234 - - [24/May/2016:08:34:21 +0200] "GET /robots.txt HTTP/1.1" 404 1181 "-" "Mozilla/5.0 (compatible; seoscanners.net/1; +spider@seoscanners.net)"
85.25.210.234 - - [24/May/2016:08:34:23 +0200] "GET /hirlevel/images/1410_c.jpg HTTP/1.1" 200 19462 "-" "Mozilla/5.0 (compatible; seoscanners.net/1; +spider@seoscanners.net)"
66.249.75.96 - - [24/May/2016:08:43:28 +0200] "GET /robots.txt HTTP/1.1" 404 1181 "-" "Mozilla/5.0 (compatible; Googlebot/2.1; +http://www.google.com/bot.html)"
66.249.75.96 - - [24/May/2016:08:43:29 +0200] "GET /doc/MeghivoKgy20160527.pdf HTTP/1.1" 200 388540 "-" "Googlebot/2.1 (+http://www.google.com/bot.html)"
85.25.210.234 - - [24/May/2016:08:53:00 +0200] "GET /robots.txt HTTP/1.1" 404 1181 "-" "Mozilla/5.0 (compatible; seoscanners.net/1; +spider@seoscanners.net)"
85.25.210.234 - - [24/May/2016:08:53:01 +0200] "GET /doc/vonatrafel_c.pdf HTTP/1.1" 200 705296 "-" "Mozilla/5.0 (compatible; seoscanners.net/1; +spider@seoscanners.net)"
195.56.68.11 - - [24/May/2016:08:55:45 +0200] "GET /images/vasutterkep_n.jpg HTTP/1.1" 200 4702972 "-" "Mozilla/5.0 (Windows NT 6.1; rv:19.0) Gecko/20100101 Firefox/19.0"
213.163.41.166 - - [24/May/2016:08:59:16 +0200] "GET /images/vasutterkep_n.jpg HTTP/1.0" 200 4702972 "https://www.google.hu/" "Mozilla/5.0 (Windows NT 6.1) AppleWebKit/537.36 (KHTML, like Gecko) Chrome/50.0.2661.75 Safari/537.36"
207.46.13.181 - - [24/May/2016:09:06:09 +0200] "GET /robots.txt HTTP/1.1" 404 1181 "-" "Mozilla/5.0 (compatible; bingbot/2.0; +http://www.bing.com/bingbot.htm)"
40.77.167.20 - - [24/May/2016:09:13:32 +0200] "GET /hirlevel/vonattal1505.html HTTP/1.1" 200 31133 "-" "Mozilla/5.0 (compatible; bingbot/2.0; +http://www.bing.com/bingbot.htm)"
40.77.167.20 - - [24/May/2016:09:13:32 +0200] "GET /hirlevel/vonattal1003.htm HTTP/1.1" 200 28228 "-" "Mozilla/5.0 (compatible; bingbot/2.0; +http://www.bing.com/bingbot.htm)"
40.77.167.20 - - [24/May/2016:09:13:33 +0200] "GET /hirlevel/vonattal1009.htm HTTP/1.1" 200 40861 "-" "Mozilla/5.0 (compatible; bingbot/2.0; +http://www.bing.com/bingbot.htm)"
40.77.167.20 - - [24/May/2016:09:13:33 +0200] "GET /hirlevel/vonattal1309.html HTTP/1.1" 200 41258 "-" "Mozilla/5.0 (compatible; bingbot/2.0; +http://www.bing.com/bingbot.htm)"
40.77.167.20 - - [24/May/2016:09:13:33 +0200] "GET / HTTP/1.1" 200 1178 "-" "Mozilla/5.0 (compatible; bingbot/2.0; +http://www.bing.com/bingbot.htm)"
40.77.167.20 - - [24/May/2016:09:13:33 +0200] "GET /hirlevel/vonattal1012.htm HTTP/1.1" 200 40274 "-" "Mozilla/5.0 (compatible; bingbot/2.0; +http://www.bing.com/bingbot.htm)"
40.77.167.20 - - [24/May/2016:09:13:34 +0200] "GET /hirlevel/vonattal1306.html HTTP/1.1" 200 50271 "-" "Mozilla/5.0 (compatible; bingbot/2.0; +http://www.bing.com/bingbot.htm)"
40.77.167.20 - - [24/May/2016:09:13:34 +0200] "GET /hirlevel/vonattal1209.htm HTTP/1.1" 200 45089 "-" "Mozilla/5.0 (compatible; bingbot/2.0; +http://www.bing.com/bingbot.htm)"
40.77.167.20 - - [24/May/2016:09:13:34 +0200] "GET /hirlevel/vonattal1408.html HTTP/1.1" 200 22601 "-" "Mozilla/5.0 (compatible; bingbot/2.0; +http://www.bing.com/bingbot.htm)"
157.55.39.101 - - [24/May/2016:09:13:44 +0200] "GET /hirlevel/vonattal1402.html HTTP/1.1" 200 54994 "-" "Mozilla/5.0 (compatible; bingbot/2.0; +http://www.bing.com/bingbot.htm)"
157.55.39.101 - - [24/May/2016:09:13:44 +0200] "GET /hirlevel/vonattal1101-02.htm HTTP/1.1" 200 29113 "-" "Mozilla/5.0 (compatible; bingbot/2.0; +http://www.bing.com/bingbot.htm)"
157.55.39.101 - - [24/May/2016:09:13:45 +0200] "GET /hirlevel/vonattal1010.htm HTTP/1.1" 200 41354 "-" "Mozilla/5.0 (compatible; bingbot/2.0; +http://www.bing.com/bingbot.htm)"
157.55.39.101 - - [24/May/2016:09:13:45 +0200] "GET /hirlevel/vonattal1007.htm HTTP/1.1" 200 27837 "-" "Mozilla/5.0 (compatible; bingbot/2.0; +http://www.bing.com/bingbot.htm)"
157.55.39.101 - - [24/May/2016:09:13:45 +0200] "GET /hirlevel/vonattal1304.html HTTP/1.1" 200 53937 "-" "Mozilla/5.0 (compatible; bingbot/2.0; +http://www.bing.com/bingbot.htm)"
157.55.39.101 - - [24/May/2016:09:13:46 +0200] "GET /hirlevel/vonattal1010_1.htm HTTP/1.1" 200 29761 "-" "Mozilla/5.0 (compatible; bingbot/2.0; +http://www.bing.com/bingbot.htm)"
157.55.39.101 - - [24/May/2016:09:13:46 +0200] "GET /hirlevel/vonattal1108.htm HTTP/1.1" 200 26684 "-" "Mozilla/5.0 (compatible; bingbot/2.0; +http://www.bing.com/bingbot.htm)"
157.55.39.101 - - [24/May/2016:09:13:46 +0200] "GET /hirlevel/vonattal0903.htm HTTP/1.1" 200 32511 "-" "Mozilla/5.0 (compatible; bingbot/2.0; +http://www.bing.com/bingbot.htm)"
157.55.39.101 - - [24/May/2016:09:13:46 +0200] "GET /hirlevel/vonattal1207.htm HTTP/1.1" 200 57936 "-" "Mozilla/5.0 (compatible; bingbot/2.0; +http://www.bing.com/bingbot.htm)"
157.55.39.101 - - [24/May/2016:09:13:47 +0200] "GET /hirlevel/vonattal1105-6.html HTTP/1.1" 200 24904 "-" "Mozilla/5.0 (compatible; bingbot/2.0; +http://www.bing.com/bingbot.htm)"
207.46.13.47 - - [24/May/2016:09:14:02 +0200] "GET /hirlevel/vonattal1501.html HTTP/1.1" 200 25759 "-" "Mozilla/5.0 (compatible; bingbot/2.0; +http://www.bing.com/bingbot.htm)"
207.46.13.47 - - [24/May/2016:09:14:03 +0200] "GET /hirlevel/vonattal0908.htm HTTP/1.1" 200 17434 "-" "Mozilla/5.0 (compatible; bingbot/2.0; +http://www.bing.com/bingbot.htm)"
207.46.13.47 - - [24/May/2016:09:14:03 +0200] "GET /hirlevel/vonattal1112.htm HTTP/1.1" 200 21986 "-" "Mozilla/5.0 (compatible; bingbot/2.0; +http://www.bing.com/bingbot.htm)"
207.46.13.47 - - [24/May/2016:09:14:03 +0200] "GET /hirlevel/vonattal1109.htm HTTP/1.1" 200 47571 "-" "Mozilla/5.0 (compatible; bingbot/2.0; +http://www.bing.com/bingbot.htm)"
207.46.13.47 - - [24/May/2016:09:14:04 +0200] "GET /hirlevel/vonattal1311.html HTTP/1.1" 200 34365 "-" "Mozilla/5.0 (compatible; bingbot/2.0; +http://www.bing.com/bingbot.htm)"
207.46.13.47 - - [24/May/2016:09:14:04 +0200] "GET /hirlevel/vasuttal0806-7.htm HTTP/1.1" 200 20641 "-" "Mozilla/5.0 (compatible; bingbot/2.0; +http://www.bing.com/bingbot.htm)"
207.46.13.47 - - [24/May/2016:09:14:04 +0200] "GET /hirlevel/vonattal1103.htm HTTP/1.1" 200 36669 "-" "Mozilla/5.0 (compatible; bingbot/2.0; +http://www.bing.com/bingbot.htm)"
207.46.13.47 - - [24/May/2016:09:14:05 +0200] "GET /hirlevel/vonattal1206.htm HTTP/1.1" 200 47612 "-" "Mozilla/5.0 (compatible; bingbot/2.0; +http://www.bing.com/bingbot.htm)"
207.46.13.47 - - [24/May/2016:09:14:05 +0200] "GET /hirlevel/vonattal1410.html HTTP/1.1" 200 34691 "-" "Mozilla/5.0 (compatible; bingbot/2.0; +http://www.bing.com/bingbot.htm)"
62.138.0.25 - - [24/May/2016:09:14:37 +0200] "GET /robots.txt HTTP/1.1" 404 1181 "-" "Mozilla/5.0 (compatible; seoscanners.net/1; +spider@seoscanners.net)"
62.138.0.25 - - [24/May/2016:09:14:40 +0200] "GET /hirlevel/jardapalyazat_201410.pdf HTTP/1.1" 200 75354 "-" "Mozilla/5.0 (compatible; seoscanners.net/1; +spider@seoscanners.net)"
207.46.13.47 - - [24/May/2016:09:15:54 +0200] "GET /doc/mkk_mobhet_1009.pdf HTTP/1.1" 304 - "-" "Mozilla/5.0 (compatible; bingbot/2.0; +http://www.bing.com/bingbot.htm)"
62.138.0.25 - - [24/May/2016:09:17:46 +0200] "GET /robots.txt HTTP/1.1" 404 1181 "-" "Mozilla/5.0 (compatible; seoscanners.net/1; +spider@seoscanners.net)"
62.138.0.25 - - [24/May/2016:09:17:46 +0200] "GET /doc/allasf_091027.pdf HTTP/1.1" 404 1181 "-" "Mozilla/5.0 (compatible; seoscanners.net/1; +spider@seoscanners.net)"
79.121.32.204 - - [24/May/2016:09:31:11 +0200] "GET /images/vasutterkep_n.jpg HTTP/1.1" 200 4702972 "https://www.google.co.in" "Mozilla/5.0 (Windows NT 6.3; WOW64; rv:46.0) Gecko/20100101 Firefox/46.0"
217.110.38.74 - - [24/May/2016:09:32:41 +0200] "GET /images/vasutterkep_n.jpg HTTP/1.1" 200 4702972 "-" "Mozilla/5.0 (Windows NT 6.1; WOW64; Trident/7.0; rv:11.0) like Gecko"
217.110.38.74 - - [24/May/2016:09:32:52 +0200] "GET /images/vasutterkep_n.jpg HTTP/1.1" 200 4702972 "http://www.google.at/url?sa=i&rct=j&q=&esrc=s&source=images&cd=&ved=0ahUKEwi7q_f6mPLMAhWSyRoKHShGCisQjBwIBA&url=http%3A%2F%2Fwww.mkk.zpok.hu%2Fimages%2Fvasutterkep_n.jpg&bvm=bv.122676328,bs.1,d.ZGg&psig=AFQjCNH_L55QHf-qXF_4-von9RQHGtyjlw&ust=1464161529987750&cad=rjt" "Mozilla/5.0 (Windows NT 6.1; WOW64; Trident/7.0; rv:11.0) like Gecko"
