89.133.20.138 - - [01/May/2016:21:40:00 +0200] "GET /hirlevel/images/201501_a.jpg HTTP/1.1" 200 37199 "http://mkk.zpok.hu/hirlevel/vonattal1501.html" "Mozilla/5.0 (Windows NT 6.3; WOW64; Trident/7.0; rv:11.0) like Gecko"
89.133.20.138 - - [01/May/2016:21:40:00 +0200] "GET /hirlevel/images/201501_b.jpg HTTP/1.1" 200 29508 "http://mkk.zpok.hu/hirlevel/vonattal1501.html" "Mozilla/5.0 (Windows NT 6.3; WOW64; Trident/7.0; rv:11.0) like Gecko"
89.133.20.138 - - [01/May/2016:21:40:00 +0200] "GET /hirlevel/images/201501_c.jpg HTTP/1.1" 200 37209 "http://mkk.zpok.hu/hirlevel/vonattal1501.html" "Mozilla/5.0 (Windows NT 6.3; WOW64; Trident/7.0; rv:11.0) like Gecko"
89.133.20.138 - - [01/May/2016:21:40:00 +0200] "GET /hirlevel/images/201501_d.jpg HTTP/1.1" 200 99525 "http://mkk.zpok.hu/hirlevel/vonattal1501.html" "Mozilla/5.0 (Windows NT 6.3; WOW64; Trident/7.0; rv:11.0) like Gecko"
89.133.20.138 - - [01/May/2016:21:40:00 +0200] "HEAD /hirlevel/images/vonattal.swf HTTP/1.1" 200 0 "-" "Mozilla/5.0 (Windows NT 6.3; WOW64; Trident/7.0; rv:11.0) like Gecko"
89.133.20.138 - - [01/May/2016:21:40:01 +0200] "GET /hirlevel/images/vonattal.swf HTTP/1.1" 200 697 "http://mkk.zpok.hu/hirlevel/vonattal1501.html" "Mozilla/5.0 (Windows NT 6.3; WOW64; Trident/7.0; rv:11.0) like Gecko"
141.0.12.140 - - [01/May/2016:21:51:55 +0200] "GET /hirlevel/vonattal1107.htm HTTP/1.1" 200 26917 "https://www.google.hu/" "Mozilla/5.0 (Windows NT 6.1; WOW64) AppleWebKit/537.36 (KHTML, like Gecko) Chrome/49.0.2623.110 Safari/537.36 OPR/36.0.2130.65"
141.0.12.140 - - [01/May/2016:21:51:56 +0200] "GET /hirlevel/images/1107_b.jpg HTTP/1.1" 200 83593 "http://mkk.zpok.hu/hirlevel/vonattal1107.htm" "Mozilla/5.0 (Windows NT 6.1; WOW64) AppleWebKit/537.36 (KHTML, like Gecko) Chrome/49.0.2623.110 Safari/537.36 OPR/36.0.2130.65"
141.0.12.140 - - [01/May/2016:21:51:56 +0200] "GET /hirlevel/images/1107_d.jpg HTTP/1.1" 200 89472 "http://mkk.zpok.hu/hirlevel/vonattal1107.htm" "Mozilla/5.0 (Windows NT 6.1; WOW64) AppleWebKit/537.36 (KHTML, like Gecko) Chrome/49.0.2623.110 Safari/537.36 OPR/36.0.2130.65"
141.0.12.140 - - [01/May/2016:21:51:56 +0200] "GET /hirlevel/images/1107_c.jpg HTTP/1.1" 200 92382 "http://mkk.zpok.hu/hirlevel/vonattal1107.htm" "Mozilla/5.0 (Windows NT 6.1; WOW64) AppleWebKit/537.36 (KHTML, like Gecko) Chrome/49.0.2623.110 Safari/537.36 OPR/36.0.2130.65"
141.0.12.140 - - [01/May/2016:21:51:56 +0200] "GET /hirlevel/images/oka.jpg HTTP/1.1" 200 20942 "http://mkk.zpok.hu/hirlevel/vonattal1107.htm" "Mozilla/5.0 (Windows NT 6.1; WOW64) AppleWebKit/537.36 (KHTML, like Gecko) Chrome/49.0.2623.110 Safari/537.36 OPR/36.0.2130.65"
141.0.12.140 - - [01/May/2016:21:51:56 +0200] "GET /hirlevel/images/1107_e.jpg HTTP/1.1" 200 135338 "http://mkk.zpok.hu/hirlevel/vonattal1107.htm" "Mozilla/5.0 (Windows NT 6.1; WOW64) AppleWebKit/537.36 (KHTML, like Gecko) Chrome/49.0.2623.110 Safari/537.36 OPR/36.0.2130.65"
141.0.12.140 - - [01/May/2016:21:51:56 +0200] "GET /hirlevel/images/1107_a.jpg HTTP/1.1" 200 54628 "http://mkk.zpok.hu/hirlevel/vonattal1107.htm" "Mozilla/5.0 (Windows NT 6.1; WOW64) AppleWebKit/537.36 (KHTML, like Gecko) Chrome/49.0.2623.110 Safari/537.36 OPR/36.0.2130.65"
141.0.12.140 - - [01/May/2016:21:51:56 +0200] "GET /hirlevel/images/nca_logo_1.jpg HTTP/1.1" 200 189245 "http://mkk.zpok.hu/hirlevel/vonattal1107.htm" "Mozilla/5.0 (Windows NT 6.1; WOW64) AppleWebKit/537.36 (KHTML, like Gecko) Chrome/49.0.2623.110 Safari/537.36 OPR/36.0.2130.65"
141.0.12.140 - - [01/May/2016:21:51:57 +0200] "GET /favicon.ico HTTP/1.1" 404 1181 "http://mkk.zpok.hu/hirlevel/vonattal1107.htm" "Mozilla/5.0 (Windows NT 6.1; WOW64) AppleWebKit/537.36 (KHTML, like Gecko) Chrome/49.0.2623.110 Safari/537.36 OPR/36.0.2130.65"
86.101.222.181 - - [01/May/2016:21:53:33 +0200] "GET /hirlevel/images/1009_terkep_n.jpg HTTP/1.1" 200 598267 "https://www.google.hu/" "Mozilla/5.0 (Windows NT 6.1) AppleWebKit/537.36 (KHTML, like Gecko) Chrome/50.0.2661.94 Safari/537.36"
54.210.18.124 - - [01/May/2016:21:57:20 +0200] "GET /robots.txt HTTP/1.1" 404 1181 "https://jad.subarctic.org/status/mkk.zpok.hu" "awooo"
173.252.90.127 - - [01/May/2016:22:01:34 +0200] "GET /hirlevel/images/1602e.jpg HTTP/1.1" 200 216049 "-" "facebookexternalhit/1.1 (+http://www.facebook.com/externalhit_uatext.php)"
66.220.156.106 - - [01/May/2016:22:01:34 +0200] "GET /hirlevel/images/1602d.jpg HTTP/1.1" 200 393216 "-" "facebookexternalhit/1.1 (+http://www.facebook.com/externalhit_uatext.php)"
173.252.74.96 - - [01/May/2016:22:01:35 +0200] "GET /hirlevel/images/1602f.jpg HTTP/1.1" 200 209707 "-" "facebookexternalhit/1.1 (+http://www.facebook.com/externalhit_uatext.php)"
69.63.188.218 - - [01/May/2016:22:02:02 +0200] "GET /hirlevel/images/1601b.jpg HTTP/1.1" 200 104205 "-" "facebookexternalhit/1.1 (+http://www.facebook.com/externalhit_uatext.php)"
173.252.90.85 - - [01/May/2016:22:02:03 +0200] "GET /hirlevel/images/1601cc.jpg HTTP/1.1" 200 147632 "-" "facebookexternalhit/1.1 (+http://www.facebook.com/externalhit_uatext.php)"
180.76.15.140 - - [01/May/2016:22:06:19 +0200] "GET /doc/sikeres_varos.pdf HTTP/1.1" 200 622592 "-" "Mozilla/5.0 (compatible; Baiduspider/2.0; +http://www.baidu.com/search/spider.html)"
46.139.7.56 - - [01/May/2016:22:06:27 +0200] "GET /hirlevel/images/1103_f.jpg HTTP/1.1" 200 127211 "https://www.google.hu/" "Mozilla/5.0 (iPhone; CPU iPhone OS 7_1_2 like Mac OS X) AppleWebKit/537.51.2 (KHTML, like Gecko) Version/7.0 Mobile/11D257 Safari/9537.53"
40.77.167.81 - - [01/May/2016:22:13:36 +0200] "GET /hirlevel/plakat_ajandekjegy_megszuntetes.pdf HTTP/1.1" 304 - "-" "Mozilla/5.0 (compatible; bingbot/2.0; +http://www.bing.com/bingbot.htm)"
66.249.64.211 - - [01/May/2016:22:20:13 +0200] "GET /hirlevel/vonattal1103.htm HTTP/1.1" 304 - "-" "Mozilla/5.0 (compatible; Googlebot/2.1; +http://www.google.com/bot.html)"
194.160.126.162 - - [01/May/2016:22:23:48 +0200] "GET /doc/onkorm_nyil_0803.pdf HTTP/1.1" 200 43425 "-" "Mozilla/4.0 (compatible; DAWINCI ANTIPLAG SPIDER)"
66.249.64.216 - - [01/May/2016:22:32:54 +0200] "GET /hirlevel/images/avidekkozlekedeseert.swf HTTP/1.1" 200 5063 "-" "Mozilla/5.0 (Linux; Android 6.0.1; Nexus 5X Build/MMB29P) AppleWebKit/537.36 (KHTML, like Gecko) Chrome/41.0.2272.96 Mobile Safari/537.36 (compatible; Googlebot/2.1; +http://www.google.com/bot.html)"
31.183.113.165 - - [01/May/2016:22:35:58 +0200] "GET /images/vasutterkep_n.jpg HTTP/1.1" 200 4702972 "http://www.bing.com/images/search?q=aktualna+mapa+europy&view=detailv2&&id=28D00958BA6858D1A26AF7C66C1D2DD893D99322&selectedIndex=161&ccid=XrUxDeAi&simid=608047639286713166&thid=OIP.M5eb5310de02292810b704f78287a5e27o0&mode=overlay" "Mozilla/5.0 (Windows NT 6.1; WOW64; Trident/7.0; rv:11.0) like Gecko"
157.55.39.186 - - [01/May/2016:22:39:13 +0200] "GET /hirlevel/siofok_1109.doc HTTP/1.1" 200 821248 "-" "Mozilla/5.0 (compatible; bingbot/2.0; +http://www.bing.com/bingbot.htm)"
157.55.39.186 - - [01/May/2016:22:52:20 +0200] "GET /m3.html HTTP/1.1" 404 1181 "-" "Mozilla/5.0 (compatible; bingbot/2.0; +http://www.bing.com/bingbot.htm)"
66.249.64.206 - - [01/May/2016:22:57:50 +0200] "GET /hirlevel/vonattal1103.htm HTTP/1.1" 304 - "-" "Mozilla/5.0 (compatible; Googlebot/2.1; +http://www.google.com/bot.html)"
157.55.39.188 - - [01/May/2016:23:03:24 +0200] "GET /hirlevel/vonattal1109.htm HTTP/1.1" 200 47571 "-" "Mozilla/5.0 (iPhone; CPU iPhone OS 7_0 like Mac OS X) AppleWebKit/537.51.1 (KHTML, like Gecko) Version/7.0 Mobile/11A465 Safari/9537.53 (compatible; bingbot/2.0; +http://www.bing.com/bingbot.htm)"
40.77.167.81 - - [01/May/2016:23:04:08 +0200] "GET /robots.txt HTTP/1.1" 404 1181 "-" "Mozilla/5.0 (compatible; bingbot/2.0; +http://www.bing.com/bingbot.htm)"
157.55.39.18 - - [01/May/2016:23:04:14 +0200] "GET /robots.txt HTTP/1.1" 404 1181 "-" "Mozilla/5.0 (compatible; bingbot/2.0; +http://www.bing.com/bingbot.htm)"
157.55.39.18 - - [01/May/2016:23:04:16 +0200] "GET /hirlevel/vonattal1207.htm HTTP/1.1" 200 57936 "-" "Mozilla/5.0 (compatible; bingbot/2.0; +http://www.bing.com/bingbot.htm)"
180.76.15.136 - - [01/May/2016:23:13:15 +0200] "GET / HTTP/1.1" 200 1178 "-" "Mozilla/5.0 (compatible; Baiduspider/2.0; +http://www.baidu.com/search/spider.html)"
157.55.39.18 - - [01/May/2016:23:23:58 +0200] "GET /doc/plakat_veszprem_1010.pdf HTTP/1.1" 200 2715630 "-" "Mozilla/5.0 (compatible; bingbot/2.0; +http://www.bing.com/bingbot.htm)"
92.52.29.142 - - [01/May/2016:23:31:50 +0200] "GET /images/vasutterkep_n.jpg HTTP/1.1" 200 4702972 "https://www.google.sk/" "Mozilla/5.0 (Windows NT 6.1; WOW64) AppleWebKit/537.36 (KHTML, like Gecko) Chrome/49.0.2623.112 Safari/537.36"
66.249.64.211 - - [01/May/2016:23:33:46 +0200] "GET /hirlevel/vonattal1103.htm HTTP/1.1" 304 - "-" "Mozilla/5.0 (compatible; Googlebot/2.1; +http://www.google.com/bot.html)"
66.249.64.206 - - [01/May/2016:23:51:11 +0200] "GET /hirlevel/vonattal1505.html HTTP/1.1" 304 - "-" "Mozilla/5.0 (compatible; Googlebot/2.1; +http://www.google.com/bot.html)"
40.77.167.81 - - [02/May/2016:00:04:49 +0200] "GET /robots.txt HTTP/1.1" 404 1181 "-" "Mozilla/5.0 (compatible; bingbot/2.0; +http://www.bing.com/bingbot.htm)"
66.249.64.146 - - [02/May/2016:00:08:36 +0200] "GET /doc/vkdm_bp-apaczai_20091027.pdf HTTP/1.1" 304 - "-" "Mozilla/5.0 (compatible; Googlebot/2.1; +http://www.google.com/bot.html)"
66.220.146.24 - - [02/May/2016:00:11:52 +0200] "GET /hirlevel/images/1512_b.jpg HTTP/1.1" 200 129334 "-" "facebookexternalhit/1.1 (+http://www.facebook.com/externalhit_uatext.php)"
157.55.39.186 - - [02/May/2016:00:19:59 +0200] "GET /hirlevel/program_gyor-veszprem_1004.pdf HTTP/1.1" 200 667573 "-" "Mozilla/5.0 (compatible; bingbot/2.0; +http://www.bing.com/bingbot.htm)"
157.55.39.188 - - [02/May/2016:00:30:05 +0200] "GET /hirlevel/102-es_vonal.pdf HTTP/1.1" 200 223259 "-" "Mozilla/5.0 (iPhone; CPU iPhone OS 7_0 like Mac OS X) AppleWebKit/537.51.1 (KHTML, like Gecko) Version/7.0 Mobile/11A465 Safari/9537.53 (compatible; bingbot/2.0; +http://www.bing.com/bingbot.htm)"
85.25.210.234 - - [02/May/2016:00:30:55 +0200] "GET /robots.txt HTTP/1.1" 404 1181 "-" "Mozilla/5.0 (compatible; seoscanners.net/1; +spider@seoscanners.net)"
85.25.210.234 - - [02/May/2016:00:30:55 +0200] "GET /doc/allomasok_kepes_osszefoglaloja.pdf HTTP/1.1" 200 30020 "-" "Mozilla/5.0 (compatible; seoscanners.net/1; +spider@seoscanners.net)"
85.25.210.234 - - [02/May/2016:00:34:30 +0200] "GET /robots.txt HTTP/1.1" 404 1181 "-" "Mozilla/5.0 (compatible; seoscanners.net/1; +spider@seoscanners.net)"
85.25.210.234 - - [02/May/2016:00:34:31 +0200] "GET /doc/nctazaro.pdf HTTP/1.1" 404 1181 "-" "Mozilla/5.0 (compatible; seoscanners.net/1; +spider@seoscanners.net)"
66.249.64.216 - - [02/May/2016:00:43:27 +0200] "GET /hirlevel/vonattal1501.html HTTP/1.1" 200 25759 "-" "Mozilla/5.0 (compatible; Googlebot/2.1; +http://www.google.com/bot.html)"
134.255.55.217 - - [02/May/2016:00:56:39 +0200] "GET /images/vasutterkep_n.jpg HTTP/1.1" 200 4702972 "http://www.bing.com/images/search?q=magyarorszag+terkep&view=detailv2&&id=66F4092595474DE9903C16557A5D520C6E1AEE03&selectedIndex=11&ccid=34KHqx%2f9&simid=608049477535925730&thid=OIP.Mdf8287ab1ffd29344355d5a611db81c7H0&mode=overlay" "Mozilla/5.0 (Windows NT 6.1; Trident/7.0; rv:11.0) like Gecko"
66.249.64.206 - - [02/May/2016:00:56:59 +0200] "GET /doc/A_kozlekedesmenedzsment_korszeru_eszkozei.pdf HTTP/1.1" 304 - "-" "Mozilla/5.0 (compatible; Googlebot/2.1; +http://www.google.com/bot.html)"
40.77.167.81 - - [02/May/2016:01:02:47 +0200] "GET /hirlevel/vonattal1602.html HTTP/1.1" 304 - "-" "Mozilla/5.0 (compatible; bingbot/2.0; +http://www.bing.com/bingbot.htm)"
180.76.15.163 - - [02/May/2016:01:06:03 +0200] "GET /doc/kozh05.pdf HTTP/1.1" 200 97320 "-" "Mozilla/5.0 (compatible; Baiduspider/2.0; +http://www.baidu.com/search/spider.html)"
68.180.230.218 - - [02/May/2016:01:12:39 +0200] "GET /robots.txt HTTP/1.1" 404 1181 "-" "Mozilla/5.0 (compatible; Yahoo! Slurp; http://help.yahoo.com/help/us/ysearch/slurp)"
68.180.230.218 - - [02/May/2016:01:12:51 +0200] "GET /doc/allomasok_kepes_osszefoglaloja.pdf HTTP/1.1" 200 5628186 "-" "Mozilla/5.0 (compatible; Yahoo! Slurp; http://help.yahoo.com/help/us/ysearch/slurp)"
157.55.39.18 - - [02/May/2016:01:19:05 +0200] "GET /hirlevel/TiszaTaviVonalak.pdf HTTP/1.1" 304 - "-" "Mozilla/5.0 (compatible; bingbot/2.0; +http://www.bing.com/bingbot.htm)"
157.55.39.188 - - [02/May/2016:01:57:12 +0200] "GET /hirlevel/emlekezteto_080919.pdf HTTP/1.1" 200 58269 "-" "Mozilla/5.0 (iPhone; CPU iPhone OS 7_0 like Mac OS X) AppleWebKit/537.51.1 (KHTML, like Gecko) Version/7.0 Mobile/11A465 Safari/9537.53 (compatible; bingbot/2.0; +http://www.bing.com/bingbot.htm)"
144.76.23.74 - - [02/May/2016:02:12:15 +0200] "GET /robots.txt HTTP/1.1" 404 1181 "-" "Mozilla/5.0 (Windows; U; Windows NT 6.0; en-GB; rv:1.0; trendictionbot0.5.0; trendiction search; http://www.trendiction.de/bot; please let us know of any problems; web at trendiction.com) Gecko/20071127 Firefox/3.0.0.11"
144.76.23.74 - - [02/May/2016:02:12:17 +0200] "GET / HTTP/1.1" 200 1178 "-" "Mozilla/5.0 (Windows; U; Windows NT 6.0; en-GB; rv:1.0; trendictionbot0.5.0; trendiction search; http://www.trendiction.de/bot; please let us know of any problems; web at trendiction.com) Gecko/20071127 Firefox/3.0.0.11"
62.138.0.25 - - [02/May/2016:02:18:48 +0200] "GET /robots.txt HTTP/1.1" 404 1181 "-" "Mozilla/5.0 (compatible; seoscanners.net/1; +spider@seoscanners.net)"
62.138.0.25 - - [02/May/2016:02:18:48 +0200] "GET /hirlevel/images/201604a.jpg HTTP/1.1" 200 96462 "-" "Mozilla/5.0 (compatible; seoscanners.net/1; +spider@seoscanners.net)"
151.80.31.105 - - [02/May/2016:03:31:07 +0200] "GET /hirlevel/vonattal1503.html HTTP/1.1" 200 21721 "-" "Mozilla/5.0 (compatible; AhrefsBot/5.1; +http://ahrefs.com/robot/)"
62.138.0.25 - - [02/May/2016:03:32:35 +0200] "GET /robots.txt HTTP/1.1" 404 1181 "-" "Mozilla/5.0 (compatible; seoscanners.net/1; +spider@seoscanners.net)"
62.138.0.25 - - [02/May/2016:03:32:37 +0200] "GET /doc/allasf_091027.pdf HTTP/1.1" 404 1181 "-" "Mozilla/5.0 (compatible; seoscanners.net/1; +spider@seoscanners.net)"
157.55.39.188 - - [02/May/2016:04:17:25 +0200] "GET /hirlevel/emlekezteto_080919.pdf HTTP/1.1" 200 58269 "-" "Mozilla/5.0 (iPhone; CPU iPhone OS 7_0 like Mac OS X) AppleWebKit/537.51.1 (KHTML, like Gecko) Version/7.0 Mobile/11A465 Safari/9537.53 (compatible; bingbot/2.0; +http://www.bing.com/bingbot.htm)"
85.25.210.234 - - [02/May/2016:04:29:33 +0200] "GET /robots.txt HTTP/1.1" 404 1181 "-" "Mozilla/5.0 (compatible; seoscanners.net/1; +spider@seoscanners.net)"
85.25.210.234 - - [02/May/2016:04:29:35 +0200] "GET /doc/vonatrafel_c.pdf HTTP/1.1" 200 705296 "-" "Mozilla/5.0 (compatible; seoscanners.net/1; +spider@seoscanners.net)"
62.138.0.25 - - [02/May/2016:04:40:13 +0200] "GET /robots.txt HTTP/1.1" 404 1181 "-" "Mozilla/5.0 (compatible; seoscanners.net/1; +spider@seoscanners.net)"
62.138.0.25 - - [02/May/2016:04:40:13 +0200] "GET /hirlevel/szentgotthardon_1410.pdf HTTP/1.1" 200 32715 "-" "Mozilla/5.0 (compatible; seoscanners.net/1; +spider@seoscanners.net)"
157.55.39.186 - - [02/May/2016:04:52:25 +0200] "GET /hirlevel/program_gyor-veszprem_1004.pdf HTTP/1.1" 304 - "-" "Mozilla/5.0 (compatible; bingbot/2.0; +http://www.bing.com/bingbot.htm)"
62.138.0.25 - - [02/May/2016:05:00:13 +0200] "GET /robots.txt HTTP/1.1" 404 1181 "-" "Mozilla/5.0 (compatible; seoscanners.net/1; +spider@seoscanners.net)"
62.138.0.25 - - [02/May/2016:05:00:13 +0200] "GET /doc/mkk_plakat_rgb.pdf HTTP/1.1" 200 406491 "-" "Mozilla/5.0 (compatible; seoscanners.net/1; +spider@seoscanners.net)"
40.77.167.81 - - [02/May/2016:05:06:14 +0200] "GET /hirlevel/plakat_ajandekjegy_megszuntetes.pdf HTTP/1.1" 200 30340 "-" "Mozilla/5.0 (compatible; bingbot/2.0; +http://www.bing.com/bingbot.htm)"
188.36.108.216 - - [02/May/2016:05:09:52 +0200] "GET /images/vasutterkep_n.jpg HTTP/1.1" 200 4702972 "-" "Mozilla/5.0 (Linux; U; Android 4.1.2; hu-hu; B1-710 Build/JZO54K) AppleWebKit/534.30 (KHTML, like Gecko) Version/4.0 Safari/534.30 GSA/5.2.33.16.arm"
188.36.108.216 - - [02/May/2016:05:09:58 +0200] "GET /images/vasutterkep_n.jpg HTTP/1.1" 200 4702972 "-" "Mozilla/5.0 (Linux; U; Android 4.1.2; hu-hu; B1-710 Build/JZO54K) AppleWebKit/534.30 (KHTML, like Gecko) Version/4.0 Safari/534.30 GSA/5.2.33.16.arm"
85.25.210.234 - - [02/May/2016:05:32:42 +0200] "GET /robots.txt HTTP/1.1" 404 1181 "-" "Mozilla/5.0 (compatible; seoscanners.net/1; +spider@seoscanners.net)"
85.25.210.234 - - [02/May/2016:05:32:42 +0200] "GET /doc/elovarosi_201301.pdf HTTP/1.1" 200 35439 "-" "Mozilla/5.0 (compatible; seoscanners.net/1; +spider@seoscanners.net)"
85.25.210.234 - - [02/May/2016:06:13:52 +0200] "GET /hirlevel/vonattal1408.html HTTP/1.1" 200 22601 "-" "Mozilla/5.0 (compatible; seoscanners.net/1; +spider@seoscanners.net)"
130.193.51.56 - - [02/May/2016:06:16:15 +0200] "GET /robots.txt HTTP/1.1" 404 1181 "-" "Mozilla/5.0 (compatible; YandexBot/3.0; +http://yandex.com/bots)"
130.193.51.56 - - [02/May/2016:06:16:19 +0200] "GET /hirlevel/images/szazalek.jpg HTTP/1.1" 200 43499 "-" "Mozilla/5.0 (compatible; YandexImages/3.0; +http://yandex.com/bots)"
66.249.64.216 - - [02/May/2016:06:23:03 +0200] "GET /robots.txt HTTP/1.1" 404 1181 "-" "Mozilla/5.0 (compatible; Googlebot/2.1; +http://www.google.com/bot.html)"
66.249.64.216 - - [02/May/2016:06:23:03 +0200] "GET /hirlevel/images/0912a.jpg HTTP/1.1" 304 - "-" "Googlebot-Image/1.0"
217.119.127.151 - - [02/May/2016:06:45:51 +0200] "GET /images/vasutterkep_n.jpg HTTP/1.1" 200 4702972 "https://www.google.sk/" "Mozilla/5.0 (Linux; Android 5.0.2; Lenovo A6010 Build/LRX22G; wv) AppleWebKit/537.36 (KHTML, like Gecko) Version/4.0 Chrome/49.0.2623.105 Mobile Safari/537.36 GSA/5.12.34.21.arm64"
66.249.93.5 - - [02/May/2016:06:52:03 +0200] "GET /images/vasutterkep_n.jpg HTTP/1.1" 200 4702972 "http://www.terkepkalauz.hu/index.php?option=com_content&task=view&id=396" "Mozilla/5.0 (Linux; Android 4.4.2; H60-L02 Build/HDH60-L02) AppleWebKit/537.36 (KHTML, like Gecko) Chrome/50.0.2661.89 Mobile Safari/537.36"
66.249.93.2 - - [02/May/2016:06:52:08 +0200] "GET /favicon.ico HTTP/1.1" 404 1181 "http://www.mkk.zpok.hu/images/vasutterkep_n.jpg" "Mozilla/5.0 (Linux; Android 4.4.2; H60-L02 Build/HDH60-L02) AppleWebKit/537.36 (KHTML, like Gecko) Chrome/50.0.2661.89 Mobile Safari/537.36"
157.55.39.18 - - [02/May/2016:06:52:14 +0200] "GET /doc/b2_terkep_200902_2.pdf HTTP/1.1" 404 1181 "-" "Mozilla/5.0 (compatible; bingbot/2.0; +http://www.bing.com/bingbot.htm)"
66.249.64.206 - - [02/May/2016:06:52:30 +0200] "GET /hirlevel/images/1103_f.jpg HTTP/1.1" 304 - "-" "Googlebot-Image/1.0"
62.138.0.25 - - [02/May/2016:07:15:09 +0200] "GET /robots.txt HTTP/1.1" 404 1181 "-" "Mozilla/5.0 (compatible; seoscanners.net/1; +spider@seoscanners.net)"
62.138.0.25 - - [02/May/2016:07:15:10 +0200] "GET /hirlevel/automentesnap-gyula_201410.pdf HTTP/1.1" 200 36349 "-" "Mozilla/5.0 (compatible; seoscanners.net/1; +spider@seoscanners.net)"
62.138.0.25 - - [02/May/2016:07:21:52 +0200] "GET /robots.txt HTTP/1.1" 404 1181 "-" "Mozilla/5.0 (compatible; seoscanners.net/1; +spider@seoscanners.net)"
62.138.0.25 - - [02/May/2016:07:21:52 +0200] "GET /doc/b2_2010.pdf HTTP/1.1" 404 1181 "-" "Mozilla/5.0 (compatible; seoscanners.net/1; +spider@seoscanners.net)"
157.55.39.186 - - [02/May/2016:07:26:32 +0200] "GET /hirlevel/vonattal1603.html HTTP/1.1" 200 31488 "-" "Mozilla/5.0 (iPhone; CPU iPhone OS 7_0 like Mac OS X) AppleWebKit/537.51.1 (KHTML, like Gecko) Version/7.0 Mobile/11A465 Safari/9537.53 (compatible; bingbot/2.0; +http://www.bing.com/bingbot.htm)"
89.133.20.138 - - [02/May/2016:07:27:27 +0200] "GET /hirlevel/vonattal1512.html HTTP/1.1" 200 36601 "http://www.fenntarthatokozlekedesert.hu/" "Mozilla/5.0 (Windows NT 6.3; WOW64; Trident/7.0; rv:11.0) like Gecko"
89.133.20.138 - - [02/May/2016:07:27:28 +0200] "GET /hirlevel/images/1512_c.jpg HTTP/1.1" 200 48941 "http://mkk.zpok.hu/hirlevel/vonattal1512.html" "Mozilla/5.0 (Windows NT 6.3; WOW64; Trident/7.0; rv:11.0) like Gecko"
89.133.20.138 - - [02/May/2016:07:27:28 +0200] "GET /hirlevel/images/1512_b.jpg HTTP/1.1" 200 129334 "http://mkk.zpok.hu/hirlevel/vonattal1512.html" "Mozilla/5.0 (Windows NT 6.3; WOW64; Trident/7.0; rv:11.0) like Gecko"
89.133.20.138 - - [02/May/2016:07:27:29 +0200] "HEAD /hirlevel/images/avidekkozlekedeseert.swf HTTP/1.1" 200 0 "-" "Mozilla/5.0 (Windows NT 6.3; WOW64; Trident/7.0; rv:11.0) like Gecko"
89.133.20.138 - - [02/May/2016:07:31:35 +0200] "HEAD /hirlevel/images/vonattal.swf HTTP/1.1" 200 0 "-" "Mozilla/5.0 (Windows NT 6.3; WOW64; Trident/7.0; rv:11.0) like Gecko"
89.133.20.138 - - [02/May/2016:07:35:08 +0200] "HEAD /hirlevel/images/avidekkozlekedeseert.swf HTTP/1.1" 200 0 "-" "Mozilla/5.0 (Windows NT 6.3; WOW64; Trident/7.0; Touch; rv:11.0) like Gecko"
89.133.20.138 - - [02/May/2016:07:35:08 +0200] "GET /hirlevel/images/avidekkozlekedeseert.swf HTTP/1.1" 200 5063 "http://mkk.zpok.hu/hirlevel/vonattal1512.html" "Mozilla/5.0 (Windows NT 6.3; WOW64; Trident/7.0; Touch; rv:11.0) like Gecko"
89.133.20.138 - - [02/May/2016:07:40:06 +0200] "GET /hirlevel/MAV_102vonal_prezi201504.pdf HTTP/1.1" 200 557056 "http://www.fenntarthatokozlekedesert.hu/" "Mozilla/5.0 (Windows NT 6.3; WOW64; Trident/7.0; Touch; rv:11.0) like Gecko"
89.133.20.138 - - [02/May/2016:07:40:09 +0200] "GET /hirlevel/MAV_102vonal_prezi201504.pdf HTTP/1.1" 200 1579816 "-" "Mozilla/5.0 (Windows NT 6.3; WOW64; Trident/7.0; Touch; rv:11.0) like Gecko"
157.55.39.186 - - [02/May/2016:07:41:20 +0200] "GET /robots.txt HTTP/1.1" 404 1181 "-" "Mozilla/5.0 (compatible; bingbot/2.0; +http://www.bing.com/bingbot.htm)"
157.55.39.186 - - [02/May/2016:07:41:23 +0200] "GET /hirlevel/UtasforumJegyzkonyv141121.pdf HTTP/1.1" 304 - "-" "Mozilla/5.0 (compatible; bingbot/2.0; +http://www.bing.com/bingbot.htm)"
89.186.122.55 - - [02/May/2016:07:43:10 +0200] "GET /doc/b2_2012_03.pdf HTTP/1.1" 200 1080459 "http://www.bakonyvasut.hu/" "Mozilla/5.0 (Windows NT 6.3; WOW64; rv:45.0) Gecko/20100101 Firefox/45.0"
89.186.122.55 - - [02/May/2016:07:43:10 +0200] "GET /favicon.ico HTTP/1.1" 404 1181 "-" "Mozilla/5.0 (Windows NT 6.3; WOW64; rv:45.0) Gecko/20100101 Firefox/45.0"
89.186.122.55 - - [02/May/2016:07:43:10 +0200] "GET /favicon.ico HTTP/1.1" 404 1181 "-" "Mozilla/5.0 (Windows NT 6.3; WOW64; rv:45.0) Gecko/20100101 Firefox/45.0"
89.186.122.55 - - [02/May/2016:07:43:11 +0200] "GET /doc/b2_2012_03.pdf HTTP/1.1" 206 65536 "http://www.bakonyvasut.hu/" "Mozilla/5.0 (Windows NT 6.3; WOW64; rv:45.0) Gecko/20100101 Firefox/45.0"
89.186.122.55 - - [02/May/2016:07:43:11 +0200] "GET /doc/b2_2012_03.pdf HTTP/1.1" 206 31883 "http://www.bakonyvasut.hu/" "Mozilla/5.0 (Windows NT 6.3; WOW64; rv:45.0) Gecko/20100101 Firefox/45.0"
68.180.230.219 - - [02/May/2016:07:50:27 +0200] "GET /robots.txt HTTP/1.1" 404 1181 "-" "Mozilla/5.0 (compatible; Yahoo! Slurp; http://help.yahoo.com/help/us/ysearch/slurp)"
68.180.230.219 - - [02/May/2016:07:50:28 +0200] "GET /hirlevel/Fenntarthat%C3%B3%20k%C3%B6zleked%C3%A9s%20%E2%80%93%20%C3%A9lhet%C5%91%20telep%C3%BCl%C3%A9s.pdf HTTP/1.1" 304 - "-" "Mozilla/5.0 (compatible; Yahoo! Slurp; http://help.yahoo.com/help/us/ysearch/slurp)"
62.77.231.206 - - [02/May/2016:07:59:33 +0200] "GET /doc/b2_2012_03.pdf HTTP/1.1" 206 31883 "http://www.bakonyvasut.hu/?page=felh" "Mozilla/5.0 (Windows NT 6.3; WOW64; rv:45.0) Gecko/20100101 Firefox/45.0"
62.77.231.206 - - [02/May/2016:07:59:34 +0200] "GET /doc/b2_2012_03.pdf HTTP/1.1" 206 65536 "http://www.bakonyvasut.hu/?page=felh" "Mozilla/5.0 (Windows NT 6.3; WOW64; rv:45.0) Gecko/20100101 Firefox/45.0"
62.77.231.206 - - [02/May/2016:07:59:34 +0200] "GET /doc/b2_2012_03.pdf HTTP/1.1" 206 65536 "http://www.bakonyvasut.hu/?page=felh" "Mozilla/5.0 (Windows NT 6.3; WOW64; rv:45.0) Gecko/20100101 Firefox/45.0"
62.77.231.206 - - [02/May/2016:07:59:34 +0200] "GET /doc/b2_2012_03.pdf HTTP/1.1" 200 1080459 "http://www.bakonyvasut.hu/?page=felh" "Mozilla/5.0 (Windows NT 6.3; WOW64; rv:45.0) Gecko/20100101 Firefox/45.0"
62.77.231.206 - - [02/May/2016:07:59:34 +0200] "GET /favicon.ico HTTP/1.1" 404 1181 "-" "Mozilla/5.0 (Windows NT 6.3; WOW64; rv:45.0) Gecko/20100101 Firefox/45.0"
62.77.231.206 - - [02/May/2016:07:59:34 +0200] "GET /doc/b2_2012_03.pdf HTTP/1.1" 206 65536 "http://www.bakonyvasut.hu/?page=felh" "Mozilla/5.0 (Windows NT 6.3; WOW64; rv:45.0) Gecko/20100101 Firefox/45.0"
62.77.231.206 - - [02/May/2016:07:59:34 +0200] "GET /doc/b2_2012_03.pdf HTTP/1.1" 206 65536 "http://www.bakonyvasut.hu/?page=felh" "Mozilla/5.0 (Windows NT 6.3; WOW64; rv:45.0) Gecko/20100101 Firefox/45.0"
62.77.231.206 - - [02/May/2016:07:59:34 +0200] "GET /favicon.ico HTTP/1.1" 404 1181 "-" "Mozilla/5.0 (Windows NT 6.3; WOW64; rv:45.0) Gecko/20100101 Firefox/45.0"
62.77.231.206 - - [02/May/2016:07:59:34 +0200] "GET /doc/b2_2012_03.pdf HTTP/1.1" 206 131072 "http://www.bakonyvasut.hu/?page=felh" "Mozilla/5.0 (Windows NT 6.3; WOW64; rv:45.0) Gecko/20100101 Firefox/45.0"
79.120.219.157 - - [02/May/2016:08:01:17 +0200] "GET /images/vasutterkep_n.jpg HTTP/1.1" 200 4702972 "http://www.bing.com/images/search?q=magyarorszag+terkep&view=detailv2&adlt=strict&id=4C31BCB55C338584EC5A4B54DA0E781046819B05&selectedIndex=3&ccid=nDu8tbvi&simid=608033126600475427&thid=OIP.M9c3bbcb5bbe2519cddd4fd6cad0df866o0&mode=overlay" "Mozilla/5.0 (Windows NT 6.3; WOW64; Trident/7.0; rv:11.0) like Gecko"
79.120.163.79 - - [02/May/2016:08:05:51 +0200] "GET /images/vasutterkep_n.jpg HTTP/1.1" 200 1959457 "https://www.google.hu/" "Mozilla/5.0 (Windows NT 6.3; WOW64) AppleWebKit/537.36 (KHTML, like Gecko) Chrome/49.0.2623.112 Safari/537.36"
66.249.64.206 - - [02/May/2016:08:12:38 +0200] "GET /doc/mkk_alapszabaly_2014.10.22_sm.doc HTTP/1.1" 200 96768 "-" "Mozilla/5.0 (compatible; Googlebot/2.1; +http://www.google.com/bot.html)"
89.133.20.138 - - [02/May/2016:08:19:32 +0200] "GET /hirlevel/UtasforumJegyzkonyv141121.pdf HTTP/1.1" 200 294912 "http://www.fenntarthatokozlekedesert.hu/" "Mozilla/5.0 (Windows NT 6.3; WOW64; Trident/7.0; rv:11.0) like Gecko"
89.133.20.138 - - [02/May/2016:08:19:33 +0200] "GET /hirlevel/UtasforumJegyzkonyv141121.pdf HTTP/1.1" 200 1416715 "-" "Mozilla/5.0 (Windows NT 6.3; WOW64; Trident/7.0; rv:11.0) like Gecko"
157.55.12.77 - - [02/May/2016:08:27:49 +0200] "GET /hirlevel/images/avidekkozlekedeseert.swf HTTP/1.1" 200 5063 "http://mkk.zpok.hu/hirlevel/images/avidekkozlekedeseert.swf" "Mozilla/5.0 (iPhone; CPU iPhone OS 7_0 like Mac OS X) AppleWebKit/537.51.1 (KHTML, like Gecko) Version/7.0 Mobile/11A465 Safari/9537.53 BingPreview/1.0b"
68.180.230.219 - - [02/May/2016:08:34:14 +0200] "GET /hirlevel/vonattal1601.html HTTP/1.1" 304 - "-" "Mozilla/5.0 (compatible; Yahoo! Slurp; http://help.yahoo.com/help/us/ysearch/slurp)"
68.180.230.219 - - [02/May/2016:08:36:40 +0200] "GET /hirlevel/kedvezo_menetrendek_2015-2016.pdf HTTP/1.1" 304 - "-" "Mozilla/5.0 (compatible; Yahoo! Slurp; http://help.yahoo.com/help/us/ysearch/slurp)"
157.55.39.186 - - [02/May/2016:09:03:12 +0200] "GET /hirlevel/UtasforumJegyzkonyv141121.pdf HTTP/1.1" 200 1416715 "-" "Mozilla/5.0 (compatible; bingbot/2.0; +http://www.bing.com/bingbot.htm)"
79.120.155.57 - - [02/May/2016:09:14:46 +0200] "GET /images/vasutterkep_n.jpg HTTP/1.1" 200 3227032 "https://www.google.hu" "Mozilla/5.0 (Windows NT 5.1; rv:46.0) Gecko/20100101 Firefox/46.0"
79.171.137.21 - - [02/May/2016:09:20:24 +0200] "GET /images/vasutterkep_n.jpg HTTP/1.1" 200 4702972 "-" "Mozilla/5.0 (Windows NT 6.1; Trident/7.0; rv:11.0) like Gecko"
85.200.213.250 - - [02/May/2016:09:40:31 +0200] "GET /images/vasutterkep_n.jpg HTTP/1.1" 200 4702972 "http://www.bing.com/images/search?q=magyarorszag&view=detailv2&&id=66F4092595474DE9903C16557A5D520C6E1AEE03&selectedIndex=0&ccid=34KHqx%2f9&simid=608049477535925730&thid=OIP.Mdf8287ab1ffd29344355d5a611db81c7H0&mode=overlay" "Mozilla/5.0 (Windows NT 6.1; WOW64; Trident/7.0; rv:11.0) like Gecko"
87.244.195.237 - - [02/May/2016:09:46:58 +0200] "GET /images/vasutterkep_n.jpg HTTP/1.1" 200 4702972 "-" "Mozilla/5.0 (Windows NT 6.1; WOW64; rv:44.0) Gecko/20100101 Firefox/44.0"
87.244.195.237 - - [02/May/2016:09:46:59 +0200] "GET /favicon.ico HTTP/1.1" 404 1181 "-" "Mozilla/5.0 (Windows NT 6.1; WOW64; rv:44.0) Gecko/20100101 Firefox/44.0"
87.244.195.237 - - [02/May/2016:09:46:59 +0200] "GET /favicon.ico HTTP/1.1" 404 1181 "-" "Mozilla/5.0 (Windows NT 6.1; WOW64; rv:44.0) Gecko/20100101 Firefox/44.0"
86.86.158.73 - - [02/May/2016:09:53:36 +0200] "GET /images/vasutterkep_n.jpg HTTP/1.1" 200 4702972 "https://www.bing.com/" "Mozilla/5.0 (Windows NT 10.0; Win64; x64) AppleWebKit/537.36 (KHTML, like Gecko) Chrome/46.0.2486.0 Safari/537.36 Edge/13.10586"
94.21.193.142 - - [02/May/2016:10:02:02 +0200] "GET /images/vasutterkep_n.jpg HTTP/1.1" 200 4702972 "https://www.google.hu" "Mozilla/5.0 (Windows NT 10.0; WOW64; rv:46.0) Gecko/20100101 Firefox/46.0"
66.249.64.216 - - [02/May/2016:10:08:46 +0200] "GET /hirlevel/images/0809bb.jpg HTTP/1.1" 304 - "-" "Googlebot-Image/1.0"
195.182.71.140 - - [02/May/2016:10:24:08 +0200] "GET /images/vasutterkep_n.jpg HTTP/1.1" 200 4543732 "-" "Mozilla/5.0 (compatible; MSIE 10.0; Windows NT 6.2; Trident/6.0)"
174.129.237.157 - - [02/May/2016:10:47:05 +0200] "GET /robots.txt HTTP/1.0" 404 1181 "-" "ia_archiver"
174.129.237.157 - - [02/May/2016:10:47:06 +0200] "GET /hirlevel/vonattal1206.htm HTTP/1.0" 200 47612 "-" "ia_archiver"
195.199.227.134 - - [02/May/2016:11:02:03 +0200] "GET /images/vasutterkep_n.jpg HTTP/1.1" 200 67777 "https://www.bing.com/" "Mozilla/5.0 (Windows NT 10.0; Win64; x64) AppleWebKit/537.36 (KHTML, like Gecko) Chrome/46.0.2486.0 Safari/537.36 Edge/13.10586"
54.209.186.152 - - [02/May/2016:11:05:15 +0200] "GET /robots.txt HTTP/1.1" 404 1181 "-" "ltx71 - (http://ltx71.com/)"
157.55.39.18 - - [02/May/2016:11:07:03 +0200] "GET /hirlevel/TiszaTaviVonalak.pdf HTTP/1.1" 200 566060 "-" "Mozilla/5.0 (compatible; bingbot/2.0; +http://www.bing.com/bingbot.htm)"
195.199.227.134 - - [02/May/2016:11:07:42 +0200] "GET /images/vasutterkep_n.jpg HTTP/1.1" 200 67777 "https://www.bing.com/" "Mozilla/5.0 (Windows NT 10.0; Win64; x64) AppleWebKit/537.36 (KHTML, like Gecko) Chrome/46.0.2486.0 Safari/537.36 Edge/13.10586"
195.199.227.134 - - [02/May/2016:11:07:43 +0200] "GET /images/vasutterkep_n.jpg HTTP/1.1" 200 35117 "https://www.bing.com/" "Mozilla/5.0 (Windows NT 10.0; Win64; x64) AppleWebKit/537.36 (KHTML, like Gecko) Chrome/46.0.2486.0 Safari/537.36 Edge/13.10586"
66.249.64.216 - - [02/May/2016:11:07:51 +0200] "GET /doc/jelentkezesi_urlap_a_palyamunka_melle.doc HTTP/1.1" 200 14336 "-" "Mozilla/5.0 (compatible; Googlebot/2.1; +http://www.google.com/bot.html)"
160.44.230.199 - - [02/May/2016:11:11:46 +0200] "GET /images/vasutterkep_n.jpg HTTP/1.1" 200 212137 "http://www.bing.com/images/search?q=bahnstrecken+deutschland+karte&view=detailv2&qft=+filterui%3aimagesize-wallpaper&adlt=strict&id=56EA6F18158486E1BA7EBE033A1FB0E3BC8CEA46&selectedindex=11&ccid=vgk6Pn4F&simid=608003555752019835&thid=OIP.Mbe093a3e7e052df83b1b98604cd98edaH0&first=1" "Mozilla/5.0 (Windows NT 6.1; rv:38.0) Gecko/20100101 Firefox/38.0"
54.209.186.152 - - [02/May/2016:11:22:14 +0200] "GET /robots.txt HTTP/1.1" 404 1181 "-" "ltx71 - (http://ltx71.com/)"
195.228.96.132 - - [02/May/2016:12:00:48 +0200] "GET / HTTP/1.1" 200 1178 "https://www.google.hu" "Mozilla/5.0 (Windows NT 6.1; WOW64; rv:46.0) Gecko/20100101 Firefox/46.0"
195.228.96.132 - - [02/May/2016:12:00:49 +0200] "GET /index.swf HTTP/1.1" 200 1451930 "http://www.mkk.zpok.hu/" "Mozilla/5.0 (Windows NT 6.1; WOW64; rv:46.0) Gecko/20100101 Firefox/46.0"
195.228.96.132 - - [02/May/2016:12:00:49 +0200] "GET /favicon.ico HTTP/1.1" 404 1181 "-" "Mozilla/5.0 (Windows NT 6.1; WOW64; rv:46.0) Gecko/20100101 Firefox/46.0"
195.228.96.132 - - [02/May/2016:12:00:49 +0200] "GET /favicon.ico HTTP/1.1" 404 1181 "-" "Mozilla/5.0 (Windows NT 6.1; WOW64; rv:46.0) Gecko/20100101 Firefox/46.0"
195.228.96.132 - - [02/May/2016:12:00:54 +0200] "GET /popupsys%20elemei/main.txt HTTP/1.1" 200 342 "http://www.mkk.zpok.hu/index.swf" "Mozilla/5.0 (Windows NT 6.1; WOW64; rv:46.0) Gecko/20100101 Firefox/46.0"
195.228.96.132 - - [02/May/2016:12:00:55 +0200] "GET /hirek.xml HTTP/1.1" 200 50849 "http://www.mkk.zpok.hu/index.swf" "Mozilla/5.0 (Windows NT 6.1; WOW64; rv:46.0) Gecko/20100101 Firefox/46.0"
195.228.96.132 - - [02/May/2016:12:01:47 +0200] "GET /doc/Deli-pu_MKK.pdf HTTP/1.1" 200 68806 "http://www.mkk.zpok.hu/" "Mozilla/5.0 (Windows NT 6.1; WOW64; rv:46.0) Gecko/20100101 Firefox/46.0"
195.228.96.132 - - [02/May/2016:12:01:48 +0200] "GET /favicon.ico HTTP/1.1" 404 1181 "-" "Mozilla/5.0 (Windows NT 6.1; WOW64; rv:46.0) Gecko/20100101 Firefox/46.0"
195.228.96.132 - - [02/May/2016:12:01:48 +0200] "GET /favicon.ico HTTP/1.1" 404 1181 "-" "Mozilla/5.0 (Windows NT 6.1; WOW64; rv:46.0) Gecko/20100101 Firefox/46.0"
195.199.227.134 - - [02/May/2016:12:02:35 +0200] "GET /images/vasutterkep_n.jpg HTTP/1.1" 200 4702972 "https://www.bing.com/" "Mozilla/5.0 (Windows NT 10.0; Win64; x64) AppleWebKit/537.36 (KHTML, like Gecko) Chrome/46.0.2486.0 Safari/537.36 Edge/13.10586"
54.209.186.152 - - [02/May/2016:12:06:10 +0200] "GET /robots.txt HTTP/1.1" 404 1181 "-" "ltx71 - (http://ltx71.com/)"
66.249.64.216 - - [02/May/2016:12:10:52 +0200] "GET /hirlevel/jelentkezesi_lap_1203.doc HTTP/1.1" 200 72704 "-" "Mozilla/5.0 (Linux; Android 6.0.1; Nexus 5X Build/MMB29P) AppleWebKit/537.36 (KHTML, like Gecko) Chrome/41.0.2272.96 Mobile Safari/537.36 (compatible; Googlebot/2.1; +http://www.google.com/bot.html)"
31.46.254.69 - - [02/May/2016:12:12:55 +0200] "GET /doc/kerdoiv_kozlekedesi_szokasokrol_es_ismeretekrol.doc HTTP/1.1" 200 29696 "https://www.google.hu/" "Mozilla/5.0 (Linux; Android 6.0.1; SM-G925F Build/MMB29K) AppleWebKit/537.36 (KHTML, like Gecko) Chrome/50.0.2661.89 Mobile Safari/537.36"
31.46.254.69 - - [02/May/2016:12:12:55 +0200] "GET /doc/kerdoiv_kozlekedesi_szokasokrol_es_ismeretekrol.doc HTTP/1.1" 200 29696 "https://www.google.hu/" "Mozilla/5.0 (Linux; Android 6.0.1; SM-G925F Build/MMB29K) AppleWebKit/537.36 (KHTML, like Gecko) Chrome/50.0.2661.89 Mobile Safari/537.36"
66.220.146.25 - - [02/May/2016:12:25:51 +0200] "GET / HTTP/1.1" 206 1178 "-" "facebookexternalhit/1.1 (+http://www.facebook.com/externalhit_uatext.php)"
193.224.83.130 - - [02/May/2016:12:25:56 +0200] "GET / HTTP/1.1" 200 1178 "https://www.facebook.com" "Mozilla/5.0 (Windows NT 10.0; Win64; x64; rv:44.0) Gecko/20100101 Firefox/44.0"
193.224.83.130 - - [02/May/2016:12:25:56 +0200] "GET /index.swf HTTP/1.1" 200 36098 "http://www.mkk.zpok.hu/" "Mozilla/5.0 (Windows NT 10.0; Win64; x64; rv:44.0) Gecko/20100101 Firefox/44.0"
193.224.83.130 - - [02/May/2016:12:25:56 +0200] "GET /favicon.ico HTTP/1.1" 404 1181 "-" "Mozilla/5.0 (Windows NT 10.0; Win64; x64; rv:44.0) Gecko/20100101 Firefox/44.0"
193.224.83.130 - - [02/May/2016:12:25:56 +0200] "GET /favicon.ico HTTP/1.1" 404 1181 "-" "Mozilla/5.0 (Windows NT 10.0; Win64; x64; rv:44.0) Gecko/20100101 Firefox/44.0"
40.77.167.81 - - [02/May/2016:12:38:08 +0200] "GET /robots.txt HTTP/1.1" 404 1181 "-" "Mozilla/5.0 (compatible; bingbot/2.0; +http://www.bing.com/bingbot.htm)"
40.77.167.81 - - [02/May/2016:12:38:18 +0200] "GET /hirlevel/vasarosnameny.pdf HTTP/1.1" 200 174590 "-" "Mozilla/5.0 (compatible; bingbot/2.0; +http://www.bing.com/bingbot.htm)"
194.213.104.194 - - [02/May/2016:12:40:14 +0200] "GET /images/vasutterkep_n.jpg HTTP/1.1" 200 4702972 "https://www.google.hu/" "Mozilla/5.0 (Windows NT 6.1; WOW64) AppleWebKit/537.36 (KHTML, like Gecko) Chrome/48.4.2564.88 Safari/537.36"
85.90.174.55 - - [02/May/2016:12:50:37 +0200] "GET /hirlevel/images/zajta_201012.jpg HTTP/1.1" 200 1004287 "https://www.google.hu" "Mozilla/5.0 (Windows NT 5.1; rv:45.0) Gecko/20100101 Firefox/45.0"
195.228.25.180 - - [02/May/2016:12:53:30 +0200] "GET /images/vasutterkep_n.jpg HTTP/1.1" 200 4702972 "http://www.bing.com/images/search?q=MAGYARORSZ%c3%81G+T%c3%89RK%c3%89P&view=detailv2&&id=2D8F0321944098D70C9C41C46F602E9B0BF76447&selectedIndex=16&ccid=VAdSIPwH&simid=608028634061472944&thid=OIP.M54075220fc07c690919ce1c0f1b58c4bo0&mode=overlay" "Mozilla/5.0 (compatible; MSIE 10.0; Windows NT 6.1; Trident/6.0)"
85.25.210.234 - - [02/May/2016:12:55:55 +0200] "GET /robots.txt HTTP/1.1" 404 1181 "-" "Mozilla/5.0 (compatible; seoscanners.net/1; +spider@seoscanners.net)"
85.25.210.234 - - [02/May/2016:12:55:55 +0200] "GET /doc/memorandum_0807.pdf HTTP/1.1" 200 48899 "-" "Mozilla/5.0 (compatible; seoscanners.net/1; +spider@seoscanners.net)"
54.209.186.152 - - [02/May/2016:12:58:04 +0200] "GET /robots.txt HTTP/1.1" 404 1181 "-" "ltx71 - (http://ltx71.com/)"
95.105.250.54 - - [02/May/2016:13:02:33 +0200] "GET /images/vasutterkep_n.jpg HTTP/1.1" 200 4702972 "https://www.google.sk/" "Mozilla/5.0 (Windows NT 6.3; WOW64) AppleWebKit/537.36 (KHTML, like Gecko) Chrome/50.0.2661.94 Safari/537.36"
178.48.233.22 - - [02/May/2016:13:23:06 +0200] "GET /hirlevel/vonattal1603.html HTTP/1.1" 200 31488 "http://www.fenntarthatokozlekedesert.hu/" "Mozilla/5.0 (Windows NT 6.3; WOW64; Trident/7.0; rv:11.0) like Gecko"
178.48.233.22 - - [02/May/2016:13:23:06 +0200] "GET /1601_files/NCTA_tamogato_es_lebonyolito_logosor.jpg HTTP/1.1" 404 1181 "http://mkk.zpok.hu/hirlevel/vonattal1603.html" "Mozilla/5.0 (Windows NT 6.3; WOW64; Trident/7.0; rv:11.0) like Gecko"
178.48.233.22 - - [02/May/2016:13:23:06 +0200] "GET /hirlevel/images/201604b.jpg HTTP/1.1" 200 93285 "http://mkk.zpok.hu/hirlevel/vonattal1603.html" "Mozilla/5.0 (Windows NT 6.3; WOW64; Trident/7.0; rv:11.0) like Gecko"
178.48.233.22 - - [02/May/2016:13:23:06 +0200] "GET /hirlevel/images/201604a.jpg HTTP/1.1" 200 96462 "http://mkk.zpok.hu/hirlevel/vonattal1603.html" "Mozilla/5.0 (Windows NT 6.3; WOW64; Trident/7.0; rv:11.0) like Gecko"
178.48.233.22 - - [02/May/2016:13:23:06 +0200] "GET /hirlevel/images/201604g.jpg HTTP/1.1" 200 72405 "http://mkk.zpok.hu/hirlevel/vonattal1603.html" "Mozilla/5.0 (Windows NT 6.3; WOW64; Trident/7.0; rv:11.0) like Gecko"
178.48.233.22 - - [02/May/2016:13:23:07 +0200] "GET /hirlevel/images/201604d.jpg HTTP/1.1" 200 86523 "http://mkk.zpok.hu/hirlevel/vonattal1603.html" "Mozilla/5.0 (Windows NT 6.3; WOW64; Trident/7.0; rv:11.0) like Gecko"
178.48.233.22 - - [02/May/2016:13:23:07 +0200] "GET /hirlevel/images/201604e.jpg HTTP/1.1" 200 101621 "http://mkk.zpok.hu/hirlevel/vonattal1603.html" "Mozilla/5.0 (Windows NT 6.3; WOW64; Trident/7.0; rv:11.0) like Gecko"
178.48.233.22 - - [02/May/2016:13:23:07 +0200] "GET /hirlevel/images/201604i.jpg HTTP/1.1" 200 96456 "http://mkk.zpok.hu/hirlevel/vonattal1603.html" "Mozilla/5.0 (Windows NT 6.3; WOW64; Trident/7.0; rv:11.0) like Gecko"
178.48.233.22 - - [02/May/2016:13:23:07 +0200] "GET /hirlevel/images/201604c.jpg HTTP/1.1" 200 88182 "http://mkk.zpok.hu/hirlevel/vonattal1603.html" "Mozilla/5.0 (Windows NT 6.3; WOW64; Trident/7.0; rv:11.0) like Gecko"
178.48.233.22 - - [02/May/2016:13:23:07 +0200] "GET /hirlevel/images/201604f.jpg HTTP/1.1" 200 104360 "http://mkk.zpok.hu/hirlevel/vonattal1603.html" "Mozilla/5.0 (Windows NT 6.3; WOW64; Trident/7.0; rv:11.0) like Gecko"
178.48.233.22 - - [02/May/2016:13:23:07 +0200] "GET /hirlevel/images/201604h.jpg HTTP/1.1" 200 84831 "http://mkk.zpok.hu/hirlevel/vonattal1603.html" "Mozilla/5.0 (Windows NT 6.3; WOW64; Trident/7.0; rv:11.0) like Gecko"
178.48.233.22 - - [02/May/2016:13:23:07 +0200] "GET /hirlevel/images/201604j.jpg HTTP/1.1" 200 108763 "http://mkk.zpok.hu/hirlevel/vonattal1603.html" "Mozilla/5.0 (Windows NT 6.3; WOW64; Trident/7.0; rv:11.0) like Gecko"
178.48.233.22 - - [02/May/2016:13:23:07 +0200] "HEAD /hirlevel/images/avidekkozlekedeseert.swf HTTP/1.1" 200 0 "-" "Mozilla/5.0 (Windows NT 6.3; WOW64; Trident/7.0; rv:11.0) like Gecko"
178.48.233.22 - - [02/May/2016:13:23:49 +0200] "HEAD /hirlevel/images/avidekkozlekedeseert.swf HTTP/1.1" 200 0 "-" "Mozilla/5.0 (Windows NT 6.3; WOW64; Trident/7.0; rv:11.0) like Gecko"
178.48.233.22 - - [02/May/2016:13:23:49 +0200] "GET /hirlevel/images/avidekkozlekedeseert.swf HTTP/1.1" 200 5063 "http://mkk.zpok.hu/hirlevel/vonattal1512.html" "Mozilla/5.0 (Windows NT 6.3; WOW64; Trident/7.0; rv:11.0) like Gecko"
178.48.233.22 - - [02/May/2016:13:24:42 +0200] "HEAD /hirlevel/images/vonattal.swf HTTP/1.1" 200 0 "-" "Mozilla/5.0 (Windows NT 6.3; WOW64; Trident/7.0; rv:11.0) like Gecko"
178.48.233.22 - - [02/May/2016:13:24:43 +0200] "GET /hirlevel/images/vonattal.swf HTTP/1.1" 200 697 "http://mkk.zpok.hu/hirlevel/vonattal1501.html" "Mozilla/5.0 (Windows NT 6.3; WOW64; Trident/7.0; rv:11.0) like Gecko"
178.48.233.22 - - [02/May/2016:13:25:15 +0200] "GET /hirlevel/vonattal1501.html HTTP/1.1" 200 25759 "http://cms.fenntarthatokozlekedesert-hu.webnode.hu/" "Mozilla/5.0 (Windows NT 10.0; WOW64; rv:46.0) Gecko/20100101 Firefox/46.0"
178.48.233.22 - - [02/May/2016:13:25:15 +0200] "GET /hirlevel/NCTA_tamogato_es_lebonyolito_logosor.jpg HTTP/1.1" 200 22139 "http://mkk.zpok.hu/hirlevel/vonattal1501.html" "Mozilla/5.0 (Windows NT 10.0; WOW64; rv:46.0) Gecko/20100101 Firefox/46.0"
178.48.233.22 - - [02/May/2016:13:25:15 +0200] "GET /hirlevel/images/201501_b.jpg HTTP/1.1" 200 29508 "http://mkk.zpok.hu/hirlevel/vonattal1501.html" "Mozilla/5.0 (Windows NT 10.0; WOW64; rv:46.0) Gecko/20100101 Firefox/46.0"
178.48.233.22 - - [02/May/2016:13:25:15 +0200] "GET /hirlevel/images/201501_c.jpg HTTP/1.1" 200 37209 "http://mkk.zpok.hu/hirlevel/vonattal1501.html" "Mozilla/5.0 (Windows NT 10.0; WOW64; rv:46.0) Gecko/20100101 Firefox/46.0"
178.48.233.22 - - [02/May/2016:13:25:15 +0200] "GET /hirlevel/images/201501_a.jpg HTTP/1.1" 200 37199 "http://mkk.zpok.hu/hirlevel/vonattal1501.html" "Mozilla/5.0 (Windows NT 10.0; WOW64; rv:46.0) Gecko/20100101 Firefox/46.0"
178.48.233.22 - - [02/May/2016:13:25:16 +0200] "GET /hirlevel/images/201501_d.jpg HTTP/1.1" 200 99525 "http://mkk.zpok.hu/hirlevel/vonattal1501.html" "Mozilla/5.0 (Windows NT 10.0; WOW64; rv:46.0) Gecko/20100101 Firefox/46.0"
178.48.233.22 - - [02/May/2016:13:25:17 +0200] "GET /hirlevel/images/vonattal.swf HTTP/1.1" 200 697 "http://mkk.zpok.hu/hirlevel/vonattal1501.html" "Mozilla/5.0 (Windows NT 10.0; WOW64; rv:46.0) Gecko/20100101 Firefox/46.0"
178.48.233.22 - - [02/May/2016:13:25:17 +0200] "GET /favicon.ico HTTP/1.1" 404 1181 "-" "Mozilla/5.0 (Windows NT 10.0; WOW64; rv:46.0) Gecko/20100101 Firefox/46.0"
178.48.233.22 - - [02/May/2016:13:25:17 +0200] "GET /favicon.ico HTTP/1.1" 404 1181 "-" "Mozilla/5.0 (Windows NT 10.0; WOW64; rv:46.0) Gecko/20100101 Firefox/46.0"
195.199.64.209 - - [02/May/2016:13:28:15 +0200] "GET /images/vasutterkep_n.jpg HTTP/1.1" 200 4702972 "https://www.google.hu/" "Mozilla/5.0 (Windows NT 6.3; WOW64) AppleWebKit/537.36 (KHTML, like Gecko) Chrome/49.0.2623.112 Safari/537.36"
88.212.36.54 - - [02/May/2016:13:31:48 +0200] "GET /images/vasutterkep_n.jpg HTTP/1.1" 200 4702972 "https://www.google.sk/" "Mozilla/5.0 (Windows NT 10.0; WOW64) AppleWebKit/537.36 (KHTML, like Gecko) Chrome/49.0.2623.112 Safari/537.36"
85.25.210.234 - - [02/May/2016:13:33:15 +0200] "GET /robots.txt HTTP/1.1" 404 1181 "-" "Mozilla/5.0 (compatible; seoscanners.net/1; +spider@seoscanners.net)"
85.25.210.234 - - [02/May/2016:13:33:15 +0200] "GET /hirlevel/kedvezo_menetrendek_2015-2016.pdf HTTP/1.1" 200 150007 "-" "Mozilla/5.0 (compatible; seoscanners.net/1; +spider@seoscanners.net)"
151.80.31.173 - - [02/May/2016:13:38:00 +0200] "GET / HTTP/1.1" 200 1178 "-" "Mozilla/5.0 (compatible; AhrefsBot/5.1; +http://ahrefs.com/robot/)"
193.225.20.10 - - [02/May/2016:13:40:19 +0200] "GET /images/vasutterkep_n.jpg HTTP/1.1" 200 4702972 "https://www.google.hu" "Mozilla/5.0 (Windows NT 6.1; WOW64; rv:46.0) Gecko/20100101 Firefox/46.0"
66.249.64.206 - - [02/May/2016:13:40:47 +0200] "GET /doc/szigethalom_mobhet_1009.pdf HTTP/1.1" 200 129266 "-" "Mozilla/5.0 (compatible; Googlebot/2.1; +http://www.google.com/bot.html)"
157.55.39.188 - - [02/May/2016:13:41:54 +0200] "GET /hirlevel/hajozas_dunakanyar_1128.pdf HTTP/1.1" 304 - "-" "Mozilla/5.0 (compatible; bingbot/2.0; +http://www.bing.com/bingbot.htm)"
84.236.52.67 - - [02/May/2016:13:47:16 +0200] "GET /favicon.ico HTTP/1.1" 404 1181 "http://mkk.zpok.hu/doc/b2_2012_03.pdf" "Mozilla/5.0 (Windows NT 6.1; WOW64) AppleWebKit/537.36 (KHTML, like Gecko) Chrome/50.0.2661.94 Safari/537.36"
84.236.52.67 - - [02/May/2016:13:47:16 +0200] "GET /doc/b2_2012_03.pdf HTTP/1.1" 200 1080459 "http://www.bakonyvasut.hu/index.php?page=contact.php" "Mozilla/5.0 (Windows NT 6.1; WOW64) AppleWebKit/537.36 (KHTML, like Gecko) Chrome/50.0.2661.94 Safari/537.36"
178.48.176.254 - - [02/May/2016:13:53:14 +0200] "GET /images/vasutterkep_n.jpg HTTP/1.1" 200 1526777 "https://www.google.hu/" "Mozilla/5.0 (Windows NT 5.1) AppleWebKit/537.36 (KHTML, like Gecko) Chrome/49.0.2623.112 Safari/537.36"
194.149.2.66 - - [02/May/2016:13:54:14 +0200] "GET /favicon.ico HTTP/1.1" 404 1181 "http://mkk.zpok.hu/doc/b2_2012_03.pdf" "Mozilla/5.0 (Windows NT 6.1; WOW64) AppleWebKit/537.36 (KHTML, like Gecko) Chrome/49.0.2623.112 Safari/537.36"
194.149.2.66 - - [02/May/2016:13:54:14 +0200] "GET /doc/b2_2012_03.pdf HTTP/1.1" 200 1080459 "http://www.bakonyvasut.hu/index.php" "Mozilla/5.0 (Windows NT 6.1; WOW64) AppleWebKit/537.36 (KHTML, like Gecko) Chrome/49.0.2623.112 Safari/537.36"
85.25.210.234 - - [02/May/2016:13:55:06 +0200] "GET /robots.txt HTTP/1.1" 404 1181 "-" "Mozilla/5.0 (compatible; seoscanners.net/1; +spider@seoscanners.net)"
85.25.210.234 - - [02/May/2016:13:55:06 +0200] "GET /doc/menetrendi-koncepcio_090831.pdf HTTP/1.1" 200 99401 "-" "Mozilla/5.0 (compatible; seoscanners.net/1; +spider@seoscanners.net)"
66.249.64.206 - - [02/May/2016:14:06:16 +0200] "GET /doc/mkk_mobhet_1009.pdf HTTP/1.1" 200 85154 "-" "Mozilla/5.0 (compatible; Googlebot/2.1; +http://www.google.com/bot.html)"
84.0.190.148 - - [02/May/2016:14:09:56 +0200] "GET /hirlevel/UtasforumJegyzokonyv141121.pdf HTTP/1.1" 404 1181 "-" "Mozilla/5.0 (Windows NT 6.1; WOW64) AppleWebKit/537.36 (KHTML, like Gecko) Chrome/49.0.2623.112 Safari/537.36"
84.0.190.148 - - [02/May/2016:14:09:57 +0200] "GET /favicon.ico HTTP/1.1" 404 1181 "http://mkk.zpok.hu/hirlevel/UtasforumJegyzokonyv141121.pdf" "Mozilla/5.0 (Windows NT 6.1; WOW64) AppleWebKit/537.36 (KHTML, like Gecko) Chrome/49.0.2623.112 Safari/537.36"
188.157.215.22 - - [02/May/2016:14:10:23 +0200] "GET /images/vasutterkep_n.jpg HTTP/1.1" 200 4702972 "-" "Mozilla/5.0 (Linux; U; Android 4.2.2; hu-hu; HUAWEI G750-U10 Build/HuaweiG750-U10) AppleWebKit/534.30 (KHTML, like Gecko) Version/4.0 Mobile Safari/534.30 GSA/5.9.33.16.arm"
84.0.190.148 - - [02/May/2016:14:10:31 +0200] "GET /hirlevel/UtasforumJegyzokonyv141121.pdf HTTP/1.1" 404 1181 "-" "Mozilla/5.0 (Windows NT 6.1; WOW64) AppleWebKit/537.36 (KHTML, like Gecko) Chrome/49.0.2623.112 Safari/537.36"
84.0.190.148 - - [02/May/2016:14:10:31 +0200] "GET /favicon.ico HTTP/1.1" 404 1181 "http://www.mkk.zpok.hu/hirlevel/UtasforumJegyzokonyv141121.pdf" "Mozilla/5.0 (Windows NT 6.1; WOW64) AppleWebKit/537.36 (KHTML, like Gecko) Chrome/49.0.2623.112 Safari/537.36"
84.0.190.148 - - [02/May/2016:14:10:54 +0200] "GET / HTTP/1.1" 200 1178 "https://www.google.hu/" "Mozilla/5.0 (Windows NT 6.1; WOW64) AppleWebKit/537.36 (KHTML, like Gecko) Chrome/49.0.2623.112 Safari/537.36"
84.0.190.148 - - [02/May/2016:14:10:59 +0200] "GET /index.swf HTTP/1.1" 200 1451930 "http://www.mkk.zpok.hu/" "Mozilla/5.0 (Windows NT 6.1; WOW64) AppleWebKit/537.36 (KHTML, like Gecko) Chrome/49.0.2623.112 Safari/537.36"
84.0.190.148 - - [02/May/2016:14:11:06 +0200] "GET /popupsys%20elemei/main.txt HTTP/1.1" 200 342 "http://www.mkk.zpok.hu/" "Mozilla/5.0 (Windows NT 6.1; WOW64) AppleWebKit/537.36 (KHTML, like Gecko) Chrome/49.0.2623.112 Safari/537.36"
84.0.190.148 - - [02/May/2016:14:11:07 +0200] "GET /hirek.xml HTTP/1.1" 200 50849 "http://www.mkk.zpok.hu/" "Mozilla/5.0 (Windows NT 6.1; WOW64) AppleWebKit/537.36 (KHTML, like Gecko) Chrome/49.0.2623.112 Safari/537.36"
84.0.190.148 - - [02/May/2016:14:13:00 +0200] "GET /hirlevel/vonattal1402.html HTTP/1.1" 200 54994 "http://www.mkk.zpok.hu/" "Mozilla/5.0 (Windows NT 6.1; WOW64) AppleWebKit/537.36 (KHTML, like Gecko) Chrome/49.0.2623.112 Safari/537.36"
84.0.190.148 - - [02/May/2016:14:13:00 +0200] "GET /hirlevel/images/Videkfejlesztesi_miniszterium-P-arany.jpg HTTP/1.1" 200 10497 "http://mkk.zpok.hu/hirlevel/vonattal1402.html" "Mozilla/5.0 (Windows NT 6.1; WOW64) AppleWebKit/537.36 (KHTML, like Gecko) Chrome/49.0.2623.112 Safari/537.36"
84.0.190.148 - - [02/May/2016:14:13:00 +0200] "GET /hirlevel/images/nea_fobutton_uj.png HTTP/1.1" 200 8113 "http://mkk.zpok.hu/hirlevel/vonattal1402.html" "Mozilla/5.0 (Windows NT 6.1; WOW64) AppleWebKit/537.36 (KHTML, like Gecko) Chrome/49.0.2623.112 Safari/537.36"
84.0.190.148 - - [02/May/2016:14:13:00 +0200] "GET /hirlevel/images/1402_2.png HTTP/1.1" 200 91369 "http://mkk.zpok.hu/hirlevel/vonattal1402.html" "Mozilla/5.0 (Windows NT 6.1; WOW64) AppleWebKit/537.36 (KHTML, like Gecko) Chrome/49.0.2623.112 Safari/537.36"
84.0.190.148 - - [02/May/2016:14:13:00 +0200] "GET /hirlevel/images/Okotars_fekvo_szines.jpg HTTP/1.1" 200 98627 "http://mkk.zpok.hu/hirlevel/vonattal1402.html" "Mozilla/5.0 (Windows NT 6.1; WOW64) AppleWebKit/537.36 (KHTML, like Gecko) Chrome/49.0.2623.112 Safari/537.36"
84.0.190.148 - - [02/May/2016:14:13:00 +0200] "GET /hirlevel/images/1402_1.png HTTP/1.1" 200 401408 "http://mkk.zpok.hu/hirlevel/vonattal1402.html" "Mozilla/5.0 (Windows NT 6.1; WOW64) AppleWebKit/537.36 (KHTML, like Gecko) Chrome/49.0.2623.112 Safari/537.36"
84.0.190.148 - - [02/May/2016:14:13:01 +0200] "GET /hirlevel/images/vonattal.swf HTTP/1.1" 200 697 "http://mkk.zpok.hu/hirlevel/vonattal1402.html" "Mozilla/5.0 (Windows NT 6.1; WOW64) AppleWebKit/537.36 (KHTML, like Gecko) Chrome/49.0.2623.112 Safari/537.36"
84.0.190.148 - - [02/May/2016:14:13:18 +0200] "GET /hirlevel/vonattal1409.html HTTP/1.1" 200 32865 "http://www.mkk.zpok.hu/" "Mozilla/5.0 (Windows NT 6.1; WOW64) AppleWebKit/537.36 (KHTML, like Gecko) Chrome/49.0.2623.112 Safari/537.36"
