178.154.171.18 - - [29/Jun/2019:01:44:36 +0200] "GET /robots.txt HTTP/1.1" 301 319 "-" "Mozilla/5.0 (compatible; YandexBot/3.0; +http://yandex.com/bots)"
178.154.171.90 - - [29/Jun/2019:01:44:41 +0200] "GET /robots.txt HTTP/1.1" 301 319 "-" "Mozilla/5.0 (compatible; YandexBot/3.0; +http://yandex.com/bots)"
213.180.203.45 - - [29/Jun/2019:01:44:47 +0200] "GET /robots.txt HTTP/1.1" 301 319 "-" "Mozilla/5.0 (compatible; YandexBot/3.0; +http://yandex.com/bots)"
213.180.203.28 - - [29/Jun/2019:01:45:02 +0200] "GET /robots.txt HTTP/1.1" 301 319 "-" "Mozilla/5.0 (compatible; YandexBot/3.0; +http://yandex.com/bots)"
141.8.132.23 - - [29/Jun/2019:01:45:17 +0200] "GET /robots.txt HTTP/1.1" 301 319 "-" "Mozilla/5.0 (compatible; YandexBot/3.0; +http://yandex.com/bots)"
141.8.142.136 - - [29/Jun/2019:01:45:47 +0200] "GET /robots.txt HTTP/1.1" 301 319 "-" "Mozilla/5.0 (compatible; YandexBot/3.0; +http://yandex.com/bots)"
141.8.142.160 - - [29/Jun/2019:01:46:48 +0200] "GET /robots.txt HTTP/1.1" 301 319 "-" "Mozilla/5.0 (compatible; YandexBot/3.0; +http://yandex.com/bots)"
178.154.200.63 - - [29/Jun/2019:01:47:48 +0200] "GET /robots.txt HTTP/1.1" 301 319 "-" "Mozilla/5.0 (compatible; YandexBot/3.0; +http://yandex.com/bots)"
5.45.207.30 - - [29/Jun/2019:01:49:48 +0200] "GET /robots.txt HTTP/1.1" 301 319 "-" "Mozilla/5.0 (compatible; YandexBot/3.0; +http://yandex.com/bots)"
178.154.200.70 - - [29/Jun/2019:01:52:49 +0200] "GET /robots.txt HTTP/1.1" 301 319 "-" "Mozilla/5.0 (compatible; YandexBot/3.0; +http://yandex.com/bots)"
5.45.207.39 - - [29/Jun/2019:01:57:49 +0200] "GET /robots.txt HTTP/1.1" 301 319 "-" "Mozilla/5.0 (compatible; YandexBot/3.0; +http://yandex.com/bots)"
207.46.13.60 - - [29/Jun/2019:02:00:02 +0200] "GET /doc/b2_2012_03.pdf HTTP/1.1" 301 327 "-" "Mozilla/5.0 (compatible; bingbot/2.0; +http://www.bing.com/bingbot.htm)"
141.8.132.36 - - [29/Jun/2019:02:05:49 +0200] "GET /robots.txt HTTP/1.1" 301 319 "-" "Mozilla/5.0 (compatible; YandexBot/3.0; +http://yandex.com/bots)"
178.154.200.34 - - [29/Jun/2019:02:15:49 +0200] "GET /robots.txt HTTP/1.1" 301 319 "-" "Mozilla/5.0 (compatible; YandexBot/3.0; +http://yandex.com/bots)"
37.9.113.24 - - [29/Jun/2019:02:25:50 +0200] "GET /robots.txt HTTP/1.1" 301 319 "-" "Mozilla/5.0 (compatible; YandexBot/3.0; +http://yandex.com/bots)"
93.158.166.3 - - [29/Jun/2019:02:35:50 +0200] "GET /robots.txt HTTP/1.1" 301 319 "-" "Mozilla/5.0 (compatible; YandexBot/3.0; +http://yandex.com/bots)"
141.8.183.17 - - [29/Jun/2019:02:45:51 +0200] "GET /robots.txt HTTP/1.1" 301 319 "-" "Mozilla/5.0 (compatible; YandexBot/3.0; +http://yandex.com/bots)"
141.8.183.17 - - [29/Jun/2019:02:55:52 +0200] "GET /robots.txt HTTP/1.1" 301 319 "-" "Mozilla/5.0 (compatible; YandexBot/3.0; +http://yandex.com/bots)"
141.8.183.17 - - [29/Jun/2019:03:05:53 +0200] "GET /robots.txt HTTP/1.1" 301 319 "-" "Mozilla/5.0 (compatible; YandexBot/3.0; +http://yandex.com/bots)"
141.8.183.17 - - [29/Jun/2019:03:15:54 +0200] "GET /robots.txt HTTP/1.1" 301 319 "-" "Mozilla/5.0 (compatible; YandexBot/3.0; +http://yandex.com/bots)"
141.8.183.17 - - [29/Jun/2019:03:25:55 +0200] "GET /robots.txt HTTP/1.1" 301 319 "-" "Mozilla/5.0 (compatible; YandexBot/3.0; +http://yandex.com/bots)"
141.8.183.17 - - [29/Jun/2019:03:35:55 +0200] "GET /robots.txt HTTP/1.1" 301 319 "-" "Mozilla/5.0 (compatible; YandexBot/3.0; +http://yandex.com/bots)"
141.8.183.17 - - [29/Jun/2019:03:45:56 +0200] "GET /robots.txt HTTP/1.1" 301 319 "-" "Mozilla/5.0 (compatible; YandexBot/3.0; +http://yandex.com/bots)"
207.46.13.60 - - [29/Jun/2019:03:51:14 +0200] "GET /doc/vasuttal-budapest-kornyeken.pdf HTTP/1.1" 301 344 "-" "Mozilla/5.0 (compatible; bingbot/2.0; +http://www.bing.com/bingbot.htm)"
141.8.183.17 - - [29/Jun/2019:03:55:56 +0200] "GET /robots.txt HTTP/1.1" 301 319 "-" "Mozilla/5.0 (compatible; YandexBot/3.0; +http://yandex.com/bots)"
207.46.13.106 - - [29/Jun/2019:04:13:14 +0200] "GET /doc/T&E_junius2009.pdf HTTP/1.1" 301 339 "-" "Mozilla/5.0 (compatible; bingbot/2.0; +http://www.bing.com/bingbot.htm)"
207.46.13.60 - - [29/Jun/2019:04:16:25 +0200] "GET / HTTP/1.1" 301 313 "-" "Mozilla/5.0 (iPhone; CPU iPhone OS 7_0 like Mac OS X) AppleWebKit/537.51.1 (KHTML, like Gecko) Version/7.0 Mobile/11A465 Safari/9537.53 (compatible; bingbot/2.0; +http://www.bing.com/bingbot.htm)"
46.229.168.129 - - [29/Jun/2019:04:17:14 +0200] "GET /robots.txt HTTP/1.1" 301 319 "-" "Mozilla/5.0 (compatible; SemrushBot/3~bl; +http://www.semrush.com/bot.html)"
46.229.168.146 - - [29/Jun/2019:04:17:14 +0200] "GET /hirlevel/vonattal1101-02.htm HTTP/1.1" 301 337 "-" "Mozilla/5.0 (compatible; SemrushBot/3~bl; +http://www.semrush.com/bot.html)"
141.8.183.17 - - [29/Jun/2019:04:20:15 +0200] "GET /robots.txt HTTP/1.1" 301 323 "-" "Mozilla/5.0 (compatible; YandexBot/3.0; +http://yandex.com/bots)"
5.255.253.13 - - [29/Jun/2019:04:20:20 +0200] "GET /robots.txt HTTP/1.1" 301 323 "-" "Mozilla/5.0 (compatible; YandexBot/3.0; +http://yandex.com/bots)"
93.158.166.3 - - [29/Jun/2019:04:20:25 +0200] "GET /robots.txt HTTP/1.1" 301 323 "-" "Mozilla/5.0 (compatible; YandexBot/3.0; +http://yandex.com/bots)"
178.154.200.17 - - [29/Jun/2019:04:20:31 +0200] "GET /robots.txt HTTP/1.1" 301 323 "-" "Mozilla/5.0 (compatible; YandexBot/3.0; +http://yandex.com/bots)"
213.180.203.45 - - [29/Jun/2019:04:20:46 +0200] "GET /robots.txt HTTP/1.1" 301 323 "-" "Mozilla/5.0 (compatible; YandexBot/3.0; +http://yandex.com/bots)"
141.8.142.171 - - [29/Jun/2019:04:21:01 +0200] "GET /robots.txt HTTP/1.1" 301 323 "-" "Mozilla/5.0 (compatible; YandexBot/3.0; +http://yandex.com/bots)"
5.45.207.72 - - [29/Jun/2019:04:21:31 +0200] "GET /robots.txt HTTP/1.1" 301 323 "-" "Mozilla/5.0 (compatible; YandexBot/3.0; +http://yandex.com/bots)"
37.9.113.195 - - [29/Jun/2019:04:22:31 +0200] "GET /robots.txt HTTP/1.1" 301 323 "-" "Mozilla/5.0 (compatible; YandexBot/3.0; +http://yandex.com/bots)"
141.8.142.136 - - [29/Jun/2019:04:23:31 +0200] "GET /robots.txt HTTP/1.1" 301 323 "-" "Mozilla/5.0 (compatible; YandexBot/3.0; +http://yandex.com/bots)"
95.108.181.88 - - [29/Jun/2019:04:25:32 +0200] "GET /robots.txt HTTP/1.1" 301 323 "-" "Mozilla/5.0 (compatible; YandexBot/3.0; +http://yandex.com/bots)"
178.154.200.63 - - [29/Jun/2019:04:28:32 +0200] "GET /robots.txt HTTP/1.1" 301 323 "-" "Mozilla/5.0 (compatible; YandexBot/3.0; +http://yandex.com/bots)"
5.45.207.30 - - [29/Jun/2019:04:33:32 +0200] "GET /robots.txt HTTP/1.1" 301 323 "-" "Mozilla/5.0 (compatible; YandexBot/3.0; +http://yandex.com/bots)"
5.45.207.39 - - [29/Jun/2019:04:41:32 +0200] "GET /robots.txt HTTP/1.1" 301 323 "-" "Mozilla/5.0 (compatible; YandexBot/3.0; +http://yandex.com/bots)"
141.8.142.195 - - [29/Jun/2019:04:51:32 +0200] "GET /robots.txt HTTP/1.1" 301 323 "-" "Mozilla/5.0 (compatible; YandexBot/3.0; +http://yandex.com/bots)"
178.154.171.18 - - [29/Jun/2019:05:01:33 +0200] "GET /robots.txt HTTP/1.1" 301 323 "-" "Mozilla/5.0 (compatible; YandexBot/3.0; +http://yandex.com/bots)"
5.255.253.13 - - [29/Jun/2019:05:11:33 +0200] "GET /robots.txt HTTP/1.1" 301 323 "-" "Mozilla/5.0 (compatible; YandexBot/3.0; +http://yandex.com/bots)"
141.8.183.17 - - [29/Jun/2019:05:21:33 +0200] "GET /robots.txt HTTP/1.1" 301 323 "-" "Mozilla/5.0 (compatible; YandexBot/3.0; +http://yandex.com/bots)"
141.8.183.17 - - [29/Jun/2019:05:31:33 +0200] "GET /robots.txt HTTP/1.1" 301 323 "-" "Mozilla/5.0 (compatible; YandexBot/3.0; +http://yandex.com/bots)"
141.8.183.17 - - [29/Jun/2019:05:41:33 +0200] "GET /robots.txt HTTP/1.1" 301 323 "-" "Mozilla/5.0 (compatible; YandexBot/3.0; +http://yandex.com/bots)"
141.8.183.17 - - [29/Jun/2019:05:51:34 +0200] "GET /robots.txt HTTP/1.1" 301 323 "-" "Mozilla/5.0 (compatible; YandexBot/3.0; +http://yandex.com/bots)"
141.8.183.17 - - [29/Jun/2019:06:01:34 +0200] "GET /robots.txt HTTP/1.1" 301 323 "-" "Mozilla/5.0 (compatible; YandexBot/3.0; +http://yandex.com/bots)"
141.8.183.17 - - [29/Jun/2019:06:11:34 +0200] "GET /robots.txt HTTP/1.1" 301 323 "-" "Mozilla/5.0 (compatible; YandexBot/3.0; +http://yandex.com/bots)"
141.8.183.17 - - [29/Jun/2019:06:21:34 +0200] "GET /robots.txt HTTP/1.1" 301 323 "-" "Mozilla/5.0 (compatible; YandexBot/3.0; +http://yandex.com/bots)"
141.8.183.17 - - [29/Jun/2019:06:31:35 +0200] "GET /robots.txt HTTP/1.1" 301 323 "-" "Mozilla/5.0 (compatible; YandexBot/3.0; +http://yandex.com/bots)"
141.8.183.17 - - [29/Jun/2019:06:41:35 +0200] "GET /robots.txt HTTP/1.1" 301 323 "-" "Mozilla/5.0 (compatible; YandexBot/3.0; +http://yandex.com/bots)"
141.8.183.17 - - [29/Jun/2019:06:51:35 +0200] "GET /robots.txt HTTP/1.1" 301 323 "-" "Mozilla/5.0 (compatible; YandexBot/3.0; +http://yandex.com/bots)"
141.8.183.17 - - [29/Jun/2019:07:01:35 +0200] "GET /robots.txt HTTP/1.1" 301 323 "-" "Mozilla/5.0 (compatible; YandexBot/3.0; +http://yandex.com/bots)"
141.8.183.17 - - [29/Jun/2019:07:11:35 +0200] "GET /robots.txt HTTP/1.1" 301 323 "-" "Mozilla/5.0 (compatible; YandexBot/3.0; +http://yandex.com/bots)"
141.8.183.17 - - [29/Jun/2019:07:21:35 +0200] "GET /robots.txt HTTP/1.1" 301 323 "-" "Mozilla/5.0 (compatible; YandexBot/3.0; +http://yandex.com/bots)"
178.255.215.87 - - [29/Jun/2019:07:54:12 +0200] "GET /robots.txt HTTP/1.1" 301 319 "-" "Mozilla/5.0 (compatible; Exabot/3.0; +http://www.exabot.com/go/robot)"
178.255.215.87 - - [29/Jun/2019:07:54:13 +0200] "GET / HTTP/1.1" 301 309 "-" "Mozilla/5.0 (compatible; Exabot/3.0; +http://www.exabot.com/go/robot)"
66.249.69.148 - - [29/Jun/2019:08:01:31 +0200] "GET /robots.txt HTTP/1.1" 301 319 "-" "Mozilla/5.0 (compatible; Googlebot/2.1; +http://www.google.com/bot.html)"
66.249.69.148 - - [29/Jun/2019:08:01:31 +0200] "GET / HTTP/1.1" 301 309 "-" "Mozilla/5.0 (Linux; Android 6.0.1; Nexus 5X Build/MMB29P) AppleWebKit/537.36 (KHTML, like Gecko) Chrome/41.0.2272.96 Mobile Safari/537.36 (compatible; Googlebot/2.1; +http://www.google.com/bot.html)"
66.249.69.94 - - [29/Jun/2019:08:40:19 +0200] "GET /robots.txt HTTP/1.1" 301 323 "-" "Mozilla/5.0 (compatible; Googlebot/2.1; +http://www.google.com/bot.html)"
66.249.69.94 - - [29/Jun/2019:08:40:19 +0200] "GET / HTTP/1.1" 301 313 "-" "Mozilla/5.0 (compatible; Googlebot/2.1; +http://www.google.com/bot.html)"
77.75.78.166 - - [29/Jun/2019:09:06:23 +0200] "GET /robots.txt HTTP/1.1" 301 319 "-" "Mozilla/5.0 (compatible; SeznamBot/3.2; +http://napoveda.seznam.cz/en/seznambot-intro/)"
77.75.78.166 - - [29/Jun/2019:09:06:24 +0200] "GET /doc/b2_2010.pdf HTTP/1.1" 301 324 "-" "Mozilla/5.0 (compatible; SeznamBot/3.2; +http://napoveda.seznam.cz/en/seznambot-intro/)"
162.208.51.23 - - [29/Jun/2019:09:27:16 +0200] "GET /doc/PusztaTura_201101.pdf HTTP/1.1" 301 334 "-" "Mozilla/5.0 (Windows; U; Windows NT 6.1; rv:2.2) Gecko/20110201"
51.15.191.178 - - [29/Jun/2019:10:14:38 +0200] "GET /robots.txt HTTP/1.1" 301 319 "-" "Barkrowler/0.9 (+http://www.exensa.com/crawl)"
51.15.191.178 - - [29/Jun/2019:12:14:42 +0200] "GET /hirlevel/vonattal1503.html HTTP/1.1" 301 335 "-" "Barkrowler/0.9 (+http://www.exensa.com/crawl)"
51.15.191.178 - - [29/Jun/2019:12:15:02 +0200] "GET /hirlevel/vonattal1304.html HTTP/1.1" 301 335 "-" "Barkrowler/0.9 (+http://www.exensa.com/crawl)"
51.15.191.178 - - [29/Jun/2019:12:15:23 +0200] "GET /hirlevel/vonattal1209.htm HTTP/1.1" 301 334 "-" "Barkrowler/0.9 (+http://www.exensa.com/crawl)"
35.225.184.177 - - [29/Jun/2019:12:49:59 +0200] "GET / HTTP/1.1" 301 309 "-" "Mozilla/5.0 (X11; Linux x86_64) AppleWebKit/537.36 (KHTML, like Gecko) Chrome/77.0.3839.0 Safari/537.36"
178.154.171.90 - - [29/Jun/2019:12:52:37 +0200] "GET /robots.txt HTTP/1.1" 301 323 "-" "Mozilla/5.0 (compatible; YandexBot/3.0; +http://yandex.com/bots)"
141.8.132.36 - - [29/Jun/2019:12:52:43 +0200] "GET /robots.txt HTTP/1.1" 301 323 "-" "Mozilla/5.0 (compatible; YandexBot/3.0; +http://yandex.com/bots)"
178.154.171.18 - - [29/Jun/2019:12:52:48 +0200] "GET /robots.txt HTTP/1.1" 301 323 "-" "Mozilla/5.0 (compatible; YandexBot/3.0; +http://yandex.com/bots)"
93.158.166.3 - - [29/Jun/2019:12:52:53 +0200] "GET /robots.txt HTTP/1.1" 301 323 "-" "Mozilla/5.0 (compatible; YandexBot/3.0; +http://yandex.com/bots)"
87.250.224.88 - - [29/Jun/2019:12:53:09 +0200] "GET /robots.txt HTTP/1.1" 301 323 "-" "Mozilla/5.0 (compatible; YandexBot/3.0; +http://yandex.com/bots)"
95.108.181.78 - - [29/Jun/2019:12:53:24 +0200] "GET /robots.txt HTTP/1.1" 301 323 "-" "Mozilla/5.0 (compatible; YandexBot/3.0; +http://yandex.com/bots)"
141.8.183.17 - - [29/Jun/2019:12:53:56 +0200] "GET /robots.txt HTTP/1.1" 301 323 "-" "Mozilla/5.0 (compatible; YandexBot/3.0; +http://yandex.com/bots)"
37.9.113.105 - - [29/Jun/2019:12:54:56 +0200] "GET /robots.txt HTTP/1.1" 301 323 "-" "Mozilla/5.0 (compatible; YandexBot/3.0; +http://yandex.com/bots)"
37.9.113.195 - - [29/Jun/2019:12:55:57 +0200] "GET /robots.txt HTTP/1.1" 301 323 "-" "Mozilla/5.0 (compatible; YandexBot/3.0; +http://yandex.com/bots)"
95.108.213.6 - - [29/Jun/2019:12:57:59 +0200] "GET /robots.txt HTTP/1.1" 301 323 "-" "Mozilla/5.0 (compatible; YandexBot/3.0; +http://yandex.com/bots)"
95.108.213.22 - - [29/Jun/2019:13:01:00 +0200] "GET /robots.txt HTTP/1.1" 301 323 "-" "Mozilla/5.0 (compatible; YandexBot/3.0; +http://yandex.com/bots)"
178.154.200.36 - - [29/Jun/2019:13:06:01 +0200] "GET /robots.txt HTTP/1.1" 301 323 "-" "Mozilla/5.0 (compatible; YandexBot/3.0; +http://yandex.com/bots)"
95.108.213.35 - - [29/Jun/2019:13:14:01 +0200] "GET /robots.txt HTTP/1.1" 301 323 "-" "Mozilla/5.0 (compatible; YandexBot/3.0; +http://yandex.com/bots)"
5.45.207.35 - - [29/Jun/2019:13:24:01 +0200] "GET /robots.txt HTTP/1.1" 301 323 "-" "Mozilla/5.0 (compatible; YandexBot/3.0; +http://yandex.com/bots)"
94.21.114.0 - - [29/Jun/2019:13:28:10 +0200] "GET /doc/mkk_eger_tanulmany_2014.pdf HTTP/1.1" 301 340 "https://www.google.com/" "Mozilla/5.0 (Linux; Android 6.0.1; Lenovo YT3-850M Build/MMB29M) AppleWebKit/537.36 (KHTML, like Gecko) Chrome/54.0.2840.85 Safari/537.36"
31.13.127.1 - - [29/Jun/2019:13:29:04 +0200] "GET /mkk_banner.png HTTP/1.1" 301 327 "-" "facebookexternalhit/1.1 (+http://www.facebook.com/externalhit_uatext.php)"
95.108.213.21 - - [29/Jun/2019:13:34:01 +0200] "GET /robots.txt HTTP/1.1" 301 323 "-" "Mozilla/5.0 (compatible; YandexBot/3.0; +http://yandex.com/bots)"
157.55.39.188 - - [29/Jun/2019:13:38:40 +0200] "GET /robots.txt HTTP/1.1" 301 323 "-" "Mozilla/5.0 (compatible; bingbot/2.0; +http://www.bing.com/bingbot.htm)"
157.55.39.232 - - [29/Jun/2019:13:38:43 +0200] "GET /doc/b2_2010.pdf HTTP/1.1" 301 328 "-" "Mozilla/5.0 (compatible; bingbot/2.0; +http://www.bing.com/bingbot.htm)"
37.9.113.151 - - [29/Jun/2019:13:44:01 +0200] "GET /robots.txt HTTP/1.1" 301 323 "-" "Mozilla/5.0 (compatible; YandexBot/3.0; +http://yandex.com/bots)"
141.8.132.23 - - [29/Jun/2019:13:54:02 +0200] "GET /robots.txt HTTP/1.1" 301 323 "-" "Mozilla/5.0 (compatible; YandexBot/3.0; +http://yandex.com/bots)"
157.55.39.232 - - [29/Jun/2019:13:58:42 +0200] "GET /doc/kelenfold_1009.pdf HTTP/1.1" 301 335 "-" "Mozilla/5.0 (compatible; bingbot/2.0; +http://www.bing.com/bingbot.htm)"
141.8.183.17 - - [29/Jun/2019:14:04:04 +0200] "GET /robots.txt HTTP/1.1" 301 323 "-" "Mozilla/5.0 (compatible; YandexBot/3.0; +http://yandex.com/bots)"
178.154.171.90 - - [29/Jun/2019:14:14:06 +0200] "GET /robots.txt HTTP/1.1" 301 323 "-" "Mozilla/5.0 (compatible; YandexBot/3.0; +http://yandex.com/bots)"
141.8.183.17 - - [29/Jun/2019:14:24:08 +0200] "GET /robots.txt HTTP/1.1" 301 323 "-" "Mozilla/5.0 (compatible; YandexBot/3.0; +http://yandex.com/bots)"
141.8.183.17 - - [29/Jun/2019:14:34:11 +0200] "GET /robots.txt HTTP/1.1" 301 323 "-" "Mozilla/5.0 (compatible; YandexBot/3.0; +http://yandex.com/bots)"
40.77.167.139 - - [29/Jun/2019:14:43:56 +0200] "GET /doc/alapsz03.pdf HTTP/1.1" 301 329 "-" "Mozilla/5.0 (iPhone; CPU iPhone OS 7_0 like Mac OS X) AppleWebKit/537.51.1 (KHTML, like Gecko) Version/7.0 Mobile/11A465 Safari/9537.53 (compatible; bingbot/2.0; +http://www.bing.com/bingbot.htm)"
178.154.171.90 - - [29/Jun/2019:14:44:12 +0200] "GET /robots.txt HTTP/1.1" 301 323 "-" "Mozilla/5.0 (compatible; YandexBot/3.0; +http://yandex.com/bots)"
5.9.104.30 - - [29/Jun/2019:14:48:29 +0200] "HEAD /doc/80_sln_su.pdf HTTP/1.1" 301 0 "-" "Apache-HttpClient/4.5.7 (Java/11.0.3)"
5.9.104.30 - - [29/Jun/2019:14:48:29 +0200] "HEAD /doc/allasf_091027.pdf HTTP/1.1" 301 0 "-" "Apache-HttpClient/4.5.7 (Java/11.0.3)"
141.8.183.17 - - [29/Jun/2019:14:54:14 +0200] "GET /robots.txt HTTP/1.1" 301 323 "-" "Mozilla/5.0 (compatible; YandexBot/3.0; +http://yandex.com/bots)"
178.154.171.90 - - [29/Jun/2019:15:04:15 +0200] "GET /robots.txt HTTP/1.1" 301 323 "-" "Mozilla/5.0 (compatible; YandexBot/3.0; +http://yandex.com/bots)"
40.77.167.208 - - [29/Jun/2019:15:05:37 +0200] "GET /doc/hatarmenti_infrastruktura.pdf HTTP/1.1" 301 346 "-" "Mozilla/5.0 (compatible; bingbot/2.0; +http://www.bing.com/bingbot.htm)"
178.154.171.90 - - [29/Jun/2019:15:14:15 +0200] "GET /robots.txt HTTP/1.1" 301 323 "-" "Mozilla/5.0 (compatible; YandexBot/3.0; +http://yandex.com/bots)"
141.8.183.17 - - [29/Jun/2019:15:24:17 +0200] "GET /robots.txt HTTP/1.1" 301 323 "-" "Mozilla/5.0 (compatible; YandexBot/3.0; +http://yandex.com/bots)"
141.8.183.17 - - [29/Jun/2019:15:34:20 +0200] "GET /robots.txt HTTP/1.1" 301 323 "-" "Mozilla/5.0 (compatible; YandexBot/3.0; +http://yandex.com/bots)"
141.8.183.17 - - [29/Jun/2019:15:44:23 +0200] "GET /robots.txt HTTP/1.1" 301 323 "-" "Mozilla/5.0 (compatible; YandexBot/3.0; +http://yandex.com/bots)"
141.8.183.17 - - [29/Jun/2019:15:54:26 +0200] "GET /robots.txt HTTP/1.1" 301 323 "-" "Mozilla/5.0 (compatible; YandexBot/3.0; +http://yandex.com/bots)"
40.77.167.139 - - [29/Jun/2019:16:20:51 +0200] "GET /doc/bevasar.pdf HTTP/1.1" 301 328 "-" "Mozilla/5.0 (iPhone; CPU iPhone OS 7_0 like Mac OS X) AppleWebKit/537.51.1 (KHTML, like Gecko) Version/7.0 Mobile/11A465 Safari/9537.53 (compatible; bingbot/2.0; +http://www.bing.com/bingbot.htm)"
40.77.167.208 - - [29/Jun/2019:18:03:01 +0200] "GET /doc/varos-videk.vasut_2009.pdf HTTP/1.1" 301 339 "-" "Mozilla/5.0 (iPhone; CPU iPhone OS 7_0 like Mac OS X) AppleWebKit/537.51.1 (KHTML, like Gecko) Version/7.0 Mobile/11A465 Safari/9537.53 (compatible; bingbot/2.0; +http://www.bing.com/bingbot.htm)"
207.46.13.113 - - [29/Jun/2019:18:52:12 +0200] "GET /doc/westtakt_final_20160405.pdf HTTP/1.1" 301 344 "-" "Mozilla/5.0 (iPhone; CPU iPhone OS 7_0 like Mac OS X) AppleWebKit/537.51.1 (KHTML, like Gecko) Version/7.0 Mobile/11A465 Safari/9537.53 (compatible; bingbot/2.0; +http://www.bing.com/bingbot.htm)"
40.77.167.70 - - [29/Jun/2019:19:41:39 +0200] "GET /doc/kerparoskozlekedes.pdf HTTP/1.1" 301 335 "-" "Mozilla/5.0 (iPhone; CPU iPhone OS 7_0 like Mac OS X) AppleWebKit/537.51.1 (KHTML, like Gecko) Version/7.0 Mobile/11A465 Safari/9537.53 (compatible; bingbot/2.0; +http://www.bing.com/bingbot.htm)"
80.98.1.234 - - [29/Jun/2019:20:38:00 +0200] "GET /hirlevel/vonattal1207.htm HTTP/1.1" 301 334 "http://www.vasutallomasok.hu/allomas.php?az=toka" "Mozilla/5.0 (Windows NT 6.3; WOW64) AppleWebKit/537.36 (KHTML, like Gecko) Chrome/58.0.3029.81 Safari/537.36"
207.46.13.113 - - [29/Jun/2019:20:50:39 +0200] "GET /doc/allomasok_kepes_osszefoglaloja.pdf HTTP/1.1" 301 347 "-" "Mozilla/5.0 (iPhone; CPU iPhone OS 7_0 like Mac OS X) AppleWebKit/537.51.1 (KHTML, like Gecko) Version/7.0 Mobile/11A465 Safari/9537.53 (compatible; bingbot/2.0; +http://www.bing.com/bingbot.htm)"
84.1.55.124 - - [29/Jun/2019:21:16:21 +0200] "GET / HTTP/1.1" 301 313 "-" "Mozilla/5.0 (Windows NT 6.1; Win64; x64) AppleWebKit/537.36 (KHTML, like Gecko) Chrome/73.0.3683.103 Safari/537.36 OPR/60.0.3255.170"
173.252.127.42 - - [29/Jun/2019:21:35:59 +0200] "HEAD / HTTP/1.1" 301 0 "-" "facebookexternalhit/1.1 (+http://www.facebook.com/externalhit_uatext.php)"
137.117.178.120 - - [29/Jun/2019:22:03:16 +0200] "POST /xmlrpc.php HTTP/1.1" 301 323 "-" "Mozilla/5.0 (Macintosh; U; Intel Mac OS X 10.6; fr; rv:1.9.2.8) Gecko/20100722 Firefox/3.6.8"
137.117.178.120 - - [29/Jun/2019:22:03:16 +0200] "POST /blog/xmlrpc.php HTTP/1.1" 301 328 "-" "Mozilla/5.0 (Macintosh; U; Intel Mac OS X 10.6; fr; rv:1.9.2.8) Gecko/20100722 Firefox/3.6.8"
207.46.13.114 - - [29/Jun/2019:23:06:57 +0200] "GET /doc/hu_aps_positivbeispiele_aufl2_070622_klein.pdf HTTP/1.1" 301 363 "-" "Mozilla/5.0 (iPhone; CPU iPhone OS 7_0 like Mac OS X) AppleWebKit/537.51.1 (KHTML, like Gecko) Version/7.0 Mobile/11A465 Safari/9537.53 (compatible; bingbot/2.0; +http://www.bing.com/bingbot.htm)"
141.8.183.17 - - [30/Jun/2019:00:02:09 +0200] "GET /robots.txt HTTP/1.1" 301 323 "-" "Mozilla/5.0 (compatible; YandexBot/3.0; +http://yandex.com/bots)"
178.154.171.90 - - [30/Jun/2019:00:02:15 +0200] "GET /robots.txt HTTP/1.1" 301 323 "-" "Mozilla/5.0 (compatible; YandexBot/3.0; +http://yandex.com/bots)"
141.8.132.36 - - [30/Jun/2019:00:02:20 +0200] "GET /robots.txt HTTP/1.1" 301 323 "-" "Mozilla/5.0 (compatible; YandexBot/3.0; +http://yandex.com/bots)"
178.154.200.11 - - [30/Jun/2019:00:02:25 +0200] "GET /robots.txt HTTP/1.1" 301 323 "-" "Mozilla/5.0 (compatible; YandexBot/3.0; +http://yandex.com/bots)"
37.9.113.24 - - [30/Jun/2019:00:02:41 +0200] "GET /robots.txt HTTP/1.1" 301 323 "-" "Mozilla/5.0 (compatible; YandexBot/3.0; +http://yandex.com/bots)"
95.108.213.6 - - [30/Jun/2019:00:02:59 +0200] "GET /robots.txt HTTP/1.1" 301 323 "-" "Mozilla/5.0 (compatible; YandexBot/3.0; +http://yandex.com/bots)"
141.8.132.18 - - [30/Jun/2019:00:03:31 +0200] "GET /robots.txt HTTP/1.1" 301 323 "-" "Mozilla/5.0 (compatible; YandexBot/3.0; +http://yandex.com/bots)"
141.8.183.205 - - [30/Jun/2019:00:04:31 +0200] "GET /robots.txt HTTP/1.1" 301 323 "-" "Mozilla/5.0 (compatible; YandexBot/3.0; +http://yandex.com/bots)"
37.9.113.75 - - [30/Jun/2019:00:05:32 +0200] "GET /robots.txt HTTP/1.1" 301 323 "-" "Mozilla/5.0 (compatible; YandexBot/3.0; +http://yandex.com/bots)"
37.9.113.118 - - [30/Jun/2019:00:07:32 +0200] "GET /robots.txt HTTP/1.1" 301 323 "-" "Mozilla/5.0 (compatible; YandexBot/3.0; +http://yandex.com/bots)"
95.108.213.35 - - [30/Jun/2019:00:10:32 +0200] "GET /robots.txt HTTP/1.1" 301 323 "-" "Mozilla/5.0 (compatible; YandexBot/3.0; +http://yandex.com/bots)"
37.9.113.87 - - [30/Jun/2019:00:15:32 +0200] "GET /robots.txt HTTP/1.1" 301 323 "-" "Mozilla/5.0 (compatible; YandexBot/3.0; +http://yandex.com/bots)"
95.108.213.21 - - [30/Jun/2019:00:23:32 +0200] "GET /robots.txt HTTP/1.1" 301 323 "-" "Mozilla/5.0 (compatible; YandexBot/3.0; +http://yandex.com/bots)"
37.9.113.151 - - [30/Jun/2019:00:33:32 +0200] "GET /robots.txt HTTP/1.1" 301 323 "-" "Mozilla/5.0 (compatible; YandexBot/3.0; +http://yandex.com/bots)"
5.255.253.13 - - [30/Jun/2019:00:43:33 +0200] "GET /robots.txt HTTP/1.1" 301 323 "-" "Mozilla/5.0 (compatible; YandexBot/3.0; +http://yandex.com/bots)"
178.154.171.18 - - [30/Jun/2019:00:53:33 +0200] "GET /robots.txt HTTP/1.1" 301 323 "-" "Mozilla/5.0 (compatible; YandexBot/3.0; +http://yandex.com/bots)"
141.8.142.171 - - [30/Jun/2019:01:03:33 +0200] "GET /robots.txt HTTP/1.1" 301 323 "-" "Mozilla/5.0 (compatible; YandexBot/3.0; +http://yandex.com/bots)"
141.8.183.17 - - [30/Jun/2019:01:13:35 +0200] "GET /robots.txt HTTP/1.1" 301 323 "-" "Mozilla/5.0 (compatible; YandexBot/3.0; +http://yandex.com/bots)"
178.154.171.90 - - [30/Jun/2019:01:23:36 +0200] "GET /robots.txt HTTP/1.1" 301 323 "-" "Mozilla/5.0 (compatible; YandexBot/3.0; +http://yandex.com/bots)"
31.13.115.13 - - [30/Jun/2019:01:33:28 +0200] "GET /mkk_banner.png HTTP/1.1" 301 327 "-" "facebookexternalhit/1.1 (+http://www.facebook.com/externalhit_uatext.php)"
141.8.183.17 - - [30/Jun/2019:01:33:38 +0200] "GET /robots.txt HTTP/1.1" 301 323 "-" "Mozilla/5.0 (compatible; YandexBot/3.0; +http://yandex.com/bots)"
178.255.215.87 - - [30/Jun/2019:01:41:37 +0200] "GET /hirlevel/vonattal1409.html HTTP/1.1" 301 335 "-" "Mozilla/5.0 (compatible; Exabot/3.0; +http://www.exabot.com/go/robot)"
141.8.183.17 - - [30/Jun/2019:01:43:41 +0200] "GET /robots.txt HTTP/1.1" 301 323 "-" "Mozilla/5.0 (compatible; YandexBot/3.0; +http://yandex.com/bots)"
178.154.171.90 - - [30/Jun/2019:01:53:42 +0200] "GET /robots.txt HTTP/1.1" 301 323 "-" "Mozilla/5.0 (compatible; YandexBot/3.0; +http://yandex.com/bots)"
141.8.183.17 - - [30/Jun/2019:02:03:44 +0200] "GET /robots.txt HTTP/1.1" 301 323 "-" "Mozilla/5.0 (compatible; YandexBot/3.0; +http://yandex.com/bots)"
141.8.183.17 - - [30/Jun/2019:02:13:45 +0200] "GET /robots.txt HTTP/1.1" 301 323 "-" "Mozilla/5.0 (compatible; YandexBot/3.0; +http://yandex.com/bots)"
141.8.183.17 - - [30/Jun/2019:02:23:46 +0200] "GET /robots.txt HTTP/1.1" 301 323 "-" "Mozilla/5.0 (compatible; YandexBot/3.0; +http://yandex.com/bots)"
141.8.183.17 - - [30/Jun/2019:02:33:49 +0200] "GET /robots.txt HTTP/1.1" 301 323 "-" "Mozilla/5.0 (compatible; YandexBot/3.0; +http://yandex.com/bots)"
157.55.39.1 - - [30/Jun/2019:02:36:30 +0200] "GET /robots.txt HTTP/1.1" 301 319 "-" "Mozilla/5.0 (compatible; bingbot/2.0; +http://www.bing.com/bingbot.htm)"
207.46.13.114 - - [30/Jun/2019:02:36:33 +0200] "GET /doc/A_kozlekedesmenedzsment_korszeru_eszkozei.pdf HTTP/1.1" 301 358 "-" "Mozilla/5.0 (iPhone; CPU iPhone OS 7_0 like Mac OS X) AppleWebKit/537.51.1 (KHTML, like Gecko) Version/7.0 Mobile/11A465 Safari/9537.53 (compatible; bingbot/2.0; +http://www.bing.com/bingbot.htm)"
141.8.183.17 - - [30/Jun/2019:02:43:54 +0200] "GET /robots.txt HTTP/1.1" 301 323 "-" "Mozilla/5.0 (compatible; YandexBot/3.0; +http://yandex.com/bots)"
141.8.183.17 - - [30/Jun/2019:02:53:58 +0200] "GET /robots.txt HTTP/1.1" 301 323 "-" "Mozilla/5.0 (compatible; YandexBot/3.0; +http://yandex.com/bots)"
141.8.183.17 - - [30/Jun/2019:03:04:02 +0200] "GET /robots.txt HTTP/1.1" 301 323 "-" "Mozilla/5.0 (compatible; YandexBot/3.0; +http://yandex.com/bots)"
141.8.183.17 - - [30/Jun/2019:03:12:57 +0200] "GET /robots.txt HTTP/1.1" 301 319 "-" "Mozilla/5.0 (compatible; YandexBot/3.0; +http://yandex.com/bots)"
178.154.171.90 - - [30/Jun/2019:03:13:04 +0200] "GET /robots.txt HTTP/1.1" 301 319 "-" "Mozilla/5.0 (compatible; YandexBot/3.0; +http://yandex.com/bots)"
141.8.132.36 - - [30/Jun/2019:03:13:09 +0200] "GET /robots.txt HTTP/1.1" 301 319 "-" "Mozilla/5.0 (compatible; YandexBot/3.0; +http://yandex.com/bots)"
37.9.113.15 - - [30/Jun/2019:03:13:15 +0200] "GET /robots.txt HTTP/1.1" 301 319 "-" "Mozilla/5.0 (compatible; YandexBot/3.0; +http://yandex.com/bots)"
178.154.200.11 - - [30/Jun/2019:03:13:30 +0200] "GET /robots.txt HTTP/1.1" 301 319 "-" "Mozilla/5.0 (compatible; YandexBot/3.0; +http://yandex.com/bots)"
5.45.207.72 - - [30/Jun/2019:03:13:45 +0200] "GET /robots.txt HTTP/1.1" 301 319 "-" "Mozilla/5.0 (compatible; YandexBot/3.0; +http://yandex.com/bots)"
178.154.200.35 - - [30/Jun/2019:03:14:15 +0200] "GET /robots.txt HTTP/1.1" 301 319 "-" "Mozilla/5.0 (compatible; YandexBot/3.0; +http://yandex.com/bots)"
178.154.200.36 - - [30/Jun/2019:03:15:16 +0200] "GET /robots.txt HTTP/1.1" 301 319 "-" "Mozilla/5.0 (compatible; YandexBot/3.0; +http://yandex.com/bots)"
213.180.203.28 - - [30/Jun/2019:03:16:17 +0200] "GET /robots.txt HTTP/1.1" 301 319 "-" "Mozilla/5.0 (compatible; YandexBot/3.0; +http://yandex.com/bots)"
178.154.171.18 - - [30/Jun/2019:03:18:16 +0200] "GET /robots.txt HTTP/1.1" 301 319 "-" "Mozilla/5.0 (compatible; YandexBot/3.0; +http://yandex.com/bots)"
95.108.213.6 - - [30/Jun/2019:03:21:17 +0200] "GET /robots.txt HTTP/1.1" 301 319 "-" "Mozilla/5.0 (compatible; YandexBot/3.0; +http://yandex.com/bots)"
95.108.213.22 - - [30/Jun/2019:03:26:18 +0200] "GET /robots.txt HTTP/1.1" 301 319 "-" "Mozilla/5.0 (compatible; YandexBot/3.0; +http://yandex.com/bots)"
141.8.142.136 - - [30/Jun/2019:03:34:18 +0200] "GET /robots.txt HTTP/1.1" 301 319 "-" "Mozilla/5.0 (compatible; YandexBot/3.0; +http://yandex.com/bots)"
37.9.113.118 - - [30/Jun/2019:03:44:18 +0200] "GET /robots.txt HTTP/1.1" 301 319 "-" "Mozilla/5.0 (compatible; YandexBot/3.0; +http://yandex.com/bots)"
95.108.213.35 - - [30/Jun/2019:03:54:18 +0200] "GET /robots.txt HTTP/1.1" 301 319 "-" "Mozilla/5.0 (compatible; YandexBot/3.0; +http://yandex.com/bots)"
37.9.113.83 - - [30/Jun/2019:04:04:18 +0200] "GET /robots.txt HTTP/1.1" 301 319 "-" "Mozilla/5.0 (compatible; YandexBot/3.0; +http://yandex.com/bots)"
141.8.142.114 - - [30/Jun/2019:04:14:18 +0200] "GET /robots.txt HTTP/1.1" 301 319 "-" "Mozilla/5.0 (compatible; YandexBot/3.0; +http://yandex.com/bots)"
46.229.168.135 - - [30/Jun/2019:04:20:28 +0200] "GET /robots.txt HTTP/1.1" 301 319 "-" "Mozilla/5.0 (compatible; SemrushBot/3~bl; +http://www.semrush.com/bot.html)"
46.229.168.145 - - [30/Jun/2019:04:20:29 +0200] "GET / HTTP/1.1" 301 309 "-" "Mozilla/5.0 (compatible; SemrushBot/3~bl; +http://www.semrush.com/bot.html)"
141.8.183.17 - - [30/Jun/2019:04:24:20 +0200] "GET /robots.txt HTTP/1.1" 301 319 "-" "Mozilla/5.0 (compatible; YandexBot/3.0; +http://yandex.com/bots)"
66.249.69.149 - - [30/Jun/2019:04:33:39 +0200] "GET /robots.txt HTTP/1.1" 301 319 "-" "Mozilla/5.0 (compatible; Googlebot/2.1; +http://www.google.com/bot.html)"
66.249.69.148 - - [30/Jun/2019:04:33:39 +0200] "GET /hirlevel/vonattal1409.html HTTP/1.1" 301 335 "-" "Mozilla/5.0 (Linux; Android 6.0.1; Nexus 5X Build/MMB29P) AppleWebKit/537.36 (KHTML, like Gecko) Chrome/41.0.2272.96 Mobile Safari/537.36 (compatible; Googlebot/2.1; +http://www.google.com/bot.html)"
141.8.183.17 - - [30/Jun/2019:04:34:21 +0200] "GET /robots.txt HTTP/1.1" 301 319 "-" "Mozilla/5.0 (compatible; YandexBot/3.0; +http://yandex.com/bots)"
141.8.183.17 - - [30/Jun/2019:04:44:22 +0200] "GET /robots.txt HTTP/1.1" 301 319 "-" "Mozilla/5.0 (compatible; YandexBot/3.0; +http://yandex.com/bots)"
207.46.13.155 - - [30/Jun/2019:04:52:54 +0200] "GET /doc/kerparoskozlekedes.pdf HTTP/1.1" 301 339 "-" "Mozilla/5.0 (iPhone; CPU iPhone OS 7_0 like Mac OS X) AppleWebKit/537.51.1 (KHTML, like Gecko) Version/7.0 Mobile/11A465 Safari/9537.53 (compatible; bingbot/2.0; +http://www.bing.com/bingbot.htm)"
141.8.183.17 - - [30/Jun/2019:04:54:23 +0200] "GET /robots.txt HTTP/1.1" 301 319 "-" "Mozilla/5.0 (compatible; YandexBot/3.0; +http://yandex.com/bots)"
141.8.183.17 - - [30/Jun/2019:05:04:25 +0200] "GET /robots.txt HTTP/1.1" 301 319 "-" "Mozilla/5.0 (compatible; YandexBot/3.0; +http://yandex.com/bots)"
141.8.183.17 - - [30/Jun/2019:05:14:28 +0200] "GET /robots.txt HTTP/1.1" 301 319 "-" "Mozilla/5.0 (compatible; YandexBot/3.0; +http://yandex.com/bots)"
141.8.183.17 - - [30/Jun/2019:05:24:32 +0200] "GET /robots.txt HTTP/1.1" 301 319 "-" "Mozilla/5.0 (compatible; YandexBot/3.0; +http://yandex.com/bots)"
157.55.39.54 - - [30/Jun/2019:06:55:05 +0200] "GET /doc/tisza-to_szoroanyag_2012.pdf HTTP/1.1" 301 341 "-" "Mozilla/5.0 (iPhone; CPU iPhone OS 7_0 like Mac OS X) AppleWebKit/537.51.1 (KHTML, like Gecko) Version/7.0 Mobile/11A465 Safari/9537.53 (compatible; bingbot/2.0; +http://www.bing.com/bingbot.htm)"
194.44.61.241 - - [30/Jun/2019:08:21:58 +0200] "GET / HTTP/1.0" 301 297 "-" "Mozilla/5.0 (Windows NT 10.0; Win64; x64) AppleWebKit/537.36 (KHTML, like Gecko) Chrome/71.0.3578.98 Safari/537.36"
66.249.69.148 - - [30/Jun/2019:09:46:43 +0200] "GET /hirlevel/miskolc_1109.doc HTTP/1.1" 301 334 "-" "Mozilla/5.0 (Linux; Android 6.0.1; Nexus 5X Build/MMB29P) AppleWebKit/537.36 (KHTML, like Gecko) Chrome/41.0.2272.96 Mobile Safari/537.36 (compatible; Googlebot/2.1; +http://www.google.com/bot.html)"
157.55.39.214 - - [30/Jun/2019:09:55:52 +0200] "GET /doc/vonatrafel_c.pdf HTTP/1.1" 301 333 "-" "Mozilla/5.0 (iPhone; CPU iPhone OS 7_0 like Mac OS X) AppleWebKit/537.51.1 (KHTML, like Gecko) Version/7.0 Mobile/11A465 Safari/9537.53 (compatible; bingbot/2.0; +http://www.bing.com/bingbot.htm)"
173.252.79.6 - - [30/Jun/2019:09:58:44 +0200] "GET /doc/vasuttal-budapest-kornyeken.pdf+&cd=3&hl=hu&ct=clnk&gl=hu HTTP/1.1" 301 390 "-" "facebookexternalhit/1.1 (+http://www.facebook.com/externalhit_uatext.php)"
141.8.183.17 - - [30/Jun/2019:10:55:55 +0200] "GET /robots.txt HTTP/1.1" 301 323 "-" "Mozilla/5.0 (compatible; YandexBot/3.0; +http://yandex.com/bots)"
5.255.253.13 - - [30/Jun/2019:10:56:00 +0200] "GET /robots.txt HTTP/1.1" 301 323 "-" "Mozilla/5.0 (compatible; YandexBot/3.0; +http://yandex.com/bots)"
141.8.142.171 - - [30/Jun/2019:10:56:05 +0200] "GET /robots.txt HTTP/1.1" 301 323 "-" "Mozilla/5.0 (compatible; YandexBot/3.0; +http://yandex.com/bots)"
95.108.213.35 - - [30/Jun/2019:10:56:10 +0200] "GET /robots.txt HTTP/1.1" 301 323 "-" "Mozilla/5.0 (compatible; YandexBot/3.0; +http://yandex.com/bots)"
37.9.113.83 - - [30/Jun/2019:10:56:25 +0200] "GET /robots.txt HTTP/1.1" 301 323 "-" "Mozilla/5.0 (compatible; YandexBot/3.0; +http://yandex.com/bots)"
37.9.113.42 - - [30/Jun/2019:10:56:41 +0200] "GET /robots.txt HTTP/1.1" 301 323 "-" "Mozilla/5.0 (compatible; YandexBot/3.0; +http://yandex.com/bots)"
141.8.142.29 - - [30/Jun/2019:10:57:11 +0200] "GET /robots.txt HTTP/1.1" 301 323 "-" "Mozilla/5.0 (compatible; YandexBot/3.0; +http://yandex.com/bots)"
178.154.200.17 - - [30/Jun/2019:10:58:11 +0200] "GET /robots.txt HTTP/1.1" 301 323 "-" "Mozilla/5.0 (compatible; YandexBot/3.0; +http://yandex.com/bots)"
178.154.200.34 - - [30/Jun/2019:10:59:11 +0200] "GET /robots.txt HTTP/1.1" 301 323 "-" "Mozilla/5.0 (compatible; YandexBot/3.0; +http://yandex.com/bots)"
213.180.203.28 - - [30/Jun/2019:11:01:11 +0200] "GET /robots.txt HTTP/1.1" 301 323 "-" "Mozilla/5.0 (compatible; YandexBot/3.0; +http://yandex.com/bots)"
5.45.207.72 - - [30/Jun/2019:11:04:12 +0200] "GET /robots.txt HTTP/1.1" 301 323 "-" "Mozilla/5.0 (compatible; YandexBot/3.0; +http://yandex.com/bots)"
95.108.181.78 - - [30/Jun/2019:11:09:12 +0200] "GET /robots.txt HTTP/1.1" 301 323 "-" "Mozilla/5.0 (compatible; YandexBot/3.0; +http://yandex.com/bots)"
207.46.13.155 - - [30/Jun/2019:11:16:39 +0200] "GET /doc/kerparoskozlekedes.pdf HTTP/1.1" 301 339 "-" "Mozilla/5.0 (compatible; bingbot/2.0; +http://www.bing.com/bingbot.htm)"
37.9.113.105 - - [30/Jun/2019:11:17:11 +0200] "GET /robots.txt HTTP/1.1" 301 323 "-" "Mozilla/5.0 (compatible; YandexBot/3.0; +http://yandex.com/bots)"
95.108.181.88 - - [30/Jun/2019:11:27:12 +0200] "GET /robots.txt HTTP/1.1" 301 323 "-" "Mozilla/5.0 (compatible; YandexBot/3.0; +http://yandex.com/bots)"
178.154.200.63 - - [30/Jun/2019:11:37:12 +0200] "GET /robots.txt HTTP/1.1" 301 323 "-" "Mozilla/5.0 (compatible; YandexBot/3.0; +http://yandex.com/bots)"
130.43.202.100 - - [30/Jun/2019:11:39:35 +0200] "GET /images/vasutterkep_n.jpg HTTP/1.1" 301 337 "-" "Mozilla/5.0 (iPhone; CPU iPhone OS 12_3_1 like Mac OS X) AppleWebKit/605.1.15 (KHTML, like Gecko) Version/12.1.1 Mobile/15E148 Safari/604.1"
213.180.203.28 - - [30/Jun/2019:11:47:12 +0200] "GET /robots.txt HTTP/1.1" 301 323 "-" "Mozilla/5.0 (compatible; YandexBot/3.0; +http://yandex.com/bots)"
141.8.183.17 - - [30/Jun/2019:11:57:13 +0200] "GET /robots.txt HTTP/1.1" 301 323 "-" "Mozilla/5.0 (compatible; YandexBot/3.0; +http://yandex.com/bots)"
141.8.183.17 - - [30/Jun/2019:12:07:13 +0200] "GET /robots.txt HTTP/1.1" 301 323 "-" "Mozilla/5.0 (compatible; YandexBot/3.0; +http://yandex.com/bots)"
141.8.183.17 - - [30/Jun/2019:12:17:12 +0200] "GET /robots.txt HTTP/1.1" 301 323 "-" "Mozilla/5.0 (compatible; YandexBot/3.0; +http://yandex.com/bots)"
141.8.183.17 - - [30/Jun/2019:12:27:13 +0200] "GET /robots.txt HTTP/1.1" 301 323 "-" "Mozilla/5.0 (compatible; YandexBot/3.0; +http://yandex.com/bots)"
141.8.183.17 - - [30/Jun/2019:12:37:13 +0200] "GET /robots.txt HTTP/1.1" 301 323 "-" "Mozilla/5.0 (compatible; YandexBot/3.0; +http://yandex.com/bots)"
17.58.97.28 - - [30/Jun/2019:12:38:44 +0200] "GET /robots.txt HTTP/1.1" 301 319 "-" "Mozilla/5.0 (Macintosh; Intel Mac OS X 10_10_1) AppleWebKit/600.2.5 (KHTML, like Gecko) Version/8.0.2 Safari/600.2.5 (Applebot/0.1; +http://www.apple.com/go/applebot)"
141.8.183.17 - - [30/Jun/2019:12:47:14 +0200] "GET /robots.txt HTTP/1.1" 301 323 "-" "Mozilla/5.0 (compatible; YandexBot/3.0; +http://yandex.com/bots)"
141.8.183.17 - - [30/Jun/2019:12:55:36 +0200] "GET /robots.txt HTTP/1.1" 301 319 "-" "Mozilla/5.0 (compatible; YandexBot/3.0; +http://yandex.com/bots)"
178.154.171.90 - - [30/Jun/2019:12:55:41 +0200] "GET /robots.txt HTTP/1.1" 301 319 "-" "Mozilla/5.0 (compatible; YandexBot/3.0; +http://yandex.com/bots)"
5.255.253.13 - - [30/Jun/2019:12:55:46 +0200] "GET /robots.txt HTTP/1.1" 301 319 "-" "Mozilla/5.0 (compatible; YandexBot/3.0; +http://yandex.com/bots)"
141.8.142.171 - - [30/Jun/2019:12:55:51 +0200] "GET /robots.txt HTTP/1.1" 301 319 "-" "Mozilla/5.0 (compatible; YandexBot/3.0; +http://yandex.com/bots)"
213.180.203.45 - - [30/Jun/2019:12:56:07 +0200] "GET /robots.txt HTTP/1.1" 301 319 "-" "Mozilla/5.0 (compatible; YandexBot/3.0; +http://yandex.com/bots)"
37.9.113.24 - - [30/Jun/2019:12:56:22 +0200] "GET /robots.txt HTTP/1.1" 301 319 "-" "Mozilla/5.0 (compatible; YandexBot/3.0; +http://yandex.com/bots)"
5.45.207.72 - - [30/Jun/2019:12:56:52 +0200] "GET /robots.txt HTTP/1.1" 301 319 "-" "Mozilla/5.0 (compatible; YandexBot/3.0; +http://yandex.com/bots)"
141.8.183.17 - - [30/Jun/2019:12:57:14 +0200] "GET /robots.txt HTTP/1.1" 301 323 "-" "Mozilla/5.0 (compatible; YandexBot/3.0; +http://yandex.com/bots)"
37.9.113.75 - - [30/Jun/2019:12:57:52 +0200] "GET /robots.txt HTTP/1.1" 301 319 "-" "Mozilla/5.0 (compatible; YandexBot/3.0; +http://yandex.com/bots)"
178.154.200.35 - - [30/Jun/2019:12:58:53 +0200] "GET /robots.txt HTTP/1.1" 301 319 "-" "Mozilla/5.0 (compatible; YandexBot/3.0; +http://yandex.com/bots)"
37.9.113.81 - - [30/Jun/2019:13:00:54 +0200] "GET /robots.txt HTTP/1.1" 301 319 "-" "Mozilla/5.0 (compatible; YandexBot/3.0; +http://yandex.com/bots)"
95.108.213.6 - - [30/Jun/2019:13:03:57 +0200] "GET /robots.txt HTTP/1.1" 301 319 "-" "Mozilla/5.0 (compatible; YandexBot/3.0; +http://yandex.com/bots)"
141.8.183.17 - - [30/Jun/2019:13:07:14 +0200] "GET /robots.txt HTTP/1.1" 301 323 "-" "Mozilla/5.0 (compatible; YandexBot/3.0; +http://yandex.com/bots)"
141.8.183.205 - - [30/Jun/2019:13:09:00 +0200] "GET /robots.txt HTTP/1.1" 301 319 "-" "Mozilla/5.0 (compatible; YandexBot/3.0; +http://yandex.com/bots)"
89.132.202.207 - - [30/Jun/2019:13:11:53 +0200] "GET /images/vasutterkep_n.jpg HTTP/1.1" 301 337 "-" "Mozilla/5.0 (iPhone; CPU iPhone OS 12_3_1 like Mac OS X) AppleWebKit/605.1.15 (KHTML, like Gecko) Version/12.1.1 Mobile/15E148 Safari/604.1"
178.154.200.36 - - [30/Jun/2019:13:17:00 +0200] "GET /robots.txt HTTP/1.1" 301 319 "-" "Mozilla/5.0 (compatible; YandexBot/3.0; +http://yandex.com/bots)"
141.8.183.17 - - [30/Jun/2019:13:17:14 +0200] "GET /robots.txt HTTP/1.1" 301 323 "-" "Mozilla/5.0 (compatible; YandexBot/3.0; +http://yandex.com/bots)"
178.154.200.63 - - [30/Jun/2019:13:27:00 +0200] "GET /robots.txt HTTP/1.1" 301 319 "-" "Mozilla/5.0 (compatible; YandexBot/3.0; +http://yandex.com/bots)"
178.154.171.90 - - [30/Jun/2019:13:27:15 +0200] "GET /robots.txt HTTP/1.1" 301 323 "-" "Mozilla/5.0 (compatible; YandexBot/3.0; +http://yandex.com/bots)"
178.154.200.70 - - [30/Jun/2019:13:37:02 +0200] "GET /robots.txt HTTP/1.1" 301 319 "-" "Mozilla/5.0 (compatible; YandexBot/3.0; +http://yandex.com/bots)"
141.8.183.17 - - [30/Jun/2019:13:37:15 +0200] "GET /robots.txt HTTP/1.1" 301 323 "-" "Mozilla/5.0 (compatible; YandexBot/3.0; +http://yandex.com/bots)"
5.187.204.206 - - [30/Jun/2019:13:46:07 +0200] "GET / HTTP/1.1" 301 313 "-" "Mozilla/5.0 (Windows NT 6.1; Win64; x64; rv:67.0) Gecko/20100101 Firefox/67.0"
95.108.181.111 - - [30/Jun/2019:13:47:04 +0200] "GET /robots.txt HTTP/1.1" 301 319 "-" "Mozilla/5.0 (compatible; YandexBot/3.0; +http://yandex.com/bots)"
217.69.143.63 - - [30/Jun/2019:13:47:14 +0200] "GET /robots.txt HTTP/1.0" 301 307 "-" "Mozilla/5.0 (compatible; Linux x86_64; Mail.RU_Bot/Img/2.0; +http://go.mail.ru/help/robots)"
141.8.183.17 - - [30/Jun/2019:13:47:16 +0200] "GET /robots.txt HTTP/1.1" 301 323 "-" "Mozilla/5.0 (compatible; YandexBot/3.0; +http://yandex.com/bots)"
217.69.143.65 - - [30/Jun/2019:13:47:24 +0200] "GET /images/vasutterkep_n.jpg HTTP/1.1" 301 333 "http://go.mail.ru/search_images" "Mozilla/5.0 (compatible; Linux x86_64; Mail.RU_Bot/Img/2.0; +http://go.mail.ru/help/robots)"
31.13.127.36 - - [30/Jun/2019:13:48:42 +0200] "GET /mkk_banner.png HTTP/1.1" 301 327 "-" "facebookexternalhit/1.1 (+http://www.facebook.com/externalhit_uatext.php)"
141.8.183.205 - - [30/Jun/2019:13:57:04 +0200] "GET /robots.txt HTTP/1.1" 301 319 "-" "Mozilla/5.0 (compatible; YandexBot/3.0; +http://yandex.com/bots)"
141.8.183.17 - - [30/Jun/2019:13:57:17 +0200] "GET /robots.txt HTTP/1.1" 301 323 "-" "Mozilla/5.0 (compatible; YandexBot/3.0; +http://yandex.com/bots)"
141.8.183.17 - - [30/Jun/2019:14:07:05 +0200] "GET /robots.txt HTTP/1.1" 301 319 "-" "Mozilla/5.0 (compatible; YandexBot/3.0; +http://yandex.com/bots)"
141.8.183.17 - - [30/Jun/2019:14:17:07 +0200] "GET /robots.txt HTTP/1.1" 301 319 "-" "Mozilla/5.0 (compatible; YandexBot/3.0; +http://yandex.com/bots)"
141.8.183.17 - - [30/Jun/2019:14:27:13 +0200] "GET /robots.txt HTTP/1.1" 301 319 "-" "Mozilla/5.0 (compatible; YandexBot/3.0; +http://yandex.com/bots)"
141.8.183.17 - - [30/Jun/2019:14:37:19 +0200] "GET /robots.txt HTTP/1.1" 301 319 "-" "Mozilla/5.0 (compatible; YandexBot/3.0; +http://yandex.com/bots)"
141.8.183.17 - - [30/Jun/2019:14:47:25 +0200] "GET /robots.txt HTTP/1.1" 301 319 "-" "Mozilla/5.0 (compatible; YandexBot/3.0; +http://yandex.com/bots)"
141.8.183.17 - - [30/Jun/2019:14:57:31 +0200] "GET /robots.txt HTTP/1.1" 301 319 "-" "Mozilla/5.0 (compatible; YandexBot/3.0; +http://yandex.com/bots)"
207.46.13.89 - - [30/Jun/2019:15:05:21 +0200] "GET /doc/T&E_junius2009.pdf HTTP/1.1" 301 335 "-" "Mozilla/5.0 (compatible; bingbot/2.0; +http://www.bing.com/bingbot.htm)"
141.8.183.17 - - [30/Jun/2019:15:07:36 +0200] "GET /robots.txt HTTP/1.1" 301 319 "-" "Mozilla/5.0 (compatible; YandexBot/3.0; +http://yandex.com/bots)"
178.255.215.87 - - [30/Jun/2019:16:14:58 +0200] "GET /robots.txt HTTP/1.1" 301 319 "-" "Mozilla/5.0 (compatible; Exabot/3.0; +http://www.exabot.com/go/robot)"
178.255.215.87 - - [30/Jun/2019:16:14:59 +0200] "GET / HTTP/1.1" 301 309 "-" "Mozilla/5.0 (compatible; Exabot/3.0; +http://www.exabot.com/go/robot)"
157.55.39.0 - - [30/Jun/2019:16:55:16 +0200] "GET /robots.txt HTTP/1.1" 301 323 "-" "Mozilla/5.0 (compatible; bingbot/2.0; +http://www.bing.com/bingbot.htm)"
178.48.186.131 - - [30/Jun/2019:17:16:26 +0200] "GET / HTTP/1.1" 301 313 "-" "Mozilla/5.0 (Linux; Android 6.0; HUAWEI VNS-L21) AppleWebKit/537.36 (KHTML, like Gecko) Chrome/75.0.3770.101 Mobile Safari/537.36"
178.154.171.90 - - [30/Jun/2019:17:16:41 +0200] "GET /robots.txt HTTP/1.1" 301 319 "-" "Mozilla/5.0 (compatible; YandexBot/3.0; +http://yandex.com/bots)"
141.8.132.36 - - [30/Jun/2019:17:16:46 +0200] "GET /robots.txt HTTP/1.1" 301 319 "-" "Mozilla/5.0 (compatible; YandexBot/3.0; +http://yandex.com/bots)"
178.154.200.17 - - [30/Jun/2019:17:16:51 +0200] "GET /robots.txt HTTP/1.1" 301 319 "-" "Mozilla/5.0 (compatible; YandexBot/3.0; +http://yandex.com/bots)"
141.8.142.114 - - [30/Jun/2019:17:16:56 +0200] "GET /robots.txt HTTP/1.1" 301 319 "-" "Mozilla/5.0 (compatible; YandexBot/3.0; +http://yandex.com/bots)"
178.154.200.35 - - [30/Jun/2019:17:17:12 +0200] "GET /robots.txt HTTP/1.1" 301 319 "-" "Mozilla/5.0 (compatible; YandexBot/3.0; +http://yandex.com/bots)"
95.108.213.22 - - [30/Jun/2019:17:17:27 +0200] "GET /robots.txt HTTP/1.1" 301 319 "-" "Mozilla/5.0 (compatible; YandexBot/3.0; +http://yandex.com/bots)"
37.9.113.38 - - [30/Jun/2019:17:17:57 +0200] "GET /robots.txt HTTP/1.1" 301 319 "-" "Mozilla/5.0 (compatible; YandexBot/3.0; +http://yandex.com/bots)"
178.154.200.36 - - [30/Jun/2019:17:18:58 +0200] "GET /robots.txt HTTP/1.1" 301 319 "-" "Mozilla/5.0 (compatible; YandexBot/3.0; +http://yandex.com/bots)"
87.250.224.62 - - [30/Jun/2019:17:19:59 +0200] "GET /robots.txt HTTP/1.1" 301 319 "-" "Mozilla/5.0 (compatible; YandexBot/3.0; +http://yandex.com/bots)"
178.154.171.24 - - [30/Jun/2019:17:21:59 +0200] "GET /robots.txt HTTP/1.1" 301 319 "-" "Mozilla/5.0 (compatible; YandexBot/3.0; +http://yandex.com/bots)"
37.9.113.87 - - [30/Jun/2019:17:24:59 +0200] "GET /robots.txt HTTP/1.1" 301 319 "-" "Mozilla/5.0 (compatible; YandexBot/3.0; +http://yandex.com/bots)"
141.8.142.170 - - [30/Jun/2019:17:29:59 +0200] "GET /robots.txt HTTP/1.1" 301 319 "-" "Mozilla/5.0 (compatible; YandexBot/3.0; +http://yandex.com/bots)"
95.108.181.111 - - [30/Jun/2019:17:37:59 +0200] "GET /robots.txt HTTP/1.1" 301 319 "-" "Mozilla/5.0 (compatible; YandexBot/3.0; +http://yandex.com/bots)"
141.8.183.17 - - [30/Jun/2019:17:48:01 +0200] "GET /robots.txt HTTP/1.1" 301 319 "-" "Mozilla/5.0 (compatible; YandexBot/3.0; +http://yandex.com/bots)"
213.180.203.45 - - [30/Jun/2019:17:58:02 +0200] "GET /robots.txt HTTP/1.1" 301 319 "-" "Mozilla/5.0 (compatible; YandexBot/3.0; +http://yandex.com/bots)"
141.8.142.171 - - [30/Jun/2019:18:08:02 +0200] "GET /robots.txt HTTP/1.1" 301 319 "-" "Mozilla/5.0 (compatible; YandexBot/3.0; +http://yandex.com/bots)"
141.8.183.17 - - [30/Jun/2019:18:18:04 +0200] "GET /robots.txt HTTP/1.1" 301 319 "-" "Mozilla/5.0 (compatible; YandexBot/3.0; +http://yandex.com/bots)"
141.8.183.17 - - [30/Jun/2019:18:28:08 +0200] "GET /robots.txt HTTP/1.1" 301 319 "-" "Mozilla/5.0 (compatible; YandexBot/3.0; +http://yandex.com/bots)"
178.154.171.90 - - [30/Jun/2019:18:38:10 +0200] "GET /robots.txt HTTP/1.1" 301 319 "-" "Mozilla/5.0 (compatible; YandexBot/3.0; +http://yandex.com/bots)"
178.154.171.90 - - [30/Jun/2019:18:48:10 +0200] "GET /robots.txt HTTP/1.1" 301 319 "-" "Mozilla/5.0 (compatible; YandexBot/3.0; +http://yandex.com/bots)"
141.8.183.17 - - [30/Jun/2019:18:58:13 +0200] "GET /robots.txt HTTP/1.1" 301 319 "-" "Mozilla/5.0 (compatible; YandexBot/3.0; +http://yandex.com/bots)"
141.8.183.17 - - [30/Jun/2019:19:08:16 +0200] "GET /robots.txt HTTP/1.1" 301 319 "-" "Mozilla/5.0 (compatible; YandexBot/3.0; +http://yandex.com/bots)"
141.8.183.17 - - [30/Jun/2019:19:18:18 +0200] "GET /robots.txt HTTP/1.1" 301 319 "-" "Mozilla/5.0 (compatible; YandexBot/3.0; +http://yandex.com/bots)"
141.8.183.17 - - [30/Jun/2019:19:28:22 +0200] "GET /robots.txt HTTP/1.1" 301 319 "-" "Mozilla/5.0 (compatible; YandexBot/3.0; +http://yandex.com/bots)"
141.8.183.17 - - [30/Jun/2019:19:47:01 +0200] "GET /robots.txt HTTP/1.1" 301 323 "-" "Mozilla/5.0 (compatible; YandexBot/3.0; +http://yandex.com/bots)"
178.154.171.90 - - [30/Jun/2019:19:47:07 +0200] "GET /robots.txt HTTP/1.1" 301 323 "-" "Mozilla/5.0 (compatible; YandexBot/3.0; +http://yandex.com/bots)"
141.8.132.36 - - [30/Jun/2019:19:47:12 +0200] "GET /robots.txt HTTP/1.1" 301 323 "-" "Mozilla/5.0 (compatible; YandexBot/3.0; +http://yandex.com/bots)"
178.154.200.11 - - [30/Jun/2019:19:47:17 +0200] "GET /robots.txt HTTP/1.1" 301 323 "-" "Mozilla/5.0 (compatible; YandexBot/3.0; +http://yandex.com/bots)"
37.9.113.24 - - [30/Jun/2019:19:47:32 +0200] "GET /robots.txt HTTP/1.1" 301 323 "-" "Mozilla/5.0 (compatible; YandexBot/3.0; +http://yandex.com/bots)"
95.108.213.6 - - [30/Jun/2019:19:47:50 +0200] "GET /robots.txt HTTP/1.1" 301 323 "-" "Mozilla/5.0 (compatible; YandexBot/3.0; +http://yandex.com/bots)"
141.8.132.18 - - [30/Jun/2019:19:48:23 +0200] "GET /robots.txt HTTP/1.1" 301 323 "-" "Mozilla/5.0 (compatible; YandexBot/3.0; +http://yandex.com/bots)"
141.8.183.205 - - [30/Jun/2019:19:49:23 +0200] "GET /robots.txt HTTP/1.1" 301 323 "-" "Mozilla/5.0 (compatible; YandexBot/3.0; +http://yandex.com/bots)"
37.9.113.75 - - [30/Jun/2019:19:50:23 +0200] "GET /robots.txt HTTP/1.1" 301 323 "-" "Mozilla/5.0 (compatible; YandexBot/3.0; +http://yandex.com/bots)"
37.9.113.118 - - [30/Jun/2019:19:52:23 +0200] "GET /robots.txt HTTP/1.1" 301 323 "-" "Mozilla/5.0 (compatible; YandexBot/3.0; +http://yandex.com/bots)"
95.108.213.35 - - [30/Jun/2019:19:55:23 +0200] "GET /robots.txt HTTP/1.1" 301 323 "-" "Mozilla/5.0 (compatible; YandexBot/3.0; +http://yandex.com/bots)"
37.9.113.83 - - [30/Jun/2019:20:00:23 +0200] "GET /robots.txt HTTP/1.1" 301 323 "-" "Mozilla/5.0 (compatible; YandexBot/3.0; +http://yandex.com/bots)"
37.9.113.42 - - [30/Jun/2019:20:08:23 +0200] "GET /robots.txt HTTP/1.1" 301 323 "-" "Mozilla/5.0 (compatible; YandexBot/3.0; +http://yandex.com/bots)"
141.8.142.29 - - [30/Jun/2019:20:18:24 +0200] "GET /robots.txt HTTP/1.1" 301 323 "-" "Mozilla/5.0 (compatible; YandexBot/3.0; +http://yandex.com/bots)"
213.180.203.2 - - [30/Jun/2019:20:28:25 +0200] "GET /robots.txt HTTP/1.1" 301 323 "-" "Mozilla/5.0 (compatible; YandexBot/3.0; +http://yandex.com/bots)"
5.255.253.13 - - [30/Jun/2019:20:34:15 +0200] "GET /robots.txt HTTP/1.1" 301 319 "-" "Mozilla/5.0 (compatible; YandexBot/3.0; +http://yandex.com/bots)"
141.8.132.36 - - [30/Jun/2019:20:34:21 +0200] "GET /robots.txt HTTP/1.1" 301 319 "-" "Mozilla/5.0 (compatible; YandexBot/3.0; +http://yandex.com/bots)"
213.180.203.45 - - [30/Jun/2019:20:34:26 +0200] "GET /robots.txt HTTP/1.1" 301 319 "-" "Mozilla/5.0 (compatible; YandexBot/3.0; +http://yandex.com/bots)"
141.8.183.17 - - [30/Jun/2019:20:34:33 +0200] "GET /robots.txt HTTP/1.1" 301 319 "-" "Mozilla/5.0 (compatible; YandexBot/3.0; +http://yandex.com/bots)"
178.154.244.24 - - [30/Jun/2019:20:34:50 +0200] "GET /robots.txt HTTP/1.1" 301 319 "-" "Mozilla/5.0 (compatible; YandexBot/3.0; +http://yandex.com/bots)"
93.158.166.8 - - [30/Jun/2019:20:35:05 +0200] "GET /robots.txt HTTP/1.1" 301 319 "-" "Mozilla/5.0 (compatible; YandexBot/3.0; +http://yandex.com/bots)"
178.154.171.90 - - [30/Jun/2019:20:35:35 +0200] "GET /robots.txt HTTP/1.1" 301 319 "-" "Mozilla/5.0 (compatible; YandexBot/3.0; +http://yandex.com/bots)"
95.108.181.88 - - [30/Jun/2019:20:36:35 +0200] "GET /robots.txt HTTP/1.1" 301 319 "-" "Mozilla/5.0 (compatible; YandexBot/3.0; +http://yandex.com/bots)"
178.154.200.36 - - [30/Jun/2019:20:37:36 +0200] "GET /robots.txt HTTP/1.1" 301 319 "-" "Mozilla/5.0 (compatible; YandexBot/3.0; +http://yandex.com/bots)"
87.250.224.62 - - [30/Jun/2019:20:38:26 +0200] "GET /robots.txt HTTP/1.1" 301 323 "-" "Mozilla/5.0 (compatible; YandexBot/3.0; +http://yandex.com/bots)"
87.250.224.62 - - [30/Jun/2019:20:39:36 +0200] "GET /robots.txt HTTP/1.1" 301 319 "-" "Mozilla/5.0 (compatible; YandexBot/3.0; +http://yandex.com/bots)"
141.8.142.126 - - [30/Jun/2019:20:42:37 +0200] "GET /robots.txt HTTP/1.1" 301 319 "-" "Mozilla/5.0 (compatible; YandexBot/3.0; +http://yandex.com/bots)"
