36.94.215.37 - - [01/Jan/2021:01:37:43 +0100] "GET /wp-login.php HTTP/1.1" 301 321 "-" "Mozilla/5.0 (X11; Ubuntu; Linux x86_64; rv:62.0) Gecko/20100101 Firefox/62.0"
66.249.70.60 - - [01/Jan/2021:02:03:51 +0100] "GET /robots.txt HTTP/1.1" 301 319 "-" "Mozilla/5.0 (compatible; Googlebot/2.1; +http://www.google.com/bot.html)"
66.249.70.62 - - [01/Jan/2021:02:03:51 +0100] "GET /doc/tisza-to_kozlekedese.pdf HTTP/1.1" 301 337 "-" "Mozilla/5.0 (Linux; Android 6.0.1; Nexus 5X Build/MMB29P) AppleWebKit/537.36 (KHTML, like Gecko) Chrome/87.0.4280.90 Mobile Safari/537.36 (compatible; Googlebot/2.1; +http://www.google.com/bot.html)"
216.18.204.202 - - [01/Jan/2021:07:26:36 +0100] "GET /robots.txt HTTP/1.1" 301 323 "-" "Mozilla/5.0 (compatible; Adsbot/3.1)"
216.18.204.202 - - [01/Jan/2021:07:27:52 +0100] "GET /hirlevel/vonattal1109.htm HTTP/1.1" 301 338 "http://www.mkk.zpok.hu/" "Mozilla/5.0 (compatible; Adsbot/3.1)"
157.55.39.130 - - [01/Jan/2021:09:18:02 +0100] "GET /doc/b2_2010.pdf HTTP/1.1" 301 328 "-" "Mozilla/5.0 (compatible; bingbot/2.0; +http://www.bing.com/bingbot.htm)"
144.76.71.176 - - [01/Jan/2021:09:47:21 +0100] "GET /robots.txt HTTP/1.1" 301 319 "-" "Mozilla/5.0 (compatible; MJ12bot/v1.4.8; http://mj12bot.com/)"
144.76.71.176 - - [01/Jan/2021:09:47:23 +0100] "GET / HTTP/1.1" 301 309 "-" "Mozilla/5.0 (compatible; MJ12bot/v1.4.8; http://mj12bot.com/)"
216.18.204.202 - - [01/Jan/2021:10:49:53 +0100] "GET /robots.txt HTTP/1.1" 301 319 "-" "Mozilla/5.0 (compatible; Adsbot/3.1)"
216.18.204.202 - - [01/Jan/2021:10:51:49 +0100] "GET /hirlevel/vonattal1207.htm HTTP/1.1" 301 334 "http://mkk.zpok.hu/" "Mozilla/5.0 (compatible; Adsbot/3.1)"
209.17.97.98 - - [01/Jan/2021:13:11:08 +0100] "GET / HTTP/1.1" 301 309 "-" "Mozilla/5.0 (compatible; Nimbostratus-Bot/v1.3.2; http://cloudsystemnetworks.com)"
216.18.204.202 - - [01/Jan/2021:14:03:04 +0100] "GET /hirlevel/vonattal1503.html HTTP/1.1" 301 335 "http://mkk.zpok.hu/" "Mozilla/5.0 (compatible; Adsbot/3.1)"
220.181.108.115 - - [01/Jan/2021:14:06:38 +0100] "GET /doc/vasuttal-budapest-kornyeken.pdf HTTP/1.1" 301 348 "-" "Mozilla/5.0 (compatible; Baiduspider/2.0; +http://www.baidu.com/search/spider.html)"
145.236.41.225 - - [01/Jan/2021:19:42:43 +0100] "GET / HTTP/1.1" 301 313 "-" "Mozilla/5.0 (Windows NT 6.1; Win64; x64) AppleWebKit/537.36 (KHTML, like Gecko) Chrome/86.0.4240.198 Safari/537.36"
149.56.173.225 - - [01/Jan/2021:19:44:25 +0100] "GET /wp-content/plugins/easy-wp-smtp/ HTTP/1.1" 301 341 "-" "Mozilla/5.0 (Windows NT 6.1; Trident/7.0; rv:11.0) like Gecko"
157.55.39.60 - - [02/Jan/2021:00:31:43 +0100] "GET /robots.txt HTTP/1.1" 301 319 "-" "Mozilla/5.0 (compatible; bingbot/2.0; +http://www.bing.com/bingbot.htm)"
13.66.139.118 - - [02/Jan/2021:00:31:52 +0100] "GET /hirlevel/vonattal1304.html HTTP/1.1" 301 335 "-" "Mozilla/5.0 (compatible; bingbot/2.0; +http://www.bing.com/bingbot.htm)"
66.249.70.62 - - [02/Jan/2021:01:37:32 +0100] "GET /robots.txt HTTP/1.1" 301 319 "-" "Mozilla/5.0 (compatible; Googlebot/2.1; +http://www.google.com/bot.html)"
66.249.70.58 - - [02/Jan/2021:01:37:32 +0100] "GET /doc/ttft.pdf HTTP/1.1" 301 321 "-" "Mozilla/5.0 (Linux; Android 6.0.1; Nexus 5X Build/MMB29P) AppleWebKit/537.36 (KHTML, like Gecko) Chrome/87.0.4280.90 Mobile Safari/537.36 (compatible; Googlebot/2.1; +http://www.google.com/bot.html)"
66.249.64.85 - - [02/Jan/2021:01:44:27 +0100] "GET /robots.txt HTTP/1.1" 301 323 "-" "Mozilla/5.0 (compatible; Googlebot/2.1; +http://www.google.com/bot.html)"
66.249.64.84 - - [02/Jan/2021:01:44:27 +0100] "GET /doc/eletet-a-vasutnak.pdf HTTP/1.1" 301 338 "-" "Mozilla/5.0 (Linux; Android 6.0.1; Nexus 5X Build/MMB29P) AppleWebKit/537.36 (KHTML, like Gecko) Chrome/87.0.4280.90 Mobile Safari/537.36 (compatible; Googlebot/2.1; +http://www.google.com/bot.html)"
13.66.139.120 - - [02/Jan/2021:02:25:23 +0100] "GET /images/vasutterkep_n.jpg HTTP/1.1" 301 337 "-" "Mozilla/5.0 (compatible; bingbot/2.0; +http://www.bing.com/bingbot.htm)"
157.55.39.60 - - [02/Jan/2021:02:46:32 +0100] "GET /robots.txt HTTP/1.1" 301 319 "-" "Mozilla/5.0 (compatible; bingbot/2.0; +http://www.bing.com/bingbot.htm)"
13.66.139.35 - - [02/Jan/2021:02:46:40 +0100] "GET /hirlevel/vonattal1209.htm HTTP/1.1" 301 334 "-" "Mozilla/5.0 (compatible; bingbot/2.0; +http://www.bing.com/bingbot.htm)"
42.236.10.75 - - [02/Jan/2021:03:06:07 +0100] "GET / HTTP/1.1" 301 313 "http://baidu.com/" "Mozilla/5.0 (Linux; U; Android 8.1.0; zh-CN; EML-AL00 Build/HUAWEIEML-AL00) AppleWebKit/537.36 (KHTML, like Gecko) Version/4.0 Chrome/57.0.2987.108 baidu.sogo.uc.UCBrowser/11.9.4.974 UWS/2.13.1.48 Mobile Safari/537.36 AliApp(DingTalk/4.5.11) com.alibaba.android.rimet/10487439 Channel/227200 language/zh-CN"
157.55.39.60 - - [02/Jan/2021:03:11:29 +0100] "GET /robots.txt HTTP/1.1" 301 319 "-" "Mozilla/5.0 (compatible; bingbot/2.0; +http://www.bing.com/bingbot.htm)"
13.66.139.120 - - [02/Jan/2021:03:11:37 +0100] "GET /hirlevel/vonattal1512.html HTTP/1.1" 301 335 "-" "Mozilla/5.0 (compatible; bingbot/2.0; +http://www.bing.com/bingbot.htm)"
157.55.39.60 - - [02/Jan/2021:03:31:36 +0100] "GET /robots.txt HTTP/1.1" 301 319 "-" "Mozilla/5.0 (compatible; bingbot/2.0; +http://www.bing.com/bingbot.htm)"
13.66.139.120 - - [02/Jan/2021:03:31:39 +0100] "GET /hirlevel/vonattal1603.html HTTP/1.1" 301 335 "-" "Mozilla/5.0 (compatible; bingbot/2.0; +http://www.bing.com/bingbot.htm)"
13.66.139.120 - - [02/Jan/2021:03:39:19 +0100] "GET /hirlevel/vonattal1107.htm HTTP/1.1" 301 334 "-" "Mozilla/5.0 (compatible; bingbot/2.0; +http://www.bing.com/bingbot.htm)"
13.66.139.120 - - [02/Jan/2021:04:19:43 +0100] "GET /hirlevel/vonattal1408.html HTTP/1.1" 301 335 "-" "Mozilla/5.0 (compatible; bingbot/2.0; +http://www.bing.com/bingbot.htm)"
91.241.19.182 - - [02/Jan/2021:04:44:36 +0100] "GET / HTTP/1.1" 301 309 "-" "Mozilla/5.0 (Windows NT 5.1; rv:5.0) Gecko/20100101 Firefox/5.0"
84.186.19.87 - - [02/Jan/2021:06:53:45 +0100] "GET /doc/b2_201203.jpg HTTP/1.1" 301 326 "-" "Mozilla/5.0 (Windows NT 10.0; Win64; x64; rv:84.0) Gecko/20100101 Firefox/84.0"
167.114.173.115 - - [02/Jan/2021:07:45:40 +0100] "GET /robots.txt HTTP/1.1" 301 319 "-" "Mozilla/5.0 (compatible; MJ12bot/v1.4.8; http://mj12bot.com/)"
167.114.173.115 - - [02/Jan/2021:07:46:21 +0100] "GET / HTTP/1.1" 301 309 "-" "Mozilla/5.0 (compatible; MJ12bot/v1.4.8; http://mj12bot.com/)"
193.224.219.40 - - [02/Jan/2021:09:22:22 +0100] "GET / HTTP/1.1" 301 309 "-" "Mozilla/5.0 (X11; Linux x86_64) AppleWebKit/537.36 (KHTML, like Gecko) Chrome/83.0.4103.0 Safari/537.36"
158.69.182.98 - - [02/Jan/2021:10:41:39 +0100] "GET / HTTP/1.1" 301 309 "-" "Java/1.6.0_04"
158.69.182.98 - - [02/Jan/2021:10:41:40 +0100] "GET /facebook-logo-preview.png HTTP/1.1" 301 334 "-" "Java/1.6.0_04"
158.69.182.98 - - [02/Jan/2021:10:41:40 +0100] "GET /kikvagyunk2.htm HTTP/1.1" 301 324 "-" "Java/1.6.0_04"
158.69.182.98 - - [02/Jan/2021:10:41:41 +0100] "GET /mkk_banner.png HTTP/1.1" 301 323 "-" "Java/1.6.0_04"
158.69.182.98 - - [02/Jan/2021:10:41:41 +0100] "GET /projektek2.htm HTTP/1.1" 301 323 "-" "Java/1.6.0_04"
158.69.182.98 - - [02/Jan/2021:10:41:42 +0100] "GET /tagsag2.htm HTTP/1.1" 301 320 "-" "Java/1.6.0_04"
178.255.215.98 - - [02/Jan/2021:16:40:33 +0100] "GET /hirlevel/vonattal1110.html HTTP/1.1" 301 335 "-" "Mozilla/5.0 (compatible; Konqueror/3.5; Linux) KHTML/3.5.5 (like Gecko) (Exabot-Thumbnails)"
116.179.32.67 - - [02/Jan/2021:17:11:30 +0100] "GET /doc/b2_2010.pdf HTTP/1.1" 301 324 "-" "Mozilla/5.0 (compatible; Baiduspider/2.0; +http://www.baidu.com/search/spider.html)"
35.202.2.1 - - [02/Jan/2021:18:57:18 +0100] "GET /robots.txt HTTP/1.1" 301 319 "-" "ltx71 - (http://ltx71.com/)"
35.202.2.1 - - [02/Jan/2021:19:23:13 +0100] "GET /robots.txt HTTP/1.1" 301 319 "-" "ltx71 - (http://ltx71.com/)"
35.202.2.1 - - [02/Jan/2021:19:23:56 +0100] "GET /doc/b2_201203.jpg HTTP/1.1" 301 326 "-" "ltx71 - (http://ltx71.com/)"
66.249.70.62 - - [02/Jan/2021:19:29:56 +0100] "GET /robots.txt HTTP/1.1" 301 319 "-" "Mozilla/5.0 (compatible; Googlebot/2.1; +http://www.google.com/bot.html)"
66.249.70.62 - - [02/Jan/2021:19:29:56 +0100] "GET /doc/b2_2012_03.pdf HTTP/1.1" 301 327 "-" "Mozilla/5.0 (Linux; Android 6.0.1; Nexus 5X Build/MMB29P) AppleWebKit/537.36 (KHTML, like Gecko) Chrome/87.0.4280.90 Mobile Safari/537.36 (compatible; Googlebot/2.1; +http://www.google.com/bot.html)"
35.202.2.1 - - [02/Jan/2021:19:31:29 +0100] "GET /robots.txt HTTP/1.1" 301 319 "-" "ltx71 - (http://ltx71.com/)"
35.202.2.1 - - [02/Jan/2021:19:33:11 +0100] "GET /doc/nctazaro.pdf HTTP/1.1" 301 325 "-" "ltx71 - (http://ltx71.com/)"
35.202.2.1 - - [02/Jan/2021:19:33:33 +0100] "GET /robots.txt HTTP/1.1" 301 323 "-" "ltx71 - (http://ltx71.com/)"
35.202.2.1 - - [02/Jan/2021:19:35:02 +0100] "GET /doc/kozl-vb-bajnai_0912.pdf HTTP/1.1" 301 340 "-" "ltx71 - (http://ltx71.com/)"
35.202.2.1 - - [02/Jan/2021:19:35:33 +0100] "GET /robots.txt HTTP/1.1" 301 319 "-" "ltx71 - (http://ltx71.com/)"
35.202.2.1 - - [02/Jan/2021:19:37:16 +0100] "GET /doc/honig-ceges.pdf HTTP/1.1" 301 328 "-" "ltx71 - (http://ltx71.com/)"
40.77.167.74 - - [02/Jan/2021:20:04:25 +0100] "GET /doc/volnervalasz_1203.pdf HTTP/1.1" 301 334 "-" "Mozilla/5.0 (compatible; bingbot/2.0; +http://www.bing.com/bingbot.htm)"
54.38.19.75 - - [02/Jan/2021:21:35:43 +0100] "GET / HTTP/1.1" 301 313 "-" "Java/1.8.0_271"
54.38.19.75 - - [02/Jan/2021:21:35:43 +0100] "GET /facebook-logo-preview.png HTTP/1.1" 301 338 "-" "Java/1.8.0_271"
54.38.19.75 - - [02/Jan/2021:21:35:44 +0100] "GET /kikvagyunk2.htm HTTP/1.1" 301 328 "-" "Java/1.8.0_271"
54.38.19.75 - - [02/Jan/2021:21:35:44 +0100] "GET /mkk_banner.png HTTP/1.1" 301 327 "-" "Java/1.8.0_271"
54.38.19.75 - - [02/Jan/2021:21:35:44 +0100] "GET /projektek2.htm HTTP/1.1" 301 327 "-" "Java/1.8.0_271"
54.38.19.75 - - [02/Jan/2021:21:35:44 +0100] "GET /tagsag2.htm HTTP/1.1" 301 324 "-" "Java/1.8.0_271"
54.38.19.75 - - [02/Jan/2021:21:35:44 +0100] "GET /https://www.facebook.com/Magyar-K\xf6zleked\xe9si-Klub-211783892191832 HTTP/1.1" 301 381 "-" "Java/1.8.0_271"
13.53.64.97 - - [02/Jan/2021:22:40:43 +0100] "GET /wp-login.php HTTP/1.1" 301 321 "-" "Mozilla/5.0 (X11; Linux x86_64) AppleWebKit/537.36 (KHTML, like Gecko) Chrome/41.0.2227.0 Safari/537.36"
144.76.23.74 - - [03/Jan/2021:02:32:32 +0100] "GET /robots.txt HTTP/1.1" 301 319 "-" "Mozilla/5.0 (Windows NT 10.0; Win64; x64; trendictionbot0.5.0; trendiction search; http://www.trendiction.de/bot; please let us know of any problems; web at trendiction.com) Gecko/20170101 Firefox/67.0"
144.76.23.74 - - [03/Jan/2021:02:32:34 +0100] "GET / HTTP/1.1" 301 309 "-" "Mozilla/5.0 (Windows NT 10.0; Win64; x64; trendictionbot0.5.0; trendiction search; http://www.trendiction.de/bot; please let us know of any problems; web at trendiction.com) Gecko/20170101 Firefox/67.0"
94.102.49.193 - - [03/Jan/2021:03:20:31 +0100] "GET / HTTP/1.1" 301 313 "-" "Mozilla/5.0 (Windows NT 6.1) AppleWebKit/537.36 (KHTML, like Gecko) Chrome/41.0.2228.0 Safari/537.36"
193.224.219.40 - - [03/Jan/2021:03:21:14 +0100] "GET /robots.txt HTTP/1.0" 301 307 "-" "Mozilla/5.0 (compatible; OSZKbot/3.3 +http://mekosztaly.oszk.hu/mia) on behalf of the National Szechenyi Library"
193.224.219.40 - - [03/Jan/2021:03:21:14 +0100] "GET /doc/b2_201203.jpg HTTP/1.0" 301 314 "http://vasut.kteam.hu/indexde.html" "Mozilla/5.0 (compatible; OSZKbot/3.3 +http://mekosztaly.oszk.hu/mia) on behalf of the National Szechenyi Library"
193.224.219.40 - - [03/Jan/2021:03:21:14 +0100] "GET /doc/b2_2010.pdf HTTP/1.0" 301 312 "http://vasut.kteam.hu/indexde.html" "Mozilla/5.0 (compatible; OSZKbot/3.3 +http://mekosztaly.oszk.hu/mia) on behalf of the National Szechenyi Library"
193.224.219.40 - - [03/Jan/2021:03:21:15 +0100] "GET /doc/recs_konf_1103.pdf HTTP/1.0" 301 319 "http://vasut.kteam.hu/varjuk.html" "Mozilla/5.0 (compatible; OSZKbot/3.3 +http://mekosztaly.oszk.hu/mia) on behalf of the National Szechenyi Library"
193.224.219.40 - - [03/Jan/2021:03:21:15 +0100] "GET /doc/nctazaro.pdf HTTP/1.0" 301 313 "http://vasut.kteam.hu/hatter.html" "Mozilla/5.0 (compatible; OSZKbot/3.3 +http://mekosztaly.oszk.hu/mia) on behalf of the National Szechenyi Library"
193.224.219.40 - - [03/Jan/2021:03:21:16 +0100] "GET /doc/honig-ceges.pdf HTTP/1.0" 301 316 "http://vasut.kteam.hu/link.html" "Mozilla/5.0 (compatible; OSZKbot/3.3 +http://mekosztaly.oszk.hu/mia) on behalf of the National Szechenyi Library"
193.224.219.40 - - [03/Jan/2021:03:21:16 +0100] "GET /doc/halalraitelve.pdf HTTP/1.0" 301 318 "http://vasut.kteam.hu/link.html" "Mozilla/5.0 (compatible; OSZKbot/3.3 +http://mekosztaly.oszk.hu/mia) on behalf of the National Szechenyi Library"
193.224.219.40 - - [03/Jan/2021:03:21:16 +0100] "GET /doc/putnoklevel_0911.pdf HTTP/1.0" 301 321 "http://vasut.kteam.hu/link.html" "Mozilla/5.0 (compatible; OSZKbot/3.3 +http://mekosztaly.oszk.hu/mia) on behalf of the National Szechenyi Library"
193.224.219.40 - - [03/Jan/2021:03:21:17 +0100] "GET /doc/allomasok_kepes_osszefoglaloja.pdf HTTP/1.0" 301 335 "http://alfoldkozepe.hu/blog/2011/05/" "Mozilla/5.0 (compatible; OSZKbot/3.3 +http://mekosztaly.oszk.hu/mia) on behalf of the National Szechenyi Library"
193.224.219.40 - - [03/Jan/2021:03:22:22 +0100] "GET /hirlevel/tersegi-targyalasokhoz.pdf HTTP/1.0" 301 332 "http://vasut.kteam.hu/link.html" "Mozilla/5.0 (compatible; OSZKbot/3.3 +http://mekosztaly.oszk.hu/mia) on behalf of the National Szechenyi Library"
193.224.219.40 - - [03/Jan/2021:03:22:23 +0100] "GET /hirlevel/ot-2010-kozl-allasfoglalas.pdf HTTP/1.0" 301 336 "http://vasut.kteam.hu/link.html" "Mozilla/5.0 (compatible; OSZKbot/3.3 +http://mekosztaly.oszk.hu/mia) on behalf of the National Szechenyi Library"
193.224.219.40 - - [03/Jan/2021:03:22:23 +0100] "GET /hirlevel/Volnerlevel_120227.pdf HTTP/1.0" 301 328 "http://vasut.kteam.hu/link.html" "Mozilla/5.0 (compatible; OSZKbot/3.3 +http://mekosztaly.oszk.hu/mia) on behalf of the National Szechenyi Library"
193.224.219.40 - - [03/Jan/2021:03:22:24 +0100] "GET /hirlevel/vonattal1503.html HTTP/1.0" 301 323 "http://kerekpar.network.hu/forumtema/biciklizes-nepszerusitese" "Mozilla/5.0 (compatible; OSZKbot/3.3 +http://mekosztaly.oszk.hu/mia) on behalf of the National Szechenyi Library"
216.18.204.202 - - [03/Jan/2021:03:59:48 +0100] "GET /robots.txt HTTP/1.1" 301 323 "-" "Mozilla/5.0 (compatible; Adsbot/3.1)"
216.18.204.202 - - [03/Jan/2021:04:00:49 +0100] "GET / HTTP/1.1" 301 313 "-" "Mozilla/5.0 (compatible; Adsbot/3.1)"
216.18.204.202 - - [03/Jan/2021:04:14:38 +0100] "GET /robots.txt HTTP/1.1" 301 319 "-" "Mozilla/5.0 (compatible; Adsbot/3.1)"
216.18.204.202 - - [03/Jan/2021:04:15:12 +0100] "GET / HTTP/1.1" 301 309 "-" "Mozilla/5.0 (compatible; Adsbot/3.1)"
216.18.204.202 - - [03/Jan/2021:04:30:47 +0100] "GET /doc/allomasok_kepes_osszefoglaloja.pdf HTTP/1.1" 301 347 "http://mkk.zpok.hu/" "Mozilla/5.0 (compatible; Adsbot/3.1)"
216.18.204.202 - - [03/Jan/2021:04:31:03 +0100] "GET /hirlevel/vonattal1101-02.htm HTTP/1.1" 301 337 "http://mkk.zpok.hu/" "Mozilla/5.0 (compatible; Adsbot/3.1)"
216.18.204.202 - - [03/Jan/2021:04:33:44 +0100] "GET /doc/mkk_eger_tanulmany_2014.pdf HTTP/1.1" 301 344 "http://www.mkk.zpok.hu/" "Mozilla/5.0 (compatible; Adsbot/3.1)"
109.102.111.11 - - [03/Jan/2021:07:06:57 +0100] "GET / HTTP/1.1" 301 309 "-" "Mozilla/5.0 (Windows NT 6.1; WOW64; rv:33.0) Gecko/20100101 Firefox/33.0"
69.171.249.29 - - [03/Jan/2021:07:45:13 +0100] "GET / HTTP/1.1" 301 313 "-" "facebookexternalhit/1.1 (+http://www.facebook.com/externalhit_uatext.php)"
5.9.108.254 - - [03/Jan/2021:10:47:23 +0100] "GET /robots.txt HTTP/1.1" 301 323 "-" "Mozilla/5.0 (compatible; MJ12bot/v1.4.8; http://mj12bot.com/)"
5.9.108.254 - - [03/Jan/2021:10:47:26 +0100] "GET /doc/vasuttal-budapest-kornyeken.pdf+&cd=3&hl=hu&ct=clnk&gl=hu HTTP/1.1" 301 390 "-" "Mozilla/5.0 (compatible; MJ12bot/v1.4.8; http://mj12bot.com/)"
5.9.108.254 - - [03/Jan/2021:11:45:49 +0100] "GET /robots.txt HTTP/1.1" 301 323 "-" "Mozilla/5.0 (compatible; MJ12bot/v1.4.8; http://mj12bot.com/)"
5.9.108.254 - - [03/Jan/2021:11:45:55 +0100] "GET /doc/vasuttal-budapest-kornyeken.pdf+&cd=3&hl=hu&ct=clnk&gl=hu HTTP/1.1" 301 390 "-" "Mozilla/5.0 (compatible; MJ12bot/v1.4.8; http://mj12bot.com/)"
209.17.96.146 - - [03/Jan/2021:12:44:34 +0100] "GET / HTTP/1.1" 301 313 "-" "Mozilla/5.0 (compatible; Nimbostratus-Bot/v1.3.2; http://cloudsystemnetworks.com)"
66.249.70.60 - - [03/Jan/2021:13:11:11 +0100] "GET /robots.txt HTTP/1.1" 301 319 "-" "Mozilla/5.0 (compatible; Googlebot/2.1; +http://www.google.com/bot.html)"
66.249.70.62 - - [03/Jan/2021:13:11:11 +0100] "GET /doc/allomasok_kepes_osszefoglaloja.pdf HTTP/1.1" 301 347 "-" "Mozilla/5.0 (Linux; Android 6.0.1; Nexus 5X Build/MMB29P) AppleWebKit/537.36 (KHTML, like Gecko) Chrome/87.0.4280.90 Mobile Safari/537.36 (compatible; Googlebot/2.1; +http://www.google.com/bot.html)"
216.18.204.202 - - [03/Jan/2021:13:44:31 +0100] "GET /doc/b2_2010.pdf HTTP/1.1" 301 324 "http://mkk.zpok.hu/" "Mozilla/5.0 (compatible; Adsbot/3.1)"
216.18.204.202 - - [03/Jan/2021:13:45:50 +0100] "GET /doc/mkk_allasfogl_vdszsz_20120608.pdf HTTP/1.1" 301 346 "http://mkk.zpok.hu/" "Mozilla/5.0 (compatible; Adsbot/3.1)"
216.18.204.202 - - [03/Jan/2021:13:46:18 +0100] "GET /doc/nctazaro.pdf HTTP/1.1" 301 325 "http://mkk.zpok.hu/" "Mozilla/5.0 (compatible; Adsbot/3.1)"
216.18.204.202 - - [03/Jan/2021:13:47:35 +0100] "GET /hirlevel/vonattal1206.htm HTTP/1.1" 301 334 "http://mkk.zpok.hu/" "Mozilla/5.0 (compatible; Adsbot/3.1)"
216.18.204.202 - - [03/Jan/2021:14:02:09 +0100] "GET /doc/recsk200702.pdf HTTP/1.1" 301 332 "http://www.mkk.zpok.hu/" "Mozilla/5.0 (compatible; Adsbot/3.1)"
77.75.76.171 - - [03/Jan/2021:14:51:07 +0100] "GET /robots.txt HTTP/1.1" 301 319 "-" "Mozilla/5.0 (compatible; SeznamBot/3.2; +http://napoveda.seznam.cz/en/seznambot-intro/)"
77.75.76.171 - - [03/Jan/2021:14:51:08 +0100] "GET /doc/b2_2010.pdf HTTP/1.1" 301 324 "-" "Mozilla/5.0 (compatible; SeznamBot/3.2; +http://napoveda.seznam.cz/en/seznambot-intro/)"
86.49.253.6 - - [03/Jan/2021:19:54:26 +0100] "GET /images/vasutterkep_n.jpg HTTP/1.1" 301 337 "http://oterkep.blogspot.com/" "Mozilla/5.0 (Windows NT 10.0; Win64; x64) AppleWebKit/537.36 (KHTML, like Gecko) Chrome/87.0.4280.88 Safari/537.36"
216.18.204.202 - - [03/Jan/2021:20:22:31 +0100] "GET /hirlevel/vonattal1408.html HTTP/1.1" 301 335 "http://mkk.zpok.hu/" "Mozilla/5.0 (compatible; Adsbot/3.1)"
216.18.204.202 - - [03/Jan/2021:20:23:04 +0100] "GET /doc/legyel_te_is_buszke_kerekparos.pdf HTTP/1.1" 301 347 "http://mkk.zpok.hu/" "Mozilla/5.0 (compatible; Adsbot/3.1)"
216.18.204.202 - - [03/Jan/2021:20:26:37 +0100] "GET /doc/jelentkezesi_urlap_a_palyamunka_melle.doc HTTP/1.1" 301 354 "http://mkk.zpok.hu/" "Mozilla/5.0 (compatible; Adsbot/3.1)"
35.202.2.1 - - [03/Jan/2021:21:25:01 +0100] "GET /robots.txt HTTP/1.1" 301 323 "-" "ltx71 - (http://ltx71.com/)"
66.249.69.178 - - [04/Jan/2021:00:32:53 +0100] "GET /doc/recs_konf_1103.pdf HTTP/1.1" 301 331 "-" "Mozilla/5.0 (Linux; Android 6.0.1; Nexus 5X Build/MMB29P) AppleWebKit/537.36 (KHTML, like Gecko) Chrome/87.0.4280.90 Mobile Safari/537.36 (compatible; Googlebot/2.1; +http://www.google.com/bot.html)"
13.66.139.118 - - [04/Jan/2021:01:43:31 +0100] "GET /hirlevel/vonattal1204.htm HTTP/1.1" 301 334 "-" "Mozilla/5.0 (compatible; bingbot/2.0; +http://www.bing.com/bingbot.htm)"
13.66.139.35 - - [04/Jan/2021:02:10:15 +0100] "GET /hirlevel/vonattal1209.htm HTTP/1.1" 301 334 "-" "Mozilla/5.0 (compatible; bingbot/2.0; +http://www.bing.com/bingbot.htm)"
13.66.139.120 - - [04/Jan/2021:02:33:07 +0100] "GET /hirlevel/vonattal1508.html HTTP/1.1" 301 335 "-" "Mozilla/5.0 (compatible; bingbot/2.0; +http://www.bing.com/bingbot.htm)"
212.115.49.114 - - [04/Jan/2021:03:13:07 +0100] "HEAD /?author=1 HTTP/1.1" 301 0 "-" "Mozilla/5.0 (Windows NT 10.0; Win64; x64; rv:77.0) Gecko/20100101 Firefox/77.0"
66.249.69.180 - - [04/Jan/2021:03:21:16 +0100] "GET /robots.txt HTTP/1.1" 301 319 "-" "Mozilla/5.0 (compatible; Googlebot/2.1; +http://www.google.com/bot.html)"
66.249.69.178 - - [04/Jan/2021:03:21:17 +0100] "GET /doc/sikeres_varos.pdf HTTP/1.1" 301 330 "-" "Mozilla/5.0 (Linux; Android 6.0.1; Nexus 5X Build/MMB29P) AppleWebKit/537.36 (KHTML, like Gecko) Chrome/87.0.4280.90 Mobile Safari/537.36 (compatible; Googlebot/2.1; +http://www.google.com/bot.html)"
66.249.69.178 - - [04/Jan/2021:03:23:35 +0100] "GET /doc/varos-videk.vasut_2009.pdf HTTP/1.1" 301 339 "-" "Mozilla/5.0 (Linux; Android 6.0.1; Nexus 5X Build/MMB29P) AppleWebKit/537.36 (KHTML, like Gecko) Chrome/87.0.4280.90 Mobile Safari/537.36 (compatible; Googlebot/2.1; +http://www.google.com/bot.html)"
54.38.19.75 - - [04/Jan/2021:05:00:09 +0100] "GET / HTTP/1.1" 301 309 "-" "Java/1.8.0_271"
54.38.19.75 - - [04/Jan/2021:05:00:09 +0100] "GET /facebook-logo-preview.png HTTP/1.1" 301 334 "-" "Java/1.8.0_271"
54.38.19.75 - - [04/Jan/2021:05:00:09 +0100] "GET /kikvagyunk2.htm HTTP/1.1" 301 324 "-" "Java/1.8.0_271"
54.38.19.75 - - [04/Jan/2021:05:00:09 +0100] "GET /mkk_banner.png HTTP/1.1" 301 323 "-" "Java/1.8.0_271"
54.38.19.75 - - [04/Jan/2021:05:00:10 +0100] "GET /projektek2.htm HTTP/1.1" 301 323 "-" "Java/1.8.0_271"
54.38.19.75 - - [04/Jan/2021:05:00:10 +0100] "GET /tagsag2.htm HTTP/1.1" 301 320 "-" "Java/1.8.0_271"
54.38.19.75 - - [04/Jan/2021:05:00:10 +0100] "GET /https://www.facebook.com/Magyar-K\xf6zleked\xe9si-Klub-211783892191832 HTTP/1.1" 301 377 "-" "Java/1.8.0_271"
66.249.72.76 - - [04/Jan/2021:10:21:01 +0100] "GET /robots.txt HTTP/1.1" 301 323 "-" "Mozilla/5.0 (compatible; Googlebot/2.1; +http://www.google.com/bot.html)"
66.249.72.74 - - [04/Jan/2021:10:21:01 +0100] "GET /tanulmanyok/vasutikerekasztal.pdf HTTP/1.1" 301 346 "-" "Mozilla/5.0 (Linux; Android 6.0.1; Nexus 5X Build/MMB29P) AppleWebKit/537.36 (KHTML, like Gecko) Chrome/87.0.4280.90 Mobile Safari/537.36 (compatible; Googlebot/2.1; +http://www.google.com/bot.html)"
144.76.23.74 - - [04/Jan/2021:10:56:36 +0100] "GET /robots.txt HTTP/1.1" 301 319 "-" "Mozilla/5.0 (Windows NT 10.0; Win64; x64; trendictionbot0.5.0; trendiction search; http://www.trendiction.de/bot; please let us know of any problems; web at trendiction.com) Gecko/20170101 Firefox/67.0"
144.76.23.74 - - [04/Jan/2021:10:56:38 +0100] "GET / HTTP/1.1" 301 309 "-" "Mozilla/5.0 (Windows NT 10.0; Win64; x64; trendictionbot0.5.0; trendiction search; http://www.trendiction.de/bot; please let us know of any problems; web at trendiction.com) Gecko/20170101 Firefox/67.0"
31.46.179.162 - - [04/Jan/2021:11:57:51 +0100] "GET / HTTP/1.1" 301 309 "-" "Mozilla/5.0 (Windows NT 10.0; Win64; x64) AppleWebKit/537.36 (KHTML, like Gecko) Chrome/87.0.4280.88 Safari/537.36"
116.179.32.165 - - [04/Jan/2021:13:18:33 +0100] "GET /doc/vasuttal-budapest-kornyeken.pdf HTTP/1.1" 301 348 "-" "Mozilla/5.0 (compatible; Baiduspider/2.0; +http://www.baidu.com/search/spider.html)"
66.249.69.180 - - [04/Jan/2021:14:57:16 +0100] "GET /doc/A_kozlekedesmenedzsment_korszeru_eszkozei.pdf HTTP/1.1" 301 358 "-" "Mozilla/5.0 (Linux; Android 6.0.1; Nexus 5X Build/MMB29P) AppleWebKit/537.36 (KHTML, like Gecko) Chrome/87.0.4280.90 Mobile Safari/537.36 (compatible; Googlebot/2.1; +http://www.google.com/bot.html)"
198.143.175.82 - - [04/Jan/2021:16:53:37 +0100] "GET / HTTP/1.1" 301 309 "-" "Mozilla/5.0 (Windows NT 10.0; WOW64) AppleWebKit/537.36 (KHTML, like Gecko) Chrome/66.0.3359.117 Safari/537.36"
66.249.69.178 - - [04/Jan/2021:17:25:38 +0100] "GET /robots.txt HTTP/1.1" 301 319 "-" "Mozilla/5.0 (compatible; Googlebot/2.1; +http://www.google.com/bot.html)"
66.249.69.182 - - [04/Jan/2021:17:25:38 +0100] "GET /hirlevel/vonattal1601.html HTTP/1.1" 301 335 "-" "Mozilla/5.0 (Linux; Android 6.0.1; Nexus 5X Build/MMB29P) AppleWebKit/537.36 (KHTML, like Gecko) Chrome/87.0.4280.90 Mobile Safari/537.36 (compatible; Googlebot/2.1; +http://www.google.com/bot.html)"
66.249.69.180 - - [04/Jan/2021:17:25:42 +0100] "GET /hirlevel/vonattal1603.html HTTP/1.1" 301 335 "-" "Mozilla/5.0 (Linux; Android 6.0.1; Nexus 5X Build/MMB29P) AppleWebKit/537.36 (KHTML, like Gecko) Chrome/87.0.4280.90 Mobile Safari/537.36 (compatible; Googlebot/2.1; +http://www.google.com/bot.html)"
66.249.69.178 - - [04/Jan/2021:17:25:47 +0100] "GET /hirlevel/vonattal1605.html HTTP/1.1" 301 335 "-" "Mozilla/5.0 (Linux; Android 6.0.1; Nexus 5X Build/MMB29P) AppleWebKit/537.36 (KHTML, like Gecko) Chrome/87.0.4280.90 Mobile Safari/537.36 (compatible; Googlebot/2.1; +http://www.google.com/bot.html)"
145.236.41.225 - - [04/Jan/2021:20:19:51 +0100] "GET / HTTP/1.1" 301 313 "-" "Mozilla/5.0 (Windows NT 6.1; Win64; x64) AppleWebKit/537.36 (KHTML, like Gecko) Chrome/86.0.4240.198 Safari/537.36"
5.255.231.195 - - [04/Jan/2021:21:13:45 +0100] "GET /robots.txt HTTP/1.1" 301 323 "-" "Mozilla/5.0 (compatible; YandexBot/3.0; +http://yandex.com/bots)"
5.255.231.195 - - [04/Jan/2021:21:13:48 +0100] "GET / HTTP/1.1" 301 313 "-" "Mozilla/5.0 (compatible; YandexBot/3.0; +http://yandex.com/bots)"
66.220.149.112 - - [04/Jan/2021:22:42:23 +0100] "GET / HTTP/1.1" 301 313 "-" "facebookexternalhit/1.1 (+http://www.facebook.com/externalhit_uatext.php)"
66.249.64.84 - - [04/Jan/2021:22:55:50 +0100] "GET /robots.txt HTTP/1.1" 301 323 "-" "Mozilla/5.0 (compatible; Googlebot/2.1; +http://www.google.com/bot.html)"
66.249.64.84 - - [04/Jan/2021:22:55:50 +0100] "GET /doc/mellv-konf_061121.pdf HTTP/1.1" 301 338 "-" "Googlebot/2.1 (+http://www.google.com/bot.html)"
66.249.64.82 - - [05/Jan/2021:01:20:29 +0100] "GET /hirlevel/vonattal1206.htm HTTP/1.1" 301 338 "-" "Mozilla/5.0 (Linux; Android 6.0.1; Nexus 5X Build/MMB29P) AppleWebKit/537.36 (KHTML, like Gecko) Chrome/87.0.4280.90 Mobile Safari/537.36 (compatible; Googlebot/2.1; +http://www.google.com/bot.html)"
66.249.64.84 - - [05/Jan/2021:01:22:35 +0100] "GET /doc/Allasfoglalas_201203 HTTP/1.1" 301 337 "-" "Mozilla/5.0 (Linux; Android 6.0.1; Nexus 5X Build/MMB29P) AppleWebKit/537.36 (KHTML, like Gecko) Chrome/87.0.4280.90 Mobile Safari/537.36 (compatible; Googlebot/2.1; +http://www.google.com/bot.html)"
79.154.220.75 - - [05/Jan/2021:04:08:33 +0100] "GET / HTTP/1.1" 301 313 "-" "Mozilla/5.0"
157.55.39.2 - - [05/Jan/2021:05:58:54 +0100] "GET /robots.txt HTTP/1.1" 301 319 "-" "Mozilla/5.0 (compatible; bingbot/2.0; +http://www.bing.com/bingbot.htm)"
13.66.139.118 - - [05/Jan/2021:05:59:03 +0100] "GET /hirlevel/vonattal1204.htm HTTP/1.1" 301 334 "-" "Mozilla/5.0 (compatible; bingbot/2.0; +http://www.bing.com/bingbot.htm)"
13.66.139.35 - - [05/Jan/2021:05:59:54 +0100] "GET /hirlevel/vonattal1209.htm HTTP/1.1" 301 334 "-" "Mozilla/5.0 (compatible; bingbot/2.0; +http://www.bing.com/bingbot.htm)"
66.249.70.58 - - [05/Jan/2021:06:41:18 +0100] "GET /robots.txt HTTP/1.1" 301 319 "-" "Mozilla/5.0 (compatible; Googlebot/2.1; +http://www.google.com/bot.html)"
66.249.70.60 - - [05/Jan/2021:06:41:19 +0100] "GET /hirlevel/vonattal1010_1.htm HTTP/1.1" 301 336 "-" "Mozilla/5.0 (compatible; Googlebot/2.1; +http://www.google.com/bot.html)"
157.55.39.2 - - [05/Jan/2021:06:41:26 +0100] "GET /robots.txt HTTP/1.1" 301 319 "-" "Mozilla/5.0 (compatible; bingbot/2.0; +http://www.bing.com/bingbot.htm)"
13.66.139.120 - - [05/Jan/2021:06:41:27 +0100] "GET /hirlevel/vonattal1508.html HTTP/1.1" 301 335 "-" "Mozilla/5.0 (compatible; bingbot/2.0; +http://www.bing.com/bingbot.htm)"
45.143.221.77 - - [05/Jan/2021:07:47:20 +0100] "GET / HTTP/1.1" 301 309 "-" "python-requests/2.25.1"
157.55.39.2 - - [05/Jan/2021:09:38:31 +0100] "GET /robots.txt HTTP/1.1" 301 323 "-" "Mozilla/5.0 (compatible; bingbot/2.0; +http://www.bing.com/bingbot.htm)"
40.77.167.74 - - [05/Jan/2021:09:38:33 +0100] "GET / HTTP/1.1" 301 313 "-" "Mozilla/5.0 (compatible; bingbot/2.0; +http://www.bing.com/bingbot.htm)"
77.240.183.225 - - [05/Jan/2021:10:08:12 +0100] "GET /hirlevel/vonattal1209.htm HTTP/1.1" 301 334 "-" "Mozilla/5.0 (compatible; SpiderLing (a SPIDER for LINGustic research); +http://nlp.fi.muni.cz/projects/biwec/)"
180.163.220.3 - - [05/Jan/2021:12:03:01 +0100] "GET / HTTP/1.1" 301 313 "http://baidu.com/" "Mozilla/5.0 (Linux; U; Android 8.1.0; zh-CN; EML-AL00 Build/HUAWEIEML-AL00) AppleWebKit/537.36 (KHTML, like Gecko) Version/4.0 Chrome/57.0.2987.108 baidu.sogo.uc.UCBrowser/11.9.4.974 UWS/2.13.1.48 Mobile Safari/537.36 AliApp(DingTalk/4.5.11) com.alibaba.android.rimet/10487439 Channel/227200 language/zh-CN"
207.46.13.201 - - [05/Jan/2021:13:32:24 +0100] "GET /doc/hu_aps_positivbeispiele_aufl2_070622_klein.pdf HTTP/1.1" 301 363 "-" "Mozilla/5.0 (compatible; bingbot/2.0; +http://www.bing.com/bingbot.htm)"
157.55.39.2 - - [05/Jan/2021:13:53:36 +0100] "GET /robots.txt HTTP/1.1" 301 319 "-" "Mozilla/5.0 (compatible; bingbot/2.0; +http://www.bing.com/bingbot.htm)"
40.77.167.74 - - [05/Jan/2021:13:53:41 +0100] "GET /hirlevel/hatarmenten_201109.pdf HTTP/1.1" 301 340 "-" "Mozilla/5.0 (compatible; bingbot/2.0; +http://www.bing.com/bingbot.htm)"
46.4.122.146 - - [05/Jan/2021:19:00:48 +0100] "GET /robots.txt HTTP/1.1" 301 319 "-" "Mozilla/5.0 (compatible; BLEXBot/1.0; +http://webmeup-crawler.com/)"
46.4.122.146 - - [05/Jan/2021:19:00:49 +0100] "GET /robots.txt HTTP/1.1" 301 323 "-" "Mozilla/5.0 (compatible; BLEXBot/1.0; +http://webmeup-crawler.com/)"
46.4.122.146 - - [05/Jan/2021:19:00:49 +0100] "GET /hirlevel/vonattal1107.htm HTTP/1.1" 301 334 "-" "Mozilla/5.0 (compatible; BLEXBot/1.0; +http://webmeup-crawler.com/)"
119.27.191.202 - - [06/Jan/2021:01:13:17 +0100] "GET /wp-login.php HTTP/1.1" 301 321 "-" "Apache-HttpClient/4.5.2 (Java/1.8.0_151)"
31.220.3.99 - - [06/Jan/2021:01:57:12 +0100] "GET /wp-config.php.orig HTTP/1.1" 301 327 "https://www.google.com/search" "Mozlila/5.0 (Linux; Android 7.0; SM-G892A Bulid/NRD90M; wv) AppleWebKit/537.36 (KHTML, like Gecko) Version/4.0 Chrome/60.0.3112.107 Moblie Safari/537.36"
31.220.3.99 - - [06/Jan/2021:01:57:12 +0100] "GET /wp-config.php.1 HTTP/1.1" 301 324 "https://www.google.com/search" "Mozlila/5.0 (Linux; Android 7.0; SM-G892A Bulid/NRD90M; wv) AppleWebKit/537.36 (KHTML, like Gecko) Version/4.0 Chrome/60.0.3112.107 Moblie Safari/537.36"
31.220.3.99 - - [06/Jan/2021:01:57:12 +0100] "GET /wp-config.php.2 HTTP/1.1" 301 324 "https://www.google.com/search" "Mozlila/5.0 (Linux; Android 7.0; SM-G892A Bulid/NRD90M; wv) AppleWebKit/537.36 (KHTML, like Gecko) Version/4.0 Chrome/60.0.3112.107 Moblie Safari/537.36"
31.220.3.99 - - [06/Jan/2021:01:57:12 +0100] "GET /wp-config.php.3 HTTP/1.1" 301 324 "https://www.google.com/search" "Mozlila/5.0 (Linux; Android 7.0; SM-G892A Bulid/NRD90M; wv) AppleWebKit/537.36 (KHTML, like Gecko) Version/4.0 Chrome/60.0.3112.107 Moblie Safari/537.36"
31.220.3.99 - - [06/Jan/2021:01:57:12 +0100] "GET /wp-config.php.4 HTTP/1.1" 301 324 "https://www.google.com/search" "Mozlila/5.0 (Linux; Android 7.0; SM-G892A Bulid/NRD90M; wv) AppleWebKit/537.36 (KHTML, like Gecko) Version/4.0 Chrome/60.0.3112.107 Moblie Safari/537.36"
31.220.3.99 - - [06/Jan/2021:01:57:12 +0100] "GET /wp-config.php.5 HTTP/1.1" 301 324 "https://www.google.com/search" "Mozlila/5.0 (Linux; Android 7.0; SM-G892A Bulid/NRD90M; wv) AppleWebKit/537.36 (KHTML, like Gecko) Version/4.0 Chrome/60.0.3112.107 Moblie Safari/537.36"
31.220.3.99 - - [06/Jan/2021:01:57:12 +0100] "GET /wp-config.php.6 HTTP/1.1" 301 324 "https://www.google.com/search" "Mozlila/5.0 (Linux; Android 7.0; SM-G892A Bulid/NRD90M; wv) AppleWebKit/537.36 (KHTML, like Gecko) Version/4.0 Chrome/60.0.3112.107 Moblie Safari/537.36"
31.220.3.99 - - [06/Jan/2021:01:57:12 +0100] "GET /wp-config.php.backup HTTP/1.1" 301 329 "https://www.google.com/search" "Mozlila/5.0 (Linux; Android 7.0; SM-G892A Bulid/NRD90M; wv) AppleWebKit/537.36 (KHTML, like Gecko) Version/4.0 Chrome/60.0.3112.107 Moblie Safari/537.36"
31.220.3.99 - - [06/Jan/2021:01:57:12 +0100] "GET /wp-config.php.7 HTTP/1.1" 301 324 "https://www.google.com/search" "Mozlila/5.0 (Linux; Android 7.0; SM-G892A Bulid/NRD90M; wv) AppleWebKit/537.36 (KHTML, like Gecko) Version/4.0 Chrome/60.0.3112.107 Moblie Safari/537.36"
31.220.3.99 - - [06/Jan/2021:01:57:12 +0100] "GET /wp-config.php.8 HTTP/1.1" 301 324 "https://www.google.com/search" "Mozlila/5.0 (Linux; Android 7.0; SM-G892A Bulid/NRD90M; wv) AppleWebKit/537.36 (KHTML, like Gecko) Version/4.0 Chrome/60.0.3112.107 Moblie Safari/537.36"
31.220.3.99 - - [06/Jan/2021:01:57:13 +0100] "GET /wp-config.php.9 HTTP/1.1" 301 324 "https://www.google.com/search" "Mozlila/5.0 (Linux; Android 7.0; SM-G892A Bulid/NRD90M; wv) AppleWebKit/537.36 (KHTML, like Gecko) Version/4.0 Chrome/60.0.3112.107 Moblie Safari/537.36"
31.220.3.99 - - [06/Jan/2021:01:57:13 +0100] "GET /wp-config.php.0 HTTP/1.1" 301 324 "https://www.google.com/search" "Mozlila/5.0 (Linux; Android 7.0; SM-G892A Bulid/NRD90M; wv) AppleWebKit/537.36 (KHTML, like Gecko) Version/4.0 Chrome/60.0.3112.107 Moblie Safari/537.36"
31.220.3.99 - - [06/Jan/2021:01:57:13 +0100] "GET /wp-config.php_orig HTTP/1.1" 301 327 "https://www.google.com/search" "Mozlila/5.0 (Linux; Android 7.0; SM-G892A Bulid/NRD90M; wv) AppleWebKit/537.36 (KHTML, like Gecko) Version/4.0 Chrome/60.0.3112.107 Moblie Safari/537.36"
31.220.3.99 - - [06/Jan/2021:01:57:13 +0100] "GET /wp-config.php.new HTTP/1.1" 301 326 "https://www.google.com/search" "Mozlila/5.0 (Linux; Android 7.0; SM-G892A Bulid/NRD90M; wv) AppleWebKit/537.36 (KHTML, like Gecko) Version/4.0 Chrome/60.0.3112.107 Moblie Safari/537.36"
31.220.3.99 - - [06/Jan/2021:01:57:14 +0100] "GET /wp-config.php.original HTTP/1.1" 301 331 "https://www.google.com/search" "Mozlila/5.0 (Linux; Android 7.0; SM-G892A Bulid/NRD90M; wv) AppleWebKit/537.36 (KHTML, like Gecko) Version/4.0 Chrome/60.0.3112.107 Moblie Safari/537.36"
31.220.3.99 - - [06/Jan/2021:01:57:14 +0100] "GET /wp-config.php.disabled HTTP/1.1" 301 331 "https://www.google.com/search" "Mozlila/5.0 (Linux; Android 7.0; SM-G892A Bulid/NRD90M; wv) AppleWebKit/537.36 (KHTML, like Gecko) Version/4.0 Chrome/60.0.3112.107 Moblie Safari/537.36"
31.220.3.99 - - [06/Jan/2021:01:57:14 +0100] "GET /wp-config.php-original HTTP/1.1" 301 331 "https://www.google.com/search" "Mozlila/5.0 (Linux; Android 7.0; SM-G892A Bulid/NRD90M; wv) AppleWebKit/537.36 (KHTML, like Gecko) Version/4.0 Chrome/60.0.3112.107 Moblie Safari/537.36"
31.220.3.99 - - [06/Jan/2021:01:57:14 +0100] "GET /wp-config.php.save HTTP/1.1" 301 327 "https://www.google.com/search" "Mozlila/5.0 (Linux; Android 7.0; SM-G892A Bulid/NRD90M; wv) AppleWebKit/537.36 (KHTML, like Gecko) Version/4.0 Chrome/60.0.3112.107 Moblie Safari/537.36"
31.220.3.99 - - [06/Jan/2021:01:57:14 +0100] "GET /wp-config.php.old HTTP/1.1" 301 326 "https://www.google.com/search" "Mozlila/5.0 (Linux; Android 7.0; SM-G892A Bulid/NRD90M; wv) AppleWebKit/537.36 (KHTML, like Gecko) Version/4.0 Chrome/60.0.3112.107 Moblie Safari/537.36"
176.10.107.180 - - [06/Jan/2021:01:57:18 +0100] "GET /wp-config.php.b HTTP/1.1" 301 324 "https://www.google.com/search" "Mozlila/5.0 (Linux; Android 7.0; SM-G892A Bulid/NRD90M; wv) AppleWebKit/537.36 (KHTML, like Gecko) Version/4.0 Chrome/60.0.3112.107 Moblie Safari/537.36"
176.10.107.180 - - [06/Jan/2021:01:57:18 +0100] "GET /wp-config.php.a HTTP/1.1" 301 324 "https://www.google.com/search" "Mozlila/5.0 (Linux; Android 7.0; SM-G892A Bulid/NRD90M; wv) AppleWebKit/537.36 (KHTML, like Gecko) Version/4.0 Chrome/60.0.3112.107 Moblie Safari/537.36"
176.10.107.180 - - [06/Jan/2021:01:57:18 +0100] "GET /wp-config.php~ HTTP/1.1" 301 323 "https://www.google.com/search" "Mozlila/5.0 (Linux; Android 7.0; SM-G892A Bulid/NRD90M; wv) AppleWebKit/537.36 (KHTML, like Gecko) Version/4.0 Chrome/60.0.3112.107 Moblie Safari/537.36"
176.10.107.180 - - [06/Jan/2021:01:57:18 +0100] "GET /wp-config.php.bk HTTP/1.1" 301 325 "https://www.google.com/search" "Mozlila/5.0 (Linux; Android 7.0; SM-G892A Bulid/NRD90M; wv) AppleWebKit/537.36 (KHTML, like Gecko) Version/4.0 Chrome/60.0.3112.107 Moblie Safari/537.36"
176.10.107.180 - - [06/Jan/2021:01:57:18 +0100] "GET /wp-config.php.bak HTTP/1.1" 301 326 "https://www.google.com/search" "Mozlila/5.0 (Linux; Android 7.0; SM-G892A Bulid/NRD90M; wv) AppleWebKit/537.36 (KHTML, like Gecko) Version/4.0 Chrome/60.0.3112.107 Moblie Safari/537.36"
176.10.107.180 - - [06/Jan/2021:01:57:18 +0100] "GET /wp-admin/admin-ajax.php?action=revslider_show_image&img=../wp-config.php HTTP/1.1" 301 385 "https://www.google.com/search" "Mozlila/5.0 (Linux; Android 7.0; SM-G892A Bulid/NRD90M; wv) AppleWebKit/537.36 (KHTML, like Gecko) Version/4.0 Chrome/60.0.3112.107 Moblie Safari/537.36"
176.10.107.180 - - [06/Jan/2021:01:57:18 +0100] "GET /wp-config.php_ HTTP/1.1" 301 323 "https://www.google.com/search" "Mozlila/5.0 (Linux; Android 7.0; SM-G892A Bulid/NRD90M; wv) AppleWebKit/537.36 (KHTML, like Gecko) Version/4.0 Chrome/60.0.3112.107 Moblie Safari/537.36"
176.10.107.180 - - [06/Jan/2021:01:57:18 +0100] "GET /wp-config.php_original HTTP/1.1" 301 331 "https://www.google.com/search" "Mozlila/5.0 (Linux; Android 7.0; SM-G892A Bulid/NRD90M; wv) AppleWebKit/537.36 (KHTML, like Gecko) Version/4.0 Chrome/60.0.3112.107 Moblie Safari/537.36"
176.10.107.180 - - [06/Jan/2021:01:57:18 +0100] "GET /wp-config.bak HTTP/1.1" 301 322 "https://www.google.com/search" "Mozlila/5.0 (Linux; Android 7.0; SM-G892A Bulid/NRD90M; wv) AppleWebKit/537.36 (KHTML, like Gecko) Version/4.0 Chrome/60.0.3112.107 Moblie Safari/537.36"
176.10.107.180 - - [06/Jan/2021:01:57:18 +0100] "GET /wp-config.phporiginal HTTP/1.1" 301 330 "https://www.google.com/search" "Mozlila/5.0 (Linux; Android 7.0; SM-G892A Bulid/NRD90M; wv) AppleWebKit/537.36 (KHTML, like Gecko) Version/4.0 Chrome/60.0.3112.107 Moblie Safari/537.36"
176.10.107.180 - - [06/Jan/2021:01:57:18 +0100] "GET /wp-config.php.swp HTTP/1.1" 301 326 "https://www.google.com/search" "Mozlila/5.0 (Linux; Android 7.0; SM-G892A Bulid/NRD90M; wv) AppleWebKit/537.36 (KHTML, like Gecko) Version/4.0 Chrome/60.0.3112.107 Moblie Safari/537.36"
176.10.107.180 - - [06/Jan/2021:01:57:18 +0100] "GET /wp-config.good HTTP/1.1" 301 323 "https://www.google.com/search" "Mozlila/5.0 (Linux; Android 7.0; SM-G892A Bulid/NRD90M; wv) AppleWebKit/537.36 (KHTML, like Gecko) Version/4.0 Chrome/60.0.3112.107 Moblie Safari/537.36"
176.10.107.180 - - [06/Jan/2021:01:57:18 +0100] "GET /wp-config_good HTTP/1.1" 301 323 "https://www.google.com/search" "Mozlila/5.0 (Linux; Android 7.0; SM-G892A Bulid/NRD90M; wv) AppleWebKit/537.36 (KHTML, like Gecko) Version/4.0 Chrome/60.0.3112.107 Moblie Safari/537.36"
176.10.107.180 - - [06/Jan/2021:01:57:18 +0100] "GET /wp-config.php_bak HTTP/1.1" 301 326 "https://www.google.com/search" "Mozlila/5.0 (Linux; Android 7.0; SM-G892A Bulid/NRD90M; wv) AppleWebKit/537.36 (KHTML, like Gecko) Version/4.0 Chrome/60.0.3112.107 Moblie Safari/537.36"
176.10.107.180 - - [06/Jan/2021:01:57:19 +0100] "GET /wp-config-good HTTP/1.1" 301 323 "https://www.google.com/search" "Mozlila/5.0 (Linux; Android 7.0; SM-G892A Bulid/NRD90M; wv) AppleWebKit/537.36 (KHTML, like Gecko) Version/4.0 Chrome/60.0.3112.107 Moblie Safari/537.36"
176.10.107.180 - - [06/Jan/2021:01:57:19 +0100] "GET /wp-config.php~ HTTP/1.1" 301 323 "https://www.google.com/search" "Mozlila/5.0 (Linux; Android 7.0; SM-G892A Bulid/NRD90M; wv) AppleWebKit/537.36 (KHTML, like Gecko) Version/4.0 Chrome/60.0.3112.107 Moblie Safari/537.36"
176.10.107.180 - - [06/Jan/2021:01:57:19 +0100] "GET /wp-config.php_1 HTTP/1.1" 301 324 "https://www.google.com/search" "Mozlila/5.0 (Linux; Android 7.0; SM-G892A Bulid/NRD90M; wv) AppleWebKit/537.36 (KHTML, like Gecko) Version/4.0 Chrome/60.0.3112.107 Moblie Safari/537.36"
176.10.107.180 - - [06/Jan/2021:01:57:19 +0100] "GET /wp-config.php.bak HTTP/1.1" 301 326 "https://www.google.com/search" "Mozlila/5.0 (Linux; Android 7.0; SM-G892A Bulid/NRD90M; wv) AppleWebKit/537.36 (KHTML, like Gecko) Version/4.0 Chrome/60.0.3112.107 Moblie Safari/537.36"
176.10.107.180 - - [06/Jan/2021:01:57:20 +0100] "GET /wp-config.php.save HTTP/1.1" 301 327 "https://www.google.com/search" "Mozlila/5.0 (Linux; Android 7.0; SM-G892A Bulid/NRD90M; wv) AppleWebKit/537.36 (KHTML, like Gecko) Version/4.0 Chrome/60.0.3112.107 Moblie Safari/537.36"
176.10.107.180 - - [06/Jan/2021:01:57:20 +0100] "GET /wp-config.php_bak HTTP/1.1" 301 326 "https://www.google.com/search" "Mozlila/5.0 (Linux; Android 7.0; SM-G892A Bulid/NRD90M; wv) AppleWebKit/537.36 (KHTML, like Gecko) Version/4.0 Chrome/60.0.3112.107 Moblie Safari/537.36"
176.10.107.180 - - [06/Jan/2021:01:57:20 +0100] "GET /wp-config.php.swn HTTP/1.1" 301 326 "https://www.google.com/search" "Mozlila/5.0 (Linux; Android 7.0; SM-G892A Bulid/NRD90M; wv) AppleWebKit/537.36 (KHTML, like Gecko) Version/4.0 Chrome/60.0.3112.107 Moblie Safari/537.36"
176.10.107.180 - - [06/Jan/2021:01:57:20 +0100] "GET /wp-config.php.swo HTTP/1.1" 301 326 "https://www.google.com/search" "Mozlila/5.0 (Linux; Android 7.0; SM-G892A Bulid/NRD90M; wv) AppleWebKit/537.36 (KHTML, like Gecko) Version/4.0 Chrome/60.0.3112.107 Moblie Safari/537.36"
176.10.107.180 - - [06/Jan/2021:01:57:20 +0100] "GET /wp-config.php_new HTTP/1.1" 301 326 "https://www.google.com/search" "Mozlila/5.0 (Linux; Android 7.0; SM-G892A Bulid/NRD90M; wv) AppleWebKit/537.36 (KHTML, like Gecko) Version/4.0 Chrome/60.0.3112.107 Moblie Safari/537.36"
176.10.107.180 - - [06/Jan/2021:01:57:23 +0100] "GET /wp-config.php_Old HTTP/1.1" 301 326 "https://www.google.com/search" "Mozlila/5.0 (Linux; Android 7.0; SM-G892A Bulid/NRD90M; wv) AppleWebKit/537.36 (KHTML, like Gecko) Version/4.0 Chrome/60.0.3112.107 Moblie Safari/537.36"
176.10.107.180 - - [06/Jan/2021:01:57:23 +0100] "GET /wp-config.php-bak HTTP/1.1" 301 326 "https://www.google.com/search" "Mozlila/5.0 (Linux; Android 7.0; SM-G892A Bulid/NRD90M; wv) AppleWebKit/537.36 (KHTML, like Gecko) Version/4.0 Chrome/60.0.3112.107 Moblie Safari/537.36"
35.202.2.1 - - [06/Jan/2021:03:46:49 +0100] "GET /robots.txt HTTP/1.1" 301 319 "-" "ltx71 - (http://ltx71.com/)"
35.202.2.1 - - [06/Jan/2021:03:47:29 +0100] "GET / HTTP/1.1" 301 309 "-" "ltx71 - (http://ltx71.com/)"
77.240.183.225 - - [06/Jan/2021:03:48:06 +0100] "GET /hirlevel/vonattal1107.htm HTTP/1.1" 301 334 "-" "Mozilla/5.0 (compatible; SpiderLing (a SPIDER for LINGustic research); +http://nlp.fi.muni.cz/projects/biwec/)"
66.249.66.206 - - [06/Jan/2021:07:50:52 +0100] "GET /robots.txt HTTP/1.1" 301 323 "-" "Mozilla/5.0 (compatible; Googlebot/2.1; +http://www.google.com/bot.html)"
66.249.66.206 - - [06/Jan/2021:07:50:55 +0100] "GET /doc/helyierdeku_vasutak2009.ppt HTTP/1.1" 301 344 "-" "Mozilla/5.0 (Linux; Android 6.0.1; Nexus 5X Build/MMB29P) AppleWebKit/537.36 (KHTML, like Gecko) Chrome/87.0.4280.90 Mobile Safari/537.36 (compatible; Googlebot/2.1; +http://www.google.com/bot.html)"
157.55.39.2 - - [06/Jan/2021:10:31:02 +0100] "GET /robots.txt HTTP/1.1" 301 319 "-" "Mozilla/5.0 (compatible; bingbot/2.0; +http://www.bing.com/bingbot.htm)"
13.66.139.35 - - [06/Jan/2021:10:31:06 +0100] "GET /hirlevel/vonattal1209.htm HTTP/1.1" 301 334 "-" "Mozilla/5.0 (compatible; bingbot/2.0; +http://www.bing.com/bingbot.htm)"
13.66.139.118 - - [06/Jan/2021:10:31:47 +0100] "GET /hirlevel/vonattal1204.htm HTTP/1.1" 301 334 "-" "Mozilla/5.0 (compatible; bingbot/2.0; +http://www.bing.com/bingbot.htm)"
66.249.66.64 - - [06/Jan/2021:10:45:45 +0100] "GET /robots.txt HTTP/1.1" 301 319 "-" "Mozilla/5.0 (compatible; Googlebot/2.1; +http://www.google.com/bot.html)"
66.249.66.64 - - [06/Jan/2021:10:45:45 +0100] "GET /doc/allomasok_kepes_osszefoglaloja.pdf HTTP/1.1" 301 347 "-" "Mozilla/5.0 (Linux; Android 6.0.1; Nexus 5X Build/MMB29P) AppleWebKit/537.36 (KHTML, like Gecko) Chrome/87.0.4280.90 Mobile Safari/537.36 (compatible; Googlebot/2.1; +http://www.google.com/bot.html)"
157.55.39.2 - - [06/Jan/2021:11:11:26 +0100] "GET /robots.txt HTTP/1.1" 301 319 "-" "Mozilla/5.0 (compatible; bingbot/2.0; +http://www.bing.com/bingbot.htm)"
13.66.139.120 - - [06/Jan/2021:11:11:31 +0100] "GET /hirlevel/vonattal1508.html HTTP/1.1" 301 335 "-" "Mozilla/5.0 (compatible; bingbot/2.0; +http://www.bing.com/bingbot.htm)"
34.67.48.112 - - [06/Jan/2021:16:03:46 +0100] "GET /doc/kerparoskozlekedes.pdf HTTP/1.1" 301 339 "-" "Go-http-client/1.1"
209.17.97.26 - - [06/Jan/2021:18:54:19 +0100] "GET / HTTP/1.1" 301 309 "-" "Mozilla/5.0 (compatible; Nimbostratus-Bot/v1.3.2; http://cloudsystemnetworks.com)"
66.249.66.206 - - [06/Jan/2021:22:58:54 +0100] "GET /robots.txt HTTP/1.1" 301 323 "-" "Mozilla/5.0 (compatible; Googlebot/2.1; +http://www.google.com/bot.html)"
66.249.66.204 - - [06/Jan/2021:22:58:55 +0100] "GET / HTTP/1.1" 301 313 "-" "Mozilla/5.0 (Linux; Android 6.0.1; Nexus 5X Build/MMB29P) AppleWebKit/537.36 (KHTML, like Gecko) Chrome/87.0.4280.90 Mobile Safari/537.36 (compatible; Googlebot/2.1; +http://www.google.com/bot.html)"
77.75.77.54 - - [06/Jan/2021:23:48:22 +0100] "GET /robots.txt HTTP/1.1" 301 323 "-" "Mozilla/5.0 (compatible; SeznamBot/3.2; +http://napoveda.seznam.cz/en/seznambot-intro/)"
77.75.77.54 - - [06/Jan/2021:23:48:22 +0100] "GET /images/vasutterkep_n.jpg HTTP/1.1" 301 337 "-" "Mozilla/5.0 (compatible; SeznamBot/3.2; +http://napoveda.seznam.cz/en/seznambot-intro/)"
104.155.182.181 - - [07/Jan/2021:02:09:07 +0100] "GET /doc/alapsz03.pdf HTTP/1.1" 301 325 "-" "Go-http-client/1.1"
66.249.70.62 - - [07/Jan/2021:03:09:42 +0100] "GET /robots.txt HTTP/1.1" 301 319 "-" "Mozilla/5.0 (compatible; Googlebot/2.1; +http://www.google.com/bot.html)"
66.249.70.58 - - [07/Jan/2021:03:09:43 +0100] "GET /doc/b2_20102.jpg HTTP/1.1" 301 325 "-" "Googlebot-Image/1.0"
95.216.160.154 - - [07/Jan/2021:16:32:12 +0100] "GET / HTTP/1.1" 301 309 "-" "Mozilla/5.0 (compatible; Seekport Crawler; http://seekport.com/)"
52.39.240.119 - - [07/Jan/2021:18:44:48 +0100] "GET / HTTP/1.1" 301 309 "-" "Mozilla/5.0 (Macintosh; Intel Mac OS X 10_13_6) AppleWebKit/537.36 (KHTML, like Gecko) Chrome/76.0.3809.100 Safari/537.36"
42.236.10.125 - - [07/Jan/2021:19:39:35 +0100] "GET / HTTP/1.1" 301 313 "-" "Mozilla/5.0 (Linux; U; Android 8.1.0; zh-CN; EML-AL00 Build/HUAWEIEML-AL00) AppleWebKit/537.36 (KHTML, like Gecko) Version/4.0 Chrome/57.0.2987.108 baidu.sogo.uc.UCBrowser/11.9.4.974 UWS/2.13.1.48 Mobile Safari/537.36 AliApp(DingTalk/4.5.11) com.alibaba.android.rimet/10487439 Channel/227200 language/zh-CN"
42.236.10.125 - - [07/Jan/2021:19:39:38 +0100] "GET / HTTP/1.1" 301 313 "http://baidu.com/" "Mozilla/5.0 (Linux; U; Android 8.1.0; zh-CN; EML-AL00 Build/HUAWEIEML-AL00) AppleWebKit/537.36 (KHTML, like Gecko) Version/4.0 Chrome/57.0.2987.108 baidu.sogo.uc.UCBrowser/11.9.4.974 UWS/2.13.1.48 Mobile Safari/537.36 AliApp(DingTalk/4.5.11) com.alibaba.android.rimet/10487439 Channel/227200 language/zh-CN"
46.139.238.20 - - [07/Jan/2021:20:10:52 +0100] "GET /images/vasutterkep_n.jpg HTTP/1.1" 301 337 "http://oterkep.blogspot.com/" "Mozilla/5.0 (Windows NT 10.0; Win64; x64) AppleWebKit/537.36 (KHTML, like Gecko) Chrome/87.0.4280.66 Safari/537.36"
217.149.172.66 - - [07/Jan/2021:20:31:42 +0100] "GET /doc/b2_201203.jpg HTTP/1.1" 301 326 "-" "Mozilla/5.0 (Windows NT 10.0; Win64; x64) AppleWebKit/537.36 (KHTML, like Gecko) Chrome/87.0.4280.88 Safari/537.36 Edg/87.0.664.66"
217.149.172.66 - - [07/Jan/2021:20:31:51 +0100] "GET /doc/b2_2010.pdf HTTP/1.1" 301 324 "-" "Mozilla/5.0 (Windows NT 10.0; Win64; x64) AppleWebKit/537.36 (KHTML, like Gecko) Chrome/87.0.4280.88 Safari/537.36 Edg/87.0.664.66"
91.241.19.182 - - [07/Jan/2021:23:29:14 +0100] "GET / HTTP/1.1" 301 309 "-" "Opera/9.80 (Windows NT 5.1; U; ru) Presto/2.9.168 Version/11.50"
66.249.64.85 - - [07/Jan/2021:23:45:03 +0100] "GET /robots.txt HTTP/1.1" 301 323 "-" "Mozilla/5.0 (compatible; Googlebot/2.1; +http://www.google.com/bot.html)"
66.249.64.85 - - [07/Jan/2021:23:45:03 +0100] "GET / HTTP/1.1" 301 313 "-" "Mozilla/5.0 (Linux; Android 6.0.1; Nexus 5X Build/MMB29P) AppleWebKit/537.36 (KHTML, like Gecko) Chrome/87.0.4280.90 Mobile Safari/537.36 (compatible; Googlebot/2.1; +http://www.google.com/bot.html)"
198.143.129.162 - - [08/Jan/2021:00:21:58 +0100] "GET / HTTP/1.1" 301 313 "-" "Mozilla/5.0 (Windows NT 10.0; WOW64) AppleWebKit/537.36 (KHTML, like Gecko) Chrome/66.0.3359.117 Safari/537.36"
144.76.23.74 - - [08/Jan/2021:02:33:28 +0100] "GET /robots.txt HTTP/1.1" 301 319 "-" "Mozilla/5.0 (Windows NT 10.0; Win64; x64; trendictionbot0.5.0; trendiction search; http://www.trendiction.de/bot; please let us know of any problems; web at trendiction.com) Gecko/20170101 Firefox/67.0"
144.76.23.74 - - [08/Jan/2021:02:33:30 +0100] "GET / HTTP/1.1" 301 309 "-" "Mozilla/5.0 (Windows NT 10.0; Win64; x64; trendictionbot0.5.0; trendiction search; http://www.trendiction.de/bot; please let us know of any problems; web at trendiction.com) Gecko/20170101 Firefox/67.0"
209.17.96.234 - - [08/Jan/2021:07:49:35 +0100] "GET / HTTP/1.1" 301 313 "-" "Mozilla/5.0 (compatible; Nimbostratus-Bot/v1.3.2; http://cloudsystemnetworks.com)"
34.68.38.69 - - [08/Jan/2021:08:36:01 +0100] "GET /doc/hu_aps_positivbeispiele_aufl2_070622_klein.pdf HTTP/1.1" 301 363 "-" "Go-http-client/1.1"
35.202.2.1 - - [08/Jan/2021:08:39:19 +0100] "GET /robots.txt HTTP/1.1" 301 323 "-" "ltx71 - (http://ltx71.com/)"
35.202.2.1 - - [08/Jan/2021:08:40:16 +0100] "GET / HTTP/1.1" 301 313 "-" "ltx71 - (http://ltx71.com/)"
94.102.49.193 - - [08/Jan/2021:09:26:13 +0100] "GET / HTTP/1.1" 301 309 "-" "Mozilla/5.0 (Windows NT 6.1) AppleWebKit/537.36 (KHTML, like Gecko) Chrome/41.0.2228.0 Safari/537.36"
94.102.49.193 - - [08/Jan/2021:09:26:24 +0100] "GET /robots.txt HTTP/1.1" 301 319 "-" "-"
209.17.97.58 - - [08/Jan/2021:10:02:19 +0100] "GET / HTTP/1.1" 301 309 "-" "Mozilla/5.0 (compatible; Nimbostratus-Bot/v1.3.2; http://cloudsystemnetworks.com)"
66.249.64.84 - - [08/Jan/2021:10:43:51 +0100] "GET /doc/mkk_eger_tanulmany_2014.pdf HTTP/1.1" 301 344 "-" "Mozilla/5.0 (Linux; Android 6.0.1; Nexus 5X Build/MMB29P) AppleWebKit/537.36 (KHTML, like Gecko) Chrome/87.0.4280.90 Mobile Safari/537.36 (compatible; Googlebot/2.1; +http://www.google.com/bot.html)"
66.249.64.82 - - [08/Jan/2021:11:03:42 +0100] "GET /doc/mellekvonal-bajnai_0912.pdf HTTP/1.1" 301 344 "-" "Mozilla/5.0 (Linux; Android 6.0.1; Nexus 5X Build/MMB29P) AppleWebKit/537.36 (KHTML, like Gecko) Chrome/87.0.4280.90 Mobile Safari/537.36 (compatible; Googlebot/2.1; +http://www.google.com/bot.html)"
