159.69.158.189 - - [05/May/2025:22:26:52 +0200] "HEAD / HTTP/1.1" 200 0 "http://nagybistvan.hu" "Mozilla/5.0+(compatible; UptimeRobot/2.0; http://www.uptimerobot.com/)"
43.129.58.235 - - [05/May/2025:22:30:27 +0200] "GET /kepek HTTP/1.1" 301 315 "-" "Mozilla/5.0 (iPhone; CPU iPhone OS 13_2_3 like Mac OS X) AppleWebKit/605.1.15 (KHTML, like Gecko) Version/13.0.3 Mobile/15E148 Safari/604.1"
43.129.58.235 - - [05/May/2025:22:30:33 +0200] "GET /kepek/ HTTP/1.1" 302 5 "http://nagybistvan.hu/kepek" "Mozilla/5.0 (iPhone; CPU iPhone OS 13_2_3 like Mac OS X) AppleWebKit/605.1.15 (KHTML, like Gecko) Version/13.0.3 Mobile/15E148 Safari/604.1"
43.129.58.235 - - [05/May/2025:22:30:37 +0200] "GET /index.php?c=kepek HTTP/1.1" 200 10177 "http://nagybistvan.hu/kepek/" "Mozilla/5.0 (iPhone; CPU iPhone OS 13_2_3 like Mac OS X) AppleWebKit/605.1.15 (KHTML, like Gecko) Version/13.0.3 Mobile/15E148 Safari/604.1"
78.46.190.63 - - [05/May/2025:22:31:56 +0200] "HEAD / HTTP/1.1" 200 0 "http://nagybistvan.hu" "Mozilla/5.0+(compatible; UptimeRobot/2.0; http://www.uptimerobot.com/)"
157.90.155.240 - - [05/May/2025:22:37:00 +0200] "HEAD / HTTP/1.1" 200 0 "http://nagybistvan.hu" "Mozilla/5.0+(compatible; UptimeRobot/2.0; http://www.uptimerobot.com/)"
43.135.145.77 - - [05/May/2025:22:41:00 +0200] "GET /csoportos HTTP/1.1" 301 319 "-" "Mozilla/5.0 (iPhone; CPU iPhone OS 13_2_3 like Mac OS X) AppleWebKit/605.1.15 (KHTML, like Gecko) Version/13.0.3 Mobile/15E148 Safari/604.1"
43.135.145.77 - - [05/May/2025:22:41:07 +0200] "GET /csoportos/ HTTP/1.1" 302 5 "http://nagybistvan.hu/csoportos" "Mozilla/5.0 (iPhone; CPU iPhone OS 13_2_3 like Mac OS X) AppleWebKit/605.1.15 (KHTML, like Gecko) Version/13.0.3 Mobile/15E148 Safari/604.1"
43.135.145.77 - - [05/May/2025:22:41:09 +0200] "GET /index.php?c=csoportos HTTP/1.1" 200 13273 "http://nagybistvan.hu/csoportos/" "Mozilla/5.0 (iPhone; CPU iPhone OS 13_2_3 like Mac OS X) AppleWebKit/605.1.15 (KHTML, like Gecko) Version/13.0.3 Mobile/15E148 Safari/604.1"
49.13.130.29 - - [05/May/2025:22:42:06 +0200] "HEAD / HTTP/1.1" 200 0 "http://nagybistvan.hu" "Mozilla/5.0+(compatible; UptimeRobot/2.0; http://www.uptimerobot.com/)"
43.157.179.227 - - [05/May/2025:22:46:30 +0200] "GET /media/document/Nagy_B_album_szoro.pdf HTTP/1.1" 200 87306 "-" "Mozilla/5.0 (iPhone; CPU iPhone OS 13_2_3 like Mac OS X) AppleWebKit/605.1.15 (KHTML, like Gecko) Version/13.0.3 Mobile/15E148 Safari/604.1"
168.119.96.239 - - [05/May/2025:22:47:14 +0200] "HEAD / HTTP/1.1" 200 0 "http://nagybistvan.hu" "Mozilla/5.0+(compatible; UptimeRobot/2.0; http://www.uptimerobot.com/)"
159.69.158.189 - - [05/May/2025:22:52:19 +0200] "HEAD / HTTP/1.1" 200 0 "http://nagybistvan.hu" "Mozilla/5.0+(compatible; UptimeRobot/2.0; http://www.uptimerobot.com/)"
43.130.15.147 - - [05/May/2025:22:53:10 +0200] "GET /index.php HTTP/1.1" 200 6669 "-" "Mozilla/5.0 (iPhone; CPU iPhone OS 13_2_3 like Mac OS X) AppleWebKit/605.1.15 (KHTML, like Gecko) Version/13.0.3 Mobile/15E148 Safari/604.1"
49.13.24.81 - - [05/May/2025:22:57:24 +0200] "HEAD / HTTP/1.1" 200 0 "http://nagybistvan.hu" "Mozilla/5.0+(compatible; UptimeRobot/2.0; http://www.uptimerobot.com/)"
66.249.66.15 - - [05/May/2025:22:58:27 +0200] "GET /media/image/24.336.002.jpg HTTP/1.1" 200 165669 "-" "Googlebot-Image/1.0"
3.148.210.155 - - [05/May/2025:23:01:14 +0200] "HEAD /wordpress HTTP/1.1" 404 0 "-" "Mozilla/5.0 (Windows NT 10.0; Win64; x64) AppleWebKit/537.36 (KHTML, like Gecko) Chrome/74.0.3729.169 Safari/537.36"
3.148.210.155 - - [05/May/2025:23:01:18 +0200] "HEAD / HTTP/1.1" 200 0 "-" "Mozilla/5.0 (Windows NT 10.0; Win64; x64) AppleWebKit/537.36 (KHTML, like Gecko) Chrome/74.0.3729.169 Safari/537.36"
3.148.210.155 - - [05/May/2025:23:01:18 +0200] "HEAD /wp HTTP/1.1" 404 0 "-" "Mozilla/5.0 (Windows NT 10.0; Win64; x64) AppleWebKit/537.36 (KHTML, like Gecko) Chrome/74.0.3729.169 Safari/537.36"
3.148.210.155 - - [05/May/2025:23:01:18 +0200] "HEAD /bc HTTP/1.1" 404 0 "-" "Mozilla/5.0 (Windows NT 10.0; Win64; x64) AppleWebKit/537.36 (KHTML, like Gecko) Chrome/74.0.3729.169 Safari/537.36"
3.148.210.155 - - [05/May/2025:23:01:18 +0200] "HEAD /bk HTTP/1.1" 404 0 "-" "Mozilla/5.0 (Windows NT 10.0; Win64; x64) AppleWebKit/537.36 (KHTML, like Gecko) Chrome/74.0.3729.169 Safari/537.36"
3.148.210.155 - - [05/May/2025:23:01:19 +0200] "HEAD /backup HTTP/1.1" 404 0 "-" "Mozilla/5.0 (Windows NT 10.0; Win64; x64) AppleWebKit/537.36 (KHTML, like Gecko) Chrome/74.0.3729.169 Safari/537.36"
3.148.210.155 - - [05/May/2025:23:01:19 +0200] "HEAD /old HTTP/1.1" 404 0 "-" "Mozilla/5.0 (Windows NT 10.0; Win64; x64) AppleWebKit/537.36 (KHTML, like Gecko) Chrome/74.0.3729.169 Safari/537.36"
3.148.210.155 - - [05/May/2025:23:01:19 +0200] "HEAD /new HTTP/1.1" 404 0 "-" "Mozilla/5.0 (Windows NT 10.0; Win64; x64) AppleWebKit/537.36 (KHTML, like Gecko) Chrome/74.0.3729.169 Safari/537.36"
3.148.210.155 - - [05/May/2025:23:01:19 +0200] "HEAD /main HTTP/1.1" 404 0 "-" "Mozilla/5.0 (Windows NT 10.0; Win64; x64) AppleWebKit/537.36 (KHTML, like Gecko) Chrome/74.0.3729.169 Safari/537.36"
3.148.210.155 - - [05/May/2025:23:01:19 +0200] "HEAD /home HTTP/1.1" 404 0 "-" "Mozilla/5.0 (Windows NT 10.0; Win64; x64) AppleWebKit/537.36 (KHTML, like Gecko) Chrome/74.0.3729.169 Safari/537.36"
167.235.143.113 - - [05/May/2025:23:02:29 +0200] "HEAD / HTTP/1.1" 200 0 "http://nagybistvan.hu" "Mozilla/5.0+(compatible; UptimeRobot/2.0; http://www.uptimerobot.com/)"
124.156.225.181 - - [05/May/2025:23:06:42 +0200] "GET /index.php?c=Nagy_B_I_02 HTTP/1.1" 200 9015 "-" "Mozilla/5.0 (iPhone; CPU iPhone OS 13_2_3 like Mac OS X) AppleWebKit/605.1.15 (KHTML, like Gecko) Version/13.0.3 Mobile/15E148 Safari/604.1"
49.13.24.81 - - [05/May/2025:23:07:34 +0200] "HEAD / HTTP/1.1" 200 0 "http://nagybistvan.hu" "Mozilla/5.0+(compatible; UptimeRobot/2.0; http://www.uptimerobot.com/)"
168.119.96.239 - - [05/May/2025:23:12:38 +0200] "HEAD / HTTP/1.1" 200 0 "http://nagybistvan.hu" "Mozilla/5.0+(compatible; UptimeRobot/2.0; http://www.uptimerobot.com/)"
49.13.167.123 - - [05/May/2025:23:17:45 +0200] "HEAD / HTTP/1.1" 200 0 "http://nagybistvan.hu" "Mozilla/5.0+(compatible; UptimeRobot/2.0; http://www.uptimerobot.com/)"
43.166.246.180 - - [05/May/2025:23:18:45 +0200] "GET /egyeni HTTP/1.1" 301 316 "-" "Mozilla/5.0 (iPhone; CPU iPhone OS 13_2_3 like Mac OS X) AppleWebKit/605.1.15 (KHTML, like Gecko) Version/13.0.3 Mobile/15E148 Safari/604.1"
43.166.246.180 - - [05/May/2025:23:18:51 +0200] "GET /egyeni/ HTTP/1.1" 302 5 "http://nagybistvan.hu/egyeni" "Mozilla/5.0 (iPhone; CPU iPhone OS 13_2_3 like Mac OS X) AppleWebKit/605.1.15 (KHTML, like Gecko) Version/13.0.3 Mobile/15E148 Safari/604.1"
43.166.246.180 - - [05/May/2025:23:18:58 +0200] "GET /index.php?c=egyeni HTTP/1.1" 200 8330 "http://nagybistvan.hu/egyeni/" "Mozilla/5.0 (iPhone; CPU iPhone OS 13_2_3 like Mac OS X) AppleWebKit/605.1.15 (KHTML, like Gecko) Version/13.0.3 Mobile/15E148 Safari/604.1"
168.119.96.239 - - [05/May/2025:23:22:50 +0200] "HEAD / HTTP/1.1" 200 0 "http://nagybistvan.hu" "Mozilla/5.0+(compatible; UptimeRobot/2.0; http://www.uptimerobot.com/)"
43.153.73.200 - - [05/May/2025:23:26:45 +0200] "GET /index.php?c=szilasi_02 HTTP/1.1" 200 10426 "-" "Mozilla/5.0 (iPhone; CPU iPhone OS 13_2_3 like Mac OS X) AppleWebKit/605.1.15 (KHTML, like Gecko) Version/13.0.3 Mobile/15E148 Safari/604.1"
142.132.180.39 - - [05/May/2025:23:27:54 +0200] "HEAD / HTTP/1.1" 200 0 "http://nagybistvan.hu" "Mozilla/5.0+(compatible; UptimeRobot/2.0; http://www.uptimerobot.com/)"
78.47.173.76 - - [05/May/2025:23:32:59 +0200] "HEAD / HTTP/1.1" 200 0 "http://nagybistvan.hu" "Mozilla/5.0+(compatible; UptimeRobot/2.0; http://www.uptimerobot.com/)"
49.13.130.29 - - [05/May/2025:23:38:03 +0200] "HEAD / HTTP/1.1" 200 0 "http://nagybistvan.hu" "Mozilla/5.0+(compatible; UptimeRobot/2.0; http://www.uptimerobot.com/)"
43.153.19.83 - - [05/May/2025:23:39:14 +0200] "GET /dijai HTTP/1.1" 301 315 "-" "Mozilla/5.0 (iPhone; CPU iPhone OS 13_2_3 like Mac OS X) AppleWebKit/605.1.15 (KHTML, like Gecko) Version/13.0.3 Mobile/15E148 Safari/604.1"
43.153.19.83 - - [05/May/2025:23:39:19 +0200] "GET /dijai/ HTTP/1.1" 302 5 "http://nagybistvan.hu/dijai" "Mozilla/5.0 (iPhone; CPU iPhone OS 13_2_3 like Mac OS X) AppleWebKit/605.1.15 (KHTML, like Gecko) Version/13.0.3 Mobile/15E148 Safari/604.1"
43.153.19.83 - - [05/May/2025:23:39:25 +0200] "GET /index.php?c=dijai HTTP/1.1" 200 7017 "http://nagybistvan.hu/dijai/" "Mozilla/5.0 (iPhone; CPU iPhone OS 13_2_3 like Mac OS X) AppleWebKit/605.1.15 (KHTML, like Gecko) Version/13.0.3 Mobile/15E148 Safari/604.1"
168.119.53.160 - - [05/May/2025:23:43:07 +0200] "HEAD / HTTP/1.1" 200 0 "http://nagybistvan.hu" "Mozilla/5.0+(compatible; UptimeRobot/2.0; http://www.uptimerobot.com/)"
66.249.66.13 - - [05/May/2025:23:43:27 +0200] "GET /media/image/23.110.093.jpg HTTP/1.1" 200 162983 "-" "Googlebot-Image/1.0"
49.13.24.81 - - [05/May/2025:23:48:10 +0200] "HEAD / HTTP/1.1" 200 0 "http://nagybistvan.hu" "Mozilla/5.0+(compatible; UptimeRobot/2.0; http://www.uptimerobot.com/)"
128.140.41.193 - - [05/May/2025:23:53:15 +0200] "HEAD / HTTP/1.1" 200 0 "http://nagybistvan.hu" "Mozilla/5.0+(compatible; UptimeRobot/2.0; http://www.uptimerobot.com/)"
168.119.53.160 - - [05/May/2025:23:58:20 +0200] "HEAD / HTTP/1.1" 200 0 "http://nagybistvan.hu" "Mozilla/5.0+(compatible; UptimeRobot/2.0; http://www.uptimerobot.com/)"
88.99.80.227 - - [06/May/2025:00:03:23 +0200] "HEAD / HTTP/1.1" 200 0 "http://nagybistvan.hu" "Mozilla/5.0+(compatible; UptimeRobot/2.0; http://www.uptimerobot.com/)"
142.132.180.39 - - [06/May/2025:00:08:28 +0200] "HEAD / HTTP/1.1" 200 0 "http://nagybistvan.hu" "Mozilla/5.0+(compatible; UptimeRobot/2.0; http://www.uptimerobot.com/)"
49.13.164.148 - - [06/May/2025:00:13:33 +0200] "HEAD / HTTP/1.1" 200 0 "http://nagybistvan.hu" "Mozilla/5.0+(compatible; UptimeRobot/2.0; http://www.uptimerobot.com/)"
142.132.180.39 - - [06/May/2025:00:18:37 +0200] "HEAD / HTTP/1.1" 200 0 "http://nagybistvan.hu" "Mozilla/5.0+(compatible; UptimeRobot/2.0; http://www.uptimerobot.com/)"
159.69.158.189 - - [06/May/2025:00:23:43 +0200] "HEAD / HTTP/1.1" 200 0 "http://nagybistvan.hu" "Mozilla/5.0+(compatible; UptimeRobot/2.0; http://www.uptimerobot.com/)"
49.13.24.81 - - [06/May/2025:00:28:48 +0200] "HEAD / HTTP/1.1" 200 0 "http://nagybistvan.hu" "Mozilla/5.0+(compatible; UptimeRobot/2.0; http://www.uptimerobot.com/)"
44.207.252.58 - - [06/May/2025:00:29:02 +0200] "GET /index.php?c=7080s&cp=5 HTTP/1.1" 200 17889 "-" "Mozilla/5.0 AppleWebKit/537.36 (KHTML, like Gecko; compatible; Amazonbot/0.1; +https://developer.amazon.com/support/amazonbot) Chrome/119.0.6045.214 Safari/537.36"
128.140.41.193 - - [06/May/2025:00:33:52 +0200] "HEAD / HTTP/1.1" 200 0 "http://nagybistvan.hu" "Mozilla/5.0+(compatible; UptimeRobot/2.0; http://www.uptimerobot.com/)"
168.119.53.160 - - [06/May/2025:00:38:57 +0200] "HEAD / HTTP/1.1" 200 0 "http://nagybistvan.hu" "Mozilla/5.0+(compatible; UptimeRobot/2.0; http://www.uptimerobot.com/)"
128.140.41.193 - - [06/May/2025:00:44:02 +0200] "HEAD / HTTP/1.1" 200 0 "http://nagybistvan.hu" "Mozilla/5.0+(compatible; UptimeRobot/2.0; http://www.uptimerobot.com/)"
216.244.66.227 - - [06/May/2025:00:46:29 +0200] "GET /robots.txt HTTP/1.1" 404 1181 "-" "Mozilla/5.0 (compatible; DotBot/1.2; +https://opensiteexplorer.org/dotbot; help@moz.com)"
78.46.215.1 - - [06/May/2025:00:49:08 +0200] "HEAD / HTTP/1.1" 200 0 "http://nagybistvan.hu" "Mozilla/5.0+(compatible; UptimeRobot/2.0; http://www.uptimerobot.com/)"
88.99.80.227 - - [06/May/2025:00:54:14 +0200] "HEAD / HTTP/1.1" 200 0 "http://nagybistvan.hu" "Mozilla/5.0+(compatible; UptimeRobot/2.0; http://www.uptimerobot.com/)"
216.244.66.227 - - [06/May/2025:00:58:27 +0200] "GET /index.php?c=zsambek&cp=1 HTTP/1.1" 200 16292 "-" "Mozilla/5.0 (compatible; DotBot/1.2; +https://opensiteexplorer.org/dotbot; help@moz.com)"
168.119.96.239 - - [06/May/2025:00:59:18 +0200] "HEAD / HTTP/1.1" 200 0 "http://nagybistvan.hu" "Mozilla/5.0+(compatible; UptimeRobot/2.0; http://www.uptimerobot.com/)"
18.213.102.186 - - [06/May/2025:00:59:45 +0200] "GET /index.php?c=ironikus&cp=5 HTTP/1.1" 200 17768 "-" "Mozilla/5.0 AppleWebKit/537.36 (KHTML, like Gecko; compatible; Amazonbot/0.1; +https://developer.amazon.com/support/amazonbot) Chrome/119.0.6045.214 Safari/537.36"
168.119.96.239 - - [06/May/2025:01:04:22 +0200] "HEAD / HTTP/1.1" 200 0 "http://nagybistvan.hu" "Mozilla/5.0+(compatible; UptimeRobot/2.0; http://www.uptimerobot.com/)"
78.46.215.1 - - [06/May/2025:01:09:28 +0200] "HEAD / HTTP/1.1" 200 0 "http://nagybistvan.hu" "Mozilla/5.0+(compatible; UptimeRobot/2.0; http://www.uptimerobot.com/)"
168.119.53.160 - - [06/May/2025:01:14:31 +0200] "HEAD / HTTP/1.1" 200 0 "http://nagybistvan.hu" "Mozilla/5.0+(compatible; UptimeRobot/2.0; http://www.uptimerobot.com/)"
49.13.134.145 - - [06/May/2025:01:19:36 +0200] "HEAD / HTTP/1.1" 200 0 "http://nagybistvan.hu" "Mozilla/5.0+(compatible; UptimeRobot/2.0; http://www.uptimerobot.com/)"
78.46.215.1 - - [06/May/2025:01:24:42 +0200] "HEAD / HTTP/1.1" 200 0 "http://nagybistvan.hu" "Mozilla/5.0+(compatible; UptimeRobot/2.0; http://www.uptimerobot.com/)"
167.235.143.113 - - [06/May/2025:01:29:46 +0200] "HEAD / HTTP/1.1" 200 0 "http://nagybistvan.hu" "Mozilla/5.0+(compatible; UptimeRobot/2.0; http://www.uptimerobot.com/)"
78.46.190.63 - - [06/May/2025:01:35:05 +0200] "GET / HTTP/1.1" 200 6766 "http://nagybistvan.hu" "Mozilla/5.0+(compatible; UptimeRobot/2.0; http://www.uptimerobot.com/)"
94.102.55.18 - - [06/May/2025:01:36:14 +0200] "GET / HTTP/1.1" 200 6844 "-" "Mozilla/5.0 (iPhone; CPU iPhone OS 18_1_1 like Mac OS X) AppleWebKit/605.1.15 (KHTML, like Gecko) Version/18.1.1 Mobile/15E148 Safari/604.1"
157.90.155.240 - - [06/May/2025:01:40:10 +0200] "HEAD / HTTP/1.1" 200 0 "http://nagybistvan.hu" "Mozilla/5.0+(compatible; UptimeRobot/2.0; http://www.uptimerobot.com/)"
168.119.53.160 - - [06/May/2025:01:45:15 +0200] "HEAD / HTTP/1.1" 200 0 "http://nagybistvan.hu" "Mozilla/5.0+(compatible; UptimeRobot/2.0; http://www.uptimerobot.com/)"
49.13.167.123 - - [06/May/2025:01:50:19 +0200] "HEAD / HTTP/1.1" 200 0 "http://nagybistvan.hu" "Mozilla/5.0+(compatible; UptimeRobot/2.0; http://www.uptimerobot.com/)"
49.13.167.123 - - [06/May/2025:01:55:24 +0200] "HEAD / HTTP/1.1" 200 0 "http://nagybistvan.hu" "Mozilla/5.0+(compatible; UptimeRobot/2.0; http://www.uptimerobot.com/)"
195.191.219.131 - - [06/May/2025:01:57:47 +0200] "GET /robots.txt HTTP/1.1" 404 1181 "-" "Mozilla/5.0 (compatible; MJ12bot/v2.0.0; http://mj12bot.com/)"
195.191.219.131 - - [06/May/2025:01:57:48 +0200] "GET / HTTP/1.1" 200 6692 "-" "Mozilla/5.0 (compatible; MJ12bot/v2.0.0; http://mj12bot.com/)"
34.204.150.196 - - [06/May/2025:01:58:39 +0200] "GET /index.php?c=zsambek&cp=5 HTTP/1.1" 200 12903 "-" "Mozilla/5.0 AppleWebKit/537.36 (KHTML, like Gecko; compatible; Amazonbot/0.1; +https://developer.amazon.com/support/amazonbot) Chrome/119.0.6045.214 Safari/537.36"
49.13.134.145 - - [06/May/2025:02:00:29 +0200] "HEAD / HTTP/1.1" 200 0 "http://nagybistvan.hu" "Mozilla/5.0+(compatible; UptimeRobot/2.0; http://www.uptimerobot.com/)"
49.13.134.145 - - [06/May/2025:02:05:33 +0200] "HEAD / HTTP/1.1" 200 0 "http://nagybistvan.hu" "Mozilla/5.0+(compatible; UptimeRobot/2.0; http://www.uptimerobot.com/)"
78.46.215.1 - - [06/May/2025:02:10:36 +0200] "HEAD / HTTP/1.1" 200 0 "http://nagybistvan.hu" "Mozilla/5.0+(compatible; UptimeRobot/2.0; http://www.uptimerobot.com/)"
49.13.24.81 - - [06/May/2025:02:15:41 +0200] "HEAD / HTTP/1.1" 200 0 "http://nagybistvan.hu" "Mozilla/5.0+(compatible; UptimeRobot/2.0; http://www.uptimerobot.com/)"
157.90.155.240 - - [06/May/2025:02:20:45 +0200] "HEAD / HTTP/1.1" 200 0 "http://nagybistvan.hu" "Mozilla/5.0+(compatible; UptimeRobot/2.0; http://www.uptimerobot.com/)"
216.244.66.227 - - [06/May/2025:02:21:00 +0200] "GET /robots.txt HTTP/1.1" 404 1181 "-" "Mozilla/5.0 (compatible; DotBot/1.2; +https://opensiteexplorer.org/dotbot; help@moz.com)"
78.46.190.63 - - [06/May/2025:02:25:52 +0200] "HEAD / HTTP/1.1" 200 0 "http://nagybistvan.hu" "Mozilla/5.0+(compatible; UptimeRobot/2.0; http://www.uptimerobot.com/)"
49.13.24.81 - - [06/May/2025:02:30:57 +0200] "HEAD / HTTP/1.1" 200 0 "http://nagybistvan.hu" "Mozilla/5.0+(compatible; UptimeRobot/2.0; http://www.uptimerobot.com/)"
159.69.158.189 - - [06/May/2025:02:36:02 +0200] "HEAD / HTTP/1.1" 200 0 "http://nagybistvan.hu" "Mozilla/5.0+(compatible; UptimeRobot/2.0; http://www.uptimerobot.com/)"
216.244.66.227 - - [06/May/2025:02:37:08 +0200] "GET /index.php?c=beszeloszob HTTP/1.1" 200 16063 "-" "Mozilla/5.0 (compatible; DotBot/1.2; +https://opensiteexplorer.org/dotbot; help@moz.com)"
157.90.156.63 - - [06/May/2025:02:41:06 +0200] "HEAD / HTTP/1.1" 200 0 "http://nagybistvan.hu" "Mozilla/5.0+(compatible; UptimeRobot/2.0; http://www.uptimerobot.com/)"
157.90.156.63 - - [06/May/2025:02:46:11 +0200] "HEAD / HTTP/1.1" 200 0 "http://nagybistvan.hu" "Mozilla/5.0+(compatible; UptimeRobot/2.0; http://www.uptimerobot.com/)"
157.90.156.63 - - [06/May/2025:02:51:16 +0200] "HEAD / HTTP/1.1" 200 0 "http://nagybistvan.hu" "Mozilla/5.0+(compatible; UptimeRobot/2.0; http://www.uptimerobot.com/)"
142.132.180.39 - - [06/May/2025:02:56:20 +0200] "HEAD / HTTP/1.1" 200 0 "http://nagybistvan.hu" "Mozilla/5.0+(compatible; UptimeRobot/2.0; http://www.uptimerobot.com/)"
142.132.180.39 - - [06/May/2025:03:01:25 +0200] "HEAD / HTTP/1.1" 200 0 "http://nagybistvan.hu" "Mozilla/5.0+(compatible; UptimeRobot/2.0; http://www.uptimerobot.com/)"
49.13.24.81 - - [06/May/2025:03:06:30 +0200] "HEAD / HTTP/1.1" 200 0 "http://nagybistvan.hu" "Mozilla/5.0+(compatible; UptimeRobot/2.0; http://www.uptimerobot.com/)"
49.13.167.123 - - [06/May/2025:03:11:34 +0200] "HEAD / HTTP/1.1" 200 0 "http://nagybistvan.hu" "Mozilla/5.0+(compatible; UptimeRobot/2.0; http://www.uptimerobot.com/)"
49.13.130.29 - - [06/May/2025:03:16:39 +0200] "HEAD / HTTP/1.1" 200 0 "http://nagybistvan.hu" "Mozilla/5.0+(compatible; UptimeRobot/2.0; http://www.uptimerobot.com/)"
216.244.66.227 - - [06/May/2025:03:18:48 +0200] "GET /robots.txt HTTP/1.1" 404 1181 "-" "Mozilla/5.0 (compatible; DotBot/1.2; +https://opensiteexplorer.org/dotbot; help@moz.com)"
157.90.156.63 - - [06/May/2025:03:21:44 +0200] "HEAD / HTTP/1.1" 200 0 "http://nagybistvan.hu" "Mozilla/5.0+(compatible; UptimeRobot/2.0; http://www.uptimerobot.com/)"
168.119.53.160 - - [06/May/2025:03:26:50 +0200] "HEAD / HTTP/1.1" 200 0 "http://nagybistvan.hu" "Mozilla/5.0+(compatible; UptimeRobot/2.0; http://www.uptimerobot.com/)"
216.244.66.227 - - [06/May/2025:03:30:13 +0200] "GET /index.php?c=mozaik&cp=1 HTTP/1.1" 200 17372 "-" "Mozilla/5.0 (compatible; DotBot/1.2; +https://opensiteexplorer.org/dotbot; help@moz.com)"
49.13.130.29 - - [06/May/2025:03:31:54 +0200] "HEAD / HTTP/1.1" 200 0 "http://nagybistvan.hu" "Mozilla/5.0+(compatible; UptimeRobot/2.0; http://www.uptimerobot.com/)"
49.13.130.29 - - [06/May/2025:03:36:58 +0200] "HEAD / HTTP/1.1" 200 0 "http://nagybistvan.hu" "Mozilla/5.0+(compatible; UptimeRobot/2.0; http://www.uptimerobot.com/)"
168.119.96.239 - - [06/May/2025:03:42:03 +0200] "HEAD / HTTP/1.1" 200 0 "http://nagybistvan.hu" "Mozilla/5.0+(compatible; UptimeRobot/2.0; http://www.uptimerobot.com/)"
167.235.143.113 - - [06/May/2025:03:47:07 +0200] "HEAD / HTTP/1.1" 200 0 "http://nagybistvan.hu" "Mozilla/5.0+(compatible; UptimeRobot/2.0; http://www.uptimerobot.com/)"
49.13.130.29 - - [06/May/2025:03:52:12 +0200] "HEAD / HTTP/1.1" 200 0 "http://nagybistvan.hu" "Mozilla/5.0+(compatible; UptimeRobot/2.0; http://www.uptimerobot.com/)"
167.235.143.113 - - [06/May/2025:03:57:16 +0200] "HEAD / HTTP/1.1" 200 0 "http://nagybistvan.hu" "Mozilla/5.0+(compatible; UptimeRobot/2.0; http://www.uptimerobot.com/)"
78.47.98.55 - - [06/May/2025:04:02:20 +0200] "HEAD / HTTP/1.1" 200 0 "http://nagybistvan.hu" "Mozilla/5.0+(compatible; UptimeRobot/2.0; http://www.uptimerobot.com/)"
157.90.156.63 - - [06/May/2025:04:07:24 +0200] "HEAD / HTTP/1.1" 200 0 "http://nagybistvan.hu" "Mozilla/5.0+(compatible; UptimeRobot/2.0; http://www.uptimerobot.com/)"
49.13.134.145 - - [06/May/2025:04:12:28 +0200] "HEAD / HTTP/1.1" 200 0 "http://nagybistvan.hu" "Mozilla/5.0+(compatible; UptimeRobot/2.0; http://www.uptimerobot.com/)"
66.249.66.200 - - [06/May/2025:04:13:28 +0200] "GET /media/image/22.319.001.jpg HTTP/1.1" 200 169377 "-" "Googlebot-Image/1.0"
157.90.156.63 - - [06/May/2025:04:17:32 +0200] "HEAD / HTTP/1.1" 200 0 "http://nagybistvan.hu" "Mozilla/5.0+(compatible; UptimeRobot/2.0; http://www.uptimerobot.com/)"
168.119.53.160 - - [06/May/2025:04:22:37 +0200] "HEAD / HTTP/1.1" 200 0 "http://nagybistvan.hu" "Mozilla/5.0+(compatible; UptimeRobot/2.0; http://www.uptimerobot.com/)"
40.77.167.72 - - [06/May/2025:04:26:34 +0200] "GET /beszeloszobor/index.html HTTP/1.1" 404 1181 "-" "Mozilla/5.0 AppleWebKit/537.36 (KHTML, like Gecko; compatible; bingbot/2.0; +http://www.bing.com/bingbot.htm) Chrome/116.0.1938.76 Safari/537.36"
142.132.180.39 - - [06/May/2025:04:27:43 +0200] "HEAD / HTTP/1.1" 200 0 "http://nagybistvan.hu" "Mozilla/5.0+(compatible; UptimeRobot/2.0; http://www.uptimerobot.com/)"
159.69.158.189 - - [06/May/2025:04:32:48 +0200] "HEAD / HTTP/1.1" 200 0 "http://nagybistvan.hu" "Mozilla/5.0+(compatible; UptimeRobot/2.0; http://www.uptimerobot.com/)"
128.140.106.114 - - [06/May/2025:04:37:53 +0200] "HEAD / HTTP/1.1" 200 0 "http://nagybistvan.hu" "Mozilla/5.0+(compatible; UptimeRobot/2.0; http://www.uptimerobot.com/)"
142.132.180.39 - - [06/May/2025:04:42:59 +0200] "HEAD / HTTP/1.1" 200 0 "http://nagybistvan.hu" "Mozilla/5.0+(compatible; UptimeRobot/2.0; http://www.uptimerobot.com/)"
157.90.156.63 - - [06/May/2025:04:48:03 +0200] "HEAD / HTTP/1.1" 200 0 "http://nagybistvan.hu" "Mozilla/5.0+(compatible; UptimeRobot/2.0; http://www.uptimerobot.com/)"
157.90.156.63 - - [06/May/2025:04:53:07 +0200] "HEAD / HTTP/1.1" 200 0 "http://nagybistvan.hu" "Mozilla/5.0+(compatible; UptimeRobot/2.0; http://www.uptimerobot.com/)"
213.180.203.42 - - [06/May/2025:04:53:30 +0200] "GET /robots.txt HTTP/1.1" 404 1181 "-" "Mozilla/5.0 (compatible; YandexBot/3.0; +http://yandex.com/bots)"
95.108.213.121 - - [06/May/2025:04:53:31 +0200] "GET /zsambek/Zsambek%20LXXI.html HTTP/1.1" 200 684 "-" "Mozilla/5.0 (compatible; YandexBot/3.0; +http://yandex.com/bots)"
49.13.134.145 - - [06/May/2025:04:58:12 +0200] "HEAD / HTTP/1.1" 200 0 "http://nagybistvan.hu" "Mozilla/5.0+(compatible; UptimeRobot/2.0; http://www.uptimerobot.com/)"
168.119.53.160 - - [06/May/2025:05:03:15 +0200] "HEAD / HTTP/1.1" 200 0 "http://nagybistvan.hu" "Mozilla/5.0+(compatible; UptimeRobot/2.0; http://www.uptimerobot.com/)"
18.209.137.234 - - [06/May/2025:05:06:03 +0200] "GET /index.php?c=tarskrit&cp=1 HTTP/1.1" 200 16367 "-" "Mozilla/5.0 AppleWebKit/537.36 (KHTML, like Gecko; compatible; Amazonbot/0.1; +https://developer.amazon.com/support/amazonbot) Chrome/119.0.6045.214 Safari/537.36"
78.46.215.1 - - [06/May/2025:05:08:21 +0200] "HEAD / HTTP/1.1" 200 0 "http://nagybistvan.hu" "Mozilla/5.0+(compatible; UptimeRobot/2.0; http://www.uptimerobot.com/)"
49.13.164.148 - - [06/May/2025:05:13:25 +0200] "HEAD / HTTP/1.1" 200 0 "http://nagybistvan.hu" "Mozilla/5.0+(compatible; UptimeRobot/2.0; http://www.uptimerobot.com/)"
199.47.82.20 - - [06/May/2025:05:14:40 +0200] "GET /robots.txt HTTP/1.1" 404 1181 "-" "Turnitin (https://bit.ly/2UvnfoQ)"
199.47.82.20 - - [06/May/2025:05:14:41 +0200] "GET / HTTP/1.1" 200 6708 "-" "Turnitin (https://bit.ly/2UvnfoQ)"
199.47.82.20 - - [06/May/2025:05:14:41 +0200] "GET / HTTP/1.1" 200 6751 "-" "Turnitin (https://bit.ly/2UvnfoQ)"
199.47.82.20 - - [06/May/2025:05:14:41 +0200] "GET /index.php?c=kepek HTTP/1.1" 200 10177 "-" "Turnitin (https://bit.ly/2UvnfoQ)"
199.47.82.20 - - [06/May/2025:05:14:42 +0200] "GET /media/image/07.112.001.jpg HTTP/1.1" 200 117796 "-" "Turnitin (https://bit.ly/2UvnfoQ)"
199.47.82.20 - - [06/May/2025:05:14:43 +0200] "GET /media/image/07.113.001.jpg HTTP/1.1" 200 117643 "-" "Turnitin (https://bit.ly/2UvnfoQ)"
199.47.82.20 - - [06/May/2025:05:14:43 +0200] "GET /robots.txt HTTP/1.1" 404 1181 "-" "Turnitin (https://bit.ly/2UvnfoQ)"
199.47.82.20 - - [06/May/2025:05:14:44 +0200] "GET / HTTP/1.1" 200 6658 "-" "Turnitin (https://bit.ly/2UvnfoQ)"
199.47.82.20 - - [06/May/2025:05:14:44 +0200] "GET / HTTP/1.1" 200 6836 "-" "Turnitin (https://bit.ly/2UvnfoQ)"
199.47.82.20 - - [06/May/2025:05:14:45 +0200] "GET /index.php?c=zsambek&cp=1 HTTP/1.1" 200 16292 "-" "Turnitin (https://bit.ly/2UvnfoQ)"
78.47.173.76 - - [06/May/2025:05:18:29 +0200] "HEAD / HTTP/1.1" 200 0 "http://nagybistvan.hu" "Mozilla/5.0+(compatible; UptimeRobot/2.0; http://www.uptimerobot.com/)"
49.13.134.145 - - [06/May/2025:05:23:36 +0200] "HEAD / HTTP/1.1" 200 0 "http://nagybistvan.hu" "Mozilla/5.0+(compatible; UptimeRobot/2.0; http://www.uptimerobot.com/)"
168.119.53.160 - - [06/May/2025:05:28:40 +0200] "HEAD / HTTP/1.1" 200 0 "http://nagybistvan.hu" "Mozilla/5.0+(compatible; UptimeRobot/2.0; http://www.uptimerobot.com/)"
78.46.190.63 - - [06/May/2025:05:33:45 +0200] "HEAD / HTTP/1.1" 200 0 "http://nagybistvan.hu" "Mozilla/5.0+(compatible; UptimeRobot/2.0; http://www.uptimerobot.com/)"
167.235.143.113 - - [06/May/2025:05:38:49 +0200] "HEAD / HTTP/1.1" 200 0 "http://nagybistvan.hu" "Mozilla/5.0+(compatible; UptimeRobot/2.0; http://www.uptimerobot.com/)"
195.191.219.133 - - [06/May/2025:05:38:51 +0200] "GET /robots.txt HTTP/1.1" 404 1181 "-" "Mozilla/5.0 (compatible; MJ12bot/v2.0.0; http://mj12bot.com/)"
195.191.219.133 - - [06/May/2025:05:38:51 +0200] "GET / HTTP/1.1" 200 6638 "-" "Mozilla/5.0 (compatible; MJ12bot/v2.0.0; http://mj12bot.com/)"
49.13.24.81 - - [06/May/2025:05:43:54 +0200] "HEAD / HTTP/1.1" 200 0 "http://nagybistvan.hu" "Mozilla/5.0+(compatible; UptimeRobot/2.0; http://www.uptimerobot.com/)"
157.90.156.63 - - [06/May/2025:05:48:59 +0200] "HEAD / HTTP/1.1" 200 0 "http://nagybistvan.hu" "Mozilla/5.0+(compatible; UptimeRobot/2.0; http://www.uptimerobot.com/)"
49.13.24.81 - - [06/May/2025:05:54:04 +0200] "HEAD / HTTP/1.1" 200 0 "http://nagybistvan.hu" "Mozilla/5.0+(compatible; UptimeRobot/2.0; http://www.uptimerobot.com/)"
49.13.130.29 - - [06/May/2025:05:59:09 +0200] "HEAD / HTTP/1.1" 200 0 "http://nagybistvan.hu" "Mozilla/5.0+(compatible; UptimeRobot/2.0; http://www.uptimerobot.com/)"
78.46.190.63 - - [06/May/2025:06:04:14 +0200] "HEAD / HTTP/1.1" 200 0 "http://nagybistvan.hu" "Mozilla/5.0+(compatible; UptimeRobot/2.0; http://www.uptimerobot.com/)"
168.119.53.160 - - [06/May/2025:06:09:18 +0200] "HEAD / HTTP/1.1" 200 0 "http://nagybistvan.hu" "Mozilla/5.0+(compatible; UptimeRobot/2.0; http://www.uptimerobot.com/)"
66.249.66.32 - - [06/May/2025:06:13:27 +0200] "GET /media/image/07.066.001.jpg HTTP/1.1" 200 79502 "-" "Googlebot-Image/1.0"
78.47.98.55 - - [06/May/2025:06:14:22 +0200] "HEAD / HTTP/1.1" 200 0 "http://nagybistvan.hu" "Mozilla/5.0+(compatible; UptimeRobot/2.0; http://www.uptimerobot.com/)"
54.193.17.131 - - [06/May/2025:06:19:14 +0200] "GET / HTTP/1.1" 200 6787 "-" "bitdiscovery-suggestions"
78.46.215.1 - - [06/May/2025:06:19:27 +0200] "HEAD / HTTP/1.1" 200 0 "http://nagybistvan.hu" "Mozilla/5.0+(compatible; UptimeRobot/2.0; http://www.uptimerobot.com/)"
18.144.85.123 - - [06/May/2025:06:22:43 +0200] "GET / HTTP/1.1" 200 6736 "-" "bitdiscovery-suggestions"
49.13.164.148 - - [06/May/2025:06:24:32 +0200] "HEAD / HTTP/1.1" 200 0 "http://nagybistvan.hu" "Mozilla/5.0+(compatible; UptimeRobot/2.0; http://www.uptimerobot.com/)"
88.99.80.227 - - [06/May/2025:06:29:37 +0200] "HEAD / HTTP/1.1" 200 0 "http://nagybistvan.hu" "Mozilla/5.0+(compatible; UptimeRobot/2.0; http://www.uptimerobot.com/)"
88.99.80.227 - - [06/May/2025:06:34:42 +0200] "HEAD / HTTP/1.1" 200 0 "http://nagybistvan.hu" "Mozilla/5.0+(compatible; UptimeRobot/2.0; http://www.uptimerobot.com/)"
49.13.130.29 - - [06/May/2025:06:39:47 +0200] "HEAD / HTTP/1.1" 200 0 "http://nagybistvan.hu" "Mozilla/5.0+(compatible; UptimeRobot/2.0; http://www.uptimerobot.com/)"
168.119.96.239 - - [06/May/2025:06:44:52 +0200] "HEAD / HTTP/1.1" 200 0 "http://nagybistvan.hu" "Mozilla/5.0+(compatible; UptimeRobot/2.0; http://www.uptimerobot.com/)"
78.47.98.55 - - [06/May/2025:06:49:58 +0200] "HEAD / HTTP/1.1" 200 0 "http://nagybistvan.hu" "Mozilla/5.0+(compatible; UptimeRobot/2.0; http://www.uptimerobot.com/)"
168.119.96.239 - - [06/May/2025:06:55:02 +0200] "HEAD / HTTP/1.1" 200 0 "http://nagybistvan.hu" "Mozilla/5.0+(compatible; UptimeRobot/2.0; http://www.uptimerobot.com/)"
49.13.130.29 - - [06/May/2025:07:00:07 +0200] "HEAD / HTTP/1.1" 200 0 "http://nagybistvan.hu" "Mozilla/5.0+(compatible; UptimeRobot/2.0; http://www.uptimerobot.com/)"
49.13.164.148 - - [06/May/2025:07:05:12 +0200] "HEAD / HTTP/1.1" 200 0 "http://nagybistvan.hu" "Mozilla/5.0+(compatible; UptimeRobot/2.0; http://www.uptimerobot.com/)"
49.13.167.123 - - [06/May/2025:07:10:18 +0200] "HEAD / HTTP/1.1" 200 0 "http://nagybistvan.hu" "Mozilla/5.0+(compatible; UptimeRobot/2.0; http://www.uptimerobot.com/)"
49.13.134.145 - - [06/May/2025:07:15:25 +0200] "HEAD / HTTP/1.1" 200 0 "http://nagybistvan.hu" "Mozilla/5.0+(compatible; UptimeRobot/2.0; http://www.uptimerobot.com/)"
128.140.106.114 - - [06/May/2025:07:20:30 +0200] "HEAD / HTTP/1.1" 200 0 "http://nagybistvan.hu" "Mozilla/5.0+(compatible; UptimeRobot/2.0; http://www.uptimerobot.com/)"
142.132.180.39 - - [06/May/2025:07:25:35 +0200] "HEAD / HTTP/1.1" 200 0 "http://nagybistvan.hu" "Mozilla/5.0+(compatible; UptimeRobot/2.0; http://www.uptimerobot.com/)"
157.90.155.240 - - [06/May/2025:07:30:39 +0200] "HEAD / HTTP/1.1" 200 0 "http://nagybistvan.hu" "Mozilla/5.0+(compatible; UptimeRobot/2.0; http://www.uptimerobot.com/)"
157.90.155.240 - - [06/May/2025:07:35:44 +0200] "HEAD / HTTP/1.1" 200 0 "http://nagybistvan.hu" "Mozilla/5.0+(compatible; UptimeRobot/2.0; http://www.uptimerobot.com/)"
49.13.134.145 - - [06/May/2025:07:40:50 +0200] "HEAD / HTTP/1.1" 200 0 "http://nagybistvan.hu" "Mozilla/5.0+(compatible; UptimeRobot/2.0; http://www.uptimerobot.com/)"
49.13.167.123 - - [06/May/2025:07:45:54 +0200] "HEAD / HTTP/1.1" 200 0 "http://nagybistvan.hu" "Mozilla/5.0+(compatible; UptimeRobot/2.0; http://www.uptimerobot.com/)"
49.13.24.81 - - [06/May/2025:07:50:58 +0200] "HEAD / HTTP/1.1" 200 0 "http://nagybistvan.hu" "Mozilla/5.0+(compatible; UptimeRobot/2.0; http://www.uptimerobot.com/)"
128.140.41.193 - - [06/May/2025:07:56:02 +0200] "HEAD / HTTP/1.1" 200 0 "http://nagybistvan.hu" "Mozilla/5.0+(compatible; UptimeRobot/2.0; http://www.uptimerobot.com/)"
44.218.170.184 - - [06/May/2025:07:57:39 +0200] "GET /robots.txt HTTP/1.1" 404 1181 "-" "Mozilla/5.0 AppleWebKit/537.36 (KHTML, like Gecko; compatible; Amazonbot/0.1; +https://developer.amazon.com/support/amazonbot) Chrome/119.0.6045.214 Safari/537.36"
44.194.139.149 - - [06/May/2025:07:57:44 +0200] "GET /index.php?c=ironikus&cp=1 HTTP/1.1" 200 16384 "-" "Mozilla/5.0 AppleWebKit/537.36 (KHTML, like Gecko; compatible; Amazonbot/0.1; +https://developer.amazon.com/support/amazonbot) Chrome/119.0.6045.214 Safari/537.36"
78.47.173.76 - - [06/May/2025:08:01:06 +0200] "HEAD / HTTP/1.1" 200 0 "http://nagybistvan.hu" "Mozilla/5.0+(compatible; UptimeRobot/2.0; http://www.uptimerobot.com/)"
78.47.173.76 - - [06/May/2025:08:06:10 +0200] "HEAD / HTTP/1.1" 200 0 "http://nagybistvan.hu" "Mozilla/5.0+(compatible; UptimeRobot/2.0; http://www.uptimerobot.com/)"
5.255.231.52 - - [06/May/2025:08:09:50 +0200] "GET /robots.txt HTTP/1.1" 404 1181 "-" "Mozilla/5.0 (compatible; YandexBot/3.0; +http://yandex.com/bots)"
5.255.231.87 - - [06/May/2025:08:09:50 +0200] "GET /zsambek/Zsambek%20XXX.html HTTP/1.1" 200 683 "-" "Mozilla/5.0 (compatible; YandexBot/3.0; +http://yandex.com/bots)"
49.13.164.148 - - [06/May/2025:08:11:14 +0200] "HEAD / HTTP/1.1" 200 0 "http://nagybistvan.hu" "Mozilla/5.0+(compatible; UptimeRobot/2.0; http://www.uptimerobot.com/)"
18.207.79.144 - - [06/May/2025:08:13:19 +0200] "GET /index.php?c=kepcs&cp=1 HTTP/1.1" 200 16010 "-" "Mozilla/5.0 AppleWebKit/537.36 (KHTML, like Gecko; compatible; Amazonbot/0.1; +https://developer.amazon.com/support/amazonbot) Chrome/119.0.6045.214 Safari/537.36"
78.46.190.63 - - [06/May/2025:08:16:19 +0200] "HEAD / HTTP/1.1" 200 0 "http://nagybistvan.hu" "Mozilla/5.0+(compatible; UptimeRobot/2.0; http://www.uptimerobot.com/)"
157.90.156.63 - - [06/May/2025:08:21:24 +0200] "HEAD / HTTP/1.1" 200 0 "http://nagybistvan.hu" "Mozilla/5.0+(compatible; UptimeRobot/2.0; http://www.uptimerobot.com/)"
128.140.41.193 - - [06/May/2025:08:26:30 +0200] "HEAD / HTTP/1.1" 200 0 "http://nagybistvan.hu" "Mozilla/5.0+(compatible; UptimeRobot/2.0; http://www.uptimerobot.com/)"
49.13.164.148 - - [06/May/2025:08:31:35 +0200] "HEAD / HTTP/1.1" 200 0 "http://nagybistvan.hu" "Mozilla/5.0+(compatible; UptimeRobot/2.0; http://www.uptimerobot.com/)"
167.235.143.113 - - [06/May/2025:08:36:42 +0200] "HEAD / HTTP/1.1" 200 0 "http://nagybistvan.hu" "Mozilla/5.0+(compatible; UptimeRobot/2.0; http://www.uptimerobot.com/)"
49.13.24.81 - - [06/May/2025:08:41:47 +0200] "HEAD / HTTP/1.1" 200 0 "http://nagybistvan.hu" "Mozilla/5.0+(compatible; UptimeRobot/2.0; http://www.uptimerobot.com/)"
66.249.66.76 - - [06/May/2025:08:43:27 +0200] "GET /robots.txt HTTP/1.1" 404 1181 "-" "Mozilla/5.0 (compatible; Googlebot/2.1; +http://www.google.com/bot.html)"
66.249.66.163 - - [06/May/2025:08:43:28 +0200] "GET /zsambek/Zsambek%20No134.jpg HTTP/1.1" 304 - "-" "Googlebot-Image/1.0"
78.47.98.55 - - [06/May/2025:08:46:51 +0200] "HEAD / HTTP/1.1" 200 0 "http://nagybistvan.hu" "Mozilla/5.0+(compatible; UptimeRobot/2.0; http://www.uptimerobot.com/)"
78.47.173.76 - - [06/May/2025:08:51:56 +0200] "HEAD / HTTP/1.1" 200 0 "http://nagybistvan.hu" "Mozilla/5.0+(compatible; UptimeRobot/2.0; http://www.uptimerobot.com/)"
157.90.156.63 - - [06/May/2025:08:57:01 +0200] "HEAD / HTTP/1.1" 200 0 "http://nagybistvan.hu" "Mozilla/5.0+(compatible; UptimeRobot/2.0; http://www.uptimerobot.com/)"
128.140.106.114 - - [06/May/2025:09:02:06 +0200] "HEAD / HTTP/1.1" 200 0 "http://nagybistvan.hu" "Mozilla/5.0+(compatible; UptimeRobot/2.0; http://www.uptimerobot.com/)"
49.13.167.123 - - [06/May/2025:09:07:11 +0200] "HEAD / HTTP/1.1" 200 0 "http://nagybistvan.hu" "Mozilla/5.0+(compatible; UptimeRobot/2.0; http://www.uptimerobot.com/)"
49.13.24.81 - - [06/May/2025:09:12:14 +0200] "HEAD / HTTP/1.1" 200 0 "http://nagybistvan.hu" "Mozilla/5.0+(compatible; UptimeRobot/2.0; http://www.uptimerobot.com/)"
49.13.134.145 - - [06/May/2025:09:17:19 +0200] "HEAD / HTTP/1.1" 200 0 "http://nagybistvan.hu" "Mozilla/5.0+(compatible; UptimeRobot/2.0; http://www.uptimerobot.com/)"
168.119.53.160 - - [06/May/2025:09:22:24 +0200] "HEAD / HTTP/1.1" 200 0 "http://nagybistvan.hu" "Mozilla/5.0+(compatible; UptimeRobot/2.0; http://www.uptimerobot.com/)"
78.47.98.55 - - [06/May/2025:09:27:28 +0200] "HEAD / HTTP/1.1" 200 0 "http://nagybistvan.hu" "Mozilla/5.0+(compatible; UptimeRobot/2.0; http://www.uptimerobot.com/)"
49.13.134.145 - - [06/May/2025:09:32:33 +0200] "HEAD / HTTP/1.1" 200 0 "http://nagybistvan.hu" "Mozilla/5.0+(compatible; UptimeRobot/2.0; http://www.uptimerobot.com/)"
17.241.75.208 - - [06/May/2025:09:36:02 +0200] "GET /robots.txt HTTP/1.1" 404 1181 "-" "Mozilla/5.0 (Macintosh; Intel Mac OS X 10_15_7) AppleWebKit/605.1.15 (KHTML, like Gecko) Version/17.4 Safari/605.1.15 (Applebot/0.1; +http://www.apple.com/go/applebot)"
17.241.75.208 - - [06/May/2025:09:36:02 +0200] "GET /favicon.ico HTTP/1.1" 404 1181 "-" "Mozilla/5.0 (Macintosh; Intel Mac OS X 10_15_7) AppleWebKit/605.1.15 (KHTML, like Gecko) Version/17.4 Safari/605.1.15 (Applebot/0.1; +http://www.apple.com/go/applebot)"
157.90.156.63 - - [06/May/2025:09:37:38 +0200] "HEAD / HTTP/1.1" 200 0 "http://nagybistvan.hu" "Mozilla/5.0+(compatible; UptimeRobot/2.0; http://www.uptimerobot.com/)"
49.13.130.29 - - [06/May/2025:09:42:43 +0200] "HEAD / HTTP/1.1" 200 0 "http://nagybistvan.hu" "Mozilla/5.0+(compatible; UptimeRobot/2.0; http://www.uptimerobot.com/)"
5.255.231.37 - - [06/May/2025:09:45:21 +0200] "GET /robots.txt HTTP/1.1" 404 1181 "-" "Mozilla/5.0 (compatible; YandexBot/3.0; +http://yandex.com/bots)"
87.250.224.226 - - [06/May/2025:09:45:22 +0200] "GET /zsambek/Zsambek%20LVIII.html HTTP/1.1" 200 682 "-" "Mozilla/5.0 (compatible; YandexBot/3.0; +http://yandex.com/bots)"
98.82.63.147 - - [06/May/2025:09:46:26 +0200] "GET /index.php?c=arckepcsarnok&cp=1 HTTP/1.1" 200 17518 "-" "Mozilla/5.0 AppleWebKit/537.36 (KHTML, like Gecko; compatible; Amazonbot/0.1; +https://developer.amazon.com/support/amazonbot) Chrome/119.0.6045.214 Safari/537.36"
78.46.190.63 - - [06/May/2025:09:47:48 +0200] "HEAD / HTTP/1.1" 200 0 "http://nagybistvan.hu" "Mozilla/5.0+(compatible; UptimeRobot/2.0; http://www.uptimerobot.com/)"
49.13.24.81 - - [06/May/2025:09:52:53 +0200] "HEAD / HTTP/1.1" 200 0 "http://nagybistvan.hu" "Mozilla/5.0+(compatible; UptimeRobot/2.0; http://www.uptimerobot.com/)"
159.69.158.189 - - [06/May/2025:09:57:57 +0200] "HEAD / HTTP/1.1" 200 0 "http://nagybistvan.hu" "Mozilla/5.0+(compatible; UptimeRobot/2.0; http://www.uptimerobot.com/)"
142.132.180.39 - - [06/May/2025:10:03:01 +0200] "HEAD / HTTP/1.1" 200 0 "http://nagybistvan.hu" "Mozilla/5.0+(compatible; UptimeRobot/2.0; http://www.uptimerobot.com/)"
168.119.96.239 - - [06/May/2025:10:08:06 +0200] "HEAD / HTTP/1.1" 200 0 "http://nagybistvan.hu" "Mozilla/5.0+(compatible; UptimeRobot/2.0; http://www.uptimerobot.com/)"
78.46.215.1 - - [06/May/2025:10:13:10 +0200] "HEAD / HTTP/1.1" 200 0 "http://nagybistvan.hu" "Mozilla/5.0+(compatible; UptimeRobot/2.0; http://www.uptimerobot.com/)"
167.235.143.113 - - [06/May/2025:10:18:15 +0200] "HEAD / HTTP/1.1" 200 0 "http://nagybistvan.hu" "Mozilla/5.0+(compatible; UptimeRobot/2.0; http://www.uptimerobot.com/)"
168.119.53.160 - - [06/May/2025:10:23:21 +0200] "HEAD / HTTP/1.1" 200 0 "http://nagybistvan.hu" "Mozilla/5.0+(compatible; UptimeRobot/2.0; http://www.uptimerobot.com/)"
49.13.134.145 - - [06/May/2025:10:28:26 +0200] "HEAD / HTTP/1.1" 200 0 "http://nagybistvan.hu" "Mozilla/5.0+(compatible; UptimeRobot/2.0; http://www.uptimerobot.com/)"
52.203.152.231 - - [06/May/2025:10:30:19 +0200] "GET /index.php?c=greco&cp=1 HTTP/1.1" 200 17734 "-" "Mozilla/5.0 AppleWebKit/537.36 (KHTML, like Gecko; compatible; Amazonbot/0.1; +https://developer.amazon.com/support/amazonbot) Chrome/119.0.6045.214 Safari/537.36"
34.225.24.180 - - [06/May/2025:10:30:24 +0200] "GET /index.php?c=apostolok&cp=1 HTTP/1.1" 200 16700 "-" "Mozilla/5.0 AppleWebKit/537.36 (KHTML, like Gecko; compatible; Amazonbot/0.1; +https://developer.amazon.com/support/amazonbot) Chrome/119.0.6045.214 Safari/537.36"
78.47.173.76 - - [06/May/2025:10:33:30 +0200] "HEAD / HTTP/1.1" 200 0 "http://nagybistvan.hu" "Mozilla/5.0+(compatible; UptimeRobot/2.0; http://www.uptimerobot.com/)"
78.47.98.55 - - [06/May/2025:10:38:35 +0200] "HEAD / HTTP/1.1" 200 0 "http://nagybistvan.hu" "Mozilla/5.0+(compatible; UptimeRobot/2.0; http://www.uptimerobot.com/)"
35.153.86.200 - - [06/May/2025:10:39:59 +0200] "GET /index.php?c=zsambek&cp=1 HTTP/1.1" 200 16292 "-" "Mozilla/5.0 AppleWebKit/537.36 (KHTML, like Gecko; compatible; Amazonbot/0.1; +https://developer.amazon.com/support/amazonbot) Chrome/119.0.6045.214 Safari/537.36"
66.249.66.44 - - [06/May/2025:10:43:27 +0200] "GET /veroce060708_elemei/image016.jpg HTTP/1.1" 304 - "-" "Googlebot-Image/1.0"
88.99.80.227 - - [06/May/2025:10:43:40 +0200] "HEAD / HTTP/1.1" 200 0 "http://nagybistvan.hu" "Mozilla/5.0+(compatible; UptimeRobot/2.0; http://www.uptimerobot.com/)"
128.140.41.193 - - [06/May/2025:10:48:46 +0200] "HEAD / HTTP/1.1" 200 0 "http://nagybistvan.hu" "Mozilla/5.0+(compatible; UptimeRobot/2.0; http://www.uptimerobot.com/)"
49.13.24.81 - - [06/May/2025:10:53:51 +0200] "HEAD / HTTP/1.1" 200 0 "http://nagybistvan.hu" "Mozilla/5.0+(compatible; UptimeRobot/2.0; http://www.uptimerobot.com/)"
142.132.180.39 - - [06/May/2025:10:58:56 +0200] "HEAD / HTTP/1.1" 200 0 "http://nagybistvan.hu" "Mozilla/5.0+(compatible; UptimeRobot/2.0; http://www.uptimerobot.com/)"
49.13.134.145 - - [06/May/2025:11:04:00 +0200] "HEAD / HTTP/1.1" 200 0 "http://nagybistvan.hu" "Mozilla/5.0+(compatible; UptimeRobot/2.0; http://www.uptimerobot.com/)"
43.157.53.115 - - [06/May/2025:11:07:30 +0200] "GET / HTTP/1.1" 200 6750 "-" "Mozilla/5.0 (iPhone; CPU iPhone OS 13_2_3 like Mac OS X) AppleWebKit/605.1.15 (KHTML, like Gecko) Version/13.0.3 Mobile/15E148 Safari/604.1"
157.90.155.240 - - [06/May/2025:11:09:03 +0200] "HEAD / HTTP/1.1" 200 0 "http://nagybistvan.hu" "Mozilla/5.0+(compatible; UptimeRobot/2.0; http://www.uptimerobot.com/)"
142.132.180.39 - - [06/May/2025:11:14:08 +0200] "HEAD / HTTP/1.1" 200 0 "http://nagybistvan.hu" "Mozilla/5.0+(compatible; UptimeRobot/2.0; http://www.uptimerobot.com/)"
168.119.53.160 - - [06/May/2025:11:19:13 +0200] "HEAD / HTTP/1.1" 200 0 "http://nagybistvan.hu" "Mozilla/5.0+(compatible; UptimeRobot/2.0; http://www.uptimerobot.com/)"
167.235.143.113 - - [06/May/2025:11:24:19 +0200] "HEAD / HTTP/1.1" 200 0 "http://nagybistvan.hu" "Mozilla/5.0+(compatible; UptimeRobot/2.0; http://www.uptimerobot.com/)"
66.249.66.37 - - [06/May/2025:11:24:57 +0200] "GET /robots.txt HTTP/1.1" 404 1181 "-" "Mozilla/5.0 (compatible; Googlebot/2.1; +http://www.google.com/bot.html)"
66.249.66.196 - - [06/May/2025:11:24:57 +0200] "GET / HTTP/1.1" 200 6704 "-" "Mozilla/5.0 (Linux; Android 6.0.1; Nexus 5X Build/MMB29P) AppleWebKit/537.36 (KHTML, like Gecko) Chrome/136.0.7103.59 Mobile Safari/537.36 (compatible; Googlebot/2.1; +http://www.google.com/bot.html)"
66.249.66.12 - - [06/May/2025:11:25:01 +0200] "GET /lib/jq.fancybox-1.3.4/jquery.fancybox-1.3.4.pack.js HTTP/1.1" 200 15624 "http://www.nagybistvan.hu/" "Mozilla/5.0 (Linux; Android 6.0.1; Nexus 5X Build/MMB29P) AppleWebKit/537.36 (KHTML, like Gecko) Chrome/135.0.7049.114 Mobile Safari/537.36 (compatible; Googlebot/2.1; +http://www.google.com/bot.html)"
66.249.66.197 - - [06/May/2025:11:25:01 +0200] "GET /lib/jquery-1.3.2/jquery-1.3.2.min.js HTTP/1.1" 200 57254 "http://www.nagybistvan.hu/" "Mozilla/5.0 (Linux; Android 6.0.1; Nexus 5X Build/MMB29P) AppleWebKit/537.36 (KHTML, like Gecko) Chrome/135.0.7049.114 Mobile Safari/537.36 (compatible; Googlebot/2.1; +http://www.google.com/bot.html)"
66.249.66.161 - - [06/May/2025:11:25:02 +0200] "GET /lib/jq.fancybox-1.3.4/jquery.easing-1.3.pack.js HTTP/1.1" 200 6717 "http://www.nagybistvan.hu/" "Mozilla/5.0 (Linux; Android 6.0.1; Nexus 5X Build/MMB29P) AppleWebKit/537.36 (KHTML, like Gecko) Chrome/135.0.7049.114 Mobile Safari/537.36 (compatible; Googlebot/2.1; +http://www.google.com/bot.html)"
66.249.66.73 - - [06/May/2025:11:25:04 +0200] "GET /lib/jq.fancybox-1.3.4/jquery.fancybox-1.3.4.css HTTP/1.1" 200 8498 "http://www.nagybistvan.hu/" "Mozilla/5.0 (Linux; Android 6.0.1; Nexus 5X Build/MMB29P) AppleWebKit/537.36 (KHTML, like Gecko) Chrome/135.0.7049.114 Mobile Safari/537.36 (compatible; Googlebot/2.1; +http://www.google.com/bot.html)"
66.249.66.160 - - [06/May/2025:11:25:05 +0200] "GET /skin/master.css HTTP/1.1" 200 6842 "http://www.nagybistvan.hu/" "Mozilla/5.0 (Linux; Android 6.0.1; Nexus 5X Build/MMB29P) AppleWebKit/537.36 (KHTML, like Gecko) Chrome/135.0.7049.114 Mobile Safari/537.36 (compatible; Googlebot/2.1; +http://www.google.com/bot.html)"
66.249.66.73 - - [06/May/2025:11:25:06 +0200] "GET /lib/jq.fancybox-1.3.4/jquery.mousewheel-3.0.4.pack.js HTTP/1.1" 200 1279 "http://www.nagybistvan.hu/" "Mozilla/5.0 (Linux; Android 6.0.1; Nexus 5X Build/MMB29P) AppleWebKit/537.36 (KHTML, like Gecko) Chrome/135.0.7049.114 Mobile Safari/537.36 (compatible; Googlebot/2.1; +http://www.google.com/bot.html)"
66.249.66.37 - - [06/May/2025:11:25:08 +0200] "GET /lib/thickbox-3.1.custom/thickbox.js HTTP/1.1" 200 13058 "http://www.nagybistvan.hu/" "Mozilla/5.0 (Linux; Android 6.0.1; Nexus 5X Build/MMB29P) AppleWebKit/537.36 (KHTML, like Gecko) Chrome/135.0.7049.114 Mobile Safari/537.36 (compatible; Googlebot/2.1; +http://www.google.com/bot.html)"
66.249.66.195 - - [06/May/2025:11:25:09 +0200] "GET /lib/thickbox-3.1.custom/thickbox.css HTTP/1.1" 200 4175 "http://www.nagybistvan.hu/" "Mozilla/5.0 (Linux; Android 6.0.1; Nexus 5X Build/MMB29P) AppleWebKit/537.36 (KHTML, like Gecko) Chrome/135.0.7049.114 Mobile Safari/537.36 (compatible; Googlebot/2.1; +http://www.google.com/bot.html)"
66.249.66.73 - - [06/May/2025:11:25:10 +0200] "GET /lib/jq.contextmenu/jquery.contextmenu.js HTTP/1.1" 200 10507 "http://www.nagybistvan.hu/" "Mozilla/5.0 (Linux; Android 6.0.1; Nexus 5X Build/MMB29P) AppleWebKit/537.36 (KHTML, like Gecko) Chrome/135.0.7049.114 Mobile Safari/537.36 (compatible; Googlebot/2.1; +http://www.google.com/bot.html)"
88.99.80.227 - - [06/May/2025:11:29:24 +0200] "HEAD / HTTP/1.1" 200 0 "http://nagybistvan.hu" "Mozilla/5.0+(compatible; UptimeRobot/2.0; http://www.uptimerobot.com/)"
78.46.190.63 - - [06/May/2025:11:34:30 +0200] "HEAD / HTTP/1.1" 200 0 "http://nagybistvan.hu" "Mozilla/5.0+(compatible; UptimeRobot/2.0; http://www.uptimerobot.com/)"
128.140.41.193 - - [06/May/2025:11:39:35 +0200] "HEAD / HTTP/1.1" 200 0 "http://nagybistvan.hu" "Mozilla/5.0+(compatible; UptimeRobot/2.0; http://www.uptimerobot.com/)"
167.235.143.113 - - [06/May/2025:11:44:40 +0200] "HEAD / HTTP/1.1" 200 0 "http://nagybistvan.hu" "Mozilla/5.0+(compatible; UptimeRobot/2.0; http://www.uptimerobot.com/)"
88.99.80.227 - - [06/May/2025:11:49:45 +0200] "HEAD / HTTP/1.1" 200 0 "http://nagybistvan.hu" "Mozilla/5.0+(compatible; UptimeRobot/2.0; http://www.uptimerobot.com/)"
128.140.106.114 - - [06/May/2025:11:54:50 +0200] "HEAD / HTTP/1.1" 200 0 "http://nagybistvan.hu" "Mozilla/5.0+(compatible; UptimeRobot/2.0; http://www.uptimerobot.com/)"
49.13.164.148 - - [06/May/2025:11:59:55 +0200] "HEAD / HTTP/1.1" 200 0 "http://nagybistvan.hu" "Mozilla/5.0+(compatible; UptimeRobot/2.0; http://www.uptimerobot.com/)"
157.90.156.63 - - [06/May/2025:12:04:59 +0200] "HEAD / HTTP/1.1" 200 0 "http://nagybistvan.hu" "Mozilla/5.0+(compatible; UptimeRobot/2.0; http://www.uptimerobot.com/)"
78.46.215.1 - - [06/May/2025:12:10:03 +0200] "HEAD / HTTP/1.1" 200 0 "http://nagybistvan.hu" "Mozilla/5.0+(compatible; UptimeRobot/2.0; http://www.uptimerobot.com/)"
49.13.167.123 - - [06/May/2025:12:15:07 +0200] "HEAD / HTTP/1.1" 200 0 "http://nagybistvan.hu" "Mozilla/5.0+(compatible; UptimeRobot/2.0; http://www.uptimerobot.com/)"
49.13.167.123 - - [06/May/2025:12:20:12 +0200] "HEAD / HTTP/1.1" 200 0 "http://nagybistvan.hu" "Mozilla/5.0+(compatible; UptimeRobot/2.0; http://www.uptimerobot.com/)"
66.249.66.164 - - [06/May/2025:12:21:00 +0200] "GET /veroce060708_elemei/image004.jpg HTTP/1.1" 304 - "-" "Googlebot-Image/1.0"
78.47.98.55 - - [06/May/2025:12:25:23 +0200] "HEAD / HTTP/1.1" 200 0 "http://nagybistvan.hu" "Mozilla/5.0+(compatible; UptimeRobot/2.0; http://www.uptimerobot.com/)"
128.140.106.114 - - [06/May/2025:12:30:28 +0200] "HEAD / HTTP/1.1" 200 0 "http://nagybistvan.hu" "Mozilla/5.0+(compatible; UptimeRobot/2.0; http://www.uptimerobot.com/)"
128.140.106.114 - - [06/May/2025:12:35:33 +0200] "HEAD / HTTP/1.1" 200 0 "http://nagybistvan.hu" "Mozilla/5.0+(compatible; UptimeRobot/2.0; http://www.uptimerobot.com/)"
157.90.156.63 - - [06/May/2025:12:40:38 +0200] "HEAD / HTTP/1.1" 200 0 "http://nagybistvan.hu" "Mozilla/5.0+(compatible; UptimeRobot/2.0; http://www.uptimerobot.com/)"
66.249.66.161 - - [06/May/2025:12:43:31 +0200] "GET /media/image/23.110.093.jpg HTTP/1.1" 200 162983 "-" "Googlebot-Image/1.0"
49.13.164.148 - - [06/May/2025:12:45:43 +0200] "HEAD / HTTP/1.1" 200 0 "http://nagybistvan.hu" "Mozilla/5.0+(compatible; UptimeRobot/2.0; http://www.uptimerobot.com/)"
159.69.158.189 - - [06/May/2025:12:50:48 +0200] "HEAD / HTTP/1.1" 200 0 "http://nagybistvan.hu" "Mozilla/5.0+(compatible; UptimeRobot/2.0; http://www.uptimerobot.com/)"
168.119.53.160 - - [06/May/2025:12:55:53 +0200] "HEAD / HTTP/1.1" 200 0 "http://nagybistvan.hu" "Mozilla/5.0+(compatible; UptimeRobot/2.0; http://www.uptimerobot.com/)"
128.140.106.114 - - [06/May/2025:13:00:58 +0200] "HEAD / HTTP/1.1" 200 0 "http://nagybistvan.hu" "Mozilla/5.0+(compatible; UptimeRobot/2.0; http://www.uptimerobot.com/)"
128.140.106.114 - - [06/May/2025:13:06:04 +0200] "HEAD / HTTP/1.1" 200 0 "http://nagybistvan.hu" "Mozilla/5.0+(compatible; UptimeRobot/2.0; http://www.uptimerobot.com/)"
159.69.158.189 - - [06/May/2025:13:11:09 +0200] "HEAD / HTTP/1.1" 200 0 "http://nagybistvan.hu" "Mozilla/5.0+(compatible; UptimeRobot/2.0; http://www.uptimerobot.com/)"
168.119.53.160 - - [06/May/2025:13:16:13 +0200] "HEAD / HTTP/1.1" 200 0 "http://nagybistvan.hu" "Mozilla/5.0+(compatible; UptimeRobot/2.0; http://www.uptimerobot.com/)"
159.69.158.189 - - [06/May/2025:13:21:18 +0200] "HEAD / HTTP/1.1" 200 0 "http://nagybistvan.hu" "Mozilla/5.0+(compatible; UptimeRobot/2.0; http://www.uptimerobot.com/)"
128.140.41.193 - - [06/May/2025:13:26:23 +0200] "HEAD / HTTP/1.1" 200 0 "http://nagybistvan.hu" "Mozilla/5.0+(compatible; UptimeRobot/2.0; http://www.uptimerobot.com/)"
49.13.130.29 - - [06/May/2025:13:31:27 +0200] "HEAD / HTTP/1.1" 200 0 "http://nagybistvan.hu" "Mozilla/5.0+(compatible; UptimeRobot/2.0; http://www.uptimerobot.com/)"
78.46.215.1 - - [06/May/2025:13:36:31 +0200] "HEAD / HTTP/1.1" 200 0 "http://nagybistvan.hu" "Mozilla/5.0+(compatible; UptimeRobot/2.0; http://www.uptimerobot.com/)"
66.249.66.44 - - [06/May/2025:13:38:44 +0200] "GET /zsambek/Zsambek%20LXIII.jpg HTTP/1.1" 304 - "-" "Googlebot-Image/1.0"
66.249.66.39 - - [06/May/2025:13:41:32 +0200] "GET /media/image/21.339.001.jpg HTTP/1.1" 200 163270 "-" "Googlebot-Image/1.0"
142.132.180.39 - - [06/May/2025:13:41:35 +0200] "HEAD / HTTP/1.1" 200 0 "http://nagybistvan.hu" "Mozilla/5.0+(compatible; UptimeRobot/2.0; http://www.uptimerobot.com/)"
49.13.130.29 - - [06/May/2025:13:46:41 +0200] "HEAD / HTTP/1.1" 200 0 "http://nagybistvan.hu" "Mozilla/5.0+(compatible; UptimeRobot/2.0; http://www.uptimerobot.com/)"
157.90.156.63 - - [06/May/2025:13:51:47 +0200] "HEAD / HTTP/1.1" 200 0 "http://nagybistvan.hu" "Mozilla/5.0+(compatible; UptimeRobot/2.0; http://www.uptimerobot.com/)"
