167.235.143.113 - - [11/May/2025:12:45:58 +0200] "HEAD / HTTP/1.1" 200 0 "http://nagybistvan.hu" "Mozilla/5.0+(compatible; UptimeRobot/2.0; http://www.uptimerobot.com/)"
157.90.156.63 - - [11/May/2025:12:51:03 +0200] "HEAD / HTTP/1.1" 200 0 "http://nagybistvan.hu" "Mozilla/5.0+(compatible; UptimeRobot/2.0; http://www.uptimerobot.com/)"
49.13.130.29 - - [11/May/2025:12:56:08 +0200] "HEAD / HTTP/1.1" 200 0 "http://nagybistvan.hu" "Mozilla/5.0+(compatible; UptimeRobot/2.0; http://www.uptimerobot.com/)"
168.119.96.239 - - [11/May/2025:13:01:13 +0200] "HEAD / HTTP/1.1" 200 0 "http://nagybistvan.hu" "Mozilla/5.0+(compatible; UptimeRobot/2.0; http://www.uptimerobot.com/)"
42.236.17.115 - - [11/May/2025:13:01:31 +0200] "GET / HTTP/1.1" 200 6842 "http://www.nagybistvan.hu/" "Mozilla/5.0 (Windows NT 6.1; WOW64) AppleWebKit/537.36 (KHTML, like Gecko) Chrome/50.0.2661.102 Safari/537.36; 360Spider"
168.119.96.239 - - [11/May/2025:13:06:18 +0200] "HEAD / HTTP/1.1" 200 0 "http://nagybistvan.hu" "Mozilla/5.0+(compatible; UptimeRobot/2.0; http://www.uptimerobot.com/)"
157.90.156.63 - - [11/May/2025:13:11:22 +0200] "HEAD / HTTP/1.1" 200 0 "http://nagybistvan.hu" "Mozilla/5.0+(compatible; UptimeRobot/2.0; http://www.uptimerobot.com/)"
142.132.180.39 - - [11/May/2025:13:16:25 +0200] "HEAD / HTTP/1.1" 200 0 "http://nagybistvan.hu" "Mozilla/5.0+(compatible; UptimeRobot/2.0; http://www.uptimerobot.com/)"
168.119.96.239 - - [11/May/2025:13:21:31 +0200] "HEAD / HTTP/1.1" 200 0 "http://nagybistvan.hu" "Mozilla/5.0+(compatible; UptimeRobot/2.0; http://www.uptimerobot.com/)"
78.47.98.55 - - [11/May/2025:13:26:36 +0200] "HEAD / HTTP/1.1" 200 0 "http://nagybistvan.hu" "Mozilla/5.0+(compatible; UptimeRobot/2.0; http://www.uptimerobot.com/)"
88.99.80.227 - - [11/May/2025:13:31:40 +0200] "HEAD / HTTP/1.1" 200 0 "http://nagybistvan.hu" "Mozilla/5.0+(compatible; UptimeRobot/2.0; http://www.uptimerobot.com/)"
168.119.96.239 - - [11/May/2025:13:36:45 +0200] "HEAD / HTTP/1.1" 200 0 "http://nagybistvan.hu" "Mozilla/5.0+(compatible; UptimeRobot/2.0; http://www.uptimerobot.com/)"
3.220.101.67 - - [11/May/2025:13:39:38 +0200] "GET / HTTP/1.1" 200 6642 "-" "okhttp/4.9.2"
3.220.101.67 - - [11/May/2025:13:39:39 +0200] "GET /favicon.ico HTTP/1.1" 404 1181 "-" "okhttp/4.9.2"
3.220.101.67 - - [11/May/2025:13:39:39 +0200] "GET /favicon.png HTTP/1.1" 404 1181 "-" "okhttp/4.9.2"
3.220.101.67 - - [11/May/2025:13:39:39 +0200] "GET /favicon.ico HTTP/1.1" 404 1181 "-" "okhttp/4.9.2"
128.140.41.193 - - [11/May/2025:13:41:49 +0200] "HEAD / HTTP/1.1" 200 0 "http://nagybistvan.hu" "Mozilla/5.0+(compatible; UptimeRobot/2.0; http://www.uptimerobot.com/)"
78.46.190.63 - - [11/May/2025:13:46:56 +0200] "HEAD / HTTP/1.1" 200 0 "http://nagybistvan.hu" "Mozilla/5.0+(compatible; UptimeRobot/2.0; http://www.uptimerobot.com/)"
157.90.155.240 - - [11/May/2025:13:52:00 +0200] "HEAD / HTTP/1.1" 200 0 "http://nagybistvan.hu" "Mozilla/5.0+(compatible; UptimeRobot/2.0; http://www.uptimerobot.com/)"
78.46.215.1 - - [11/May/2025:13:57:04 +0200] "HEAD / HTTP/1.1" 200 0 "http://nagybistvan.hu" "Mozilla/5.0+(compatible; UptimeRobot/2.0; http://www.uptimerobot.com/)"
78.47.98.55 - - [11/May/2025:14:02:09 +0200] "HEAD / HTTP/1.1" 200 0 "http://nagybistvan.hu" "Mozilla/5.0+(compatible; UptimeRobot/2.0; http://www.uptimerobot.com/)"
49.13.164.148 - - [11/May/2025:14:07:14 +0200] "HEAD / HTTP/1.1" 200 0 "http://nagybistvan.hu" "Mozilla/5.0+(compatible; UptimeRobot/2.0; http://www.uptimerobot.com/)"
62.168.39.202 - - [11/May/2025:14:10:26 +0200] "GET / HTTP/1.1" 200 6932 "-" "Mozilla/5.0 (Windows NT 10.0; Win64; x64) AppleWebKit/537.36 (KHTML, like Gecko) Chrome/129.0.0.0 Safari/537.36"
62.168.39.202 - - [11/May/2025:14:10:29 +0200] "GET / HTTP/1.1" 200 6670 "-" "Mozilla/5.0 (Windows NT 10.0; Win64; x64) AppleWebKit/537.36 (KHTML, like Gecko) Chrome/129.0.0.0 Safari/537.36"
128.140.41.193 - - [11/May/2025:14:12:19 +0200] "HEAD / HTTP/1.1" 200 0 "http://nagybistvan.hu" "Mozilla/5.0+(compatible; UptimeRobot/2.0; http://www.uptimerobot.com/)"
49.13.130.29 - - [11/May/2025:14:17:22 +0200] "HEAD / HTTP/1.1" 200 0 "http://nagybistvan.hu" "Mozilla/5.0+(compatible; UptimeRobot/2.0; http://www.uptimerobot.com/)"
49.13.130.29 - - [11/May/2025:14:22:29 +0200] "HEAD / HTTP/1.1" 200 0 "http://nagybistvan.hu" "Mozilla/5.0+(compatible; UptimeRobot/2.0; http://www.uptimerobot.com/)"
168.119.53.160 - - [11/May/2025:14:27:34 +0200] "HEAD / HTTP/1.1" 200 0 "http://nagybistvan.hu" "Mozilla/5.0+(compatible; UptimeRobot/2.0; http://www.uptimerobot.com/)"
167.235.143.113 - - [11/May/2025:14:32:39 +0200] "HEAD / HTTP/1.1" 200 0 "http://nagybistvan.hu" "Mozilla/5.0+(compatible; UptimeRobot/2.0; http://www.uptimerobot.com/)"
168.119.53.160 - - [11/May/2025:14:37:43 +0200] "HEAD / HTTP/1.1" 200 0 "http://nagybistvan.hu" "Mozilla/5.0+(compatible; UptimeRobot/2.0; http://www.uptimerobot.com/)"
78.47.173.76 - - [11/May/2025:14:42:48 +0200] "HEAD / HTTP/1.1" 200 0 "http://nagybistvan.hu" "Mozilla/5.0+(compatible; UptimeRobot/2.0; http://www.uptimerobot.com/)"
128.140.106.114 - - [11/May/2025:14:47:51 +0200] "HEAD / HTTP/1.1" 200 0 "http://nagybistvan.hu" "Mozilla/5.0+(compatible; UptimeRobot/2.0; http://www.uptimerobot.com/)"
88.99.80.227 - - [11/May/2025:14:52:55 +0200] "HEAD / HTTP/1.1" 200 0 "http://nagybistvan.hu" "Mozilla/5.0+(compatible; UptimeRobot/2.0; http://www.uptimerobot.com/)"
128.140.41.193 - - [11/May/2025:14:58:00 +0200] "HEAD / HTTP/1.1" 200 0 "http://nagybistvan.hu" "Mozilla/5.0+(compatible; UptimeRobot/2.0; http://www.uptimerobot.com/)"
168.119.96.239 - - [11/May/2025:15:03:05 +0200] "HEAD / HTTP/1.1" 200 0 "http://nagybistvan.hu" "Mozilla/5.0+(compatible; UptimeRobot/2.0; http://www.uptimerobot.com/)"
142.132.180.39 - - [11/May/2025:15:08:09 +0200] "HEAD / HTTP/1.1" 200 0 "http://nagybistvan.hu" "Mozilla/5.0+(compatible; UptimeRobot/2.0; http://www.uptimerobot.com/)"
49.13.130.29 - - [11/May/2025:15:13:13 +0200] "HEAD / HTTP/1.1" 200 0 "http://nagybistvan.hu" "Mozilla/5.0+(compatible; UptimeRobot/2.0; http://www.uptimerobot.com/)"
159.69.158.189 - - [11/May/2025:15:18:16 +0200] "HEAD / HTTP/1.1" 200 0 "http://nagybistvan.hu" "Mozilla/5.0+(compatible; UptimeRobot/2.0; http://www.uptimerobot.com/)"
3.147.72.31 - - [11/May/2025:15:18:31 +0200] "GET /robots.txt HTTP/1.1" 404 1181 "-" "Mozilla/5.0 AppleWebKit/537.36 (KHTML, like Gecko; compatible; ClaudeBot/1.0; +claudebot@anthropic.com)"
3.147.72.31 - - [11/May/2025:15:18:32 +0200] "GET /media/image/07.110.134.jpg HTTP/1.1" 200 139468 "-" "Mozilla/5.0 AppleWebKit/537.36 (KHTML, like Gecko; compatible; ClaudeBot/1.0; +claudebot@anthropic.com)"
159.69.158.189 - - [11/May/2025:15:23:22 +0200] "HEAD / HTTP/1.1" 200 0 "http://nagybistvan.hu" "Mozilla/5.0+(compatible; UptimeRobot/2.0; http://www.uptimerobot.com/)"
13.58.216.183 - - [11/May/2025:15:26:38 +0200] "GET /robots.txt HTTP/1.1" 404 1181 "-" "Mozilla/5.0 AppleWebKit/537.36 (KHTML, like Gecko; compatible; ClaudeBot/1.0; +claudebot@anthropic.com)"
13.58.216.183 - - [11/May/2025:15:26:39 +0200] "GET /media/image/21.110.002.jpg HTTP/1.1" 200 161563 "-" "Mozilla/5.0 AppleWebKit/537.36 (KHTML, like Gecko; compatible; ClaudeBot/1.0; +claudebot@anthropic.com)"
128.140.106.114 - - [11/May/2025:15:28:26 +0200] "HEAD / HTTP/1.1" 200 0 "http://nagybistvan.hu" "Mozilla/5.0+(compatible; UptimeRobot/2.0; http://www.uptimerobot.com/)"
42.236.17.251 - - [11/May/2025:15:31:02 +0200] "GET /index.php HTTP/1.1" 200 6587 "http://nagybistvan.hu/index.php" "Mozilla/5.0 (Windows NT 6.1; WOW64) AppleWebKit/537.36 (KHTML, like Gecko) Chrome/50.0.2661.102 Safari/537.36; 360Spider"
42.236.17.226 - - [11/May/2025:15:31:03 +0200] "GET / HTTP/1.1" 200 6692 "http://nagybistvan.hu/" "Mozilla/5.0 (Windows NT 6.1; WOW64) AppleWebKit/537.36 (KHTML, like Gecko) Chrome/50.0.2661.102 Safari/537.36; 360Spider"
49.13.164.148 - - [11/May/2025:15:33:31 +0200] "HEAD / HTTP/1.1" 200 0 "http://nagybistvan.hu" "Mozilla/5.0+(compatible; UptimeRobot/2.0; http://www.uptimerobot.com/)"
49.13.164.148 - - [11/May/2025:15:38:36 +0200] "HEAD / HTTP/1.1" 200 0 "http://nagybistvan.hu" "Mozilla/5.0+(compatible; UptimeRobot/2.0; http://www.uptimerobot.com/)"
157.90.155.240 - - [11/May/2025:15:43:41 +0200] "HEAD / HTTP/1.1" 200 0 "http://nagybistvan.hu" "Mozilla/5.0+(compatible; UptimeRobot/2.0; http://www.uptimerobot.com/)"
78.47.173.76 - - [11/May/2025:15:48:46 +0200] "HEAD / HTTP/1.1" 200 0 "http://nagybistvan.hu" "Mozilla/5.0+(compatible; UptimeRobot/2.0; http://www.uptimerobot.com/)"
49.13.167.123 - - [11/May/2025:15:53:50 +0200] "HEAD / HTTP/1.1" 200 0 "http://nagybistvan.hu" "Mozilla/5.0+(compatible; UptimeRobot/2.0; http://www.uptimerobot.com/)"
78.46.215.1 - - [11/May/2025:15:58:54 +0200] "HEAD / HTTP/1.1" 200 0 "http://nagybistvan.hu" "Mozilla/5.0+(compatible; UptimeRobot/2.0; http://www.uptimerobot.com/)"
49.51.233.95 - - [11/May/2025:16:03:23 +0200] "GET / HTTP/1.1" 200 6826 "-" "Mozilla/5.0 (iPhone; CPU iPhone OS 13_2_3 like Mac OS X) AppleWebKit/605.1.15 (KHTML, like Gecko) Version/13.0.3 Mobile/15E148 Safari/604.1"
157.90.155.240 - - [11/May/2025:16:03:59 +0200] "HEAD / HTTP/1.1" 200 0 "http://nagybistvan.hu" "Mozilla/5.0+(compatible; UptimeRobot/2.0; http://www.uptimerobot.com/)"
78.46.215.1 - - [11/May/2025:16:09:04 +0200] "HEAD / HTTP/1.1" 200 0 "http://nagybistvan.hu" "Mozilla/5.0+(compatible; UptimeRobot/2.0; http://www.uptimerobot.com/)"
49.13.24.81 - - [11/May/2025:16:14:09 +0200] "HEAD / HTTP/1.1" 200 0 "http://nagybistvan.hu" "Mozilla/5.0+(compatible; UptimeRobot/2.0; http://www.uptimerobot.com/)"
78.46.215.1 - - [11/May/2025:16:19:14 +0200] "HEAD / HTTP/1.1" 200 0 "http://nagybistvan.hu" "Mozilla/5.0+(compatible; UptimeRobot/2.0; http://www.uptimerobot.com/)"
49.13.24.81 - - [11/May/2025:16:24:21 +0200] "HEAD / HTTP/1.1" 200 0 "http://nagybistvan.hu" "Mozilla/5.0+(compatible; UptimeRobot/2.0; http://www.uptimerobot.com/)"
167.235.143.113 - - [11/May/2025:16:29:26 +0200] "HEAD / HTTP/1.1" 200 0 "http://nagybistvan.hu" "Mozilla/5.0+(compatible; UptimeRobot/2.0; http://www.uptimerobot.com/)"
212.102.35.20 - - [11/May/2025:16:33:13 +0200] "GET /.env HTTP/1.1" 404 1181 "-" "Mozilla/5.0 (Macintosh; Intel Mac OS X 10.15; rv:77.0) Gecko/20100101 Firefox/77.0"
212.102.35.20 - - [11/May/2025:16:33:55 +0200] "GET /.env HTTP/1.1" 404 1181 "-" "Mozilla/5.0 (Macintosh; Intel Mac OS X 10.15; rv:77.0) Gecko/20100101 Firefox/77.0"
88.99.80.227 - - [11/May/2025:16:34:31 +0200] "HEAD / HTTP/1.1" 200 0 "http://nagybistvan.hu" "Mozilla/5.0+(compatible; UptimeRobot/2.0; http://www.uptimerobot.com/)"
91.242.162.3 - - [11/May/2025:16:36:54 +0200] "GET /robots.txt HTTP/1.1" 404 1181 "-" "Mozilla/5.0 (compatible; Qwantbot/1.0; +https://help.qwant.com/bot/)"
91.242.162.7 - - [11/May/2025:16:38:15 +0200] "GET /?c=csoportos HTTP/1.1" 200 13435 "-" "Mozilla/5.0 (compatible; Qwantbot/1.0_1079845; +https://help.qwant.com/bot/)"
49.13.134.145 - - [11/May/2025:16:39:36 +0200] "HEAD / HTTP/1.1" 200 0 "http://nagybistvan.hu" "Mozilla/5.0+(compatible; UptimeRobot/2.0; http://www.uptimerobot.com/)"
87.229.6.213 - - [11/May/2025:16:42:10 +0200] "GET /robots.txt HTTP/1.1" 404 1181 "-" "Go-http-client/1.1"
103.92.235.17 - - [11/May/2025:16:42:55 +0200] "GET / HTTP/1.1" 200 6672 "-" "Mozilla/5.0 (Macintosh; Intel Mac OS X 10_15_7) AppleWebKit/537.36 (KHTML, like Gecko) Chrome/115.0.5790.102 Safari/537.36"
87.229.6.213 - - [11/May/2025:16:42:58 +0200] "GET /robots.txt HTTP/1.1" 404 1181 "-" "Go-http-client/1.1"
78.46.190.63 - - [11/May/2025:16:44:41 +0200] "HEAD / HTTP/1.1" 200 0 "http://nagybistvan.hu" "Mozilla/5.0+(compatible; UptimeRobot/2.0; http://www.uptimerobot.com/)"
194.145.227.125 - - [11/May/2025:16:46:20 +0200] "GET /sites/all/libraries/elfinder/connectors/php/connector.php HTTP/1.1" 404 1181 "-" "ALittle Client"
216.244.66.227 - - [11/May/2025:16:48:23 +0200] "GET /robots.txt HTTP/1.1" 404 1181 "-" "Mozilla/5.0 (compatible; DotBot/1.2; +https://opensiteexplorer.org/dotbot; help@moz.com)"
159.69.158.189 - - [11/May/2025:16:49:46 +0200] "HEAD / HTTP/1.1" 200 0 "http://nagybistvan.hu" "Mozilla/5.0+(compatible; UptimeRobot/2.0; http://www.uptimerobot.com/)"
66.249.70.6 - - [11/May/2025:16:51:07 +0200] "GET /robots.txt HTTP/1.1" 404 1181 "-" "Mozilla/5.0 (compatible; Googlebot/2.1; +http://www.google.com/bot.html)"
66.249.70.5 - - [11/May/2025:16:51:07 +0200] "GET / HTTP/1.1" 200 6778 "-" "Mozilla/5.0 (Linux; Android 6.0.1; Nexus 5X Build/MMB29P) AppleWebKit/537.36 (KHTML, like Gecko) Chrome/136.0.7103.59 Mobile Safari/537.36 (compatible; Googlebot/2.1; +http://www.google.com/bot.html)"
66.249.70.7 - - [11/May/2025:16:51:10 +0200] "GET /lib/thickbox-3.1.custom/thickbox.css HTTP/1.1" 200 4175 "http://nagybistvan.hu/" "Mozilla/5.0 (Linux; Android 6.0.1; Nexus 5X Build/MMB29P) AppleWebKit/537.36 (KHTML, like Gecko) Chrome/135.0.7049.114 Mobile Safari/537.36 (compatible; Googlebot/2.1; +http://www.google.com/bot.html)"
66.249.70.5 - - [11/May/2025:16:51:11 +0200] "GET /lib/jq.fancybox-1.3.4/jquery.easing-1.3.pack.js HTTP/1.1" 200 6717 "http://nagybistvan.hu/" "Mozilla/5.0 (Linux; Android 6.0.1; Nexus 5X Build/MMB29P) AppleWebKit/537.36 (KHTML, like Gecko) Chrome/135.0.7049.114 Mobile Safari/537.36 (compatible; Googlebot/2.1; +http://www.google.com/bot.html)"
66.249.70.6 - - [11/May/2025:16:51:11 +0200] "GET /lib/jq.fancybox-1.3.4/jquery.mousewheel-3.0.4.pack.js HTTP/1.1" 200 1279 "http://nagybistvan.hu/" "Mozilla/5.0 (Linux; Android 6.0.1; Nexus 5X Build/MMB29P) AppleWebKit/537.36 (KHTML, like Gecko) Chrome/135.0.7049.114 Mobile Safari/537.36 (compatible; Googlebot/2.1; +http://www.google.com/bot.html)"
66.249.70.6 - - [11/May/2025:16:51:12 +0200] "GET /lib/jquery-1.3.2/jquery-1.3.2.min.js HTTP/1.1" 200 57254 "http://nagybistvan.hu/" "Mozilla/5.0 (Linux; Android 6.0.1; Nexus 5X Build/MMB29P) AppleWebKit/537.36 (KHTML, like Gecko) Chrome/135.0.7049.114 Mobile Safari/537.36 (compatible; Googlebot/2.1; +http://www.google.com/bot.html)"
66.249.70.5 - - [11/May/2025:16:51:12 +0200] "GET /lib/jq.fancybox-1.3.4/jquery.fancybox-1.3.4.pack.js HTTP/1.1" 200 15624 "http://nagybistvan.hu/" "Mozilla/5.0 (Linux; Android 6.0.1; Nexus 5X Build/MMB29P) AppleWebKit/537.36 (KHTML, like Gecko) Chrome/135.0.7049.114 Mobile Safari/537.36 (compatible; Googlebot/2.1; +http://www.google.com/bot.html)"
66.249.70.6 - - [11/May/2025:16:51:13 +0200] "GET /skin/master.css HTTP/1.1" 200 6842 "http://nagybistvan.hu/" "Mozilla/5.0 (Linux; Android 6.0.1; Nexus 5X Build/MMB29P) AppleWebKit/537.36 (KHTML, like Gecko) Chrome/135.0.7049.114 Mobile Safari/537.36 (compatible; Googlebot/2.1; +http://www.google.com/bot.html)"
78.47.173.76 - - [11/May/2025:16:54:50 +0200] "HEAD / HTTP/1.1" 200 0 "http://nagybistvan.hu" "Mozilla/5.0+(compatible; UptimeRobot/2.0; http://www.uptimerobot.com/)"
216.244.66.227 - - [11/May/2025:16:59:32 +0200] "GET /index.php?c=zsambek&cp=3 HTTP/1.1" 200 17077 "-" "Mozilla/5.0 (compatible; DotBot/1.2; +https://opensiteexplorer.org/dotbot; help@moz.com)"
49.13.167.123 - - [11/May/2025:16:59:55 +0200] "HEAD / HTTP/1.1" 200 0 "http://nagybistvan.hu" "Mozilla/5.0+(compatible; UptimeRobot/2.0; http://www.uptimerobot.com/)"
5.255.231.101 - - [11/May/2025:17:02:04 +0200] "GET /robots.txt HTTP/1.1" 404 1181 "-" "Mozilla/5.0 (compatible; YandexBot/3.0; +http://yandex.com/bots)"
213.180.203.227 - - [11/May/2025:17:02:05 +0200] "GET /zsambek/Zsambek%20LXVIII.html HTTP/1.1" 200 688 "-" "Mozilla/5.0 (compatible; YandexBot/3.0; +http://yandex.com/bots)"
157.90.156.63 - - [11/May/2025:17:04:59 +0200] "HEAD / HTTP/1.1" 200 0 "http://nagybistvan.hu" "Mozilla/5.0+(compatible; UptimeRobot/2.0; http://www.uptimerobot.com/)"
167.235.143.113 - - [11/May/2025:17:10:04 +0200] "HEAD / HTTP/1.1" 200 0 "http://nagybistvan.hu" "Mozilla/5.0+(compatible; UptimeRobot/2.0; http://www.uptimerobot.com/)"
88.99.80.227 - - [11/May/2025:17:15:08 +0200] "HEAD / HTTP/1.1" 200 0 "http://nagybistvan.hu" "Mozilla/5.0+(compatible; UptimeRobot/2.0; http://www.uptimerobot.com/)"
142.132.180.39 - - [11/May/2025:17:20:12 +0200] "HEAD / HTTP/1.1" 200 0 "http://nagybistvan.hu" "Mozilla/5.0+(compatible; UptimeRobot/2.0; http://www.uptimerobot.com/)"
142.132.180.39 - - [11/May/2025:17:25:18 +0200] "HEAD / HTTP/1.1" 200 0 "http://nagybistvan.hu" "Mozilla/5.0+(compatible; UptimeRobot/2.0; http://www.uptimerobot.com/)"
142.132.180.39 - - [11/May/2025:17:30:23 +0200] "HEAD / HTTP/1.1" 200 0 "http://nagybistvan.hu" "Mozilla/5.0+(compatible; UptimeRobot/2.0; http://www.uptimerobot.com/)"
157.90.156.63 - - [11/May/2025:17:35:28 +0200] "HEAD / HTTP/1.1" 200 0 "http://nagybistvan.hu" "Mozilla/5.0+(compatible; UptimeRobot/2.0; http://www.uptimerobot.com/)"
88.99.80.227 - - [11/May/2025:17:40:34 +0200] "HEAD / HTTP/1.1" 200 0 "http://nagybistvan.hu" "Mozilla/5.0+(compatible; UptimeRobot/2.0; http://www.uptimerobot.com/)"
167.235.143.113 - - [11/May/2025:17:45:39 +0200] "HEAD / HTTP/1.1" 200 0 "http://nagybistvan.hu" "Mozilla/5.0+(compatible; UptimeRobot/2.0; http://www.uptimerobot.com/)"
168.119.53.160 - - [11/May/2025:17:50:44 +0200] "HEAD / HTTP/1.1" 200 0 "http://nagybistvan.hu" "Mozilla/5.0+(compatible; UptimeRobot/2.0; http://www.uptimerobot.com/)"
168.119.53.160 - - [11/May/2025:17:55:49 +0200] "HEAD / HTTP/1.1" 200 0 "http://nagybistvan.hu" "Mozilla/5.0+(compatible; UptimeRobot/2.0; http://www.uptimerobot.com/)"
128.140.41.193 - - [11/May/2025:18:00:54 +0200] "HEAD / HTTP/1.1" 200 0 "http://nagybistvan.hu" "Mozilla/5.0+(compatible; UptimeRobot/2.0; http://www.uptimerobot.com/)"
49.13.164.148 - - [11/May/2025:18:05:59 +0200] "HEAD / HTTP/1.1" 200 0 "http://nagybistvan.hu" "Mozilla/5.0+(compatible; UptimeRobot/2.0; http://www.uptimerobot.com/)"
128.140.106.114 - - [11/May/2025:18:11:04 +0200] "HEAD / HTTP/1.1" 200 0 "http://nagybistvan.hu" "Mozilla/5.0+(compatible; UptimeRobot/2.0; http://www.uptimerobot.com/)"
88.99.80.227 - - [11/May/2025:18:16:09 +0200] "HEAD / HTTP/1.1" 200 0 "http://nagybistvan.hu" "Mozilla/5.0+(compatible; UptimeRobot/2.0; http://www.uptimerobot.com/)"
88.99.80.227 - - [11/May/2025:18:21:14 +0200] "HEAD / HTTP/1.1" 200 0 "http://nagybistvan.hu" "Mozilla/5.0+(compatible; UptimeRobot/2.0; http://www.uptimerobot.com/)"
78.47.173.76 - - [11/May/2025:18:26:20 +0200] "HEAD / HTTP/1.1" 200 0 "http://nagybistvan.hu" "Mozilla/5.0+(compatible; UptimeRobot/2.0; http://www.uptimerobot.com/)"
17.241.75.155 - - [11/May/2025:18:27:02 +0200] "GET / HTTP/1.1" 200 6764 "-" "Mozilla/5.0 (Macintosh; Intel Mac OS X 10_15_7) AppleWebKit/605.1.15 (KHTML, like Gecko) Version/17.4 Safari/605.1.15 (Applebot/0.1; +http://www.apple.com/go/applebot)"
17.241.227.113 - - [11/May/2025:18:29:05 +0200] "GET /lib/jq.fancybox-1.3.4/jquery.fancybox-1.3.4.css HTTP/1.1" 200 8498 "http://www.nagybistvan.hu/" "Mozilla/5.0 (Macintosh; Intel Mac OS X 10_15_7) AppleWebKit/605.1.15 (KHTML, like Gecko) Version/17.4 Safari/605.1.15 (Applebot/0.1; +http://www.apple.com/go/applebot)"
17.241.75.230 - - [11/May/2025:18:29:05 +0200] "GET /lib/jquery-1.3.2/jquery-1.3.2.min.js HTTP/1.1" 200 57254 "http://www.nagybistvan.hu/" "Mozilla/5.0 (Macintosh; Intel Mac OS X 10_15_7) AppleWebKit/605.1.15 (KHTML, like Gecko) Version/17.4 Safari/605.1.15 (Applebot/0.1; +http://www.apple.com/go/applebot)"
17.241.227.115 - - [11/May/2025:18:29:06 +0200] "GET /lib/jq.fancybox-1.3.4/jquery.mousewheel-3.0.4.pack.js HTTP/1.1" 200 1279 "http://www.nagybistvan.hu/" "Mozilla/5.0 (Macintosh; Intel Mac OS X 10_15_7) AppleWebKit/605.1.15 (KHTML, like Gecko) Version/17.4 Safari/605.1.15 (Applebot/0.1; +http://www.apple.com/go/applebot)"
17.241.227.238 - - [11/May/2025:18:29:06 +0200] "GET /lib/jq.fancybox-1.3.4/jquery.fancybox-1.3.4.pack.js HTTP/1.1" 200 15624 "http://www.nagybistvan.hu/" "Mozilla/5.0 (Macintosh; Intel Mac OS X 10_15_7) AppleWebKit/605.1.15 (KHTML, like Gecko) Version/17.4 Safari/605.1.15 (Applebot/0.1; +http://www.apple.com/go/applebot)"
17.241.75.212 - - [11/May/2025:18:29:07 +0200] "GET /lib/thickbox-3.1.custom/thickbox.js HTTP/1.1" 200 13058 "http://www.nagybistvan.hu/" "Mozilla/5.0 (Macintosh; Intel Mac OS X 10_15_7) AppleWebKit/605.1.15 (KHTML, like Gecko) Version/17.4 Safari/605.1.15 (Applebot/0.1; +http://www.apple.com/go/applebot)"
17.241.219.147 - - [11/May/2025:18:29:07 +0200] "GET /lib/jq.fancybox-1.3.4/jquery.easing-1.3.pack.js HTTP/1.1" 200 6717 "http://www.nagybistvan.hu/" "Mozilla/5.0 (Macintosh; Intel Mac OS X 10_15_7) AppleWebKit/605.1.15 (KHTML, like Gecko) Version/17.4 Safari/605.1.15 (Applebot/0.1; +http://www.apple.com/go/applebot)"
17.241.227.113 - - [11/May/2025:18:29:08 +0200] "GET /lib/thickbox-3.1.custom/thickbox.css HTTP/1.1" 200 4175 "http://www.nagybistvan.hu/" "Mozilla/5.0 (Macintosh; Intel Mac OS X 10_15_7) AppleWebKit/605.1.15 (KHTML, like Gecko) Version/17.4 Safari/605.1.15 (Applebot/0.1; +http://www.apple.com/go/applebot)"
17.241.75.230 - - [11/May/2025:18:29:08 +0200] "GET /skin/master.css HTTP/1.1" 200 6842 "http://www.nagybistvan.hu/" "Mozilla/5.0 (Macintosh; Intel Mac OS X 10_15_7) AppleWebKit/605.1.15 (KHTML, like Gecko) Version/17.4 Safari/605.1.15 (Applebot/0.1; +http://www.apple.com/go/applebot)"
17.241.219.165 - - [11/May/2025:18:29:09 +0200] "GET /lib/jq.contextmenu/jquery.contextmenu.js HTTP/1.1" 200 10507 "http://www.nagybistvan.hu/" "Mozilla/5.0 (Macintosh; Intel Mac OS X 10_15_7) AppleWebKit/605.1.15 (KHTML, like Gecko) Version/17.4 Safari/605.1.15 (Applebot/0.1; +http://www.apple.com/go/applebot)"
78.47.173.76 - - [11/May/2025:18:31:24 +0200] "HEAD / HTTP/1.1" 200 0 "http://nagybistvan.hu" "Mozilla/5.0+(compatible; UptimeRobot/2.0; http://www.uptimerobot.com/)"
142.132.180.39 - - [11/May/2025:18:36:29 +0200] "HEAD / HTTP/1.1" 200 0 "http://nagybistvan.hu" "Mozilla/5.0+(compatible; UptimeRobot/2.0; http://www.uptimerobot.com/)"
128.140.106.114 - - [11/May/2025:18:41:34 +0200] "HEAD / HTTP/1.1" 200 0 "http://nagybistvan.hu" "Mozilla/5.0+(compatible; UptimeRobot/2.0; http://www.uptimerobot.com/)"
168.119.53.160 - - [11/May/2025:18:46:38 +0200] "HEAD / HTTP/1.1" 200 0 "http://nagybistvan.hu" "Mozilla/5.0+(compatible; UptimeRobot/2.0; http://www.uptimerobot.com/)"
66.249.70.5 - - [11/May/2025:18:49:08 +0200] "GET /zsambek/Zsambek%20LXIII.html HTTP/1.1" 200 683 "-" "Mozilla/5.0 (Linux; Android 6.0.1; Nexus 5X Build/MMB29P) AppleWebKit/537.36 (KHTML, like Gecko) Chrome/136.0.7103.59 Mobile Safari/537.36 (compatible; Googlebot/2.1; +http://www.google.com/bot.html)"
159.69.158.189 - - [11/May/2025:18:51:42 +0200] "HEAD / HTTP/1.1" 200 0 "http://nagybistvan.hu" "Mozilla/5.0+(compatible; UptimeRobot/2.0; http://www.uptimerobot.com/)"
157.90.156.63 - - [11/May/2025:18:56:46 +0200] "HEAD / HTTP/1.1" 200 0 "http://nagybistvan.hu" "Mozilla/5.0+(compatible; UptimeRobot/2.0; http://www.uptimerobot.com/)"
128.140.106.114 - - [11/May/2025:19:01:51 +0200] "HEAD / HTTP/1.1" 200 0 "http://nagybistvan.hu" "Mozilla/5.0+(compatible; UptimeRobot/2.0; http://www.uptimerobot.com/)"
78.46.190.63 - - [11/May/2025:19:06:57 +0200] "HEAD / HTTP/1.1" 200 0 "http://nagybistvan.hu" "Mozilla/5.0+(compatible; UptimeRobot/2.0; http://www.uptimerobot.com/)"
157.90.155.240 - - [11/May/2025:19:12:02 +0200] "HEAD / HTTP/1.1" 200 0 "http://nagybistvan.hu" "Mozilla/5.0+(compatible; UptimeRobot/2.0; http://www.uptimerobot.com/)"
49.13.130.29 - - [11/May/2025:19:17:06 +0200] "HEAD / HTTP/1.1" 200 0 "http://nagybistvan.hu" "Mozilla/5.0+(compatible; UptimeRobot/2.0; http://www.uptimerobot.com/)"
49.13.24.81 - - [11/May/2025:19:22:12 +0200] "HEAD / HTTP/1.1" 200 0 "http://nagybistvan.hu" "Mozilla/5.0+(compatible; UptimeRobot/2.0; http://www.uptimerobot.com/)"
88.99.80.227 - - [11/May/2025:19:27:17 +0200] "HEAD / HTTP/1.1" 200 0 "http://nagybistvan.hu" "Mozilla/5.0+(compatible; UptimeRobot/2.0; http://www.uptimerobot.com/)"
78.46.190.63 - - [11/May/2025:19:32:22 +0200] "HEAD / HTTP/1.1" 200 0 "http://nagybistvan.hu" "Mozilla/5.0+(compatible; UptimeRobot/2.0; http://www.uptimerobot.com/)"
78.46.190.63 - - [11/May/2025:19:37:29 +0200] "HEAD / HTTP/1.1" 200 0 "http://nagybistvan.hu" "Mozilla/5.0+(compatible; UptimeRobot/2.0; http://www.uptimerobot.com/)"
167.253.34.3 - - [11/May/2025:19:40:14 +0200] "GET /robots.txt HTTP/1.0" 404 1181 "-" "Mozilla/4.0 (compatible; fluid/0.0; +http://www.leak.info/bot.html)"
142.132.180.39 - - [11/May/2025:19:42:34 +0200] "HEAD / HTTP/1.1" 200 0 "http://nagybistvan.hu" "Mozilla/5.0+(compatible; UptimeRobot/2.0; http://www.uptimerobot.com/)"
128.140.41.193 - - [11/May/2025:19:47:38 +0200] "HEAD / HTTP/1.1" 200 0 "http://nagybistvan.hu" "Mozilla/5.0+(compatible; UptimeRobot/2.0; http://www.uptimerobot.com/)"
49.13.164.148 - - [11/May/2025:19:52:43 +0200] "HEAD / HTTP/1.1" 200 0 "http://nagybistvan.hu" "Mozilla/5.0+(compatible; UptimeRobot/2.0; http://www.uptimerobot.com/)"
159.69.158.189 - - [11/May/2025:19:57:48 +0200] "HEAD / HTTP/1.1" 200 0 "http://nagybistvan.hu" "Mozilla/5.0+(compatible; UptimeRobot/2.0; http://www.uptimerobot.com/)"
142.132.180.39 - - [11/May/2025:20:02:53 +0200] "HEAD / HTTP/1.1" 200 0 "http://nagybistvan.hu" "Mozilla/5.0+(compatible; UptimeRobot/2.0; http://www.uptimerobot.com/)"
159.69.158.189 - - [11/May/2025:20:07:58 +0200] "HEAD / HTTP/1.1" 200 0 "http://nagybistvan.hu" "Mozilla/5.0+(compatible; UptimeRobot/2.0; http://www.uptimerobot.com/)"
78.46.215.1 - - [11/May/2025:20:13:03 +0200] "HEAD / HTTP/1.1" 200 0 "http://nagybistvan.hu" "Mozilla/5.0+(compatible; UptimeRobot/2.0; http://www.uptimerobot.com/)"
142.132.180.39 - - [11/May/2025:20:18:09 +0200] "HEAD / HTTP/1.1" 200 0 "http://nagybistvan.hu" "Mozilla/5.0+(compatible; UptimeRobot/2.0; http://www.uptimerobot.com/)"
78.47.98.55 - - [11/May/2025:20:23:14 +0200] "HEAD / HTTP/1.1" 200 0 "http://nagybistvan.hu" "Mozilla/5.0+(compatible; UptimeRobot/2.0; http://www.uptimerobot.com/)"
49.13.164.148 - - [11/May/2025:20:28:19 +0200] "HEAD / HTTP/1.1" 200 0 "http://nagybistvan.hu" "Mozilla/5.0+(compatible; UptimeRobot/2.0; http://www.uptimerobot.com/)"
168.119.96.239 - - [11/May/2025:20:33:24 +0200] "HEAD / HTTP/1.1" 200 0 "http://nagybistvan.hu" "Mozilla/5.0+(compatible; UptimeRobot/2.0; http://www.uptimerobot.com/)"
49.13.24.81 - - [11/May/2025:20:38:29 +0200] "HEAD / HTTP/1.1" 200 0 "http://nagybistvan.hu" "Mozilla/5.0+(compatible; UptimeRobot/2.0; http://www.uptimerobot.com/)"
142.132.180.39 - - [11/May/2025:20:43:34 +0200] "HEAD / HTTP/1.1" 200 0 "http://nagybistvan.hu" "Mozilla/5.0+(compatible; UptimeRobot/2.0; http://www.uptimerobot.com/)"
168.119.53.160 - - [11/May/2025:20:48:39 +0200] "HEAD / HTTP/1.1" 200 0 "http://nagybistvan.hu" "Mozilla/5.0+(compatible; UptimeRobot/2.0; http://www.uptimerobot.com/)"
49.13.164.148 - - [11/May/2025:20:53:44 +0200] "HEAD / HTTP/1.1" 200 0 "http://nagybistvan.hu" "Mozilla/5.0+(compatible; UptimeRobot/2.0; http://www.uptimerobot.com/)"
168.119.53.160 - - [11/May/2025:20:58:49 +0200] "HEAD / HTTP/1.1" 200 0 "http://nagybistvan.hu" "Mozilla/5.0+(compatible; UptimeRobot/2.0; http://www.uptimerobot.com/)"
78.47.98.55 - - [11/May/2025:21:03:53 +0200] "HEAD / HTTP/1.1" 200 0 "http://nagybistvan.hu" "Mozilla/5.0+(compatible; UptimeRobot/2.0; http://www.uptimerobot.com/)"
167.235.143.113 - - [11/May/2025:21:08:57 +0200] "HEAD / HTTP/1.1" 200 0 "http://nagybistvan.hu" "Mozilla/5.0+(compatible; UptimeRobot/2.0; http://www.uptimerobot.com/)"
157.90.156.63 - - [11/May/2025:21:14:02 +0200] "HEAD / HTTP/1.1" 200 0 "http://nagybistvan.hu" "Mozilla/5.0+(compatible; UptimeRobot/2.0; http://www.uptimerobot.com/)"
142.132.180.39 - - [11/May/2025:21:19:06 +0200] "HEAD / HTTP/1.1" 200 0 "http://nagybistvan.hu" "Mozilla/5.0+(compatible; UptimeRobot/2.0; http://www.uptimerobot.com/)"
49.13.130.29 - - [11/May/2025:21:24:11 +0200] "HEAD / HTTP/1.1" 200 0 "http://nagybistvan.hu" "Mozilla/5.0+(compatible; UptimeRobot/2.0; http://www.uptimerobot.com/)"
88.99.80.227 - - [11/May/2025:21:29:15 +0200] "HEAD / HTTP/1.1" 200 0 "http://nagybistvan.hu" "Mozilla/5.0+(compatible; UptimeRobot/2.0; http://www.uptimerobot.com/)"
168.119.96.239 - - [11/May/2025:21:34:21 +0200] "HEAD / HTTP/1.1" 200 0 "http://nagybistvan.hu" "Mozilla/5.0+(compatible; UptimeRobot/2.0; http://www.uptimerobot.com/)"
159.69.158.189 - - [11/May/2025:21:39:26 +0200] "HEAD / HTTP/1.1" 200 0 "http://nagybistvan.hu" "Mozilla/5.0+(compatible; UptimeRobot/2.0; http://www.uptimerobot.com/)"
78.46.215.1 - - [11/May/2025:21:44:29 +0200] "HEAD / HTTP/1.1" 200 0 "http://nagybistvan.hu" "Mozilla/5.0+(compatible; UptimeRobot/2.0; http://www.uptimerobot.com/)"
88.99.80.227 - - [11/May/2025:21:49:34 +0200] "HEAD / HTTP/1.1" 200 0 "http://nagybistvan.hu" "Mozilla/5.0+(compatible; UptimeRobot/2.0; http://www.uptimerobot.com/)"
52.167.144.195 - - [11/May/2025:21:51:01 +0200] "GET /media/image/21.110.103tel.jpg HTTP/1.1" 200 239575 "-" "Mozilla/5.0 (Windows NT 6.1; WOW64) AppleWebKit/534+ (KHTML, like Gecko) BingPreview/1.0b"
142.132.180.39 - - [11/May/2025:21:54:39 +0200] "HEAD / HTTP/1.1" 200 0 "http://nagybistvan.hu" "Mozilla/5.0+(compatible; UptimeRobot/2.0; http://www.uptimerobot.com/)"
78.46.215.1 - - [11/May/2025:21:59:44 +0200] "HEAD / HTTP/1.1" 200 0 "http://nagybistvan.hu" "Mozilla/5.0+(compatible; UptimeRobot/2.0; http://www.uptimerobot.com/)"
49.13.24.81 - - [11/May/2025:22:04:49 +0200] "HEAD / HTTP/1.1" 200 0 "http://nagybistvan.hu" "Mozilla/5.0+(compatible; UptimeRobot/2.0; http://www.uptimerobot.com/)"
54.152.56.89 - - [11/May/2025:22:07:17 +0200] "HEAD / HTTP/1.1" 200 0 "-" "Python/3.12 aiohttp/3.11.18"
168.119.96.239 - - [11/May/2025:22:09:54 +0200] "HEAD / HTTP/1.1" 200 0 "http://nagybistvan.hu" "Mozilla/5.0+(compatible; UptimeRobot/2.0; http://www.uptimerobot.com/)"
78.46.190.63 - - [11/May/2025:22:14:59 +0200] "HEAD / HTTP/1.1" 200 0 "http://nagybistvan.hu" "Mozilla/5.0+(compatible; UptimeRobot/2.0; http://www.uptimerobot.com/)"
88.99.80.227 - - [11/May/2025:22:20:03 +0200] "HEAD / HTTP/1.1" 200 0 "http://nagybistvan.hu" "Mozilla/5.0+(compatible; UptimeRobot/2.0; http://www.uptimerobot.com/)"
157.90.156.63 - - [11/May/2025:22:25:08 +0200] "HEAD / HTTP/1.1" 200 0 "http://nagybistvan.hu" "Mozilla/5.0+(compatible; UptimeRobot/2.0; http://www.uptimerobot.com/)"
78.46.215.1 - - [11/May/2025:22:30:12 +0200] "HEAD / HTTP/1.1" 200 0 "http://nagybistvan.hu" "Mozilla/5.0+(compatible; UptimeRobot/2.0; http://www.uptimerobot.com/)"
128.140.106.114 - - [11/May/2025:22:35:17 +0200] "HEAD / HTTP/1.1" 200 0 "http://nagybistvan.hu" "Mozilla/5.0+(compatible; UptimeRobot/2.0; http://www.uptimerobot.com/)"
66.249.70.5 - - [11/May/2025:22:37:08 +0200] "GET /mozaik/Mozaik_r8_t.jpg HTTP/1.1" 304 - "-" "Googlebot-Image/1.0"
128.140.106.114 - - [11/May/2025:22:40:22 +0200] "HEAD / HTTP/1.1" 200 0 "http://nagybistvan.hu" "Mozilla/5.0+(compatible; UptimeRobot/2.0; http://www.uptimerobot.com/)"
49.13.164.148 - - [11/May/2025:22:45:26 +0200] "HEAD / HTTP/1.1" 200 0 "http://nagybistvan.hu" "Mozilla/5.0+(compatible; UptimeRobot/2.0; http://www.uptimerobot.com/)"
49.13.130.29 - - [11/May/2025:22:50:31 +0200] "HEAD / HTTP/1.1" 200 0 "http://nagybistvan.hu" "Mozilla/5.0+(compatible; UptimeRobot/2.0; http://www.uptimerobot.com/)"
13.38.74.92 - - [11/May/2025:22:52:33 +0200] "HEAD /wordpress HTTP/1.1" 404 0 "-" "Mozilla/5.0 (Windows NT 10.0; Win64; x64) AppleWebKit/537.36 (KHTML, like Gecko) Chrome/74.0.3729.169 Safari/537.36"
13.38.74.92 - - [11/May/2025:22:52:33 +0200] "HEAD / HTTP/1.1" 200 0 "-" "Mozilla/5.0 (Windows NT 10.0; Win64; x64) AppleWebKit/537.36 (KHTML, like Gecko) Chrome/74.0.3729.169 Safari/537.36"
13.38.74.92 - - [11/May/2025:22:52:34 +0200] "HEAD /wp HTTP/1.1" 404 0 "-" "Mozilla/5.0 (Windows NT 10.0; Win64; x64) AppleWebKit/537.36 (KHTML, like Gecko) Chrome/74.0.3729.169 Safari/537.36"
13.38.74.92 - - [11/May/2025:22:52:38 +0200] "HEAD /bc HTTP/1.1" 404 0 "-" "Mozilla/5.0 (Windows NT 10.0; Win64; x64) AppleWebKit/537.36 (KHTML, like Gecko) Chrome/74.0.3729.169 Safari/537.36"
13.38.74.92 - - [11/May/2025:22:52:38 +0200] "HEAD /bk HTTP/1.1" 404 0 "-" "Mozilla/5.0 (Windows NT 10.0; Win64; x64) AppleWebKit/537.36 (KHTML, like Gecko) Chrome/74.0.3729.169 Safari/537.36"
13.38.74.92 - - [11/May/2025:22:52:52 +0200] "HEAD /backup HTTP/1.1" 404 0 "-" "Mozilla/5.0 (Windows NT 10.0; Win64; x64) AppleWebKit/537.36 (KHTML, like Gecko) Chrome/74.0.3729.169 Safari/537.36"
13.38.74.92 - - [11/May/2025:22:52:53 +0200] "HEAD /old HTTP/1.1" 404 0 "-" "Mozilla/5.0 (Windows NT 10.0; Win64; x64) AppleWebKit/537.36 (KHTML, like Gecko) Chrome/74.0.3729.169 Safari/537.36"
13.38.74.92 - - [11/May/2025:22:52:53 +0200] "HEAD /new HTTP/1.1" 404 0 "-" "Mozilla/5.0 (Windows NT 10.0; Win64; x64) AppleWebKit/537.36 (KHTML, like Gecko) Chrome/74.0.3729.169 Safari/537.36"
13.38.74.92 - - [11/May/2025:22:52:53 +0200] "HEAD /main HTTP/1.1" 404 0 "-" "Mozilla/5.0 (Windows NT 10.0; Win64; x64) AppleWebKit/537.36 (KHTML, like Gecko) Chrome/74.0.3729.169 Safari/537.36"
13.38.74.92 - - [11/May/2025:22:52:53 +0200] "HEAD /home HTTP/1.1" 404 0 "-" "Mozilla/5.0 (Windows NT 10.0; Win64; x64) AppleWebKit/537.36 (KHTML, like Gecko) Chrome/74.0.3729.169 Safari/537.36"
157.90.155.240 - - [11/May/2025:22:55:35 +0200] "HEAD / HTTP/1.1" 200 0 "http://nagybistvan.hu" "Mozilla/5.0+(compatible; UptimeRobot/2.0; http://www.uptimerobot.com/)"
49.13.164.148 - - [11/May/2025:23:00:40 +0200] "HEAD / HTTP/1.1" 200 0 "http://nagybistvan.hu" "Mozilla/5.0+(compatible; UptimeRobot/2.0; http://www.uptimerobot.com/)"
128.140.41.193 - - [11/May/2025:23:05:44 +0200] "HEAD / HTTP/1.1" 200 0 "http://nagybistvan.hu" "Mozilla/5.0+(compatible; UptimeRobot/2.0; http://www.uptimerobot.com/)"
167.235.143.113 - - [11/May/2025:23:10:49 +0200] "HEAD / HTTP/1.1" 200 0 "http://nagybistvan.hu" "Mozilla/5.0+(compatible; UptimeRobot/2.0; http://www.uptimerobot.com/)"
49.13.164.148 - - [11/May/2025:23:15:54 +0200] "HEAD / HTTP/1.1" 200 0 "http://nagybistvan.hu" "Mozilla/5.0+(compatible; UptimeRobot/2.0; http://www.uptimerobot.com/)"
66.249.70.7 - - [11/May/2025:23:18:55 +0200] "GET /zsambek/Zsambek%20LXIII.jpg HTTP/1.1" 304 - "-" "Googlebot-Image/1.0"
49.13.24.81 - - [11/May/2025:23:20:58 +0200] "HEAD / HTTP/1.1" 200 0 "http://nagybistvan.hu" "Mozilla/5.0+(compatible; UptimeRobot/2.0; http://www.uptimerobot.com/)"
88.99.80.227 - - [11/May/2025:23:26:03 +0200] "HEAD / HTTP/1.1" 200 0 "http://nagybistvan.hu" "Mozilla/5.0+(compatible; UptimeRobot/2.0; http://www.uptimerobot.com/)"
49.13.130.29 - - [11/May/2025:23:31:07 +0200] "HEAD / HTTP/1.1" 200 0 "http://nagybistvan.hu" "Mozilla/5.0+(compatible; UptimeRobot/2.0; http://www.uptimerobot.com/)"
128.140.106.114 - - [11/May/2025:23:36:12 +0200] "HEAD / HTTP/1.1" 200 0 "http://nagybistvan.hu" "Mozilla/5.0+(compatible; UptimeRobot/2.0; http://www.uptimerobot.com/)"
157.90.156.63 - - [11/May/2025:23:41:16 +0200] "HEAD / HTTP/1.1" 200 0 "http://nagybistvan.hu" "Mozilla/5.0+(compatible; UptimeRobot/2.0; http://www.uptimerobot.com/)"
168.119.53.160 - - [11/May/2025:23:46:20 +0200] "HEAD / HTTP/1.1" 200 0 "http://nagybistvan.hu" "Mozilla/5.0+(compatible; UptimeRobot/2.0; http://www.uptimerobot.com/)"
78.46.215.1 - - [11/May/2025:23:51:24 +0200] "HEAD / HTTP/1.1" 200 0 "http://nagybistvan.hu" "Mozilla/5.0+(compatible; UptimeRobot/2.0; http://www.uptimerobot.com/)"
167.235.143.113 - - [11/May/2025:23:56:29 +0200] "HEAD / HTTP/1.1" 200 0 "http://nagybistvan.hu" "Mozilla/5.0+(compatible; UptimeRobot/2.0; http://www.uptimerobot.com/)"
159.69.158.189 - - [12/May/2025:00:01:34 +0200] "HEAD / HTTP/1.1" 200 0 "http://nagybistvan.hu" "Mozilla/5.0+(compatible; UptimeRobot/2.0; http://www.uptimerobot.com/)"
167.235.143.113 - - [12/May/2025:00:06:37 +0200] "HEAD / HTTP/1.1" 200 0 "http://nagybistvan.hu" "Mozilla/5.0+(compatible; UptimeRobot/2.0; http://www.uptimerobot.com/)"
47.82.61.181 - - [12/May/2025:00:09:26 +0200] "GET /tanitvanyiemlszonyi.html HTTP/1.1" 200 12916 "http://nagybistvan.hu/tanitvanyiemlszonyi.html" "Mozilla/5.0 (Windows NT 10.0; Win64; x64) AppleWebKit/537.36 (KHTML, like Gecko) Chrome/114.0.0.0 Safari/537.36 Edg/114.0.1823.43"
49.13.130.29 - - [12/May/2025:00:11:43 +0200] "HEAD / HTTP/1.1" 200 0 "http://nagybistvan.hu" "Mozilla/5.0+(compatible; UptimeRobot/2.0; http://www.uptimerobot.com/)"
49.13.24.81 - - [12/May/2025:00:16:47 +0200] "HEAD / HTTP/1.1" 200 0 "http://nagybistvan.hu" "Mozilla/5.0+(compatible; UptimeRobot/2.0; http://www.uptimerobot.com/)"
47.82.61.36 - - [12/May/2025:00:20:05 +0200] "GET /index.php?c=kepek HTTP/1.1" 200 10177 "http://www.nagybistvan.hu/index.php?c=kepek" "Mozilla/5.0 (Windows NT 10.0; Win64; x64) AppleWebKit/537.36 (KHTML, like Gecko) Chrome/114.0.0.0 Safari/537.36 Edg/114.0.1823.43"
128.140.106.114 - - [12/May/2025:00:21:51 +0200] "HEAD / HTTP/1.1" 200 0 "http://nagybistvan.hu" "Mozilla/5.0+(compatible; UptimeRobot/2.0; http://www.uptimerobot.com/)"
78.46.215.1 - - [12/May/2025:00:26:56 +0200] "HEAD / HTTP/1.1" 200 0 "http://nagybistvan.hu" "Mozilla/5.0+(compatible; UptimeRobot/2.0; http://www.uptimerobot.com/)"
128.140.41.193 - - [12/May/2025:00:32:01 +0200] "HEAD / HTTP/1.1" 200 0 "http://nagybistvan.hu" "Mozilla/5.0+(compatible; UptimeRobot/2.0; http://www.uptimerobot.com/)"
49.13.130.29 - - [12/May/2025:00:37:08 +0200] "HEAD / HTTP/1.1" 200 0 "http://nagybistvan.hu" "Mozilla/5.0+(compatible; UptimeRobot/2.0; http://www.uptimerobot.com/)"
78.47.98.55 - - [12/May/2025:00:42:12 +0200] "HEAD / HTTP/1.1" 200 0 "http://nagybistvan.hu" "Mozilla/5.0+(compatible; UptimeRobot/2.0; http://www.uptimerobot.com/)"
157.90.155.240 - - [12/May/2025:00:47:16 +0200] "HEAD / HTTP/1.1" 200 0 "http://nagybistvan.hu" "Mozilla/5.0+(compatible; UptimeRobot/2.0; http://www.uptimerobot.com/)"
142.132.180.39 - - [12/May/2025:00:52:21 +0200] "HEAD / HTTP/1.1" 200 0 "http://nagybistvan.hu" "Mozilla/5.0+(compatible; UptimeRobot/2.0; http://www.uptimerobot.com/)"
49.13.24.81 - - [12/May/2025:00:57:26 +0200] "HEAD / HTTP/1.1" 200 0 "http://nagybistvan.hu" "Mozilla/5.0+(compatible; UptimeRobot/2.0; http://www.uptimerobot.com/)"
49.13.134.145 - - [12/May/2025:01:02:32 +0200] "HEAD / HTTP/1.1" 200 0 "http://nagybistvan.hu" "Mozilla/5.0+(compatible; UptimeRobot/2.0; http://www.uptimerobot.com/)"
88.99.80.227 - - [12/May/2025:01:07:39 +0200] "HEAD / HTTP/1.1" 200 0 "http://nagybistvan.hu" "Mozilla/5.0+(compatible; UptimeRobot/2.0; http://www.uptimerobot.com/)"
157.90.155.240 - - [12/May/2025:01:12:44 +0200] "HEAD / HTTP/1.1" 200 0 "http://nagybistvan.hu" "Mozilla/5.0+(compatible; UptimeRobot/2.0; http://www.uptimerobot.com/)"
54.93.198.24 - - [12/May/2025:01:14:14 +0200] "GET /robots.txt HTTP/1.1" 404 1181 "-" "CheckMarkNetwork/1.0 (+http://www.checkmarknetwork.com/spider.html)"
54.93.198.24 - - [12/May/2025:01:14:14 +0200] "HEAD / HTTP/1.1" 200 0 "-" "CheckMarkNetwork/1.0 (+http://www.checkmarknetwork.com/spider.html)"
54.93.198.24 - - [12/May/2025:01:14:14 +0200] "GET / HTTP/1.1" 200 6674 "-" "CheckMarkNetwork/1.0 (+http://www.checkmarknetwork.com/spider.html)"
54.93.198.24 - - [12/May/2025:01:14:14 +0200] "GET /lib/jquery-1.3.2/jquery-1.3.2.min.js HTTP/1.1" 200 57254 "http://nagybistvan.hu/" "CheckMarkNetwork/1.0 (+http://www.checkmarknetwork.com/spider.html)"
54.93.198.24 - - [12/May/2025:01:14:14 +0200] "GET /lib/jq.fancybox-1.3.4/jquery.fancybox-1.3.4.pack.js HTTP/1.1" 200 15624 "http://nagybistvan.hu/" "CheckMarkNetwork/1.0 (+http://www.checkmarknetwork.com/spider.html)"
54.93.198.24 - - [12/May/2025:01:14:15 +0200] "GET /lib/jq.fancybox-1.3.4/jquery.easing-1.3.pack.js HTTP/1.1" 200 6717 "http://nagybistvan.hu/" "CheckMarkNetwork/1.0 (+http://www.checkmarknetwork.com/spider.html)"
54.93.198.24 - - [12/May/2025:01:14:15 +0200] "GET /lib/jq.fancybox-1.3.4/jquery.mousewheel-3.0.4.pack.js HTTP/1.1" 200 1279 "http://nagybistvan.hu/" "CheckMarkNetwork/1.0 (+http://www.checkmarknetwork.com/spider.html)"
54.93.198.24 - - [12/May/2025:01:14:15 +0200] "GET /lib/thickbox-3.1.custom/thickbox.js HTTP/1.1" 200 13058 "http://nagybistvan.hu/" "CheckMarkNetwork/1.0 (+http://www.checkmarknetwork.com/spider.html)"
54.93.198.24 - - [12/May/2025:01:14:15 +0200] "GET /lib/jq.contextmenu/jquery.contextmenu.js HTTP/1.1" 200 10507 "http://nagybistvan.hu/" "CheckMarkNetwork/1.0 (+http://www.checkmarknetwork.com/spider.html)"
54.93.198.24 - - [12/May/2025:01:14:15 +0200] "GET /lib/thickbox-3.1.custom/thickbox.css HTTP/1.1" 200 4175 "-" "CheckMarkNetwork/1.0 (+http://www.checkmarknetwork.com/spider.html)"
54.93.198.24 - - [12/May/2025:01:14:15 +0200] "GET /lib/jq.fancybox-1.3.4/jquery.fancybox-1.3.4.css HTTP/1.1" 200 8498 "-" "CheckMarkNetwork/1.0 (+http://www.checkmarknetwork.com/spider.html)"
54.93.198.24 - - [12/May/2025:01:14:15 +0200] "GET /skin/master.css HTTP/1.1" 200 6842 "-" "CheckMarkNetwork/1.0 (+http://www.checkmarknetwork.com/spider.html)"
54.93.198.24 - - [12/May/2025:01:14:15 +0200] "GET /lib/jquery-1.3.2/jquery-1.3.2.min.js HTTP/1.1" 200 57254 "-" "CheckMarkNetwork/1.0 (+http://www.checkmarknetwork.com/spider.html)"
54.93.198.24 - - [12/May/2025:01:14:15 +0200] "GET /lib/jq.fancybox-1.3.4/jquery.fancybox-1.3.4.pack.js HTTP/1.1" 200 15624 "-" "CheckMarkNetwork/1.0 (+http://www.checkmarknetwork.com/spider.html)"
54.93.198.24 - - [12/May/2025:01:14:15 +0200] "GET /lib/jq.fancybox-1.3.4/jquery.easing-1.3.pack.js HTTP/1.1" 200 6717 "-" "CheckMarkNetwork/1.0 (+http://www.checkmarknetwork.com/spider.html)"
54.93.198.24 - - [12/May/2025:01:14:15 +0200] "GET /lib/jq.fancybox-1.3.4/jquery.mousewheel-3.0.4.pack.js HTTP/1.1" 200 1279 "-" "CheckMarkNetwork/1.0 (+http://www.checkmarknetwork.com/spider.html)"
54.93.198.24 - - [12/May/2025:01:14:15 +0200] "GET /lib/thickbox-3.1.custom/thickbox.js HTTP/1.1" 200 13058 "-" "CheckMarkNetwork/1.0 (+http://www.checkmarknetwork.com/spider.html)"
54.93.198.24 - - [12/May/2025:01:14:15 +0200] "GET /lib/jq.contextmenu/jquery.contextmenu.js HTTP/1.1" 200 10507 "-" "CheckMarkNetwork/1.0 (+http://www.checkmarknetwork.com/spider.html)"
43.130.72.177 - - [12/May/2025:01:15:27 +0200] "GET / HTTP/1.1" 200 6678 "-" "Mozilla/5.0 (iPhone; CPU iPhone OS 13_2_3 like Mac OS X) AppleWebKit/605.1.15 (KHTML, like Gecko) Version/13.0.3 Mobile/15E148 Safari/604.1"
128.140.41.193 - - [12/May/2025:01:17:49 +0200] "HEAD / HTTP/1.1" 200 0 "http://nagybistvan.hu" "Mozilla/5.0+(compatible; UptimeRobot/2.0; http://www.uptimerobot.com/)"
78.47.173.76 - - [12/May/2025:01:22:55 +0200] "HEAD / HTTP/1.1" 200 0 "http://nagybistvan.hu" "Mozilla/5.0+(compatible; UptimeRobot/2.0; http://www.uptimerobot.com/)"
168.119.53.160 - - [12/May/2025:01:28:00 +0200] "HEAD / HTTP/1.1" 200 0 "http://nagybistvan.hu" "Mozilla/5.0+(compatible; UptimeRobot/2.0; http://www.uptimerobot.com/)"
49.13.130.29 - - [12/May/2025:01:33:05 +0200] "HEAD / HTTP/1.1" 200 0 "http://nagybistvan.hu" "Mozilla/5.0+(compatible; UptimeRobot/2.0; http://www.uptimerobot.com/)"
78.47.98.55 - - [12/May/2025:01:38:09 +0200] "HEAD / HTTP/1.1" 200 0 "http://nagybistvan.hu" "Mozilla/5.0+(compatible; UptimeRobot/2.0; http://www.uptimerobot.com/)"
49.13.167.123 - - [12/May/2025:01:43:13 +0200] "HEAD / HTTP/1.1" 200 0 "http://nagybistvan.hu" "Mozilla/5.0+(compatible; UptimeRobot/2.0; http://www.uptimerobot.com/)"
78.46.215.1 - - [12/May/2025:01:48:18 +0200] "HEAD / HTTP/1.1" 200 0 "http://nagybistvan.hu" "Mozilla/5.0+(compatible; UptimeRobot/2.0; http://www.uptimerobot.com/)"
78.47.98.55 - - [12/May/2025:01:53:23 +0200] "HEAD / HTTP/1.1" 200 0 "http://nagybistvan.hu" "Mozilla/5.0+(compatible; UptimeRobot/2.0; http://www.uptimerobot.com/)"
40.77.167.10 - - [12/May/2025:01:57:12 +0200] "GET /izsak/index.html HTTP/1.1" 404 1181 "-" "Mozilla/5.0 AppleWebKit/537.36 (KHTML, like Gecko; compatible; bingbot/2.0; +http://www.bing.com/bingbot.htm) Chrome/116.0.1938.76 Safari/537.36"
167.235.143.113 - - [12/May/2025:01:58:28 +0200] "HEAD / HTTP/1.1" 200 0 "http://nagybistvan.hu" "Mozilla/5.0+(compatible; UptimeRobot/2.0; http://www.uptimerobot.com/)"
88.99.80.227 - - [12/May/2025:02:03:33 +0200] "HEAD / HTTP/1.1" 200 0 "http://nagybistvan.hu" "Mozilla/5.0+(compatible; UptimeRobot/2.0; http://www.uptimerobot.com/)"
157.90.156.63 - - [12/May/2025:02:08:38 +0200] "HEAD / HTTP/1.1" 200 0 "http://nagybistvan.hu" "Mozilla/5.0+(compatible; UptimeRobot/2.0; http://www.uptimerobot.com/)"
47.79.98.30 - - [12/May/2025:02:10:15 +0200] "GET /veroce060708.mp3 HTTP/1.1" 200 50349 "http://nagybistvan.hu/veroce060708.mp3" "Mozilla/5.0 (Windows NT 10.0; Win64; x64) AppleWebKit/537.36 (KHTML, like Gecko) Chrome/114.0.0.0 Safari/537.36 Edg/114.0.1823.43"
49.13.167.123 - - [12/May/2025:02:13:41 +0200] "HEAD / HTTP/1.1" 200 0 "http://nagybistvan.hu" "Mozilla/5.0+(compatible; UptimeRobot/2.0; http://www.uptimerobot.com/)"
47.82.60.58 - - [12/May/2025:02:15:26 +0200] "GET /index.html HTTP/1.1" 404 1181 "http://nagybistvan.hu/index.html" "Mozilla/5.0 (Windows NT 10.0; Win64; x64) AppleWebKit/537.36 (KHTML, like Gecko) Chrome/114.0.0.0 Safari/537.36 Edg/114.0.1823.43"
159.69.158.189 - - [12/May/2025:02:18:44 +0200] "HEAD / HTTP/1.1" 200 0 "http://nagybistvan.hu" "Mozilla/5.0+(compatible; UptimeRobot/2.0; http://www.uptimerobot.com/)"
66.249.70.5 - - [12/May/2025:02:21:12 +0200] "GET /media/image/21.110.072.jpg HTTP/1.1" 200 112967 "-" "Googlebot-Image/1.0"
128.140.106.114 - - [12/May/2025:02:23:51 +0200] "HEAD / HTTP/1.1" 200 0 "http://nagybistvan.hu" "Mozilla/5.0+(compatible; UptimeRobot/2.0; http://www.uptimerobot.com/)"
128.140.41.193 - - [12/May/2025:02:28:55 +0200] "HEAD / HTTP/1.1" 200 0 "http://nagybistvan.hu" "Mozilla/5.0+(compatible; UptimeRobot/2.0; http://www.uptimerobot.com/)"
159.69.158.189 - - [12/May/2025:02:34:00 +0200] "HEAD / HTTP/1.1" 200 0 "http://nagybistvan.hu" "Mozilla/5.0+(compatible; UptimeRobot/2.0; http://www.uptimerobot.com/)"
78.46.190.63 - - [12/May/2025:02:39:04 +0200] "HEAD / HTTP/1.1" 200 0 "http://nagybistvan.hu" "Mozilla/5.0+(compatible; UptimeRobot/2.0; http://www.uptimerobot.com/)"
88.99.80.227 - - [12/May/2025:02:44:08 +0200] "HEAD / HTTP/1.1" 200 0 "http://nagybistvan.hu" "Mozilla/5.0+(compatible; UptimeRobot/2.0; http://www.uptimerobot.com/)"
78.46.215.1 - - [12/May/2025:02:49:13 +0200] "HEAD / HTTP/1.1" 200 0 "http://nagybistvan.hu" "Mozilla/5.0+(compatible; UptimeRobot/2.0; http://www.uptimerobot.com/)"
66.249.70.6 - - [12/May/2025:02:50:21 +0200] "GET /arckepcsarnok/07.079.001.jpg HTTP/1.1" 404 1181 "-" "Googlebot-Image/1.0"
128.140.41.193 - - [12/May/2025:02:54:18 +0200] "HEAD / HTTP/1.1" 200 0 "http://nagybistvan.hu" "Mozilla/5.0+(compatible; UptimeRobot/2.0; http://www.uptimerobot.com/)"
78.47.173.76 - - [12/May/2025:02:59:23 +0200] "HEAD / HTTP/1.1" 200 0 "http://nagybistvan.hu" "Mozilla/5.0+(compatible; UptimeRobot/2.0; http://www.uptimerobot.com/)"
47.82.60.235 - - [12/May/2025:03:02:12 +0200] "GET /mozaik/index.html HTTP/1.1" 200 5286 "http://nagybistvan.hu/mozaik/index.html" "Mozilla/5.0 (Windows NT 10.0; Win64; x64) AppleWebKit/537.36 (KHTML, like Gecko) Chrome/114.0.0.0 Safari/537.36 Edg/114.0.1823.43"
49.13.130.29 - - [12/May/2025:03:04:28 +0200] "HEAD / HTTP/1.1" 200 0 "http://nagybistvan.hu" "Mozilla/5.0+(compatible; UptimeRobot/2.0; http://www.uptimerobot.com/)"
159.69.158.189 - - [12/May/2025:03:09:33 +0200] "HEAD / HTTP/1.1" 200 0 "http://nagybistvan.hu" "Mozilla/5.0+(compatible; UptimeRobot/2.0; http://www.uptimerobot.com/)"
49.13.164.148 - - [12/May/2025:03:14:37 +0200] "HEAD / HTTP/1.1" 200 0 "http://nagybistvan.hu" "Mozilla/5.0+(compatible; UptimeRobot/2.0; http://www.uptimerobot.com/)"
78.47.98.55 - - [12/May/2025:03:19:42 +0200] "HEAD / HTTP/1.1" 200 0 "http://nagybistvan.hu" "Mozilla/5.0+(compatible; UptimeRobot/2.0; http://www.uptimerobot.com/)"
159.69.158.189 - - [12/May/2025:03:24:47 +0200] "HEAD / HTTP/1.1" 200 0 "http://nagybistvan.hu" "Mozilla/5.0+(compatible; UptimeRobot/2.0; http://www.uptimerobot.com/)"
88.99.80.227 - - [12/May/2025:03:29:52 +0200] "HEAD / HTTP/1.1" 200 0 "http://nagybistvan.hu" "Mozilla/5.0+(compatible; UptimeRobot/2.0; http://www.uptimerobot.com/)"
49.13.24.81 - - [12/May/2025:03:34:56 +0200] "HEAD / HTTP/1.1" 200 0 "http://nagybistvan.hu" "Mozilla/5.0+(compatible; UptimeRobot/2.0; http://www.uptimerobot.com/)"
49.13.167.123 - - [12/May/2025:03:40:01 +0200] "HEAD / HTTP/1.1" 200 0 "http://nagybistvan.hu" "Mozilla/5.0+(compatible; UptimeRobot/2.0; http://www.uptimerobot.com/)"
49.13.164.148 - - [12/May/2025:03:45:06 +0200] "HEAD / HTTP/1.1" 200 0 "http://nagybistvan.hu" "Mozilla/5.0+(compatible; UptimeRobot/2.0; http://www.uptimerobot.com/)"
157.90.155.240 - - [12/May/2025:03:50:10 +0200] "HEAD / HTTP/1.1" 200 0 "http://nagybistvan.hu" "Mozilla/5.0+(compatible; UptimeRobot/2.0; http://www.uptimerobot.com/)"
66.249.70.6 - - [12/May/2025:03:51:12 +0200] "GET /media/image/24.336.011.jpg HTTP/1.1" 200 202113 "-" "Googlebot-Image/1.0"
195.191.219.152 - - [12/May/2025:03:51:18 +0200] "GET /robots.txt HTTP/1.1" 404 1181 "-" "Mozilla/5.0 (compatible; MJ12bot/v2.0.1; http://mj12bot.com/)"
195.191.219.152 - - [12/May/2025:03:51:19 +0200] "GET / HTTP/1.1" 200 6702 "-" "Mozilla/5.0 (compatible; MJ12bot/v2.0.1; http://mj12bot.com/)"
195.191.219.152 - - [12/May/2025:03:51:19 +0200] "GET /robots.txt HTTP/1.1" 404 1181 "-" "Mozilla/5.0 (compatible; MJ12bot/v2.0.1; http://mj12bot.com/)"
195.191.219.152 - - [12/May/2025:03:51:19 +0200] "GET / HTTP/1.1" 200 6692 "-" "Mozilla/5.0 (compatible; MJ12bot/v2.0.1; http://mj12bot.com/)"
47.79.120.224 - - [12/May/2025:03:54:28 +0200] "GET /rolairtak.html HTTP/1.1" 200 2566 "http://nagybistvan.hu/rolairtak.html" "Mozilla/5.0 (Windows NT 10.0; Win64; x64) AppleWebKit/537.36 (KHTML, like Gecko) Chrome/114.0.0.0 Safari/537.36 Edg/114.0.1823.43"
192.145.29.158 - - [12/May/2025:03:55:14 +0200] "GET / HTTP/1.1" 200 6748 "https://www.google.com/" "Mozilla/5.0 (Windows NT 10.0; Win64; x64) AppleWebKit/537.36 (KHTML, like Gecko) Chrome/122.0.0.0 Safari/537.36"
168.119.96.239 - - [12/May/2025:03:55:14 +0200] "HEAD / HTTP/1.1" 200 0 "http://nagybistvan.hu" "Mozilla/5.0+(compatible; UptimeRobot/2.0; http://www.uptimerobot.com/)"
168.119.53.160 - - [12/May/2025:04:00:19 +0200] "HEAD / HTTP/1.1" 200 0 "http://nagybistvan.hu" "Mozilla/5.0+(compatible; UptimeRobot/2.0; http://www.uptimerobot.com/)"
