66.249.72.139 - - [14/May/2025:07:40:27 +0200] "GET /lib/jq.contextmenu/jquery.contextmenu.js HTTP/1.1" 200 10507 "http://www.nagybistvan.hu/index.php?c=kepek" "Mozilla/5.0 (Linux; Android 6.0.1; Nexus 5X Build/MMB29P) AppleWebKit/537.36 (KHTML, like Gecko) Chrome/135.0.7049.114 Mobile Safari/537.36 (compatible; Googlebot/2.1; +http://www.google.com/bot.html)"
66.249.72.137 - - [14/May/2025:07:40:28 +0200] "GET /lib/jquery-1.3.2/jquery-1.3.2.min.js HTTP/1.1" 200 57254 "http://www.nagybistvan.hu/index.php?c=kepek" "Mozilla/5.0 (Linux; Android 6.0.1; Nexus 5X Build/MMB29P) AppleWebKit/537.36 (KHTML, like Gecko) Chrome/135.0.7049.114 Mobile Safari/537.36 (compatible; Googlebot/2.1; +http://www.google.com/bot.html)"
66.249.72.137 - - [14/May/2025:07:40:29 +0200] "GET /lib/jq.fancybox-1.3.4/jquery.mousewheel-3.0.4.pack.js HTTP/1.1" 200 1279 "http://www.nagybistvan.hu/index.php?c=kepek" "Mozilla/5.0 (Linux; Android 6.0.1; Nexus 5X Build/MMB29P) AppleWebKit/537.36 (KHTML, like Gecko) Chrome/135.0.7049.114 Mobile Safari/537.36 (compatible; Googlebot/2.1; +http://www.google.com/bot.html)"
66.249.72.138 - - [14/May/2025:07:40:29 +0200] "GET /lib/thickbox-3.1.custom/thickbox.css HTTP/1.1" 200 4175 "http://www.nagybistvan.hu/index.php?c=kepek" "Mozilla/5.0 (Linux; Android 6.0.1; Nexus 5X Build/MMB29P) AppleWebKit/537.36 (KHTML, like Gecko) Chrome/135.0.7049.114 Mobile Safari/537.36 (compatible; Googlebot/2.1; +http://www.google.com/bot.html)"
66.249.72.137 - - [14/May/2025:07:40:30 +0200] "GET /skin/master.css HTTP/1.1" 200 6842 "http://www.nagybistvan.hu/index.php?c=kepek" "Mozilla/5.0 (Linux; Android 6.0.1; Nexus 5X Build/MMB29P) AppleWebKit/537.36 (KHTML, like Gecko) Chrome/135.0.7049.114 Mobile Safari/537.36 (compatible; Googlebot/2.1; +http://www.google.com/bot.html)"
66.249.72.137 - - [14/May/2025:07:40:30 +0200] "GET /lib/jq.fancybox-1.3.4/jquery.fancybox-1.3.4.pack.js HTTP/1.1" 200 15624 "http://www.nagybistvan.hu/index.php?c=kepek" "Mozilla/5.0 (Linux; Android 6.0.1; Nexus 5X Build/MMB29P) AppleWebKit/537.36 (KHTML, like Gecko) Chrome/135.0.7049.114 Mobile Safari/537.36 (compatible; Googlebot/2.1; +http://www.google.com/bot.html)"
66.249.72.138 - - [14/May/2025:07:40:31 +0200] "GET /lib/jq.fancybox-1.3.4/jquery.fancybox-1.3.4.css HTTP/1.1" 200 8498 "http://www.nagybistvan.hu/index.php?c=kepek" "Mozilla/5.0 (Linux; Android 6.0.1; Nexus 5X Build/MMB29P) AppleWebKit/537.36 (KHTML, like Gecko) Chrome/135.0.7049.114 Mobile Safari/537.36 (compatible; Googlebot/2.1; +http://www.google.com/bot.html)"
66.249.72.137 - - [14/May/2025:07:40:32 +0200] "GET /lib/thickbox-3.1.custom/thickbox.js HTTP/1.1" 200 13058 "http://www.nagybistvan.hu/index.php?c=kepek" "Mozilla/5.0 (Linux; Android 6.0.1; Nexus 5X Build/MMB29P) AppleWebKit/537.36 (KHTML, like Gecko) Chrome/135.0.7049.114 Mobile Safari/537.36 (compatible; Googlebot/2.1; +http://www.google.com/bot.html)"
66.249.72.137 - - [14/May/2025:07:40:33 +0200] "GET /lib/jq.fancybox-1.3.4/jquery.easing-1.3.pack.js HTTP/1.1" 200 6717 "http://www.nagybistvan.hu/index.php?c=kepek" "Mozilla/5.0 (Linux; Android 6.0.1; Nexus 5X Build/MMB29P) AppleWebKit/537.36 (KHTML, like Gecko) Chrome/135.0.7049.114 Mobile Safari/537.36 (compatible; Googlebot/2.1; +http://www.google.com/bot.html)"
88.99.80.227 - - [14/May/2025:07:44:40 +0200] "HEAD / HTTP/1.1" 200 0 "http://nagybistvan.hu" "Mozilla/5.0+(compatible; UptimeRobot/2.0; http://www.uptimerobot.com/)"
49.13.24.81 - - [14/May/2025:07:49:41 +0200] "HEAD / HTTP/1.1" 200 0 "http://nagybistvan.hu" "Mozilla/5.0+(compatible; UptimeRobot/2.0; http://www.uptimerobot.com/)"
142.132.180.39 - - [14/May/2025:07:54:42 +0200] "HEAD / HTTP/1.1" 200 0 "http://nagybistvan.hu" "Mozilla/5.0+(compatible; UptimeRobot/2.0; http://www.uptimerobot.com/)"
66.249.75.32 - - [14/May/2025:07:55:42 +0200] "GET /media/image/07.117.001.jpg HTTP/1.1" 200 137782 "-" "Googlebot-Image/1.0"
78.47.98.55 - - [14/May/2025:07:59:43 +0200] "HEAD / HTTP/1.1" 200 0 "http://nagybistvan.hu" "Mozilla/5.0+(compatible; UptimeRobot/2.0; http://www.uptimerobot.com/)"
49.13.134.145 - - [14/May/2025:08:04:43 +0200] "HEAD / HTTP/1.1" 200 0 "http://nagybistvan.hu" "Mozilla/5.0+(compatible; UptimeRobot/2.0; http://www.uptimerobot.com/)"
66.249.75.44 - - [14/May/2025:08:08:44 +0200] "GET /media/image/21.110.072.jpg HTTP/1.1" 200 112967 "-" "Googlebot-Image/1.0"
168.119.53.160 - - [14/May/2025:08:09:44 +0200] "HEAD / HTTP/1.1" 200 0 "http://nagybistvan.hu" "Mozilla/5.0+(compatible; UptimeRobot/2.0; http://www.uptimerobot.com/)"
66.249.75.45 - - [14/May/2025:08:13:01 +0200] "GET /media/image/23.110.093.jpg HTTP/1.1" 200 162983 "-" "Googlebot-Image/1.0"
195.191.219.152 - - [14/May/2025:08:14:34 +0200] "GET /robots.txt HTTP/1.1" 404 1181 "-" "Mozilla/5.0 (compatible; MJ12bot/v2.0.1; http://mj12bot.com/)"
195.191.219.152 - - [14/May/2025:08:14:34 +0200] "GET / HTTP/1.1" 200 6766 "-" "Mozilla/5.0 (compatible; MJ12bot/v2.0.1; http://mj12bot.com/)"
49.13.24.81 - - [14/May/2025:08:14:45 +0200] "HEAD / HTTP/1.1" 200 0 "http://nagybistvan.hu" "Mozilla/5.0+(compatible; UptimeRobot/2.0; http://www.uptimerobot.com/)"
78.46.190.63 - - [14/May/2025:08:19:45 +0200] "HEAD / HTTP/1.1" 200 0 "http://nagybistvan.hu" "Mozilla/5.0+(compatible; UptimeRobot/2.0; http://www.uptimerobot.com/)"
47.79.122.173 - - [14/May/2025:08:22:05 +0200] "GET /zsambek/Zsambek%20LXVI.html HTTP/1.1" 200 685 "http://nagybistvan.hu/zsambek/Zsambek LXVI.html" "Mozilla/5.0 (Windows NT 10.0; Win64; x64) AppleWebKit/537.36 (KHTML, like Gecko) Chrome/114.0.0.0 Safari/537.36 Edg/114.0.1823.43"
128.140.106.114 - - [14/May/2025:08:24:48 +0200] "HEAD / HTTP/1.1" 200 0 "http://nagybistvan.hu" "Mozilla/5.0+(compatible; UptimeRobot/2.0; http://www.uptimerobot.com/)"
66.249.75.45 - - [14/May/2025:08:25:42 +0200] "GET /robots.txt HTTP/1.1" 404 1181 "-" "Mozilla/5.0 (compatible; Googlebot/2.1; +http://www.google.com/bot.html)"
66.249.75.32 - - [14/May/2025:08:25:42 +0200] "GET /szabadszaloneger.html HTTP/1.1" 200 9181 "-" "Mozilla/5.0 (Linux; Android 6.0.1; Nexus 5X Build/MMB29P) AppleWebKit/537.36 (KHTML, like Gecko) Chrome/136.0.7103.59 Mobile Safari/537.36 (compatible; Googlebot/2.1; +http://www.google.com/bot.html)"
43.153.122.30 - - [14/May/2025:08:26:23 +0200] "GET / HTTP/1.1" 200 6816 "-" "Mozilla/5.0 (iPhone; CPU iPhone OS 13_2_3 like Mac OS X) AppleWebKit/605.1.15 (KHTML, like Gecko) Version/13.0.3 Mobile/15E148 Safari/604.1"
49.13.134.145 - - [14/May/2025:08:29:49 +0200] "HEAD / HTTP/1.1" 200 0 "http://nagybistvan.hu" "Mozilla/5.0+(compatible; UptimeRobot/2.0; http://www.uptimerobot.com/)"
66.249.75.32 - - [14/May/2025:08:29:59 +0200] "GET /media/image/21.340.001.jpg HTTP/1.1" 200 217074 "-" "Googlebot-Image/1.0"
47.79.1.112 - - [14/May/2025:08:32:25 +0200] "GET /zsambek/Zsambek%20LX.html HTTP/1.1" 200 681 "http://nagybistvan.hu/zsambek/Zsambek LX.html" "Mozilla/5.0 (Windows NT 10.0; Win64; x64) AppleWebKit/537.36 (KHTML, like Gecko) Chrome/114.0.0.0 Safari/537.36 Edg/114.0.1823.43"
159.69.158.189 - - [14/May/2025:08:34:52 +0200] "HEAD / HTTP/1.1" 200 0 "http://nagybistvan.hu" "Mozilla/5.0+(compatible; UptimeRobot/2.0; http://www.uptimerobot.com/)"
47.79.3.216 - - [14/May/2025:08:35:03 +0200] "GET /zsambek/Zsambek%20LXVII.html HTTP/1.1" 200 688 "http://nagybistvan.hu/zsambek/Zsambek LXVII.html" "Mozilla/5.0 (Windows NT 10.0; Win64; x64) AppleWebKit/537.36 (KHTML, like Gecko) Chrome/114.0.0.0 Safari/537.36 Edg/114.0.1823.43"
78.47.173.76 - - [14/May/2025:08:39:53 +0200] "HEAD / HTTP/1.1" 200 0 "http://nagybistvan.hu" "Mozilla/5.0+(compatible; UptimeRobot/2.0; http://www.uptimerobot.com/)"
49.13.164.148 - - [14/May/2025:08:44:53 +0200] "HEAD / HTTP/1.1" 200 0 "http://nagybistvan.hu" "Mozilla/5.0+(compatible; UptimeRobot/2.0; http://www.uptimerobot.com/)"
168.119.53.160 - - [14/May/2025:08:49:54 +0200] "HEAD / HTTP/1.1" 200 0 "http://nagybistvan.hu" "Mozilla/5.0+(compatible; UptimeRobot/2.0; http://www.uptimerobot.com/)"
78.47.173.76 - - [14/May/2025:08:54:56 +0200] "HEAD / HTTP/1.1" 200 0 "http://nagybistvan.hu" "Mozilla/5.0+(compatible; UptimeRobot/2.0; http://www.uptimerobot.com/)"
47.82.60.106 - - [14/May/2025:08:58:28 +0200] "GET /zsambek/Zsambek%20LXIX.html HTTP/1.1" 200 685 "http://nagybistvan.hu/zsambek/Zsambek LXIX.html" "Mozilla/5.0 (Windows NT 10.0; Win64; x64) AppleWebKit/537.36 (KHTML, like Gecko) Chrome/114.0.0.0 Safari/537.36 Edg/114.0.1823.43"
142.132.180.39 - - [14/May/2025:08:59:59 +0200] "HEAD / HTTP/1.1" 200 0 "http://nagybistvan.hu" "Mozilla/5.0+(compatible; UptimeRobot/2.0; http://www.uptimerobot.com/)"
66.249.72.138 - - [14/May/2025:09:04:16 +0200] "GET /media/image/07.038.001.jpg HTTP/1.1" 200 94036 "-" "Googlebot-Image/1.0"
159.69.158.189 - - [14/May/2025:09:05:01 +0200] "HEAD / HTTP/1.1" 200 0 "http://nagybistvan.hu" "Mozilla/5.0+(compatible; UptimeRobot/2.0; http://www.uptimerobot.com/)"
159.69.158.189 - - [14/May/2025:09:10:03 +0200] "HEAD / HTTP/1.1" 200 0 "http://nagybistvan.hu" "Mozilla/5.0+(compatible; UptimeRobot/2.0; http://www.uptimerobot.com/)"
157.90.156.63 - - [14/May/2025:09:15:04 +0200] "HEAD / HTTP/1.1" 200 0 "http://nagybistvan.hu" "Mozilla/5.0+(compatible; UptimeRobot/2.0; http://www.uptimerobot.com/)"
49.13.164.148 - - [14/May/2025:09:20:05 +0200] "HEAD / HTTP/1.1" 200 0 "http://nagybistvan.hu" "Mozilla/5.0+(compatible; UptimeRobot/2.0; http://www.uptimerobot.com/)"
201.17.157.76 - - [14/May/2025:09:23:18 +0200] "GET http://nagybistvan.hu/ HTTP/1.1" 200 6636 "-" "Mozilla/5.0 (Macintosh; Intel Mac OS X 10_13_0) AppleWebKit/537.36 (KHTML, like Gecko) Chrome/67.0.3396.5 Safari/537.36"
159.69.158.189 - - [14/May/2025:09:25:06 +0200] "HEAD / HTTP/1.1" 200 0 "http://nagybistvan.hu" "Mozilla/5.0+(compatible; UptimeRobot/2.0; http://www.uptimerobot.com/)"
78.47.173.76 - - [14/May/2025:09:30:07 +0200] "HEAD / HTTP/1.1" 200 0 "http://nagybistvan.hu" "Mozilla/5.0+(compatible; UptimeRobot/2.0; http://www.uptimerobot.com/)"
78.46.190.63 - - [14/May/2025:09:35:08 +0200] "HEAD / HTTP/1.1" 200 0 "http://nagybistvan.hu" "Mozilla/5.0+(compatible; UptimeRobot/2.0; http://www.uptimerobot.com/)"
66.249.75.45 - - [14/May/2025:09:38:34 +0200] "GET /media/image/21.583.001_7.jpg HTTP/1.1" 200 113450 "-" "Googlebot-Image/1.0"
49.13.164.148 - - [14/May/2025:09:40:09 +0200] "HEAD / HTTP/1.1" 200 0 "http://nagybistvan.hu" "Mozilla/5.0+(compatible; UptimeRobot/2.0; http://www.uptimerobot.com/)"
88.99.80.227 - - [14/May/2025:09:45:12 +0200] "HEAD / HTTP/1.1" 200 0 "http://nagybistvan.hu" "Mozilla/5.0+(compatible; UptimeRobot/2.0; http://www.uptimerobot.com/)"
49.13.24.81 - - [14/May/2025:09:50:12 +0200] "HEAD / HTTP/1.1" 200 0 "http://nagybistvan.hu" "Mozilla/5.0+(compatible; UptimeRobot/2.0; http://www.uptimerobot.com/)"
179.108.129.134 - - [14/May/2025:09:52:32 +0200] "GET http://www.nagybistvan.hu/ HTTP/1.1" 200 6678 "-" "Mozilla/5.0 (Windows NT 6.1; Win64; x64) AppleWebKit/537.36 (KHTML, like Gecko) Chrome/94.0.4606.81 Safari/537.36"
78.47.173.76 - - [14/May/2025:09:55:13 +0200] "HEAD / HTTP/1.1" 200 0 "http://nagybistvan.hu" "Mozilla/5.0+(compatible; UptimeRobot/2.0; http://www.uptimerobot.com/)"
66.249.72.139 - - [14/May/2025:09:55:42 +0200] "GET /media/image/23.110.089.jpg HTTP/1.1" 200 130001 "-" "Googlebot-Image/1.0"
49.13.134.145 - - [14/May/2025:10:00:15 +0200] "HEAD / HTTP/1.1" 200 0 "http://nagybistvan.hu" "Mozilla/5.0+(compatible; UptimeRobot/2.0; http://www.uptimerobot.com/)"
192.145.29.158 - - [14/May/2025:10:02:27 +0200] "GET / HTTP/1.1" 200 6636 "https://www.google.com/" "Mozilla/5.0 (Windows NT 10.0; Win64; x64) AppleWebKit/537.36 (KHTML, like Gecko) Chrome/122.0.0.0 Safari/537.36"
66.249.75.45 - - [14/May/2025:10:04:16 +0200] "GET /media/image/21.583.001_8.jpg HTTP/1.1" 200 114761 "-" "Googlebot-Image/1.0"
49.13.134.145 - - [14/May/2025:10:05:16 +0200] "HEAD / HTTP/1.1" 200 0 "http://nagybistvan.hu" "Mozilla/5.0+(compatible; UptimeRobot/2.0; http://www.uptimerobot.com/)"
88.99.80.227 - - [14/May/2025:10:10:19 +0200] "HEAD / HTTP/1.1" 200 0 "http://nagybistvan.hu" "Mozilla/5.0+(compatible; UptimeRobot/2.0; http://www.uptimerobot.com/)"
66.249.75.44 - - [14/May/2025:10:12:51 +0200] "GET /media/image/07.081.001.jpg HTTP/1.1" 200 171034 "-" "Googlebot-Image/1.0"
78.46.215.1 - - [14/May/2025:10:15:20 +0200] "HEAD / HTTP/1.1" 200 0 "http://nagybistvan.hu" "Mozilla/5.0+(compatible; UptimeRobot/2.0; http://www.uptimerobot.com/)"
49.13.130.29 - - [14/May/2025:10:20:22 +0200] "HEAD / HTTP/1.1" 200 0 "http://nagybistvan.hu" "Mozilla/5.0+(compatible; UptimeRobot/2.0; http://www.uptimerobot.com/)"
157.90.156.63 - - [14/May/2025:10:25:26 +0200] "HEAD / HTTP/1.1" 200 0 "http://nagybistvan.hu" "Mozilla/5.0+(compatible; UptimeRobot/2.0; http://www.uptimerobot.com/)"
159.69.158.189 - - [14/May/2025:10:30:27 +0200] "HEAD / HTTP/1.1" 200 0 "http://nagybistvan.hu" "Mozilla/5.0+(compatible; UptimeRobot/2.0; http://www.uptimerobot.com/)"
88.99.80.227 - - [14/May/2025:10:35:28 +0200] "HEAD / HTTP/1.1" 200 0 "http://nagybistvan.hu" "Mozilla/5.0+(compatible; UptimeRobot/2.0; http://www.uptimerobot.com/)"
49.13.130.29 - - [14/May/2025:10:40:29 +0200] "HEAD / HTTP/1.1" 200 0 "http://nagybistvan.hu" "Mozilla/5.0+(compatible; UptimeRobot/2.0; http://www.uptimerobot.com/)"
159.69.158.189 - - [14/May/2025:10:45:32 +0200] "HEAD / HTTP/1.1" 200 0 "http://nagybistvan.hu" "Mozilla/5.0+(compatible; UptimeRobot/2.0; http://www.uptimerobot.com/)"
128.140.106.114 - - [14/May/2025:10:50:33 +0200] "HEAD / HTTP/1.1" 200 0 "http://nagybistvan.hu" "Mozilla/5.0+(compatible; UptimeRobot/2.0; http://www.uptimerobot.com/)"
49.13.164.148 - - [14/May/2025:10:55:37 +0200] "HEAD / HTTP/1.1" 200 0 "http://nagybistvan.hu" "Mozilla/5.0+(compatible; UptimeRobot/2.0; http://www.uptimerobot.com/)"
49.13.164.148 - - [14/May/2025:11:00:43 +0200] "HEAD / HTTP/1.1" 200 0 "http://nagybistvan.hu" "Mozilla/5.0+(compatible; UptimeRobot/2.0; http://www.uptimerobot.com/)"
3.101.226.152 - - [14/May/2025:11:05:39 +0200] "HEAD / HTTP/1.1" 200 0 "-" "bitdiscovery"
49.13.134.145 - - [14/May/2025:11:05:47 +0200] "HEAD / HTTP/1.1" 200 0 "http://nagybistvan.hu" "Mozilla/5.0+(compatible; UptimeRobot/2.0; http://www.uptimerobot.com/)"
88.99.80.227 - - [14/May/2025:11:10:50 +0200] "HEAD / HTTP/1.1" 200 0 "http://nagybistvan.hu" "Mozilla/5.0+(compatible; UptimeRobot/2.0; http://www.uptimerobot.com/)"
78.46.190.63 - - [14/May/2025:11:15:54 +0200] "HEAD / HTTP/1.1" 200 0 "http://nagybistvan.hu" "Mozilla/5.0+(compatible; UptimeRobot/2.0; http://www.uptimerobot.com/)"
78.47.98.55 - - [14/May/2025:11:20:59 +0200] "HEAD / HTTP/1.1" 200 0 "http://nagybistvan.hu" "Mozilla/5.0+(compatible; UptimeRobot/2.0; http://www.uptimerobot.com/)"
54.183.254.93 - - [14/May/2025:11:21:50 +0200] "GET / HTTP/1.1" 200 6636 "-" "bitdiscovery-suggestions"
128.140.41.193 - - [14/May/2025:11:26:03 +0200] "HEAD / HTTP/1.1" 200 0 "http://nagybistvan.hu" "Mozilla/5.0+(compatible; UptimeRobot/2.0; http://www.uptimerobot.com/)"
66.249.75.44 - - [14/May/2025:11:27:14 +0200] "GET /mozaik/Mozaik_r8.html HTTP/1.1" 304 - "-" "Mozilla/5.0 (Linux; Android 6.0.1; Nexus 5X Build/MMB29P) AppleWebKit/537.36 (KHTML, like Gecko) Chrome/136.0.7103.59 Mobile Safari/537.36 (compatible; Googlebot/2.1; +http://www.google.com/bot.html)"
49.13.164.148 - - [14/May/2025:11:31:07 +0200] "HEAD / HTTP/1.1" 200 0 "http://nagybistvan.hu" "Mozilla/5.0+(compatible; UptimeRobot/2.0; http://www.uptimerobot.com/)"
49.13.134.145 - - [14/May/2025:11:36:11 +0200] "HEAD / HTTP/1.1" 200 0 "http://nagybistvan.hu" "Mozilla/5.0+(compatible; UptimeRobot/2.0; http://www.uptimerobot.com/)"
168.119.53.160 - - [14/May/2025:11:41:15 +0200] "HEAD / HTTP/1.1" 200 0 "http://nagybistvan.hu" "Mozilla/5.0+(compatible; UptimeRobot/2.0; http://www.uptimerobot.com/)"
168.119.53.160 - - [14/May/2025:11:46:19 +0200] "HEAD / HTTP/1.1" 200 0 "http://nagybistvan.hu" "Mozilla/5.0+(compatible; UptimeRobot/2.0; http://www.uptimerobot.com/)"
168.119.96.239 - - [14/May/2025:11:51:25 +0200] "HEAD / HTTP/1.1" 200 0 "http://nagybistvan.hu" "Mozilla/5.0+(compatible; UptimeRobot/2.0; http://www.uptimerobot.com/)"
128.140.41.193 - - [14/May/2025:11:56:28 +0200] "HEAD / HTTP/1.1" 200 0 "http://nagybistvan.hu" "Mozilla/5.0+(compatible; UptimeRobot/2.0; http://www.uptimerobot.com/)"
88.99.80.227 - - [14/May/2025:12:01:32 +0200] "HEAD / HTTP/1.1" 200 0 "http://nagybistvan.hu" "Mozilla/5.0+(compatible; UptimeRobot/2.0; http://www.uptimerobot.com/)"
49.13.130.29 - - [14/May/2025:12:06:35 +0200] "HEAD / HTTP/1.1" 200 0 "http://nagybistvan.hu" "Mozilla/5.0+(compatible; UptimeRobot/2.0; http://www.uptimerobot.com/)"
78.47.98.55 - - [14/May/2025:12:11:39 +0200] "HEAD / HTTP/1.1" 200 0 "http://nagybistvan.hu" "Mozilla/5.0+(compatible; UptimeRobot/2.0; http://www.uptimerobot.com/)"
167.235.143.113 - - [14/May/2025:12:16:44 +0200] "HEAD / HTTP/1.1" 200 0 "http://nagybistvan.hu" "Mozilla/5.0+(compatible; UptimeRobot/2.0; http://www.uptimerobot.com/)"
167.235.143.113 - - [14/May/2025:12:21:47 +0200] "HEAD / HTTP/1.1" 200 0 "http://nagybistvan.hu" "Mozilla/5.0+(compatible; UptimeRobot/2.0; http://www.uptimerobot.com/)"
95.108.213.114 - - [14/May/2025:12:24:15 +0200] "GET /robots.txt HTTP/1.1" 404 1181 "-" "Mozilla/5.0 (compatible; YandexBot/3.0; +http://yandex.com/bots)"
95.108.213.165 - - [14/May/2025:12:24:15 +0200] "GET /korai/pages/V%E1rosr%E9szlet.html HTTP/1.1" 200 1247 "-" "Mozilla/5.0 (compatible; YandexBot/3.0; +http://yandex.com/bots)"
78.46.190.63 - - [14/May/2025:12:26:53 +0200] "HEAD / HTTP/1.1" 200 0 "http://nagybistvan.hu" "Mozilla/5.0+(compatible; UptimeRobot/2.0; http://www.uptimerobot.com/)"
168.119.96.239 - - [14/May/2025:12:31:58 +0200] "HEAD / HTTP/1.1" 200 0 "http://nagybistvan.hu" "Mozilla/5.0+(compatible; UptimeRobot/2.0; http://www.uptimerobot.com/)"
78.47.98.55 - - [14/May/2025:12:37:03 +0200] "HEAD / HTTP/1.1" 200 0 "http://nagybistvan.hu" "Mozilla/5.0+(compatible; UptimeRobot/2.0; http://www.uptimerobot.com/)"
66.249.75.45 - - [14/May/2025:12:40:33 +0200] "GET /zsambek/Zsambek%20No123.html HTTP/1.1" 200 687 "-" "Mozilla/5.0 (Linux; Android 6.0.1; Nexus 5X Build/MMB29P) AppleWebKit/537.36 (KHTML, like Gecko) Chrome/136.0.7103.59 Mobile Safari/537.36 (compatible; Googlebot/2.1; +http://www.google.com/bot.html)"
78.46.215.1 - - [14/May/2025:12:42:07 +0200] "HEAD / HTTP/1.1" 200 0 "http://nagybistvan.hu" "Mozilla/5.0+(compatible; UptimeRobot/2.0; http://www.uptimerobot.com/)"
78.46.190.63 - - [14/May/2025:12:47:10 +0200] "HEAD / HTTP/1.1" 200 0 "http://nagybistvan.hu" "Mozilla/5.0+(compatible; UptimeRobot/2.0; http://www.uptimerobot.com/)"
49.13.130.29 - - [14/May/2025:12:52:14 +0200] "HEAD / HTTP/1.1" 200 0 "http://nagybistvan.hu" "Mozilla/5.0+(compatible; UptimeRobot/2.0; http://www.uptimerobot.com/)"
128.140.41.193 - - [14/May/2025:12:57:17 +0200] "HEAD / HTTP/1.1" 200 0 "http://nagybistvan.hu" "Mozilla/5.0+(compatible; UptimeRobot/2.0; http://www.uptimerobot.com/)"
142.132.180.39 - - [14/May/2025:13:02:21 +0200] "HEAD / HTTP/1.1" 200 0 "http://nagybistvan.hu" "Mozilla/5.0+(compatible; UptimeRobot/2.0; http://www.uptimerobot.com/)"
49.13.164.148 - - [14/May/2025:13:07:26 +0200] "HEAD / HTTP/1.1" 200 0 "http://nagybistvan.hu" "Mozilla/5.0+(compatible; UptimeRobot/2.0; http://www.uptimerobot.com/)"
87.250.224.83 - - [14/May/2025:13:07:38 +0200] "GET /robots.txt HTTP/1.1" 404 1181 "-" "Mozilla/5.0 (compatible; YandexBot/3.0; +http://yandex.com/bots)"
5.255.231.35 - - [14/May/2025:13:07:39 +0200] "GET /tarskrit/pages/Aquarius.html HTTP/1.1" 200 1222 "-" "Mozilla/5.0 (compatible; YandexBot/3.0; +http://yandex.com/bots)"
157.90.155.240 - - [14/May/2025:13:12:30 +0200] "HEAD / HTTP/1.1" 200 0 "http://nagybistvan.hu" "Mozilla/5.0+(compatible; UptimeRobot/2.0; http://www.uptimerobot.com/)"
159.69.158.189 - - [14/May/2025:13:17:30 +0200] "HEAD / HTTP/1.1" 200 0 "http://nagybistvan.hu" "Mozilla/5.0+(compatible; UptimeRobot/2.0; http://www.uptimerobot.com/)"
207.180.255.40 - - [14/May/2025:13:21:55 +0200] "GET /wp-content/plugins/HelloDollyV2/hello_dolly_v2.php HTTP/1.1" 404 1181 "www.google.com" "Mozilla/5.0 (Linux; Android 7.0; SM-G892A Build/NRD90M; wv) AppleWebKit/537.36 (KHTML, like Gecko) Version/4.0 Chrome/60.0.3112.107 Mobile Safari/537.36"
207.180.255.40 - - [14/May/2025:13:21:56 +0200] "GET /wp-content/themes/hello_dolly_v2.php HTTP/1.1" 404 1181 "www.google.com" "Mozilla/5.0 (Linux; Android 7.0; SM-G892A Build/NRD90M; wv) AppleWebKit/537.36 (KHTML, like Gecko) Version/4.0 Chrome/60.0.3112.107 Mobile Safari/537.36"
207.180.255.40 - - [14/May/2025:13:22:04 +0200] "GET /style.php HTTP/1.1" 404 37 "www.google.com" "Mozilla/5.0 (Linux; Android 7.0; SM-G892A Build/NRD90M; wv) AppleWebKit/537.36 (KHTML, like Gecko) Version/4.0 Chrome/60.0.3112.107 Mobile Safari/537.36"
207.180.255.40 - - [14/May/2025:13:22:11 +0200] "GET /ss.php?f_c=1 HTTP/1.1" 404 37 "www.google.com" "Mozilla/5.0 (Linux; Android 7.0; SM-G892A Build/NRD90M; wv) AppleWebKit/537.36 (KHTML, like Gecko) Version/4.0 Chrome/60.0.3112.107 Mobile Safari/537.36"
167.235.143.113 - - [14/May/2025:13:22:35 +0200] "HEAD / HTTP/1.1" 200 0 "http://nagybistvan.hu" "Mozilla/5.0+(compatible; UptimeRobot/2.0; http://www.uptimerobot.com/)"
128.140.41.193 - - [14/May/2025:13:27:39 +0200] "HEAD / HTTP/1.1" 200 0 "http://nagybistvan.hu" "Mozilla/5.0+(compatible; UptimeRobot/2.0; http://www.uptimerobot.com/)"
128.140.106.114 - - [14/May/2025:13:32:43 +0200] "HEAD / HTTP/1.1" 200 0 "http://nagybistvan.hu" "Mozilla/5.0+(compatible; UptimeRobot/2.0; http://www.uptimerobot.com/)"
157.90.156.63 - - [14/May/2025:13:37:47 +0200] "HEAD / HTTP/1.1" 200 0 "http://nagybistvan.hu" "Mozilla/5.0+(compatible; UptimeRobot/2.0; http://www.uptimerobot.com/)"
78.47.98.55 - - [14/May/2025:13:42:51 +0200] "HEAD / HTTP/1.1" 200 0 "http://nagybistvan.hu" "Mozilla/5.0+(compatible; UptimeRobot/2.0; http://www.uptimerobot.com/)"
78.47.173.76 - - [14/May/2025:13:47:55 +0200] "HEAD / HTTP/1.1" 200 0 "http://nagybistvan.hu" "Mozilla/5.0+(compatible; UptimeRobot/2.0; http://www.uptimerobot.com/)"
66.249.75.32 - - [14/May/2025:13:52:48 +0200] "GET /index.php?c=gyarmati HTTP/1.1" 200 7001 "-" "Mozilla/5.0 (Linux; Android 6.0.1; Nexus 5X Build/MMB29P) AppleWebKit/537.36 (KHTML, like Gecko) Chrome/136.0.7103.59 Mobile Safari/537.36 (compatible; Googlebot/2.1; +http://www.google.com/bot.html)"
157.90.156.63 - - [14/May/2025:13:52:59 +0200] "HEAD / HTTP/1.1" 200 0 "http://nagybistvan.hu" "Mozilla/5.0+(compatible; UptimeRobot/2.0; http://www.uptimerobot.com/)"
168.119.96.239 - - [14/May/2025:13:58:03 +0200] "HEAD / HTTP/1.1" 200 0 "http://nagybistvan.hu" "Mozilla/5.0+(compatible; UptimeRobot/2.0; http://www.uptimerobot.com/)"
66.249.75.44 - - [14/May/2025:14:02:22 +0200] "GET /index.php?c=7080s&cp=4 HTTP/1.1" 200 17215 "-" "Mozilla/5.0 (Linux; Android 6.0.1; Nexus 5X Build/MMB29P) AppleWebKit/537.36 (KHTML, like Gecko) Chrome/136.0.7103.59 Mobile Safari/537.36 (compatible; Googlebot/2.1; +http://www.google.com/bot.html)"
66.249.75.45 - - [14/May/2025:14:02:30 +0200] "GET /lib/jq.fancybox-1.3.4/jquery.fancybox-1.3.4.pack.js HTTP/1.1" 200 15624 "http://nagybistvan.hu/index.php?c=7080s&cp=4" "Mozilla/5.0 (Linux; Android 6.0.1; Nexus 5X Build/MMB29P) AppleWebKit/537.36 (KHTML, like Gecko) Chrome/135.0.7049.114 Mobile Safari/537.36 (compatible; Googlebot/2.1; +http://www.google.com/bot.html)"
66.249.75.44 - - [14/May/2025:14:02:30 +0200] "GET /lib/thickbox-3.1.custom/thickbox.js HTTP/1.1" 200 13058 "http://nagybistvan.hu/index.php?c=7080s&cp=4" "Mozilla/5.0 (Linux; Android 6.0.1; Nexus 5X Build/MMB29P) AppleWebKit/537.36 (KHTML, like Gecko) Chrome/135.0.7049.114 Mobile Safari/537.36 (compatible; Googlebot/2.1; +http://www.google.com/bot.html)"
66.249.75.44 - - [14/May/2025:14:02:31 +0200] "GET /skin/master.css HTTP/1.1" 200 6842 "http://nagybistvan.hu/index.php?c=7080s&cp=4" "Mozilla/5.0 (Linux; Android 6.0.1; Nexus 5X Build/MMB29P) AppleWebKit/537.36 (KHTML, like Gecko) Chrome/135.0.7049.114 Mobile Safari/537.36 (compatible; Googlebot/2.1; +http://www.google.com/bot.html)"
66.249.75.44 - - [14/May/2025:14:02:31 +0200] "GET /lib/jq.contextmenu/jquery.contextmenu.js HTTP/1.1" 200 10507 "http://nagybistvan.hu/index.php?c=7080s&cp=4" "Mozilla/5.0 (Linux; Android 6.0.1; Nexus 5X Build/MMB29P) AppleWebKit/537.36 (KHTML, like Gecko) Chrome/135.0.7049.114 Mobile Safari/537.36 (compatible; Googlebot/2.1; +http://www.google.com/bot.html)"
66.249.75.45 - - [14/May/2025:14:02:32 +0200] "GET /lib/jq.fancybox-1.3.4/jquery.fancybox-1.3.4.css HTTP/1.1" 200 8498 "http://nagybistvan.hu/index.php?c=7080s&cp=4" "Mozilla/5.0 (Linux; Android 6.0.1; Nexus 5X Build/MMB29P) AppleWebKit/537.36 (KHTML, like Gecko) Chrome/135.0.7049.114 Mobile Safari/537.36 (compatible; Googlebot/2.1; +http://www.google.com/bot.html)"
66.249.75.45 - - [14/May/2025:14:02:32 +0200] "GET /lib/jq.fancybox-1.3.4/jquery.mousewheel-3.0.4.pack.js HTTP/1.1" 200 1279 "http://nagybistvan.hu/index.php?c=7080s&cp=4" "Mozilla/5.0 (Linux; Android 6.0.1; Nexus 5X Build/MMB29P) AppleWebKit/537.36 (KHTML, like Gecko) Chrome/135.0.7049.114 Mobile Safari/537.36 (compatible; Googlebot/2.1; +http://www.google.com/bot.html)"
66.249.75.45 - - [14/May/2025:14:02:33 +0200] "GET /lib/thickbox-3.1.custom/thickbox.css HTTP/1.1" 200 4175 "http://nagybistvan.hu/index.php?c=7080s&cp=4" "Mozilla/5.0 (Linux; Android 6.0.1; Nexus 5X Build/MMB29P) AppleWebKit/537.36 (KHTML, like Gecko) Chrome/135.0.7049.114 Mobile Safari/537.36 (compatible; Googlebot/2.1; +http://www.google.com/bot.html)"
66.249.75.45 - - [14/May/2025:14:02:34 +0200] "GET /lib/jquery-1.3.2/jquery-1.3.2.min.js HTTP/1.1" 200 57254 "http://nagybistvan.hu/index.php?c=7080s&cp=4" "Mozilla/5.0 (Linux; Android 6.0.1; Nexus 5X Build/MMB29P) AppleWebKit/537.36 (KHTML, like Gecko) Chrome/135.0.7049.114 Mobile Safari/537.36 (compatible; Googlebot/2.1; +http://www.google.com/bot.html)"
78.46.190.63 - - [14/May/2025:14:03:06 +0200] "HEAD / HTTP/1.1" 200 0 "http://nagybistvan.hu" "Mozilla/5.0+(compatible; UptimeRobot/2.0; http://www.uptimerobot.com/)"
66.249.75.32 - - [14/May/2025:14:04:07 +0200] "GET /index.php?c=7080s&cp=10 HTTP/1.1" 200 18107 "-" "Mozilla/5.0 (Linux; Android 6.0.1; Nexus 5X Build/MMB29P) AppleWebKit/537.36 (KHTML, like Gecko) Chrome/136.0.7103.59 Mobile Safari/537.36 (compatible; Googlebot/2.1; +http://www.google.com/bot.html)"
66.249.75.32 - - [14/May/2025:14:05:50 +0200] "GET /index.php?c=7080s&cp=7 HTTP/1.1" 200 18354 "-" "Mozilla/5.0 (Linux; Android 6.0.1; Nexus 5X Build/MMB29P) AppleWebKit/537.36 (KHTML, like Gecko) Chrome/136.0.7103.59 Mobile Safari/537.36 (compatible; Googlebot/2.1; +http://www.google.com/bot.html)"
167.235.143.113 - - [14/May/2025:14:08:10 +0200] "HEAD / HTTP/1.1" 200 0 "http://nagybistvan.hu" "Mozilla/5.0+(compatible; UptimeRobot/2.0; http://www.uptimerobot.com/)"
66.249.75.32 - - [14/May/2025:14:08:27 +0200] "GET /index.php?c=7080s&cp=3 HTTP/1.1" 200 16807 "-" "Mozilla/5.0 (Linux; Android 6.0.1; Nexus 5X Build/MMB29P) AppleWebKit/537.36 (KHTML, like Gecko) Chrome/136.0.7103.59 Mobile Safari/537.36 (compatible; Googlebot/2.1; +http://www.google.com/bot.html)"
66.249.75.45 - - [14/May/2025:14:10:11 +0200] "GET /index.php?c=7080s&cp=2 HTTP/1.1" 200 17095 "-" "Mozilla/5.0 (Linux; Android 6.0.1; Nexus 5X Build/MMB29P) AppleWebKit/537.36 (KHTML, like Gecko) Chrome/136.0.7103.59 Mobile Safari/537.36 (compatible; Googlebot/2.1; +http://www.google.com/bot.html)"
66.249.75.45 - - [14/May/2025:14:11:55 +0200] "GET /index.php?c=7080s&cp=5 HTTP/1.1" 200 17889 "-" "Mozilla/5.0 (Linux; Android 6.0.1; Nexus 5X Build/MMB29P) AppleWebKit/537.36 (KHTML, like Gecko) Chrome/136.0.7103.59 Mobile Safari/537.36 (compatible; Googlebot/2.1; +http://www.google.com/bot.html)"
167.235.143.113 - - [14/May/2025:14:13:14 +0200] "HEAD / HTTP/1.1" 200 0 "http://nagybistvan.hu" "Mozilla/5.0+(compatible; UptimeRobot/2.0; http://www.uptimerobot.com/)"
66.249.70.7 - - [14/May/2025:14:16:48 +0200] "GET /mozaik/Mozaik_r2_t.jpg HTTP/1.1" 304 - "-" "Googlebot-Image/1.0"
168.119.96.239 - - [14/May/2025:14:18:18 +0200] "HEAD / HTTP/1.1" 200 0 "http://nagybistvan.hu" "Mozilla/5.0+(compatible; UptimeRobot/2.0; http://www.uptimerobot.com/)"
49.13.24.81 - - [14/May/2025:14:23:23 +0200] "HEAD / HTTP/1.1" 200 0 "http://nagybistvan.hu" "Mozilla/5.0+(compatible; UptimeRobot/2.0; http://www.uptimerobot.com/)"
66.249.70.6 - - [14/May/2025:14:26:49 +0200] "GET /media/image/24.291.001.jpg HTTP/1.1" 200 112444 "-" "Googlebot-Image/1.0"
128.140.106.114 - - [14/May/2025:14:28:27 +0200] "HEAD / HTTP/1.1" 200 0 "http://nagybistvan.hu" "Mozilla/5.0+(compatible; UptimeRobot/2.0; http://www.uptimerobot.com/)"
49.13.24.81 - - [14/May/2025:14:33:31 +0200] "HEAD / HTTP/1.1" 200 0 "http://nagybistvan.hu" "Mozilla/5.0+(compatible; UptimeRobot/2.0; http://www.uptimerobot.com/)"
66.249.70.5 - - [14/May/2025:14:36:49 +0200] "GET /media/image/30.366.001.jpg HTTP/1.1" 200 184985 "-" "Googlebot-Image/1.0"
78.47.98.55 - - [14/May/2025:14:38:36 +0200] "HEAD / HTTP/1.1" 200 0 "http://nagybistvan.hu" "Mozilla/5.0+(compatible; UptimeRobot/2.0; http://www.uptimerobot.com/)"
78.46.190.63 - - [14/May/2025:14:43:40 +0200] "HEAD / HTTP/1.1" 200 0 "http://nagybistvan.hu" "Mozilla/5.0+(compatible; UptimeRobot/2.0; http://www.uptimerobot.com/)"
66.249.70.6 - - [14/May/2025:14:44:51 +0200] "GET /korai/pages/Fekete%20fej%20(lelt%E1ri%20c%EDmad%E1s)-1965%20k%F6r%FCl.html HTTP/1.1" 200 1468 "-" "Mozilla/5.0 (Linux; Android 6.0.1; Nexus 5X Build/MMB29P) AppleWebKit/537.36 (KHTML, like Gecko) Chrome/136.0.7103.59 Mobile Safari/537.36 (compatible; Googlebot/2.1; +http://www.google.com/bot.html)"
66.249.70.6 - - [14/May/2025:14:46:48 +0200] "GET /media/image/24.292.001.jpg HTTP/1.1" 200 115931 "-" "Googlebot-Image/1.0"
78.47.98.55 - - [14/May/2025:14:48:43 +0200] "HEAD / HTTP/1.1" 200 0 "http://nagybistvan.hu" "Mozilla/5.0+(compatible; UptimeRobot/2.0; http://www.uptimerobot.com/)"
66.249.70.5 - - [14/May/2025:14:49:52 +0200] "GET /index.php?c=mozaik&cp=2 HTTP/1.1" 200 10986 "-" "Mozilla/5.0 (Linux; Android 6.0.1; Nexus 5X Build/MMB29P) AppleWebKit/537.36 (KHTML, like Gecko) Chrome/136.0.7103.59 Mobile Safari/537.36 (compatible; Googlebot/2.1; +http://www.google.com/bot.html)"
78.46.215.1 - - [14/May/2025:14:53:47 +0200] "HEAD / HTTP/1.1" 200 0 "http://nagybistvan.hu" "Mozilla/5.0+(compatible; UptimeRobot/2.0; http://www.uptimerobot.com/)"
49.13.24.81 - - [14/May/2025:14:58:51 +0200] "HEAD / HTTP/1.1" 200 0 "http://nagybistvan.hu" "Mozilla/5.0+(compatible; UptimeRobot/2.0; http://www.uptimerobot.com/)"
52.42.222.215 - - [14/May/2025:15:00:05 +0200] "GET / HTTP/1.1" 200 6704 "-" "Mozilla/5.0 (X11; Linux x86_64) AppleWebKit/537.36 (KHTML, like Gecko) Chrome/83.0.4103.97 Safari/537.36"
49.13.164.148 - - [14/May/2025:15:03:55 +0200] "HEAD / HTTP/1.1" 200 0 "http://nagybistvan.hu" "Mozilla/5.0+(compatible; UptimeRobot/2.0; http://www.uptimerobot.com/)"
168.119.53.160 - - [14/May/2025:15:08:59 +0200] "HEAD / HTTP/1.1" 200 0 "http://nagybistvan.hu" "Mozilla/5.0+(compatible; UptimeRobot/2.0; http://www.uptimerobot.com/)"
78.47.173.76 - - [14/May/2025:15:14:03 +0200] "HEAD / HTTP/1.1" 200 0 "http://nagybistvan.hu" "Mozilla/5.0+(compatible; UptimeRobot/2.0; http://www.uptimerobot.com/)"
43.157.179.227 - - [14/May/2025:15:16:01 +0200] "GET / HTTP/1.1" 200 6862 "-" "Mozilla/5.0 (iPhone; CPU iPhone OS 13_2_3 like Mac OS X) AppleWebKit/605.1.15 (KHTML, like Gecko) Version/13.0.3 Mobile/15E148 Safari/604.1"
168.119.96.239 - - [14/May/2025:15:19:07 +0200] "HEAD / HTTP/1.1" 200 0 "http://nagybistvan.hu" "Mozilla/5.0+(compatible; UptimeRobot/2.0; http://www.uptimerobot.com/)"
78.47.98.55 - - [14/May/2025:15:24:12 +0200] "HEAD / HTTP/1.1" 200 0 "http://nagybistvan.hu" "Mozilla/5.0+(compatible; UptimeRobot/2.0; http://www.uptimerobot.com/)"
88.99.80.227 - - [14/May/2025:15:29:18 +0200] "HEAD / HTTP/1.1" 200 0 "http://nagybistvan.hu" "Mozilla/5.0+(compatible; UptimeRobot/2.0; http://www.uptimerobot.com/)"
66.249.70.6 - - [14/May/2025:15:32:50 +0200] "GET /media/image/07.129.001.jpg HTTP/1.1" 200 77252 "-" "Googlebot-Image/1.0"
49.13.167.123 - - [14/May/2025:15:34:23 +0200] "HEAD / HTTP/1.1" 200 0 "http://nagybistvan.hu" "Mozilla/5.0+(compatible; UptimeRobot/2.0; http://www.uptimerobot.com/)"
49.13.167.123 - - [14/May/2025:15:39:27 +0200] "HEAD / HTTP/1.1" 200 0 "http://nagybistvan.hu" "Mozilla/5.0+(compatible; UptimeRobot/2.0; http://www.uptimerobot.com/)"
168.119.96.239 - - [14/May/2025:15:44:31 +0200] "HEAD / HTTP/1.1" 200 0 "http://nagybistvan.hu" "Mozilla/5.0+(compatible; UptimeRobot/2.0; http://www.uptimerobot.com/)"
49.13.167.123 - - [14/May/2025:15:49:35 +0200] "HEAD / HTTP/1.1" 200 0 "http://nagybistvan.hu" "Mozilla/5.0+(compatible; UptimeRobot/2.0; http://www.uptimerobot.com/)"
66.249.70.6 - - [14/May/2025:15:52:50 +0200] "GET /arckepcsarnok/07.079.001.jpg HTTP/1.1" 404 1181 "-" "Googlebot-Image/1.0"
168.119.53.160 - - [14/May/2025:15:54:39 +0200] "HEAD / HTTP/1.1" 200 0 "http://nagybistvan.hu" "Mozilla/5.0+(compatible; UptimeRobot/2.0; http://www.uptimerobot.com/)"
49.13.130.29 - - [14/May/2025:15:59:43 +0200] "HEAD / HTTP/1.1" 200 0 "http://nagybistvan.hu" "Mozilla/5.0+(compatible; UptimeRobot/2.0; http://www.uptimerobot.com/)"
66.249.70.6 - - [14/May/2025:16:03:52 +0200] "GET /dijai HTTP/1.1" 301 315 "-" "Mozilla/5.0 (Linux; Android 6.0.1; Nexus 5X Build/MMB29P) AppleWebKit/537.36 (KHTML, like Gecko) Chrome/136.0.7103.59 Mobile Safari/537.36 (compatible; Googlebot/2.1; +http://www.google.com/bot.html)"
66.249.70.5 - - [14/May/2025:16:03:53 +0200] "GET /dijai/ HTTP/1.1" 302 5 "-" "Mozilla/5.0 (Linux; Android 6.0.1; Nexus 5X Build/MMB29P) AppleWebKit/537.36 (KHTML, like Gecko) Chrome/136.0.7103.59 Mobile Safari/537.36 (compatible; Googlebot/2.1; +http://www.google.com/bot.html)"
66.249.70.6 - - [14/May/2025:16:03:53 +0200] "GET /index.php?c=dijai HTTP/1.1" 200 7014 "-" "Mozilla/5.0 (Linux; Android 6.0.1; Nexus 5X Build/MMB29P) AppleWebKit/537.36 (KHTML, like Gecko) Chrome/136.0.7103.59 Mobile Safari/537.36 (compatible; Googlebot/2.1; +http://www.google.com/bot.html)"
157.90.155.240 - - [14/May/2025:16:04:47 +0200] "HEAD / HTTP/1.1" 200 0 "http://nagybistvan.hu" "Mozilla/5.0+(compatible; UptimeRobot/2.0; http://www.uptimerobot.com/)"
159.69.158.189 - - [14/May/2025:16:09:51 +0200] "HEAD / HTTP/1.1" 200 0 "http://nagybistvan.hu" "Mozilla/5.0+(compatible; UptimeRobot/2.0; http://www.uptimerobot.com/)"
66.249.70.5 - - [14/May/2025:16:09:55 +0200] "GET /bio HTTP/1.1" 301 313 "-" "Mozilla/5.0 (Linux; Android 6.0.1; Nexus 5X Build/MMB29P) AppleWebKit/537.36 (KHTML, like Gecko) Chrome/136.0.7103.59 Mobile Safari/537.36 (compatible; Googlebot/2.1; +http://www.google.com/bot.html)"
66.249.70.6 - - [14/May/2025:16:09:55 +0200] "GET /bio/ HTTP/1.1" 302 5 "-" "Mozilla/5.0 (Linux; Android 6.0.1; Nexus 5X Build/MMB29P) AppleWebKit/537.36 (KHTML, like Gecko) Chrome/136.0.7103.59 Mobile Safari/537.36 (compatible; Googlebot/2.1; +http://www.google.com/bot.html)"
66.249.70.7 - - [14/May/2025:16:09:56 +0200] "GET /index.php?c=bio HTTP/1.1" 200 13204 "-" "Mozilla/5.0 (Linux; Android 6.0.1; Nexus 5X Build/MMB29P) AppleWebKit/537.36 (KHTML, like Gecko) Chrome/136.0.7103.59 Mobile Safari/537.36 (compatible; Googlebot/2.1; +http://www.google.com/bot.html)"
128.140.41.193 - - [14/May/2025:16:14:57 +0200] "HEAD / HTTP/1.1" 200 0 "http://nagybistvan.hu" "Mozilla/5.0+(compatible; UptimeRobot/2.0; http://www.uptimerobot.com/)"
66.249.70.7 - - [14/May/2025:16:15:58 +0200] "GET /egyeni HTTP/1.1" 301 316 "-" "Mozilla/5.0 (Linux; Android 6.0.1; Nexus 5X Build/MMB29P) AppleWebKit/537.36 (KHTML, like Gecko) Chrome/136.0.7103.59 Mobile Safari/537.36 (compatible; Googlebot/2.1; +http://www.google.com/bot.html)"
66.249.70.5 - - [14/May/2025:16:15:59 +0200] "GET /egyeni/ HTTP/1.1" 302 5 "-" "Mozilla/5.0 (Linux; Android 6.0.1; Nexus 5X Build/MMB29P) AppleWebKit/537.36 (KHTML, like Gecko) Chrome/136.0.7103.59 Mobile Safari/537.36 (compatible; Googlebot/2.1; +http://www.google.com/bot.html)"
66.249.70.7 - - [14/May/2025:16:16:00 +0200] "GET /index.php?c=egyeni HTTP/1.1" 200 8380 "-" "Mozilla/5.0 (Linux; Android 6.0.1; Nexus 5X Build/MMB29P) AppleWebKit/537.36 (KHTML, like Gecko) Chrome/136.0.7103.59 Mobile Safari/537.36 (compatible; Googlebot/2.1; +http://www.google.com/bot.html)"
49.13.24.81 - - [14/May/2025:16:20:01 +0200] "HEAD / HTTP/1.1" 200 0 "http://nagybistvan.hu" "Mozilla/5.0+(compatible; UptimeRobot/2.0; http://www.uptimerobot.com/)"
157.90.155.240 - - [14/May/2025:16:25:06 +0200] "HEAD / HTTP/1.1" 200 0 "http://nagybistvan.hu" "Mozilla/5.0+(compatible; UptimeRobot/2.0; http://www.uptimerobot.com/)"
88.99.80.227 - - [14/May/2025:16:30:09 +0200] "HEAD / HTTP/1.1" 200 0 "http://nagybistvan.hu" "Mozilla/5.0+(compatible; UptimeRobot/2.0; http://www.uptimerobot.com/)"
49.13.130.29 - - [14/May/2025:16:35:12 +0200] "HEAD / HTTP/1.1" 200 0 "http://nagybistvan.hu" "Mozilla/5.0+(compatible; UptimeRobot/2.0; http://www.uptimerobot.com/)"
91.242.162.8 - - [14/May/2025:16:39:47 +0200] "GET /robots.txt HTTP/1.1" 404 1181 "-" "Mozilla/5.0 (compatible; Qwantbot/1.0; +https://help.qwant.com/bot/)"
49.13.167.123 - - [14/May/2025:16:40:17 +0200] "HEAD / HTTP/1.1" 200 0 "http://nagybistvan.hu" "Mozilla/5.0+(compatible; UptimeRobot/2.0; http://www.uptimerobot.com/)"
91.242.162.6 - - [14/May/2025:16:40:58 +0200] "GET /?c=csoportos HTTP/1.1" 200 13251 "-" "Mozilla/5.0 (compatible; Qwantbot/1.0_1079845; +https://help.qwant.com/bot/)"
49.13.24.81 - - [14/May/2025:16:45:23 +0200] "HEAD / HTTP/1.1" 200 0 "http://nagybistvan.hu" "Mozilla/5.0+(compatible; UptimeRobot/2.0; http://www.uptimerobot.com/)"
66.249.70.7 - - [14/May/2025:16:49:55 +0200] "GET /zsambek/Piros%20Zsambek.html HTTP/1.1" 200 692 "-" "Mozilla/5.0 (Linux; Android 6.0.1; Nexus 5X Build/MMB29P) AppleWebKit/537.36 (KHTML, like Gecko) Chrome/136.0.7103.59 Mobile Safari/537.36 (compatible; Googlebot/2.1; +http://www.google.com/bot.html)"
167.235.143.113 - - [14/May/2025:16:50:27 +0200] "HEAD / HTTP/1.1" 200 0 "http://nagybistvan.hu" "Mozilla/5.0+(compatible; UptimeRobot/2.0; http://www.uptimerobot.com/)"
78.47.173.76 - - [14/May/2025:16:55:32 +0200] "HEAD / HTTP/1.1" 200 0 "http://nagybistvan.hu" "Mozilla/5.0+(compatible; UptimeRobot/2.0; http://www.uptimerobot.com/)"
157.90.156.63 - - [14/May/2025:17:00:37 +0200] "HEAD / HTTP/1.1" 200 0 "http://nagybistvan.hu" "Mozilla/5.0+(compatible; UptimeRobot/2.0; http://www.uptimerobot.com/)"
78.47.173.76 - - [14/May/2025:17:05:41 +0200] "HEAD / HTTP/1.1" 200 0 "http://nagybistvan.hu" "Mozilla/5.0+(compatible; UptimeRobot/2.0; http://www.uptimerobot.com/)"
78.46.215.1 - - [14/May/2025:17:10:44 +0200] "HEAD / HTTP/1.1" 200 0 "http://nagybistvan.hu" "Mozilla/5.0+(compatible; UptimeRobot/2.0; http://www.uptimerobot.com/)"
49.13.24.81 - - [14/May/2025:17:15:48 +0200] "HEAD / HTTP/1.1" 200 0 "http://nagybistvan.hu" "Mozilla/5.0+(compatible; UptimeRobot/2.0; http://www.uptimerobot.com/)"
142.132.180.39 - - [14/May/2025:17:20:51 +0200] "HEAD / HTTP/1.1" 200 0 "http://nagybistvan.hu" "Mozilla/5.0+(compatible; UptimeRobot/2.0; http://www.uptimerobot.com/)"
168.119.96.239 - - [14/May/2025:17:25:57 +0200] "HEAD / HTTP/1.1" 200 0 "http://nagybistvan.hu" "Mozilla/5.0+(compatible; UptimeRobot/2.0; http://www.uptimerobot.com/)"
167.235.143.113 - - [14/May/2025:17:31:00 +0200] "HEAD / HTTP/1.1" 200 0 "http://nagybistvan.hu" "Mozilla/5.0+(compatible; UptimeRobot/2.0; http://www.uptimerobot.com/)"
49.13.134.145 - - [14/May/2025:17:36:04 +0200] "HEAD / HTTP/1.1" 200 0 "http://nagybistvan.hu" "Mozilla/5.0+(compatible; UptimeRobot/2.0; http://www.uptimerobot.com/)"
78.46.215.1 - - [14/May/2025:17:41:08 +0200] "HEAD / HTTP/1.1" 200 0 "http://nagybistvan.hu" "Mozilla/5.0+(compatible; UptimeRobot/2.0; http://www.uptimerobot.com/)"
168.119.96.239 - - [14/May/2025:17:46:12 +0200] "HEAD / HTTP/1.1" 200 0 "http://nagybistvan.hu" "Mozilla/5.0+(compatible; UptimeRobot/2.0; http://www.uptimerobot.com/)"
142.132.180.39 - - [14/May/2025:17:51:16 +0200] "HEAD / HTTP/1.1" 200 0 "http://nagybistvan.hu" "Mozilla/5.0+(compatible; UptimeRobot/2.0; http://www.uptimerobot.com/)"
142.132.180.39 - - [14/May/2025:17:56:20 +0200] "HEAD / HTTP/1.1" 200 0 "http://nagybistvan.hu" "Mozilla/5.0+(compatible; UptimeRobot/2.0; http://www.uptimerobot.com/)"
78.46.190.63 - - [14/May/2025:18:01:24 +0200] "HEAD / HTTP/1.1" 200 0 "http://nagybistvan.hu" "Mozilla/5.0+(compatible; UptimeRobot/2.0; http://www.uptimerobot.com/)"
142.132.180.39 - - [14/May/2025:18:06:27 +0200] "HEAD / HTTP/1.1" 200 0 "http://nagybistvan.hu" "Mozilla/5.0+(compatible; UptimeRobot/2.0; http://www.uptimerobot.com/)"
167.235.143.113 - - [14/May/2025:18:11:33 +0200] "HEAD / HTTP/1.1" 200 0 "http://nagybistvan.hu" "Mozilla/5.0+(compatible; UptimeRobot/2.0; http://www.uptimerobot.com/)"
142.132.180.39 - - [14/May/2025:18:16:38 +0200] "HEAD / HTTP/1.1" 200 0 "http://nagybistvan.hu" "Mozilla/5.0+(compatible; UptimeRobot/2.0; http://www.uptimerobot.com/)"
168.119.96.239 - - [14/May/2025:18:21:42 +0200] "HEAD / HTTP/1.1" 200 0 "http://nagybistvan.hu" "Mozilla/5.0+(compatible; UptimeRobot/2.0; http://www.uptimerobot.com/)"
78.46.190.63 - - [14/May/2025:18:26:45 +0200] "HEAD / HTTP/1.1" 200 0 "http://nagybistvan.hu" "Mozilla/5.0+(compatible; UptimeRobot/2.0; http://www.uptimerobot.com/)"
157.90.155.240 - - [14/May/2025:18:31:50 +0200] "HEAD / HTTP/1.1" 200 0 "http://nagybistvan.hu" "Mozilla/5.0+(compatible; UptimeRobot/2.0; http://www.uptimerobot.com/)"
157.90.156.63 - - [14/May/2025:18:36:53 +0200] "HEAD / HTTP/1.1" 200 0 "http://nagybistvan.hu" "Mozilla/5.0+(compatible; UptimeRobot/2.0; http://www.uptimerobot.com/)"
168.119.53.160 - - [14/May/2025:18:41:57 +0200] "HEAD / HTTP/1.1" 200 0 "http://nagybistvan.hu" "Mozilla/5.0+(compatible; UptimeRobot/2.0; http://www.uptimerobot.com/)"
142.132.180.39 - - [14/May/2025:18:47:02 +0200] "HEAD / HTTP/1.1" 200 0 "http://nagybistvan.hu" "Mozilla/5.0+(compatible; UptimeRobot/2.0; http://www.uptimerobot.com/)"
128.140.106.114 - - [14/May/2025:18:52:07 +0200] "HEAD / HTTP/1.1" 200 0 "http://nagybistvan.hu" "Mozilla/5.0+(compatible; UptimeRobot/2.0; http://www.uptimerobot.com/)"
159.69.158.189 - - [14/May/2025:18:57:12 +0200] "HEAD / HTTP/1.1" 200 0 "http://nagybistvan.hu" "Mozilla/5.0+(compatible; UptimeRobot/2.0; http://www.uptimerobot.com/)"
128.140.41.193 - - [14/May/2025:19:02:17 +0200] "HEAD / HTTP/1.1" 200 0 "http://nagybistvan.hu" "Mozilla/5.0+(compatible; UptimeRobot/2.0; http://www.uptimerobot.com/)"
128.140.106.114 - - [14/May/2025:19:07:20 +0200] "HEAD / HTTP/1.1" 200 0 "http://nagybistvan.hu" "Mozilla/5.0+(compatible; UptimeRobot/2.0; http://www.uptimerobot.com/)"
168.119.96.239 - - [14/May/2025:19:12:24 +0200] "HEAD / HTTP/1.1" 200 0 "http://nagybistvan.hu" "Mozilla/5.0+(compatible; UptimeRobot/2.0; http://www.uptimerobot.com/)"
167.235.143.113 - - [14/May/2025:19:17:28 +0200] "HEAD / HTTP/1.1" 200 0 "http://nagybistvan.hu" "Mozilla/5.0+(compatible; UptimeRobot/2.0; http://www.uptimerobot.com/)"
49.13.134.145 - - [14/May/2025:19:22:33 +0200] "HEAD / HTTP/1.1" 200 0 "http://nagybistvan.hu" "Mozilla/5.0+(compatible; UptimeRobot/2.0; http://www.uptimerobot.com/)"
78.46.190.63 - - [14/May/2025:19:27:37 +0200] "HEAD / HTTP/1.1" 200 0 "http://nagybistvan.hu" "Mozilla/5.0+(compatible; UptimeRobot/2.0; http://www.uptimerobot.com/)"
49.13.134.145 - - [14/May/2025:19:32:41 +0200] "HEAD / HTTP/1.1" 200 0 "http://nagybistvan.hu" "Mozilla/5.0+(compatible; UptimeRobot/2.0; http://www.uptimerobot.com/)"
168.119.96.239 - - [14/May/2025:19:37:45 +0200] "HEAD / HTTP/1.1" 200 0 "http://nagybistvan.hu" "Mozilla/5.0+(compatible; UptimeRobot/2.0; http://www.uptimerobot.com/)"
4.227.36.23 - - [14/May/2025:19:39:48 +0200] "GET /robots.txt HTTP/1.1" 404 1181 "-" "Mozilla/5.0 AppleWebKit/537.36 (KHTML, like Gecko; compatible; GPTBot/1.2; +https://openai.com/gptbot)"
78.47.98.55 - - [14/May/2025:19:42:49 +0200] "HEAD / HTTP/1.1" 200 0 "http://nagybistvan.hu" "Mozilla/5.0+(compatible; UptimeRobot/2.0; http://www.uptimerobot.com/)"
49.13.130.29 - - [14/May/2025:19:47:53 +0200] "HEAD / HTTP/1.1" 200 0 "http://nagybistvan.hu" "Mozilla/5.0+(compatible; UptimeRobot/2.0; http://www.uptimerobot.com/)"
49.13.167.123 - - [14/May/2025:19:52:57 +0200] "HEAD / HTTP/1.1" 200 0 "http://nagybistvan.hu" "Mozilla/5.0+(compatible; UptimeRobot/2.0; http://www.uptimerobot.com/)"
49.13.134.145 - - [14/May/2025:19:58:00 +0200] "HEAD / HTTP/1.1" 200 0 "http://nagybistvan.hu" "Mozilla/5.0+(compatible; UptimeRobot/2.0; http://www.uptimerobot.com/)"
78.47.98.55 - - [14/May/2025:20:03:07 +0200] "HEAD / HTTP/1.1" 200 0 "http://nagybistvan.hu" "Mozilla/5.0+(compatible; UptimeRobot/2.0; http://www.uptimerobot.com/)"
66.249.70.7 - - [14/May/2025:20:05:00 +0200] "GET /zsambek/Zsambek%20LXIII.jpg HTTP/1.1" 200 131351 "-" "Googlebot-Image/1.0"
49.13.130.29 - - [14/May/2025:20:08:11 +0200] "HEAD / HTTP/1.1" 200 0 "http://nagybistvan.hu" "Mozilla/5.0+(compatible; UptimeRobot/2.0; http://www.uptimerobot.com/)"
49.13.164.148 - - [14/May/2025:20:13:14 +0200] "HEAD / HTTP/1.1" 200 0 "http://nagybistvan.hu" "Mozilla/5.0+(compatible; UptimeRobot/2.0; http://www.uptimerobot.com/)"
157.90.155.240 - - [14/May/2025:20:18:18 +0200] "HEAD / HTTP/1.1" 200 0 "http://nagybistvan.hu" "Mozilla/5.0+(compatible; UptimeRobot/2.0; http://www.uptimerobot.com/)"
157.90.156.63 - - [14/May/2025:20:23:22 +0200] "HEAD / HTTP/1.1" 200 0 "http://nagybistvan.hu" "Mozilla/5.0+(compatible; UptimeRobot/2.0; http://www.uptimerobot.com/)"
159.69.158.189 - - [14/May/2025:20:28:25 +0200] "HEAD / HTTP/1.1" 200 0 "http://nagybistvan.hu" "Mozilla/5.0+(compatible; UptimeRobot/2.0; http://www.uptimerobot.com/)"
78.47.98.55 - - [14/May/2025:20:33:29 +0200] "HEAD / HTTP/1.1" 200 0 "http://nagybistvan.hu" "Mozilla/5.0+(compatible; UptimeRobot/2.0; http://www.uptimerobot.com/)"
167.235.143.113 - - [14/May/2025:20:38:33 +0200] "HEAD / HTTP/1.1" 200 0 "http://nagybistvan.hu" "Mozilla/5.0+(compatible; UptimeRobot/2.0; http://www.uptimerobot.com/)"
49.13.164.148 - - [14/May/2025:20:43:37 +0200] "HEAD / HTTP/1.1" 200 0 "http://nagybistvan.hu" "Mozilla/5.0+(compatible; UptimeRobot/2.0; http://www.uptimerobot.com/)"
52.156.59.133 - - [14/May/2025:20:46:17 +0200] "HEAD /wordpress HTTP/1.1" 404 0 "-" "Mozilla/5.0 (Windows NT 10.0; Win64; x64) AppleWebKit/537.36 (KHTML, like Gecko) Chrome/74.0.3729.169 Safari/537.36"
52.156.59.133 - - [14/May/2025:20:46:17 +0200] "HEAD / HTTP/1.1" 200 0 "-" "Mozilla/5.0 (Windows NT 10.0; Win64; x64) AppleWebKit/537.36 (KHTML, like Gecko) Chrome/74.0.3729.169 Safari/537.36"
52.156.59.133 - - [14/May/2025:20:46:17 +0200] "HEAD /wp HTTP/1.1" 404 0 "-" "Mozilla/5.0 (Windows NT 10.0; Win64; x64) AppleWebKit/537.36 (KHTML, like Gecko) Chrome/74.0.3729.169 Safari/537.36"
52.156.59.133 - - [14/May/2025:20:46:17 +0200] "HEAD /bc HTTP/1.1" 404 0 "-" "Mozilla/5.0 (Windows NT 10.0; Win64; x64) AppleWebKit/537.36 (KHTML, like Gecko) Chrome/74.0.3729.169 Safari/537.36"
52.156.59.133 - - [14/May/2025:20:46:18 +0200] "HEAD /bk HTTP/1.1" 404 0 "-" "Mozilla/5.0 (Windows NT 10.0; Win64; x64) AppleWebKit/537.36 (KHTML, like Gecko) Chrome/74.0.3729.169 Safari/537.36"
52.156.59.133 - - [14/May/2025:20:46:18 +0200] "HEAD /backup HTTP/1.1" 404 0 "-" "Mozilla/5.0 (Windows NT 10.0; Win64; x64) AppleWebKit/537.36 (KHTML, like Gecko) Chrome/74.0.3729.169 Safari/537.36"
52.156.59.133 - - [14/May/2025:20:46:18 +0200] "HEAD /old HTTP/1.1" 404 0 "-" "Mozilla/5.0 (Windows NT 10.0; Win64; x64) AppleWebKit/537.36 (KHTML, like Gecko) Chrome/74.0.3729.169 Safari/537.36"
52.156.59.133 - - [14/May/2025:20:46:18 +0200] "HEAD /new HTTP/1.1" 404 0 "-" "Mozilla/5.0 (Windows NT 10.0; Win64; x64) AppleWebKit/537.36 (KHTML, like Gecko) Chrome/74.0.3729.169 Safari/537.36"
52.156.59.133 - - [14/May/2025:20:46:19 +0200] "HEAD /main HTTP/1.1" 404 0 "-" "Mozilla/5.0 (Windows NT 10.0; Win64; x64) AppleWebKit/537.36 (KHTML, like Gecko) Chrome/74.0.3729.169 Safari/537.36"
52.156.59.133 - - [14/May/2025:20:46:19 +0200] "HEAD /home HTTP/1.1" 404 0 "-" "Mozilla/5.0 (Windows NT 10.0; Win64; x64) AppleWebKit/537.36 (KHTML, like Gecko) Chrome/74.0.3729.169 Safari/537.36"
78.46.215.1 - - [14/May/2025:20:48:41 +0200] "HEAD / HTTP/1.1" 200 0 "http://nagybistvan.hu" "Mozilla/5.0+(compatible; UptimeRobot/2.0; http://www.uptimerobot.com/)"
49.13.167.123 - - [14/May/2025:20:53:45 +0200] "HEAD / HTTP/1.1" 200 0 "http://nagybistvan.hu" "Mozilla/5.0+(compatible; UptimeRobot/2.0; http://www.uptimerobot.com/)"
142.132.180.39 - - [14/May/2025:20:58:51 +0200] "HEAD / HTTP/1.1" 200 0 "http://nagybistvan.hu" "Mozilla/5.0+(compatible; UptimeRobot/2.0; http://www.uptimerobot.com/)"
157.90.155.240 - - [14/May/2025:21:03:57 +0200] "HEAD / HTTP/1.1" 200 0 "http://nagybistvan.hu" "Mozilla/5.0+(compatible; UptimeRobot/2.0; http://www.uptimerobot.com/)"
49.13.134.145 - - [14/May/2025:21:09:01 +0200] "HEAD / HTTP/1.1" 200 0 "http://nagybistvan.hu" "Mozilla/5.0+(compatible; UptimeRobot/2.0; http://www.uptimerobot.com/)"
78.47.98.55 - - [14/May/2025:21:14:05 +0200] "HEAD / HTTP/1.1" 200 0 "http://nagybistvan.hu" "Mozilla/5.0+(compatible; UptimeRobot/2.0; http://www.uptimerobot.com/)"
66.249.70.7 - - [14/May/2025:21:16:52 +0200] "GET /robots.txt HTTP/1.1" 404 1181 "-" "Mozilla/5.0 (compatible; Googlebot/2.1; +http://www.google.com/bot.html)"
66.249.70.5 - - [14/May/2025:21:16:53 +0200] "GET /index.php?c=rolairtak&oby=2 HTTP/1.1" 200 8076 "-" "Mozilla/5.0 (Linux; Android 6.0.1; Nexus 5X Build/MMB29P) AppleWebKit/537.36 (KHTML, like Gecko) Chrome/136.0.7103.59 Mobile Safari/537.36 (compatible; Googlebot/2.1; +http://www.google.com/bot.html)"
168.119.96.239 - - [14/May/2025:21:19:09 +0200] "HEAD / HTTP/1.1" 200 0 "http://nagybistvan.hu" "Mozilla/5.0+(compatible; UptimeRobot/2.0; http://www.uptimerobot.com/)"
49.13.130.29 - - [14/May/2025:21:24:14 +0200] "HEAD / HTTP/1.1" 200 0 "http://nagybistvan.hu" "Mozilla/5.0+(compatible; UptimeRobot/2.0; http://www.uptimerobot.com/)"
157.90.156.63 - - [14/May/2025:21:29:18 +0200] "HEAD / HTTP/1.1" 200 0 "http://nagybistvan.hu" "Mozilla/5.0+(compatible; UptimeRobot/2.0; http://www.uptimerobot.com/)"
