78.46.190.63 - - [03/Jul/2025:17:48:00 +0200] "HEAD / HTTP/1.1" 200 0 "http://nagybistvan.hu" "Mozilla/5.0+(compatible; UptimeRobot/2.0; http://www.uptimerobot.com/)"
66.249.64.131 - - [03/Jul/2025:17:49:59 +0200] "GET /robots.txt HTTP/1.1" 404 1181 "-" "Mozilla/5.0 (compatible; Googlebot/2.1; +http://www.google.com/bot.html)"
66.249.64.131 - - [03/Jul/2025:17:50:00 +0200] "GET /zsambek/Zsambek%20LXIII.jpg HTTP/1.1" 200 131351 "-" "Googlebot-Image/1.0"
66.249.64.105 - - [03/Jul/2025:17:52:23 +0200] "GET /login.php HTTP/1.1" 404 37 "-" "Mozilla/5.0 (Linux; Android 6.0.1; Nexus 5X Build/MMB29P) AppleWebKit/537.36 (KHTML, like Gecko) Chrome/137.0.7151.103 Mobile Safari/537.36 (compatible; Googlebot/2.1; +http://www.google.com/bot.html)"
168.119.123.75 - - [03/Jul/2025:17:53:04 +0200] "HEAD / HTTP/1.1" 200 0 "http://nagybistvan.hu" "Mozilla/5.0+(compatible; UptimeRobot/2.0; http://www.uptimerobot.com/)"
49.13.134.145 - - [03/Jul/2025:17:58:07 +0200] "HEAD / HTTP/1.1" 200 0 "http://nagybistvan.hu" "Mozilla/5.0+(compatible; UptimeRobot/2.0; http://www.uptimerobot.com/)"
42.96.17.195 - - [03/Jul/2025:18:02:44 +0200] "GET / HTTP/1.1" 200 6790 "-" "Mozilla/5.0 (Windows NT 11.0; Win64; x64) AppleWebKit/537.36 (KHTML, like Gecko) Chrome/126.0.0.0 Safari/537.36"
128.140.41.193 - - [03/Jul/2025:18:03:11 +0200] "HEAD / HTTP/1.1" 200 0 "http://nagybistvan.hu" "Mozilla/5.0+(compatible; UptimeRobot/2.0; http://www.uptimerobot.com/)"
128.140.106.114 - - [03/Jul/2025:18:08:14 +0200] "HEAD / HTTP/1.1" 200 0 "http://nagybistvan.hu" "Mozilla/5.0+(compatible; UptimeRobot/2.0; http://www.uptimerobot.com/)"
157.90.156.63 - - [03/Jul/2025:18:13:17 +0200] "HEAD / HTTP/1.1" 200 0 "http://nagybistvan.hu" "Mozilla/5.0+(compatible; UptimeRobot/2.0; http://www.uptimerobot.com/)"
82.165.81.235 - - [03/Jul/2025:18:16:02 +0200] "HEAD /backup.zip HTTP/1.1" 404 0 "-" "-"
82.165.81.235 - - [03/Jul/2025:18:16:02 +0200] "HEAD /Archive.zip HTTP/1.1" 404 0 "-" "-"
82.165.81.235 - - [03/Jul/2025:18:16:02 +0200] "HEAD /nagybistvan.hu.zip HTTP/1.1" 404 0 "-" "-"
138.68.173.165 - - [03/Jul/2025:18:16:10 +0200] "HEAD /archive.zip HTTP/1.1" 404 0 "-" "-"
138.68.173.165 - - [03/Jul/2025:18:16:10 +0200] "HEAD /Backup.zip HTTP/1.1" 404 0 "-" "-"
138.68.173.165 - - [03/Jul/2025:18:16:10 +0200] "HEAD /nagybistvan.zip HTTP/1.1" 404 0 "-" "-"
49.13.167.123 - - [03/Jul/2025:18:18:19 +0200] "HEAD / HTTP/1.1" 200 0 "http://nagybistvan.hu" "Mozilla/5.0+(compatible; UptimeRobot/2.0; http://www.uptimerobot.com/)"
40.77.167.67 - - [03/Jul/2025:18:22:04 +0200] "GET /zsambek/Zsambek%20LXVIII.html HTTP/1.1" 200 688 "-" "Mozilla/5.0 AppleWebKit/537.36 (KHTML, like Gecko; compatible; bingbot/2.0; +http://www.bing.com/bingbot.htm) Chrome/116.0.1938.76 Safari/537.36"
78.46.190.63 - - [03/Jul/2025:18:23:24 +0200] "HEAD / HTTP/1.1" 200 0 "http://nagybistvan.hu" "Mozilla/5.0+(compatible; UptimeRobot/2.0; http://www.uptimerobot.com/)"
66.249.64.105 - - [03/Jul/2025:18:24:15 +0200] "GET /installer.pl HTTP/1.1" 404 1181 "-" "Mozilla/5.0 (Linux; Android 6.0.1; Nexus 5X Build/MMB29P) AppleWebKit/537.36 (KHTML, like Gecko) Chrome/137.0.7151.103 Mobile Safari/537.36 (compatible; Googlebot/2.1; +http://www.google.com/bot.html)"
157.90.156.63 - - [03/Jul/2025:18:28:26 +0200] "HEAD / HTTP/1.1" 200 0 "http://nagybistvan.hu" "Mozilla/5.0+(compatible; UptimeRobot/2.0; http://www.uptimerobot.com/)"
168.119.53.160 - - [03/Jul/2025:18:33:30 +0200] "HEAD / HTTP/1.1" 200 0 "http://nagybistvan.hu" "Mozilla/5.0+(compatible; UptimeRobot/2.0; http://www.uptimerobot.com/)"
49.13.167.123 - - [03/Jul/2025:18:38:34 +0200] "HEAD / HTTP/1.1" 200 0 "http://nagybistvan.hu" "Mozilla/5.0+(compatible; UptimeRobot/2.0; http://www.uptimerobot.com/)"
128.140.106.114 - - [03/Jul/2025:18:43:37 +0200] "HEAD / HTTP/1.1" 200 0 "http://nagybistvan.hu" "Mozilla/5.0+(compatible; UptimeRobot/2.0; http://www.uptimerobot.com/)"
128.140.41.193 - - [03/Jul/2025:18:48:41 +0200] "HEAD / HTTP/1.1" 200 0 "http://nagybistvan.hu" "Mozilla/5.0+(compatible; UptimeRobot/2.0; http://www.uptimerobot.com/)"
88.99.80.227 - - [03/Jul/2025:18:53:46 +0200] "HEAD / HTTP/1.1" 200 0 "http://nagybistvan.hu" "Mozilla/5.0+(compatible; UptimeRobot/2.0; http://www.uptimerobot.com/)"
4.227.36.31 - - [03/Jul/2025:18:57:28 +0200] "GET /robots.txt HTTP/1.1" 404 1181 "-" "Mozilla/5.0 AppleWebKit/537.36 (KHTML, like Gecko; compatible; GPTBot/1.2; +https://openai.com/gptbot)"
20.171.207.60 - - [03/Jul/2025:18:57:38 +0200] "GET / HTTP/1.1" 200 6764 "-" "Mozilla/5.0 AppleWebKit/537.36 (KHTML, like Gecko; compatible; GPTBot/1.2; +https://openai.com/gptbot)"
78.47.98.55 - - [03/Jul/2025:18:58:51 +0200] "HEAD / HTTP/1.1" 200 0 "http://nagybistvan.hu" "Mozilla/5.0+(compatible; UptimeRobot/2.0; http://www.uptimerobot.com/)"
168.119.96.239 - - [03/Jul/2025:19:03:55 +0200] "HEAD / HTTP/1.1" 200 0 "http://nagybistvan.hu" "Mozilla/5.0+(compatible; UptimeRobot/2.0; http://www.uptimerobot.com/)"
128.140.41.193 - - [03/Jul/2025:19:08:59 +0200] "HEAD / HTTP/1.1" 200 0 "http://nagybistvan.hu" "Mozilla/5.0+(compatible; UptimeRobot/2.0; http://www.uptimerobot.com/)"
49.13.167.123 - - [03/Jul/2025:19:14:02 +0200] "HEAD / HTTP/1.1" 200 0 "http://nagybistvan.hu" "Mozilla/5.0+(compatible; UptimeRobot/2.0; http://www.uptimerobot.com/)"
77.75.78.161 - - [03/Jul/2025:19:16:05 +0200] "GET /dijai/ HTTP/1.1" 302 5 "-" "Mozilla/5.0 (compatible; SeznamBot/4.0; +https://o-seznam.cz/napoveda/vyhledavani/en/seznambot-crawler/)"
157.90.156.63 - - [03/Jul/2025:19:19:07 +0200] "HEAD / HTTP/1.1" 200 0 "http://nagybistvan.hu" "Mozilla/5.0+(compatible; UptimeRobot/2.0; http://www.uptimerobot.com/)"
157.90.155.240 - - [03/Jul/2025:19:24:11 +0200] "HEAD / HTTP/1.1" 200 0 "http://nagybistvan.hu" "Mozilla/5.0+(compatible; UptimeRobot/2.0; http://www.uptimerobot.com/)"
34.44.140.117 - - [03/Jul/2025:19:24:53 +0200] "HEAD /wordpress HTTP/1.1" 404 0 "-" "Mozilla/5.0 (Windows NT 10.0; Win64; x64) AppleWebKit/537.36 (KHTML, like Gecko) Chrome/74.0.3729.169 Safari/537.36"
34.44.140.117 - - [03/Jul/2025:19:24:54 +0200] "HEAD / HTTP/1.1" 200 0 "-" "Mozilla/5.0 (Windows NT 10.0; Win64; x64) AppleWebKit/537.36 (KHTML, like Gecko) Chrome/74.0.3729.169 Safari/537.36"
34.44.140.117 - - [03/Jul/2025:19:24:54 +0200] "HEAD /wp HTTP/1.1" 404 0 "-" "Mozilla/5.0 (Windows NT 10.0; Win64; x64) AppleWebKit/537.36 (KHTML, like Gecko) Chrome/74.0.3729.169 Safari/537.36"
34.44.140.117 - - [03/Jul/2025:19:24:54 +0200] "HEAD /bc HTTP/1.1" 404 0 "-" "Mozilla/5.0 (Windows NT 10.0; Win64; x64) AppleWebKit/537.36 (KHTML, like Gecko) Chrome/74.0.3729.169 Safari/537.36"
34.44.140.117 - - [03/Jul/2025:19:24:54 +0200] "HEAD /bk HTTP/1.1" 404 0 "-" "Mozilla/5.0 (Windows NT 10.0; Win64; x64) AppleWebKit/537.36 (KHTML, like Gecko) Chrome/74.0.3729.169 Safari/537.36"
34.44.140.117 - - [03/Jul/2025:19:24:54 +0200] "HEAD /backup HTTP/1.1" 404 0 "-" "Mozilla/5.0 (Windows NT 10.0; Win64; x64) AppleWebKit/537.36 (KHTML, like Gecko) Chrome/74.0.3729.169 Safari/537.36"
34.44.140.117 - - [03/Jul/2025:19:24:54 +0200] "HEAD /old HTTP/1.1" 404 0 "-" "Mozilla/5.0 (Windows NT 10.0; Win64; x64) AppleWebKit/537.36 (KHTML, like Gecko) Chrome/74.0.3729.169 Safari/537.36"
34.44.140.117 - - [03/Jul/2025:19:24:54 +0200] "HEAD /new HTTP/1.1" 404 0 "-" "Mozilla/5.0 (Windows NT 10.0; Win64; x64) AppleWebKit/537.36 (KHTML, like Gecko) Chrome/74.0.3729.169 Safari/537.36"
34.44.140.117 - - [03/Jul/2025:19:24:55 +0200] "HEAD /main HTTP/1.1" 404 0 "-" "Mozilla/5.0 (Windows NT 10.0; Win64; x64) AppleWebKit/537.36 (KHTML, like Gecko) Chrome/74.0.3729.169 Safari/537.36"
34.44.140.117 - - [03/Jul/2025:19:24:55 +0200] "HEAD /home HTTP/1.1" 404 0 "-" "Mozilla/5.0 (Windows NT 10.0; Win64; x64) AppleWebKit/537.36 (KHTML, like Gecko) Chrome/74.0.3729.169 Safari/537.36"
157.90.156.63 - - [03/Jul/2025:19:29:13 +0200] "HEAD / HTTP/1.1" 200 0 "http://nagybistvan.hu" "Mozilla/5.0+(compatible; UptimeRobot/2.0; http://www.uptimerobot.com/)"
51.68.107.159 - - [03/Jul/2025:19:31:32 +0200] "GET /robots.txt HTTP/1.1" 404 1181 "-" "Mozilla/5.0 (compatible; MJ12bot/v2.0.2; http://mj12bot.com/)"
51.68.107.159 - - [03/Jul/2025:19:31:33 +0200] "GET / HTTP/1.1" 200 6622 "-" "Mozilla/5.0 (compatible; MJ12bot/v2.0.2; http://mj12bot.com/)"
47.82.60.15 - - [03/Jul/2025:19:34:02 +0200] "GET / HTTP/1.1" 200 6622 "http://www.nagybistvan.hu" "Mozilla/5.0 (Windows NT 10.0; Win64; x64) AppleWebKit/537.36 (KHTML, like Gecko) Chrome/114.0.0.0 Safari/537.36 Edg/114.0.1823.43"
49.13.167.123 - - [03/Jul/2025:19:34:16 +0200] "HEAD / HTTP/1.1" 200 0 "http://nagybistvan.hu" "Mozilla/5.0+(compatible; UptimeRobot/2.0; http://www.uptimerobot.com/)"
217.113.194.77 - - [03/Jul/2025:19:36:11 +0200] "GET /robots.txt HTTP/1.1" 404 1181 "-" "Mozilla/5.0 (compatible; Barkrowler/0.9; +https://babbar.tech/crawler)"
217.113.194.79 - - [03/Jul/2025:19:36:14 +0200] "GET /robots.txt HTTP/1.1" 404 1181 "-" "Mozilla/5.0 (compatible; Barkrowler/0.9; +https://babbar.tech/crawler)"
217.113.194.76 - - [03/Jul/2025:19:36:26 +0200] "GET /bio/ HTTP/1.1" 302 5 "-" "Mozilla/5.0 (compatible; Barkrowler/0.9; +https://babbar.tech/crawler)"
217.113.194.73 - - [03/Jul/2025:19:36:30 +0200] "GET /index.php HTTP/1.1" 200 6623 "-" "Mozilla/5.0 (compatible; Barkrowler/0.9; +https://babbar.tech/crawler)"
217.113.194.75 - - [03/Jul/2025:19:36:42 +0200] "GET /?c=greco HTTP/1.1" 200 17734 "-" "Mozilla/5.0 (compatible; Barkrowler/0.9; +https://babbar.tech/crawler)"
217.113.194.73 - - [03/Jul/2025:19:36:45 +0200] "GET /egyeni/ HTTP/1.1" 302 5 "-" "Mozilla/5.0 (compatible; Barkrowler/0.9; +https://babbar.tech/crawler)"
217.113.194.76 - - [03/Jul/2025:19:36:57 +0200] "GET /egyeni/ HTTP/1.1" 302 5 "-" "Mozilla/5.0 (compatible; Barkrowler/0.9; +https://babbar.tech/crawler)"
217.113.194.74 - - [03/Jul/2025:19:37:00 +0200] "GET /irasai/ HTTP/1.1" 302 5 "-" "Mozilla/5.0 (compatible; Barkrowler/0.9; +https://babbar.tech/crawler)"
217.113.194.81 - - [03/Jul/2025:19:37:12 +0200] "GET /irasai/ HTTP/1.1" 302 5 "-" "Mozilla/5.0 (compatible; Barkrowler/0.9; +https://babbar.tech/crawler)"
217.113.194.78 - - [03/Jul/2025:19:37:16 +0200] "GET /dijai/ HTTP/1.1" 302 5 "-" "Mozilla/5.0 (compatible; Barkrowler/0.9; +https://babbar.tech/crawler)"
217.113.194.79 - - [03/Jul/2025:19:37:27 +0200] "GET /dijai/ HTTP/1.1" 302 5 "-" "Mozilla/5.0 (compatible; Barkrowler/0.9; +https://babbar.tech/crawler)"
217.113.194.76 - - [03/Jul/2025:19:37:31 +0200] "GET /?c=wehner HTTP/1.1" 200 25956 "-" "Mozilla/5.0 (compatible; Barkrowler/0.9; +https://babbar.tech/crawler)"
217.113.194.73 - - [03/Jul/2025:19:37:42 +0200] "GET /?c=7080s HTTP/1.1" 200 17062 "-" "Mozilla/5.0 (compatible; Barkrowler/0.9; +https://babbar.tech/crawler)"
217.113.194.80 - - [03/Jul/2025:19:37:46 +0200] "GET /?c=7080s HTTP/1.1" 200 17062 "-" "Mozilla/5.0 (compatible; Barkrowler/0.9; +https://babbar.tech/crawler)"
217.113.194.81 - - [03/Jul/2025:19:37:58 +0200] "GET /kepek/ HTTP/1.1" 302 5 "-" "Mozilla/5.0 (compatible; Barkrowler/0.9; +https://babbar.tech/crawler)"
217.113.194.76 - - [03/Jul/2025:19:38:01 +0200] "GET /?c=korai HTTP/1.1" 200 16279 "-" "Mozilla/5.0 (compatible; Barkrowler/0.9; +https://babbar.tech/crawler)"
217.113.194.79 - - [03/Jul/2025:19:38:13 +0200] "GET /csoportos/ HTTP/1.1" 302 5 "-" "Mozilla/5.0 (compatible; Barkrowler/0.9; +https://babbar.tech/crawler)"
217.113.194.81 - - [03/Jul/2025:19:38:16 +0200] "GET /kepek/ HTTP/1.1" 302 5 "-" "Mozilla/5.0 (compatible; Barkrowler/0.9; +https://babbar.tech/crawler)"
217.113.194.72 - - [03/Jul/2025:19:38:28 +0200] "GET /?c=mozaik HTTP/1.1" 200 17372 "-" "Mozilla/5.0 (compatible; Barkrowler/0.9; +https://babbar.tech/crawler)"
217.113.194.73 - - [03/Jul/2025:19:38:31 +0200] "GET /csoportos/ HTTP/1.1" 302 5 "-" "Mozilla/5.0 (compatible; Barkrowler/0.9; +https://babbar.tech/crawler)"
154.54.249.200 - - [03/Jul/2025:19:38:43 +0200] "GET /?c=gyarmati HTTP/1.1" 200 7143 "-" "Mozilla/5.0 (compatible; Barkrowler/0.9; +https://babbar.tech/crawler)"
217.113.194.79 - - [03/Jul/2025:19:38:46 +0200] "GET /?c=gyarmati HTTP/1.1" 200 7140 "-" "Mozilla/5.0 (compatible; Barkrowler/0.9; +https://babbar.tech/crawler)"
217.113.194.78 - - [03/Jul/2025:19:38:59 +0200] "GET /?c=boxford HTTP/1.1" 200 8655 "-" "Mozilla/5.0 (compatible; Barkrowler/0.9; +https://babbar.tech/crawler)"
217.113.194.78 - - [03/Jul/2025:19:39:02 +0200] "GET /?c=greco&cp=1 HTTP/1.1" 200 17734 "-" "Mozilla/5.0 (compatible; Barkrowler/0.9; +https://babbar.tech/crawler)"
217.113.194.79 - - [03/Jul/2025:19:39:14 +0200] "GET /?c=ironikus HTTP/1.1" 200 16384 "-" "Mozilla/5.0 (compatible; Barkrowler/0.9; +https://babbar.tech/crawler)"
217.113.194.81 - - [03/Jul/2025:19:39:17 +0200] "GET /?c=boxford HTTP/1.1" 200 8717 "-" "Mozilla/5.0 (compatible; Barkrowler/0.9; +https://babbar.tech/crawler)"
168.119.96.239 - - [03/Jul/2025:19:39:20 +0200] "HEAD / HTTP/1.1" 200 0 "http://nagybistvan.hu" "Mozilla/5.0+(compatible; UptimeRobot/2.0; http://www.uptimerobot.com/)"
217.113.194.75 - - [03/Jul/2025:19:39:29 +0200] "GET /?c=losonci HTTP/1.1" 200 6854 "-" "Mozilla/5.0 (compatible; Barkrowler/0.9; +https://babbar.tech/crawler)"
217.113.194.79 - - [03/Jul/2025:19:39:32 +0200] "GET /?c=ironikus HTTP/1.1" 200 16384 "-" "Mozilla/5.0 (compatible; Barkrowler/0.9; +https://babbar.tech/crawler)"
217.113.194.81 - - [03/Jul/2025:19:39:44 +0200] "GET /?c=foldi_peter HTTP/1.1" 200 17418 "-" "Mozilla/5.0 (compatible; Barkrowler/0.9; +https://babbar.tech/crawler)"
217.113.194.75 - - [03/Jul/2025:19:39:48 +0200] "GET /?c=losonci HTTP/1.1" 200 6854 "-" "Mozilla/5.0 (compatible; Barkrowler/0.9; +https://babbar.tech/crawler)"
217.113.194.81 - - [03/Jul/2025:19:40:00 +0200] "GET /rolairtak/ HTTP/1.1" 302 5 "-" "Mozilla/5.0 (compatible; Barkrowler/0.9; +https://babbar.tech/crawler)"
217.113.194.78 - - [03/Jul/2025:19:40:03 +0200] "GET /?c=tarskrit HTTP/1.1" 200 16367 "-" "Mozilla/5.0 (compatible; Barkrowler/0.9; +https://babbar.tech/crawler)"
217.113.194.80 - - [03/Jul/2025:19:40:15 +0200] "GET /index.php?c=bio HTTP/1.1" 200 13212 "-" "Mozilla/5.0 (compatible; Barkrowler/0.9; +https://babbar.tech/crawler)"
217.113.194.80 - - [03/Jul/2025:19:40:18 +0200] "GET /?c=foldi_peter HTTP/1.1" 200 17598 "-" "Mozilla/5.0 (compatible; Barkrowler/0.9; +https://babbar.tech/crawler)"
217.113.194.76 - - [03/Jul/2025:19:40:30 +0200] "GET /?c=zsambek HTTP/1.1" 200 16292 "-" "Mozilla/5.0 (compatible; Barkrowler/0.9; +https://babbar.tech/crawler)"
217.113.194.79 - - [03/Jul/2025:19:40:33 +0200] "GET /rolairtak/ HTTP/1.1" 302 5 "-" "Mozilla/5.0 (compatible; Barkrowler/0.9; +https://babbar.tech/crawler)"
217.113.194.80 - - [03/Jul/2025:19:40:45 +0200] "GET /?c=greco&cp=2 HTTP/1.1" 200 18168 "-" "Mozilla/5.0 (compatible; Barkrowler/0.9; +https://babbar.tech/crawler)"
217.113.194.76 - - [03/Jul/2025:19:40:49 +0200] "GET /index.php?c=bio HTTP/1.1" 200 13238 "-" "Mozilla/5.0 (compatible; Barkrowler/0.9; +https://babbar.tech/crawler)"
217.113.194.80 - - [03/Jul/2025:19:41:01 +0200] "GET /?c=onarckep HTTP/1.1" 200 12110 "-" "Mozilla/5.0 (compatible; Barkrowler/0.9; +https://babbar.tech/crawler)"
217.113.194.78 - - [03/Jul/2025:19:41:04 +0200] "GET /?c=zsambek HTTP/1.1" 200 16292 "-" "Mozilla/5.0 (compatible; Barkrowler/0.9; +https://babbar.tech/crawler)"
217.113.194.80 - - [03/Jul/2025:19:41:16 +0200] "GET /?c=apostolok HTTP/1.1" 200 16700 "-" "Mozilla/5.0 (compatible; Barkrowler/0.9; +https://babbar.tech/crawler)"
154.54.249.200 - - [03/Jul/2025:19:41:19 +0200] "GET /?c=szeifert HTTP/1.1" 200 18435 "-" "Mozilla/5.0 (compatible; Barkrowler/0.9; +https://babbar.tech/crawler)"
154.54.249.200 - - [03/Jul/2025:19:41:31 +0200] "GET /index.php?c=dijai HTTP/1.1" 200 7017 "-" "Mozilla/5.0 (compatible; Barkrowler/0.9; +https://babbar.tech/crawler)"
217.113.194.77 - - [03/Jul/2025:19:41:34 +0200] "GET /?c=greco&cp=3 HTTP/1.1" 200 13707 "-" "Mozilla/5.0 (compatible; Barkrowler/0.9; +https://babbar.tech/crawler)"
217.113.194.77 - - [03/Jul/2025:19:41:46 +0200] "GET /?c=mozaik&cp=1 HTTP/1.1" 200 17372 "-" "Mozilla/5.0 (compatible; Barkrowler/0.9; +https://babbar.tech/crawler)"
217.113.194.80 - - [03/Jul/2025:19:41:50 +0200] "GET /?c=greco&cp=2 HTTP/1.1" 200 18168 "-" "Mozilla/5.0 (compatible; Barkrowler/0.9; +https://babbar.tech/crawler)"
217.113.194.78 - - [03/Jul/2025:19:42:02 +0200] "GET /?c=ogorogmenza HTTP/1.1" 200 5090 "-" "Mozilla/5.0 (compatible; Barkrowler/0.9; +https://babbar.tech/crawler)"
217.113.194.75 - - [03/Jul/2025:19:42:05 +0200] "GET /?c=onarckep HTTP/1.1" 200 12110 "-" "Mozilla/5.0 (compatible; Barkrowler/0.9; +https://babbar.tech/crawler)"
217.113.194.74 - - [03/Jul/2025:19:42:17 +0200] "GET /?c=7080s&cp=3 HTTP/1.1" 200 16807 "-" "Mozilla/5.0 (compatible; Barkrowler/0.9; +https://babbar.tech/crawler)"
217.113.194.74 - - [03/Jul/2025:19:42:20 +0200] "GET /?c=apostolok HTTP/1.1" 200 16700 "-" "Mozilla/5.0 (compatible; Barkrowler/0.9; +https://babbar.tech/crawler)"
217.113.194.73 - - [03/Jul/2025:19:42:32 +0200] "GET /?c=7080s&cp=6 HTTP/1.1" 200 18929 "-" "Mozilla/5.0 (compatible; Barkrowler/0.9; +https://babbar.tech/crawler)"
217.113.194.73 - - [03/Jul/2025:19:42:35 +0200] "GET /index.php?c=dijai HTTP/1.1" 200 6936 "-" "Mozilla/5.0 (compatible; Barkrowler/0.9; +https://babbar.tech/crawler)"
217.113.194.80 - - [03/Jul/2025:19:42:47 +0200] "GET /?c=7080s&cp=8 HTTP/1.1" 200 17957 "-" "Mozilla/5.0 (compatible; Barkrowler/0.9; +https://babbar.tech/crawler)"
217.113.194.80 - - [03/Jul/2025:19:42:50 +0200] "GET /?c=ogorogmenza HTTP/1.1" 200 5184 "-" "Mozilla/5.0 (compatible; Barkrowler/0.9; +https://babbar.tech/crawler)"
217.113.194.78 - - [03/Jul/2025:19:43:02 +0200] "GET /?c=7080s&cp=2 HTTP/1.1" 200 17095 "-" "Mozilla/5.0 (compatible; Barkrowler/0.9; +https://babbar.tech/crawler)"
217.113.194.73 - - [03/Jul/2025:19:43:06 +0200] "GET /?c=7080s&cp=3 HTTP/1.1" 200 16807 "-" "Mozilla/5.0 (compatible; Barkrowler/0.9; +https://babbar.tech/crawler)"
217.113.194.76 - - [03/Jul/2025:19:43:18 +0200] "GET /?c=7080s&cp=10 HTTP/1.1" 200 18107 "-" "Mozilla/5.0 (compatible; Barkrowler/0.9; +https://babbar.tech/crawler)"
217.113.194.78 - - [03/Jul/2025:19:43:21 +0200] "GET /?c=7080s&cp=6 HTTP/1.1" 200 18929 "-" "Mozilla/5.0 (compatible; Barkrowler/0.9; +https://babbar.tech/crawler)"
217.113.194.81 - - [03/Jul/2025:19:43:33 +0200] "GET /?c=7080s&cp=9 HTTP/1.1" 200 17995 "-" "Mozilla/5.0 (compatible; Barkrowler/0.9; +https://babbar.tech/crawler)"
217.113.194.77 - - [03/Jul/2025:19:43:36 +0200] "GET /?c=7080s&cp=10 HTTP/1.1" 200 18107 "-" "Mozilla/5.0 (compatible; Barkrowler/0.9; +https://babbar.tech/crawler)"
217.113.194.75 - - [03/Jul/2025:19:43:48 +0200] "GET /?c=7080s&cp=5 HTTP/1.1" 200 17889 "-" "Mozilla/5.0 (compatible; Barkrowler/0.9; +https://babbar.tech/crawler)"
217.113.194.72 - - [03/Jul/2025:19:43:52 +0200] "GET /?c=7080s&cp=4 HTTP/1.1" 200 17215 "-" "Mozilla/5.0 (compatible; Barkrowler/0.9; +https://babbar.tech/crawler)"
217.113.194.75 - - [03/Jul/2025:19:44:04 +0200] "GET /?c=7080s&cp=7 HTTP/1.1" 200 18354 "-" "Mozilla/5.0 (compatible; Barkrowler/0.9; +https://babbar.tech/crawler)"
217.113.194.74 - - [03/Jul/2025:19:44:07 +0200] "GET /?c=7080s&cp=9 HTTP/1.1" 200 17995 "-" "Mozilla/5.0 (compatible; Barkrowler/0.9; +https://babbar.tech/crawler)"
217.113.194.73 - - [03/Jul/2025:19:44:19 +0200] "GET /?c=korai&cp=3 HTTP/1.1" 200 16331 "-" "Mozilla/5.0 (compatible; Barkrowler/0.9; +https://babbar.tech/crawler)"
217.113.194.73 - - [03/Jul/2025:19:44:22 +0200] "GET /?c=7080s&cp=1 HTTP/1.1" 200 17062 "-" "Mozilla/5.0 (compatible; Barkrowler/0.9; +https://babbar.tech/crawler)"
157.90.156.63 - - [03/Jul/2025:19:44:23 +0200] "HEAD / HTTP/1.1" 200 0 "http://nagybistvan.hu" "Mozilla/5.0+(compatible; UptimeRobot/2.0; http://www.uptimerobot.com/)"
217.113.194.74 - - [03/Jul/2025:19:44:34 +0200] "GET /?c=korai&cp=2 HTTP/1.1" 200 16428 "-" "Mozilla/5.0 (compatible; Barkrowler/0.9; +https://babbar.tech/crawler)"
217.113.194.75 - - [03/Jul/2025:19:44:37 +0200] "GET /?c=7080s&cp=5 HTTP/1.1" 200 17889 "-" "Mozilla/5.0 (compatible; Barkrowler/0.9; +https://babbar.tech/crawler)"
217.113.194.76 - - [03/Jul/2025:19:44:49 +0200] "GET /?c=korai&cp=4 HTTP/1.1" 200 15779 "-" "Mozilla/5.0 (compatible; Barkrowler/0.9; +https://babbar.tech/crawler)"
217.113.194.81 - - [03/Jul/2025:19:44:53 +0200] "GET /?c=7080s&cp=7 HTTP/1.1" 200 18354 "-" "Mozilla/5.0 (compatible; Barkrowler/0.9; +https://babbar.tech/crawler)"
154.54.249.200 - - [03/Jul/2025:19:45:04 +0200] "GET /?c=korai&cp=1 HTTP/1.1" 200 16279 "-" "Mozilla/5.0 (compatible; Barkrowler/0.9; +https://babbar.tech/crawler)"
217.113.194.73 - - [03/Jul/2025:19:45:08 +0200] "GET /?c=korai&cp=3 HTTP/1.1" 200 16331 "-" "Mozilla/5.0 (compatible; Barkrowler/0.9; +https://babbar.tech/crawler)"
217.113.194.73 - - [03/Jul/2025:19:45:20 +0200] "GET /?c=veszelszky HTTP/1.1" 200 5961 "-" "Mozilla/5.0 (compatible; Barkrowler/0.9; +https://babbar.tech/crawler)"
217.113.194.80 - - [03/Jul/2025:19:45:23 +0200] "GET /?c=korai&cp=2 HTTP/1.1" 200 16428 "-" "Mozilla/5.0 (compatible; Barkrowler/0.9; +https://babbar.tech/crawler)"
154.54.249.200 - - [03/Jul/2025:19:45:35 +0200] "GET /?c=tarskrit&cp=1 HTTP/1.1" 200 16367 "-" "Mozilla/5.0 (compatible; Barkrowler/0.9; +https://babbar.tech/crawler)"
217.113.194.76 - - [03/Jul/2025:19:45:38 +0200] "GET /?c=korai&cp=4 HTTP/1.1" 200 15779 "-" "Mozilla/5.0 (compatible; Barkrowler/0.9; +https://babbar.tech/crawler)"
154.54.249.200 - - [03/Jul/2025:19:45:50 +0200] "GET /?c=marikovszky HTTP/1.1" 200 27527 "-" "Mozilla/5.0 (compatible; Barkrowler/0.9; +https://babbar.tech/crawler)"
217.113.194.81 - - [03/Jul/2025:19:45:54 +0200] "GET /?c=korai&cp=1 HTTP/1.1" 200 16279 "-" "Mozilla/5.0 (compatible; Barkrowler/0.9; +https://babbar.tech/crawler)"
217.113.194.77 - - [03/Jul/2025:19:46:05 +0200] "GET /index.php?c=csoportos HTTP/1.1" 200 13387 "-" "Mozilla/5.0 (compatible; Barkrowler/0.9; +https://babbar.tech/crawler)"
217.113.194.74 - - [03/Jul/2025:19:46:09 +0200] "GET /?c=veszelszky HTTP/1.1" 200 5897 "-" "Mozilla/5.0 (compatible; Barkrowler/0.9; +https://babbar.tech/crawler)"
217.113.194.73 - - [03/Jul/2025:19:46:21 +0200] "GET /index.php?c=egyeni HTTP/1.1" 200 8337 "-" "Mozilla/5.0 (compatible; Barkrowler/0.9; +https://babbar.tech/crawler)"
217.113.194.75 - - [03/Jul/2025:19:46:24 +0200] "GET /index.php?c=csoportos HTTP/1.1" 200 13427 "-" "Mozilla/5.0 (compatible; Barkrowler/0.9; +https://babbar.tech/crawler)"
217.113.194.77 - - [03/Jul/2025:19:46:36 +0200] "GET /?c=szilasi_03 HTTP/1.1" 200 4910 "-" "Mozilla/5.0 (compatible; Barkrowler/0.9; +https://babbar.tech/crawler)"
217.113.194.77 - - [03/Jul/2025:19:46:39 +0200] "GET /index.php?c=egyeni HTTP/1.1" 200 8386 "-" "Mozilla/5.0 (compatible; Barkrowler/0.9; +https://babbar.tech/crawler)"
217.113.194.79 - - [03/Jul/2025:19:46:51 +0200] "GET /?c=szilasi_02 HTTP/1.1" 200 10280 "-" "Mozilla/5.0 (compatible; Barkrowler/0.9; +https://babbar.tech/crawler)"
217.113.194.73 - - [03/Jul/2025:19:46:54 +0200] "GET /?c=mozaik&cp=2 HTTP/1.1" 200 10986 "-" "Mozilla/5.0 (compatible; Barkrowler/0.9; +https://babbar.tech/crawler)"
217.113.194.73 - - [03/Jul/2025:19:47:06 +0200] "GET /?c=szilasi_01 HTTP/1.1" 200 7440 "-" "Mozilla/5.0 (compatible; Barkrowler/0.9; +https://babbar.tech/crawler)"
217.113.194.72 - - [03/Jul/2025:19:47:10 +0200] "GET /?c=szilasi_03 HTTP/1.1" 200 4976 "-" "Mozilla/5.0 (compatible; Barkrowler/0.9; +https://babbar.tech/crawler)"
217.113.194.81 - - [03/Jul/2025:19:47:21 +0200] "GET /?c=ironikus&cp=1 HTTP/1.1" 200 16384 "-" "Mozilla/5.0 (compatible; Barkrowler/0.9; +https://babbar.tech/crawler)"
217.113.194.75 - - [03/Jul/2025:19:47:25 +0200] "GET /?c=szilasi_02 HTTP/1.1" 200 10378 "-" "Mozilla/5.0 (compatible; Barkrowler/0.9; +https://babbar.tech/crawler)"
217.113.194.81 - - [03/Jul/2025:19:47:36 +0200] "GET /?c=tarskrit&cp=3 HTTP/1.1" 200 13703 "-" "Mozilla/5.0 (compatible; Barkrowler/0.9; +https://babbar.tech/crawler)"
217.113.194.76 - - [03/Jul/2025:19:47:40 +0200] "GET /?c=szilasi_01 HTTP/1.1" 200 7406 "-" "Mozilla/5.0 (compatible; Barkrowler/0.9; +https://babbar.tech/crawler)"
217.113.194.77 - - [03/Jul/2025:19:47:52 +0200] "GET /?c=tarskrit&cp=2 HTTP/1.1" 200 18194 "-" "Mozilla/5.0 (compatible; Barkrowler/0.9; +https://babbar.tech/crawler)"
217.113.194.73 - - [03/Jul/2025:19:47:55 +0200] "GET /?c=veroce060708 HTTP/1.1" 200 31602 "-" "Mozilla/5.0 (compatible; Barkrowler/0.9; +https://babbar.tech/crawler)"
217.113.194.80 - - [03/Jul/2025:19:48:07 +0200] "GET /?c=beszeloszob HTTP/1.1" 200 16063 "-" "Mozilla/5.0 (compatible; Barkrowler/0.9; +https://babbar.tech/crawler)"
217.113.194.78 - - [03/Jul/2025:19:48:11 +0200] "GET /?c=tarskrit&cp=3 HTTP/1.1" 200 13703 "-" "Mozilla/5.0 (compatible; Barkrowler/0.9; +https://babbar.tech/crawler)"
217.113.194.81 - - [03/Jul/2025:19:48:22 +0200] "GET /index.php?c=kepek HTTP/1.1" 200 10177 "-" "Mozilla/5.0 (compatible; Barkrowler/0.9; +https://babbar.tech/crawler)"
217.113.194.77 - - [03/Jul/2025:19:48:26 +0200] "GET /?c=tarskrit&cp=2 HTTP/1.1" 200 18194 "-" "Mozilla/5.0 (compatible; Barkrowler/0.9; +https://babbar.tech/crawler)"
217.113.194.73 - - [03/Jul/2025:19:48:37 +0200] "GET /index.php?c=irasai HTTP/1.1" 200 7576 "-" "Mozilla/5.0 (compatible; Barkrowler/0.9; +https://babbar.tech/crawler)"
217.113.194.81 - - [03/Jul/2025:19:48:41 +0200] "GET /?c=beszeloszob HTTP/1.1" 200 16063 "-" "Mozilla/5.0 (compatible; Barkrowler/0.9; +https://babbar.tech/crawler)"
217.113.194.73 - - [03/Jul/2025:19:48:52 +0200] "GET /?c=gyorgy_csaba HTTP/1.1" 200 5894 "-" "Mozilla/5.0 (compatible; Barkrowler/0.9; +https://babbar.tech/crawler)"
217.113.194.75 - - [03/Jul/2025:19:48:56 +0200] "GET /index.php?c=kepek HTTP/1.1" 200 10177 "-" "Mozilla/5.0 (compatible; Barkrowler/0.9; +https://babbar.tech/crawler)"
154.54.249.200 - - [03/Jul/2025:19:49:08 +0200] "GET /?c=zsambek&cp=1 HTTP/1.1" 200 16292 "-" "Mozilla/5.0 (compatible; Barkrowler/0.9; +https://babbar.tech/crawler)"
217.113.194.77 - - [03/Jul/2025:19:49:11 +0200] "GET /index.php?c=irasai HTTP/1.1" 200 7536 "-" "Mozilla/5.0 (compatible; Barkrowler/0.9; +https://babbar.tech/crawler)"
217.113.194.81 - - [03/Jul/2025:19:49:23 +0200] "GET /?c=zsambek&cp=2 HTTP/1.1" 200 17136 "-" "Mozilla/5.0 (compatible; Barkrowler/0.9; +https://babbar.tech/crawler)"
157.90.156.63 - - [03/Jul/2025:19:49:26 +0200] "HEAD / HTTP/1.1" 200 0 "http://nagybistvan.hu" "Mozilla/5.0+(compatible; UptimeRobot/2.0; http://www.uptimerobot.com/)"
217.113.194.74 - - [03/Jul/2025:19:49:27 +0200] "GET /?c=gyorgy_csaba HTTP/1.1" 200 5858 "-" "Mozilla/5.0 (compatible; Barkrowler/0.9; +https://babbar.tech/crawler)"
217.113.194.77 - - [03/Jul/2025:19:49:38 +0200] "GET /?c=meszoly_miklos HTTP/1.1" 200 10121 "-" "Mozilla/5.0 (compatible; Barkrowler/0.9; +https://babbar.tech/crawler)"
217.113.194.74 - - [03/Jul/2025:19:49:42 +0200] "GET /?c=zsambek&cp=1 HTTP/1.1" 200 16292 "-" "Mozilla/5.0 (compatible; Barkrowler/0.9; +https://babbar.tech/crawler)"
217.113.194.75 - - [03/Jul/2025:19:49:53 +0200] "GET /?c=Nagy_B_I_11 HTTP/1.1" 200 11517 "-" "Mozilla/5.0 (compatible; Barkrowler/0.9; +https://babbar.tech/crawler)"
217.113.194.80 - - [03/Jul/2025:19:49:57 +0200] "GET /?c=zsambek&cp=2 HTTP/1.1" 200 17136 "-" "Mozilla/5.0 (compatible; Barkrowler/0.9; +https://babbar.tech/crawler)"
217.113.194.78 - - [03/Jul/2025:19:50:08 +0200] "GET /?c=Nagy_B_I_13 HTTP/1.1" 200 26317 "-" "Mozilla/5.0 (compatible; Barkrowler/0.9; +https://babbar.tech/crawler)"
217.113.194.80 - - [03/Jul/2025:19:50:12 +0200] "GET /?c=meszoly_miklos HTTP/1.1" 200 10043 "-" "Mozilla/5.0 (compatible; Barkrowler/0.9; +https://babbar.tech/crawler)"
217.113.194.72 - - [03/Jul/2025:19:50:24 +0200] "GET /?c=Nagy_B_I_10 HTTP/1.1" 200 8496 "-" "Mozilla/5.0 (compatible; Barkrowler/0.9; +https://babbar.tech/crawler)"
217.113.194.78 - - [03/Jul/2025:19:50:27 +0200] "GET /?c=Nagy_B_I_11 HTTP/1.1" 200 11581 "-" "Mozilla/5.0 (compatible; Barkrowler/0.9; +https://babbar.tech/crawler)"
217.113.194.76 - - [03/Jul/2025:19:50:39 +0200] "GET /?c=Nagy_B_I_12 HTTP/1.1" 200 7354 "-" "Mozilla/5.0 (compatible; Barkrowler/0.9; +https://babbar.tech/crawler)"
217.113.194.73 - - [03/Jul/2025:19:50:43 +0200] "GET /?c=Nagy_B_I_13 HTTP/1.1" 200 26207 "-" "Mozilla/5.0 (compatible; Barkrowler/0.9; +https://babbar.tech/crawler)"
217.113.194.75 - - [03/Jul/2025:19:50:54 +0200] "GET /?c=Nagy_B_I_01 HTTP/1.1" 200 12883 "-" "Mozilla/5.0 (compatible; Barkrowler/0.9; +https://babbar.tech/crawler)"
217.113.194.76 - - [03/Jul/2025:19:50:58 +0200] "GET /?c=Nagy_B_I_10 HTTP/1.1" 200 8473 "-" "Mozilla/5.0 (compatible; Barkrowler/0.9; +https://babbar.tech/crawler)"
217.113.194.77 - - [03/Jul/2025:19:51:09 +0200] "GET /?c=Nagy_B_I_09 HTTP/1.1" 200 16457 "-" "Mozilla/5.0 (compatible; Barkrowler/0.9; +https://babbar.tech/crawler)"
217.113.194.78 - - [03/Jul/2025:19:51:13 +0200] "GET /?c=Nagy_B_I_12 HTTP/1.1" 200 7400 "-" "Mozilla/5.0 (compatible; Barkrowler/0.9; +https://babbar.tech/crawler)"
217.113.194.76 - - [03/Jul/2025:19:51:24 +0200] "GET /?c=Nagy_B_I_07 HTTP/1.1" 200 18095 "-" "Mozilla/5.0 (compatible; Barkrowler/0.9; +https://babbar.tech/crawler)"
217.113.194.81 - - [03/Jul/2025:19:51:28 +0200] "GET /?c=Nagy_B_I_01 HTTP/1.1" 200 12827 "-" "Mozilla/5.0 (compatible; Barkrowler/0.9; +https://babbar.tech/crawler)"
217.113.194.73 - - [03/Jul/2025:19:51:39 +0200] "GET /?c=Nagy_B_I_04 HTTP/1.1" 200 7311 "-" "Mozilla/5.0 (compatible; Barkrowler/0.9; +https://babbar.tech/crawler)"
217.113.194.72 - - [03/Jul/2025:19:51:44 +0200] "GET /?c=Nagy_B_I_09 HTTP/1.1" 200 16585 "-" "Mozilla/5.0 (compatible; Barkrowler/0.9; +https://babbar.tech/crawler)"
217.113.194.74 - - [03/Jul/2025:19:51:55 +0200] "GET /?c=Nagy_B_I_05 HTTP/1.1" 200 6233 "-" "Mozilla/5.0 (compatible; Barkrowler/0.9; +https://babbar.tech/crawler)"
217.113.194.73 - - [03/Jul/2025:19:51:59 +0200] "GET /?c=Nagy_B_I_07 HTTP/1.1" 200 18231 "-" "Mozilla/5.0 (compatible; Barkrowler/0.9; +https://babbar.tech/crawler)"
217.113.194.79 - - [03/Jul/2025:19:52:10 +0200] "GET /?c=Nagy_B_I_06 HTTP/1.1" 200 9057 "-" "Mozilla/5.0 (compatible; Barkrowler/0.9; +https://babbar.tech/crawler)"
217.113.194.77 - - [03/Jul/2025:19:52:14 +0200] "GET /?c=Nagy_B_I_04 HTTP/1.1" 200 7363 "-" "Mozilla/5.0 (compatible; Barkrowler/0.9; +https://babbar.tech/crawler)"
154.54.249.200 - - [03/Jul/2025:19:52:25 +0200] "GET /?c=Nagy_B_I_08 HTTP/1.1" 200 27882 "-" "Mozilla/5.0 (compatible; Barkrowler/0.9; +https://babbar.tech/crawler)"
154.54.249.200 - - [03/Jul/2025:19:52:30 +0200] "GET /?c=Nagy_B_I_05 HTTP/1.1" 200 6331 "-" "Mozilla/5.0 (compatible; Barkrowler/0.9; +https://babbar.tech/crawler)"
217.113.194.80 - - [03/Jul/2025:19:52:40 +0200] "GET /?c=Nagy_B_I_02 HTTP/1.1" 200 9147 "-" "Mozilla/5.0 (compatible; Barkrowler/0.9; +https://babbar.tech/crawler)"
217.113.194.73 - - [03/Jul/2025:19:52:45 +0200] "GET /?c=Nagy_B_I_06 HTTP/1.1" 200 9009 "-" "Mozilla/5.0 (compatible; Barkrowler/0.9; +https://babbar.tech/crawler)"
217.113.194.73 - - [03/Jul/2025:19:52:55 +0200] "GET /?c=Nagy_B_I_03 HTTP/1.1" 200 8798 "-" "Mozilla/5.0 (compatible; Barkrowler/0.9; +https://babbar.tech/crawler)"
217.113.194.78 - - [03/Jul/2025:19:53:00 +0200] "GET /?c=Nagy_B_I_08 HTTP/1.1" 200 27956 "-" "Mozilla/5.0 (compatible; Barkrowler/0.9; +https://babbar.tech/crawler)"
54.36.148.255 - - [03/Jul/2025:19:53:05 +0200] "GET /robots.txt HTTP/1.1" 404 1181 "-" "Mozilla/5.0 (compatible; AhrefsBot/7.0; +http://ahrefs.com/robot/)"
54.36.148.23 - - [03/Jul/2025:19:53:07 +0200] "GET /index.php?c=irasai HTTP/1.1" 200 7422 "-" "Mozilla/5.0 (compatible; AhrefsBot/7.0; +http://ahrefs.com/robot/)"
217.113.194.72 - - [03/Jul/2025:19:53:14 +0200] "GET /?c=reformatustemplom HTTP/1.1" 200 5176 "-" "Mozilla/5.0 (compatible; Barkrowler/0.9; +https://babbar.tech/crawler)"
154.54.249.200 - - [03/Jul/2025:19:53:21 +0200] "GET /?c=Nagy_B_I_02 HTTP/1.1" 200 8941 "-" "Mozilla/5.0 (compatible; Barkrowler/0.9; +https://babbar.tech/crawler)"
217.113.194.75 - - [03/Jul/2025:19:53:30 +0200] "GET /?c=ironikus&cp=5 HTTP/1.1" 200 17768 "-" "Mozilla/5.0 (compatible; Barkrowler/0.9; +https://babbar.tech/crawler)"
217.113.194.72 - - [03/Jul/2025:19:53:36 +0200] "GET /?c=Nagy_B_I_03 HTTP/1.1" 200 8727 "-" "Mozilla/5.0 (compatible; Barkrowler/0.9; +https://babbar.tech/crawler)"
217.113.194.73 - - [03/Jul/2025:19:53:46 +0200] "GET /?c=ironikus&cp=6 HTTP/1.1" 200 12179 "-" "Mozilla/5.0 (compatible; Barkrowler/0.9; +https://babbar.tech/crawler)"
217.113.194.79 - - [03/Jul/2025:19:53:51 +0200] "GET /?c=reformatustemplom HTTP/1.1" 200 5248 "-" "Mozilla/5.0 (compatible; Barkrowler/0.9; +https://babbar.tech/crawler)"
217.113.194.72 - - [03/Jul/2025:19:54:01 +0200] "GET /?c=ironikus&cp=3 HTTP/1.1" 200 18340 "-" "Mozilla/5.0 (compatible; Barkrowler/0.9; +https://babbar.tech/crawler)"
217.113.194.73 - - [03/Jul/2025:19:54:07 +0200] "GET /?c=ironikus&cp=5 HTTP/1.1" 200 17768 "-" "Mozilla/5.0 (compatible; Barkrowler/0.9; +https://babbar.tech/crawler)"
217.113.194.75 - - [03/Jul/2025:19:54:16 +0200] "GET /?c=ironikus&cp=2 HTTP/1.1" 200 16630 "-" "Mozilla/5.0 (compatible; Barkrowler/0.9; +https://babbar.tech/crawler)"
217.113.194.76 - - [03/Jul/2025:19:54:22 +0200] "GET /?c=ironikus&cp=6 HTTP/1.1" 200 12179 "-" "Mozilla/5.0 (compatible; Barkrowler/0.9; +https://babbar.tech/crawler)"
49.13.164.148 - - [03/Jul/2025:19:54:29 +0200] "HEAD / HTTP/1.1" 200 0 "http://nagybistvan.hu" "Mozilla/5.0+(compatible; UptimeRobot/2.0; http://www.uptimerobot.com/)"
217.113.194.77 - - [03/Jul/2025:19:54:32 +0200] "GET /?c=ironikus&cp=4 HTTP/1.1" 200 17936 "-" "Mozilla/5.0 (compatible; Barkrowler/0.9; +https://babbar.tech/crawler)"
217.113.194.76 - - [03/Jul/2025:19:54:37 +0200] "GET /?c=ironikus&cp=3 HTTP/1.1" 200 18340 "-" "Mozilla/5.0 (compatible; Barkrowler/0.9; +https://babbar.tech/crawler)"
217.113.194.79 - - [03/Jul/2025:19:54:50 +0200] "GET /?c=apostolok&cp=1 HTTP/1.1" 200 16700 "-" "Mozilla/5.0 (compatible; Barkrowler/0.9; +https://babbar.tech/crawler)"
217.113.194.73 - - [03/Jul/2025:19:54:55 +0200] "GET /?c=ironikus&cp=2 HTTP/1.1" 200 16630 "-" "Mozilla/5.0 (compatible; Barkrowler/0.9; +https://babbar.tech/crawler)"
217.113.194.77 - - [03/Jul/2025:19:55:06 +0200] "GET /?c=apostolok&cp=3 HTTP/1.1" 200 11051 "-" "Mozilla/5.0 (compatible; Barkrowler/0.9; +https://babbar.tech/crawler)"
217.113.194.75 - - [03/Jul/2025:19:55:10 +0200] "GET /?c=ironikus&cp=4 HTTP/1.1" 200 17936 "-" "Mozilla/5.0 (compatible; Barkrowler/0.9; +https://babbar.tech/crawler)"
217.113.194.75 - - [03/Jul/2025:19:55:21 +0200] "GET /?c=apostolok&cp=2 HTTP/1.1" 200 16750 "-" "Mozilla/5.0 (compatible; Barkrowler/0.9; +https://babbar.tech/crawler)"
217.113.194.73 - - [03/Jul/2025:19:55:26 +0200] "GET /?c=apostolok&cp=1 HTTP/1.1" 200 16700 "-" "Mozilla/5.0 (compatible; Barkrowler/0.9; +https://babbar.tech/crawler)"
217.113.194.75 - - [03/Jul/2025:19:55:36 +0200] "GET /index.php?c=rolairtak HTTP/1.1" 200 7969 "-" "Mozilla/5.0 (compatible; Barkrowler/0.9; +https://babbar.tech/crawler)"
217.113.194.75 - - [03/Jul/2025:19:55:41 +0200] "GET /?c=apostolok&cp=3 HTTP/1.1" 200 11051 "-" "Mozilla/5.0 (compatible; Barkrowler/0.9; +https://babbar.tech/crawler)"
217.113.194.81 - - [03/Jul/2025:19:55:52 +0200] "GET /?c=zsambek&cp=3 HTTP/1.1" 200 17077 "-" "Mozilla/5.0 (compatible; Barkrowler/0.9; +https://babbar.tech/crawler)"
217.113.194.73 - - [03/Jul/2025:19:55:57 +0200] "GET /?c=apostolok&cp=2 HTTP/1.1" 200 16750 "-" "Mozilla/5.0 (compatible; Barkrowler/0.9; +https://babbar.tech/crawler)"
154.54.249.200 - - [03/Jul/2025:19:56:07 +0200] "GET /?c=zsambek&cp=5 HTTP/1.1" 200 12903 "-" "Mozilla/5.0 (compatible; Barkrowler/0.9; +https://babbar.tech/crawler)"
217.113.194.74 - - [03/Jul/2025:19:56:12 +0200] "GET /index.php?c=rolairtak HTTP/1.1" 200 7943 "-" "Mozilla/5.0 (compatible; Barkrowler/0.9; +https://babbar.tech/crawler)"
217.113.194.73 - - [03/Jul/2025:19:56:22 +0200] "GET /?c=zsambek&cp=4 HTTP/1.1" 200 17406 "-" "Mozilla/5.0 (compatible; Barkrowler/0.9; +https://babbar.tech/crawler)"
217.113.194.74 - - [03/Jul/2025:19:56:27 +0200] "GET /?c=zsambek&cp=3 HTTP/1.1" 200 17077 "-" "Mozilla/5.0 (compatible; Barkrowler/0.9; +https://babbar.tech/crawler)"
217.113.194.72 - - [03/Jul/2025:19:56:37 +0200] "GET /?c=Bakonyvari_02 HTTP/1.1" 200 8796 "-" "Mozilla/5.0 (compatible; Barkrowler/0.9; +https://babbar.tech/crawler)"
217.113.194.79 - - [03/Jul/2025:19:56:42 +0200] "GET /?c=zsambek&cp=5 HTTP/1.1" 200 12903 "-" "Mozilla/5.0 (compatible; Barkrowler/0.9; +https://babbar.tech/crawler)"
217.113.194.75 - - [03/Jul/2025:19:56:52 +0200] "GET /?c=Bakonyvari_03 HTTP/1.1" 200 16314 "-" "Mozilla/5.0 (compatible; Barkrowler/0.9; +https://babbar.tech/crawler)"
217.113.194.76 - - [03/Jul/2025:19:56:57 +0200] "GET /?c=zsambek&cp=4 HTTP/1.1" 200 17406 "-" "Mozilla/5.0 (compatible; Barkrowler/0.9; +https://babbar.tech/crawler)"
217.113.194.76 - - [03/Jul/2025:19:57:08 +0200] "GET /?c=szabadszaloneger HTTP/1.1" 200 10392 "-" "Mozilla/5.0 (compatible; Barkrowler/0.9; +https://babbar.tech/crawler)"
217.113.194.78 - - [03/Jul/2025:19:57:12 +0200] "GET /?c=Bakonyvari_02 HTTP/1.1" 200 8988 "-" "Mozilla/5.0 (compatible; Barkrowler/0.9; +https://babbar.tech/crawler)"
217.113.194.73 - - [03/Jul/2025:19:57:23 +0200] "GET /?c=kovacs_sandor_ivan HTTP/1.1" 200 11406 "-" "Mozilla/5.0 (compatible; Barkrowler/0.9; +https://babbar.tech/crawler)"
217.113.194.80 - - [03/Jul/2025:19:57:28 +0200] "GET /?c=Bakonyvari_03 HTTP/1.1" 200 16342 "-" "Mozilla/5.0 (compatible; Barkrowler/0.9; +https://babbar.tech/crawler)"
217.113.194.73 - - [03/Jul/2025:19:57:38 +0200] "GET /?c=Nagy_B_Jul_01 HTTP/1.1" 200 7768 "-" "Mozilla/5.0 (compatible; Barkrowler/0.9; +https://babbar.tech/crawler)"
154.54.249.200 - - [03/Jul/2025:19:57:43 +0200] "GET /?c=szabadszaloneger HTTP/1.1" 200 10544 "-" "Mozilla/5.0 (compatible; Barkrowler/0.9; +https://babbar.tech/crawler)"
217.113.194.81 - - [03/Jul/2025:19:57:53 +0200] "GET /?c=Nagy_B_Jul_02 HTTP/1.1" 200 7240 "-" "Mozilla/5.0 (compatible; Barkrowler/0.9; +https://babbar.tech/crawler)"
217.113.194.76 - - [03/Jul/2025:19:57:58 +0200] "GET /?c=kovacs_sandor_ivan HTTP/1.1" 200 11214 "-" "Mozilla/5.0 (compatible; Barkrowler/0.9; +https://babbar.tech/crawler)"
217.113.194.73 - - [03/Jul/2025:19:58:08 +0200] "GET /?c=Nagy_B_I_versek HTTP/1.1" 200 7397 "-" "Mozilla/5.0 (compatible; Barkrowler/0.9; +https://babbar.tech/crawler)"
217.113.194.79 - - [03/Jul/2025:19:58:13 +0200] "GET /?c=Nagy_B_Jul_01 HTTP/1.1" 200 7702 "-" "Mozilla/5.0 (compatible; Barkrowler/0.9; +https://babbar.tech/crawler)"
217.113.194.73 - - [03/Jul/2025:19:58:24 +0200] "GET /?c=arckepcsarnok HTTP/1.1" 200 17518 "-" "Mozilla/5.0 (compatible; Barkrowler/0.9; +https://babbar.tech/crawler)"
217.113.194.77 - - [03/Jul/2025:19:58:28 +0200] "GET /?c=Nagy_B_Jul_02 HTTP/1.1" 200 7246 "-" "Mozilla/5.0 (compatible; Barkrowler/0.9; +https://babbar.tech/crawler)"
217.113.194.72 - - [03/Jul/2025:19:58:39 +0200] "GET /?c=rolairtak&oby=1 HTTP/1.1" 200 7994 "-" "Mozilla/5.0 (compatible; Barkrowler/0.9; +https://babbar.tech/crawler)"
217.113.194.81 - - [03/Jul/2025:19:58:43 +0200] "GET /?c=Nagy_B_I_versek HTTP/1.1" 200 7233 "-" "Mozilla/5.0 (compatible; Barkrowler/0.9; +https://babbar.tech/crawler)"
217.113.194.81 - - [03/Jul/2025:19:58:54 +0200] "GET /?c=rolairtak&oby=3 HTTP/1.1" 200 7954 "-" "Mozilla/5.0 (compatible; Barkrowler/0.9; +https://babbar.tech/crawler)"
217.113.194.81 - - [03/Jul/2025:19:58:59 +0200] "GET /?c=arckepcsarnok HTTP/1.1" 200 17518 "-" "Mozilla/5.0 (compatible; Barkrowler/0.9; +https://babbar.tech/crawler)"
217.113.194.72 - - [03/Jul/2025:19:59:09 +0200] "GET /?c=rolairtak&oby=2 HTTP/1.1" 200 7982 "-" "Mozilla/5.0 (compatible; Barkrowler/0.9; +https://babbar.tech/crawler)"
217.113.194.77 - - [03/Jul/2025:19:59:14 +0200] "GET /?c=rolairtak&oby=1 HTTP/1.1" 200 8076 "-" "Mozilla/5.0 (compatible; Barkrowler/0.9; +https://babbar.tech/crawler)"
217.113.194.75 - - [03/Jul/2025:19:59:24 +0200] "GET /?c=bucsubeszed060901 HTTP/1.1" 200 11452 "-" "Mozilla/5.0 (compatible; Barkrowler/0.9; +https://babbar.tech/crawler)"
217.113.194.73 - - [03/Jul/2025:19:59:29 +0200] "GET /?c=rolairtak&oby=3 HTTP/1.1" 200 7932 "-" "Mozilla/5.0 (compatible; Barkrowler/0.9; +https://babbar.tech/crawler)"
49.13.130.29 - - [03/Jul/2025:19:59:32 +0200] "HEAD / HTTP/1.1" 200 0 "http://nagybistvan.hu" "Mozilla/5.0+(compatible; UptimeRobot/2.0; http://www.uptimerobot.com/)"
217.113.194.79 - - [03/Jul/2025:19:59:39 +0200] "GET /?c=Nagy_B_I_level_Roma HTTP/1.1" 200 6814 "-" "Mozilla/5.0 (compatible; Barkrowler/0.9; +https://babbar.tech/crawler)"
217.113.194.72 - - [03/Jul/2025:19:59:44 +0200] "GET /?c=rolairtak&oby=2 HTTP/1.1" 200 7926 "-" "Mozilla/5.0 (compatible; Barkrowler/0.9; +https://babbar.tech/crawler)"
217.113.194.74 - - [03/Jul/2025:19:59:55 +0200] "GET /?c=arckepcsarnok&cp=1 HTTP/1.1" 200 17518 "-" "Mozilla/5.0 (compatible; Barkrowler/0.9; +https://babbar.tech/crawler)"
217.113.194.80 - - [03/Jul/2025:19:59:59 +0200] "GET /?c=bucsubeszed060901 HTTP/1.1" 200 11466 "-" "Mozilla/5.0 (compatible; Barkrowler/0.9; +https://babbar.tech/crawler)"
217.113.194.79 - - [03/Jul/2025:20:00:10 +0200] "GET /?c=arckepcsarnok&cp=3 HTTP/1.1" 200 14581 "-" "Mozilla/5.0 (compatible; Barkrowler/0.9; +https://babbar.tech/crawler)"
217.113.194.76 - - [03/Jul/2025:20:00:15 +0200] "GET /?c=Nagy_B_I_level_Roma HTTP/1.1" 200 6787 "-" "Mozilla/5.0 (compatible; Barkrowler/0.9; +https://babbar.tech/crawler)"
217.113.194.73 - - [03/Jul/2025:20:00:25 +0200] "GET /?c=arckepcsarnok&cp=2 HTTP/1.1" 200 17748 "-" "Mozilla/5.0 (compatible; Barkrowler/0.9; +https://babbar.tech/crawler)"
217.113.194.72 - - [03/Jul/2025:20:00:30 +0200] "GET /?c=arckepcsarnok&cp=1 HTTP/1.1" 200 17518 "-" "Mozilla/5.0 (compatible; Barkrowler/0.9; +https://babbar.tech/crawler)"
217.113.194.81 - - [03/Jul/2025:20:00:40 +0200] "GET /?c=festmenyekbarsonyfeszekben HTTP/1.1" 200 11309 "-" "Mozilla/5.0 (compatible; Barkrowler/0.9; +https://babbar.tech/crawler)"
217.113.194.81 - - [03/Jul/2025:20:00:45 +0200] "GET /?c=arckepcsarnok&cp=3 HTTP/1.1" 200 14581 "-" "Mozilla/5.0 (compatible; Barkrowler/0.9; +https://babbar.tech/crawler)"
217.113.194.73 - - [03/Jul/2025:20:01:00 +0200] "GET /?c=arckepcsarnok&cp=2 HTTP/1.1" 200 17748 "-" "Mozilla/5.0 (compatible; Barkrowler/0.9; +https://babbar.tech/crawler)"
217.113.194.77 - - [03/Jul/2025:20:01:15 +0200] "GET /?c=festmenyekbarsonyfeszekben HTTP/1.1" 200 11275 "-" "Mozilla/5.0 (compatible; Barkrowler/0.9; +https://babbar.tech/crawler)"
196.251.117.231 - - [03/Jul/2025:20:01:54 +0200] "GET /about.php?action=p&api=p&path=p&token= HTTP/1.1" 404 37 "www.google.com" "Mozlila/5.0 (Linux; Android 7.0; SM-G892A Bulid/NRD90M; wv) AppleWebKit/537.36 (KHTML, like Gecko) Version/4.0 Chrome/60.0.3112.107 Moblie Safari/537.36"
78.47.173.76 - - [03/Jul/2025:20:04:35 +0200] "HEAD / HTTP/1.1" 200 0 "http://nagybistvan.hu" "Mozilla/5.0+(compatible; UptimeRobot/2.0; http://www.uptimerobot.com/)"
54.36.148.95 - - [03/Jul/2025:20:07:58 +0200] "GET /robots.txt HTTP/1.1" 404 1181 "-" "Mozilla/5.0 (compatible; AhrefsBot/7.0; +http://ahrefs.com/robot/)"
54.36.148.165 - - [03/Jul/2025:20:07:59 +0200] "GET /index.php?c=Nagy_B_I_01 HTTP/1.1" 200 12879 "-" "Mozilla/5.0 (compatible; AhrefsBot/7.0; +http://ahrefs.com/robot/)"
42.236.17.254 - - [03/Jul/2025:20:09:35 +0200] "GET /index.php HTTP/1.1" 200 6911 "http://nagybistvan.hu/index.php" "Mozilla/5.0 (Windows NT 6.1; WOW64) AppleWebKit/537.36 (KHTML, like Gecko) Chrome/50.0.2661.102 Safari/537.36; 360Spider"
88.99.80.227 - - [03/Jul/2025:20:09:39 +0200] "HEAD / HTTP/1.1" 200 0 "http://nagybistvan.hu" "Mozilla/5.0+(compatible; UptimeRobot/2.0; http://www.uptimerobot.com/)"
49.13.24.81 - - [03/Jul/2025:20:14:44 +0200] "HEAD / HTTP/1.1" 200 0 "http://nagybistvan.hu" "Mozilla/5.0+(compatible; UptimeRobot/2.0; http://www.uptimerobot.com/)"
66.249.64.130 - - [03/Jul/2025:20:19:32 +0200] "GET /mozaik/Mozaik_r6_t.jpg HTTP/1.1" 304 - "-" "Googlebot-Image/1.0"
168.119.53.160 - - [03/Jul/2025:20:19:46 +0200] "HEAD / HTTP/1.1" 200 0 "http://nagybistvan.hu" "Mozilla/5.0+(compatible; UptimeRobot/2.0; http://www.uptimerobot.com/)"
42.236.17.76 - - [03/Jul/2025:20:21:18 +0200] "GET / HTTP/1.1" 200 6906 "http://nagybistvan.hu/" "Mozilla/5.0 (Windows NT 6.1; WOW64) AppleWebKit/537.36 (KHTML, like Gecko) Chrome/50.0.2661.102 Safari/537.36; 360Spider"
54.36.149.18 - - [03/Jul/2025:20:23:35 +0200] "GET /index.php?c=Nagy_B_I_06 HTTP/1.1" 200 8961 "-" "Mozilla/5.0 (compatible; AhrefsBot/7.0; +http://ahrefs.com/robot/)"
49.13.134.145 - - [03/Jul/2025:20:24:50 +0200] "HEAD / HTTP/1.1" 200 0 "http://nagybistvan.hu" "Mozilla/5.0+(compatible; UptimeRobot/2.0; http://www.uptimerobot.com/)"
157.90.156.63 - - [03/Jul/2025:20:29:53 +0200] "HEAD / HTTP/1.1" 200 0 "http://nagybistvan.hu" "Mozilla/5.0+(compatible; UptimeRobot/2.0; http://www.uptimerobot.com/)"
168.119.53.160 - - [03/Jul/2025:20:34:57 +0200] "HEAD / HTTP/1.1" 200 0 "http://nagybistvan.hu" "Mozilla/5.0+(compatible; UptimeRobot/2.0; http://www.uptimerobot.com/)"
54.36.148.229 - - [03/Jul/2025:20:38:22 +0200] "GET /index.php?c=Nagy_B_I_10 HTTP/1.1" 200 8531 "-" "Mozilla/5.0 (compatible; AhrefsBot/7.0; +http://ahrefs.com/robot/)"
49.13.24.81 - - [03/Jul/2025:20:40:00 +0200] "HEAD / HTTP/1.1" 200 0 "http://nagybistvan.hu" "Mozilla/5.0+(compatible; UptimeRobot/2.0; http://www.uptimerobot.com/)"
142.132.180.39 - - [03/Jul/2025:20:45:04 +0200] "HEAD / HTTP/1.1" 200 0 "http://nagybistvan.hu" "Mozilla/5.0+(compatible; UptimeRobot/2.0; http://www.uptimerobot.com/)"
168.119.53.160 - - [03/Jul/2025:20:50:07 +0200] "HEAD / HTTP/1.1" 200 0 "http://nagybistvan.hu" "Mozilla/5.0+(compatible; UptimeRobot/2.0; http://www.uptimerobot.com/)"
54.36.149.99 - - [03/Jul/2025:20:53:06 +0200] "GET /index.php?c=Nagy_B_I_08 HTTP/1.1" 200 27910 "-" "Mozilla/5.0 (compatible; AhrefsBot/7.0; +http://ahrefs.com/robot/)"
49.13.164.148 - - [03/Jul/2025:20:55:10 +0200] "HEAD / HTTP/1.1" 200 0 "http://nagybistvan.hu" "Mozilla/5.0+(compatible; UptimeRobot/2.0; http://www.uptimerobot.com/)"
43.159.135.203 - - [03/Jul/2025:20:57:34 +0200] "GET / HTTP/1.1" 200 6844 "-" "Mozilla/5.0 (iPhone; CPU iPhone OS 13_2_3 like Mac OS X) AppleWebKit/605.1.15 (KHTML, like Gecko) Version/13.0.3 Mobile/15E148 Safari/604.1"
49.13.134.145 - - [03/Jul/2025:21:00:15 +0200] "HEAD / HTTP/1.1" 200 0 "http://nagybistvan.hu" "Mozilla/5.0+(compatible; UptimeRobot/2.0; http://www.uptimerobot.com/)"
49.13.134.145 - - [03/Jul/2025:21:05:17 +0200] "HEAD / HTTP/1.1" 200 0 "http://nagybistvan.hu" "Mozilla/5.0+(compatible; UptimeRobot/2.0; http://www.uptimerobot.com/)"
128.140.41.193 - - [03/Jul/2025:21:10:21 +0200] "HEAD / HTTP/1.1" 200 0 "http://nagybistvan.hu" "Mozilla/5.0+(compatible; UptimeRobot/2.0; http://www.uptimerobot.com/)"
78.47.98.55 - - [03/Jul/2025:21:15:25 +0200] "HEAD / HTTP/1.1" 200 0 "http://nagybistvan.hu" "Mozilla/5.0+(compatible; UptimeRobot/2.0; http://www.uptimerobot.com/)"
54.36.148.201 - - [03/Jul/2025:21:19:08 +0200] "GET /index.php?c=szabadszaloneger HTTP/1.1" 200 10448 "-" "Mozilla/5.0 (compatible; AhrefsBot/7.0; +http://ahrefs.com/robot/)"
78.47.173.76 - - [03/Jul/2025:21:20:27 +0200] "HEAD / HTTP/1.1" 200 0 "http://nagybistvan.hu" "Mozilla/5.0+(compatible; UptimeRobot/2.0; http://www.uptimerobot.com/)"
159.69.158.189 - - [03/Jul/2025:21:25:31 +0200] "HEAD / HTTP/1.1" 200 0 "http://nagybistvan.hu" "Mozilla/5.0+(compatible; UptimeRobot/2.0; http://www.uptimerobot.com/)"
54.36.148.24 - - [03/Jul/2025:21:27:44 +0200] "GET /index.php?c=Nagy_B_I_07 HTTP/1.1" 200 18193 "-" "Mozilla/5.0 (compatible; AhrefsBot/7.0; +http://ahrefs.com/robot/)"
49.13.167.123 - - [03/Jul/2025:21:30:35 +0200] "HEAD / HTTP/1.1" 200 0 "http://nagybistvan.hu" "Mozilla/5.0+(compatible; UptimeRobot/2.0; http://www.uptimerobot.com/)"
17.241.227.211 - - [03/Jul/2025:21:32:02 +0200] "GET /index.php?c=greco HTTP/1.1" 200 17734 "-" "Mozilla/5.0 (Macintosh; Intel Mac OS X 10_15_7) AppleWebKit/605.1.15 (KHTML, like Gecko) Version/17.4 Safari/605.1.15 (Applebot/0.1; +http://www.apple.com/go/applebot)"
168.119.53.160 - - [03/Jul/2025:21:35:38 +0200] "HEAD / HTTP/1.1" 200 0 "http://nagybistvan.hu" "Mozilla/5.0+(compatible; UptimeRobot/2.0; http://www.uptimerobot.com/)"
54.36.149.56 - - [03/Jul/2025:21:39:35 +0200] "GET /index.php?c=estv HTTP/1.1" 200 6055 "-" "Mozilla/5.0 (compatible; AhrefsBot/7.0; +http://ahrefs.com/robot/)"
159.69.158.189 - - [03/Jul/2025:21:40:42 +0200] "HEAD / HTTP/1.1" 200 0 "http://nagybistvan.hu" "Mozilla/5.0+(compatible; UptimeRobot/2.0; http://www.uptimerobot.com/)"
49.13.24.81 - - [03/Jul/2025:21:45:45 +0200] "HEAD / HTTP/1.1" 200 0 "http://nagybistvan.hu" "Mozilla/5.0+(compatible; UptimeRobot/2.0; http://www.uptimerobot.com/)"
54.36.149.50 - - [03/Jul/2025:21:47:17 +0200] "GET /index.php?c=veroce060708 HTTP/1.1" 200 31710 "-" "Mozilla/5.0 (compatible; AhrefsBot/7.0; +http://ahrefs.com/robot/)"
49.13.164.148 - - [03/Jul/2025:21:50:48 +0200] "HEAD / HTTP/1.1" 200 0 "http://nagybistvan.hu" "Mozilla/5.0+(compatible; UptimeRobot/2.0; http://www.uptimerobot.com/)"
54.36.148.49 - - [03/Jul/2025:21:55:44 +0200] "GET /index.php?c=reformatustemplom HTTP/1.1" 200 5286 "-" "Mozilla/5.0 (compatible; AhrefsBot/7.0; +http://ahrefs.com/robot/)"
157.90.155.240 - - [03/Jul/2025:21:55:53 +0200] "HEAD / HTTP/1.1" 200 0 "http://nagybistvan.hu" "Mozilla/5.0+(compatible; UptimeRobot/2.0; http://www.uptimerobot.com/)"
78.47.173.76 - - [03/Jul/2025:22:00:56 +0200] "HEAD / HTTP/1.1" 200 0 "http://nagybistvan.hu" "Mozilla/5.0+(compatible; UptimeRobot/2.0; http://www.uptimerobot.com/)"
54.80.109.202 - - [03/Jul/2025:22:03:37 +0200] "GET / HTTP/1.1" 200 6704 "-" "Mozilla/5.0 (X11; Linux x86_64) AppleWebKit/537.36 (KHTML, like Gecko) Chrome/58.0.3029.110 Safari/537.36"
78.47.98.55 - - [03/Jul/2025:22:05:59 +0200] "HEAD / HTTP/1.1" 200 0 "http://nagybistvan.hu" "Mozilla/5.0+(compatible; UptimeRobot/2.0; http://www.uptimerobot.com/)"
54.36.148.116 - - [03/Jul/2025:22:06:28 +0200] "GET /index.php?c=Nagy_B_I_level_Roma HTTP/1.1" 200 6733 "-" "Mozilla/5.0 (compatible; AhrefsBot/7.0; +http://ahrefs.com/robot/)"
