49.13.130.29 - - [08/Jul/2025:17:32:16 +0200] "HEAD / HTTP/1.1" 200 0 "http://nagybistvan.hu" "Mozilla/5.0+(compatible; UptimeRobot/2.0; http://www.uptimerobot.com/)"
78.47.98.55 - - [08/Jul/2025:17:37:20 +0200] "HEAD / HTTP/1.1" 200 0 "http://nagybistvan.hu" "Mozilla/5.0+(compatible; UptimeRobot/2.0; http://www.uptimerobot.com/)"
159.69.158.189 - - [08/Jul/2025:17:42:23 +0200] "HEAD / HTTP/1.1" 200 0 "http://nagybistvan.hu" "Mozilla/5.0+(compatible; UptimeRobot/2.0; http://www.uptimerobot.com/)"
66.249.64.107 - - [08/Jul/2025:17:43:59 +0200] "GET /roschedule.php HTTP/1.1" 404 37 "-" "Mozilla/5.0 (Linux; Android 6.0.1; Nexus 5X Build/MMB29P) AppleWebKit/537.36 (KHTML, like Gecko) Chrome/137.0.7151.103 Mobile Safari/537.36 (compatible; Googlebot/2.1; +http://www.google.com/bot.html)"
49.13.24.81 - - [08/Jul/2025:17:47:27 +0200] "HEAD / HTTP/1.1" 200 0 "http://nagybistvan.hu" "Mozilla/5.0+(compatible; UptimeRobot/2.0; http://www.uptimerobot.com/)"
159.69.158.189 - - [08/Jul/2025:17:52:31 +0200] "HEAD / HTTP/1.1" 200 0 "http://nagybistvan.hu" "Mozilla/5.0+(compatible; UptimeRobot/2.0; http://www.uptimerobot.com/)"
49.13.24.81 - - [08/Jul/2025:17:57:39 +0200] "HEAD / HTTP/1.1" 200 0 "http://nagybistvan.hu" "Mozilla/5.0+(compatible; UptimeRobot/2.0; http://www.uptimerobot.com/)"
66.249.64.131 - - [08/Jul/2025:18:02:00 +0200] "GET /media/image/07.079.001.jpg HTTP/1.1" 200 180054 "-" "Googlebot-Image/1.0"
142.132.180.39 - - [08/Jul/2025:18:02:43 +0200] "HEAD / HTTP/1.1" 200 0 "http://nagybistvan.hu" "Mozilla/5.0+(compatible; UptimeRobot/2.0; http://www.uptimerobot.com/)"
49.13.167.123 - - [08/Jul/2025:18:07:47 +0200] "HEAD / HTTP/1.1" 200 0 "http://nagybistvan.hu" "Mozilla/5.0+(compatible; UptimeRobot/2.0; http://www.uptimerobot.com/)"
49.13.134.145 - - [08/Jul/2025:18:12:51 +0200] "HEAD / HTTP/1.1" 200 0 "http://nagybistvan.hu" "Mozilla/5.0+(compatible; UptimeRobot/2.0; http://www.uptimerobot.com/)"
66.249.64.132 - - [08/Jul/2025:18:16:00 +0200] "GET /index.php HTTP/1.1" 200 6753 "-" "Mozilla/5.0 (Linux; Android 6.0.1; Nexus 5X Build/MMB29P) AppleWebKit/537.36 (KHTML, like Gecko) Chrome/137.0.7151.103 Mobile Safari/537.36 (compatible; Googlebot/2.1; +http://www.google.com/bot.html)"
66.249.64.131 - - [08/Jul/2025:18:16:07 +0200] "GET /lib/thickbox-3.1.custom/thickbox.js HTTP/1.1" 200 13058 "http://nagybistvan.hu/index.php" "Mozilla/5.0 (Linux; Android 6.0.1; Nexus 5X Build/MMB29P) AppleWebKit/537.36 (KHTML, like Gecko) Chrome/137.0.7151.119 Mobile Safari/537.36 (compatible; Googlebot/2.1; +http://www.google.com/bot.html)"
66.249.64.130 - - [08/Jul/2025:18:16:08 +0200] "GET /lib/jq.fancybox-1.3.4/jquery.fancybox-1.3.4.css HTTP/1.1" 200 8498 "http://nagybistvan.hu/index.php" "Mozilla/5.0 (Linux; Android 6.0.1; Nexus 5X Build/MMB29P) AppleWebKit/537.36 (KHTML, like Gecko) Chrome/137.0.7151.119 Mobile Safari/537.36 (compatible; Googlebot/2.1; +http://www.google.com/bot.html)"
66.249.64.131 - - [08/Jul/2025:18:16:08 +0200] "GET /lib/jq.fancybox-1.3.4/jquery.easing-1.3.pack.js HTTP/1.1" 200 6717 "http://nagybistvan.hu/index.php" "Mozilla/5.0 (Linux; Android 6.0.1; Nexus 5X Build/MMB29P) AppleWebKit/537.36 (KHTML, like Gecko) Chrome/137.0.7151.119 Mobile Safari/537.36 (compatible; Googlebot/2.1; +http://www.google.com/bot.html)"
66.249.64.130 - - [08/Jul/2025:18:16:09 +0200] "GET /lib/jq.fancybox-1.3.4/jquery.fancybox-1.3.4.pack.js HTTP/1.1" 200 15624 "http://nagybistvan.hu/index.php" "Mozilla/5.0 (Linux; Android 6.0.1; Nexus 5X Build/MMB29P) AppleWebKit/537.36 (KHTML, like Gecko) Chrome/137.0.7151.119 Mobile Safari/537.36 (compatible; Googlebot/2.1; +http://www.google.com/bot.html)"
66.249.64.130 - - [08/Jul/2025:18:16:09 +0200] "GET /lib/jq.fancybox-1.3.4/jquery.mousewheel-3.0.4.pack.js HTTP/1.1" 200 1279 "http://nagybistvan.hu/index.php" "Mozilla/5.0 (Linux; Android 6.0.1; Nexus 5X Build/MMB29P) AppleWebKit/537.36 (KHTML, like Gecko) Chrome/137.0.7151.119 Mobile Safari/537.36 (compatible; Googlebot/2.1; +http://www.google.com/bot.html)"
66.249.64.131 - - [08/Jul/2025:18:16:10 +0200] "GET /skin/master.css HTTP/1.1" 200 6842 "http://nagybistvan.hu/index.php" "Mozilla/5.0 (Linux; Android 6.0.1; Nexus 5X Build/MMB29P) AppleWebKit/537.36 (KHTML, like Gecko) Chrome/137.0.7151.119 Mobile Safari/537.36 (compatible; Googlebot/2.1; +http://www.google.com/bot.html)"
66.249.64.131 - - [08/Jul/2025:18:16:11 +0200] "GET /lib/thickbox-3.1.custom/thickbox.css HTTP/1.1" 200 4175 "http://nagybistvan.hu/index.php" "Mozilla/5.0 (Linux; Android 6.0.1; Nexus 5X Build/MMB29P) AppleWebKit/537.36 (KHTML, like Gecko) Chrome/137.0.7151.119 Mobile Safari/537.36 (compatible; Googlebot/2.1; +http://www.google.com/bot.html)"
66.249.64.130 - - [08/Jul/2025:18:16:11 +0200] "GET /lib/jquery-1.3.2/jquery-1.3.2.min.js HTTP/1.1" 200 57254 "http://nagybistvan.hu/index.php" "Mozilla/5.0 (Linux; Android 6.0.1; Nexus 5X Build/MMB29P) AppleWebKit/537.36 (KHTML, like Gecko) Chrome/137.0.7151.119 Mobile Safari/537.36 (compatible; Googlebot/2.1; +http://www.google.com/bot.html)"
88.99.80.227 - - [08/Jul/2025:18:17:55 +0200] "HEAD / HTTP/1.1" 200 0 "http://nagybistvan.hu" "Mozilla/5.0+(compatible; UptimeRobot/2.0; http://www.uptimerobot.com/)"
128.140.106.114 - - [08/Jul/2025:18:23:00 +0200] "HEAD / HTTP/1.1" 200 0 "http://nagybistvan.hu" "Mozilla/5.0+(compatible; UptimeRobot/2.0; http://www.uptimerobot.com/)"
168.119.96.239 - - [08/Jul/2025:18:28:03 +0200] "HEAD / HTTP/1.1" 200 0 "http://nagybistvan.hu" "Mozilla/5.0+(compatible; UptimeRobot/2.0; http://www.uptimerobot.com/)"
49.51.252.146 - - [08/Jul/2025:18:31:00 +0200] "GET / HTTP/1.1" 200 6726 "-" "Mozilla/5.0 (iPhone; CPU iPhone OS 13_2_3 like Mac OS X) AppleWebKit/605.1.15 (KHTML, like Gecko) Version/13.0.3 Mobile/15E148 Safari/604.1"
157.90.155.240 - - [08/Jul/2025:18:33:07 +0200] "HEAD / HTTP/1.1" 200 0 "http://nagybistvan.hu" "Mozilla/5.0+(compatible; UptimeRobot/2.0; http://www.uptimerobot.com/)"
88.99.80.227 - - [08/Jul/2025:18:38:11 +0200] "HEAD / HTTP/1.1" 200 0 "http://nagybistvan.hu" "Mozilla/5.0+(compatible; UptimeRobot/2.0; http://www.uptimerobot.com/)"
128.140.41.193 - - [08/Jul/2025:18:43:14 +0200] "HEAD / HTTP/1.1" 200 0 "http://nagybistvan.hu" "Mozilla/5.0+(compatible; UptimeRobot/2.0; http://www.uptimerobot.com/)"
66.249.64.131 - - [08/Jul/2025:18:47:58 +0200] "GET / HTTP/1.1" 200 6678 "-" "Mozilla/5.0 (Linux; Android 6.0.1; Nexus 5X Build/MMB29P) AppleWebKit/537.36 (KHTML, like Gecko) Chrome/137.0.7151.103 Mobile Safari/537.36 (compatible; Googlebot/2.1; +http://www.google.com/bot.html)"
66.249.64.131 - - [08/Jul/2025:18:48:00 +0200] "GET /lib/jq.fancybox-1.3.4/jquery.fancybox-1.3.4.pack.js HTTP/1.1" 200 15624 "http://nagybistvan.hu/" "Mozilla/5.0 (Linux; Android 6.0.1; Nexus 5X Build/MMB29P) AppleWebKit/537.36 (KHTML, like Gecko) Chrome/137.0.7151.119 Mobile Safari/537.36 (compatible; Googlebot/2.1; +http://www.google.com/bot.html)"
66.249.64.130 - - [08/Jul/2025:18:48:01 +0200] "GET /lib/jquery-1.3.2/jquery-1.3.2.min.js HTTP/1.1" 200 57254 "http://nagybistvan.hu/" "Mozilla/5.0 (Linux; Android 6.0.1; Nexus 5X Build/MMB29P) AppleWebKit/537.36 (KHTML, like Gecko) Chrome/137.0.7151.119 Mobile Safari/537.36 (compatible; Googlebot/2.1; +http://www.google.com/bot.html)"
66.249.64.131 - - [08/Jul/2025:18:48:02 +0200] "GET /lib/jq.fancybox-1.3.4/jquery.easing-1.3.pack.js HTTP/1.1" 200 6717 "http://nagybistvan.hu/" "Mozilla/5.0 (Linux; Android 6.0.1; Nexus 5X Build/MMB29P) AppleWebKit/537.36 (KHTML, like Gecko) Chrome/137.0.7151.119 Mobile Safari/537.36 (compatible; Googlebot/2.1; +http://www.google.com/bot.html)"
66.249.64.130 - - [08/Jul/2025:18:48:02 +0200] "GET /lib/jq.fancybox-1.3.4/jquery.fancybox-1.3.4.css HTTP/1.1" 200 8498 "http://nagybistvan.hu/" "Mozilla/5.0 (Linux; Android 6.0.1; Nexus 5X Build/MMB29P) AppleWebKit/537.36 (KHTML, like Gecko) Chrome/137.0.7151.119 Mobile Safari/537.36 (compatible; Googlebot/2.1; +http://www.google.com/bot.html)"
66.249.64.130 - - [08/Jul/2025:18:48:03 +0200] "GET /lib/jq.fancybox-1.3.4/jquery.mousewheel-3.0.4.pack.js HTTP/1.1" 200 1279 "http://nagybistvan.hu/" "Mozilla/5.0 (Linux; Android 6.0.1; Nexus 5X Build/MMB29P) AppleWebKit/537.36 (KHTML, like Gecko) Chrome/137.0.7151.119 Mobile Safari/537.36 (compatible; Googlebot/2.1; +http://www.google.com/bot.html)"
66.249.64.130 - - [08/Jul/2025:18:48:03 +0200] "GET /lib/thickbox-3.1.custom/thickbox.css HTTP/1.1" 200 4175 "http://nagybistvan.hu/" "Mozilla/5.0 (Linux; Android 6.0.1; Nexus 5X Build/MMB29P) AppleWebKit/537.36 (KHTML, like Gecko) Chrome/137.0.7151.119 Mobile Safari/537.36 (compatible; Googlebot/2.1; +http://www.google.com/bot.html)"
78.47.98.55 - - [08/Jul/2025:18:48:18 +0200] "HEAD / HTTP/1.1" 200 0 "http://nagybistvan.hu" "Mozilla/5.0+(compatible; UptimeRobot/2.0; http://www.uptimerobot.com/)"
128.140.106.114 - - [08/Jul/2025:18:53:22 +0200] "HEAD / HTTP/1.1" 200 0 "http://nagybistvan.hu" "Mozilla/5.0+(compatible; UptimeRobot/2.0; http://www.uptimerobot.com/)"
157.90.156.63 - - [08/Jul/2025:18:58:25 +0200] "HEAD / HTTP/1.1" 200 0 "http://nagybistvan.hu" "Mozilla/5.0+(compatible; UptimeRobot/2.0; http://www.uptimerobot.com/)"
157.90.156.63 - - [08/Jul/2025:19:03:29 +0200] "HEAD / HTTP/1.1" 200 0 "http://nagybistvan.hu" "Mozilla/5.0+(compatible; UptimeRobot/2.0; http://www.uptimerobot.com/)"
34.23.99.122 - - [08/Jul/2025:19:06:53 +0200] "HEAD /wordpress HTTP/1.1" 404 0 "-" "Mozilla/5.0 (Windows NT 10.0; Win64; x64) AppleWebKit/537.36 (KHTML, like Gecko) Chrome/74.0.3729.169 Safari/537.36"
34.23.99.122 - - [08/Jul/2025:19:06:54 +0200] "HEAD / HTTP/1.1" 200 0 "-" "Mozilla/5.0 (Windows NT 10.0; Win64; x64) AppleWebKit/537.36 (KHTML, like Gecko) Chrome/74.0.3729.169 Safari/537.36"
34.23.99.122 - - [08/Jul/2025:19:06:54 +0200] "HEAD /wp HTTP/1.1" 404 0 "-" "Mozilla/5.0 (Windows NT 10.0; Win64; x64) AppleWebKit/537.36 (KHTML, like Gecko) Chrome/74.0.3729.169 Safari/537.36"
34.23.99.122 - - [08/Jul/2025:19:06:54 +0200] "HEAD /bc HTTP/1.1" 404 0 "-" "Mozilla/5.0 (Windows NT 10.0; Win64; x64) AppleWebKit/537.36 (KHTML, like Gecko) Chrome/74.0.3729.169 Safari/537.36"
34.23.99.122 - - [08/Jul/2025:19:06:54 +0200] "HEAD /bk HTTP/1.1" 404 0 "-" "Mozilla/5.0 (Windows NT 10.0; Win64; x64) AppleWebKit/537.36 (KHTML, like Gecko) Chrome/74.0.3729.169 Safari/537.36"
34.23.99.122 - - [08/Jul/2025:19:06:54 +0200] "HEAD /backup HTTP/1.1" 404 0 "-" "Mozilla/5.0 (Windows NT 10.0; Win64; x64) AppleWebKit/537.36 (KHTML, like Gecko) Chrome/74.0.3729.169 Safari/537.36"
34.23.99.122 - - [08/Jul/2025:19:06:54 +0200] "HEAD /old HTTP/1.1" 404 0 "-" "Mozilla/5.0 (Windows NT 10.0; Win64; x64) AppleWebKit/537.36 (KHTML, like Gecko) Chrome/74.0.3729.169 Safari/537.36"
34.23.99.122 - - [08/Jul/2025:19:06:54 +0200] "HEAD /new HTTP/1.1" 404 0 "-" "Mozilla/5.0 (Windows NT 10.0; Win64; x64) AppleWebKit/537.36 (KHTML, like Gecko) Chrome/74.0.3729.169 Safari/537.36"
34.23.99.122 - - [08/Jul/2025:19:06:54 +0200] "HEAD /main HTTP/1.1" 404 0 "-" "Mozilla/5.0 (Windows NT 10.0; Win64; x64) AppleWebKit/537.36 (KHTML, like Gecko) Chrome/74.0.3729.169 Safari/537.36"
34.23.99.122 - - [08/Jul/2025:19:06:55 +0200] "HEAD /home HTTP/1.1" 404 0 "-" "Mozilla/5.0 (Windows NT 10.0; Win64; x64) AppleWebKit/537.36 (KHTML, like Gecko) Chrome/74.0.3729.169 Safari/537.36"
49.13.24.81 - - [08/Jul/2025:19:08:33 +0200] "HEAD / HTTP/1.1" 200 0 "http://nagybistvan.hu" "Mozilla/5.0+(compatible; UptimeRobot/2.0; http://www.uptimerobot.com/)"
159.69.158.189 - - [08/Jul/2025:19:13:37 +0200] "HEAD / HTTP/1.1" 200 0 "http://nagybistvan.hu" "Mozilla/5.0+(compatible; UptimeRobot/2.0; http://www.uptimerobot.com/)"
157.90.155.240 - - [08/Jul/2025:19:18:40 +0200] "HEAD / HTTP/1.1" 200 0 "http://nagybistvan.hu" "Mozilla/5.0+(compatible; UptimeRobot/2.0; http://www.uptimerobot.com/)"
157.90.156.63 - - [08/Jul/2025:19:23:45 +0200] "HEAD / HTTP/1.1" 200 0 "http://nagybistvan.hu" "Mozilla/5.0+(compatible; UptimeRobot/2.0; http://www.uptimerobot.com/)"
168.119.96.239 - - [08/Jul/2025:19:28:48 +0200] "HEAD / HTTP/1.1" 200 0 "http://nagybistvan.hu" "Mozilla/5.0+(compatible; UptimeRobot/2.0; http://www.uptimerobot.com/)"
157.90.156.63 - - [08/Jul/2025:19:33:53 +0200] "HEAD / HTTP/1.1" 200 0 "http://nagybistvan.hu" "Mozilla/5.0+(compatible; UptimeRobot/2.0; http://www.uptimerobot.com/)"
78.47.173.76 - - [08/Jul/2025:19:38:57 +0200] "HEAD / HTTP/1.1" 200 0 "http://nagybistvan.hu" "Mozilla/5.0+(compatible; UptimeRobot/2.0; http://www.uptimerobot.com/)"
78.47.173.76 - - [08/Jul/2025:19:44:00 +0200] "HEAD / HTTP/1.1" 200 0 "http://nagybistvan.hu" "Mozilla/5.0+(compatible; UptimeRobot/2.0; http://www.uptimerobot.com/)"
168.119.123.75 - - [08/Jul/2025:19:49:04 +0200] "HEAD / HTTP/1.1" 200 0 "http://nagybistvan.hu" "Mozilla/5.0+(compatible; UptimeRobot/2.0; http://www.uptimerobot.com/)"
78.47.98.55 - - [08/Jul/2025:19:54:07 +0200] "HEAD / HTTP/1.1" 200 0 "http://nagybistvan.hu" "Mozilla/5.0+(compatible; UptimeRobot/2.0; http://www.uptimerobot.com/)"
88.99.80.227 - - [08/Jul/2025:19:59:12 +0200] "HEAD / HTTP/1.1" 200 0 "http://nagybistvan.hu" "Mozilla/5.0+(compatible; UptimeRobot/2.0; http://www.uptimerobot.com/)"
66.249.64.132 - - [08/Jul/2025:20:02:03 +0200] "GET /veroce060708_elemei/image010.jpg HTTP/1.1" 304 - "-" "Googlebot-Image/1.0"
157.90.156.63 - - [08/Jul/2025:20:04:16 +0200] "HEAD / HTTP/1.1" 200 0 "http://nagybistvan.hu" "Mozilla/5.0+(compatible; UptimeRobot/2.0; http://www.uptimerobot.com/)"
216.244.66.227 - - [08/Jul/2025:20:08:19 +0200] "GET /robots.txt HTTP/1.1" 404 1181 "-" "Mozilla/5.0 (compatible; DotBot/1.2; +https://opensiteexplorer.org/dotbot; help@moz.com)"
216.244.66.227 - - [08/Jul/2025:20:08:19 +0200] "GET /robots.txt HTTP/1.1" 404 1181 "-" "Mozilla/5.0 (compatible; DotBot/1.2; +https://opensiteexplorer.org/dotbot; help@moz.com)"
78.46.190.63 - - [08/Jul/2025:20:09:19 +0200] "HEAD / HTTP/1.1" 200 0 "http://nagybistvan.hu" "Mozilla/5.0+(compatible; UptimeRobot/2.0; http://www.uptimerobot.com/)"
128.140.41.193 - - [08/Jul/2025:20:14:23 +0200] "HEAD / HTTP/1.1" 200 0 "http://nagybistvan.hu" "Mozilla/5.0+(compatible; UptimeRobot/2.0; http://www.uptimerobot.com/)"
216.244.66.227 - - [08/Jul/2025:20:15:11 +0200] "GET /media/image/07.231.003.jpg HTTP/1.1" 200 122339 "-" "Mozilla/5.0 (compatible; DotBot/1.2; +https://opensiteexplorer.org/dotbot; help@moz.com)"
216.244.66.227 - - [08/Jul/2025:20:15:37 +0200] "GET /media/image/30.362.001.jpg HTTP/1.1" 200 188561 "-" "Mozilla/5.0 (compatible; DotBot/1.2; +https://opensiteexplorer.org/dotbot; help@moz.com)"
216.244.66.227 - - [08/Jul/2025:20:16:14 +0200] "GET /media/image/07.008.001.jpg HTTP/1.1" 200 252483 "-" "Mozilla/5.0 (compatible; DotBot/1.2; +https://opensiteexplorer.org/dotbot; help@moz.com)"
216.244.66.227 - - [08/Jul/2025:20:16:49 +0200] "GET /media/image/07.073.001.jpg HTTP/1.1" 200 74658 "-" "Mozilla/5.0 (compatible; DotBot/1.2; +https://opensiteexplorer.org/dotbot; help@moz.com)"
66.249.64.131 - - [08/Jul/2025:20:16:59 +0200] "GET /vac070314megnyito.pdf HTTP/1.1" 304 - "-" "Mozilla/5.0 (Linux; Android 6.0.1; Nexus 5X Build/MMB29P) AppleWebKit/537.36 (KHTML, like Gecko) Chrome/137.0.7151.103 Mobile Safari/537.36 (compatible; Googlebot/2.1; +http://www.google.com/bot.html)"
168.119.123.75 - - [08/Jul/2025:20:19:26 +0200] "HEAD / HTTP/1.1" 200 0 "http://nagybistvan.hu" "Mozilla/5.0+(compatible; UptimeRobot/2.0; http://www.uptimerobot.com/)"
49.13.164.148 - - [08/Jul/2025:20:24:32 +0200] "HEAD / HTTP/1.1" 200 0 "http://nagybistvan.hu" "Mozilla/5.0+(compatible; UptimeRobot/2.0; http://www.uptimerobot.com/)"
49.13.130.29 - - [08/Jul/2025:20:29:35 +0200] "HEAD / HTTP/1.1" 200 0 "http://nagybistvan.hu" "Mozilla/5.0+(compatible; UptimeRobot/2.0; http://www.uptimerobot.com/)"
78.47.173.76 - - [08/Jul/2025:20:34:39 +0200] "HEAD / HTTP/1.1" 200 0 "http://nagybistvan.hu" "Mozilla/5.0+(compatible; UptimeRobot/2.0; http://www.uptimerobot.com/)"
157.90.155.240 - - [08/Jul/2025:20:39:42 +0200] "HEAD / HTTP/1.1" 200 0 "http://nagybistvan.hu" "Mozilla/5.0+(compatible; UptimeRobot/2.0; http://www.uptimerobot.com/)"
5.63.215.160 - - [08/Jul/2025:20:39:52 +0200] "GET / HTTP/1.1" 200 6750 "https://www.google.com/" "Mozilla/5.0 (Linux; Android 10; K) AppleWebKit/537.36 (KHTML, like Gecko) Chrome/138.0.0.0 Mobile Safari/537.36"
5.63.215.160 - - [08/Jul/2025:20:39:53 +0200] "GET /img/nagy_b_90_meghivo_400.jpg HTTP/1.1" 200 42212 "http://nagybistvan.hu/" "Mozilla/5.0 (Linux; Android 10; K) AppleWebKit/537.36 (KHTML, like Gecko) Chrome/138.0.0.0 Mobile Safari/537.36"
5.63.215.160 - - [08/Jul/2025:20:39:53 +0200] "GET /lib/jquery-1.3.2/jquery-1.3.2.min.js HTTP/1.1" 200 57254 "http://nagybistvan.hu/" "Mozilla/5.0 (Linux; Android 10; K) AppleWebKit/537.36 (KHTML, like Gecko) Chrome/138.0.0.0 Mobile Safari/537.36"
5.63.215.160 - - [08/Jul/2025:20:39:53 +0200] "GET /img/Nagy_B_album_szoro2_130.jpg HTTP/1.1" 200 53095 "http://nagybistvan.hu/" "Mozilla/5.0 (Linux; Android 10; K) AppleWebKit/537.36 (KHTML, like Gecko) Chrome/138.0.0.0 Mobile Safari/537.36"
5.63.215.160 - - [08/Jul/2025:20:39:53 +0200] "GET /media/image/21.345.001.jpg HTTP/1.1" 200 157830 "http://nagybistvan.hu/" "Mozilla/5.0 (Linux; Android 10; K) AppleWebKit/537.36 (KHTML, like Gecko) Chrome/138.0.0.0 Mobile Safari/537.36"
5.63.215.160 - - [08/Jul/2025:20:39:53 +0200] "GET /skin/diszsav9.jpg HTTP/1.1" 200 147136 "http://nagybistvan.hu/skin/master.css" "Mozilla/5.0 (Linux; Android 10; K) AppleWebKit/537.36 (KHTML, like Gecko) Chrome/138.0.0.0 Mobile Safari/537.36"
5.63.215.160 - - [08/Jul/2025:20:39:53 +0200] "GET /favicon.ico HTTP/1.1" 404 1181 "http://nagybistvan.hu/" "Mozilla/5.0 (Linux; Android 10; K) AppleWebKit/537.36 (KHTML, like Gecko) Chrome/138.0.0.0 Mobile Safari/537.36"
5.63.215.160 - - [08/Jul/2025:20:40:03 +0200] "GET /kepek/ HTTP/1.1" 302 5 "http://nagybistvan.hu/" "Mozilla/5.0 (Linux; Android 10; K) AppleWebKit/537.36 (KHTML, like Gecko) Chrome/138.0.0.0 Mobile Safari/537.36"
5.63.215.160 - - [08/Jul/2025:20:40:04 +0200] "GET /index.php?c=kepek HTTP/1.1" 200 10177 "http://nagybistvan.hu/" "Mozilla/5.0 (Linux; Android 10; K) AppleWebKit/537.36 (KHTML, like Gecko) Chrome/138.0.0.0 Mobile Safari/537.36"
5.63.215.160 - - [08/Jul/2025:20:40:09 +0200] "GET /index.php?c=greco HTTP/1.1" 200 17734 "http://nagybistvan.hu/index.php?c=kepek" "Mozilla/5.0 (Linux; Android 10; K) AppleWebKit/537.36 (KHTML, like Gecko) Chrome/138.0.0.0 Mobile Safari/537.36"
5.63.215.160 - - [08/Jul/2025:20:40:09 +0200] "GET /media/image/06.069.001.jpg HTTP/1.1" 200 92566 "http://nagybistvan.hu/index.php?c=greco" "Mozilla/5.0 (Linux; Android 10; K) AppleWebKit/537.36 (KHTML, like Gecko) Chrome/138.0.0.0 Mobile Safari/537.36"
5.63.215.160 - - [08/Jul/2025:20:40:09 +0200] "GET /media/image/24.312.001.jpg HTTP/1.1" 200 73259 "http://nagybistvan.hu/index.php?c=greco" "Mozilla/5.0 (Linux; Android 10; K) AppleWebKit/537.36 (KHTML, like Gecko) Chrome/138.0.0.0 Mobile Safari/537.36"
5.63.215.160 - - [08/Jul/2025:20:40:09 +0200] "GET /media/image/07.064.001.jpg HTTP/1.1" 200 88707 "http://nagybistvan.hu/index.php?c=greco" "Mozilla/5.0 (Linux; Android 10; K) AppleWebKit/537.36 (KHTML, like Gecko) Chrome/138.0.0.0 Mobile Safari/537.36"
5.63.215.160 - - [08/Jul/2025:20:40:09 +0200] "GET /media/image/07.038.001.jpg HTTP/1.1" 200 94036 "http://nagybistvan.hu/index.php?c=greco" "Mozilla/5.0 (Linux; Android 10; K) AppleWebKit/537.36 (KHTML, like Gecko) Chrome/138.0.0.0 Mobile Safari/537.36"
5.63.215.160 - - [08/Jul/2025:20:40:09 +0200] "GET /media/image/07.065.001.jpg HTTP/1.1" 200 92532 "http://nagybistvan.hu/index.php?c=greco" "Mozilla/5.0 (Linux; Android 10; K) AppleWebKit/537.36 (KHTML, like Gecko) Chrome/138.0.0.0 Mobile Safari/537.36"
5.63.215.160 - - [08/Jul/2025:20:40:09 +0200] "GET /media/image/07.123.001.jpg HTTP/1.1" 200 106811 "http://nagybistvan.hu/index.php?c=greco" "Mozilla/5.0 (Linux; Android 10; K) AppleWebKit/537.36 (KHTML, like Gecko) Chrome/138.0.0.0 Mobile Safari/537.36"
5.63.215.160 - - [08/Jul/2025:20:40:09 +0200] "GET /media/image/07.124.001.jpg HTTP/1.1" 200 110120 "http://nagybistvan.hu/index.php?c=greco" "Mozilla/5.0 (Linux; Android 10; K) AppleWebKit/537.36 (KHTML, like Gecko) Chrome/138.0.0.0 Mobile Safari/537.36"
5.63.215.160 - - [08/Jul/2025:20:40:09 +0200] "GET /media/image/07.068.001.jpg HTTP/1.1" 200 88311 "http://nagybistvan.hu/index.php?c=greco" "Mozilla/5.0 (Linux; Android 10; K) AppleWebKit/537.36 (KHTML, like Gecko) Chrome/138.0.0.0 Mobile Safari/537.36"
5.63.215.160 - - [08/Jul/2025:20:40:09 +0200] "GET /media/image/07.122.001.jpg HTTP/1.1" 200 109999 "http://nagybistvan.hu/index.php?c=greco" "Mozilla/5.0 (Linux; Android 10; K) AppleWebKit/537.36 (KHTML, like Gecko) Chrome/138.0.0.0 Mobile Safari/537.36"
5.63.215.160 - - [08/Jul/2025:20:40:09 +0200] "GET /media/image/07.070.001.jpg HTTP/1.1" 200 78704 "http://nagybistvan.hu/index.php?c=greco" "Mozilla/5.0 (Linux; Android 10; K) AppleWebKit/537.36 (KHTML, like Gecko) Chrome/138.0.0.0 Mobile Safari/537.36"
5.63.215.160 - - [08/Jul/2025:20:40:09 +0200] "GET /media/image/21.290.001.jpg HTTP/1.1" 200 90777 "http://nagybistvan.hu/index.php?c=greco" "Mozilla/5.0 (Linux; Android 10; K) AppleWebKit/537.36 (KHTML, like Gecko) Chrome/138.0.0.0 Mobile Safari/537.36"
5.63.215.160 - - [08/Jul/2025:20:40:09 +0200] "GET /skin/diszsav5.jpg HTTP/1.1" 200 118170 "http://nagybistvan.hu/skin/master.css" "Mozilla/5.0 (Linux; Android 10; K) AppleWebKit/537.36 (KHTML, like Gecko) Chrome/138.0.0.0 Mobile Safari/537.36"
5.63.215.160 - - [08/Jul/2025:20:40:09 +0200] "GET /media/image/07.067.001.jpg HTTP/1.1" 200 79574 "http://nagybistvan.hu/index.php?c=greco" "Mozilla/5.0 (Linux; Android 10; K) AppleWebKit/537.36 (KHTML, like Gecko) Chrome/138.0.0.0 Mobile Safari/537.36"
5.63.215.160 - - [08/Jul/2025:20:41:29 +0200] "GET /index.php?c=greco&cp=2 HTTP/1.1" 200 18168 "http://nagybistvan.hu/index.php?c=greco" "Mozilla/5.0 (Linux; Android 10; K) AppleWebKit/537.36 (KHTML, like Gecko) Chrome/138.0.0.0 Mobile Safari/537.36"
5.63.215.160 - - [08/Jul/2025:20:41:29 +0200] "GET /media/image/07.066.001.jpg HTTP/1.1" 200 79502 "http://nagybistvan.hu/index.php?c=greco&cp=2" "Mozilla/5.0 (Linux; Android 10; K) AppleWebKit/537.36 (KHTML, like Gecko) Chrome/138.0.0.0 Mobile Safari/537.36"
5.63.215.160 - - [08/Jul/2025:20:41:30 +0200] "GET /media/image/07.071.001.jpg HTTP/1.1" 200 76203 "http://nagybistvan.hu/index.php?c=greco&cp=2" "Mozilla/5.0 (Linux; Android 10; K) AppleWebKit/537.36 (KHTML, like Gecko) Chrome/138.0.0.0 Mobile Safari/537.36"
5.63.215.160 - - [08/Jul/2025:20:41:30 +0200] "GET /media/image/07.072.001.jpg HTTP/1.1" 200 77921 "http://nagybistvan.hu/index.php?c=greco&cp=2" "Mozilla/5.0 (Linux; Android 10; K) AppleWebKit/537.36 (KHTML, like Gecko) Chrome/138.0.0.0 Mobile Safari/537.36"
5.63.215.160 - - [08/Jul/2025:20:41:30 +0200] "GET /media/image/07.029.001.jpg HTTP/1.1" 200 100936 "http://nagybistvan.hu/index.php?c=greco&cp=2" "Mozilla/5.0 (Linux; Android 10; K) AppleWebKit/537.36 (KHTML, like Gecko) Chrome/138.0.0.0 Mobile Safari/537.36"
5.63.215.160 - - [08/Jul/2025:20:41:30 +0200] "GET /media/image/07.039.001.jpg HTTP/1.1" 200 78033 "http://nagybistvan.hu/index.php?c=greco&cp=2" "Mozilla/5.0 (Linux; Android 10; K) AppleWebKit/537.36 (KHTML, like Gecko) Chrome/138.0.0.0 Mobile Safari/537.36"
5.63.215.160 - - [08/Jul/2025:20:41:30 +0200] "GET /media/image/24.304.001.jpg HTTP/1.1" 200 106825 "http://nagybistvan.hu/index.php?c=greco&cp=2" "Mozilla/5.0 (Linux; Android 10; K) AppleWebKit/537.36 (KHTML, like Gecko) Chrome/138.0.0.0 Mobile Safari/537.36"
5.63.215.160 - - [08/Jul/2025:20:41:30 +0200] "GET /media/image/07.040.001.jpg HTTP/1.1" 200 67731 "http://nagybistvan.hu/index.php?c=greco&cp=2" "Mozilla/5.0 (Linux; Android 10; K) AppleWebKit/537.36 (KHTML, like Gecko) Chrome/138.0.0.0 Mobile Safari/537.36"
5.63.215.160 - - [08/Jul/2025:20:41:30 +0200] "GET /media/image/07.036.001.jpg HTTP/1.1" 200 97420 "http://nagybistvan.hu/index.php?c=greco&cp=2" "Mozilla/5.0 (Linux; Android 10; K) AppleWebKit/537.36 (KHTML, like Gecko) Chrome/138.0.0.0 Mobile Safari/537.36"
5.63.215.160 - - [08/Jul/2025:20:41:30 +0200] "GET /media/image/07.035.001.jpg HTTP/1.1" 200 94619 "http://nagybistvan.hu/index.php?c=greco&cp=2" "Mozilla/5.0 (Linux; Android 10; K) AppleWebKit/537.36 (KHTML, like Gecko) Chrome/138.0.0.0 Mobile Safari/537.36"
5.63.215.160 - - [08/Jul/2025:20:41:30 +0200] "GET /media/image/07.030.001.jpg HTTP/1.1" 200 95655 "http://nagybistvan.hu/index.php?c=greco&cp=2" "Mozilla/5.0 (Linux; Android 10; K) AppleWebKit/537.36 (KHTML, like Gecko) Chrome/138.0.0.0 Mobile Safari/537.36"
5.63.215.160 - - [08/Jul/2025:20:41:30 +0200] "GET /media/image/07.033.001.jpg HTTP/1.1" 200 107347 "http://nagybistvan.hu/index.php?c=greco&cp=2" "Mozilla/5.0 (Linux; Android 10; K) AppleWebKit/537.36 (KHTML, like Gecko) Chrome/138.0.0.0 Mobile Safari/537.36"
5.63.215.160 - - [08/Jul/2025:20:41:30 +0200] "GET /media/image/07.034.001.jpg HTTP/1.1" 200 104843 "http://nagybistvan.hu/index.php?c=greco&cp=2" "Mozilla/5.0 (Linux; Android 10; K) AppleWebKit/537.36 (KHTML, like Gecko) Chrome/138.0.0.0 Mobile Safari/537.36"
5.63.215.160 - - [08/Jul/2025:20:43:19 +0200] "GET /index.php?c=greco&cp=3 HTTP/1.1" 200 13707 "http://nagybistvan.hu/index.php?c=greco&cp=2" "Mozilla/5.0 (Linux; Android 10; K) AppleWebKit/537.36 (KHTML, like Gecko) Chrome/138.0.0.0 Mobile Safari/537.36"
5.63.215.160 - - [08/Jul/2025:20:43:19 +0200] "GET /media/image/07.037.001.jpg HTTP/1.1" 200 105210 "http://nagybistvan.hu/index.php?c=greco&cp=3" "Mozilla/5.0 (Linux; Android 10; K) AppleWebKit/537.36 (KHTML, like Gecko) Chrome/138.0.0.0 Mobile Safari/537.36"
5.63.215.160 - - [08/Jul/2025:20:43:19 +0200] "GET /media/image/07.121.001.jpg HTTP/1.1" 200 69001 "http://nagybistvan.hu/index.php?c=greco&cp=3" "Mozilla/5.0 (Linux; Android 10; K) AppleWebKit/537.36 (KHTML, like Gecko) Chrome/138.0.0.0 Mobile Safari/537.36"
5.63.215.160 - - [08/Jul/2025:20:43:19 +0200] "GET /media/image/07.051.001.jpg HTTP/1.1" 200 77907 "http://nagybistvan.hu/index.php?c=greco&cp=3" "Mozilla/5.0 (Linux; Android 10; K) AppleWebKit/537.36 (KHTML, like Gecko) Chrome/138.0.0.0 Mobile Safari/537.36"
5.63.215.160 - - [08/Jul/2025:20:43:19 +0200] "GET /media/image/07.074.001.jpg HTTP/1.1" 200 88248 "http://nagybistvan.hu/index.php?c=greco&cp=3" "Mozilla/5.0 (Linux; Android 10; K) AppleWebKit/537.36 (KHTML, like Gecko) Chrome/138.0.0.0 Mobile Safari/537.36"
5.63.215.160 - - [08/Jul/2025:20:43:19 +0200] "GET /media/image/07.073.001.jpg HTTP/1.1" 200 74658 "http://nagybistvan.hu/index.php?c=greco&cp=3" "Mozilla/5.0 (Linux; Android 10; K) AppleWebKit/537.36 (KHTML, like Gecko) Chrome/138.0.0.0 Mobile Safari/537.36"
5.63.215.160 - - [08/Jul/2025:20:43:39 +0200] "GET /index.php?c=greco&cp=2 HTTP/1.1" 200 18168 "http://nagybistvan.hu/index.php?c=greco" "Mozilla/5.0 (Linux; Android 10; K) AppleWebKit/537.36 (KHTML, like Gecko) Chrome/138.0.0.0 Mobile Safari/537.36"
5.63.215.160 - - [08/Jul/2025:20:43:39 +0200] "GET /skin/diszsav2.jpg HTTP/1.1" 200 119023 "http://nagybistvan.hu/skin/master.css" "Mozilla/5.0 (Linux; Android 10; K) AppleWebKit/537.36 (KHTML, like Gecko) Chrome/138.0.0.0 Mobile Safari/537.36"
5.63.215.160 - - [08/Jul/2025:20:43:41 +0200] "GET /index.php?c=greco&cp=3 HTTP/1.1" 200 13707 "http://nagybistvan.hu/index.php?c=greco&cp=2" "Mozilla/5.0 (Linux; Android 10; K) AppleWebKit/537.36 (KHTML, like Gecko) Chrome/138.0.0.0 Mobile Safari/537.36"
5.63.215.160 - - [08/Jul/2025:20:44:11 +0200] "GET /index.php?c=greco&cp=2 HTTP/1.1" 200 18168 "http://nagybistvan.hu/index.php?c=greco" "Mozilla/5.0 (Linux; Android 10; K) AppleWebKit/537.36 (KHTML, like Gecko) Chrome/138.0.0.0 Mobile Safari/537.36"
5.63.215.160 - - [08/Jul/2025:20:44:12 +0200] "GET /index.php?c=greco HTTP/1.1" 200 17735 "http://nagybistvan.hu/index.php?c=kepek" "Mozilla/5.0 (Linux; Android 10; K) AppleWebKit/537.36 (KHTML, like Gecko) Chrome/138.0.0.0 Mobile Safari/537.36"
5.63.215.160 - - [08/Jul/2025:20:44:12 +0200] "GET /skin/diszsav17.jpg HTTP/1.1" 200 92327 "http://nagybistvan.hu/skin/master.css" "Mozilla/5.0 (Linux; Android 10; K) AppleWebKit/537.36 (KHTML, like Gecko) Chrome/138.0.0.0 Mobile Safari/537.36"
5.63.215.160 - - [08/Jul/2025:20:44:14 +0200] "GET /index.php?c=kepek HTTP/1.1" 200 10178 "http://nagybistvan.hu/" "Mozilla/5.0 (Linux; Android 10; K) AppleWebKit/537.36 (KHTML, like Gecko) Chrome/138.0.0.0 Mobile Safari/537.36"
5.63.215.160 - - [08/Jul/2025:20:44:15 +0200] "GET / HTTP/1.1" 200 6767 "https://www.google.com/" "Mozilla/5.0 (Linux; Android 10; K) AppleWebKit/537.36 (KHTML, like Gecko) Chrome/138.0.0.0 Mobile Safari/537.36"
5.63.215.160 - - [08/Jul/2025:20:44:15 +0200] "GET /media/image/07.115.001.jpg HTTP/1.1" 200 130037 "http://nagybistvan.hu/" "Mozilla/5.0 (Linux; Android 10; K) AppleWebKit/537.36 (KHTML, like Gecko) Chrome/138.0.0.0 Mobile Safari/537.36"
49.13.164.148 - - [08/Jul/2025:20:44:45 +0200] "HEAD / HTTP/1.1" 200 0 "http://nagybistvan.hu" "Mozilla/5.0+(compatible; UptimeRobot/2.0; http://www.uptimerobot.com/)"
88.99.80.227 - - [08/Jul/2025:20:49:49 +0200] "HEAD / HTTP/1.1" 200 0 "http://nagybistvan.hu" "Mozilla/5.0+(compatible; UptimeRobot/2.0; http://www.uptimerobot.com/)"
66.249.64.132 - - [08/Jul/2025:20:52:01 +0200] "GET /robots.txt HTTP/1.1" 404 1181 "-" "Mozilla/5.0 (compatible; Googlebot/2.1; +http://www.google.com/bot.html)"
66.249.64.131 - - [08/Jul/2025:20:52:01 +0200] "GET /zsambek/Zsambek%20LIII.html HTTP/1.1" 304 - "-" "Mozilla/5.0 (Linux; Android 6.0.1; Nexus 5X Build/MMB29P) AppleWebKit/537.36 (KHTML, like Gecko) Chrome/137.0.7151.103 Mobile Safari/537.36 (compatible; Googlebot/2.1; +http://www.google.com/bot.html)"
216.244.66.227 - - [08/Jul/2025:20:54:36 +0200] "GET /robots.txt HTTP/1.1" 404 1181 "-" "Mozilla/5.0 (compatible; DotBot/1.2; +https://opensiteexplorer.org/dotbot; help@moz.com)"
216.244.66.227 - - [08/Jul/2025:20:54:36 +0200] "GET /robots.txt HTTP/1.1" 404 1181 "-" "Mozilla/5.0 (compatible; DotBot/1.2; +https://opensiteexplorer.org/dotbot; help@moz.com)"
78.47.98.55 - - [08/Jul/2025:20:54:54 +0200] "HEAD / HTTP/1.1" 200 0 "http://nagybistvan.hu" "Mozilla/5.0+(compatible; UptimeRobot/2.0; http://www.uptimerobot.com/)"
157.90.155.240 - - [08/Jul/2025:20:59:57 +0200] "HEAD / HTTP/1.1" 200 0 "http://nagybistvan.hu" "Mozilla/5.0+(compatible; UptimeRobot/2.0; http://www.uptimerobot.com/)"
216.244.66.227 - - [08/Jul/2025:21:04:02 +0200] "GET /index.php?c=Nagy_B_I_09 HTTP/1.1" 200 16469 "-" "Mozilla/5.0 (compatible; DotBot/1.2; +https://opensiteexplorer.org/dotbot; help@moz.com)"
216.244.66.227 - - [08/Jul/2025:21:04:08 +0200] "GET /index.php?c=beszeloszob HTTP/1.1" 200 16063 "-" "Mozilla/5.0 (compatible; DotBot/1.2; +https://opensiteexplorer.org/dotbot; help@moz.com)"
216.244.66.227 - - [08/Jul/2025:21:04:16 +0200] "GET /index.php?c=7080s HTTP/1.1" 200 17062 "-" "Mozilla/5.0 (compatible; DotBot/1.2; +https://opensiteexplorer.org/dotbot; help@moz.com)"
216.244.66.227 - - [08/Jul/2025:21:04:24 +0200] "GET /index.php?c=kepcs HTTP/1.1" 200 16010 "-" "Mozilla/5.0 (compatible; DotBot/1.2; +https://opensiteexplorer.org/dotbot; help@moz.com)"
49.13.130.29 - - [08/Jul/2025:21:05:02 +0200] "HEAD / HTTP/1.1" 200 0 "http://nagybistvan.hu" "Mozilla/5.0+(compatible; UptimeRobot/2.0; http://www.uptimerobot.com/)"
49.13.134.145 - - [08/Jul/2025:21:10:05 +0200] "HEAD / HTTP/1.1" 200 0 "http://nagybistvan.hu" "Mozilla/5.0+(compatible; UptimeRobot/2.0; http://www.uptimerobot.com/)"
49.13.130.29 - - [08/Jul/2025:21:15:08 +0200] "HEAD / HTTP/1.1" 200 0 "http://nagybistvan.hu" "Mozilla/5.0+(compatible; UptimeRobot/2.0; http://www.uptimerobot.com/)"
49.13.164.148 - - [08/Jul/2025:21:20:12 +0200] "HEAD / HTTP/1.1" 200 0 "http://nagybistvan.hu" "Mozilla/5.0+(compatible; UptimeRobot/2.0; http://www.uptimerobot.com/)"
128.140.41.193 - - [08/Jul/2025:21:25:17 +0200] "HEAD / HTTP/1.1" 200 0 "http://nagybistvan.hu" "Mozilla/5.0+(compatible; UptimeRobot/2.0; http://www.uptimerobot.com/)"
78.46.190.63 - - [08/Jul/2025:21:30:20 +0200] "HEAD / HTTP/1.1" 200 0 "http://nagybistvan.hu" "Mozilla/5.0+(compatible; UptimeRobot/2.0; http://www.uptimerobot.com/)"
40.77.167.45 - - [08/Jul/2025:21:32:01 +0200] "GET /media/image/21.226.002.jpg HTTP/1.1" 200 200028 "-" "Mozilla/5.0 AppleWebKit/537.36 (KHTML, like Gecko; compatible; bingbot/2.0; +http://www.bing.com/bingbot.htm) Chrome/116.0.1938.76 Safari/537.36"
142.132.180.39 - - [08/Jul/2025:21:35:23 +0200] "HEAD / HTTP/1.1" 200 0 "http://nagybistvan.hu" "Mozilla/5.0+(compatible; UptimeRobot/2.0; http://www.uptimerobot.com/)"
168.119.53.160 - - [08/Jul/2025:21:40:27 +0200] "HEAD / HTTP/1.1" 200 0 "http://nagybistvan.hu" "Mozilla/5.0+(compatible; UptimeRobot/2.0; http://www.uptimerobot.com/)"
216.244.66.227 - - [08/Jul/2025:21:40:50 +0200] "GET /robots.txt HTTP/1.1" 404 1181 "-" "Mozilla/5.0 (compatible; DotBot/1.2; +https://opensiteexplorer.org/dotbot; help@moz.com)"
78.47.98.55 - - [08/Jul/2025:21:45:31 +0200] "HEAD / HTTP/1.1" 200 0 "http://nagybistvan.hu" "Mozilla/5.0+(compatible; UptimeRobot/2.0; http://www.uptimerobot.com/)"
35.196.241.133 - - [08/Jul/2025:21:46:24 +0200] "HEAD /wordpress HTTP/1.1" 404 0 "-" "Mozilla/5.0 (Windows NT 10.0; Win64; x64) AppleWebKit/537.36 (KHTML, like Gecko) Chrome/74.0.3729.169 Safari/537.36"
35.196.241.133 - - [08/Jul/2025:21:46:24 +0200] "HEAD / HTTP/1.1" 200 0 "-" "Mozilla/5.0 (Windows NT 10.0; Win64; x64) AppleWebKit/537.36 (KHTML, like Gecko) Chrome/74.0.3729.169 Safari/537.36"
35.196.241.133 - - [08/Jul/2025:21:46:25 +0200] "HEAD /wp HTTP/1.1" 404 0 "-" "Mozilla/5.0 (Windows NT 10.0; Win64; x64) AppleWebKit/537.36 (KHTML, like Gecko) Chrome/74.0.3729.169 Safari/537.36"
35.196.241.133 - - [08/Jul/2025:21:46:25 +0200] "HEAD /bc HTTP/1.1" 404 0 "-" "Mozilla/5.0 (Windows NT 10.0; Win64; x64) AppleWebKit/537.36 (KHTML, like Gecko) Chrome/74.0.3729.169 Safari/537.36"
35.196.241.133 - - [08/Jul/2025:21:46:25 +0200] "HEAD /bk HTTP/1.1" 404 0 "-" "Mozilla/5.0 (Windows NT 10.0; Win64; x64) AppleWebKit/537.36 (KHTML, like Gecko) Chrome/74.0.3729.169 Safari/537.36"
35.196.241.133 - - [08/Jul/2025:21:46:25 +0200] "HEAD /backup HTTP/1.1" 404 0 "-" "Mozilla/5.0 (Windows NT 10.0; Win64; x64) AppleWebKit/537.36 (KHTML, like Gecko) Chrome/74.0.3729.169 Safari/537.36"
35.196.241.133 - - [08/Jul/2025:21:46:25 +0200] "HEAD /old HTTP/1.1" 404 0 "-" "Mozilla/5.0 (Windows NT 10.0; Win64; x64) AppleWebKit/537.36 (KHTML, like Gecko) Chrome/74.0.3729.169 Safari/537.36"
35.196.241.133 - - [08/Jul/2025:21:46:25 +0200] "HEAD /new HTTP/1.1" 404 0 "-" "Mozilla/5.0 (Windows NT 10.0; Win64; x64) AppleWebKit/537.36 (KHTML, like Gecko) Chrome/74.0.3729.169 Safari/537.36"
35.196.241.133 - - [08/Jul/2025:21:46:25 +0200] "HEAD /main HTTP/1.1" 404 0 "-" "Mozilla/5.0 (Windows NT 10.0; Win64; x64) AppleWebKit/537.36 (KHTML, like Gecko) Chrome/74.0.3729.169 Safari/537.36"
35.196.241.133 - - [08/Jul/2025:21:46:25 +0200] "HEAD /home HTTP/1.1" 404 0 "-" "Mozilla/5.0 (Windows NT 10.0; Win64; x64) AppleWebKit/537.36 (KHTML, like Gecko) Chrome/74.0.3729.169 Safari/537.36"
216.244.66.227 - - [08/Jul/2025:21:47:20 +0200] "GET /media/image/21.578.001.jpg HTTP/1.1" 200 112161 "-" "Mozilla/5.0 (compatible; DotBot/1.2; +https://opensiteexplorer.org/dotbot; help@moz.com)"
216.244.66.227 - - [08/Jul/2025:21:47:55 +0200] "GET /media/image/24.110.107.jpg HTTP/1.1" 200 124257 "-" "Mozilla/5.0 (compatible; DotBot/1.2; +https://opensiteexplorer.org/dotbot; help@moz.com)"
216.244.66.227 - - [08/Jul/2025:21:48:42 +0200] "GET /media/image/30.360.001.jpg HTTP/1.1" 200 200105 "-" "Mozilla/5.0 (compatible; DotBot/1.2; +https://opensiteexplorer.org/dotbot; help@moz.com)"
216.244.66.227 - - [08/Jul/2025:21:49:25 +0200] "GET /media/image/07.033.001.jpg HTTP/1.1" 200 107347 "-" "Mozilla/5.0 (compatible; DotBot/1.2; +https://opensiteexplorer.org/dotbot; help@moz.com)"
216.244.66.227 - - [08/Jul/2025:21:50:02 +0200] "GET /media/image/07.056.001.jpg HTTP/1.1" 200 130400 "-" "Mozilla/5.0 (compatible; DotBot/1.2; +https://opensiteexplorer.org/dotbot; help@moz.com)"
128.140.41.193 - - [08/Jul/2025:21:50:34 +0200] "HEAD / HTTP/1.1" 200 0 "http://nagybistvan.hu" "Mozilla/5.0+(compatible; UptimeRobot/2.0; http://www.uptimerobot.com/)"
216.244.66.227 - - [08/Jul/2025:21:50:41 +0200] "GET /media/image/07.110.069.jpg HTTP/1.1" 200 167215 "-" "Mozilla/5.0 (compatible; DotBot/1.2; +https://opensiteexplorer.org/dotbot; help@moz.com)"
49.13.164.148 - - [08/Jul/2025:21:55:38 +0200] "HEAD / HTTP/1.1" 200 0 "http://nagybistvan.hu" "Mozilla/5.0+(compatible; UptimeRobot/2.0; http://www.uptimerobot.com/)"
142.132.180.39 - - [08/Jul/2025:22:00:43 +0200] "HEAD / HTTP/1.1" 200 0 "http://nagybistvan.hu" "Mozilla/5.0+(compatible; UptimeRobot/2.0; http://www.uptimerobot.com/)"
157.90.156.63 - - [08/Jul/2025:22:05:47 +0200] "HEAD / HTTP/1.1" 200 0 "http://nagybistvan.hu" "Mozilla/5.0+(compatible; UptimeRobot/2.0; http://www.uptimerobot.com/)"
205.210.31.254 - - [08/Jul/2025:22:09:50 +0200] "GET / HTTP/1.1" 200 6786 "-" "Expanse, a Palo Alto Networks company, searches across the global IPv4 space multiple times per day to identify customers' presences on the Internet. If you would like to be excluded from our scans, please send IP addresses/domains to: scaninfo@paloaltonetworks.com"
168.119.123.75 - - [08/Jul/2025:22:10:50 +0200] "HEAD / HTTP/1.1" 200 0 "http://nagybistvan.hu" "Mozilla/5.0+(compatible; UptimeRobot/2.0; http://www.uptimerobot.com/)"
128.140.106.114 - - [08/Jul/2025:22:15:54 +0200] "HEAD / HTTP/1.1" 200 0 "http://nagybistvan.hu" "Mozilla/5.0+(compatible; UptimeRobot/2.0; http://www.uptimerobot.com/)"
78.46.190.63 - - [08/Jul/2025:22:20:58 +0200] "HEAD / HTTP/1.1" 200 0 "http://nagybistvan.hu" "Mozilla/5.0+(compatible; UptimeRobot/2.0; http://www.uptimerobot.com/)"
88.99.80.227 - - [08/Jul/2025:22:26:02 +0200] "HEAD / HTTP/1.1" 200 0 "http://nagybistvan.hu" "Mozilla/5.0+(compatible; UptimeRobot/2.0; http://www.uptimerobot.com/)"
216.244.66.227 - - [08/Jul/2025:22:27:15 +0200] "GET /robots.txt HTTP/1.1" 404 1181 "-" "Mozilla/5.0 (compatible; DotBot/1.2; +https://opensiteexplorer.org/dotbot; help@moz.com)"
216.244.66.227 - - [08/Jul/2025:22:27:15 +0200] "GET /robots.txt HTTP/1.1" 404 1181 "-" "Mozilla/5.0 (compatible; DotBot/1.2; +https://opensiteexplorer.org/dotbot; help@moz.com)"
5.255.231.98 - - [08/Jul/2025:22:28:05 +0200] "GET /robots.txt HTTP/1.1" 404 1181 "-" "Mozilla/5.0 (compatible; YandexBot/3.0; +http://yandex.com/bots)"
213.180.203.38 - - [08/Jul/2025:22:28:06 +0200] "GET /zsambek/Zsambeki%20tanulmany.html HTTP/1.1" 200 696 "-" "Mozilla/5.0 (compatible; YandexBot/3.0; +http://yandex.com/bots)"
157.90.155.240 - - [08/Jul/2025:22:31:06 +0200] "HEAD / HTTP/1.1" 200 0 "http://nagybistvan.hu" "Mozilla/5.0+(compatible; UptimeRobot/2.0; http://www.uptimerobot.com/)"
216.244.66.227 - - [08/Jul/2025:22:34:19 +0200] "GET /media/image/24.336.002.jpg HTTP/1.1" 200 165669 "-" "Mozilla/5.0 (compatible; DotBot/1.2; +https://opensiteexplorer.org/dotbot; help@moz.com)"
216.244.66.227 - - [08/Jul/2025:22:34:29 +0200] "GET /korai/pages/Julika%20Zs%E1mb%E9kon.html HTTP/1.1" 200 1270 "-" "Mozilla/5.0 (compatible; DotBot/1.2; +https://opensiteexplorer.org/dotbot; help@moz.com)"
216.244.66.227 - - [08/Jul/2025:22:35:14 +0200] "GET /media/image/07.152.001.jpg HTTP/1.1" 200 136699 "-" "Mozilla/5.0 (compatible; DotBot/1.2; +https://opensiteexplorer.org/dotbot; help@moz.com)"
216.244.66.227 - - [08/Jul/2025:22:35:51 +0200] "GET /media/image/07.043.001.jpg HTTP/1.1" 200 138376 "-" "Mozilla/5.0 (compatible; DotBot/1.2; +https://opensiteexplorer.org/dotbot; help@moz.com)"
49.13.24.81 - - [08/Jul/2025:22:36:10 +0200] "HEAD / HTTP/1.1" 200 0 "http://nagybistvan.hu" "Mozilla/5.0+(compatible; UptimeRobot/2.0; http://www.uptimerobot.com/)"
216.244.66.227 - - [08/Jul/2025:22:36:36 +0200] "GET /media/image/24.336.011.jpg HTTP/1.1" 200 202113 "-" "Mozilla/5.0 (compatible; DotBot/1.2; +https://opensiteexplorer.org/dotbot; help@moz.com)"
216.244.66.227 - - [08/Jul/2025:22:37:16 +0200] "GET /media/image/07.036.001.jpg HTTP/1.1" 200 97420 "-" "Mozilla/5.0 (compatible; DotBot/1.2; +https://opensiteexplorer.org/dotbot; help@moz.com)"
216.244.66.227 - - [08/Jul/2025:22:37:52 +0200] "GET /media/image/22.311.001.jpg HTTP/1.1" 200 136588 "-" "Mozilla/5.0 (compatible; DotBot/1.2; +https://opensiteexplorer.org/dotbot; help@moz.com)"
216.244.66.227 - - [08/Jul/2025:22:38:35 +0200] "GET /media/image/30.355.001.jpg HTTP/1.1" 200 197149 "-" "Mozilla/5.0 (compatible; DotBot/1.2; +https://opensiteexplorer.org/dotbot; help@moz.com)"
216.244.66.227 - - [08/Jul/2025:22:39:13 +0200] "GET /media/image/07.110.036.jpg HTTP/1.1" 200 143011 "-" "Mozilla/5.0 (compatible; DotBot/1.2; +https://opensiteexplorer.org/dotbot; help@moz.com)"
216.244.66.227 - - [08/Jul/2025:22:39:45 +0200] "GET /index.php?c=ogorogmenza HTTP/1.1" 200 5122 "-" "Mozilla/5.0 (compatible; DotBot/1.2; +https://opensiteexplorer.org/dotbot; help@moz.com)"
49.13.130.29 - - [08/Jul/2025:22:41:13 +0200] "HEAD / HTTP/1.1" 200 0 "http://nagybistvan.hu" "Mozilla/5.0+(compatible; UptimeRobot/2.0; http://www.uptimerobot.com/)"
78.47.98.55 - - [08/Jul/2025:22:46:16 +0200] "HEAD / HTTP/1.1" 200 0 "http://nagybistvan.hu" "Mozilla/5.0+(compatible; UptimeRobot/2.0; http://www.uptimerobot.com/)"
78.47.98.55 - - [08/Jul/2025:22:51:21 +0200] "HEAD / HTTP/1.1" 200 0 "http://nagybistvan.hu" "Mozilla/5.0+(compatible; UptimeRobot/2.0; http://www.uptimerobot.com/)"
49.13.167.123 - - [08/Jul/2025:22:56:24 +0200] "HEAD / HTTP/1.1" 200 0 "http://nagybistvan.hu" "Mozilla/5.0+(compatible; UptimeRobot/2.0; http://www.uptimerobot.com/)"
66.249.64.105 - - [08/Jul/2025:23:01:05 +0200] "GET /index.php/img/nagy_b_90_meghivo_2183.jpg HTTP/1.1" 200 6790 "-" "Googlebot-Image/1.0"
49.13.167.123 - - [08/Jul/2025:23:01:27 +0200] "HEAD / HTTP/1.1" 200 0 "http://nagybistvan.hu" "Mozilla/5.0+(compatible; UptimeRobot/2.0; http://www.uptimerobot.com/)"
49.13.130.29 - - [08/Jul/2025:23:06:32 +0200] "HEAD / HTTP/1.1" 200 0 "http://nagybistvan.hu" "Mozilla/5.0+(compatible; UptimeRobot/2.0; http://www.uptimerobot.com/)"
78.46.190.63 - - [08/Jul/2025:23:11:35 +0200] "HEAD / HTTP/1.1" 200 0 "http://nagybistvan.hu" "Mozilla/5.0+(compatible; UptimeRobot/2.0; http://www.uptimerobot.com/)"
216.244.66.227 - - [08/Jul/2025:23:14:59 +0200] "GET /robots.txt HTTP/1.1" 404 1181 "-" "Mozilla/5.0 (compatible; DotBot/1.2; +https://opensiteexplorer.org/dotbot; help@moz.com)"
142.132.180.39 - - [08/Jul/2025:23:16:39 +0200] "HEAD / HTTP/1.1" 200 0 "http://nagybistvan.hu" "Mozilla/5.0+(compatible; UptimeRobot/2.0; http://www.uptimerobot.com/)"
142.132.180.39 - - [08/Jul/2025:23:21:42 +0200] "HEAD / HTTP/1.1" 200 0 "http://nagybistvan.hu" "Mozilla/5.0+(compatible; UptimeRobot/2.0; http://www.uptimerobot.com/)"
216.244.66.227 - - [08/Jul/2025:23:22:15 +0200] "GET /zsambek/Zsambek%20LXXXI.html HTTP/1.1" 200 688 "-" "Mozilla/5.0 (compatible; DotBot/1.2; +https://opensiteexplorer.org/dotbot; help@moz.com)"
216.244.66.227 - - [08/Jul/2025:23:22:29 +0200] "GET /korai/pages/S%E1rga%20Zs%E1mb%E9k.html HTTP/1.1" 200 1307 "-" "Mozilla/5.0 (compatible; DotBot/1.2; +https://opensiteexplorer.org/dotbot; help@moz.com)"
216.244.66.227 - - [08/Jul/2025:23:22:36 +0200] "GET /media/image/07.018.001.jpg HTTP/1.1" 200 197918 "-" "Mozilla/5.0 (compatible; DotBot/1.2; +https://opensiteexplorer.org/dotbot; help@moz.com)"
216.244.66.227 - - [08/Jul/2025:23:23:20 +0200] "GET /media/image/07.044.001.jpg HTTP/1.1" 200 143034 "-" "Mozilla/5.0 (compatible; DotBot/1.2; +https://opensiteexplorer.org/dotbot; help@moz.com)"
216.244.66.227 - - [08/Jul/2025:23:23:52 +0200] "GET /index.php?c=greco HTTP/1.1" 200 17734 "-" "Mozilla/5.0 (compatible; DotBot/1.2; +https://opensiteexplorer.org/dotbot; help@moz.com)"
157.90.156.63 - - [08/Jul/2025:23:26:45 +0200] "HEAD / HTTP/1.1" 200 0 "http://nagybistvan.hu" "Mozilla/5.0+(compatible; UptimeRobot/2.0; http://www.uptimerobot.com/)"
49.13.164.148 - - [08/Jul/2025:23:31:49 +0200] "HEAD / HTTP/1.1" 200 0 "http://nagybistvan.hu" "Mozilla/5.0+(compatible; UptimeRobot/2.0; http://www.uptimerobot.com/)"
18.97.9.169 - - [08/Jul/2025:23:31:50 +0200] "GET /robots.txt HTTP/1.1" 404 1181 "-" "CCBot/2.0 (https://commoncrawl.org/faq/)"
18.97.9.169 - - [08/Jul/2025:23:31:50 +0200] "GET / HTTP/1.1" 200 6664 "-" "CCBot/2.0 (https://commoncrawl.org/faq/)"
52.138.143.111 - - [08/Jul/2025:23:33:30 +0200] "GET /wso112233.php HTTP/1.1" 404 37 "-" "-"
52.138.143.111 - - [08/Jul/2025:23:33:30 +0200] "GET /admin/uploads/ HTTP/1.1" 404 1181 "-" "-"
52.138.143.111 - - [08/Jul/2025:23:33:30 +0200] "GET /admin/function.php HTTP/1.1" 404 1181 "-" "-"
52.138.143.111 - - [08/Jul/2025:23:33:31 +0200] "GET /doc/function.php HTTP/1.1" 404 1181 "-" "-"
52.138.143.111 - - [08/Jul/2025:23:33:31 +0200] "GET /file/function.php HTTP/1.1" 404 1181 "-" "-"
52.138.143.111 - - [08/Jul/2025:23:33:31 +0200] "GET /alfanew.php7 HTTP/1.1" 404 1181 "-" "-"
52.138.143.111 - - [08/Jul/2025:23:33:31 +0200] "GET /wp-includes/images/crystal/ HTTP/1.1" 404 1181 "-" "-"
52.138.143.111 - - [08/Jul/2025:23:33:31 +0200] "GET /wp-mail.php HTTP/1.1" 404 37 "-" "-"
52.138.143.111 - - [08/Jul/2025:23:33:31 +0200] "GET /wp-admin/css/colors/coffee/cloud.php HTTP/1.1" 404 1181 "-" "-"
52.138.143.111 - - [08/Jul/2025:23:33:31 +0200] "GET /WSOEnigma.php HTTP/1.1" 404 37 "-" "-"
52.138.143.111 - - [08/Jul/2025:23:33:31 +0200] "GET /adminfuns.php7 HTTP/1.1" 404 1181 "-" "-"
52.138.143.111 - - [08/Jul/2025:23:33:31 +0200] "GET /wp-includes/sitemaps/providers/ HTTP/1.1" 404 1181 "-" "-"
52.138.143.111 - - [08/Jul/2025:23:33:31 +0200] "GET /ini.php HTTP/1.1" 404 37 "-" "-"
52.138.143.111 - - [08/Jul/2025:23:33:31 +0200] "GET /wp-includes/js/tinymce/ HTTP/1.1" 404 1181 "-" "-"
52.138.143.111 - - [08/Jul/2025:23:33:31 +0200] "GET /wp-content/blogs.dir/about.php HTTP/1.1" 404 1181 "-" "-"
52.138.143.111 - - [08/Jul/2025:23:33:31 +0200] "GET /wp-includes/customize/about.php HTTP/1.1" 404 1181 "-" "-"
52.138.143.111 - - [08/Jul/2025:23:33:31 +0200] "GET /upfile.php HTTP/1.1" 404 37 "-" "-"
52.138.143.111 - - [08/Jul/2025:23:33:31 +0200] "GET /wp-admin/images/about.php HTTP/1.1" 404 1181 "-" "-"
52.138.143.111 - - [08/Jul/2025:23:33:31 +0200] "GET /wp-includes/ HTTP/1.1" 404 1181 "-" "-"
52.138.143.111 - - [08/Jul/2025:23:33:31 +0200] "GET /zwso.php HTTP/1.1" 404 37 "-" "-"
52.138.143.111 - - [08/Jul/2025:23:33:31 +0200] "GET /bypass.php HTTP/1.1" 404 37 "-" "-"
52.138.143.111 - - [08/Jul/2025:23:33:31 +0200] "GET /wp-includes/style-engine/wp-conflg.php HTTP/1.1" 404 1181 "-" "-"
52.138.143.111 - - [08/Jul/2025:23:33:31 +0200] "GET /wp-admin/css/ HTTP/1.1" 404 1181 "-" "-"
52.138.143.111 - - [08/Jul/2025:23:33:31 +0200] "GET /moon.php HTTP/1.1" 404 37 "-" "-"
52.138.143.111 - - [08/Jul/2025:23:33:31 +0200] "GET /wp-admin/images/cloud.php HTTP/1.1" 404 1181 "-" "-"
52.138.143.111 - - [08/Jul/2025:23:33:31 +0200] "GET /wp-admin/includes/xmrlpc.php?p= HTTP/1.1" 404 1181 "-" "-"
52.138.143.111 - - [08/Jul/2025:23:33:32 +0200] "GET /wp-includes/js/dist/development/ HTTP/1.1" 404 1181 "-" "-"
52.138.143.111 - - [08/Jul/2025:23:33:32 +0200] "GET /wp-trackback.php HTTP/1.1" 404 37 "-" "-"
52.138.143.111 - - [08/Jul/2025:23:33:32 +0200] "GET /wp-includes/ID3/about.php HTTP/1.1" 404 1181 "-" "-"
52.138.143.111 - - [08/Jul/2025:23:33:32 +0200] "GET /wp-admin.php HTTP/1.1" 404 37 "-" "-"
52.138.143.111 - - [08/Jul/2025:23:33:32 +0200] "GET /404.php HTTP/1.1" 404 37 "-" "-"
52.138.143.111 - - [08/Jul/2025:23:33:32 +0200] "GET /wp-includes/css/ HTTP/1.1" 404 1181 "-" "-"
52.138.143.111 - - [08/Jul/2025:23:33:32 +0200] "GET /wp-includes/SimplePie/ HTTP/1.1" 404 1181 "-" "-"
52.138.143.111 - - [08/Jul/2025:23:33:32 +0200] "GET /wp-includes/js/crop/ HTTP/1.1" 404 1181 "-" "-"
52.138.143.111 - - [08/Jul/2025:23:33:32 +0200] "GET /wp-content/uploads/ HTTP/1.1" 404 1181 "-" "-"
52.138.143.111 - - [08/Jul/2025:23:33:32 +0200] "GET /css/xmrlpc.php?p= HTTP/1.1" 404 1181 "-" "-"
52.138.143.111 - - [08/Jul/2025:23:33:32 +0200] "GET /wp-includes/repeater.php HTTP/1.1" 404 1181 "-" "-"
52.138.143.111 - - [08/Jul/2025:23:33:32 +0200] "GET /wp-admin/network/xmrlpc.php?p= HTTP/1.1" 404 1181 "-" "-"
52.138.143.111 - - [08/Jul/2025:23:33:32 +0200] "GET /wp-includes/sodium_compat/namespaced/Core/ HTTP/1.1" 404 1181 "-" "-"
52.138.143.111 - - [08/Jul/2025:23:33:32 +0200] "GET /wp-includes/Text/Diff/Renderer/ HTTP/1.1" 404 1181 "-" "-"
52.138.143.111 - - [08/Jul/2025:23:33:32 +0200] "GET /wp-admin/includes/ HTTP/1.1" 404 1181 "-" "-"
52.138.143.111 - - [08/Jul/2025:23:33:32 +0200] "GET /sites/default/files/ HTTP/1.1" 404 1181 "-" "-"
52.138.143.111 - - [08/Jul/2025:23:33:32 +0200] "GET /wp-admin/xmrlpc.php?p= HTTP/1.1" 404 1181 "-" "-"
52.138.143.111 - - [08/Jul/2025:23:33:32 +0200] "GET /assets/images/ HTTP/1.1" 404 1181 "-" "-"
52.138.143.111 - - [08/Jul/2025:23:33:32 +0200] "GET /wp-content/ HTTP/1.1" 404 1181 "-" "-"
52.138.143.111 - - [08/Jul/2025:23:33:32 +0200] "GET /wp-includes/rest-api/endpoints/ HTTP/1.1" 404 1181 "-" "-"
52.138.143.111 - - [08/Jul/2025:23:33:32 +0200] "GET /wp-activate.php HTTP/1.1" 404 37 "-" "-"
52.138.143.111 - - [08/Jul/2025:23:33:32 +0200] "GET /cache-compat.php HTTP/1.1" 404 37 "-" "-"
52.138.143.111 - - [08/Jul/2025:23:33:32 +0200] "GET /admin-post.php HTTP/1.1" 404 37 "-" "-"
52.138.143.111 - - [08/Jul/2025:23:33:32 +0200] "GET /wp-sigunq.php HTTP/1.1" 404 37 "-" "-"
52.138.143.111 - - [08/Jul/2025:23:33:33 +0200] "GET /index/function.php/img/ HTTP/1.1" 200 6994 "-" "-"
52.138.143.111 - - [08/Jul/2025:23:33:33 +0200] "GET /wp-content/plugins/about.php HTTP/1.1" 404 1181 "-" "-"
52.138.143.111 - - [08/Jul/2025:23:33:33 +0200] "GET /upload/ HTTP/1.1" 404 1181 "-" "-"
52.138.143.111 - - [08/Jul/2025:23:33:33 +0200] "GET /wp-content/updraft/about.php HTTP/1.1" 404 1181 "-" "-"
52.138.143.111 - - [08/Jul/2025:23:33:33 +0200] "GET /wp-content/plugins/index.php HTTP/1.1" 404 1181 "-" "-"
52.138.143.111 - - [08/Jul/2025:23:33:33 +0200] "GET /ALFA_DATA/ HTTP/1.1" 404 1181 "-" "-"
52.138.143.111 - - [08/Jul/2025:23:33:33 +0200] "GET /wp-includes/sodium_compat/src/ HTTP/1.1" 404 1181 "-" "-"
