51.222.253.18 - - [04/Jul/2025:07:53:15 +0200] "GET /robots.txt HTTP/1.1" 404 1181 "-" "Mozilla/5.0 (compatible; AhrefsBot/7.0; +http://ahrefs.com/robot/)"
54.36.148.9 - - [04/Jul/2025:07:53:18 +0200] "GET /index.php?c=tarskrit&cp=3 HTTP/1.1" 200 13703 "-" "Mozilla/5.0 (compatible; AhrefsBot/7.0; +http://ahrefs.com/robot/)"
157.90.156.63 - - [04/Jul/2025:07:57:38 +0200] "HEAD / HTTP/1.1" 200 0 "http://nagybistvan.hu" "Mozilla/5.0+(compatible; UptimeRobot/2.0; http://www.uptimerobot.com/)"
54.36.148.43 - - [04/Jul/2025:08:01:02 +0200] "GET /index.php HTTP/1.1" 200 6683 "-" "Mozilla/5.0 (compatible; AhrefsBot/7.0; +http://ahrefs.com/robot/)"
88.99.80.227 - - [04/Jul/2025:08:02:42 +0200] "HEAD / HTTP/1.1" 200 0 "http://nagybistvan.hu" "Mozilla/5.0+(compatible; UptimeRobot/2.0; http://www.uptimerobot.com/)"
168.119.53.160 - - [04/Jul/2025:08:07:45 +0200] "HEAD / HTTP/1.1" 200 0 "http://nagybistvan.hu" "Mozilla/5.0+(compatible; UptimeRobot/2.0; http://www.uptimerobot.com/)"
49.13.24.81 - - [04/Jul/2025:08:12:49 +0200] "HEAD / HTTP/1.1" 200 0 "http://nagybistvan.hu" "Mozilla/5.0+(compatible; UptimeRobot/2.0; http://www.uptimerobot.com/)"
78.47.98.55 - - [04/Jul/2025:08:17:51 +0200] "HEAD / HTTP/1.1" 200 0 "http://nagybistvan.hu" "Mozilla/5.0+(compatible; UptimeRobot/2.0; http://www.uptimerobot.com/)"
159.69.158.189 - - [04/Jul/2025:08:22:57 +0200] "HEAD / HTTP/1.1" 200 0 "http://nagybistvan.hu" "Mozilla/5.0+(compatible; UptimeRobot/2.0; http://www.uptimerobot.com/)"
170.106.192.208 - - [04/Jul/2025:08:24:53 +0200] "GET / HTTP/1.1" 200 6690 "-" "Mozilla/5.0 (iPhone; CPU iPhone OS 13_2_3 like Mac OS X) AppleWebKit/605.1.15 (KHTML, like Gecko) Version/13.0.3 Mobile/15E148 Safari/604.1"
128.140.106.114 - - [04/Jul/2025:08:28:01 +0200] "HEAD / HTTP/1.1" 200 0 "http://nagybistvan.hu" "Mozilla/5.0+(compatible; UptimeRobot/2.0; http://www.uptimerobot.com/)"
128.140.106.114 - - [04/Jul/2025:08:33:04 +0200] "HEAD / HTTP/1.1" 200 0 "http://nagybistvan.hu" "Mozilla/5.0+(compatible; UptimeRobot/2.0; http://www.uptimerobot.com/)"
167.235.143.113 - - [04/Jul/2025:08:38:07 +0200] "HEAD / HTTP/1.1" 200 0 "http://nagybistvan.hu" "Mozilla/5.0+(compatible; UptimeRobot/2.0; http://www.uptimerobot.com/)"
142.132.180.39 - - [04/Jul/2025:08:43:10 +0200] "HEAD / HTTP/1.1" 200 0 "http://nagybistvan.hu" "Mozilla/5.0+(compatible; UptimeRobot/2.0; http://www.uptimerobot.com/)"
52.167.144.211 - - [04/Jul/2025:08:46:28 +0200] "GET /korai/pages/K%F5fal%20kapuval%201960-as%20%E9vek%20k%F6zepe.html HTTP/1.1" 200 1396 "-" "Mozilla/5.0 AppleWebKit/537.36 (KHTML, like Gecko; compatible; bingbot/2.0; +http://www.bing.com/bingbot.htm) Chrome/116.0.1938.76 Safari/537.36"
159.69.158.189 - - [04/Jul/2025:08:48:13 +0200] "HEAD / HTTP/1.1" 200 0 "http://nagybistvan.hu" "Mozilla/5.0+(compatible; UptimeRobot/2.0; http://www.uptimerobot.com/)"
168.119.96.239 - - [04/Jul/2025:08:53:17 +0200] "HEAD / HTTP/1.1" 200 0 "http://nagybistvan.hu" "Mozilla/5.0+(compatible; UptimeRobot/2.0; http://www.uptimerobot.com/)"
78.47.98.55 - - [04/Jul/2025:08:58:21 +0200] "HEAD / HTTP/1.1" 200 0 "http://nagybistvan.hu" "Mozilla/5.0+(compatible; UptimeRobot/2.0; http://www.uptimerobot.com/)"
216.244.66.227 - - [04/Jul/2025:08:59:01 +0200] "GET /robots.txt HTTP/1.1" 404 1181 "-" "Mozilla/5.0 (compatible; DotBot/1.2; +https://opensiteexplorer.org/dotbot; help@moz.com)"
88.99.80.227 - - [04/Jul/2025:09:03:24 +0200] "HEAD / HTTP/1.1" 200 0 "http://nagybistvan.hu" "Mozilla/5.0+(compatible; UptimeRobot/2.0; http://www.uptimerobot.com/)"
66.249.64.105 - - [04/Jul/2025:09:04:15 +0200] "GET /robots.txt HTTP/1.1" 404 1181 "-" "Mozilla/5.0 (compatible; Googlebot/2.1; +http://www.google.com/bot.html)"
66.249.64.105 - - [04/Jul/2025:09:04:15 +0200] "GET /index.php?c=ironikus&cp=6 HTTP/1.1" 200 12179 "-" "Mozilla/5.0 (Linux; Android 6.0.1; Nexus 5X Build/MMB29P) AppleWebKit/537.36 (KHTML, like Gecko) Chrome/137.0.7151.103 Mobile Safari/537.36 (compatible; Googlebot/2.1; +http://www.google.com/bot.html)"
157.90.156.63 - - [04/Jul/2025:09:08:28 +0200] "HEAD / HTTP/1.1" 200 0 "http://nagybistvan.hu" "Mozilla/5.0+(compatible; UptimeRobot/2.0; http://www.uptimerobot.com/)"
216.244.66.227 - - [04/Jul/2025:09:09:20 +0200] "GET /index.php?c=wehner HTTP/1.1" 200 25962 "-" "Mozilla/5.0 (compatible; DotBot/1.2; +https://opensiteexplorer.org/dotbot; help@moz.com)"
128.140.106.114 - - [04/Jul/2025:09:13:31 +0200] "HEAD / HTTP/1.1" 200 0 "http://nagybistvan.hu" "Mozilla/5.0+(compatible; UptimeRobot/2.0; http://www.uptimerobot.com/)"
49.13.164.148 - - [04/Jul/2025:09:18:35 +0200] "HEAD / HTTP/1.1" 200 0 "http://nagybistvan.hu" "Mozilla/5.0+(compatible; UptimeRobot/2.0; http://www.uptimerobot.com/)"
157.90.155.240 - - [04/Jul/2025:09:23:38 +0200] "HEAD / HTTP/1.1" 200 0 "http://nagybistvan.hu" "Mozilla/5.0+(compatible; UptimeRobot/2.0; http://www.uptimerobot.com/)"
49.13.134.145 - - [04/Jul/2025:09:28:42 +0200] "HEAD / HTTP/1.1" 200 0 "http://nagybistvan.hu" "Mozilla/5.0+(compatible; UptimeRobot/2.0; http://www.uptimerobot.com/)"
49.13.134.145 - - [04/Jul/2025:09:33:45 +0200] "HEAD / HTTP/1.1" 200 0 "http://nagybistvan.hu" "Mozilla/5.0+(compatible; UptimeRobot/2.0; http://www.uptimerobot.com/)"
157.90.156.63 - - [04/Jul/2025:09:38:49 +0200] "HEAD / HTTP/1.1" 200 0 "http://nagybistvan.hu" "Mozilla/5.0+(compatible; UptimeRobot/2.0; http://www.uptimerobot.com/)"
49.13.167.123 - - [04/Jul/2025:09:43:51 +0200] "HEAD / HTTP/1.1" 200 0 "http://nagybistvan.hu" "Mozilla/5.0+(compatible; UptimeRobot/2.0; http://www.uptimerobot.com/)"
49.13.167.123 - - [04/Jul/2025:09:48:55 +0200] "HEAD / HTTP/1.1" 200 0 "http://nagybistvan.hu" "Mozilla/5.0+(compatible; UptimeRobot/2.0; http://www.uptimerobot.com/)"
54.203.81.3 - - [04/Jul/2025:09:50:04 +0200] "GET /favicon.ico HTTP/1.1" 404 1181 "-" "Mozilla/5.0 (Windows NT 10.0; Win64; x64) AppleWebKit/537.36 (KHTML, like Gecko) Chrome/137.0.0.0 Safari/537.36"
157.90.155.240 - - [04/Jul/2025:09:53:58 +0200] "HEAD / HTTP/1.1" 200 0 "http://nagybistvan.hu" "Mozilla/5.0+(compatible; UptimeRobot/2.0; http://www.uptimerobot.com/)"
88.99.80.227 - - [04/Jul/2025:09:59:02 +0200] "HEAD / HTTP/1.1" 200 0 "http://nagybistvan.hu" "Mozilla/5.0+(compatible; UptimeRobot/2.0; http://www.uptimerobot.com/)"
128.140.41.193 - - [04/Jul/2025:10:04:05 +0200] "HEAD / HTTP/1.1" 200 0 "http://nagybistvan.hu" "Mozilla/5.0+(compatible; UptimeRobot/2.0; http://www.uptimerobot.com/)"
78.47.98.55 - - [04/Jul/2025:10:09:09 +0200] "HEAD / HTTP/1.1" 200 0 "http://nagybistvan.hu" "Mozilla/5.0+(compatible; UptimeRobot/2.0; http://www.uptimerobot.com/)"
78.46.190.63 - - [04/Jul/2025:10:14:13 +0200] "HEAD / HTTP/1.1" 200 0 "http://nagybistvan.hu" "Mozilla/5.0+(compatible; UptimeRobot/2.0; http://www.uptimerobot.com/)"
66.249.64.131 - - [04/Jul/2025:10:14:43 +0200] "GET /robots.txt HTTP/1.1" 404 1181 "-" "Mozilla/5.0 (compatible; Googlebot/2.1; +http://www.google.com/bot.html)"
66.249.64.131 - - [04/Jul/2025:10:14:44 +0200] "GET /media/image/07.038.001.jpg HTTP/1.1" 200 94036 "-" "Googlebot-Image/1.0"
159.69.158.189 - - [04/Jul/2025:10:19:17 +0200] "HEAD / HTTP/1.1" 200 0 "http://nagybistvan.hu" "Mozilla/5.0+(compatible; UptimeRobot/2.0; http://www.uptimerobot.com/)"
168.119.53.160 - - [04/Jul/2025:10:24:21 +0200] "HEAD / HTTP/1.1" 200 0 "http://nagybistvan.hu" "Mozilla/5.0+(compatible; UptimeRobot/2.0; http://www.uptimerobot.com/)"
142.132.180.39 - - [04/Jul/2025:10:29:24 +0200] "HEAD / HTTP/1.1" 200 0 "http://nagybistvan.hu" "Mozilla/5.0+(compatible; UptimeRobot/2.0; http://www.uptimerobot.com/)"
49.13.24.81 - - [04/Jul/2025:10:34:27 +0200] "HEAD / HTTP/1.1" 200 0 "http://nagybistvan.hu" "Mozilla/5.0+(compatible; UptimeRobot/2.0; http://www.uptimerobot.com/)"
157.90.156.63 - - [04/Jul/2025:10:39:30 +0200] "HEAD / HTTP/1.1" 200 0 "http://nagybistvan.hu" "Mozilla/5.0+(compatible; UptimeRobot/2.0; http://www.uptimerobot.com/)"
34.44.140.117 - - [04/Jul/2025:10:40:15 +0200] "HEAD /wordpress HTTP/1.1" 404 0 "-" "Mozilla/5.0 (Windows NT 10.0; Win64; x64) AppleWebKit/537.36 (KHTML, like Gecko) Chrome/74.0.3729.169 Safari/537.36"
34.44.140.117 - - [04/Jul/2025:10:40:15 +0200] "HEAD / HTTP/1.1" 200 0 "-" "Mozilla/5.0 (Windows NT 10.0; Win64; x64) AppleWebKit/537.36 (KHTML, like Gecko) Chrome/74.0.3729.169 Safari/537.36"
34.44.140.117 - - [04/Jul/2025:10:40:15 +0200] "HEAD /wp HTTP/1.1" 404 0 "-" "Mozilla/5.0 (Windows NT 10.0; Win64; x64) AppleWebKit/537.36 (KHTML, like Gecko) Chrome/74.0.3729.169 Safari/537.36"
34.44.140.117 - - [04/Jul/2025:10:40:15 +0200] "HEAD /bc HTTP/1.1" 404 0 "-" "Mozilla/5.0 (Windows NT 10.0; Win64; x64) AppleWebKit/537.36 (KHTML, like Gecko) Chrome/74.0.3729.169 Safari/537.36"
34.44.140.117 - - [04/Jul/2025:10:40:15 +0200] "HEAD /bk HTTP/1.1" 404 0 "-" "Mozilla/5.0 (Windows NT 10.0; Win64; x64) AppleWebKit/537.36 (KHTML, like Gecko) Chrome/74.0.3729.169 Safari/537.36"
34.44.140.117 - - [04/Jul/2025:10:40:16 +0200] "HEAD /backup HTTP/1.1" 404 0 "-" "Mozilla/5.0 (Windows NT 10.0; Win64; x64) AppleWebKit/537.36 (KHTML, like Gecko) Chrome/74.0.3729.169 Safari/537.36"
34.44.140.117 - - [04/Jul/2025:10:40:16 +0200] "HEAD /old HTTP/1.1" 404 0 "-" "Mozilla/5.0 (Windows NT 10.0; Win64; x64) AppleWebKit/537.36 (KHTML, like Gecko) Chrome/74.0.3729.169 Safari/537.36"
34.44.140.117 - - [04/Jul/2025:10:40:16 +0200] "HEAD /new HTTP/1.1" 404 0 "-" "Mozilla/5.0 (Windows NT 10.0; Win64; x64) AppleWebKit/537.36 (KHTML, like Gecko) Chrome/74.0.3729.169 Safari/537.36"
34.44.140.117 - - [04/Jul/2025:10:40:16 +0200] "HEAD /main HTTP/1.1" 404 0 "-" "Mozilla/5.0 (Windows NT 10.0; Win64; x64) AppleWebKit/537.36 (KHTML, like Gecko) Chrome/74.0.3729.169 Safari/537.36"
34.44.140.117 - - [04/Jul/2025:10:40:16 +0200] "HEAD /home HTTP/1.1" 404 0 "-" "Mozilla/5.0 (Windows NT 10.0; Win64; x64) AppleWebKit/537.36 (KHTML, like Gecko) Chrome/74.0.3729.169 Safari/537.36"
128.140.41.193 - - [04/Jul/2025:10:44:33 +0200] "HEAD / HTTP/1.1" 200 0 "http://nagybistvan.hu" "Mozilla/5.0+(compatible; UptimeRobot/2.0; http://www.uptimerobot.com/)"
54.193.51.170 - - [04/Jul/2025:10:48:33 +0200] "GET / HTTP/1.1" 200 6752 "-" "bitdiscovery-suggestions"
49.13.130.29 - - [04/Jul/2025:10:49:36 +0200] "HEAD / HTTP/1.1" 200 0 "http://nagybistvan.hu" "Mozilla/5.0+(compatible; UptimeRobot/2.0; http://www.uptimerobot.com/)"
167.235.143.113 - - [04/Jul/2025:10:54:40 +0200] "HEAD / HTTP/1.1" 200 0 "http://nagybistvan.hu" "Mozilla/5.0+(compatible; UptimeRobot/2.0; http://www.uptimerobot.com/)"
49.13.130.29 - - [04/Jul/2025:10:59:43 +0200] "HEAD / HTTP/1.1" 200 0 "http://nagybistvan.hu" "Mozilla/5.0+(compatible; UptimeRobot/2.0; http://www.uptimerobot.com/)"
78.46.190.63 - - [04/Jul/2025:11:04:47 +0200] "HEAD / HTTP/1.1" 200 0 "http://nagybistvan.hu" "Mozilla/5.0+(compatible; UptimeRobot/2.0; http://www.uptimerobot.com/)"
142.132.180.39 - - [04/Jul/2025:11:09:51 +0200] "HEAD / HTTP/1.1" 200 0 "http://nagybistvan.hu" "Mozilla/5.0+(compatible; UptimeRobot/2.0; http://www.uptimerobot.com/)"
167.235.143.113 - - [04/Jul/2025:11:14:54 +0200] "HEAD / HTTP/1.1" 200 0 "http://nagybistvan.hu" "Mozilla/5.0+(compatible; UptimeRobot/2.0; http://www.uptimerobot.com/)"
128.140.106.114 - - [04/Jul/2025:11:19:57 +0200] "HEAD / HTTP/1.1" 200 0 "http://nagybistvan.hu" "Mozilla/5.0+(compatible; UptimeRobot/2.0; http://www.uptimerobot.com/)"
168.119.53.160 - - [04/Jul/2025:11:25:01 +0200] "HEAD / HTTP/1.1" 200 0 "http://nagybistvan.hu" "Mozilla/5.0+(compatible; UptimeRobot/2.0; http://www.uptimerobot.com/)"
49.13.24.81 - - [04/Jul/2025:11:30:05 +0200] "HEAD / HTTP/1.1" 200 0 "http://nagybistvan.hu" "Mozilla/5.0+(compatible; UptimeRobot/2.0; http://www.uptimerobot.com/)"
168.119.123.75 - - [04/Jul/2025:11:35:08 +0200] "HEAD / HTTP/1.1" 200 0 "http://nagybistvan.hu" "Mozilla/5.0+(compatible; UptimeRobot/2.0; http://www.uptimerobot.com/)"
88.99.80.227 - - [04/Jul/2025:11:40:11 +0200] "HEAD / HTTP/1.1" 200 0 "http://nagybistvan.hu" "Mozilla/5.0+(compatible; UptimeRobot/2.0; http://www.uptimerobot.com/)"
88.99.80.227 - - [04/Jul/2025:11:45:14 +0200] "HEAD / HTTP/1.1" 200 0 "http://nagybistvan.hu" "Mozilla/5.0+(compatible; UptimeRobot/2.0; http://www.uptimerobot.com/)"
168.119.123.75 - - [04/Jul/2025:11:50:18 +0200] "HEAD / HTTP/1.1" 200 0 "http://nagybistvan.hu" "Mozilla/5.0+(compatible; UptimeRobot/2.0; http://www.uptimerobot.com/)"
88.99.80.227 - - [04/Jul/2025:11:55:22 +0200] "HEAD / HTTP/1.1" 200 0 "http://nagybistvan.hu" "Mozilla/5.0+(compatible; UptimeRobot/2.0; http://www.uptimerobot.com/)"
49.13.134.145 - - [04/Jul/2025:12:00:25 +0200] "HEAD / HTTP/1.1" 200 0 "http://nagybistvan.hu" "Mozilla/5.0+(compatible; UptimeRobot/2.0; http://www.uptimerobot.com/)"
78.47.173.76 - - [04/Jul/2025:12:05:29 +0200] "HEAD / HTTP/1.1" 200 0 "http://nagybistvan.hu" "Mozilla/5.0+(compatible; UptimeRobot/2.0; http://www.uptimerobot.com/)"
168.119.96.239 - - [04/Jul/2025:12:10:32 +0200] "HEAD / HTTP/1.1" 200 0 "http://nagybistvan.hu" "Mozilla/5.0+(compatible; UptimeRobot/2.0; http://www.uptimerobot.com/)"
66.249.64.132 - - [04/Jul/2025:12:14:20 +0200] "GET /media/image/23.333.001.jpg HTTP/1.1" 200 199821 "-" "Googlebot-Image/1.0"
49.13.130.29 - - [04/Jul/2025:12:15:35 +0200] "HEAD / HTTP/1.1" 200 0 "http://nagybistvan.hu" "Mozilla/5.0+(compatible; UptimeRobot/2.0; http://www.uptimerobot.com/)"
157.90.156.63 - - [04/Jul/2025:12:20:38 +0200] "HEAD / HTTP/1.1" 200 0 "http://nagybistvan.hu" "Mozilla/5.0+(compatible; UptimeRobot/2.0; http://www.uptimerobot.com/)"
168.119.123.75 - - [04/Jul/2025:12:25:43 +0200] "HEAD / HTTP/1.1" 200 0 "http://nagybistvan.hu" "Mozilla/5.0+(compatible; UptimeRobot/2.0; http://www.uptimerobot.com/)"
168.119.96.239 - - [04/Jul/2025:12:30:45 +0200] "HEAD / HTTP/1.1" 200 0 "http://nagybistvan.hu" "Mozilla/5.0+(compatible; UptimeRobot/2.0; http://www.uptimerobot.com/)"
49.13.130.29 - - [04/Jul/2025:12:35:49 +0200] "HEAD / HTTP/1.1" 200 0 "http://nagybistvan.hu" "Mozilla/5.0+(compatible; UptimeRobot/2.0; http://www.uptimerobot.com/)"
49.13.167.123 - - [04/Jul/2025:12:40:52 +0200] "HEAD / HTTP/1.1" 200 0 "http://nagybistvan.hu" "Mozilla/5.0+(compatible; UptimeRobot/2.0; http://www.uptimerobot.com/)"
49.13.24.81 - - [04/Jul/2025:12:45:56 +0200] "HEAD / HTTP/1.1" 200 0 "http://nagybistvan.hu" "Mozilla/5.0+(compatible; UptimeRobot/2.0; http://www.uptimerobot.com/)"
49.13.24.81 - - [04/Jul/2025:12:51:00 +0200] "HEAD / HTTP/1.1" 200 0 "http://nagybistvan.hu" "Mozilla/5.0+(compatible; UptimeRobot/2.0; http://www.uptimerobot.com/)"
78.47.98.55 - - [04/Jul/2025:12:56:03 +0200] "HEAD / HTTP/1.1" 200 0 "http://nagybistvan.hu" "Mozilla/5.0+(compatible; UptimeRobot/2.0; http://www.uptimerobot.com/)"
49.13.130.29 - - [04/Jul/2025:13:01:06 +0200] "HEAD / HTTP/1.1" 200 0 "http://nagybistvan.hu" "Mozilla/5.0+(compatible; UptimeRobot/2.0; http://www.uptimerobot.com/)"
78.47.173.76 - - [04/Jul/2025:13:06:09 +0200] "HEAD / HTTP/1.1" 200 0 "http://nagybistvan.hu" "Mozilla/5.0+(compatible; UptimeRobot/2.0; http://www.uptimerobot.com/)"
78.46.190.63 - - [04/Jul/2025:13:11:13 +0200] "HEAD / HTTP/1.1" 200 0 "http://nagybistvan.hu" "Mozilla/5.0+(compatible; UptimeRobot/2.0; http://www.uptimerobot.com/)"
78.46.190.63 - - [04/Jul/2025:13:16:16 +0200] "HEAD / HTTP/1.1" 200 0 "http://nagybistvan.hu" "Mozilla/5.0+(compatible; UptimeRobot/2.0; http://www.uptimerobot.com/)"
128.140.106.114 - - [04/Jul/2025:13:21:20 +0200] "HEAD / HTTP/1.1" 200 0 "http://nagybistvan.hu" "Mozilla/5.0+(compatible; UptimeRobot/2.0; http://www.uptimerobot.com/)"
78.46.190.63 - - [04/Jul/2025:13:26:23 +0200] "HEAD / HTTP/1.1" 200 0 "http://nagybistvan.hu" "Mozilla/5.0+(compatible; UptimeRobot/2.0; http://www.uptimerobot.com/)"
128.140.106.114 - - [04/Jul/2025:13:31:27 +0200] "HEAD / HTTP/1.1" 200 0 "http://nagybistvan.hu" "Mozilla/5.0+(compatible; UptimeRobot/2.0; http://www.uptimerobot.com/)"
157.90.155.240 - - [04/Jul/2025:13:36:30 +0200] "HEAD / HTTP/1.1" 200 0 "http://nagybistvan.hu" "Mozilla/5.0+(compatible; UptimeRobot/2.0; http://www.uptimerobot.com/)"
170.106.161.78 - - [04/Jul/2025:13:41:12 +0200] "GET / HTTP/1.1" 200 6838 "-" "Mozilla/5.0 (iPhone; CPU iPhone OS 13_2_3 like Mac OS X) AppleWebKit/605.1.15 (KHTML, like Gecko) Version/13.0.3 Mobile/15E148 Safari/604.1"
168.119.123.75 - - [04/Jul/2025:13:41:34 +0200] "HEAD / HTTP/1.1" 200 0 "http://nagybistvan.hu" "Mozilla/5.0+(compatible; UptimeRobot/2.0; http://www.uptimerobot.com/)"
66.249.64.107 - - [04/Jul/2025:13:44:35 +0200] "GET /media/image/30.360.001.jpg HTTP/1.1" 200 200105 "-" "Googlebot-Image/1.0"
142.132.180.39 - - [04/Jul/2025:13:46:37 +0200] "HEAD / HTTP/1.1" 200 0 "http://nagybistvan.hu" "Mozilla/5.0+(compatible; UptimeRobot/2.0; http://www.uptimerobot.com/)"
49.13.24.81 - - [04/Jul/2025:13:51:41 +0200] "HEAD / HTTP/1.1" 200 0 "http://nagybistvan.hu" "Mozilla/5.0+(compatible; UptimeRobot/2.0; http://www.uptimerobot.com/)"
49.13.167.123 - - [04/Jul/2025:13:56:45 +0200] "HEAD / HTTP/1.1" 200 0 "http://nagybistvan.hu" "Mozilla/5.0+(compatible; UptimeRobot/2.0; http://www.uptimerobot.com/)"
49.13.167.123 - - [04/Jul/2025:14:01:48 +0200] "HEAD / HTTP/1.1" 200 0 "http://nagybistvan.hu" "Mozilla/5.0+(compatible; UptimeRobot/2.0; http://www.uptimerobot.com/)"
157.90.155.240 - - [04/Jul/2025:14:06:52 +0200] "HEAD / HTTP/1.1" 200 0 "http://nagybistvan.hu" "Mozilla/5.0+(compatible; UptimeRobot/2.0; http://www.uptimerobot.com/)"
49.13.130.29 - - [04/Jul/2025:14:11:54 +0200] "HEAD / HTTP/1.1" 200 0 "http://nagybistvan.hu" "Mozilla/5.0+(compatible; UptimeRobot/2.0; http://www.uptimerobot.com/)"
157.90.156.63 - - [04/Jul/2025:14:16:58 +0200] "HEAD / HTTP/1.1" 200 0 "http://nagybistvan.hu" "Mozilla/5.0+(compatible; UptimeRobot/2.0; http://www.uptimerobot.com/)"
157.90.155.240 - - [04/Jul/2025:14:22:01 +0200] "HEAD / HTTP/1.1" 200 0 "http://nagybistvan.hu" "Mozilla/5.0+(compatible; UptimeRobot/2.0; http://www.uptimerobot.com/)"
49.13.24.81 - - [04/Jul/2025:14:27:05 +0200] "HEAD / HTTP/1.1" 200 0 "http://nagybistvan.hu" "Mozilla/5.0+(compatible; UptimeRobot/2.0; http://www.uptimerobot.com/)"
49.13.134.145 - - [04/Jul/2025:14:32:08 +0200] "HEAD / HTTP/1.1" 200 0 "http://nagybistvan.hu" "Mozilla/5.0+(compatible; UptimeRobot/2.0; http://www.uptimerobot.com/)"
216.244.66.227 - - [04/Jul/2025:14:33:37 +0200] "GET /robots.txt HTTP/1.1" 404 1181 "-" "Mozilla/5.0 (compatible; DotBot/1.2; +https://opensiteexplorer.org/dotbot; help@moz.com)"
168.119.53.160 - - [04/Jul/2025:14:37:12 +0200] "HEAD / HTTP/1.1" 200 0 "http://nagybistvan.hu" "Mozilla/5.0+(compatible; UptimeRobot/2.0; http://www.uptimerobot.com/)"
167.235.143.113 - - [04/Jul/2025:14:42:15 +0200] "HEAD / HTTP/1.1" 200 0 "http://nagybistvan.hu" "Mozilla/5.0+(compatible; UptimeRobot/2.0; http://www.uptimerobot.com/)"
66.249.64.131 - - [04/Jul/2025:14:44:43 +0200] "GET /media/image/07.035.001.jpg HTTP/1.1" 200 94619 "-" "Googlebot-Image/1.0"
49.13.167.123 - - [04/Jul/2025:14:47:18 +0200] "HEAD / HTTP/1.1" 200 0 "http://nagybistvan.hu" "Mozilla/5.0+(compatible; UptimeRobot/2.0; http://www.uptimerobot.com/)"
216.244.66.227 - - [04/Jul/2025:14:48:48 +0200] "GET /media/image/07.022.001.jpg HTTP/1.1" 200 60759 "-" "Mozilla/5.0 (compatible; DotBot/1.2; +https://opensiteexplorer.org/dotbot; help@moz.com)"
216.244.66.227 - - [04/Jul/2025:14:48:54 +0200] "GET /media/image/07.110.046.jpg HTTP/1.1" 200 122600 "-" "Mozilla/5.0 (compatible; DotBot/1.2; +https://opensiteexplorer.org/dotbot; help@moz.com)"
216.244.66.227 - - [04/Jul/2025:14:49:00 +0200] "GET /media/image/23.110.075.jpg HTTP/1.1" 200 150486 "-" "Mozilla/5.0 (compatible; DotBot/1.2; +https://opensiteexplorer.org/dotbot; help@moz.com)"
142.132.180.39 - - [04/Jul/2025:14:52:22 +0200] "HEAD / HTTP/1.1" 200 0 "http://nagybistvan.hu" "Mozilla/5.0+(compatible; UptimeRobot/2.0; http://www.uptimerobot.com/)"
78.47.98.55 - - [04/Jul/2025:14:57:26 +0200] "HEAD / HTTP/1.1" 200 0 "http://nagybistvan.hu" "Mozilla/5.0+(compatible; UptimeRobot/2.0; http://www.uptimerobot.com/)"
142.132.180.39 - - [04/Jul/2025:15:02:30 +0200] "HEAD / HTTP/1.1" 200 0 "http://nagybistvan.hu" "Mozilla/5.0+(compatible; UptimeRobot/2.0; http://www.uptimerobot.com/)"
78.47.173.76 - - [04/Jul/2025:15:07:34 +0200] "HEAD / HTTP/1.1" 200 0 "http://nagybistvan.hu" "Mozilla/5.0+(compatible; UptimeRobot/2.0; http://www.uptimerobot.com/)"
128.140.106.114 - - [04/Jul/2025:15:12:37 +0200] "HEAD / HTTP/1.1" 200 0 "http://nagybistvan.hu" "Mozilla/5.0+(compatible; UptimeRobot/2.0; http://www.uptimerobot.com/)"
157.90.155.240 - - [04/Jul/2025:15:17:40 +0200] "HEAD / HTTP/1.1" 200 0 "http://nagybistvan.hu" "Mozilla/5.0+(compatible; UptimeRobot/2.0; http://www.uptimerobot.com/)"
216.244.66.227 - - [04/Jul/2025:15:19:23 +0200] "GET /robots.txt HTTP/1.1" 404 1181 "-" "Mozilla/5.0 (compatible; DotBot/1.2; +https://opensiteexplorer.org/dotbot; help@moz.com)"
216.244.66.227 - - [04/Jul/2025:15:19:25 +0200] "GET /robots.txt HTTP/1.1" 404 1181 "-" "Mozilla/5.0 (compatible; DotBot/1.2; +https://opensiteexplorer.org/dotbot; help@moz.com)"
49.13.167.123 - - [04/Jul/2025:15:22:45 +0200] "HEAD / HTTP/1.1" 200 0 "http://nagybistvan.hu" "Mozilla/5.0+(compatible; UptimeRobot/2.0; http://www.uptimerobot.com/)"
216.244.66.227 - - [04/Jul/2025:15:25:29 +0200] "GET /media/image/24.306.001.jpg HTTP/1.1" 200 102996 "-" "Mozilla/5.0 (compatible; DotBot/1.2; +https://opensiteexplorer.org/dotbot; help@moz.com)"
216.244.66.227 - - [04/Jul/2025:15:27:24 +0200] "GET /media/image/21.583.001_1.jpg HTTP/1.1" 200 101668 "-" "Mozilla/5.0 (compatible; DotBot/1.2; +https://opensiteexplorer.org/dotbot; help@moz.com)"
49.13.24.81 - - [04/Jul/2025:15:27:48 +0200] "HEAD / HTTP/1.1" 200 0 "http://nagybistvan.hu" "Mozilla/5.0+(compatible; UptimeRobot/2.0; http://www.uptimerobot.com/)"
216.244.66.227 - - [04/Jul/2025:15:28:07 +0200] "GET /media/image/30.348.001.jpg HTTP/1.1" 200 191530 "-" "Mozilla/5.0 (compatible; DotBot/1.2; +https://opensiteexplorer.org/dotbot; help@moz.com)"
216.244.66.227 - - [04/Jul/2025:15:28:33 +0200] "GET /media/image/07.239.006.jpg HTTP/1.1" 200 127391 "-" "Mozilla/5.0 (compatible; DotBot/1.2; +https://opensiteexplorer.org/dotbot; help@moz.com)"
168.119.96.239 - - [04/Jul/2025:15:32:52 +0200] "HEAD / HTTP/1.1" 200 0 "http://nagybistvan.hu" "Mozilla/5.0+(compatible; UptimeRobot/2.0; http://www.uptimerobot.com/)"
49.13.167.123 - - [04/Jul/2025:15:37:56 +0200] "HEAD / HTTP/1.1" 200 0 "http://nagybistvan.hu" "Mozilla/5.0+(compatible; UptimeRobot/2.0; http://www.uptimerobot.com/)"
128.140.106.114 - - [04/Jul/2025:15:42:59 +0200] "HEAD / HTTP/1.1" 200 0 "http://nagybistvan.hu" "Mozilla/5.0+(compatible; UptimeRobot/2.0; http://www.uptimerobot.com/)"
49.13.164.148 - - [04/Jul/2025:15:48:02 +0200] "HEAD / HTTP/1.1" 200 0 "http://nagybistvan.hu" "Mozilla/5.0+(compatible; UptimeRobot/2.0; http://www.uptimerobot.com/)"
49.13.130.29 - - [04/Jul/2025:15:53:06 +0200] "HEAD / HTTP/1.1" 200 0 "http://nagybistvan.hu" "Mozilla/5.0+(compatible; UptimeRobot/2.0; http://www.uptimerobot.com/)"
142.132.180.39 - - [04/Jul/2025:15:58:10 +0200] "HEAD / HTTP/1.1" 200 0 "http://nagybistvan.hu" "Mozilla/5.0+(compatible; UptimeRobot/2.0; http://www.uptimerobot.com/)"
128.140.106.114 - - [04/Jul/2025:16:03:13 +0200] "HEAD / HTTP/1.1" 200 0 "http://nagybistvan.hu" "Mozilla/5.0+(compatible; UptimeRobot/2.0; http://www.uptimerobot.com/)"
216.244.66.227 - - [04/Jul/2025:16:06:00 +0200] "GET /robots.txt HTTP/1.1" 404 1181 "-" "Mozilla/5.0 (compatible; DotBot/1.2; +https://opensiteexplorer.org/dotbot; help@moz.com)"
49.13.134.145 - - [04/Jul/2025:16:08:16 +0200] "HEAD / HTTP/1.1" 200 0 "http://nagybistvan.hu" "Mozilla/5.0+(compatible; UptimeRobot/2.0; http://www.uptimerobot.com/)"
78.46.190.63 - - [04/Jul/2025:16:13:21 +0200] "HEAD / HTTP/1.1" 200 0 "http://nagybistvan.hu" "Mozilla/5.0+(compatible; UptimeRobot/2.0; http://www.uptimerobot.com/)"
216.244.66.227 - - [04/Jul/2025:16:14:43 +0200] "GET /media/image/21.583.001_2.jpg HTTP/1.1" 200 139492 "-" "Mozilla/5.0 (compatible; DotBot/1.2; +https://opensiteexplorer.org/dotbot; help@moz.com)"
88.99.80.227 - - [04/Jul/2025:16:18:23 +0200] "HEAD / HTTP/1.1" 200 0 "http://nagybistvan.hu" "Mozilla/5.0+(compatible; UptimeRobot/2.0; http://www.uptimerobot.com/)"
157.90.156.63 - - [04/Jul/2025:16:23:28 +0200] "HEAD / HTTP/1.1" 200 0 "http://nagybistvan.hu" "Mozilla/5.0+(compatible; UptimeRobot/2.0; http://www.uptimerobot.com/)"
168.119.123.75 - - [04/Jul/2025:16:28:32 +0200] "HEAD / HTTP/1.1" 200 0 "http://nagybistvan.hu" "Mozilla/5.0+(compatible; UptimeRobot/2.0; http://www.uptimerobot.com/)"
128.140.106.114 - - [04/Jul/2025:16:33:35 +0200] "HEAD / HTTP/1.1" 200 0 "http://nagybistvan.hu" "Mozilla/5.0+(compatible; UptimeRobot/2.0; http://www.uptimerobot.com/)"
49.13.24.81 - - [04/Jul/2025:16:38:38 +0200] "HEAD / HTTP/1.1" 200 0 "http://nagybistvan.hu" "Mozilla/5.0+(compatible; UptimeRobot/2.0; http://www.uptimerobot.com/)"
168.119.123.75 - - [04/Jul/2025:16:43:41 +0200] "HEAD / HTTP/1.1" 200 0 "http://nagybistvan.hu" "Mozilla/5.0+(compatible; UptimeRobot/2.0; http://www.uptimerobot.com/)"
78.46.190.63 - - [04/Jul/2025:16:48:45 +0200] "HEAD / HTTP/1.1" 200 0 "http://nagybistvan.hu" "Mozilla/5.0+(compatible; UptimeRobot/2.0; http://www.uptimerobot.com/)"
159.69.158.189 - - [04/Jul/2025:16:53:48 +0200] "HEAD / HTTP/1.1" 200 0 "http://nagybistvan.hu" "Mozilla/5.0+(compatible; UptimeRobot/2.0; http://www.uptimerobot.com/)"
159.69.158.189 - - [04/Jul/2025:16:58:52 +0200] "HEAD / HTTP/1.1" 200 0 "http://nagybistvan.hu" "Mozilla/5.0+(compatible; UptimeRobot/2.0; http://www.uptimerobot.com/)"
167.235.143.113 - - [04/Jul/2025:17:03:55 +0200] "HEAD / HTTP/1.1" 200 0 "http://nagybistvan.hu" "Mozilla/5.0+(compatible; UptimeRobot/2.0; http://www.uptimerobot.com/)"
216.244.66.227 - - [04/Jul/2025:17:05:53 +0200] "GET /robots.txt HTTP/1.1" 404 1181 "-" "Mozilla/5.0 (compatible; DotBot/1.2; +https://opensiteexplorer.org/dotbot; help@moz.com)"
216.244.66.227 - - [04/Jul/2025:17:05:53 +0200] "GET /robots.txt HTTP/1.1" 404 1181 "-" "Mozilla/5.0 (compatible; DotBot/1.2; +https://opensiteexplorer.org/dotbot; help@moz.com)"
49.13.24.81 - - [04/Jul/2025:17:08:59 +0200] "HEAD / HTTP/1.1" 200 0 "http://nagybistvan.hu" "Mozilla/5.0+(compatible; UptimeRobot/2.0; http://www.uptimerobot.com/)"
128.140.106.114 - - [04/Jul/2025:17:14:02 +0200] "HEAD / HTTP/1.1" 200 0 "http://nagybistvan.hu" "Mozilla/5.0+(compatible; UptimeRobot/2.0; http://www.uptimerobot.com/)"
216.244.66.227 - - [04/Jul/2025:17:14:23 +0200] "GET /media/image/21.583.001_6.jpg HTTP/1.1" 200 100647 "-" "Mozilla/5.0 (compatible; DotBot/1.2; +https://opensiteexplorer.org/dotbot; help@moz.com)"
216.244.66.227 - - [04/Jul/2025:17:14:43 +0200] "GET /media/image/07.122.001.jpg HTTP/1.1" 200 109999 "-" "Mozilla/5.0 (compatible; DotBot/1.2; +https://opensiteexplorer.org/dotbot; help@moz.com)"
216.244.66.227 - - [04/Jul/2025:17:15:21 +0200] "GET /media/image/07.230.003.jpg HTTP/1.1" 200 91667 "-" "Mozilla/5.0 (compatible; DotBot/1.2; +https://opensiteexplorer.org/dotbot; help@moz.com)"
216.244.66.227 - - [04/Jul/2025:17:15:56 +0200] "GET /media/image/07.238.003.jpg HTTP/1.1" 200 137318 "-" "Mozilla/5.0 (compatible; DotBot/1.2; +https://opensiteexplorer.org/dotbot; help@moz.com)"
216.244.66.227 - - [04/Jul/2025:17:16:28 +0200] "GET /media/image/21.110.076.jpg HTTP/1.1" 200 116677 "-" "Mozilla/5.0 (compatible; DotBot/1.2; +https://opensiteexplorer.org/dotbot; help@moz.com)"
162.55.97.171 - - [04/Jul/2025:17:16:46 +0200] "GET / HTTP/1.1" 200 6736 "-" "Mozilla/5.0 (X11; Linux x86_64; rv:109.0) Gecko/20100101 Firefox/122.0"
162.55.97.171 - - [04/Jul/2025:17:16:47 +0200] "GET /kepek HTTP/1.1" 301 315 "-" "Mozilla/5.0 (X11; Ubuntu; Linux x86_64; rv:109.0) Gecko/20100101 Firefox/122.0"
162.55.97.171 - - [04/Jul/2025:17:16:47 +0200] "GET /bio HTTP/1.1" 301 313 "-" "Mozilla/5.0 (iPhone; CPU iPhone OS 16_2 like Mac OS X) AppleWebKit/605.1.15 (KHTML, like Gecko) Version/16.2 Mobile/15E148 Safari/604."
162.55.97.171 - - [04/Jul/2025:17:16:47 +0200] "GET /dijai HTTP/1.1" 301 315 "-" "Mozilla/5.0 (Macintosh; Intel Mac OS X 14.3; rv:109.0) Gecko/20100101 Firefox/122.0"
162.55.97.171 - - [04/Jul/2025:17:16:47 +0200] "GET /rolairtak HTTP/1.1" 301 319 "-" "Mozilla/5.0 (Macintosh; Intel Mac OS X 14_3) AppleWebKit/605.1.15 (KHTML, like Gecko) Version/17.2 Safari/605.1.15"
162.55.97.171 - - [04/Jul/2025:17:16:47 +0200] "GET /csoportos HTTP/1.1" 301 319 "-" "Mozilla/5.0 (Macintosh; Intel Mac OS X 14_3) AppleWebKit/537.36 (KHTML, like Gecko) Chrome/121.0.0.0 Safari/537.36 OPR/106.0.0.0"
162.55.97.171 - - [04/Jul/2025:17:16:47 +0200] "GET /egyeni HTTP/1.1" 301 316 "-" "Mozilla/5.0 (Macintosh; Intel Mac OS X 14_3) AppleWebKit/537.36 (KHTML, like Gecko) Chrome/121.0.0.0 Safari/537.36 OPR/106.0.0.0"
162.55.97.171 - - [04/Jul/2025:17:16:47 +0200] "GET /irasai HTTP/1.1" 301 316 "-" "Mozilla/5.0 (Windows NT 10.0; Win64; x64) AppleWebKit/537.36 (KHTML, like Gecko) Chrome/120.0.0.0 Safari/537.3"
162.55.97.171 - - [04/Jul/2025:17:16:47 +0200] "GET /kepek/ HTTP/1.1" 302 5 "-" "Mozilla/5.0 (X11; Ubuntu; Linux x86_64; rv:109.0) Gecko/20100101 Firefox/122.0"
162.55.97.171 - - [04/Jul/2025:17:16:47 +0200] "GET /dijai/ HTTP/1.1" 302 5 "-" "Mozilla/5.0 (Macintosh; Intel Mac OS X 14.3; rv:109.0) Gecko/20100101 Firefox/122.0"
162.55.97.171 - - [04/Jul/2025:17:16:47 +0200] "GET /rolairtak/ HTTP/1.1" 302 5 "-" "Mozilla/5.0 (Macintosh; Intel Mac OS X 14_3) AppleWebKit/605.1.15 (KHTML, like Gecko) Version/17.2 Safari/605.1.15"
162.55.97.171 - - [04/Jul/2025:17:16:47 +0200] "GET /csoportos/ HTTP/1.1" 302 5 "-" "Mozilla/5.0 (Macintosh; Intel Mac OS X 14_3) AppleWebKit/537.36 (KHTML, like Gecko) Chrome/121.0.0.0 Safari/537.36 OPR/106.0.0.0"
162.55.97.171 - - [04/Jul/2025:17:16:47 +0200] "GET /irasai/ HTTP/1.1" 302 5 "-" "Mozilla/5.0 (Windows NT 10.0; Win64; x64) AppleWebKit/537.36 (KHTML, like Gecko) Chrome/120.0.0.0 Safari/537.3"
162.55.97.171 - - [04/Jul/2025:17:16:47 +0200] "GET /egyeni/ HTTP/1.1" 302 5 "-" "Mozilla/5.0 (Macintosh; Intel Mac OS X 14_3) AppleWebKit/537.36 (KHTML, like Gecko) Chrome/121.0.0.0 Safari/537.36 OPR/106.0.0.0"
162.55.97.171 - - [04/Jul/2025:17:16:48 +0200] "GET /index.php?c=kepek HTTP/1.1" 200 10177 "-" "Mozilla/5.0 (X11; Ubuntu; Linux x86_64; rv:109.0) Gecko/20100101 Firefox/122.0"
162.55.97.171 - - [04/Jul/2025:17:16:48 +0200] "GET /index.php?c=rolairtak HTTP/1.1" 200 8130 "-" "Mozilla/5.0 (Macintosh; Intel Mac OS X 14_3) AppleWebKit/605.1.15 (KHTML, like Gecko) Version/17.2 Safari/605.1.15"
162.55.97.171 - - [04/Jul/2025:17:16:48 +0200] "GET /bio/ HTTP/1.1" 302 5 "-" "Mozilla/5.0 (iPhone; CPU iPhone OS 16_2 like Mac OS X) AppleWebKit/605.1.15 (KHTML, like Gecko) Version/16.2 Mobile/15E148 Safari/604."
162.55.97.171 - - [04/Jul/2025:17:16:48 +0200] "GET /index.php?c=dijai HTTP/1.1" 200 7001 "-" "Mozilla/5.0 (Macintosh; Intel Mac OS X 14.3; rv:109.0) Gecko/20100101 Firefox/122.0"
162.55.97.171 - - [04/Jul/2025:17:16:48 +0200] "GET /index.php?c=egyeni HTTP/1.1" 200 8245 "-" "Mozilla/5.0 (Macintosh; Intel Mac OS X 14_3) AppleWebKit/537.36 (KHTML, like Gecko) Chrome/121.0.0.0 Safari/537.36 OPR/106.0.0.0"
162.55.97.171 - - [04/Jul/2025:17:16:48 +0200] "GET /index.php?c=csoportos HTTP/1.1" 200 13264 "-" "Mozilla/5.0 (Macintosh; Intel Mac OS X 14_3) AppleWebKit/537.36 (KHTML, like Gecko) Chrome/121.0.0.0 Safari/537.36 OPR/106.0.0.0"
162.55.97.171 - - [04/Jul/2025:17:16:48 +0200] "GET /index.php?c=irasai HTTP/1.1" 200 7361 "-" "Mozilla/5.0 (Windows NT 10.0; Win64; x64) AppleWebKit/537.36 (KHTML, like Gecko) Chrome/120.0.0.0 Safari/537.3"
162.55.97.171 - - [04/Jul/2025:17:16:48 +0200] "GET /index.php?c=bio HTTP/1.1" 200 13189 "-" "Mozilla/5.0 (iPhone; CPU iPhone OS 16_2 like Mac OS X) AppleWebKit/605.1.15 (KHTML, like Gecko) Version/16.2 Mobile/15E148 Safari/604."
162.55.97.171 - - [04/Jul/2025:17:16:49 +0200] "GET /index.php HTTP/1.1" 200 6694 "-" "Mozilla/5.0 (Macintosh; Intel Mac OS X 14.3; rv:109.0) Gecko/20100101 Firefox/122.0"
168.119.96.239 - - [04/Jul/2025:17:19:05 +0200] "HEAD / HTTP/1.1" 200 0 "http://nagybistvan.hu" "Mozilla/5.0+(compatible; UptimeRobot/2.0; http://www.uptimerobot.com/)"
128.140.41.193 - - [04/Jul/2025:17:24:10 +0200] "HEAD / HTTP/1.1" 200 0 "http://nagybistvan.hu" "Mozilla/5.0+(compatible; UptimeRobot/2.0; http://www.uptimerobot.com/)"
78.46.190.63 - - [04/Jul/2025:17:29:14 +0200] "HEAD / HTTP/1.1" 200 0 "http://nagybistvan.hu" "Mozilla/5.0+(compatible; UptimeRobot/2.0; http://www.uptimerobot.com/)"
157.90.155.240 - - [04/Jul/2025:17:34:16 +0200] "HEAD / HTTP/1.1" 200 0 "http://nagybistvan.hu" "Mozilla/5.0+(compatible; UptimeRobot/2.0; http://www.uptimerobot.com/)"
49.13.164.148 - - [04/Jul/2025:17:39:20 +0200] "HEAD / HTTP/1.1" 200 0 "http://nagybistvan.hu" "Mozilla/5.0+(compatible; UptimeRobot/2.0; http://www.uptimerobot.com/)"
78.47.173.76 - - [04/Jul/2025:17:44:23 +0200] "HEAD / HTTP/1.1" 200 0 "http://nagybistvan.hu" "Mozilla/5.0+(compatible; UptimeRobot/2.0; http://www.uptimerobot.com/)"
66.249.64.131 - - [04/Jul/2025:17:44:43 +0200] "GET /media/image/07.058.001.jpg HTTP/1.1" 200 126440 "-" "Googlebot-Image/1.0"
128.140.106.114 - - [04/Jul/2025:17:49:27 +0200] "HEAD / HTTP/1.1" 200 0 "http://nagybistvan.hu" "Mozilla/5.0+(compatible; UptimeRobot/2.0; http://www.uptimerobot.com/)"
66.249.64.130 - - [04/Jul/2025:17:51:55 +0200] "GET /zsambek/Zold%20Zsambek.html HTTP/1.1" 304 - "-" "Mozilla/5.0 (Linux; Android 6.0.1; Nexus 5X Build/MMB29P) AppleWebKit/537.36 (KHTML, like Gecko) Chrome/137.0.7151.103 Mobile Safari/537.36 (compatible; Googlebot/2.1; +http://www.google.com/bot.html)"
216.244.66.227 - - [04/Jul/2025:17:52:59 +0200] "GET /robots.txt HTTP/1.1" 404 1181 "-" "Mozilla/5.0 (compatible; DotBot/1.2; +https://opensiteexplorer.org/dotbot; help@moz.com)"
216.244.66.227 - - [04/Jul/2025:17:52:59 +0200] "GET /robots.txt HTTP/1.1" 404 1181 "-" "Mozilla/5.0 (compatible; DotBot/1.2; +https://opensiteexplorer.org/dotbot; help@moz.com)"
78.46.190.63 - - [04/Jul/2025:17:54:31 +0200] "HEAD / HTTP/1.1" 200 0 "http://nagybistvan.hu" "Mozilla/5.0+(compatible; UptimeRobot/2.0; http://www.uptimerobot.com/)"
66.249.64.130 - - [04/Jul/2025:17:56:55 +0200] "GET /media/image/07.079.001.jpg HTTP/1.1" 200 180054 "-" "Googlebot-Image/1.0"
159.69.158.189 - - [04/Jul/2025:17:59:34 +0200] "HEAD / HTTP/1.1" 200 0 "http://nagybistvan.hu" "Mozilla/5.0+(compatible; UptimeRobot/2.0; http://www.uptimerobot.com/)"
216.244.66.227 - - [04/Jul/2025:18:01:35 +0200] "GET /media/image/07.028.001.jpg HTTP/1.1" 200 229422 "-" "Mozilla/5.0 (compatible; DotBot/1.2; +https://opensiteexplorer.org/dotbot; help@moz.com)"
216.244.66.227 - - [04/Jul/2025:18:02:17 +0200] "GET /media/image/24.325.001.jpg HTTP/1.1" 200 247988 "-" "Mozilla/5.0 (compatible; DotBot/1.2; +https://opensiteexplorer.org/dotbot; help@moz.com)"
216.244.66.227 - - [04/Jul/2025:18:02:54 +0200] "GET /media/image/21.345.001.jpg HTTP/1.1" 200 157830 "-" "Mozilla/5.0 (compatible; DotBot/1.2; +https://opensiteexplorer.org/dotbot; help@moz.com)"
216.244.66.227 - - [04/Jul/2025:18:03:30 +0200] "GET /media/image/23.334.001.jpg HTTP/1.1" 200 150574 "-" "Mozilla/5.0 (compatible; DotBot/1.2; +https://opensiteexplorer.org/dotbot; help@moz.com)"
216.244.66.227 - - [04/Jul/2025:18:04:07 +0200] "GET /index.php?c=szilasi_03 HTTP/1.1" 200 4930 "-" "Mozilla/5.0 (compatible; DotBot/1.2; +https://opensiteexplorer.org/dotbot; help@moz.com)"
159.69.158.189 - - [04/Jul/2025:18:04:37 +0200] "HEAD / HTTP/1.1" 200 0 "http://nagybistvan.hu" "Mozilla/5.0+(compatible; UptimeRobot/2.0; http://www.uptimerobot.com/)"
216.244.66.227 - - [04/Jul/2025:18:04:38 +0200] "GET /index.php?c=estv HTTP/1.1" 200 5989 "-" "Mozilla/5.0 (compatible; DotBot/1.2; +https://opensiteexplorer.org/dotbot; help@moz.com)"
216.244.66.227 - - [04/Jul/2025:18:05:11 +0200] "GET /media/image/07.280.001.jpg HTTP/1.1" 200 75620 "-" "Mozilla/5.0 (compatible; DotBot/1.2; +https://opensiteexplorer.org/dotbot; help@moz.com)"
168.119.96.239 - - [04/Jul/2025:18:09:40 +0200] "HEAD / HTTP/1.1" 200 0 "http://nagybistvan.hu" "Mozilla/5.0+(compatible; UptimeRobot/2.0; http://www.uptimerobot.com/)"
167.235.143.113 - - [04/Jul/2025:18:14:44 +0200] "HEAD / HTTP/1.1" 200 0 "http://nagybistvan.hu" "Mozilla/5.0+(compatible; UptimeRobot/2.0; http://www.uptimerobot.com/)"
167.235.143.113 - - [04/Jul/2025:18:19:46 +0200] "HEAD / HTTP/1.1" 200 0 "http://nagybistvan.hu" "Mozilla/5.0+(compatible; UptimeRobot/2.0; http://www.uptimerobot.com/)"
167.235.143.113 - - [04/Jul/2025:18:24:52 +0200] "HEAD / HTTP/1.1" 200 0 "http://nagybistvan.hu" "Mozilla/5.0+(compatible; UptimeRobot/2.0; http://www.uptimerobot.com/)"
34.44.140.117 - - [04/Jul/2025:18:27:13 +0200] "HEAD /wordpress HTTP/1.1" 404 0 "-" "Mozilla/5.0 (Windows NT 10.0; Win64; x64) AppleWebKit/537.36 (KHTML, like Gecko) Chrome/74.0.3729.169 Safari/537.36"
34.44.140.117 - - [04/Jul/2025:18:27:13 +0200] "HEAD / HTTP/1.1" 200 0 "-" "Mozilla/5.0 (Windows NT 10.0; Win64; x64) AppleWebKit/537.36 (KHTML, like Gecko) Chrome/74.0.3729.169 Safari/537.36"
34.44.140.117 - - [04/Jul/2025:18:27:13 +0200] "HEAD /wp HTTP/1.1" 404 0 "-" "Mozilla/5.0 (Windows NT 10.0; Win64; x64) AppleWebKit/537.36 (KHTML, like Gecko) Chrome/74.0.3729.169 Safari/537.36"
34.44.140.117 - - [04/Jul/2025:18:27:13 +0200] "HEAD /bc HTTP/1.1" 404 0 "-" "Mozilla/5.0 (Windows NT 10.0; Win64; x64) AppleWebKit/537.36 (KHTML, like Gecko) Chrome/74.0.3729.169 Safari/537.36"
34.44.140.117 - - [04/Jul/2025:18:27:13 +0200] "HEAD /bk HTTP/1.1" 404 0 "-" "Mozilla/5.0 (Windows NT 10.0; Win64; x64) AppleWebKit/537.36 (KHTML, like Gecko) Chrome/74.0.3729.169 Safari/537.36"
34.44.140.117 - - [04/Jul/2025:18:27:13 +0200] "HEAD /backup HTTP/1.1" 404 0 "-" "Mozilla/5.0 (Windows NT 10.0; Win64; x64) AppleWebKit/537.36 (KHTML, like Gecko) Chrome/74.0.3729.169 Safari/537.36"
34.44.140.117 - - [04/Jul/2025:18:27:13 +0200] "HEAD /old HTTP/1.1" 404 0 "-" "Mozilla/5.0 (Windows NT 10.0; Win64; x64) AppleWebKit/537.36 (KHTML, like Gecko) Chrome/74.0.3729.169 Safari/537.36"
34.44.140.117 - - [04/Jul/2025:18:27:14 +0200] "HEAD /new HTTP/1.1" 404 0 "-" "Mozilla/5.0 (Windows NT 10.0; Win64; x64) AppleWebKit/537.36 (KHTML, like Gecko) Chrome/74.0.3729.169 Safari/537.36"
34.44.140.117 - - [04/Jul/2025:18:27:14 +0200] "HEAD /main HTTP/1.1" 404 0 "-" "Mozilla/5.0 (Windows NT 10.0; Win64; x64) AppleWebKit/537.36 (KHTML, like Gecko) Chrome/74.0.3729.169 Safari/537.36"
34.44.140.117 - - [04/Jul/2025:18:27:14 +0200] "HEAD /home HTTP/1.1" 404 0 "-" "Mozilla/5.0 (Windows NT 10.0; Win64; x64) AppleWebKit/537.36 (KHTML, like Gecko) Chrome/74.0.3729.169 Safari/537.36"
49.13.24.81 - - [04/Jul/2025:18:29:55 +0200] "HEAD / HTTP/1.1" 200 0 "http://nagybistvan.hu" "Mozilla/5.0+(compatible; UptimeRobot/2.0; http://www.uptimerobot.com/)"
49.13.134.145 - - [04/Jul/2025:18:34:59 +0200] "HEAD / HTTP/1.1" 200 0 "http://nagybistvan.hu" "Mozilla/5.0+(compatible; UptimeRobot/2.0; http://www.uptimerobot.com/)"
66.249.75.192 - - [04/Jul/2025:18:38:16 +0200] "GET / HTTP/1.1" 200 6762 "-" "Mozilla/5.0 (Linux; Android 6.0.1; Nexus 5X Build/MMB29P) AppleWebKit/537.36 (KHTML, like Gecko) Chrome/137.0.7151.103 Mobile Safari/537.36 (compatible; Googlebot/2.1; +http://www.google.com/bot.html)"
66.249.75.193 - - [04/Jul/2025:18:38:26 +0200] "GET /skin/master.css HTTP/1.1" 200 6842 "http://nagybistvan.hu/" "Mozilla/5.0 (Linux; Android 6.0.1; Nexus 5X Build/MMB29P) AppleWebKit/537.36 (KHTML, like Gecko) Chrome/137.0.7151.119 Mobile Safari/537.36 (compatible; Googlebot/2.1; +http://www.google.com/bot.html)"
216.244.66.227 - - [04/Jul/2025:18:38:37 +0200] "GET /robots.txt HTTP/1.1" 404 1181 "-" "Mozilla/5.0 (compatible; DotBot/1.2; +https://opensiteexplorer.org/dotbot; help@moz.com)"
128.140.41.193 - - [04/Jul/2025:18:40:01 +0200] "HEAD / HTTP/1.1" 200 0 "http://nagybistvan.hu" "Mozilla/5.0+(compatible; UptimeRobot/2.0; http://www.uptimerobot.com/)"
43.157.82.252 - - [04/Jul/2025:18:40:16 +0200] "GET / HTTP/1.1" 200 6778 "-" "Mozilla/5.0 (iPhone; CPU iPhone OS 13_2_3 like Mac OS X) AppleWebKit/605.1.15 (KHTML, like Gecko) Version/13.0.3 Mobile/15E148 Safari/604.1"
78.47.98.55 - - [04/Jul/2025:18:45:05 +0200] "HEAD / HTTP/1.1" 200 0 "http://nagybistvan.hu" "Mozilla/5.0+(compatible; UptimeRobot/2.0; http://www.uptimerobot.com/)"
49.13.24.81 - - [04/Jul/2025:18:50:09 +0200] "HEAD / HTTP/1.1" 200 0 "http://nagybistvan.hu" "Mozilla/5.0+(compatible; UptimeRobot/2.0; http://www.uptimerobot.com/)"
216.244.66.227 - - [04/Jul/2025:18:52:31 +0200] "GET /media/image/07.197.001.jpg HTTP/1.1" 200 92251 "-" "Mozilla/5.0 (compatible; DotBot/1.2; +https://opensiteexplorer.org/dotbot; help@moz.com)"
170.106.35.153 - - [04/Jul/2025:18:54:27 +0200] "GET /irasai HTTP/1.1" 301 316 "-" "Mozilla/5.0 (iPhone; CPU iPhone OS 13_2_3 like Mac OS X) AppleWebKit/605.1.15 (KHTML, like Gecko) Version/13.0.3 Mobile/15E148 Safari/604.1"
170.106.35.153 - - [04/Jul/2025:18:54:30 +0200] "GET /irasai/ HTTP/1.1" 302 5 "http://nagybistvan.hu/irasai" "Mozilla/5.0 (iPhone; CPU iPhone OS 13_2_3 like Mac OS X) AppleWebKit/605.1.15 (KHTML, like Gecko) Version/13.0.3 Mobile/15E148 Safari/604.1"
170.106.35.153 - - [04/Jul/2025:18:54:33 +0200] "GET /index.php?c=irasai HTTP/1.1" 200 7424 "http://nagybistvan.hu/irasai/" "Mozilla/5.0 (iPhone; CPU iPhone OS 13_2_3 like Mac OS X) AppleWebKit/605.1.15 (KHTML, like Gecko) Version/13.0.3 Mobile/15E148 Safari/604.1"
168.119.96.239 - - [04/Jul/2025:18:55:12 +0200] "HEAD / HTTP/1.1" 200 0 "http://nagybistvan.hu" "Mozilla/5.0+(compatible; UptimeRobot/2.0; http://www.uptimerobot.com/)"
128.140.41.193 - - [04/Jul/2025:19:00:15 +0200] "HEAD / HTTP/1.1" 200 0 "http://nagybistvan.hu" "Mozilla/5.0+(compatible; UptimeRobot/2.0; http://www.uptimerobot.com/)"
66.249.77.193 - - [04/Jul/2025:19:00:45 +0200] "GET /wp-login.php HTTP/1.1" 404 37 "-" "Mozilla/5.0 (Linux; Android 6.0.1; Nexus 5X Build/MMB29P) AppleWebKit/537.36 (KHTML, like Gecko) Chrome/137.0.7151.103 Mobile Safari/537.36 (compatible; Googlebot/2.1; +http://www.google.com/bot.html)"
78.47.98.55 - - [04/Jul/2025:19:05:18 +0200] "HEAD / HTTP/1.1" 200 0 "http://nagybistvan.hu" "Mozilla/5.0+(compatible; UptimeRobot/2.0; http://www.uptimerobot.com/)"
43.153.67.21 - - [04/Jul/2025:19:06:05 +0200] "GET /rolairtak HTTP/1.1" 301 319 "-" "Mozilla/5.0 (iPhone; CPU iPhone OS 13_2_3 like Mac OS X) AppleWebKit/605.1.15 (KHTML, like Gecko) Version/13.0.3 Mobile/15E148 Safari/604.1"
43.153.67.21 - - [04/Jul/2025:19:06:09 +0200] "GET /rolairtak/ HTTP/1.1" 302 5 "http://nagybistvan.hu/rolairtak" "Mozilla/5.0 (iPhone; CPU iPhone OS 13_2_3 like Mac OS X) AppleWebKit/605.1.15 (KHTML, like Gecko) Version/13.0.3 Mobile/15E148 Safari/604.1"
43.153.67.21 - - [04/Jul/2025:19:06:11 +0200] "GET /index.php?c=rolairtak HTTP/1.1" 200 7969 "http://nagybistvan.hu/rolairtak/" "Mozilla/5.0 (iPhone; CPU iPhone OS 13_2_3 like Mac OS X) AppleWebKit/605.1.15 (KHTML, like Gecko) Version/13.0.3 Mobile/15E148 Safari/604.1"
142.132.180.39 - - [04/Jul/2025:19:10:22 +0200] "HEAD / HTTP/1.1" 200 0 "http://nagybistvan.hu" "Mozilla/5.0+(compatible; UptimeRobot/2.0; http://www.uptimerobot.com/)"
43.133.69.37 - - [04/Jul/2025:19:14:22 +0200] "GET /index.php HTTP/1.1" 200 6737 "-" "Mozilla/5.0 (iPhone; CPU iPhone OS 13_2_3 like Mac OS X) AppleWebKit/605.1.15 (KHTML, like Gecko) Version/13.0.3 Mobile/15E148 Safari/604.1"
78.47.98.55 - - [04/Jul/2025:19:15:26 +0200] "HEAD / HTTP/1.1" 200 0 "http://nagybistvan.hu" "Mozilla/5.0+(compatible; UptimeRobot/2.0; http://www.uptimerobot.com/)"
78.47.173.76 - - [04/Jul/2025:19:20:29 +0200] "HEAD / HTTP/1.1" 200 0 "http://nagybistvan.hu" "Mozilla/5.0+(compatible; UptimeRobot/2.0; http://www.uptimerobot.com/)"
43.157.156.190 - - [04/Jul/2025:19:23:13 +0200] "GET /egyeni HTTP/1.1" 301 316 "-" "Mozilla/5.0 (iPhone; CPU iPhone OS 13_2_3 like Mac OS X) AppleWebKit/605.1.15 (KHTML, like Gecko) Version/13.0.3 Mobile/15E148 Safari/604.1"
43.157.156.190 - - [04/Jul/2025:19:23:19 +0200] "GET /egyeni/ HTTP/1.1" 302 5 "http://nagybistvan.hu/egyeni" "Mozilla/5.0 (iPhone; CPU iPhone OS 13_2_3 like Mac OS X) AppleWebKit/605.1.15 (KHTML, like Gecko) Version/13.0.3 Mobile/15E148 Safari/604.1"
43.157.156.190 - - [04/Jul/2025:19:23:22 +0200] "GET /index.php?c=egyeni HTTP/1.1" 200 8228 "http://nagybistvan.hu/egyeni/" "Mozilla/5.0 (iPhone; CPU iPhone OS 13_2_3 like Mac OS X) AppleWebKit/605.1.15 (KHTML, like Gecko) Version/13.0.3 Mobile/15E148 Safari/604.1"
216.244.66.227 - - [04/Jul/2025:19:24:57 +0200] "GET /robots.txt HTTP/1.1" 404 1181 "-" "Mozilla/5.0 (compatible; DotBot/1.2; +https://opensiteexplorer.org/dotbot; help@moz.com)"
216.244.66.227 - - [04/Jul/2025:19:24:57 +0200] "GET /robots.txt HTTP/1.1" 404 1181 "-" "Mozilla/5.0 (compatible; DotBot/1.2; +https://opensiteexplorer.org/dotbot; help@moz.com)"
78.47.98.55 - - [04/Jul/2025:19:25:32 +0200] "HEAD / HTTP/1.1" 200 0 "http://nagybistvan.hu" "Mozilla/5.0+(compatible; UptimeRobot/2.0; http://www.uptimerobot.com/)"
49.13.167.123 - - [04/Jul/2025:19:30:35 +0200] "HEAD / HTTP/1.1" 200 0 "http://nagybistvan.hu" "Mozilla/5.0+(compatible; UptimeRobot/2.0; http://www.uptimerobot.com/)"
43.166.136.24 - - [04/Jul/2025:19:32:26 +0200] "GET /media/document/Nagy_B_album_szoro.pdf HTTP/1.1" 200 87306 "-" "Mozilla/5.0 (iPhone; CPU iPhone OS 13_2_3 like Mac OS X) AppleWebKit/605.1.15 (KHTML, like Gecko) Version/13.0.3 Mobile/15E148 Safari/604.1"
216.244.66.227 - - [04/Jul/2025:19:35:34 +0200] "GET /index.php?c=7080s&cp=1 HTTP/1.1" 200 17062 "-" "Mozilla/5.0 (compatible; DotBot/1.2; +https://opensiteexplorer.org/dotbot; help@moz.com)"
128.140.41.193 - - [04/Jul/2025:19:35:39 +0200] "HEAD / HTTP/1.1" 200 0 "http://nagybistvan.hu" "Mozilla/5.0+(compatible; UptimeRobot/2.0; http://www.uptimerobot.com/)"
216.244.66.227 - - [04/Jul/2025:19:35:41 +0200] "GET /media/image/07.168.001.jpg HTTP/1.1" 200 107055 "-" "Mozilla/5.0 (compatible; DotBot/1.2; +https://opensiteexplorer.org/dotbot; help@moz.com)"
216.244.66.227 - - [04/Jul/2025:19:36:07 +0200] "GET /media/image/07.194.001.jpg HTTP/1.1" 200 239310 "-" "Mozilla/5.0 (compatible; DotBot/1.2; +https://opensiteexplorer.org/dotbot; help@moz.com)"
216.244.66.227 - - [04/Jul/2025:19:36:50 +0200] "GET /media/image/07.025.001.jpg HTTP/1.1" 200 209677 "-" "Mozilla/5.0 (compatible; DotBot/1.2; +https://opensiteexplorer.org/dotbot; help@moz.com)"
66.249.77.201 - - [04/Jul/2025:19:40:20 +0200] "GET /index.php/img/nagy_b_90_meghivo_2183.jpg HTTP/1.1" 200 6652 "-" "Googlebot-Image/1.0"
168.119.53.160 - - [04/Jul/2025:19:40:42 +0200] "HEAD / HTTP/1.1" 200 0 "http://nagybistvan.hu" "Mozilla/5.0+(compatible; UptimeRobot/2.0; http://www.uptimerobot.com/)"
49.13.164.148 - - [04/Jul/2025:19:45:48 +0200] "HEAD / HTTP/1.1" 200 0 "http://nagybistvan.hu" "Mozilla/5.0+(compatible; UptimeRobot/2.0; http://www.uptimerobot.com/)"
43.153.119.119 - - [04/Jul/2025:19:45:55 +0200] "GET /index.php?c=Nagy_B_I_02 HTTP/1.1" 200 8937 "-" "Mozilla/5.0 (iPhone; CPU iPhone OS 13_2_3 like Mac OS X) AppleWebKit/605.1.15 (KHTML, like Gecko) Version/13.0.3 Mobile/15E148 Safari/604.1"
168.119.53.160 - - [04/Jul/2025:19:50:52 +0200] "HEAD / HTTP/1.1" 200 0 "http://nagybistvan.hu" "Mozilla/5.0+(compatible; UptimeRobot/2.0; http://www.uptimerobot.com/)"
43.128.67.187 - - [04/Jul/2025:19:55:10 +0200] "GET /index.php?c=Nagy_B_I_10 HTTP/1.1" 200 8481 "-" "Mozilla/5.0 (iPhone; CPU iPhone OS 13_2_3 like Mac OS X) AppleWebKit/605.1.15 (KHTML, like Gecko) Version/13.0.3 Mobile/15E148 Safari/604.1"
168.119.96.239 - - [04/Jul/2025:19:55:55 +0200] "HEAD / HTTP/1.1" 200 0 "http://nagybistvan.hu" "Mozilla/5.0+(compatible; UptimeRobot/2.0; http://www.uptimerobot.com/)"
213.202.253.4 - - [04/Jul/2025:19:56:39 +0200] "GET /about.php?action=p&api=p&path=p&token= HTTP/1.1" 404 37 "www.google.com" "Mozlila/5.0 (Linux; Android 7.0; SM-G892A Bulid/NRD90M; wv) AppleWebKit/537.36 (KHTML, like Gecko) Version/4.0 Chrome/60.0.3112.107 Moblie Safari/537.36"
49.13.24.81 - - [04/Jul/2025:20:00:59 +0200] "HEAD / HTTP/1.1" 200 0 "http://nagybistvan.hu" "Mozilla/5.0+(compatible; UptimeRobot/2.0; http://www.uptimerobot.com/)"
157.90.156.63 - - [04/Jul/2025:20:06:02 +0200] "HEAD / HTTP/1.1" 200 0 "http://nagybistvan.hu" "Mozilla/5.0+(compatible; UptimeRobot/2.0; http://www.uptimerobot.com/)"
170.106.187.106 - - [04/Jul/2025:20:08:26 +0200] "GET /index.php?c=rolairtak&oby=2 HTTP/1.1" 200 7988 "-" "Mozilla/5.0 (iPhone; CPU iPhone OS 13_2_3 like Mac OS X) AppleWebKit/605.1.15 (KHTML, like Gecko) Version/13.0.3 Mobile/15E148 Safari/604.1"
168.119.96.239 - - [04/Jul/2025:20:11:05 +0200] "HEAD / HTTP/1.1" 200 0 "http://nagybistvan.hu" "Mozilla/5.0+(compatible; UptimeRobot/2.0; http://www.uptimerobot.com/)"
216.244.66.227 - - [04/Jul/2025:20:11:41 +0200] "GET /robots.txt HTTP/1.1" 404 1181 "-" "Mozilla/5.0 (compatible; DotBot/1.2; +https://opensiteexplorer.org/dotbot; help@moz.com)"
216.244.66.227 - - [04/Jul/2025:20:11:41 +0200] "GET /robots.txt HTTP/1.1" 404 1181 "-" "Mozilla/5.0 (compatible; DotBot/1.2; +https://opensiteexplorer.org/dotbot; help@moz.com)"
34.16.22.239 - - [04/Jul/2025:20:14:24 +0200] "HEAD /wordpress HTTP/1.1" 404 0 "-" "Mozilla/5.0 (Windows NT 10.0; Win64; x64) AppleWebKit/537.36 (KHTML, like Gecko) Chrome/74.0.3729.169 Safari/537.36"
34.16.22.239 - - [04/Jul/2025:20:14:24 +0200] "HEAD / HTTP/1.1" 200 0 "-" "Mozilla/5.0 (Windows NT 10.0; Win64; x64) AppleWebKit/537.36 (KHTML, like Gecko) Chrome/74.0.3729.169 Safari/537.36"
34.16.22.239 - - [04/Jul/2025:20:14:24 +0200] "HEAD /wp HTTP/1.1" 404 0 "-" "Mozilla/5.0 (Windows NT 10.0; Win64; x64) AppleWebKit/537.36 (KHTML, like Gecko) Chrome/74.0.3729.169 Safari/537.36"
34.16.22.239 - - [04/Jul/2025:20:14:24 +0200] "HEAD /bc HTTP/1.1" 404 0 "-" "Mozilla/5.0 (Windows NT 10.0; Win64; x64) AppleWebKit/537.36 (KHTML, like Gecko) Chrome/74.0.3729.169 Safari/537.36"
34.16.22.239 - - [04/Jul/2025:20:14:24 +0200] "HEAD /bk HTTP/1.1" 404 0 "-" "Mozilla/5.0 (Windows NT 10.0; Win64; x64) AppleWebKit/537.36 (KHTML, like Gecko) Chrome/74.0.3729.169 Safari/537.36"
34.16.22.239 - - [04/Jul/2025:20:14:24 +0200] "HEAD /backup HTTP/1.1" 404 0 "-" "Mozilla/5.0 (Windows NT 10.0; Win64; x64) AppleWebKit/537.36 (KHTML, like Gecko) Chrome/74.0.3729.169 Safari/537.36"
