78.46.190.63 - - [13/Jul/2025:17:55:39 +0200] "HEAD / HTTP/1.1" 200 0 "http://nagybistvan.hu" "Mozilla/5.0+(compatible; UptimeRobot/2.0; http://www.uptimerobot.com/)"
66.249.64.130 - - [13/Jul/2025:17:59:58 +0200] "GET /media/image/24.110.085.jpg HTTP/1.1" 200 138651 "-" "Googlebot-Image/1.0"
157.90.156.63 - - [13/Jul/2025:18:00:43 +0200] "HEAD / HTTP/1.1" 200 0 "http://nagybistvan.hu" "Mozilla/5.0+(compatible; UptimeRobot/2.0; http://www.uptimerobot.com/)"
42.236.17.40 - - [13/Jul/2025:18:02:20 +0200] "GET /index.php HTTP/1.1" 200 6571 "http://nagybistvan.hu/index.php" "Mozilla/5.0 (Windows NT 6.1; WOW64) AppleWebKit/537.36 (KHTML, like Gecko) Chrome/50.0.2661.102 Safari/537.36; 360Spider"
52.167.144.66 - - [13/Jul/2025:18:03:19 +0200] "GET /robots.txt HTTP/1.1" 404 1181 "-" "Mozilla/5.0 AppleWebKit/537.36 (KHTML, like Gecko; compatible; bingbot/2.0; +http://www.bing.com/bingbot.htm) Chrome/116.0.1938.76 Safari/537.36"
40.77.167.69 - - [13/Jul/2025:18:03:30 +0200] "GET /sitemap.xml.gz HTTP/1.1" 404 1181 "-" "Mozilla/5.0 AppleWebKit/537.36 (KHTML, like Gecko; compatible; bingbot/2.0; +http://www.bing.com/bingbot.htm) Chrome/116.0.1938.76 Safari/537.36"
49.13.164.148 - - [13/Jul/2025:18:05:46 +0200] "HEAD / HTTP/1.1" 200 0 "http://nagybistvan.hu" "Mozilla/5.0+(compatible; UptimeRobot/2.0; http://www.uptimerobot.com/)"
66.249.64.106 - - [13/Jul/2025:18:09:58 +0200] "GET /media/image/07.102.001.jpg HTTP/1.1" 200 146217 "-" "Googlebot-Image/1.0"
168.119.53.160 - - [13/Jul/2025:18:10:50 +0200] "HEAD / HTTP/1.1" 200 0 "http://nagybistvan.hu" "Mozilla/5.0+(compatible; UptimeRobot/2.0; http://www.uptimerobot.com/)"
157.90.155.240 - - [13/Jul/2025:18:15:55 +0200] "HEAD / HTTP/1.1" 200 0 "http://nagybistvan.hu" "Mozilla/5.0+(compatible; UptimeRobot/2.0; http://www.uptimerobot.com/)"
66.249.64.105 - - [13/Jul/2025:18:19:58 +0200] "GET /media/image/07.020.001.jpg HTTP/1.1" 200 253684 "-" "Googlebot-Image/1.0"
142.132.180.39 - - [13/Jul/2025:18:20:58 +0200] "HEAD / HTTP/1.1" 200 0 "http://nagybistvan.hu" "Mozilla/5.0+(compatible; UptimeRobot/2.0; http://www.uptimerobot.com/)"
167.235.143.113 - - [13/Jul/2025:18:26:02 +0200] "HEAD / HTTP/1.1" 200 0 "http://nagybistvan.hu" "Mozilla/5.0+(compatible; UptimeRobot/2.0; http://www.uptimerobot.com/)"
54.36.148.180 - - [13/Jul/2025:18:26:29 +0200] "GET /robots.txt HTTP/1.1" 404 1181 "-" "Mozilla/5.0 (compatible; AhrefsBot/7.0; +http://ahrefs.com/robot/)"
54.36.149.83 - - [13/Jul/2025:18:26:30 +0200] "GET / HTTP/1.1" 200 6774 "-" "Mozilla/5.0 (compatible; AhrefsBot/7.0; +http://ahrefs.com/robot/)"
202.8.43.236 - - [13/Jul/2025:18:26:31 +0200] "GET /robots.txt HTTP/1.1" 404 1181 "-" "Mozilla/5.0 (compatible; AhrefsBot/7.0; +http://ahrefs.com/robot/)"
202.8.43.92 - - [13/Jul/2025:18:26:31 +0200] "GET /lib/jq.fancybox-1.3.4/jquery.mousewheel-3.0.4.pack.js HTTP/1.1" 200 1279 "http://nagybistvan.hu/" "Mozilla/5.0 (compatible; AhrefsBot/7.0; +http://ahrefs.com/robot/)"
202.8.43.92 - - [13/Jul/2025:18:26:31 +0200] "GET /lib/jq.contextmenu/jquery.contextmenu.js HTTP/1.1" 200 10507 "http://nagybistvan.hu/" "Mozilla/5.0 (compatible; AhrefsBot/7.0; +http://ahrefs.com/robot/)"
202.8.43.92 - - [13/Jul/2025:18:26:31 +0200] "GET /lib/thickbox-3.1.custom/thickbox.css HTTP/1.1" 200 4175 "http://nagybistvan.hu/" "Mozilla/5.0 (compatible; AhrefsBot/7.0; +http://ahrefs.com/robot/)"
202.8.43.92 - - [13/Jul/2025:18:26:31 +0200] "GET /lib/thickbox-3.1.custom/thickbox.js HTTP/1.1" 200 13058 "http://nagybistvan.hu/" "Mozilla/5.0 (compatible; AhrefsBot/7.0; +http://ahrefs.com/robot/)"
202.8.43.92 - - [13/Jul/2025:18:26:31 +0200] "GET /lib/jq.fancybox-1.3.4/jquery.fancybox-1.3.4.css HTTP/1.1" 200 8498 "http://nagybistvan.hu/" "Mozilla/5.0 (compatible; AhrefsBot/7.0; +http://ahrefs.com/robot/)"
202.8.43.92 - - [13/Jul/2025:18:26:31 +0200] "GET /skin/master.css HTTP/1.1" 200 6842 "http://nagybistvan.hu/" "Mozilla/5.0 (compatible; AhrefsBot/7.0; +http://ahrefs.com/robot/)"
202.8.43.92 - - [13/Jul/2025:18:26:31 +0200] "GET /lib/jq.fancybox-1.3.4/jquery.fancybox-1.3.4.pack.js HTTP/1.1" 200 15624 "http://nagybistvan.hu/" "Mozilla/5.0 (compatible; AhrefsBot/7.0; +http://ahrefs.com/robot/)"
202.8.43.92 - - [13/Jul/2025:18:26:31 +0200] "GET /lib/jq.fancybox-1.3.4/jquery.easing-1.3.pack.js HTTP/1.1" 200 6717 "http://nagybistvan.hu/" "Mozilla/5.0 (compatible; AhrefsBot/7.0; +http://ahrefs.com/robot/)"
202.8.43.92 - - [13/Jul/2025:18:26:32 +0200] "GET /lib/jquery-1.3.2/jquery-1.3.2.min.js HTTP/1.1" 200 57254 "http://nagybistvan.hu/" "Mozilla/5.0 (compatible; AhrefsBot/7.0; +http://ahrefs.com/robot/)"
78.46.190.63 - - [13/Jul/2025:18:31:06 +0200] "HEAD / HTTP/1.1" 200 0 "http://nagybistvan.hu" "Mozilla/5.0+(compatible; UptimeRobot/2.0; http://www.uptimerobot.com/)"
66.249.64.107 - - [13/Jul/2025:18:32:57 +0200] "GET /media/image/21.110.079.jpg HTTP/1.1" 200 111296 "-" "Googlebot-Image/1.0"
168.119.123.75 - - [13/Jul/2025:18:36:09 +0200] "HEAD / HTTP/1.1" 200 0 "http://nagybistvan.hu" "Mozilla/5.0+(compatible; UptimeRobot/2.0; http://www.uptimerobot.com/)"
66.249.64.107 - - [13/Jul/2025:18:39:57 +0200] "GET /media/image/23.334.001.jpg HTTP/1.1" 200 150574 "-" "Googlebot-Image/1.0"
167.235.143.113 - - [13/Jul/2025:18:41:12 +0200] "HEAD / HTTP/1.1" 200 0 "http://nagybistvan.hu" "Mozilla/5.0+(compatible; UptimeRobot/2.0; http://www.uptimerobot.com/)"
49.13.130.29 - - [13/Jul/2025:18:46:16 +0200] "HEAD / HTTP/1.1" 200 0 "http://nagybistvan.hu" "Mozilla/5.0+(compatible; UptimeRobot/2.0; http://www.uptimerobot.com/)"
49.13.130.29 - - [13/Jul/2025:18:51:19 +0200] "HEAD / HTTP/1.1" 200 0 "http://nagybistvan.hu" "Mozilla/5.0+(compatible; UptimeRobot/2.0; http://www.uptimerobot.com/)"
78.47.98.55 - - [13/Jul/2025:18:56:23 +0200] "HEAD / HTTP/1.1" 200 0 "http://nagybistvan.hu" "Mozilla/5.0+(compatible; UptimeRobot/2.0; http://www.uptimerobot.com/)"
42.236.101.227 - - [13/Jul/2025:19:00:37 +0200] "GET / HTTP/1.1" 200 6782 "http://nagybistvan.hu/" "Mozilla/5.0 (Windows NT 6.1; WOW64) AppleWebKit/537.36 (KHTML, like Gecko) Chrome/50.0.2661.102 Safari/537.36; 360Spider"
128.140.106.114 - - [13/Jul/2025:19:01:26 +0200] "HEAD / HTTP/1.1" 200 0 "http://nagybistvan.hu" "Mozilla/5.0+(compatible; UptimeRobot/2.0; http://www.uptimerobot.com/)"
52.167.144.161 - - [13/Jul/2025:19:05:06 +0200] "GET /sitemap.xml.gz HTTP/1.1" 404 1181 "-" "Mozilla/5.0 AppleWebKit/537.36 (KHTML, like Gecko; compatible; bingbot/2.0; +http://www.bing.com/bingbot.htm) Chrome/116.0.1938.76 Safari/537.36"
49.13.130.29 - - [13/Jul/2025:19:06:31 +0200] "HEAD / HTTP/1.1" 200 0 "http://nagybistvan.hu" "Mozilla/5.0+(compatible; UptimeRobot/2.0; http://www.uptimerobot.com/)"
66.249.64.130 - - [13/Jul/2025:19:09:57 +0200] "GET /media/image/07.121.001.jpg HTTP/1.1" 200 69001 "-" "Googlebot-Image/1.0"
49.13.134.145 - - [13/Jul/2025:19:11:35 +0200] "HEAD / HTTP/1.1" 200 0 "http://nagybistvan.hu" "Mozilla/5.0+(compatible; UptimeRobot/2.0; http://www.uptimerobot.com/)"
128.140.106.114 - - [13/Jul/2025:19:16:38 +0200] "HEAD / HTTP/1.1" 200 0 "http://nagybistvan.hu" "Mozilla/5.0+(compatible; UptimeRobot/2.0; http://www.uptimerobot.com/)"
66.249.64.107 - - [13/Jul/2025:19:20:57 +0200] "GET /media/image/07.110.067.jpg HTTP/1.1" 200 128723 "-" "Googlebot-Image/1.0"
49.13.130.29 - - [13/Jul/2025:19:21:42 +0200] "HEAD / HTTP/1.1" 200 0 "http://nagybistvan.hu" "Mozilla/5.0+(compatible; UptimeRobot/2.0; http://www.uptimerobot.com/)"
128.140.106.114 - - [13/Jul/2025:19:26:45 +0200] "HEAD / HTTP/1.1" 200 0 "http://nagybistvan.hu" "Mozilla/5.0+(compatible; UptimeRobot/2.0; http://www.uptimerobot.com/)"
66.249.64.106 - - [13/Jul/2025:19:29:57 +0200] "GET /media/image/07.050.001.jpg HTTP/1.1" 200 142144 "-" "Googlebot-Image/1.0"
128.140.41.193 - - [13/Jul/2025:19:31:49 +0200] "HEAD / HTTP/1.1" 200 0 "http://nagybistvan.hu" "Mozilla/5.0+(compatible; UptimeRobot/2.0; http://www.uptimerobot.com/)"
49.13.130.29 - - [13/Jul/2025:19:36:53 +0200] "HEAD / HTTP/1.1" 200 0 "http://nagybistvan.hu" "Mozilla/5.0+(compatible; UptimeRobot/2.0; http://www.uptimerobot.com/)"
49.13.134.145 - - [13/Jul/2025:19:41:56 +0200] "HEAD / HTTP/1.1" 200 0 "http://nagybistvan.hu" "Mozilla/5.0+(compatible; UptimeRobot/2.0; http://www.uptimerobot.com/)"
66.249.64.132 - - [13/Jul/2025:19:43:57 +0200] "GET /media/image/07.051.001.jpg HTTP/1.1" 200 77907 "-" "Googlebot-Image/1.0"
157.90.156.63 - - [13/Jul/2025:19:47:00 +0200] "HEAD / HTTP/1.1" 200 0 "http://nagybistvan.hu" "Mozilla/5.0+(compatible; UptimeRobot/2.0; http://www.uptimerobot.com/)"
49.13.130.29 - - [13/Jul/2025:19:52:04 +0200] "HEAD / HTTP/1.1" 200 0 "http://nagybistvan.hu" "Mozilla/5.0+(compatible; UptimeRobot/2.0; http://www.uptimerobot.com/)"
49.13.134.145 - - [13/Jul/2025:19:57:08 +0200] "HEAD / HTTP/1.1" 200 0 "http://nagybistvan.hu" "Mozilla/5.0+(compatible; UptimeRobot/2.0; http://www.uptimerobot.com/)"
66.249.64.105 - - [13/Jul/2025:19:58:01 +0200] "GET /robots.txt HTTP/1.1" 404 1181 "-" "Mozilla/5.0 (compatible; Googlebot/2.1; +http://www.google.com/bot.html)"
66.249.64.107 - - [13/Jul/2025:19:58:01 +0200] "GET /media/image/30.367.001.jpg HTTP/1.1" 200 193042 "-" "Googlebot-Image/1.0"
66.249.64.106 - - [13/Jul/2025:19:59:49 +0200] "GET / HTTP/1.1" 200 6844 "-" "Mozilla/5.0 (Linux; Android 6.0.1; Nexus 5X Build/MMB29P) AppleWebKit/537.36 (KHTML, like Gecko) Chrome/137.0.7151.119 Mobile Safari/537.36 (compatible; Googlebot/2.1; +http://www.google.com/bot.html)"
128.140.41.193 - - [13/Jul/2025:20:02:12 +0200] "HEAD / HTTP/1.1" 200 0 "http://nagybistvan.hu" "Mozilla/5.0+(compatible; UptimeRobot/2.0; http://www.uptimerobot.com/)"
66.249.64.107 - - [13/Jul/2025:20:07:03 +0200] "GET /media/image/07.049.001.jpg HTTP/1.1" 200 134293 "-" "Googlebot-Image/1.0"
159.69.158.189 - - [13/Jul/2025:20:07:16 +0200] "HEAD / HTTP/1.1" 200 0 "http://nagybistvan.hu" "Mozilla/5.0+(compatible; UptimeRobot/2.0; http://www.uptimerobot.com/)"
168.119.96.239 - - [13/Jul/2025:20:12:19 +0200] "HEAD / HTTP/1.1" 200 0 "http://nagybistvan.hu" "Mozilla/5.0+(compatible; UptimeRobot/2.0; http://www.uptimerobot.com/)"
35.243.153.106 - - [13/Jul/2025:20:13:54 +0200] "HEAD /wordpress HTTP/1.1" 404 0 "-" "Mozilla/5.0 (Windows NT 10.0; Win64; x64) AppleWebKit/537.36 (KHTML, like Gecko) Chrome/74.0.3729.169 Safari/537.36"
35.243.153.106 - - [13/Jul/2025:20:13:54 +0200] "HEAD / HTTP/1.1" 200 0 "-" "Mozilla/5.0 (Windows NT 10.0; Win64; x64) AppleWebKit/537.36 (KHTML, like Gecko) Chrome/74.0.3729.169 Safari/537.36"
35.243.153.106 - - [13/Jul/2025:20:13:54 +0200] "HEAD /wp HTTP/1.1" 404 0 "-" "Mozilla/5.0 (Windows NT 10.0; Win64; x64) AppleWebKit/537.36 (KHTML, like Gecko) Chrome/74.0.3729.169 Safari/537.36"
35.243.153.106 - - [13/Jul/2025:20:13:55 +0200] "HEAD /bc HTTP/1.1" 404 0 "-" "Mozilla/5.0 (Windows NT 10.0; Win64; x64) AppleWebKit/537.36 (KHTML, like Gecko) Chrome/74.0.3729.169 Safari/537.36"
35.243.153.106 - - [13/Jul/2025:20:13:55 +0200] "HEAD /bk HTTP/1.1" 404 0 "-" "Mozilla/5.0 (Windows NT 10.0; Win64; x64) AppleWebKit/537.36 (KHTML, like Gecko) Chrome/74.0.3729.169 Safari/537.36"
35.243.153.106 - - [13/Jul/2025:20:13:55 +0200] "HEAD /backup HTTP/1.1" 404 0 "-" "Mozilla/5.0 (Windows NT 10.0; Win64; x64) AppleWebKit/537.36 (KHTML, like Gecko) Chrome/74.0.3729.169 Safari/537.36"
35.243.153.106 - - [13/Jul/2025:20:13:55 +0200] "HEAD /old HTTP/1.1" 404 0 "-" "Mozilla/5.0 (Windows NT 10.0; Win64; x64) AppleWebKit/537.36 (KHTML, like Gecko) Chrome/74.0.3729.169 Safari/537.36"
35.243.153.106 - - [13/Jul/2025:20:13:55 +0200] "HEAD /new HTTP/1.1" 404 0 "-" "Mozilla/5.0 (Windows NT 10.0; Win64; x64) AppleWebKit/537.36 (KHTML, like Gecko) Chrome/74.0.3729.169 Safari/537.36"
35.243.153.106 - - [13/Jul/2025:20:13:55 +0200] "HEAD /main HTTP/1.1" 404 0 "-" "Mozilla/5.0 (Windows NT 10.0; Win64; x64) AppleWebKit/537.36 (KHTML, like Gecko) Chrome/74.0.3729.169 Safari/537.36"
35.243.153.106 - - [13/Jul/2025:20:13:55 +0200] "HEAD /home HTTP/1.1" 404 0 "-" "Mozilla/5.0 (Windows NT 10.0; Win64; x64) AppleWebKit/537.36 (KHTML, like Gecko) Chrome/74.0.3729.169 Safari/537.36"
49.13.164.148 - - [13/Jul/2025:20:17:23 +0200] "HEAD / HTTP/1.1" 200 0 "http://nagybistvan.hu" "Mozilla/5.0+(compatible; UptimeRobot/2.0; http://www.uptimerobot.com/)"
88.99.80.227 - - [13/Jul/2025:20:22:26 +0200] "HEAD / HTTP/1.1" 200 0 "http://nagybistvan.hu" "Mozilla/5.0+(compatible; UptimeRobot/2.0; http://www.uptimerobot.com/)"
66.249.64.107 - - [13/Jul/2025:20:25:04 +0200] "GET /media/image/07.195.001.jpg HTTP/1.1" 200 204057 "-" "Googlebot-Image/1.0"
49.13.164.148 - - [13/Jul/2025:20:27:29 +0200] "HEAD / HTTP/1.1" 200 0 "http://nagybistvan.hu" "Mozilla/5.0+(compatible; UptimeRobot/2.0; http://www.uptimerobot.com/)"
157.90.155.240 - - [13/Jul/2025:20:32:33 +0200] "HEAD / HTTP/1.1" 200 0 "http://nagybistvan.hu" "Mozilla/5.0+(compatible; UptimeRobot/2.0; http://www.uptimerobot.com/)"
157.90.156.63 - - [13/Jul/2025:20:37:36 +0200] "HEAD / HTTP/1.1" 200 0 "http://nagybistvan.hu" "Mozilla/5.0+(compatible; UptimeRobot/2.0; http://www.uptimerobot.com/)"
49.13.134.145 - - [13/Jul/2025:20:42:40 +0200] "HEAD / HTTP/1.1" 200 0 "http://nagybistvan.hu" "Mozilla/5.0+(compatible; UptimeRobot/2.0; http://www.uptimerobot.com/)"
66.249.64.106 - - [13/Jul/2025:20:44:06 +0200] "GET /media/image/30.356.001.jpg HTTP/1.1" 200 200262 "-" "Googlebot-Image/1.0"
88.99.80.227 - - [13/Jul/2025:20:47:44 +0200] "HEAD / HTTP/1.1" 200 0 "http://nagybistvan.hu" "Mozilla/5.0+(compatible; UptimeRobot/2.0; http://www.uptimerobot.com/)"
142.132.180.39 - - [13/Jul/2025:20:52:48 +0200] "HEAD / HTTP/1.1" 200 0 "http://nagybistvan.hu" "Mozilla/5.0+(compatible; UptimeRobot/2.0; http://www.uptimerobot.com/)"
78.47.98.55 - - [13/Jul/2025:20:57:51 +0200] "HEAD / HTTP/1.1" 200 0 "http://nagybistvan.hu" "Mozilla/5.0+(compatible; UptimeRobot/2.0; http://www.uptimerobot.com/)"
128.140.41.193 - - [13/Jul/2025:21:02:55 +0200] "HEAD / HTTP/1.1" 200 0 "http://nagybistvan.hu" "Mozilla/5.0+(compatible; UptimeRobot/2.0; http://www.uptimerobot.com/)"
142.132.180.39 - - [13/Jul/2025:21:07:58 +0200] "HEAD / HTTP/1.1" 200 0 "http://nagybistvan.hu" "Mozilla/5.0+(compatible; UptimeRobot/2.0; http://www.uptimerobot.com/)"
66.249.64.130 - - [13/Jul/2025:21:11:02 +0200] "GET /robots.txt HTTP/1.1" 404 1181 "-" "Mozilla/5.0 (compatible; Googlebot/2.1; +http://www.google.com/bot.html)"
66.249.64.131 - - [13/Jul/2025:21:11:02 +0200] "GET /mozaik/Mozaik_t.jpg HTTP/1.1" 304 - "-" "Googlebot-Image/1.0"
168.119.96.239 - - [13/Jul/2025:21:13:02 +0200] "HEAD / HTTP/1.1" 200 0 "http://nagybistvan.hu" "Mozilla/5.0+(compatible; UptimeRobot/2.0; http://www.uptimerobot.com/)"
95.108.213.162 - - [13/Jul/2025:21:16:30 +0200] "GET /robots.txt HTTP/1.1" 404 1181 "-" "Mozilla/5.0 (compatible; YandexBot/3.0; +http://yandex.com/bots)"
95.108.213.226 - - [13/Jul/2025:21:16:31 +0200] "GET /tarskrit/pages/Hunta.html HTTP/1.1" 200 1186 "-" "Mozilla/5.0 (compatible; YandexBot/3.0; +http://yandex.com/bots)"
128.140.41.193 - - [13/Jul/2025:21:18:05 +0200] "HEAD / HTTP/1.1" 200 0 "http://nagybistvan.hu" "Mozilla/5.0+(compatible; UptimeRobot/2.0; http://www.uptimerobot.com/)"
159.69.158.189 - - [13/Jul/2025:21:23:10 +0200] "HEAD / HTTP/1.1" 200 0 "http://nagybistvan.hu" "Mozilla/5.0+(compatible; UptimeRobot/2.0; http://www.uptimerobot.com/)"
66.249.64.131 - - [13/Jul/2025:21:28:14 +0200] "GET /veroce060708_elemei/image017.jpg HTTP/1.1" 304 - "-" "Googlebot-Image/1.0"
157.90.156.63 - - [13/Jul/2025:21:28:14 +0200] "HEAD / HTTP/1.1" 200 0 "http://nagybistvan.hu" "Mozilla/5.0+(compatible; UptimeRobot/2.0; http://www.uptimerobot.com/)"
159.69.158.189 - - [13/Jul/2025:21:33:17 +0200] "HEAD / HTTP/1.1" 200 0 "http://nagybistvan.hu" "Mozilla/5.0+(compatible; UptimeRobot/2.0; http://www.uptimerobot.com/)"
66.249.64.130 - - [13/Jul/2025:21:38:14 +0200] "GET /zsambek/Zsambek%20LXXV_t.jpg HTTP/1.1" 304 - "-" "Googlebot-Image/1.0"
168.119.123.75 - - [13/Jul/2025:21:38:22 +0200] "HEAD / HTTP/1.1" 200 0 "http://nagybistvan.hu" "Mozilla/5.0+(compatible; UptimeRobot/2.0; http://www.uptimerobot.com/)"
54.36.149.24 - - [13/Jul/2025:21:41:12 +0200] "GET /index.php?c=csoportos HTTP/1.1" 200 13275 "-" "Mozilla/5.0 (compatible; AhrefsBot/7.0; +http://ahrefs.com/robot/)"
54.36.148.136 - - [13/Jul/2025:21:41:18 +0200] "GET /media/image/30.351.001.jpg HTTP/1.1" 200 220391 "-" "Mozilla/5.0 (compatible; AhrefsBot/7.0; +http://ahrefs.com/robot/)"
49.13.164.148 - - [13/Jul/2025:21:43:25 +0200] "HEAD / HTTP/1.1" 200 0 "http://nagybistvan.hu" "Mozilla/5.0+(compatible; UptimeRobot/2.0; http://www.uptimerobot.com/)"
78.47.173.76 - - [13/Jul/2025:21:48:28 +0200] "HEAD / HTTP/1.1" 200 0 "http://nagybistvan.hu" "Mozilla/5.0+(compatible; UptimeRobot/2.0; http://www.uptimerobot.com/)"
49.13.164.148 - - [13/Jul/2025:21:53:32 +0200] "HEAD / HTTP/1.1" 200 0 "http://nagybistvan.hu" "Mozilla/5.0+(compatible; UptimeRobot/2.0; http://www.uptimerobot.com/)"
78.47.98.55 - - [13/Jul/2025:21:58:36 +0200] "HEAD / HTTP/1.1" 200 0 "http://nagybistvan.hu" "Mozilla/5.0+(compatible; UptimeRobot/2.0; http://www.uptimerobot.com/)"
78.47.98.55 - - [13/Jul/2025:22:03:40 +0200] "HEAD / HTTP/1.1" 200 0 "http://nagybistvan.hu" "Mozilla/5.0+(compatible; UptimeRobot/2.0; http://www.uptimerobot.com/)"
49.13.167.123 - - [13/Jul/2025:22:08:43 +0200] "HEAD / HTTP/1.1" 200 0 "http://nagybistvan.hu" "Mozilla/5.0+(compatible; UptimeRobot/2.0; http://www.uptimerobot.com/)"
49.13.167.123 - - [13/Jul/2025:22:13:47 +0200] "HEAD / HTTP/1.1" 200 0 "http://nagybistvan.hu" "Mozilla/5.0+(compatible; UptimeRobot/2.0; http://www.uptimerobot.com/)"
78.47.98.55 - - [13/Jul/2025:22:18:50 +0200] "HEAD / HTTP/1.1" 200 0 "http://nagybistvan.hu" "Mozilla/5.0+(compatible; UptimeRobot/2.0; http://www.uptimerobot.com/)"
128.140.106.114 - - [13/Jul/2025:22:23:55 +0200] "HEAD / HTTP/1.1" 200 0 "http://nagybistvan.hu" "Mozilla/5.0+(compatible; UptimeRobot/2.0; http://www.uptimerobot.com/)"
168.119.123.75 - - [13/Jul/2025:22:28:59 +0200] "HEAD / HTTP/1.1" 200 0 "http://nagybistvan.hu" "Mozilla/5.0+(compatible; UptimeRobot/2.0; http://www.uptimerobot.com/)"
78.46.190.63 - - [13/Jul/2025:22:34:03 +0200] "HEAD / HTTP/1.1" 200 0 "http://nagybistvan.hu" "Mozilla/5.0+(compatible; UptimeRobot/2.0; http://www.uptimerobot.com/)"
167.235.143.113 - - [13/Jul/2025:22:39:06 +0200] "HEAD / HTTP/1.1" 200 0 "http://nagybistvan.hu" "Mozilla/5.0+(compatible; UptimeRobot/2.0; http://www.uptimerobot.com/)"
128.140.41.193 - - [13/Jul/2025:22:44:10 +0200] "HEAD / HTTP/1.1" 200 0 "http://nagybistvan.hu" "Mozilla/5.0+(compatible; UptimeRobot/2.0; http://www.uptimerobot.com/)"
142.132.180.39 - - [13/Jul/2025:22:49:13 +0200] "HEAD / HTTP/1.1" 200 0 "http://nagybistvan.hu" "Mozilla/5.0+(compatible; UptimeRobot/2.0; http://www.uptimerobot.com/)"
157.90.156.63 - - [13/Jul/2025:22:54:16 +0200] "HEAD / HTTP/1.1" 200 0 "http://nagybistvan.hu" "Mozilla/5.0+(compatible; UptimeRobot/2.0; http://www.uptimerobot.com/)"
168.119.53.160 - - [13/Jul/2025:22:59:20 +0200] "HEAD / HTTP/1.1" 200 0 "http://nagybistvan.hu" "Mozilla/5.0+(compatible; UptimeRobot/2.0; http://www.uptimerobot.com/)"
43.167.157.80 - - [13/Jul/2025:23:01:34 +0200] "GET / HTTP/1.1" 200 6646 "-" "Mozilla/5.0 (iPhone; CPU iPhone OS 13_2_3 like Mac OS X) AppleWebKit/605.1.15 (KHTML, like Gecko) Version/13.0.3 Mobile/15E148 Safari/604.1"
78.47.98.55 - - [13/Jul/2025:23:04:24 +0200] "HEAD / HTTP/1.1" 200 0 "http://nagybistvan.hu" "Mozilla/5.0+(compatible; UptimeRobot/2.0; http://www.uptimerobot.com/)"
49.13.24.81 - - [13/Jul/2025:23:09:27 +0200] "HEAD / HTTP/1.1" 200 0 "http://nagybistvan.hu" "Mozilla/5.0+(compatible; UptimeRobot/2.0; http://www.uptimerobot.com/)"
8.222.220.181 - - [13/Jul/2025:23:11:36 +0200] "GET /img/Nagy_B_album_szoro2_130.jpg HTTP/1.1" 200 53095 "-" "Mozilla/5.0 (X11; Ubuntu; Linux x86_64; rv:72.0) Gecko/20100101 Firefox/72.0"
142.132.180.39 - - [13/Jul/2025:23:14:31 +0200] "HEAD / HTTP/1.1" 200 0 "http://nagybistvan.hu" "Mozilla/5.0+(compatible; UptimeRobot/2.0; http://www.uptimerobot.com/)"
128.140.41.193 - - [13/Jul/2025:23:19:34 +0200] "HEAD / HTTP/1.1" 200 0 "http://nagybistvan.hu" "Mozilla/5.0+(compatible; UptimeRobot/2.0; http://www.uptimerobot.com/)"
168.119.123.75 - - [13/Jul/2025:23:24:39 +0200] "HEAD / HTTP/1.1" 200 0 "http://nagybistvan.hu" "Mozilla/5.0+(compatible; UptimeRobot/2.0; http://www.uptimerobot.com/)"
157.90.156.63 - - [13/Jul/2025:23:29:43 +0200] "HEAD / HTTP/1.1" 200 0 "http://nagybistvan.hu" "Mozilla/5.0+(compatible; UptimeRobot/2.0; http://www.uptimerobot.com/)"
128.140.41.193 - - [13/Jul/2025:23:34:46 +0200] "HEAD / HTTP/1.1" 200 0 "http://nagybistvan.hu" "Mozilla/5.0+(compatible; UptimeRobot/2.0; http://www.uptimerobot.com/)"
49.13.164.148 - - [13/Jul/2025:23:39:49 +0200] "HEAD / HTTP/1.1" 200 0 "http://nagybistvan.hu" "Mozilla/5.0+(compatible; UptimeRobot/2.0; http://www.uptimerobot.com/)"
88.99.80.227 - - [13/Jul/2025:23:44:53 +0200] "HEAD / HTTP/1.1" 200 0 "http://nagybistvan.hu" "Mozilla/5.0+(compatible; UptimeRobot/2.0; http://www.uptimerobot.com/)"
49.13.130.29 - - [13/Jul/2025:23:49:56 +0200] "HEAD / HTTP/1.1" 200 0 "http://nagybistvan.hu" "Mozilla/5.0+(compatible; UptimeRobot/2.0; http://www.uptimerobot.com/)"
78.153.140.222 - - [13/Jul/2025:23:51:34 +0200] "GET /.env HTTP/1.1" 404 1181 "-" "Opera/8.51 (Windows NT 5.1; U; nb)"
78.153.140.222 - - [13/Jul/2025:23:51:34 +0200] "GET / HTTP/1.1" 200 6756 "-" "Mozilla/5.0 (X11; Linux x86_64) AppleWebKit/537.36 (KHTML, like Gecko) Chrome/49.0.2623.87 Safari/537.36"
78.153.140.222 - - [13/Jul/2025:23:51:35 +0200] "GET /.env HTTP/1.1" 404 1181 "-" "Mozilla/5.0 (Macintosh; Intel Mac OS X 10_11_0) AppleWebKit/537.36 (KHTML, like Gecko) Chrome/49.0.2623.75 Safari/537.36"
78.153.140.222 - - [13/Jul/2025:23:51:36 +0200] "GET /sendgrid.env HTTP/1.1" 404 1181 "-" "Mozilla/5.0 (Linux; U; Android 2.3.5; en-au; GT-S5830 Build/GINGERBREAD) AppleWebKit/533.1 (KHTML, like Gecko) Version/4.0 Mobile Safari/533.1"
78.153.140.222 - - [13/Jul/2025:23:51:36 +0200] "GET /twilio.env HTTP/1.1" 404 1181 "-" "Mozilla/5.0 (X11; CrOS x86_64 6457.107.0) AppleWebKit/537.36 (KHTML, like Gecko) Chrome/40.0.2214.115 Safari/537.36"
78.153.140.222 - - [13/Jul/2025:23:51:37 +0200] "GET /api/.env HTTP/1.1" 404 1181 "-" "Mozilla/5.0 (Windows NT 6.1; Win64; x64) AppleWebKit/537.36 (KHTML, like Gecko) Chrome/64.0.3282.140 Safari/537.36 OPR/51.0.2830.34"
78.153.140.222 - - [13/Jul/2025:23:51:39 +0200] "GET /phpinfo/ HTTP/1.1" 404 1181 "-" "Opera/9.70 (Linux i686 ; U; ; en) Presto/2.2.1"
78.153.140.222 - - [13/Jul/2025:23:51:40 +0200] "GET /dev/.env HTTP/1.1" 404 1181 "-" "Mozilla/5.0 (Linux; Android 6.0.1; 5056N Build/MMB29M) AppleWebKit/537.36 (KHTML, like Gecko) Chrome/50.0.2661.89 Mobile Safari/537.36"
78.153.140.222 - - [13/Jul/2025:23:51:41 +0200] "GET /app_dev.php/_profiler/phpinfo HTTP/1.1" 404 37 "-" "Mozilla/5.0 (Macintosh; Intel Mac OS X 10_9_5) AppleWebKit/537.78.2 (KHTML, like Gecko) Safari/531.9"
49.13.130.29 - - [13/Jul/2025:23:55:01 +0200] "HEAD / HTTP/1.1" 200 0 "http://nagybistvan.hu" "Mozilla/5.0+(compatible; UptimeRobot/2.0; http://www.uptimerobot.com/)"
167.235.143.113 - - [14/Jul/2025:00:00:04 +0200] "HEAD / HTTP/1.1" 200 0 "http://nagybistvan.hu" "Mozilla/5.0+(compatible; UptimeRobot/2.0; http://www.uptimerobot.com/)"
88.99.80.227 - - [14/Jul/2025:00:05:07 +0200] "HEAD / HTTP/1.1" 200 0 "http://nagybistvan.hu" "Mozilla/5.0+(compatible; UptimeRobot/2.0; http://www.uptimerobot.com/)"
128.140.106.114 - - [14/Jul/2025:00:10:11 +0200] "HEAD / HTTP/1.1" 200 0 "http://nagybistvan.hu" "Mozilla/5.0+(compatible; UptimeRobot/2.0; http://www.uptimerobot.com/)"
88.99.80.227 - - [14/Jul/2025:00:15:14 +0200] "HEAD / HTTP/1.1" 200 0 "http://nagybistvan.hu" "Mozilla/5.0+(compatible; UptimeRobot/2.0; http://www.uptimerobot.com/)"
13.74.181.217 - - [14/Jul/2025:00:20:01 +0200] "GET /randkeyword.PhP7 HTTP/1.1" 404 1181 "-" "-"
13.74.181.217 - - [14/Jul/2025:00:20:01 +0200] "GET /admin.php HTTP/1.1" 404 37 "-" "-"
13.74.181.217 - - [14/Jul/2025:00:20:01 +0200] "GET /flower.php HTTP/1.1" 404 37 "-" "-"
13.74.181.217 - - [14/Jul/2025:00:20:01 +0200] "GET /lock360.php HTTP/1.1" 404 37 "-" "-"
13.74.181.217 - - [14/Jul/2025:00:20:01 +0200] "GET /.well-known/gecko-litespeed.php HTTP/1.1" 404 1181 "-" "-"
13.74.181.217 - - [14/Jul/2025:00:20:01 +0200] "GET /admin/controller/extension/extension/ultra.php HTTP/1.1" 404 1181 "-" "-"
13.74.181.217 - - [14/Jul/2025:00:20:01 +0200] "GET /wp-content/ HTTP/1.1" 404 1181 "-" "-"
13.74.181.217 - - [14/Jul/2025:00:20:01 +0200] "GET /cc.php HTTP/1.1" 404 37 "-" "-"
13.74.181.217 - - [14/Jul/2025:00:20:01 +0200] "GET /1.php HTTP/1.1" 404 37 "-" "-"
13.74.181.217 - - [14/Jul/2025:00:20:01 +0200] "GET /lv.php HTTP/1.1" 404 37 "-" "-"
13.74.181.217 - - [14/Jul/2025:00:20:01 +0200] "GET /gecko.php HTTP/1.1" 404 37 "-" "-"
13.74.181.217 - - [14/Jul/2025:00:20:01 +0200] "GET /new.php HTTP/1.1" 404 37 "-" "-"
13.74.181.217 - - [14/Jul/2025:00:20:01 +0200] "GET /xmlrpc.php HTTP/1.1" 404 37 "-" "-"
13.74.181.217 - - [14/Jul/2025:00:20:01 +0200] "GET /f35.php HTTP/1.1" 404 37 "-" "-"
13.74.181.217 - - [14/Jul/2025:00:20:01 +0200] "GET /autoload_classmap.php HTTP/1.1" 404 37 "-" "-"
13.74.181.217 - - [14/Jul/2025:00:20:01 +0200] "GET /NewFile.php HTTP/1.1" 404 37 "-" "-"
13.74.181.217 - - [14/Jul/2025:00:20:01 +0200] "GET /xx.php HTTP/1.1" 404 37 "-" "-"
13.74.181.217 - - [14/Jul/2025:00:20:01 +0200] "GET /403.php HTTP/1.1" 404 37 "-" "-"
13.74.181.217 - - [14/Jul/2025:00:20:02 +0200] "GET /function.php HTTP/1.1" 404 37 "-" "-"
13.74.181.217 - - [14/Jul/2025:00:20:02 +0200] "GET /file.php HTTP/1.1" 404 37 "-" "-"
13.74.181.217 - - [14/Jul/2025:00:20:02 +0200] "GET /info.php HTTP/1.1" 404 37 "-" "-"
13.74.181.217 - - [14/Jul/2025:00:20:02 +0200] "GET /plugins.php HTTP/1.1" 404 37 "-" "-"
13.74.181.217 - - [14/Jul/2025:00:20:02 +0200] "GET /alfa.php HTTP/1.1" 404 37 "-" "-"
13.74.181.217 - - [14/Jul/2025:00:20:02 +0200] "GET /xxx.php HTTP/1.1" 404 37 "-" "-"
13.74.181.217 - - [14/Jul/2025:00:20:02 +0200] "GET /css.php HTTP/1.1" 404 37 "-" "-"
13.74.181.217 - - [14/Jul/2025:00:20:02 +0200] "GET /classwithtostring.php HTTP/1.1" 404 37 "-" "-"
13.74.181.217 - - [14/Jul/2025:00:20:02 +0200] "GET /adminfuns.php HTTP/1.1" 404 37 "-" "-"
13.74.181.217 - - [14/Jul/2025:00:20:02 +0200] "GET /chosen HTTP/1.1" 404 1181 "-" "-"
13.74.181.217 - - [14/Jul/2025:00:20:02 +0200] "GET /buy.php HTTP/1.1" 404 37 "-" "-"
13.74.181.217 - - [14/Jul/2025:00:20:02 +0200] "GET /item.php HTTP/1.1" 404 37 "-" "-"
13.74.181.217 - - [14/Jul/2025:00:20:02 +0200] "GET /x.php HTTP/1.1" 404 37 "-" "-"
13.74.181.217 - - [14/Jul/2025:00:20:02 +0200] "GET /k.php HTTP/1.1" 404 37 "-" "-"
13.74.181.217 - - [14/Jul/2025:00:20:02 +0200] "GET /wp-fmfile.php HTTP/1.1" 404 37 "-" "-"
13.74.181.217 - - [14/Jul/2025:00:20:02 +0200] "GET /wp-content.php.php HTTP/1.1" 404 37 "-" "-"
13.74.181.217 - - [14/Jul/2025:00:20:02 +0200] "GET /wi.php HTTP/1.1" 404 37 "-" "-"
13.74.181.217 - - [14/Jul/2025:00:20:02 +0200] "GET /aa.php HTTP/1.1" 404 37 "-" "-"
13.74.181.217 - - [14/Jul/2025:00:20:02 +0200] "GET /php8.php HTTP/1.1" 404 37 "-" "-"
13.74.181.217 - - [14/Jul/2025:00:20:02 +0200] "GET /fix.php HTTP/1.1" 404 37 "-" "-"
13.74.181.217 - - [14/Jul/2025:00:20:02 +0200] "GET /tes.php HTTP/1.1" 404 37 "-" "-"
13.74.181.217 - - [14/Jul/2025:00:20:02 +0200] "GET /headers.php HTTP/1.1" 404 37 "-" "-"
13.74.181.217 - - [14/Jul/2025:00:20:02 +0200] "GET /xpw.php HTTP/1.1" 404 37 "-" "-"
13.74.181.217 - - [14/Jul/2025:00:20:03 +0200] "GET /array.php HTTP/1.1" 404 37 "-" "-"
88.99.80.227 - - [14/Jul/2025:00:20:18 +0200] "HEAD / HTTP/1.1" 200 0 "http://nagybistvan.hu" "Mozilla/5.0+(compatible; UptimeRobot/2.0; http://www.uptimerobot.com/)"
49.13.167.123 - - [14/Jul/2025:00:25:22 +0200] "HEAD / HTTP/1.1" 200 0 "http://nagybistvan.hu" "Mozilla/5.0+(compatible; UptimeRobot/2.0; http://www.uptimerobot.com/)"
45.82.78.254 - - [14/Jul/2025:00:27:10 +0200] "GET / HTTP/1.1" 200 6766 "-" "Mozilla/5.0 (Macintosh; Intel Mac OS X 10.15; rv:109.0) Gecko/20100101 Firefox/113.0"
157.90.156.63 - - [14/Jul/2025:00:30:26 +0200] "HEAD / HTTP/1.1" 200 0 "http://nagybistvan.hu" "Mozilla/5.0+(compatible; UptimeRobot/2.0; http://www.uptimerobot.com/)"
49.13.24.81 - - [14/Jul/2025:00:35:29 +0200] "HEAD / HTTP/1.1" 200 0 "http://nagybistvan.hu" "Mozilla/5.0+(compatible; UptimeRobot/2.0; http://www.uptimerobot.com/)"
88.99.80.227 - - [14/Jul/2025:00:40:32 +0200] "HEAD / HTTP/1.1" 200 0 "http://nagybistvan.hu" "Mozilla/5.0+(compatible; UptimeRobot/2.0; http://www.uptimerobot.com/)"
51.68.236.93 - - [14/Jul/2025:00:43:28 +0200] "GET /robots.txt HTTP/1.1" 404 1181 "-" "Mozilla/5.0 (compatible; MJ12bot/v2.0.2; http://mj12bot.com/)"
51.68.236.93 - - [14/Jul/2025:00:43:29 +0200] "GET / HTTP/1.1" 200 6718 "-" "Mozilla/5.0 (compatible; MJ12bot/v2.0.2; http://mj12bot.com/)"
168.119.123.75 - - [14/Jul/2025:00:45:36 +0200] "HEAD / HTTP/1.1" 200 0 "http://nagybistvan.hu" "Mozilla/5.0+(compatible; UptimeRobot/2.0; http://www.uptimerobot.com/)"
157.90.156.63 - - [14/Jul/2025:00:50:39 +0200] "HEAD / HTTP/1.1" 200 0 "http://nagybistvan.hu" "Mozilla/5.0+(compatible; UptimeRobot/2.0; http://www.uptimerobot.com/)"
128.140.41.193 - - [14/Jul/2025:00:55:43 +0200] "HEAD / HTTP/1.1" 200 0 "http://nagybistvan.hu" "Mozilla/5.0+(compatible; UptimeRobot/2.0; http://www.uptimerobot.com/)"
34.138.140.106 - - [14/Jul/2025:00:58:31 +0200] "GET / HTTP/1.1" 200 6656 "-" "Python/3.10 aiohttp/3.12.13"
34.138.140.106 - - [14/Jul/2025:00:58:31 +0200] "GET /robots.txt HTTP/1.1" 404 1181 "-" "Python/3.10 aiohttp/3.12.13"
34.138.140.106 - - [14/Jul/2025:00:58:31 +0200] "GET /sitemap.xml HTTP/1.1" 404 1181 "-" "Python/3.10 aiohttp/3.12.13"
128.140.106.114 - - [14/Jul/2025:01:00:46 +0200] "HEAD / HTTP/1.1" 200 0 "http://nagybistvan.hu" "Mozilla/5.0+(compatible; UptimeRobot/2.0; http://www.uptimerobot.com/)"
49.13.167.123 - - [14/Jul/2025:01:05:50 +0200] "HEAD / HTTP/1.1" 200 0 "http://nagybistvan.hu" "Mozilla/5.0+(compatible; UptimeRobot/2.0; http://www.uptimerobot.com/)"
49.13.167.123 - - [14/Jul/2025:01:10:53 +0200] "HEAD / HTTP/1.1" 200 0 "http://nagybistvan.hu" "Mozilla/5.0+(compatible; UptimeRobot/2.0; http://www.uptimerobot.com/)"
49.13.134.145 - - [14/Jul/2025:01:15:57 +0200] "HEAD / HTTP/1.1" 200 0 "http://nagybistvan.hu" "Mozilla/5.0+(compatible; UptimeRobot/2.0; http://www.uptimerobot.com/)"
157.90.155.240 - - [14/Jul/2025:01:21:01 +0200] "HEAD / HTTP/1.1" 200 0 "http://nagybistvan.hu" "Mozilla/5.0+(compatible; UptimeRobot/2.0; http://www.uptimerobot.com/)"
49.13.167.123 - - [14/Jul/2025:01:26:05 +0200] "HEAD / HTTP/1.1" 200 0 "http://nagybistvan.hu" "Mozilla/5.0+(compatible; UptimeRobot/2.0; http://www.uptimerobot.com/)"
168.119.123.75 - - [14/Jul/2025:01:31:09 +0200] "HEAD / HTTP/1.1" 200 0 "http://nagybistvan.hu" "Mozilla/5.0+(compatible; UptimeRobot/2.0; http://www.uptimerobot.com/)"
168.119.53.160 - - [14/Jul/2025:01:36:12 +0200] "HEAD / HTTP/1.1" 200 0 "http://nagybistvan.hu" "Mozilla/5.0+(compatible; UptimeRobot/2.0; http://www.uptimerobot.com/)"
168.119.123.75 - - [14/Jul/2025:01:41:16 +0200] "HEAD / HTTP/1.1" 200 0 "http://nagybistvan.hu" "Mozilla/5.0+(compatible; UptimeRobot/2.0; http://www.uptimerobot.com/)"
66.249.64.130 - - [14/Jul/2025:01:46:10 +0200] "GET /media/image/30.366.001.jpg HTTP/1.1" 200 184985 "-" "Googlebot-Image/1.0"
157.90.156.63 - - [14/Jul/2025:01:46:20 +0200] "HEAD / HTTP/1.1" 200 0 "http://nagybistvan.hu" "Mozilla/5.0+(compatible; UptimeRobot/2.0; http://www.uptimerobot.com/)"
88.99.80.227 - - [14/Jul/2025:01:51:23 +0200] "HEAD / HTTP/1.1" 200 0 "http://nagybistvan.hu" "Mozilla/5.0+(compatible; UptimeRobot/2.0; http://www.uptimerobot.com/)"
168.119.53.160 - - [14/Jul/2025:01:56:26 +0200] "HEAD / HTTP/1.1" 200 0 "http://nagybistvan.hu" "Mozilla/5.0+(compatible; UptimeRobot/2.0; http://www.uptimerobot.com/)"
142.132.180.39 - - [14/Jul/2025:02:01:30 +0200] "HEAD / HTTP/1.1" 200 0 "http://nagybistvan.hu" "Mozilla/5.0+(compatible; UptimeRobot/2.0; http://www.uptimerobot.com/)"
207.46.13.116 - - [14/Jul/2025:02:02:49 +0200] "GET /media/image/08.316.001.jpg HTTP/1.1" 200 118154 "-" "Mozilla/5.0 AppleWebKit/537.36 (KHTML, like Gecko; compatible; bingbot/2.0; +http://www.bing.com/bingbot.htm) Chrome/116.0.1938.76 Safari/537.36"
88.99.80.227 - - [14/Jul/2025:02:06:34 +0200] "HEAD / HTTP/1.1" 200 0 "http://nagybistvan.hu" "Mozilla/5.0+(compatible; UptimeRobot/2.0; http://www.uptimerobot.com/)"
49.13.24.81 - - [14/Jul/2025:02:11:37 +0200] "HEAD / HTTP/1.1" 200 0 "http://nagybistvan.hu" "Mozilla/5.0+(compatible; UptimeRobot/2.0; http://www.uptimerobot.com/)"
49.13.24.81 - - [14/Jul/2025:02:16:41 +0200] "HEAD / HTTP/1.1" 200 0 "http://nagybistvan.hu" "Mozilla/5.0+(compatible; UptimeRobot/2.0; http://www.uptimerobot.com/)"
128.140.41.193 - - [14/Jul/2025:02:21:45 +0200] "HEAD / HTTP/1.1" 200 0 "http://nagybistvan.hu" "Mozilla/5.0+(compatible; UptimeRobot/2.0; http://www.uptimerobot.com/)"
157.90.156.63 - - [14/Jul/2025:02:26:49 +0200] "HEAD / HTTP/1.1" 200 0 "http://nagybistvan.hu" "Mozilla/5.0+(compatible; UptimeRobot/2.0; http://www.uptimerobot.com/)"
49.13.164.148 - - [14/Jul/2025:02:31:53 +0200] "HEAD / HTTP/1.1" 200 0 "http://nagybistvan.hu" "Mozilla/5.0+(compatible; UptimeRobot/2.0; http://www.uptimerobot.com/)"
167.235.143.113 - - [14/Jul/2025:02:36:56 +0200] "HEAD / HTTP/1.1" 200 0 "http://nagybistvan.hu" "Mozilla/5.0+(compatible; UptimeRobot/2.0; http://www.uptimerobot.com/)"
128.140.106.114 - - [14/Jul/2025:02:42:00 +0200] "HEAD / HTTP/1.1" 200 0 "http://nagybistvan.hu" "Mozilla/5.0+(compatible; UptimeRobot/2.0; http://www.uptimerobot.com/)"
49.13.164.148 - - [14/Jul/2025:02:47:03 +0200] "HEAD / HTTP/1.1" 200 0 "http://nagybistvan.hu" "Mozilla/5.0+(compatible; UptimeRobot/2.0; http://www.uptimerobot.com/)"
157.90.156.63 - - [14/Jul/2025:02:52:07 +0200] "HEAD / HTTP/1.1" 200 0 "http://nagybistvan.hu" "Mozilla/5.0+(compatible; UptimeRobot/2.0; http://www.uptimerobot.com/)"
49.13.130.29 - - [14/Jul/2025:02:57:09 +0200] "HEAD / HTTP/1.1" 200 0 "http://nagybistvan.hu" "Mozilla/5.0+(compatible; UptimeRobot/2.0; http://www.uptimerobot.com/)"
168.119.53.160 - - [14/Jul/2025:03:02:13 +0200] "HEAD / HTTP/1.1" 200 0 "http://nagybistvan.hu" "Mozilla/5.0+(compatible; UptimeRobot/2.0; http://www.uptimerobot.com/)"
168.119.53.160 - - [14/Jul/2025:03:07:16 +0200] "HEAD / HTTP/1.1" 200 0 "http://nagybistvan.hu" "Mozilla/5.0+(compatible; UptimeRobot/2.0; http://www.uptimerobot.com/)"
49.13.134.145 - - [14/Jul/2025:03:12:20 +0200] "HEAD / HTTP/1.1" 200 0 "http://nagybistvan.hu" "Mozilla/5.0+(compatible; UptimeRobot/2.0; http://www.uptimerobot.com/)"
157.90.155.240 - - [14/Jul/2025:03:17:23 +0200] "HEAD / HTTP/1.1" 200 0 "http://nagybistvan.hu" "Mozilla/5.0+(compatible; UptimeRobot/2.0; http://www.uptimerobot.com/)"
78.46.190.63 - - [14/Jul/2025:03:22:27 +0200] "HEAD / HTTP/1.1" 200 0 "http://nagybistvan.hu" "Mozilla/5.0+(compatible; UptimeRobot/2.0; http://www.uptimerobot.com/)"
49.13.164.148 - - [14/Jul/2025:03:27:31 +0200] "HEAD / HTTP/1.1" 200 0 "http://nagybistvan.hu" "Mozilla/5.0+(compatible; UptimeRobot/2.0; http://www.uptimerobot.com/)"
78.47.173.76 - - [14/Jul/2025:03:32:34 +0200] "HEAD / HTTP/1.1" 200 0 "http://nagybistvan.hu" "Mozilla/5.0+(compatible; UptimeRobot/2.0; http://www.uptimerobot.com/)"
167.235.143.113 - - [14/Jul/2025:03:37:39 +0200] "HEAD / HTTP/1.1" 200 0 "http://nagybistvan.hu" "Mozilla/5.0+(compatible; UptimeRobot/2.0; http://www.uptimerobot.com/)"
128.140.106.114 - - [14/Jul/2025:03:42:41 +0200] "HEAD / HTTP/1.1" 200 0 "http://nagybistvan.hu" "Mozilla/5.0+(compatible; UptimeRobot/2.0; http://www.uptimerobot.com/)"
78.46.190.63 - - [14/Jul/2025:03:47:45 +0200] "HEAD / HTTP/1.1" 200 0 "http://nagybistvan.hu" "Mozilla/5.0+(compatible; UptimeRobot/2.0; http://www.uptimerobot.com/)"
159.69.158.189 - - [14/Jul/2025:03:52:50 +0200] "HEAD / HTTP/1.1" 200 0 "http://nagybistvan.hu" "Mozilla/5.0+(compatible; UptimeRobot/2.0; http://www.uptimerobot.com/)"
66.249.64.132 - - [14/Jul/2025:03:53:04 +0200] "GET /zsambek/Zsambek%20LIII.html HTTP/1.1" 304 - "-" "Mozilla/5.0 (Linux; Android 6.0.1; Nexus 5X Build/MMB29P) AppleWebKit/537.36 (KHTML, like Gecko) Chrome/137.0.7151.103 Mobile Safari/537.36 (compatible; Googlebot/2.1; +http://www.google.com/bot.html)"
216.244.66.227 - - [14/Jul/2025:03:56:35 +0200] "GET /robots.txt HTTP/1.1" 404 1181 "-" "Mozilla/5.0 (compatible; DotBot/1.2; +https://opensiteexplorer.org/dotbot; help@moz.com)"
168.119.96.239 - - [14/Jul/2025:03:57:53 +0200] "HEAD / HTTP/1.1" 200 0 "http://nagybistvan.hu" "Mozilla/5.0+(compatible; UptimeRobot/2.0; http://www.uptimerobot.com/)"
168.119.123.75 - - [14/Jul/2025:04:02:56 +0200] "HEAD / HTTP/1.1" 200 0 "http://nagybistvan.hu" "Mozilla/5.0+(compatible; UptimeRobot/2.0; http://www.uptimerobot.com/)"
49.13.134.145 - - [14/Jul/2025:04:08:00 +0200] "HEAD / HTTP/1.1" 200 0 "http://nagybistvan.hu" "Mozilla/5.0+(compatible; UptimeRobot/2.0; http://www.uptimerobot.com/)"
216.244.66.227 - - [14/Jul/2025:04:10:05 +0200] "GET /index.php?c=wehner HTTP/1.1" 200 25956 "-" "Mozilla/5.0 (compatible; DotBot/1.2; +https://opensiteexplorer.org/dotbot; help@moz.com)"
168.119.53.160 - - [14/Jul/2025:04:13:03 +0200] "HEAD / HTTP/1.1" 200 0 "http://nagybistvan.hu" "Mozilla/5.0+(compatible; UptimeRobot/2.0; http://www.uptimerobot.com/)"
66.249.64.132 - - [14/Jul/2025:04:16:42 +0200] "GET /media/image/07.038.001.jpg HTTP/1.1" 200 94036 "-" "Googlebot-Image/1.0"
66.249.64.131 - - [14/Jul/2025:04:16:42 +0200] "GET /zsambek/Zsambek%20LXXV.jpg HTTP/1.1" 304 - "-" "Googlebot-Image/1.0"
168.119.96.239 - - [14/Jul/2025:04:18:06 +0200] "HEAD / HTTP/1.1" 200 0 "http://nagybistvan.hu" "Mozilla/5.0+(compatible; UptimeRobot/2.0; http://www.uptimerobot.com/)"
168.119.53.160 - - [14/Jul/2025:04:23:11 +0200] "HEAD / HTTP/1.1" 200 0 "http://nagybistvan.hu" "Mozilla/5.0+(compatible; UptimeRobot/2.0; http://www.uptimerobot.com/)"
78.47.98.55 - - [14/Jul/2025:04:28:14 +0200] "HEAD / HTTP/1.1" 200 0 "http://nagybistvan.hu" "Mozilla/5.0+(compatible; UptimeRobot/2.0; http://www.uptimerobot.com/)"
78.47.98.55 - - [14/Jul/2025:04:33:18 +0200] "HEAD / HTTP/1.1" 200 0 "http://nagybistvan.hu" "Mozilla/5.0+(compatible; UptimeRobot/2.0; http://www.uptimerobot.com/)"
128.140.106.114 - - [14/Jul/2025:04:38:22 +0200] "HEAD / HTTP/1.1" 200 0 "http://nagybistvan.hu" "Mozilla/5.0+(compatible; UptimeRobot/2.0; http://www.uptimerobot.com/)"
78.47.98.55 - - [14/Jul/2025:04:43:26 +0200] "HEAD / HTTP/1.1" 200 0 "http://nagybistvan.hu" "Mozilla/5.0+(compatible; UptimeRobot/2.0; http://www.uptimerobot.com/)"
168.119.53.160 - - [14/Jul/2025:04:48:29 +0200] "HEAD / HTTP/1.1" 200 0 "http://nagybistvan.hu" "Mozilla/5.0+(compatible; UptimeRobot/2.0; http://www.uptimerobot.com/)"
78.46.190.63 - - [14/Jul/2025:04:53:32 +0200] "HEAD / HTTP/1.1" 200 0 "http://nagybistvan.hu" "Mozilla/5.0+(compatible; UptimeRobot/2.0; http://www.uptimerobot.com/)"
168.119.96.239 - - [14/Jul/2025:04:58:35 +0200] "HEAD / HTTP/1.1" 200 0 "http://nagybistvan.hu" "Mozilla/5.0+(compatible; UptimeRobot/2.0; http://www.uptimerobot.com/)"
49.13.167.123 - - [14/Jul/2025:05:03:39 +0200] "HEAD / HTTP/1.1" 200 0 "http://nagybistvan.hu" "Mozilla/5.0+(compatible; UptimeRobot/2.0; http://www.uptimerobot.com/)"
167.235.143.113 - - [14/Jul/2025:05:08:42 +0200] "HEAD / HTTP/1.1" 200 0 "http://nagybistvan.hu" "Mozilla/5.0+(compatible; UptimeRobot/2.0; http://www.uptimerobot.com/)"
170.205.30.47 - - [14/Jul/2025:05:12:27 +0200] "GET /ss.php?f_c=1 HTTP/1.1" 404 37 "-" "Mozlila/5.0 (Linux; Android 7.0; SM-G892A Bulid/NRD90M; wv) AppleWebKit/537.36 (KHTML, like Gecko) Version/4.0 Chrome/60.0.3112.107 Moblie Safari/537.36"
128.140.106.114 - - [14/Jul/2025:05:13:46 +0200] "HEAD / HTTP/1.1" 200 0 "http://nagybistvan.hu" "Mozilla/5.0+(compatible; UptimeRobot/2.0; http://www.uptimerobot.com/)"
49.13.24.81 - - [14/Jul/2025:05:18:49 +0200] "HEAD / HTTP/1.1" 200 0 "http://nagybistvan.hu" "Mozilla/5.0+(compatible; UptimeRobot/2.0; http://www.uptimerobot.com/)"
167.235.143.113 - - [14/Jul/2025:05:23:54 +0200] "HEAD / HTTP/1.1" 200 0 "http://nagybistvan.hu" "Mozilla/5.0+(compatible; UptimeRobot/2.0; http://www.uptimerobot.com/)"
78.46.190.63 - - [14/Jul/2025:05:28:58 +0200] "HEAD / HTTP/1.1" 200 0 "http://nagybistvan.hu" "Mozilla/5.0+(compatible; UptimeRobot/2.0; http://www.uptimerobot.com/)"
43.167.157.80 - - [14/Jul/2025:05:33:03 +0200] "GET / HTTP/1.1" 200 6642 "-" "Mozilla/5.0 (iPhone; CPU iPhone OS 13_2_3 like Mac OS X) AppleWebKit/605.1.15 (KHTML, like Gecko) Version/13.0.3 Mobile/15E148 Safari/604.1"
157.90.155.240 - - [14/Jul/2025:05:34:00 +0200] "HEAD / HTTP/1.1" 200 0 "http://nagybistvan.hu" "Mozilla/5.0+(compatible; UptimeRobot/2.0; http://www.uptimerobot.com/)"
88.99.80.227 - - [14/Jul/2025:05:39:04 +0200] "HEAD / HTTP/1.1" 200 0 "http://nagybistvan.hu" "Mozilla/5.0+(compatible; UptimeRobot/2.0; http://www.uptimerobot.com/)"
159.69.158.189 - - [14/Jul/2025:05:44:07 +0200] "HEAD / HTTP/1.1" 200 0 "http://nagybistvan.hu" "Mozilla/5.0+(compatible; UptimeRobot/2.0; http://www.uptimerobot.com/)"
88.99.80.227 - - [14/Jul/2025:05:49:11 +0200] "HEAD / HTTP/1.1" 200 0 "http://nagybistvan.hu" "Mozilla/5.0+(compatible; UptimeRobot/2.0; http://www.uptimerobot.com/)"
159.69.158.189 - - [14/Jul/2025:05:54:15 +0200] "HEAD / HTTP/1.1" 200 0 "http://nagybistvan.hu" "Mozilla/5.0+(compatible; UptimeRobot/2.0; http://www.uptimerobot.com/)"
78.47.173.76 - - [14/Jul/2025:05:59:18 +0200] "HEAD / HTTP/1.1" 200 0 "http://nagybistvan.hu" "Mozilla/5.0+(compatible; UptimeRobot/2.0; http://www.uptimerobot.com/)"
128.140.41.193 - - [14/Jul/2025:06:04:22 +0200] "HEAD / HTTP/1.1" 200 0 "http://nagybistvan.hu" "Mozilla/5.0+(compatible; UptimeRobot/2.0; http://www.uptimerobot.com/)"
167.235.143.113 - - [14/Jul/2025:06:09:25 +0200] "HEAD / HTTP/1.1" 200 0 "http://nagybistvan.hu" "Mozilla/5.0+(compatible; UptimeRobot/2.0; http://www.uptimerobot.com/)"
168.119.53.160 - - [14/Jul/2025:06:14:29 +0200] "HEAD / HTTP/1.1" 200 0 "http://nagybistvan.hu" "Mozilla/5.0+(compatible; UptimeRobot/2.0; http://www.uptimerobot.com/)"
49.13.167.123 - - [14/Jul/2025:06:19:31 +0200] "HEAD / HTTP/1.1" 200 0 "http://nagybistvan.hu" "Mozilla/5.0+(compatible; UptimeRobot/2.0; http://www.uptimerobot.com/)"
128.140.106.114 - - [14/Jul/2025:06:24:36 +0200] "HEAD / HTTP/1.1" 200 0 "http://nagybistvan.hu" "Mozilla/5.0+(compatible; UptimeRobot/2.0; http://www.uptimerobot.com/)"
142.132.180.39 - - [14/Jul/2025:06:29:38 +0200] "HEAD / HTTP/1.1" 200 0 "http://nagybistvan.hu" "Mozilla/5.0+(compatible; UptimeRobot/2.0; http://www.uptimerobot.com/)"
49.13.164.148 - - [14/Jul/2025:06:34:42 +0200] "HEAD / HTTP/1.1" 200 0 "http://nagybistvan.hu" "Mozilla/5.0+(compatible; UptimeRobot/2.0; http://www.uptimerobot.com/)"
207.46.13.160 - - [14/Jul/2025:06:37:18 +0200] "GET /korai/pages/%D6narck%E9p%20kalapban.html HTTP/1.1" 200 1151 "-" "Mozilla/5.0 AppleWebKit/537.36 (KHTML, like Gecko; compatible; bingbot/2.0; +http://www.bing.com/bingbot.htm) Chrome/116.0.1938.76 Safari/537.36"
49.13.24.81 - - [14/Jul/2025:06:39:45 +0200] "HEAD / HTTP/1.1" 200 0 "http://nagybistvan.hu" "Mozilla/5.0+(compatible; UptimeRobot/2.0; http://www.uptimerobot.com/)"
49.13.167.123 - - [14/Jul/2025:06:44:50 +0200] "HEAD / HTTP/1.1" 200 0 "http://nagybistvan.hu" "Mozilla/5.0+(compatible; UptimeRobot/2.0; http://www.uptimerobot.com/)"
157.90.156.63 - - [14/Jul/2025:06:49:53 +0200] "HEAD / HTTP/1.1" 200 0 "http://nagybistvan.hu" "Mozilla/5.0+(compatible; UptimeRobot/2.0; http://www.uptimerobot.com/)"
49.13.130.29 - - [14/Jul/2025:06:54:57 +0200] "HEAD / HTTP/1.1" 200 0 "http://nagybistvan.hu" "Mozilla/5.0+(compatible; UptimeRobot/2.0; http://www.uptimerobot.com/)"
78.47.173.76 - - [14/Jul/2025:07:00:00 +0200] "HEAD / HTTP/1.1" 200 0 "http://nagybistvan.hu" "Mozilla/5.0+(compatible; UptimeRobot/2.0; http://www.uptimerobot.com/)"
128.140.106.114 - - [14/Jul/2025:07:05:04 +0200] "HEAD / HTTP/1.1" 200 0 "http://nagybistvan.hu" "Mozilla/5.0+(compatible; UptimeRobot/2.0; http://www.uptimerobot.com/)"
78.47.98.55 - - [14/Jul/2025:07:10:06 +0200] "HEAD / HTTP/1.1" 200 0 "http://nagybistvan.hu" "Mozilla/5.0+(compatible; UptimeRobot/2.0; http://www.uptimerobot.com/)"
167.235.143.113 - - [14/Jul/2025:07:15:11 +0200] "HEAD / HTTP/1.1" 200 0 "http://nagybistvan.hu" "Mozilla/5.0+(compatible; UptimeRobot/2.0; http://www.uptimerobot.com/)"
49.13.164.148 - - [14/Jul/2025:07:20:13 +0200] "HEAD / HTTP/1.1" 200 0 "http://nagybistvan.hu" "Mozilla/5.0+(compatible; UptimeRobot/2.0; http://www.uptimerobot.com/)"
168.119.53.160 - - [14/Jul/2025:07:25:18 +0200] "HEAD / HTTP/1.1" 200 0 "http://nagybistvan.hu" "Mozilla/5.0+(compatible; UptimeRobot/2.0; http://www.uptimerobot.com/)"
49.13.134.145 - - [14/Jul/2025:07:30:21 +0200] "HEAD / HTTP/1.1" 200 0 "http://nagybistvan.hu" "Mozilla/5.0+(compatible; UptimeRobot/2.0; http://www.uptimerobot.com/)"
157.90.156.63 - - [14/Jul/2025:07:35:24 +0200] "HEAD / HTTP/1.1" 200 0 "http://nagybistvan.hu" "Mozilla/5.0+(compatible; UptimeRobot/2.0; http://www.uptimerobot.com/)"
49.13.164.148 - - [14/Jul/2025:07:40:27 +0200] "HEAD / HTTP/1.1" 200 0 "http://nagybistvan.hu" "Mozilla/5.0+(compatible; UptimeRobot/2.0; http://www.uptimerobot.com/)"
78.47.173.76 - - [14/Jul/2025:07:45:31 +0200] "HEAD / HTTP/1.1" 200 0 "http://nagybistvan.hu" "Mozilla/5.0+(compatible; UptimeRobot/2.0; http://www.uptimerobot.com/)"
78.47.173.76 - - [14/Jul/2025:07:50:35 +0200] "HEAD / HTTP/1.1" 200 0 "http://nagybistvan.hu" "Mozilla/5.0+(compatible; UptimeRobot/2.0; http://www.uptimerobot.com/)"
88.99.80.227 - - [14/Jul/2025:07:55:39 +0200] "HEAD / HTTP/1.1" 200 0 "http://nagybistvan.hu" "Mozilla/5.0+(compatible; UptimeRobot/2.0; http://www.uptimerobot.com/)"
167.235.143.113 - - [14/Jul/2025:08:00:42 +0200] "HEAD / HTTP/1.1" 200 0 "http://nagybistvan.hu" "Mozilla/5.0+(compatible; UptimeRobot/2.0; http://www.uptimerobot.com/)"
192.36.109.99 - - [14/Jul/2025:08:01:41 +0200] "GET /robots.txt HTTP/1.1" 404 1181 "-" "Mozilla/5.0 (X11; CrOS x86_64 14541.0.0) AppleWebKit/537.36 (KHTML, like Gecko) Chrome/121.0.0.0 Safari/537.3"
192.36.109.108 - - [14/Jul/2025:08:01:42 +0200] "GET / HTTP/1.1" 200 6678 "-" "Mozilla/5.0 (X11; CrOS x86_64 14541.0.0) AppleWebKit/537.36 (KHTML, like Gecko) Chrome/121.0.0.0 Safari/537.3"
66.249.64.131 - - [14/Jul/2025:08:04:41 +0200] "GET /media/image/07.035.001.jpg HTTP/1.1" 200 94619 "-" "Googlebot-Image/1.0"
88.99.80.227 - - [14/Jul/2025:08:05:45 +0200] "HEAD / HTTP/1.1" 200 0 "http://nagybistvan.hu" "Mozilla/5.0+(compatible; UptimeRobot/2.0; http://www.uptimerobot.com/)"
157.90.156.63 - - [14/Jul/2025:08:10:52 +0200] "HEAD / HTTP/1.1" 200 0 "http://nagybistvan.hu" "Mozilla/5.0+(compatible; UptimeRobot/2.0; http://www.uptimerobot.com/)"
157.90.155.240 - - [14/Jul/2025:08:15:54 +0200] "HEAD / HTTP/1.1" 200 0 "http://nagybistvan.hu" "Mozilla/5.0+(compatible; UptimeRobot/2.0; http://www.uptimerobot.com/)"
168.119.123.75 - - [14/Jul/2025:08:20:58 +0200] "HEAD / HTTP/1.1" 200 0 "http://nagybistvan.hu" "Mozilla/5.0+(compatible; UptimeRobot/2.0; http://www.uptimerobot.com/)"
168.119.123.75 - - [14/Jul/2025:08:26:01 +0200] "HEAD / HTTP/1.1" 200 0 "http://nagybistvan.hu" "Mozilla/5.0+(compatible; UptimeRobot/2.0; http://www.uptimerobot.com/)"
49.13.134.145 - - [14/Jul/2025:08:31:04 +0200] "HEAD / HTTP/1.1" 200 0 "http://nagybistvan.hu" "Mozilla/5.0+(compatible; UptimeRobot/2.0; http://www.uptimerobot.com/)"
88.99.80.227 - - [14/Jul/2025:08:36:08 +0200] "HEAD / HTTP/1.1" 200 0 "http://nagybistvan.hu" "Mozilla/5.0+(compatible; UptimeRobot/2.0; http://www.uptimerobot.com/)"
142.132.180.39 - - [14/Jul/2025:08:41:11 +0200] "HEAD / HTTP/1.1" 200 0 "http://nagybistvan.hu" "Mozilla/5.0+(compatible; UptimeRobot/2.0; http://www.uptimerobot.com/)"
40.77.167.60 - - [14/Jul/2025:08:43:08 +0200] "GET /media/image/07.023.001.jpg HTTP/1.1" 200 102282 "-" "Mozilla/5.0 AppleWebKit/537.36 (KHTML, like Gecko; compatible; bingbot/2.0; +http://www.bing.com/bingbot.htm) Chrome/116.0.1938.76 Safari/537.36"
78.46.190.63 - - [14/Jul/2025:08:46:15 +0200] "HEAD / HTTP/1.1" 200 0 "http://nagybistvan.hu" "Mozilla/5.0+(compatible; UptimeRobot/2.0; http://www.uptimerobot.com/)"
168.119.123.75 - - [14/Jul/2025:08:51:19 +0200] "HEAD / HTTP/1.1" 200 0 "http://nagybistvan.hu" "Mozilla/5.0+(compatible; UptimeRobot/2.0; http://www.uptimerobot.com/)"
49.13.24.81 - - [14/Jul/2025:08:56:23 +0200] "HEAD / HTTP/1.1" 200 0 "http://nagybistvan.hu" "Mozilla/5.0+(compatible; UptimeRobot/2.0; http://www.uptimerobot.com/)"
128.140.106.114 - - [14/Jul/2025:09:01:27 +0200] "HEAD / HTTP/1.1" 200 0 "http://nagybistvan.hu" "Mozilla/5.0+(compatible; UptimeRobot/2.0; http://www.uptimerobot.com/)"
128.140.41.193 - - [14/Jul/2025:09:06:30 +0200] "HEAD / HTTP/1.1" 200 0 "http://nagybistvan.hu" "Mozilla/5.0+(compatible; UptimeRobot/2.0; http://www.uptimerobot.com/)"
157.90.155.240 - - [14/Jul/2025:09:11:33 +0200] "HEAD / HTTP/1.1" 200 0 "http://nagybistvan.hu" "Mozilla/5.0+(compatible; UptimeRobot/2.0; http://www.uptimerobot.com/)"
205.210.31.28 - - [14/Jul/2025:09:12:22 +0200] "GET / HTTP/1.1" 200 6714 "-" "-"
49.13.134.145 - - [14/Jul/2025:09:16:37 +0200] "HEAD / HTTP/1.1" 200 0 "http://nagybistvan.hu" "Mozilla/5.0+(compatible; UptimeRobot/2.0; http://www.uptimerobot.com/)"
167.235.143.113 - - [14/Jul/2025:09:21:41 +0200] "HEAD / HTTP/1.1" 200 0 "http://nagybistvan.hu" "Mozilla/5.0+(compatible; UptimeRobot/2.0; http://www.uptimerobot.com/)"
216.244.66.227 - - [14/Jul/2025:09:26:17 +0200] "GET /robots.txt HTTP/1.1" 404 1181 "-" "Mozilla/5.0 (compatible; DotBot/1.2; +https://opensiteexplorer.org/dotbot; help@moz.com)"
168.119.53.160 - - [14/Jul/2025:09:26:44 +0200] "HEAD / HTTP/1.1" 200 0 "http://nagybistvan.hu" "Mozilla/5.0+(compatible; UptimeRobot/2.0; http://www.uptimerobot.com/)"
77.75.78.164 - - [14/Jul/2025:09:29:22 +0200] "GET /robots.txt HTTP/1.1" 404 1181 "-" "Mozilla/5.0 (compatible; SeznamBot/4.0; +https://o-seznam.cz/napoveda/vyhledavani/en/seznambot-crawler/)"
