157.90.155.240 - - [01/Jul/2025:00:04:32 +0200] "HEAD / HTTP/1.1" 200 0 "http://nagybistvan.hu" "Mozilla/5.0+(compatible; UptimeRobot/2.0; http://www.uptimerobot.com/)"
192.178.4.100 - - [01/Jul/2025:00:09:20 +0200] "GET /media/image/07.076.001.jpg HTTP/1.1" 200 146917 "-" "Googlebot-Image/1.0"
49.13.130.29 - - [01/Jul/2025:00:09:35 +0200] "HEAD / HTTP/1.1" 200 0 "http://nagybistvan.hu" "Mozilla/5.0+(compatible; UptimeRobot/2.0; http://www.uptimerobot.com/)"
52.167.144.20 - - [01/Jul/2025:00:13:38 +0200] "GET /tarskrit/pages/Aquarius.html HTTP/1.1" 200 1222 "-" "Mozilla/5.0 AppleWebKit/537.36 (KHTML, like Gecko; compatible; bingbot/2.0; +http://www.bing.com/bingbot.htm) Chrome/116.0.1938.76 Safari/537.36"
78.47.98.55 - - [01/Jul/2025:00:14:39 +0200] "HEAD / HTTP/1.1" 200 0 "http://nagybistvan.hu" "Mozilla/5.0+(compatible; UptimeRobot/2.0; http://www.uptimerobot.com/)"
49.13.134.145 - - [01/Jul/2025:00:19:41 +0200] "HEAD / HTTP/1.1" 200 0 "http://nagybistvan.hu" "Mozilla/5.0+(compatible; UptimeRobot/2.0; http://www.uptimerobot.com/)"
192.178.4.100 - - [01/Jul/2025:00:20:55 +0200] "GET /media/image/07.016.001.jpg HTTP/1.1" 200 139964 "-" "Googlebot-Image/1.0"
142.132.180.39 - - [01/Jul/2025:00:24:47 +0200] "HEAD / HTTP/1.1" 200 0 "http://nagybistvan.hu" "Mozilla/5.0+(compatible; UptimeRobot/2.0; http://www.uptimerobot.com/)"
78.46.190.63 - - [01/Jul/2025:00:29:50 +0200] "HEAD / HTTP/1.1" 200 0 "http://nagybistvan.hu" "Mozilla/5.0+(compatible; UptimeRobot/2.0; http://www.uptimerobot.com/)"
159.69.158.189 - - [01/Jul/2025:00:34:53 +0200] "HEAD / HTTP/1.1" 200 0 "http://nagybistvan.hu" "Mozilla/5.0+(compatible; UptimeRobot/2.0; http://www.uptimerobot.com/)"
128.140.41.193 - - [01/Jul/2025:00:39:57 +0200] "HEAD / HTTP/1.1" 200 0 "http://nagybistvan.hu" "Mozilla/5.0+(compatible; UptimeRobot/2.0; http://www.uptimerobot.com/)"
66.249.64.132 - - [01/Jul/2025:00:41:06 +0200] "GET /media/image/24.110.059.jpg HTTP/1.1" 200 128284 "-" "Googlebot-Image/1.0"
168.119.123.75 - - [01/Jul/2025:00:44:59 +0200] "HEAD / HTTP/1.1" 200 0 "http://nagybistvan.hu" "Mozilla/5.0+(compatible; UptimeRobot/2.0; http://www.uptimerobot.com/)"
49.13.134.145 - - [01/Jul/2025:00:50:03 +0200] "HEAD / HTTP/1.1" 200 0 "http://nagybistvan.hu" "Mozilla/5.0+(compatible; UptimeRobot/2.0; http://www.uptimerobot.com/)"
66.249.64.128 - - [01/Jul/2025:00:51:41 +0200] "GET /media/image/24.110.063.jpg HTTP/1.1" 200 131333 "-" "Googlebot-Image/1.0"
49.13.134.145 - - [01/Jul/2025:00:55:06 +0200] "HEAD / HTTP/1.1" 200 0 "http://nagybistvan.hu" "Mozilla/5.0+(compatible; UptimeRobot/2.0; http://www.uptimerobot.com/)"
167.235.143.113 - - [01/Jul/2025:01:00:10 +0200] "HEAD / HTTP/1.1" 200 0 "http://nagybistvan.hu" "Mozilla/5.0+(compatible; UptimeRobot/2.0; http://www.uptimerobot.com/)"
35.193.200.187 - - [01/Jul/2025:01:04:08 +0200] "HEAD /wordpress HTTP/1.1" 404 0 "-" "Mozilla/5.0 (Windows NT 10.0; Win64; x64) AppleWebKit/537.36 (KHTML, like Gecko) Chrome/74.0.3729.169 Safari/537.36"
35.193.200.187 - - [01/Jul/2025:01:04:08 +0200] "HEAD / HTTP/1.1" 200 0 "-" "Mozilla/5.0 (Windows NT 10.0; Win64; x64) AppleWebKit/537.36 (KHTML, like Gecko) Chrome/74.0.3729.169 Safari/537.36"
35.193.200.187 - - [01/Jul/2025:01:04:08 +0200] "HEAD /wp HTTP/1.1" 404 0 "-" "Mozilla/5.0 (Windows NT 10.0; Win64; x64) AppleWebKit/537.36 (KHTML, like Gecko) Chrome/74.0.3729.169 Safari/537.36"
35.193.200.187 - - [01/Jul/2025:01:04:08 +0200] "HEAD /bc HTTP/1.1" 404 0 "-" "Mozilla/5.0 (Windows NT 10.0; Win64; x64) AppleWebKit/537.36 (KHTML, like Gecko) Chrome/74.0.3729.169 Safari/537.36"
35.193.200.187 - - [01/Jul/2025:01:04:09 +0200] "HEAD /bk HTTP/1.1" 404 0 "-" "Mozilla/5.0 (Windows NT 10.0; Win64; x64) AppleWebKit/537.36 (KHTML, like Gecko) Chrome/74.0.3729.169 Safari/537.36"
35.193.200.187 - - [01/Jul/2025:01:04:09 +0200] "HEAD /backup HTTP/1.1" 404 0 "-" "Mozilla/5.0 (Windows NT 10.0; Win64; x64) AppleWebKit/537.36 (KHTML, like Gecko) Chrome/74.0.3729.169 Safari/537.36"
35.193.200.187 - - [01/Jul/2025:01:04:09 +0200] "HEAD /old HTTP/1.1" 404 0 "-" "Mozilla/5.0 (Windows NT 10.0; Win64; x64) AppleWebKit/537.36 (KHTML, like Gecko) Chrome/74.0.3729.169 Safari/537.36"
35.193.200.187 - - [01/Jul/2025:01:04:09 +0200] "HEAD /new HTTP/1.1" 404 0 "-" "Mozilla/5.0 (Windows NT 10.0; Win64; x64) AppleWebKit/537.36 (KHTML, like Gecko) Chrome/74.0.3729.169 Safari/537.36"
35.193.200.187 - - [01/Jul/2025:01:04:09 +0200] "HEAD /main HTTP/1.1" 404 0 "-" "Mozilla/5.0 (Windows NT 10.0; Win64; x64) AppleWebKit/537.36 (KHTML, like Gecko) Chrome/74.0.3729.169 Safari/537.36"
35.193.200.187 - - [01/Jul/2025:01:04:09 +0200] "HEAD /home HTTP/1.1" 404 0 "-" "Mozilla/5.0 (Windows NT 10.0; Win64; x64) AppleWebKit/537.36 (KHTML, like Gecko) Chrome/74.0.3729.169 Safari/537.36"
88.99.80.227 - - [01/Jul/2025:01:05:14 +0200] "HEAD / HTTP/1.1" 200 0 "http://nagybistvan.hu" "Mozilla/5.0+(compatible; UptimeRobot/2.0; http://www.uptimerobot.com/)"
17.241.75.186 - - [01/Jul/2025:01:10:14 +0200] "GET /index.php?c=mozaik HTTP/1.1" 200 17372 "-" "Mozilla/5.0 (Macintosh; Intel Mac OS X 10_15_7) AppleWebKit/605.1.15 (KHTML, like Gecko) Version/17.4 Safari/605.1.15 (Applebot/0.1; +http://www.apple.com/go/applebot)"
78.46.190.63 - - [01/Jul/2025:01:10:17 +0200] "HEAD / HTTP/1.1" 200 0 "http://nagybistvan.hu" "Mozilla/5.0+(compatible; UptimeRobot/2.0; http://www.uptimerobot.com/)"
142.132.180.39 - - [01/Jul/2025:01:15:21 +0200] "HEAD / HTTP/1.1" 200 0 "http://nagybistvan.hu" "Mozilla/5.0+(compatible; UptimeRobot/2.0; http://www.uptimerobot.com/)"
128.140.41.193 - - [01/Jul/2025:01:20:24 +0200] "HEAD / HTTP/1.1" 200 0 "http://nagybistvan.hu" "Mozilla/5.0+(compatible; UptimeRobot/2.0; http://www.uptimerobot.com/)"
66.249.64.129 - - [01/Jul/2025:01:23:26 +0200] "GET /robots.txt HTTP/1.1" 404 1181 "-" "Mozilla/5.0 (compatible; Googlebot/2.1; +http://www.google.com/bot.html)"
66.249.64.128 - - [01/Jul/2025:01:23:27 +0200] "GET /media/image/21.341.002.jpg HTTP/1.1" 200 81636 "-" "Googlebot-Image/1.0"
168.119.53.160 - - [01/Jul/2025:01:25:28 +0200] "HEAD / HTTP/1.1" 200 0 "http://nagybistvan.hu" "Mozilla/5.0+(compatible; UptimeRobot/2.0; http://www.uptimerobot.com/)"
128.140.41.193 - - [01/Jul/2025:01:30:32 +0200] "HEAD / HTTP/1.1" 200 0 "http://nagybistvan.hu" "Mozilla/5.0+(compatible; UptimeRobot/2.0; http://www.uptimerobot.com/)"
49.13.130.29 - - [01/Jul/2025:01:35:35 +0200] "HEAD / HTTP/1.1" 200 0 "http://nagybistvan.hu" "Mozilla/5.0+(compatible; UptimeRobot/2.0; http://www.uptimerobot.com/)"
89.163.242.76 - - [01/Jul/2025:01:37:34 +0200] "GET /gdftps.php HTTP/1.1" 404 37 "www.google.com" "Mozlila/5.0 (Linux; Android 7.0; SM-G892A Bulid/NRD90M; wv) AppleWebKit/537.36 (KHTML, like Gecko) Version/4.0 Chrome/60.0.3112.107 Moblie Safari/537.36"
128.140.106.114 - - [01/Jul/2025:01:40:39 +0200] "HEAD / HTTP/1.1" 200 0 "http://nagybistvan.hu" "Mozilla/5.0+(compatible; UptimeRobot/2.0; http://www.uptimerobot.com/)"
168.119.123.75 - - [01/Jul/2025:01:45:42 +0200] "HEAD / HTTP/1.1" 200 0 "http://nagybistvan.hu" "Mozilla/5.0+(compatible; UptimeRobot/2.0; http://www.uptimerobot.com/)"
167.235.143.113 - - [01/Jul/2025:01:50:46 +0200] "HEAD / HTTP/1.1" 200 0 "http://nagybistvan.hu" "Mozilla/5.0+(compatible; UptimeRobot/2.0; http://www.uptimerobot.com/)"
168.119.53.160 - - [01/Jul/2025:01:55:49 +0200] "HEAD / HTTP/1.1" 200 0 "http://nagybistvan.hu" "Mozilla/5.0+(compatible; UptimeRobot/2.0; http://www.uptimerobot.com/)"
168.119.53.160 - - [01/Jul/2025:02:00:52 +0200] "HEAD / HTTP/1.1" 200 0 "http://nagybistvan.hu" "Mozilla/5.0+(compatible; UptimeRobot/2.0; http://www.uptimerobot.com/)"
54.36.148.214 - - [01/Jul/2025:02:03:22 +0200] "GET /index.php?c=zsambek&cp=5 HTTP/1.1" 200 12903 "-" "Mozilla/5.0 (compatible; AhrefsBot/7.0; +http://ahrefs.com/robot/)"
78.47.173.76 - - [01/Jul/2025:02:05:56 +0200] "HEAD / HTTP/1.1" 200 0 "http://nagybistvan.hu" "Mozilla/5.0+(compatible; UptimeRobot/2.0; http://www.uptimerobot.com/)"
78.46.190.63 - - [01/Jul/2025:02:10:59 +0200] "HEAD / HTTP/1.1" 200 0 "http://nagybistvan.hu" "Mozilla/5.0+(compatible; UptimeRobot/2.0; http://www.uptimerobot.com/)"
159.69.158.189 - - [01/Jul/2025:02:16:03 +0200] "HEAD / HTTP/1.1" 200 0 "http://nagybistvan.hu" "Mozilla/5.0+(compatible; UptimeRobot/2.0; http://www.uptimerobot.com/)"
66.249.64.132 - - [01/Jul/2025:02:18:22 +0200] "GET /media/image/30.353.001.jpg HTTP/1.1" 200 220257 "-" "Googlebot-Image/1.0"
88.99.80.227 - - [01/Jul/2025:02:21:07 +0200] "HEAD / HTTP/1.1" 200 0 "http://nagybistvan.hu" "Mozilla/5.0+(compatible; UptimeRobot/2.0; http://www.uptimerobot.com/)"
159.69.158.189 - - [01/Jul/2025:02:26:12 +0200] "HEAD / HTTP/1.1" 200 0 "http://nagybistvan.hu" "Mozilla/5.0+(compatible; UptimeRobot/2.0; http://www.uptimerobot.com/)"
49.13.24.81 - - [01/Jul/2025:02:31:17 +0200] "HEAD / HTTP/1.1" 200 0 "http://nagybistvan.hu" "Mozilla/5.0+(compatible; UptimeRobot/2.0; http://www.uptimerobot.com/)"
78.47.98.55 - - [01/Jul/2025:02:36:21 +0200] "HEAD / HTTP/1.1" 200 0 "http://nagybistvan.hu" "Mozilla/5.0+(compatible; UptimeRobot/2.0; http://www.uptimerobot.com/)"
168.119.96.239 - - [01/Jul/2025:02:41:26 +0200] "HEAD / HTTP/1.1" 200 0 "http://nagybistvan.hu" "Mozilla/5.0+(compatible; UptimeRobot/2.0; http://www.uptimerobot.com/)"
66.249.64.132 - - [01/Jul/2025:02:43:59 +0200] "GET /media/image/21.289.001.jpg HTTP/1.1" 200 151132 "-" "Googlebot-Image/1.0"
78.46.190.63 - - [01/Jul/2025:02:46:30 +0200] "HEAD / HTTP/1.1" 200 0 "http://nagybistvan.hu" "Mozilla/5.0+(compatible; UptimeRobot/2.0; http://www.uptimerobot.com/)"
66.249.64.128 - - [01/Jul/2025:02:50:58 +0200] "GET /media/image/07.110.058.jpg HTTP/1.1" 200 130240 "-" "Googlebot-Image/1.0"
128.140.41.193 - - [01/Jul/2025:02:51:33 +0200] "HEAD / HTTP/1.1" 200 0 "http://nagybistvan.hu" "Mozilla/5.0+(compatible; UptimeRobot/2.0; http://www.uptimerobot.com/)"
77.75.76.161 - - [01/Jul/2025:02:54:35 +0200] "GET /egyeni/ HTTP/1.1" 302 5 "-" "Mozilla/5.0 (compatible; SeznamBot/4.0; +https://o-seznam.cz/napoveda/vyhledavani/en/seznambot-crawler/)"
78.46.190.63 - - [01/Jul/2025:02:56:37 +0200] "HEAD / HTTP/1.1" 200 0 "http://nagybistvan.hu" "Mozilla/5.0+(compatible; UptimeRobot/2.0; http://www.uptimerobot.com/)"
168.119.123.75 - - [01/Jul/2025:03:01:41 +0200] "HEAD / HTTP/1.1" 200 0 "http://nagybistvan.hu" "Mozilla/5.0+(compatible; UptimeRobot/2.0; http://www.uptimerobot.com/)"
66.249.64.132 - - [01/Jul/2025:03:04:00 +0200] "GET /media/image/30.356.001.jpg HTTP/1.1" 200 200262 "-" "Googlebot-Image/1.0"
159.69.158.189 - - [01/Jul/2025:03:06:44 +0200] "HEAD / HTTP/1.1" 200 0 "http://nagybistvan.hu" "Mozilla/5.0+(compatible; UptimeRobot/2.0; http://www.uptimerobot.com/)"
128.140.41.193 - - [01/Jul/2025:03:11:48 +0200] "HEAD / HTTP/1.1" 200 0 "http://nagybistvan.hu" "Mozilla/5.0+(compatible; UptimeRobot/2.0; http://www.uptimerobot.com/)"
49.13.24.81 - - [01/Jul/2025:03:16:51 +0200] "HEAD / HTTP/1.1" 200 0 "http://nagybistvan.hu" "Mozilla/5.0+(compatible; UptimeRobot/2.0; http://www.uptimerobot.com/)"
78.47.173.76 - - [01/Jul/2025:03:21:55 +0200] "HEAD / HTTP/1.1" 200 0 "http://nagybistvan.hu" "Mozilla/5.0+(compatible; UptimeRobot/2.0; http://www.uptimerobot.com/)"
78.47.98.55 - - [01/Jul/2025:03:26:58 +0200] "HEAD / HTTP/1.1" 200 0 "http://nagybistvan.hu" "Mozilla/5.0+(compatible; UptimeRobot/2.0; http://www.uptimerobot.com/)"
66.249.64.129 - - [01/Jul/2025:03:27:58 +0200] "GET /index.php/media/image/07.055.001.jpg HTTP/1.1" 200 6773 "-" "Googlebot-Image/1.0"
167.235.143.113 - - [01/Jul/2025:03:32:03 +0200] "HEAD / HTTP/1.1" 200 0 "http://nagybistvan.hu" "Mozilla/5.0+(compatible; UptimeRobot/2.0; http://www.uptimerobot.com/)"
77.75.78.161 - - [01/Jul/2025:03:33:20 +0200] "GET /csoportos/ HTTP/1.1" 302 5 "-" "Mozilla/5.0 (compatible; SeznamBot/4.0; +https://o-seznam.cz/napoveda/vyhledavani/en/seznambot-crawler/)"
192.178.4.99 - - [01/Jul/2025:03:35:15 +0200] "GET /index.php?c=wehner HTTP/1.1" 200 25894 "-" "Mozilla/5.0 (Linux; Android 6.0.1; Nexus 5X Build/MMB29P) AppleWebKit/537.36 (KHTML, like Gecko) Chrome/137.0.7151.103 Mobile Safari/537.36 (compatible; Googlebot/2.1; +http://www.google.com/bot.html)"
168.119.53.160 - - [01/Jul/2025:03:37:06 +0200] "HEAD / HTTP/1.1" 200 0 "http://nagybistvan.hu" "Mozilla/5.0+(compatible; UptimeRobot/2.0; http://www.uptimerobot.com/)"
222.244.119.206 - - [01/Jul/2025:03:37:28 +0200] "GET / HTTP/1.1" 200 6674 "http://nagybistvan.hu/" "Mozilla/5.0 (Windows NT 6.1; WOW64) AppleWebKit/537.36 (KHTML, like Gecko) Chrome/50.0.2661.102 Safari/537.36"
66.249.64.132 - - [01/Jul/2025:03:38:58 +0200] "GET /media/image/21.110.076.jpg HTTP/1.1" 200 116677 "-" "Googlebot-Image/1.0"
49.13.164.148 - - [01/Jul/2025:03:42:10 +0200] "HEAD / HTTP/1.1" 200 0 "http://nagybistvan.hu" "Mozilla/5.0+(compatible; UptimeRobot/2.0; http://www.uptimerobot.com/)"
49.13.130.29 - - [01/Jul/2025:03:47:13 +0200] "HEAD / HTTP/1.1" 200 0 "http://nagybistvan.hu" "Mozilla/5.0+(compatible; UptimeRobot/2.0; http://www.uptimerobot.com/)"
192.178.4.99 - - [01/Jul/2025:03:49:38 +0200] "GET /vac070314megnyito.pdf HTTP/1.1" 304 - "-" "Mozilla/5.0 (Linux; Android 6.0.1; Nexus 5X Build/MMB29P) AppleWebKit/537.36 (KHTML, like Gecko) Chrome/137.0.7151.103 Mobile Safari/537.36 (compatible; Googlebot/2.1; +http://www.google.com/bot.html)"
88.99.80.227 - - [01/Jul/2025:03:52:17 +0200] "HEAD / HTTP/1.1" 200 0 "http://nagybistvan.hu" "Mozilla/5.0+(compatible; UptimeRobot/2.0; http://www.uptimerobot.com/)"
192.178.4.100 - - [01/Jul/2025:03:56:03 +0200] "GET /zsambek/Zsambek%20LIII.html HTTP/1.1" 304 - "-" "Mozilla/5.0 (Linux; Android 6.0.1; Nexus 5X Build/MMB29P) AppleWebKit/537.36 (KHTML, like Gecko) Chrome/137.0.7151.103 Mobile Safari/537.36 (compatible; Googlebot/2.1; +http://www.google.com/bot.html)"
167.235.143.113 - - [01/Jul/2025:03:57:20 +0200] "HEAD / HTTP/1.1" 200 0 "http://nagybistvan.hu" "Mozilla/5.0+(compatible; UptimeRobot/2.0; http://www.uptimerobot.com/)"
168.119.53.160 - - [01/Jul/2025:04:02:24 +0200] "HEAD / HTTP/1.1" 200 0 "http://nagybistvan.hu" "Mozilla/5.0+(compatible; UptimeRobot/2.0; http://www.uptimerobot.com/)"
192.178.4.98 - - [01/Jul/2025:04:03:01 +0200] "GET /zsambek/Zsambek%20LXXI.html HTTP/1.1" 304 - "-" "Mozilla/5.0 (Linux; Android 6.0.1; Nexus 5X Build/MMB29P) AppleWebKit/537.36 (KHTML, like Gecko) Chrome/137.0.7151.103 Mobile Safari/537.36 (compatible; Googlebot/2.1; +http://www.google.com/bot.html)"
216.244.66.227 - - [01/Jul/2025:04:03:19 +0200] "GET /robots.txt HTTP/1.1" 404 1181 "-" "Mozilla/5.0 (compatible; DotBot/1.2; +https://opensiteexplorer.org/dotbot; help@moz.com)"
49.13.24.81 - - [01/Jul/2025:04:07:26 +0200] "HEAD / HTTP/1.1" 200 0 "http://nagybistvan.hu" "Mozilla/5.0+(compatible; UptimeRobot/2.0; http://www.uptimerobot.com/)"
168.119.123.75 - - [01/Jul/2025:04:12:32 +0200] "HEAD / HTTP/1.1" 200 0 "http://nagybistvan.hu" "Mozilla/5.0+(compatible; UptimeRobot/2.0; http://www.uptimerobot.com/)"
216.244.66.227 - - [01/Jul/2025:04:14:03 +0200] "GET /index.php?c=wehner HTTP/1.1" 200 26004 "-" "Mozilla/5.0 (compatible; DotBot/1.2; +https://opensiteexplorer.org/dotbot; help@moz.com)"
66.249.64.128 - - [01/Jul/2025:04:14:58 +0200] "GET /media/image/21.341.001.jpg HTTP/1.1" 200 99351 "-" "Googlebot-Image/1.0"
88.99.80.227 - - [01/Jul/2025:04:17:34 +0200] "HEAD / HTTP/1.1" 200 0 "http://nagybistvan.hu" "Mozilla/5.0+(compatible; UptimeRobot/2.0; http://www.uptimerobot.com/)"
39.109.70.41 - - [01/Jul/2025:04:20:46 +0200] "HEAD / HTTP/1.1" 200 0 "-" "Mozilla/5.0"
167.235.143.113 - - [01/Jul/2025:04:22:39 +0200] "HEAD / HTTP/1.1" 200 0 "http://nagybistvan.hu" "Mozilla/5.0+(compatible; UptimeRobot/2.0; http://www.uptimerobot.com/)"
159.69.158.189 - - [01/Jul/2025:04:27:42 +0200] "HEAD / HTTP/1.1" 200 0 "http://nagybistvan.hu" "Mozilla/5.0+(compatible; UptimeRobot/2.0; http://www.uptimerobot.com/)"
159.69.158.189 - - [01/Jul/2025:04:32:46 +0200] "HEAD / HTTP/1.1" 200 0 "http://nagybistvan.hu" "Mozilla/5.0+(compatible; UptimeRobot/2.0; http://www.uptimerobot.com/)"
142.132.180.39 - - [01/Jul/2025:04:37:48 +0200] "HEAD / HTTP/1.1" 200 0 "http://nagybistvan.hu" "Mozilla/5.0+(compatible; UptimeRobot/2.0; http://www.uptimerobot.com/)"
49.13.164.148 - - [01/Jul/2025:04:42:52 +0200] "HEAD / HTTP/1.1" 200 0 "http://nagybistvan.hu" "Mozilla/5.0+(compatible; UptimeRobot/2.0; http://www.uptimerobot.com/)"
39.109.70.41 - - [01/Jul/2025:04:44:36 +0200] "GET / HTTP/1.1" 200 6748 "-" "Mozilla/5.0"
157.90.155.240 - - [01/Jul/2025:04:47:55 +0200] "HEAD / HTTP/1.1" 200 0 "http://nagybistvan.hu" "Mozilla/5.0+(compatible; UptimeRobot/2.0; http://www.uptimerobot.com/)"
51.222.253.5 - - [01/Jul/2025:04:52:41 +0200] "GET /robots.txt HTTP/1.1" 404 1181 "-" "Mozilla/5.0 (compatible; AhrefsBot/7.0; +http://ahrefs.com/robot/)"
54.36.148.237 - - [01/Jul/2025:04:52:42 +0200] "GET / HTTP/1.1" 200 6678 "-" "Mozilla/5.0 (compatible; AhrefsBot/7.0; +http://ahrefs.com/robot/)"
168.119.123.75 - - [01/Jul/2025:04:52:59 +0200] "HEAD / HTTP/1.1" 200 0 "http://nagybistvan.hu" "Mozilla/5.0+(compatible; UptimeRobot/2.0; http://www.uptimerobot.com/)"
159.69.158.189 - - [01/Jul/2025:04:58:02 +0200] "HEAD / HTTP/1.1" 200 0 "http://nagybistvan.hu" "Mozilla/5.0+(compatible; UptimeRobot/2.0; http://www.uptimerobot.com/)"
168.119.53.160 - - [01/Jul/2025:05:03:09 +0200] "HEAD / HTTP/1.1" 200 0 "http://nagybistvan.hu" "Mozilla/5.0+(compatible; UptimeRobot/2.0; http://www.uptimerobot.com/)"
128.140.106.114 - - [01/Jul/2025:05:08:14 +0200] "HEAD / HTTP/1.1" 200 0 "http://nagybistvan.hu" "Mozilla/5.0+(compatible; UptimeRobot/2.0; http://www.uptimerobot.com/)"
78.47.173.76 - - [01/Jul/2025:05:13:17 +0200] "HEAD / HTTP/1.1" 200 0 "http://nagybistvan.hu" "Mozilla/5.0+(compatible; UptimeRobot/2.0; http://www.uptimerobot.com/)"
78.46.190.63 - - [01/Jul/2025:05:18:21 +0200] "HEAD / HTTP/1.1" 200 0 "http://nagybistvan.hu" "Mozilla/5.0+(compatible; UptimeRobot/2.0; http://www.uptimerobot.com/)"
43.130.57.76 - - [01/Jul/2025:05:21:33 +0200] "GET / HTTP/1.1" 200 6672 "-" "Mozilla/5.0 (iPhone; CPU iPhone OS 13_2_3 like Mac OS X) AppleWebKit/605.1.15 (KHTML, like Gecko) Version/13.0.3 Mobile/15E148 Safari/604.1"
168.119.96.239 - - [01/Jul/2025:05:23:25 +0200] "HEAD / HTTP/1.1" 200 0 "http://nagybistvan.hu" "Mozilla/5.0+(compatible; UptimeRobot/2.0; http://www.uptimerobot.com/)"
192.178.4.100 - - [01/Jul/2025:05:24:18 +0200] "GET /zsambek/Zsambek%20LXXV.jpg HTTP/1.1" 304 - "-" "Googlebot-Image/1.0"
128.140.41.193 - - [01/Jul/2025:05:28:28 +0200] "HEAD / HTTP/1.1" 200 0 "http://nagybistvan.hu" "Mozilla/5.0+(compatible; UptimeRobot/2.0; http://www.uptimerobot.com/)"
192.178.4.99 - - [01/Jul/2025:05:30:58 +0200] "GET /mozaik/Mozaik_r9_t.jpg HTTP/1.1" 304 - "-" "Googlebot-Image/1.0"
49.13.134.145 - - [01/Jul/2025:05:33:31 +0200] "HEAD / HTTP/1.1" 200 0 "http://nagybistvan.hu" "Mozilla/5.0+(compatible; UptimeRobot/2.0; http://www.uptimerobot.com/)"
192.178.4.98 - - [01/Jul/2025:05:37:38 +0200] "GET /zsambek/Zsambek%20No131_t.jpg HTTP/1.1" 304 - "-" "Googlebot-Image/1.0"
128.140.41.193 - - [01/Jul/2025:05:38:35 +0200] "HEAD / HTTP/1.1" 200 0 "http://nagybistvan.hu" "Mozilla/5.0+(compatible; UptimeRobot/2.0; http://www.uptimerobot.com/)"
167.235.143.113 - - [01/Jul/2025:05:43:39 +0200] "HEAD / HTTP/1.1" 200 0 "http://nagybistvan.hu" "Mozilla/5.0+(compatible; UptimeRobot/2.0; http://www.uptimerobot.com/)"
192.178.4.100 - - [01/Jul/2025:05:45:18 +0200] "GET /zsambek/Zsambeki%20ablak.jpg HTTP/1.1" 304 - "-" "Googlebot-Image/1.0"
167.235.143.113 - - [01/Jul/2025:05:48:42 +0200] "HEAD / HTTP/1.1" 200 0 "http://nagybistvan.hu" "Mozilla/5.0+(compatible; UptimeRobot/2.0; http://www.uptimerobot.com/)"
66.249.64.132 - - [01/Jul/2025:05:49:38 +0200] "GET /?page=login HTTP/1.1" 200 6782 "-" "Mozilla/5.0 (Linux; Android 6.0.1; Nexus 5X Build/MMB29P) AppleWebKit/537.36 (KHTML, like Gecko) Chrome/137.0.7151.103 Mobile Safari/537.36 (compatible; Googlebot/2.1; +http://www.google.com/bot.html)"
157.90.156.63 - - [01/Jul/2025:05:53:47 +0200] "HEAD / HTTP/1.1" 200 0 "http://nagybistvan.hu" "Mozilla/5.0+(compatible; UptimeRobot/2.0; http://www.uptimerobot.com/)"
192.178.4.100 - - [01/Jul/2025:05:57:38 +0200] "GET /media/image/24.110.085.jpg HTTP/1.1" 200 138651 "-" "Googlebot-Image/1.0"
159.69.158.189 - - [01/Jul/2025:05:58:50 +0200] "HEAD / HTTP/1.1" 200 0 "http://nagybistvan.hu" "Mozilla/5.0+(compatible; UptimeRobot/2.0; http://www.uptimerobot.com/)"
78.47.173.76 - - [01/Jul/2025:06:03:53 +0200] "HEAD / HTTP/1.1" 200 0 "http://nagybistvan.hu" "Mozilla/5.0+(compatible; UptimeRobot/2.0; http://www.uptimerobot.com/)"
157.90.155.240 - - [01/Jul/2025:06:08:55 +0200] "HEAD / HTTP/1.1" 200 0 "http://nagybistvan.hu" "Mozilla/5.0+(compatible; UptimeRobot/2.0; http://www.uptimerobot.com/)"
78.47.98.55 - - [01/Jul/2025:06:13:59 +0200] "HEAD / HTTP/1.1" 200 0 "http://nagybistvan.hu" "Mozilla/5.0+(compatible; UptimeRobot/2.0; http://www.uptimerobot.com/)"
192.178.4.100 - - [01/Jul/2025:06:18:37 +0200] "GET /zsambek/Zsambek%20LXIII.jpg HTTP/1.1" 304 - "-" "Googlebot-Image/1.0"
159.69.158.189 - - [01/Jul/2025:06:19:01 +0200] "HEAD / HTTP/1.1" 200 0 "http://nagybistvan.hu" "Mozilla/5.0+(compatible; UptimeRobot/2.0; http://www.uptimerobot.com/)"
49.13.130.29 - - [01/Jul/2025:06:24:07 +0200] "HEAD / HTTP/1.1" 200 0 "http://nagybistvan.hu" "Mozilla/5.0+(compatible; UptimeRobot/2.0; http://www.uptimerobot.com/)"
159.69.158.189 - - [01/Jul/2025:06:29:10 +0200] "HEAD / HTTP/1.1" 200 0 "http://nagybistvan.hu" "Mozilla/5.0+(compatible; UptimeRobot/2.0; http://www.uptimerobot.com/)"
78.47.173.76 - - [01/Jul/2025:06:34:13 +0200] "HEAD / HTTP/1.1" 200 0 "http://nagybistvan.hu" "Mozilla/5.0+(compatible; UptimeRobot/2.0; http://www.uptimerobot.com/)"
168.119.96.239 - - [01/Jul/2025:06:39:16 +0200] "HEAD / HTTP/1.1" 200 0 "http://nagybistvan.hu" "Mozilla/5.0+(compatible; UptimeRobot/2.0; http://www.uptimerobot.com/)"
168.119.53.160 - - [01/Jul/2025:06:44:20 +0200] "HEAD / HTTP/1.1" 200 0 "http://nagybistvan.hu" "Mozilla/5.0+(compatible; UptimeRobot/2.0; http://www.uptimerobot.com/)"
54.215.57.8 - - [01/Jul/2025:06:47:45 +0200] "GET / HTTP/1.1" 200 6790 "-" "bitdiscovery-suggestions"
66.249.64.129 - - [01/Jul/2025:06:47:52 +0200] "GET /media/image/07.110.124.jpg HTTP/1.1" 200 182575 "-" "Googlebot-Image/1.0"
49.13.130.29 - - [01/Jul/2025:06:49:25 +0200] "HEAD / HTTP/1.1" 200 0 "http://nagybistvan.hu" "Mozilla/5.0+(compatible; UptimeRobot/2.0; http://www.uptimerobot.com/)"
66.249.64.129 - - [01/Jul/2025:06:52:12 +0200] "GET /media/image/23.334.001.jpg HTTP/1.1" 200 150574 "-" "Googlebot-Image/1.0"
78.47.173.76 - - [01/Jul/2025:06:54:28 +0200] "HEAD / HTTP/1.1" 200 0 "http://nagybistvan.hu" "Mozilla/5.0+(compatible; UptimeRobot/2.0; http://www.uptimerobot.com/)"
167.235.143.113 - - [01/Jul/2025:06:59:31 +0200] "HEAD / HTTP/1.1" 200 0 "http://nagybistvan.hu" "Mozilla/5.0+(compatible; UptimeRobot/2.0; http://www.uptimerobot.com/)"
49.13.130.29 - - [01/Jul/2025:07:04:35 +0200] "HEAD / HTTP/1.1" 200 0 "http://nagybistvan.hu" "Mozilla/5.0+(compatible; UptimeRobot/2.0; http://www.uptimerobot.com/)"
49.13.164.148 - - [01/Jul/2025:07:09:39 +0200] "HEAD / HTTP/1.1" 200 0 "http://nagybistvan.hu" "Mozilla/5.0+(compatible; UptimeRobot/2.0; http://www.uptimerobot.com/)"
78.46.190.63 - - [01/Jul/2025:07:14:42 +0200] "HEAD / HTTP/1.1" 200 0 "http://nagybistvan.hu" "Mozilla/5.0+(compatible; UptimeRobot/2.0; http://www.uptimerobot.com/)"
128.140.41.193 - - [01/Jul/2025:07:19:45 +0200] "HEAD / HTTP/1.1" 200 0 "http://nagybistvan.hu" "Mozilla/5.0+(compatible; UptimeRobot/2.0; http://www.uptimerobot.com/)"
159.69.158.189 - - [01/Jul/2025:07:24:51 +0200] "HEAD / HTTP/1.1" 200 0 "http://nagybistvan.hu" "Mozilla/5.0+(compatible; UptimeRobot/2.0; http://www.uptimerobot.com/)"
109.70.100.2 - - [01/Jul/2025:07:26:45 +0200] "GET / HTTP/1.1" 200 6622 "nagybistvan.hu" "Mozilla/5.0 (Linux; Android 8.0.0; H4413 Build/50.1.A.13.123) AppleWebKit/537.36 (KHTML, like Gecko) Chrome/77.0.3865.116 Mobile Safari/537.36 YaApp_Android/9.40 YaSearchBrowser/9.40"
109.70.100.2 - - [01/Jul/2025:07:26:45 +0200] "GET /bio HTTP/1.1" 301 313 "http://nagybistvan.hu/bio" "Mozilla/5.0 (Linux; Android 8.0.0; H4413 Build/50.1.A.13.123) AppleWebKit/537.36 (KHTML, like Gecko) Chrome/77.0.3865.116 Mobile Safari/537.36 YaApp_Android/9.40 YaSearchBrowser/9.40"
109.70.100.2 - - [01/Jul/2025:07:26:46 +0200] "GET /bio/ HTTP/1.1" 302 5 "http://nagybistvan.hu/bio" "Mozilla/5.0 (Linux; Android 8.0.0; H4413 Build/50.1.A.13.123) AppleWebKit/537.36 (KHTML, like Gecko) Chrome/77.0.3865.116 Mobile Safari/537.36 YaApp_Android/9.40 YaSearchBrowser/9.40"
109.70.100.2 - - [01/Jul/2025:07:26:46 +0200] "GET /index.php?c=bio HTTP/1.1" 200 13230 "http://nagybistvan.hu/bio" "Mozilla/5.0 (Linux; Android 8.0.0; H4413 Build/50.1.A.13.123) AppleWebKit/537.36 (KHTML, like Gecko) Chrome/77.0.3865.116 Mobile Safari/537.36 YaApp_Android/9.40 YaSearchBrowser/9.40"
109.70.100.2 - - [01/Jul/2025:07:26:46 +0200] "GET /csoportos HTTP/1.1" 301 319 "http://nagybistvan.hu/csoportos" "Mozilla/5.0 (Linux; Android 8.0.0; H4413 Build/50.1.A.13.123) AppleWebKit/537.36 (KHTML, like Gecko) Chrome/77.0.3865.116 Mobile Safari/537.36 YaApp_Android/9.40 YaSearchBrowser/9.40"
109.70.100.2 - - [01/Jul/2025:07:26:47 +0200] "GET /csoportos/ HTTP/1.1" 302 5 "http://nagybistvan.hu/csoportos" "Mozilla/5.0 (Linux; Android 8.0.0; H4413 Build/50.1.A.13.123) AppleWebKit/537.36 (KHTML, like Gecko) Chrome/77.0.3865.116 Mobile Safari/537.36 YaApp_Android/9.40 YaSearchBrowser/9.40"
109.70.100.2 - - [01/Jul/2025:07:26:47 +0200] "GET /index.php?c=csoportos HTTP/1.1" 200 13273 "http://nagybistvan.hu/csoportos" "Mozilla/5.0 (Linux; Android 8.0.0; H4413 Build/50.1.A.13.123) AppleWebKit/537.36 (KHTML, like Gecko) Chrome/77.0.3865.116 Mobile Safari/537.36 YaApp_Android/9.40 YaSearchBrowser/9.40"
109.70.100.2 - - [01/Jul/2025:07:26:47 +0200] "GET /dijai HTTP/1.1" 301 315 "http://nagybistvan.hu/dijai" "Mozilla/5.0 (Linux; Android 8.0.0; H4413 Build/50.1.A.13.123) AppleWebKit/537.36 (KHTML, like Gecko) Chrome/77.0.3865.116 Mobile Safari/537.36 YaApp_Android/9.40 YaSearchBrowser/9.40"
109.70.100.2 - - [01/Jul/2025:07:26:48 +0200] "GET /dijai/ HTTP/1.1" 302 5 "http://nagybistvan.hu/dijai" "Mozilla/5.0 (Linux; Android 8.0.0; H4413 Build/50.1.A.13.123) AppleWebKit/537.36 (KHTML, like Gecko) Chrome/77.0.3865.116 Mobile Safari/537.36 YaApp_Android/9.40 YaSearchBrowser/9.40"
109.70.100.2 - - [01/Jul/2025:07:26:48 +0200] "GET /index.php?c=dijai HTTP/1.1" 200 6924 "http://nagybistvan.hu/dijai" "Mozilla/5.0 (Linux; Android 8.0.0; H4413 Build/50.1.A.13.123) AppleWebKit/537.36 (KHTML, like Gecko) Chrome/77.0.3865.116 Mobile Safari/537.36 YaApp_Android/9.40 YaSearchBrowser/9.40"
109.70.100.2 - - [01/Jul/2025:07:26:48 +0200] "GET /egyeni HTTP/1.1" 301 316 "http://nagybistvan.hu/egyeni" "Mozilla/5.0 (Linux; Android 8.0.0; H4413 Build/50.1.A.13.123) AppleWebKit/537.36 (KHTML, like Gecko) Chrome/77.0.3865.116 Mobile Safari/537.36 YaApp_Android/9.40 YaSearchBrowser/9.40"
109.70.100.2 - - [01/Jul/2025:07:26:49 +0200] "GET /egyeni/ HTTP/1.1" 302 5 "http://nagybistvan.hu/egyeni" "Mozilla/5.0 (Linux; Android 8.0.0; H4413 Build/50.1.A.13.123) AppleWebKit/537.36 (KHTML, like Gecko) Chrome/77.0.3865.116 Mobile Safari/537.36 YaApp_Android/9.40 YaSearchBrowser/9.40"
109.70.100.2 - - [01/Jul/2025:07:26:49 +0200] "GET /index.php?c=egyeni HTTP/1.1" 200 8438 "http://nagybistvan.hu/egyeni" "Mozilla/5.0 (Linux; Android 8.0.0; H4413 Build/50.1.A.13.123) AppleWebKit/537.36 (KHTML, like Gecko) Chrome/77.0.3865.116 Mobile Safari/537.36 YaApp_Android/9.40 YaSearchBrowser/9.40"
109.70.100.2 - - [01/Jul/2025:07:26:50 +0200] "GET /index.php HTTP/1.1" 200 6815 "http://nagybistvan.hu/index.php" "Mozilla/5.0 (Linux; Android 8.0.0; H4413 Build/50.1.A.13.123) AppleWebKit/537.36 (KHTML, like Gecko) Chrome/77.0.3865.116 Mobile Safari/537.36 YaApp_Android/9.40 YaSearchBrowser/9.40"
109.70.100.2 - - [01/Jul/2025:07:26:53 +0200] "GET /irasai HTTP/1.1" 301 316 "http://nagybistvan.hu/irasai" "Mozilla/5.0 (Linux; Android 8.0.0; H4413 Build/50.1.A.13.123) AppleWebKit/537.36 (KHTML, like Gecko) Chrome/77.0.3865.116 Mobile Safari/537.36 YaApp_Android/9.40 YaSearchBrowser/9.40"
109.70.100.2 - - [01/Jul/2025:07:26:53 +0200] "GET /irasai/ HTTP/1.1" 302 5 "http://nagybistvan.hu/irasai" "Mozilla/5.0 (Linux; Android 8.0.0; H4413 Build/50.1.A.13.123) AppleWebKit/537.36 (KHTML, like Gecko) Chrome/77.0.3865.116 Mobile Safari/537.36 YaApp_Android/9.40 YaSearchBrowser/9.40"
109.70.100.2 - - [01/Jul/2025:07:26:53 +0200] "GET /index.php?c=irasai HTTP/1.1" 200 7534 "http://nagybistvan.hu/irasai" "Mozilla/5.0 (Linux; Android 8.0.0; H4413 Build/50.1.A.13.123) AppleWebKit/537.36 (KHTML, like Gecko) Chrome/77.0.3865.116 Mobile Safari/537.36 YaApp_Android/9.40 YaSearchBrowser/9.40"
109.70.100.2 - - [01/Jul/2025:07:26:54 +0200] "GET /kepek HTTP/1.1" 301 315 "http://nagybistvan.hu/kepek" "Mozilla/5.0 (Linux; Android 8.0.0; H4413 Build/50.1.A.13.123) AppleWebKit/537.36 (KHTML, like Gecko) Chrome/77.0.3865.116 Mobile Safari/537.36 YaApp_Android/9.40 YaSearchBrowser/9.40"
109.70.100.2 - - [01/Jul/2025:07:26:54 +0200] "GET /kepek/ HTTP/1.1" 302 5 "http://nagybistvan.hu/kepek" "Mozilla/5.0 (Linux; Android 8.0.0; H4413 Build/50.1.A.13.123) AppleWebKit/537.36 (KHTML, like Gecko) Chrome/77.0.3865.116 Mobile Safari/537.36 YaApp_Android/9.40 YaSearchBrowser/9.40"
109.70.100.2 - - [01/Jul/2025:07:26:54 +0200] "GET /index.php?c=kepek HTTP/1.1" 200 10177 "http://nagybistvan.hu/kepek" "Mozilla/5.0 (Linux; Android 8.0.0; H4413 Build/50.1.A.13.123) AppleWebKit/537.36 (KHTML, like Gecko) Chrome/77.0.3865.116 Mobile Safari/537.36 YaApp_Android/9.40 YaSearchBrowser/9.40"
109.70.100.2 - - [01/Jul/2025:07:26:55 +0200] "GET /rolairtak HTTP/1.1" 301 319 "http://nagybistvan.hu/rolairtak" "Mozilla/5.0 (Linux; Android 8.0.0; H4413 Build/50.1.A.13.123) AppleWebKit/537.36 (KHTML, like Gecko) Chrome/77.0.3865.116 Mobile Safari/537.36 YaApp_Android/9.40 YaSearchBrowser/9.40"
109.70.100.2 - - [01/Jul/2025:07:26:55 +0200] "GET /rolairtak/ HTTP/1.1" 302 5 "http://nagybistvan.hu/rolairtak" "Mozilla/5.0 (Linux; Android 8.0.0; H4413 Build/50.1.A.13.123) AppleWebKit/537.36 (KHTML, like Gecko) Chrome/77.0.3865.116 Mobile Safari/537.36 YaApp_Android/9.40 YaSearchBrowser/9.40"
109.70.100.2 - - [01/Jul/2025:07:26:55 +0200] "GET /index.php?c=rolairtak HTTP/1.1" 200 8005 "http://nagybistvan.hu/rolairtak" "Mozilla/5.0 (Linux; Android 8.0.0; H4413 Build/50.1.A.13.123) AppleWebKit/537.36 (KHTML, like Gecko) Chrome/77.0.3865.116 Mobile Safari/537.36 YaApp_Android/9.40 YaSearchBrowser/9.40"
88.99.80.227 - - [01/Jul/2025:07:29:54 +0200] "HEAD / HTTP/1.1" 200 0 "http://nagybistvan.hu" "Mozilla/5.0+(compatible; UptimeRobot/2.0; http://www.uptimerobot.com/)"
128.140.106.114 - - [01/Jul/2025:07:34:57 +0200] "HEAD / HTTP/1.1" 200 0 "http://nagybistvan.hu" "Mozilla/5.0+(compatible; UptimeRobot/2.0; http://www.uptimerobot.com/)"
168.119.123.75 - - [01/Jul/2025:07:40:00 +0200] "HEAD / HTTP/1.1" 200 0 "http://nagybistvan.hu" "Mozilla/5.0+(compatible; UptimeRobot/2.0; http://www.uptimerobot.com/)"
159.69.158.189 - - [01/Jul/2025:07:45:04 +0200] "HEAD / HTTP/1.1" 200 0 "http://nagybistvan.hu" "Mozilla/5.0+(compatible; UptimeRobot/2.0; http://www.uptimerobot.com/)"
54.36.149.67 - - [01/Jul/2025:07:47:05 +0200] "GET /robots.txt HTTP/1.1" 404 1181 "-" "Mozilla/5.0 (compatible; AhrefsBot/7.0; +http://ahrefs.com/robot/)"
54.36.148.30 - - [01/Jul/2025:07:47:06 +0200] "GET / HTTP/1.1" 200 6712 "-" "Mozilla/5.0 (compatible; AhrefsBot/7.0; +http://ahrefs.com/robot/)"
49.13.167.123 - - [01/Jul/2025:07:50:08 +0200] "HEAD / HTTP/1.1" 200 0 "http://nagybistvan.hu" "Mozilla/5.0+(compatible; UptimeRobot/2.0; http://www.uptimerobot.com/)"
49.13.164.148 - - [01/Jul/2025:07:55:11 +0200] "HEAD / HTTP/1.1" 200 0 "http://nagybistvan.hu" "Mozilla/5.0+(compatible; UptimeRobot/2.0; http://www.uptimerobot.com/)"
147.182.226.57 - - [01/Jul/2025:07:59:03 +0200] "HEAD /wp.zip HTTP/1.1" 404 0 "-" "-"
89.46.110.93 - - [01/Jul/2025:07:59:05 +0200] "HEAD /old.zip HTTP/1.1" 404 0 "-" "-"
88.99.80.227 - - [01/Jul/2025:08:00:15 +0200] "HEAD / HTTP/1.1" 200 0 "http://nagybistvan.hu" "Mozilla/5.0+(compatible; UptimeRobot/2.0; http://www.uptimerobot.com/)"
88.99.80.227 - - [01/Jul/2025:08:05:19 +0200] "HEAD / HTTP/1.1" 200 0 "http://nagybistvan.hu" "Mozilla/5.0+(compatible; UptimeRobot/2.0; http://www.uptimerobot.com/)"
159.69.158.189 - - [01/Jul/2025:08:10:22 +0200] "HEAD / HTTP/1.1" 200 0 "http://nagybistvan.hu" "Mozilla/5.0+(compatible; UptimeRobot/2.0; http://www.uptimerobot.com/)"
193.189.100.198 - - [01/Jul/2025:08:12:52 +0200] "GET / HTTP/1.1" 200 6736 "nagybistvan.hu" "Mozilla/5.0 (Linux; Android 8.0.0; SM-G930F Build/R16NW; wv) AppleWebKit/537.36 (KHTML, like Gecko) Version/4.0 Chrome/81.0.4044.138 Mobile Safari/537.36"
193.189.100.198 - - [01/Jul/2025:08:12:53 +0200] "GET /bio HTTP/1.1" 301 313 "http://nagybistvan.hu/bio" "Mozilla/5.0 (Linux; Android 8.0.0; SM-G930F Build/R16NW; wv) AppleWebKit/537.36 (KHTML, like Gecko) Version/4.0 Chrome/81.0.4044.138 Mobile Safari/537.36"
193.189.100.198 - - [01/Jul/2025:08:12:53 +0200] "GET /bio/ HTTP/1.1" 302 5 "http://nagybistvan.hu/bio" "Mozilla/5.0 (Linux; Android 8.0.0; SM-G930F Build/R16NW; wv) AppleWebKit/537.36 (KHTML, like Gecko) Version/4.0 Chrome/81.0.4044.138 Mobile Safari/537.36"
193.189.100.198 - - [01/Jul/2025:08:12:53 +0200] "GET /index.php?c=bio HTTP/1.1" 200 13238 "http://nagybistvan.hu/bio" "Mozilla/5.0 (Linux; Android 8.0.0; SM-G930F Build/R16NW; wv) AppleWebKit/537.36 (KHTML, like Gecko) Version/4.0 Chrome/81.0.4044.138 Mobile Safari/537.36"
193.189.100.198 - - [01/Jul/2025:08:12:54 +0200] "GET /csoportos HTTP/1.1" 301 319 "http://nagybistvan.hu/csoportos" "Mozilla/5.0 (Linux; Android 8.0.0; SM-G930F Build/R16NW; wv) AppleWebKit/537.36 (KHTML, like Gecko) Version/4.0 Chrome/81.0.4044.138 Mobile Safari/537.36"
193.189.100.198 - - [01/Jul/2025:08:12:54 +0200] "GET /csoportos/ HTTP/1.1" 302 5 "http://nagybistvan.hu/csoportos" "Mozilla/5.0 (Linux; Android 8.0.0; SM-G930F Build/R16NW; wv) AppleWebKit/537.36 (KHTML, like Gecko) Version/4.0 Chrome/81.0.4044.138 Mobile Safari/537.36"
193.189.100.198 - - [01/Jul/2025:08:12:54 +0200] "GET /index.php?c=csoportos HTTP/1.1" 200 13239 "http://nagybistvan.hu/csoportos" "Mozilla/5.0 (Linux; Android 8.0.0; SM-G930F Build/R16NW; wv) AppleWebKit/537.36 (KHTML, like Gecko) Version/4.0 Chrome/81.0.4044.138 Mobile Safari/537.36"
193.189.100.198 - - [01/Jul/2025:08:12:55 +0200] "GET /dijai HTTP/1.1" 301 315 "http://nagybistvan.hu/dijai" "Mozilla/5.0 (Linux; Android 8.0.0; SM-G930F Build/R16NW; wv) AppleWebKit/537.36 (KHTML, like Gecko) Version/4.0 Chrome/81.0.4044.138 Mobile Safari/537.36"
193.189.100.198 - - [01/Jul/2025:08:12:55 +0200] "GET /dijai/ HTTP/1.1" 302 5 "http://nagybistvan.hu/dijai" "Mozilla/5.0 (Linux; Android 8.0.0; SM-G930F Build/R16NW; wv) AppleWebKit/537.36 (KHTML, like Gecko) Version/4.0 Chrome/81.0.4044.138 Mobile Safari/537.36"
193.189.100.198 - - [01/Jul/2025:08:12:56 +0200] "GET /index.php?c=dijai HTTP/1.1" 200 6996 "http://nagybistvan.hu/dijai" "Mozilla/5.0 (Linux; Android 8.0.0; SM-G930F Build/R16NW; wv) AppleWebKit/537.36 (KHTML, like Gecko) Version/4.0 Chrome/81.0.4044.138 Mobile Safari/537.36"
193.189.100.198 - - [01/Jul/2025:08:12:58 +0200] "GET /egyeni HTTP/1.1" 301 316 "http://nagybistvan.hu/egyeni" "Mozilla/5.0 (Linux; Android 8.0.0; SM-G930F Build/R16NW; wv) AppleWebKit/537.36 (KHTML, like Gecko) Version/4.0 Chrome/81.0.4044.138 Mobile Safari/537.36"
193.189.100.198 - - [01/Jul/2025:08:12:58 +0200] "GET /egyeni/ HTTP/1.1" 302 5 "http://nagybistvan.hu/egyeni" "Mozilla/5.0 (Linux; Android 8.0.0; SM-G930F Build/R16NW; wv) AppleWebKit/537.36 (KHTML, like Gecko) Version/4.0 Chrome/81.0.4044.138 Mobile Safari/537.36"
193.189.100.198 - - [01/Jul/2025:08:12:59 +0200] "GET /index.php?c=egyeni HTTP/1.1" 200 8432 "http://nagybistvan.hu/egyeni" "Mozilla/5.0 (Linux; Android 8.0.0; SM-G930F Build/R16NW; wv) AppleWebKit/537.36 (KHTML, like Gecko) Version/4.0 Chrome/81.0.4044.138 Mobile Safari/537.36"
193.189.100.198 - - [01/Jul/2025:08:13:00 +0200] "GET /index.php HTTP/1.1" 200 6653 "http://nagybistvan.hu/index.php" "Mozilla/5.0 (Linux; Android 8.0.0; SM-G930F Build/R16NW; wv) AppleWebKit/537.36 (KHTML, like Gecko) Version/4.0 Chrome/81.0.4044.138 Mobile Safari/537.36"
193.189.100.198 - - [01/Jul/2025:08:13:02 +0200] "GET /irasai HTTP/1.1" 301 316 "http://nagybistvan.hu/irasai" "Mozilla/5.0 (Linux; Android 8.0.0; SM-G930F Build/R16NW; wv) AppleWebKit/537.36 (KHTML, like Gecko) Version/4.0 Chrome/81.0.4044.138 Mobile Safari/537.36"
193.189.100.198 - - [01/Jul/2025:08:13:03 +0200] "GET /irasai/ HTTP/1.1" 302 5 "http://nagybistvan.hu/irasai" "Mozilla/5.0 (Linux; Android 8.0.0; SM-G930F Build/R16NW; wv) AppleWebKit/537.36 (KHTML, like Gecko) Version/4.0 Chrome/81.0.4044.138 Mobile Safari/537.36"
193.189.100.198 - - [01/Jul/2025:08:13:03 +0200] "GET /index.php?c=irasai HTTP/1.1" 200 7464 "http://nagybistvan.hu/irasai" "Mozilla/5.0 (Linux; Android 8.0.0; SM-G930F Build/R16NW; wv) AppleWebKit/537.36 (KHTML, like Gecko) Version/4.0 Chrome/81.0.4044.138 Mobile Safari/537.36"
45.141.215.114 - - [01/Jul/2025:08:13:04 +0200] "GET /kepek HTTP/1.1" 301 315 "http://nagybistvan.hu/kepek" "Mozilla/5.0 (Linux; Android 8.0.0; SM-G930F Build/R16NW; wv) AppleWebKit/537.36 (KHTML, like Gecko) Version/4.0 Chrome/81.0.4044.138 Mobile Safari/537.36"
45.141.215.114 - - [01/Jul/2025:08:13:05 +0200] "GET /kepek/ HTTP/1.1" 302 5 "http://nagybistvan.hu/kepek" "Mozilla/5.0 (Linux; Android 8.0.0; SM-G930F Build/R16NW; wv) AppleWebKit/537.36 (KHTML, like Gecko) Version/4.0 Chrome/81.0.4044.138 Mobile Safari/537.36"
45.141.215.114 - - [01/Jul/2025:08:13:05 +0200] "GET /index.php?c=kepek HTTP/1.1" 200 10177 "http://nagybistvan.hu/kepek" "Mozilla/5.0 (Linux; Android 8.0.0; SM-G930F Build/R16NW; wv) AppleWebKit/537.36 (KHTML, like Gecko) Version/4.0 Chrome/81.0.4044.138 Mobile Safari/537.36"
45.141.215.114 - - [01/Jul/2025:08:13:06 +0200] "GET /rolairtak HTTP/1.1" 301 319 "http://nagybistvan.hu/rolairtak" "Mozilla/5.0 (Linux; Android 8.0.0; SM-G930F Build/R16NW; wv) AppleWebKit/537.36 (KHTML, like Gecko) Version/4.0 Chrome/81.0.4044.138 Mobile Safari/537.36"
45.141.215.114 - - [01/Jul/2025:08:13:06 +0200] "GET /rolairtak/ HTTP/1.1" 302 5 "http://nagybistvan.hu/rolairtak" "Mozilla/5.0 (Linux; Android 8.0.0; SM-G930F Build/R16NW; wv) AppleWebKit/537.36 (KHTML, like Gecko) Version/4.0 Chrome/81.0.4044.138 Mobile Safari/537.36"
45.141.215.114 - - [01/Jul/2025:08:13:06 +0200] "GET /index.php?c=rolairtak HTTP/1.1" 200 8087 "http://nagybistvan.hu/rolairtak" "Mozilla/5.0 (Linux; Android 8.0.0; SM-G930F Build/R16NW; wv) AppleWebKit/537.36 (KHTML, like Gecko) Version/4.0 Chrome/81.0.4044.138 Mobile Safari/537.36"
49.13.164.148 - - [01/Jul/2025:08:15:26 +0200] "HEAD / HTTP/1.1" 200 0 "http://nagybistvan.hu" "Mozilla/5.0+(compatible; UptimeRobot/2.0; http://www.uptimerobot.com/)"
66.249.64.132 - - [01/Jul/2025:08:17:24 +0200] "GET /media/image/21.110.080.jpg HTTP/1.1" 200 113862 "-" "Googlebot-Image/1.0"
17.241.75.108 - - [01/Jul/2025:08:18:31 +0200] "GET /index.php?c=zsambek HTTP/1.1" 200 16292 "-" "Mozilla/5.0 (Macintosh; Intel Mac OS X 10_15_7) AppleWebKit/605.1.15 (KHTML, like Gecko) Version/17.4 Safari/605.1.15 (Applebot/0.1; +http://www.apple.com/go/applebot)"
49.13.134.145 - - [01/Jul/2025:08:20:29 +0200] "HEAD / HTTP/1.1" 200 0 "http://nagybistvan.hu" "Mozilla/5.0+(compatible; UptimeRobot/2.0; http://www.uptimerobot.com/)"
168.119.96.239 - - [01/Jul/2025:08:25:34 +0200] "HEAD / HTTP/1.1" 200 0 "http://nagybistvan.hu" "Mozilla/5.0+(compatible; UptimeRobot/2.0; http://www.uptimerobot.com/)"
168.119.53.160 - - [01/Jul/2025:08:30:41 +0200] "HEAD / HTTP/1.1" 200 0 "http://nagybistvan.hu" "Mozilla/5.0+(compatible; UptimeRobot/2.0; http://www.uptimerobot.com/)"
49.13.167.123 - - [01/Jul/2025:08:35:48 +0200] "HEAD / HTTP/1.1" 200 0 "http://nagybistvan.hu" "Mozilla/5.0+(compatible; UptimeRobot/2.0; http://www.uptimerobot.com/)"
168.119.96.239 - - [01/Jul/2025:08:40:54 +0200] "HEAD / HTTP/1.1" 200 0 "http://nagybistvan.hu" "Mozilla/5.0+(compatible; UptimeRobot/2.0; http://www.uptimerobot.com/)"
78.47.98.55 - - [01/Jul/2025:08:45:58 +0200] "HEAD / HTTP/1.1" 200 0 "http://nagybistvan.hu" "Mozilla/5.0+(compatible; UptimeRobot/2.0; http://www.uptimerobot.com/)"
168.119.53.160 - - [01/Jul/2025:08:51:02 +0200] "HEAD / HTTP/1.1" 200 0 "http://nagybistvan.hu" "Mozilla/5.0+(compatible; UptimeRobot/2.0; http://www.uptimerobot.com/)"
192.178.4.100 - - [01/Jul/2025:08:53:40 +0200] "GET /media/image/07.121.001.jpg HTTP/1.1" 200 69001 "-" "Googlebot-Image/1.0"
168.119.96.239 - - [01/Jul/2025:08:56:08 +0200] "HEAD / HTTP/1.1" 200 0 "http://nagybistvan.hu" "Mozilla/5.0+(compatible; UptimeRobot/2.0; http://www.uptimerobot.com/)"
168.119.96.239 - - [01/Jul/2025:09:01:11 +0200] "HEAD / HTTP/1.1" 200 0 "http://nagybistvan.hu" "Mozilla/5.0+(compatible; UptimeRobot/2.0; http://www.uptimerobot.com/)"
157.90.156.63 - - [01/Jul/2025:09:06:17 +0200] "HEAD / HTTP/1.1" 200 0 "http://nagybistvan.hu" "Mozilla/5.0+(compatible; UptimeRobot/2.0; http://www.uptimerobot.com/)"
66.249.64.129 - - [01/Jul/2025:09:08:49 +0200] "GET /media/image/07.110.067.jpg HTTP/1.1" 200 128723 "-" "Googlebot-Image/1.0"
49.13.24.81 - - [01/Jul/2025:09:11:24 +0200] "HEAD / HTTP/1.1" 200 0 "http://nagybistvan.hu" "Mozilla/5.0+(compatible; UptimeRobot/2.0; http://www.uptimerobot.com/)"
168.119.96.239 - - [01/Jul/2025:09:16:26 +0200] "HEAD / HTTP/1.1" 200 0 "http://nagybistvan.hu" "Mozilla/5.0+(compatible; UptimeRobot/2.0; http://www.uptimerobot.com/)"
66.249.64.129 - - [01/Jul/2025:09:20:23 +0200] "GET /media/image/21.110.079.jpg HTTP/1.1" 200 111296 "-" "Googlebot-Image/1.0"
168.119.53.160 - - [01/Jul/2025:09:21:29 +0200] "HEAD / HTTP/1.1" 200 0 "http://nagybistvan.hu" "Mozilla/5.0+(compatible; UptimeRobot/2.0; http://www.uptimerobot.com/)"
66.249.64.128 - - [01/Jul/2025:09:25:57 +0200] "GET /media/image/30.367.001.jpg HTTP/1.1" 200 193042 "-" "Googlebot-Image/1.0"
168.119.123.75 - - [01/Jul/2025:09:26:34 +0200] "HEAD / HTTP/1.1" 200 0 "http://nagybistvan.hu" "Mozilla/5.0+(compatible; UptimeRobot/2.0; http://www.uptimerobot.com/)"
159.69.158.189 - - [01/Jul/2025:09:31:37 +0200] "HEAD / HTTP/1.1" 200 0 "http://nagybistvan.hu" "Mozilla/5.0+(compatible; UptimeRobot/2.0; http://www.uptimerobot.com/)"
192.178.4.98 - - [01/Jul/2025:09:34:32 +0200] "GET /media/image/07.051.001.jpg HTTP/1.1" 200 77907 "-" "Googlebot-Image/1.0"
216.244.66.227 - - [01/Jul/2025:09:36:35 +0200] "GET /robots.txt HTTP/1.1" 404 1181 "-" "Mozilla/5.0 (compatible; DotBot/1.2; +https://opensiteexplorer.org/dotbot; help@moz.com)"
128.140.41.193 - - [01/Jul/2025:09:36:41 +0200] "HEAD / HTTP/1.1" 200 0 "http://nagybistvan.hu" "Mozilla/5.0+(compatible; UptimeRobot/2.0; http://www.uptimerobot.com/)"
49.13.24.81 - - [01/Jul/2025:09:41:45 +0200] "HEAD / HTTP/1.1" 200 0 "http://nagybistvan.hu" "Mozilla/5.0+(compatible; UptimeRobot/2.0; http://www.uptimerobot.com/)"
168.119.53.160 - - [01/Jul/2025:09:46:48 +0200] "HEAD / HTTP/1.1" 200 0 "http://nagybistvan.hu" "Mozilla/5.0+(compatible; UptimeRobot/2.0; http://www.uptimerobot.com/)"
216.244.66.227 - - [01/Jul/2025:09:49:29 +0200] "GET /media/image/07.022.001.jpg HTTP/1.1" 200 60759 "-" "Mozilla/5.0 (compatible; DotBot/1.2; +https://opensiteexplorer.org/dotbot; help@moz.com)"
216.244.66.227 - - [01/Jul/2025:09:50:01 +0200] "GET /media/image/07.110.046.jpg HTTP/1.1" 200 122600 "-" "Mozilla/5.0 (compatible; DotBot/1.2; +https://opensiteexplorer.org/dotbot; help@moz.com)"
216.244.66.227 - - [01/Jul/2025:09:50:46 +0200] "GET /media/image/23.110.075.jpg HTTP/1.1" 200 150486 "-" "Mozilla/5.0 (compatible; DotBot/1.2; +https://opensiteexplorer.org/dotbot; help@moz.com)"
49.13.164.148 - - [01/Jul/2025:09:51:52 +0200] "HEAD / HTTP/1.1" 200 0 "http://nagybistvan.hu" "Mozilla/5.0+(compatible; UptimeRobot/2.0; http://www.uptimerobot.com/)"
182.22.28.126 - - [01/Jul/2025:09:52:57 +0200] "GET /robots.txt HTTP/1.1" 404 1181 "-" "Y!J-DLC/1.0 (https://support.yahoo-net.jp/PccSearch/s/article/H000007955)"
182.22.28.119 - - [01/Jul/2025:09:52:58 +0200] "GET / HTTP/1.1" 200 6692 "-" "Y!J-DLC/1.0 (https://support.yahoo-net.jp/PccSearch/s/article/H000007955)"
49.13.130.29 - - [01/Jul/2025:09:56:55 +0200] "HEAD / HTTP/1.1" 200 0 "http://nagybistvan.hu" "Mozilla/5.0+(compatible; UptimeRobot/2.0; http://www.uptimerobot.com/)"
66.249.64.132 - - [01/Jul/2025:09:58:02 +0200] "GET /media/image/07.110.134.jpg HTTP/1.1" 200 139468 "-" "Googlebot-Image/1.0"
78.47.98.55 - - [01/Jul/2025:10:01:58 +0200] "HEAD / HTTP/1.1" 200 0 "http://nagybistvan.hu" "Mozilla/5.0+(compatible; UptimeRobot/2.0; http://www.uptimerobot.com/)"
168.119.123.75 - - [01/Jul/2025:10:07:02 +0200] "HEAD / HTTP/1.1" 200 0 "http://nagybistvan.hu" "Mozilla/5.0+(compatible; UptimeRobot/2.0; http://www.uptimerobot.com/)"
159.69.158.189 - - [01/Jul/2025:10:12:05 +0200] "HEAD / HTTP/1.1" 200 0 "http://nagybistvan.hu" "Mozilla/5.0+(compatible; UptimeRobot/2.0; http://www.uptimerobot.com/)"
17.241.227.130 - - [01/Jul/2025:10:12:16 +0200] "GET /favicon.ico HTTP/1.1" 404 1181 "-" "Mozilla/5.0 (Macintosh; Intel Mac OS X 10_15_7) AppleWebKit/605.1.15 (KHTML, like Gecko) Version/17.4 Safari/605.1.15 (Applebot/0.1; +http://www.apple.com/go/applebot)"
128.140.106.114 - - [01/Jul/2025:10:17:09 +0200] "HEAD / HTTP/1.1" 200 0 "http://nagybistvan.hu" "Mozilla/5.0+(compatible; UptimeRobot/2.0; http://www.uptimerobot.com/)"
66.249.64.128 - - [01/Jul/2025:10:19:31 +0200] "GET /media/image/07.049.001.jpg HTTP/1.1" 200 134293 "-" "Googlebot-Image/1.0"
216.244.66.227 - - [01/Jul/2025:10:22:10 +0200] "GET /robots.txt HTTP/1.1" 404 1181 "-" "Mozilla/5.0 (compatible; DotBot/1.2; +https://opensiteexplorer.org/dotbot; help@moz.com)"
216.244.66.227 - - [01/Jul/2025:10:22:10 +0200] "GET /robots.txt HTTP/1.1" 404 1181 "-" "Mozilla/5.0 (compatible; DotBot/1.2; +https://opensiteexplorer.org/dotbot; help@moz.com)"
49.13.130.29 - - [01/Jul/2025:10:22:15 +0200] "HEAD / HTTP/1.1" 200 0 "http://nagybistvan.hu" "Mozilla/5.0+(compatible; UptimeRobot/2.0; http://www.uptimerobot.com/)"
49.13.130.29 - - [01/Jul/2025:10:27:20 +0200] "HEAD / HTTP/1.1" 200 0 "http://nagybistvan.hu" "Mozilla/5.0+(compatible; UptimeRobot/2.0; http://www.uptimerobot.com/)"
216.244.66.227 - - [01/Jul/2025:10:27:51 +0200] "GET /media/image/24.306.001.jpg HTTP/1.1" 200 102996 "-" "Mozilla/5.0 (compatible; DotBot/1.2; +https://opensiteexplorer.org/dotbot; help@moz.com)"
216.244.66.227 - - [01/Jul/2025:10:29:55 +0200] "GET /media/image/21.583.001_1.jpg HTTP/1.1" 200 101668 "-" "Mozilla/5.0 (compatible; DotBot/1.2; +https://opensiteexplorer.org/dotbot; help@moz.com)"
216.244.66.227 - - [01/Jul/2025:10:30:54 +0200] "GET /media/image/30.348.001.jpg HTTP/1.1" 200 191530 "-" "Mozilla/5.0 (compatible; DotBot/1.2; +https://opensiteexplorer.org/dotbot; help@moz.com)"
216.244.66.227 - - [01/Jul/2025:10:31:31 +0200] "GET /media/image/07.239.006.jpg HTTP/1.1" 200 127391 "-" "Mozilla/5.0 (compatible; DotBot/1.2; +https://opensiteexplorer.org/dotbot; help@moz.com)"
78.47.173.76 - - [01/Jul/2025:10:32:24 +0200] "HEAD / HTTP/1.1" 200 0 "http://nagybistvan.hu" "Mozilla/5.0+(compatible; UptimeRobot/2.0; http://www.uptimerobot.com/)"
49.13.24.81 - - [01/Jul/2025:10:37:29 +0200] "HEAD / HTTP/1.1" 200 0 "http://nagybistvan.hu" "Mozilla/5.0+(compatible; UptimeRobot/2.0; http://www.uptimerobot.com/)"
88.99.80.227 - - [01/Jul/2025:10:42:33 +0200] "HEAD / HTTP/1.1" 200 0 "http://nagybistvan.hu" "Mozilla/5.0+(compatible; UptimeRobot/2.0; http://www.uptimerobot.com/)"
168.119.96.239 - - [01/Jul/2025:10:47:37 +0200] "HEAD / HTTP/1.1" 200 0 "http://nagybistvan.hu" "Mozilla/5.0+(compatible; UptimeRobot/2.0; http://www.uptimerobot.com/)"
78.47.98.55 - - [01/Jul/2025:10:52:41 +0200] "HEAD / HTTP/1.1" 200 0 "http://nagybistvan.hu" "Mozilla/5.0+(compatible; UptimeRobot/2.0; http://www.uptimerobot.com/)"
168.119.96.239 - - [01/Jul/2025:10:57:46 +0200] "HEAD / HTTP/1.1" 200 0 "http://nagybistvan.hu" "Mozilla/5.0+(compatible; UptimeRobot/2.0; http://www.uptimerobot.com/)"
168.119.96.239 - - [01/Jul/2025:11:02:49 +0200] "HEAD / HTTP/1.1" 200 0 "http://nagybistvan.hu" "Mozilla/5.0+(compatible; UptimeRobot/2.0; http://www.uptimerobot.com/)"
216.244.66.227 - - [01/Jul/2025:11:07:30 +0200] "GET /robots.txt HTTP/1.1" 404 1181 "-" "Mozilla/5.0 (compatible; DotBot/1.2; +https://opensiteexplorer.org/dotbot; help@moz.com)"
49.13.24.81 - - [01/Jul/2025:11:07:52 +0200] "HEAD / HTTP/1.1" 200 0 "http://nagybistvan.hu" "Mozilla/5.0+(compatible; UptimeRobot/2.0; http://www.uptimerobot.com/)"
78.46.190.63 - - [01/Jul/2025:11:12:56 +0200] "HEAD / HTTP/1.1" 200 0 "http://nagybistvan.hu" "Mozilla/5.0+(compatible; UptimeRobot/2.0; http://www.uptimerobot.com/)"
216.244.66.227 - - [01/Jul/2025:11:16:09 +0200] "GET /media/image/21.583.001_2.jpg HTTP/1.1" 200 139492 "-" "Mozilla/5.0 (compatible; DotBot/1.2; +https://opensiteexplorer.org/dotbot; help@moz.com)"
78.47.173.76 - - [01/Jul/2025:11:17:59 +0200] "HEAD / HTTP/1.1" 200 0 "http://nagybistvan.hu" "Mozilla/5.0+(compatible; UptimeRobot/2.0; http://www.uptimerobot.com/)"
49.13.130.29 - - [01/Jul/2025:11:23:04 +0200] "HEAD / HTTP/1.1" 200 0 "http://nagybistvan.hu" "Mozilla/5.0+(compatible; UptimeRobot/2.0; http://www.uptimerobot.com/)"
49.13.167.123 - - [01/Jul/2025:11:28:07 +0200] "HEAD / HTTP/1.1" 200 0 "http://nagybistvan.hu" "Mozilla/5.0+(compatible; UptimeRobot/2.0; http://www.uptimerobot.com/)"
43.130.57.46 - - [01/Jul/2025:11:30:36 +0200] "GET / HTTP/1.1" 200 6748 "-" "Mozilla/5.0 (iPhone; CPU iPhone OS 13_2_3 like Mac OS X) AppleWebKit/605.1.15 (KHTML, like Gecko) Version/13.0.3 Mobile/15E148 Safari/604.1"
159.69.158.189 - - [01/Jul/2025:11:33:10 +0200] "HEAD / HTTP/1.1" 200 0 "http://nagybistvan.hu" "Mozilla/5.0+(compatible; UptimeRobot/2.0; http://www.uptimerobot.com/)"
168.119.53.160 - - [01/Jul/2025:11:38:13 +0200] "HEAD / HTTP/1.1" 200 0 "http://nagybistvan.hu" "Mozilla/5.0+(compatible; UptimeRobot/2.0; http://www.uptimerobot.com/)"
