34.16.22.239 - - [04/Jul/2025:20:14:25 +0200] "HEAD /old HTTP/1.1" 404 0 "-" "Mozilla/5.0 (Windows NT 10.0; Win64; x64) AppleWebKit/537.36 (KHTML, like Gecko) Chrome/74.0.3729.169 Safari/537.36"
34.16.22.239 - - [04/Jul/2025:20:14:25 +0200] "HEAD /new HTTP/1.1" 404 0 "-" "Mozilla/5.0 (Windows NT 10.0; Win64; x64) AppleWebKit/537.36 (KHTML, like Gecko) Chrome/74.0.3729.169 Safari/537.36"
34.16.22.239 - - [04/Jul/2025:20:14:25 +0200] "HEAD /main HTTP/1.1" 404 0 "-" "Mozilla/5.0 (Windows NT 10.0; Win64; x64) AppleWebKit/537.36 (KHTML, like Gecko) Chrome/74.0.3729.169 Safari/537.36"
34.16.22.239 - - [04/Jul/2025:20:14:25 +0200] "HEAD /home HTTP/1.1" 404 0 "-" "Mozilla/5.0 (Windows NT 10.0; Win64; x64) AppleWebKit/537.36 (KHTML, like Gecko) Chrome/74.0.3729.169 Safari/537.36"
78.46.190.63 - - [04/Jul/2025:20:16:09 +0200] "HEAD / HTTP/1.1" 200 0 "http://nagybistvan.hu" "Mozilla/5.0+(compatible; UptimeRobot/2.0; http://www.uptimerobot.com/)"
88.99.80.227 - - [04/Jul/2025:20:21:12 +0200] "HEAD / HTTP/1.1" 200 0 "http://nagybistvan.hu" "Mozilla/5.0+(compatible; UptimeRobot/2.0; http://www.uptimerobot.com/)"
216.244.66.227 - - [04/Jul/2025:20:23:30 +0200] "GET /media/image/07.110.058.jpg HTTP/1.1" 200 130240 "-" "Mozilla/5.0 (compatible; DotBot/1.2; +https://opensiteexplorer.org/dotbot; help@moz.com)"
43.153.71.12 - - [04/Jul/2025:20:25:47 +0200] "GET /index.php?c=meszoly_miklos HTTP/1.1" 200 10116 "-" "Mozilla/5.0 (iPhone; CPU iPhone OS 13_2_3 like Mac OS X) AppleWebKit/605.1.15 (KHTML, like Gecko) Version/13.0.3 Mobile/15E148 Safari/604.1"
49.13.130.29 - - [04/Jul/2025:20:26:16 +0200] "HEAD / HTTP/1.1" 200 0 "http://nagybistvan.hu" "Mozilla/5.0+(compatible; UptimeRobot/2.0; http://www.uptimerobot.com/)"
216.244.66.227 - - [04/Jul/2025:20:27:28 +0200] "GET /media/image/07.015.001.jpg HTTP/1.1" 200 122343 "-" "Mozilla/5.0 (compatible; DotBot/1.2; +https://opensiteexplorer.org/dotbot; help@moz.com)"
142.132.180.39 - - [04/Jul/2025:20:31:19 +0200] "HEAD / HTTP/1.1" 200 0 "http://nagybistvan.hu" "Mozilla/5.0+(compatible; UptimeRobot/2.0; http://www.uptimerobot.com/)"
43.156.228.27 - - [04/Jul/2025:20:33:07 +0200] "GET /index.php?c=losonci HTTP/1.1" 200 6867 "-" "Mozilla/5.0 (iPhone; CPU iPhone OS 13_2_3 like Mac OS X) AppleWebKit/605.1.15 (KHTML, like Gecko) Version/13.0.3 Mobile/15E148 Safari/604.1"
216.244.66.227 - - [04/Jul/2025:20:34:28 +0200] "GET /index.php?c=arckepcsarnok HTTP/1.1" 200 17518 "-" "Mozilla/5.0 (compatible; DotBot/1.2; +https://opensiteexplorer.org/dotbot; help@moz.com)"
167.235.143.113 - - [04/Jul/2025:20:36:23 +0200] "HEAD / HTTP/1.1" 200 0 "http://nagybistvan.hu" "Mozilla/5.0+(compatible; UptimeRobot/2.0; http://www.uptimerobot.com/)"
49.13.24.81 - - [04/Jul/2025:20:41:26 +0200] "HEAD / HTTP/1.1" 200 0 "http://nagybistvan.hu" "Mozilla/5.0+(compatible; UptimeRobot/2.0; http://www.uptimerobot.com/)"
43.166.245.120 - - [04/Jul/2025:20:44:24 +0200] "GET /index.php?c=wehner HTTP/1.1" 200 26000 "-" "Mozilla/5.0 (iPhone; CPU iPhone OS 13_2_3 like Mac OS X) AppleWebKit/605.1.15 (KHTML, like Gecko) Version/13.0.3 Mobile/15E148 Safari/604.1"
49.13.164.148 - - [04/Jul/2025:20:46:30 +0200] "HEAD / HTTP/1.1" 200 0 "http://nagybistvan.hu" "Mozilla/5.0+(compatible; UptimeRobot/2.0; http://www.uptimerobot.com/)"
196.251.86.207 - - [04/Jul/2025:20:51:21 +0200] "GET / HTTP/1.1" 200 6708 "-" "-"
196.251.86.207 - - [04/Jul/2025:20:51:22 +0200] "GET /wordpress HTTP/1.1" 404 1181 "-" "-"
196.251.86.207 - - [04/Jul/2025:20:51:22 +0200] "GET /wp-admin/setup-config.php HTTP/1.1" 404 1181 "-" "-"
196.251.86.207 - - [04/Jul/2025:20:51:22 +0200] "GET /wp-admin/install.php HTTP/1.1" 404 1181 "-" "-"
196.251.86.207 - - [04/Jul/2025:20:51:22 +0200] "GET /wp HTTP/1.1" 404 1181 "-" "-"
196.251.86.207 - - [04/Jul/2025:20:51:22 +0200] "GET /blog HTTP/1.1" 404 1181 "-" "-"
196.251.86.207 - - [04/Jul/2025:20:51:22 +0200] "GET /new HTTP/1.1" 404 1181 "-" "-"
196.251.86.207 - - [04/Jul/2025:20:51:22 +0200] "GET /old HTTP/1.1" 404 1181 "-" "-"
196.251.86.207 - - [04/Jul/2025:20:51:22 +0200] "GET /newsite HTTP/1.1" 404 1181 "-" "-"
196.251.86.207 - - [04/Jul/2025:20:51:22 +0200] "GET /test HTTP/1.1" 404 1181 "-" "-"
196.251.86.207 - - [04/Jul/2025:20:51:22 +0200] "GET /main HTTP/1.1" 404 1181 "-" "-"
196.251.86.207 - - [04/Jul/2025:20:51:22 +0200] "GET /testing HTTP/1.1" 404 1181 "-" "-"
196.251.86.207 - - [04/Jul/2025:20:51:22 +0200] "GET /site HTTP/1.1" 404 1181 "-" "-"
196.251.86.207 - - [04/Jul/2025:20:51:22 +0200] "GET /backup HTTP/1.1" 404 1181 "-" "-"
196.251.86.207 - - [04/Jul/2025:20:51:22 +0200] "GET /demo HTTP/1.1" 404 1181 "-" "-"
196.251.86.207 - - [04/Jul/2025:20:51:22 +0200] "GET /home HTTP/1.1" 404 1181 "-" "-"
196.251.86.207 - - [04/Jul/2025:20:51:22 +0200] "GET /tmp HTTP/1.1" 404 1181 "-" "-"
196.251.86.207 - - [04/Jul/2025:20:51:22 +0200] "GET /dev HTTP/1.1" 404 1181 "-" "-"
196.251.86.207 - - [04/Jul/2025:20:51:22 +0200] "GET /cms HTTP/1.1" 404 1181 "-" "-"
196.251.86.207 - - [04/Jul/2025:20:51:22 +0200] "GET /portal HTTP/1.1" 404 1181 "-" "-"
196.251.86.207 - - [04/Jul/2025:20:51:23 +0200] "GET /web HTTP/1.1" 404 1181 "-" "-"
49.13.134.145 - - [04/Jul/2025:20:51:33 +0200] "HEAD / HTTP/1.1" 200 0 "http://nagybistvan.hu" "Mozilla/5.0+(compatible; UptimeRobot/2.0; http://www.uptimerobot.com/)"
43.130.15.147 - - [04/Jul/2025:20:53:32 +0200] "GET /index.php?c=festmenyekbarsonyfeszekben HTTP/1.1" 200 11237 "-" "Mozilla/5.0 (iPhone; CPU iPhone OS 13_2_3 like Mac OS X) AppleWebKit/605.1.15 (KHTML, like Gecko) Version/13.0.3 Mobile/15E148 Safari/604.1"
17.241.219.235 - - [04/Jul/2025:20:56:04 +0200] "GET /robots.txt HTTP/1.1" 404 1181 "-" "Mozilla/5.0 (Macintosh; Intel Mac OS X 10_15_7) AppleWebKit/605.1.15 (KHTML, like Gecko) Version/17.4 Safari/605.1.15 (Applebot/0.1; +http://www.apple.com/go/applebot)"
17.241.219.235 - - [04/Jul/2025:20:56:04 +0200] "GET /index.php?c=7080s HTTP/1.1" 200 17062 "-" "Mozilla/5.0 (Macintosh; Intel Mac OS X 10_15_7) AppleWebKit/605.1.15 (KHTML, like Gecko) Version/17.4 Safari/605.1.15 (Applebot/0.1; +http://www.apple.com/go/applebot)"
168.119.123.75 - - [04/Jul/2025:20:56:37 +0200] "HEAD / HTTP/1.1" 200 0 "http://nagybistvan.hu" "Mozilla/5.0+(compatible; UptimeRobot/2.0; http://www.uptimerobot.com/)"
216.244.66.227 - - [04/Jul/2025:20:58:37 +0200] "GET /robots.txt HTTP/1.1" 404 1181 "-" "Mozilla/5.0 (compatible; DotBot/1.2; +https://opensiteexplorer.org/dotbot; help@moz.com)"
216.244.66.227 - - [04/Jul/2025:20:58:37 +0200] "GET /robots.txt HTTP/1.1" 404 1181 "-" "Mozilla/5.0 (compatible; DotBot/1.2; +https://opensiteexplorer.org/dotbot; help@moz.com)"
66.249.77.193 - - [04/Jul/2025:21:01:20 +0200] "GET /media/image/24.110.088.jpg HTTP/1.1" 200 118368 "-" "Googlebot-Image/1.0"
49.13.134.145 - - [04/Jul/2025:21:01:40 +0200] "HEAD / HTTP/1.1" 200 0 "http://nagybistvan.hu" "Mozilla/5.0+(compatible; UptimeRobot/2.0; http://www.uptimerobot.com/)"
43.153.107.22 - - [04/Jul/2025:21:06:05 +0200] "GET /index.php?c=rolairtak&oby=3 HTTP/1.1" 200 8076 "-" "Mozilla/5.0 (iPhone; CPU iPhone OS 13_2_3 like Mac OS X) AppleWebKit/605.1.15 (KHTML, like Gecko) Version/13.0.3 Mobile/15E148 Safari/604.1"
49.13.167.123 - - [04/Jul/2025:21:06:45 +0200] "HEAD / HTTP/1.1" 200 0 "http://nagybistvan.hu" "Mozilla/5.0+(compatible; UptimeRobot/2.0; http://www.uptimerobot.com/)"
43.157.158.178 - - [04/Jul/2025:21:11:42 +0200] "GET /index.php?c=veszelszky HTTP/1.1" 200 6037 "-" "Mozilla/5.0 (iPhone; CPU iPhone OS 13_2_3 like Mac OS X) AppleWebKit/605.1.15 (KHTML, like Gecko) Version/13.0.3 Mobile/15E148 Safari/604.1"
142.132.180.39 - - [04/Jul/2025:21:11:48 +0200] "HEAD / HTTP/1.1" 200 0 "http://nagybistvan.hu" "Mozilla/5.0+(compatible; UptimeRobot/2.0; http://www.uptimerobot.com/)"
216.244.66.227 - - [04/Jul/2025:21:13:30 +0200] "GET /index.php?c=Bakonyvari_03 HTTP/1.1" 200 16260 "-" "Mozilla/5.0 (compatible; DotBot/1.2; +https://opensiteexplorer.org/dotbot; help@moz.com)"
216.244.66.227 - - [04/Jul/2025:21:14:49 +0200] "GET /index.php?c=Bakonyvari_02 HTTP/1.1" 200 8930 "-" "Mozilla/5.0 (compatible; DotBot/1.2; +https://opensiteexplorer.org/dotbot; help@moz.com)"
168.119.53.160 - - [04/Jul/2025:21:16:54 +0200] "HEAD / HTTP/1.1" 200 0 "http://nagybistvan.hu" "Mozilla/5.0+(compatible; UptimeRobot/2.0; http://www.uptimerobot.com/)"
216.244.66.227 - - [04/Jul/2025:21:17:22 +0200] "GET /index.php?c=Nagy_B_I_03 HTTP/1.1" 200 8699 "-" "Mozilla/5.0 (compatible; DotBot/1.2; +https://opensiteexplorer.org/dotbot; help@moz.com)"
216.244.66.227 - - [04/Jul/2025:21:17:25 +0200] "GET /index.php?c=Nagy_B_I_08 HTTP/1.1" 200 28000 "-" "Mozilla/5.0 (compatible; DotBot/1.2; +https://opensiteexplorer.org/dotbot; help@moz.com)"
51.68.111.207 - - [04/Jul/2025:21:20:33 +0200] "GET /robots.txt HTTP/1.1" 404 1181 "-" "Mozilla/5.0 (compatible; MJ12bot/v2.0.2; http://mj12bot.com/)"
51.68.111.207 - - [04/Jul/2025:21:20:33 +0200] "GET / HTTP/1.1" 200 6652 "-" "Mozilla/5.0 (compatible; MJ12bot/v2.0.2; http://mj12bot.com/)"
159.69.158.189 - - [04/Jul/2025:21:21:59 +0200] "HEAD / HTTP/1.1" 200 0 "http://nagybistvan.hu" "Mozilla/5.0+(compatible; UptimeRobot/2.0; http://www.uptimerobot.com/)"
128.140.41.193 - - [04/Jul/2025:21:27:03 +0200] "HEAD / HTTP/1.1" 200 0 "http://nagybistvan.hu" "Mozilla/5.0+(compatible; UptimeRobot/2.0; http://www.uptimerobot.com/)"
167.235.143.113 - - [04/Jul/2025:21:32:06 +0200] "HEAD / HTTP/1.1" 200 0 "http://nagybistvan.hu" "Mozilla/5.0+(compatible; UptimeRobot/2.0; http://www.uptimerobot.com/)"
66.249.77.192 - - [04/Jul/2025:21:33:59 +0200] "GET /robots.txt HTTP/1.1" 404 1181 "-" "Mozilla/5.0 (compatible; Googlebot/2.1; +http://www.google.com/bot.html)"
66.249.77.193 - - [04/Jul/2025:21:33:59 +0200] "GET /domcfg.nsf HTTP/1.1" 404 1181 "-" "Mozilla/5.0 (Linux; Android 6.0.1; Nexus 5X Build/MMB29P) AppleWebKit/537.36 (KHTML, like Gecko) Chrome/137.0.7151.103 Mobile Safari/537.36 (compatible; Googlebot/2.1; +http://www.google.com/bot.html)"
78.47.173.76 - - [04/Jul/2025:21:37:16 +0200] "HEAD / HTTP/1.1" 200 0 "http://nagybistvan.hu" "Mozilla/5.0+(compatible; UptimeRobot/2.0; http://www.uptimerobot.com/)"
188.143.44.33 - - [04/Jul/2025:21:40:01 +0200] "GET / HTTP/1.1" 200 6748 "https://www.google.com/" "Mozilla/5.0 (Linux; Android 10; K) AppleWebKit/537.36 (KHTML, like Gecko) Chrome/138.0.0.0 Mobile Safari/537.36"
188.143.44.33 - - [04/Jul/2025:21:40:02 +0200] "GET /lib/thickbox-3.1.custom/thickbox.css HTTP/1.1" 200 4175 "http://nagybistvan.hu/" "Mozilla/5.0 (Linux; Android 10; K) AppleWebKit/537.36 (KHTML, like Gecko) Chrome/138.0.0.0 Mobile Safari/537.36"
188.143.44.33 - - [04/Jul/2025:21:40:02 +0200] "GET /lib/jquery-1.3.2/jquery-1.3.2.min.js HTTP/1.1" 200 57254 "http://nagybistvan.hu/" "Mozilla/5.0 (Linux; Android 10; K) AppleWebKit/537.36 (KHTML, like Gecko) Chrome/138.0.0.0 Mobile Safari/537.36"
188.143.44.33 - - [04/Jul/2025:21:40:02 +0200] "GET /skin/master.css HTTP/1.1" 200 6842 "http://nagybistvan.hu/" "Mozilla/5.0 (Linux; Android 10; K) AppleWebKit/537.36 (KHTML, like Gecko) Chrome/138.0.0.0 Mobile Safari/537.36"
188.143.44.33 - - [04/Jul/2025:21:40:02 +0200] "GET /lib/jq.fancybox-1.3.4/jquery.fancybox-1.3.4.pack.js HTTP/1.1" 200 15624 "http://nagybistvan.hu/" "Mozilla/5.0 (Linux; Android 10; K) AppleWebKit/537.36 (KHTML, like Gecko) Chrome/138.0.0.0 Mobile Safari/537.36"
188.143.44.33 - - [04/Jul/2025:21:40:02 +0200] "GET /lib/jq.fancybox-1.3.4/jquery.mousewheel-3.0.4.pack.js HTTP/1.1" 200 1279 "http://nagybistvan.hu/" "Mozilla/5.0 (Linux; Android 10; K) AppleWebKit/537.36 (KHTML, like Gecko) Chrome/138.0.0.0 Mobile Safari/537.36"
188.143.44.33 - - [04/Jul/2025:21:40:02 +0200] "GET /lib/jq.fancybox-1.3.4/jquery.fancybox-1.3.4.css HTTP/1.1" 200 8498 "http://nagybistvan.hu/" "Mozilla/5.0 (Linux; Android 10; K) AppleWebKit/537.36 (KHTML, like Gecko) Chrome/138.0.0.0 Mobile Safari/537.36"
188.143.44.33 - - [04/Jul/2025:21:40:02 +0200] "GET /lib/jq.fancybox-1.3.4/jquery.easing-1.3.pack.js HTTP/1.1" 200 6717 "http://nagybistvan.hu/" "Mozilla/5.0 (Linux; Android 10; K) AppleWebKit/537.36 (KHTML, like Gecko) Chrome/138.0.0.0 Mobile Safari/537.36"
188.143.44.33 - - [04/Jul/2025:21:40:02 +0200] "GET /lib/thickbox-3.1.custom/thickbox.js HTTP/1.1" 200 13058 "http://nagybistvan.hu/" "Mozilla/5.0 (Linux; Android 10; K) AppleWebKit/537.36 (KHTML, like Gecko) Chrome/138.0.0.0 Mobile Safari/537.36"
188.143.44.33 - - [04/Jul/2025:21:40:02 +0200] "GET /lib/jq.contextmenu/jquery.contextmenu.js HTTP/1.1" 200 10507 "http://nagybistvan.hu/" "Mozilla/5.0 (Linux; Android 10; K) AppleWebKit/537.36 (KHTML, like Gecko) Chrome/138.0.0.0 Mobile Safari/537.36"
188.143.44.33 - - [04/Jul/2025:21:40:02 +0200] "GET /img/spacer.gif HTTP/1.1" 200 43 "http://nagybistvan.hu/" "Mozilla/5.0 (Linux; Android 10; K) AppleWebKit/537.36 (KHTML, like Gecko) Chrome/138.0.0.0 Mobile Safari/537.36"
188.143.44.33 - - [04/Jul/2025:21:40:02 +0200] "GET /img/nagy_b_90_meghivo_400.jpg HTTP/1.1" 200 42212 "http://nagybistvan.hu/" "Mozilla/5.0 (Linux; Android 10; K) AppleWebKit/537.36 (KHTML, like Gecko) Chrome/138.0.0.0 Mobile Safari/537.36"
188.143.44.33 - - [04/Jul/2025:21:40:02 +0200] "GET /lib/thickbox-3.1.custom/loadingAnimation.gif HTTP/1.1" 200 4178 "http://nagybistvan.hu/" "Mozilla/5.0 (Linux; Android 10; K) AppleWebKit/537.36 (KHTML, like Gecko) Chrome/138.0.0.0 Mobile Safari/537.36"
188.143.44.33 - - [04/Jul/2025:21:40:02 +0200] "GET /img/Nagy_B_album_szoro2_130.jpg HTTP/1.1" 200 53095 "http://nagybistvan.hu/" "Mozilla/5.0 (Linux; Android 10; K) AppleWebKit/537.36 (KHTML, like Gecko) Chrome/138.0.0.0 Mobile Safari/537.36"
188.143.44.33 - - [04/Jul/2025:21:40:02 +0200] "GET /skin/diszsav9.jpg HTTP/1.1" 200 147136 "http://nagybistvan.hu/skin/master.css" "Mozilla/5.0 (Linux; Android 10; K) AppleWebKit/537.36 (KHTML, like Gecko) Chrome/138.0.0.0 Mobile Safari/537.36"
188.143.44.33 - - [04/Jul/2025:21:40:02 +0200] "GET /media/image/07.110.136.jpg HTTP/1.1" 200 139386 "http://nagybistvan.hu/" "Mozilla/5.0 (Linux; Android 10; K) AppleWebKit/537.36 (KHTML, like Gecko) Chrome/138.0.0.0 Mobile Safari/537.36"
188.143.44.33 - - [04/Jul/2025:21:40:02 +0200] "GET /favicon.ico HTTP/1.1" 404 1181 "http://nagybistvan.hu/" "Mozilla/5.0 (Linux; Android 10; K) AppleWebKit/537.36 (KHTML, like Gecko) Chrome/138.0.0.0 Mobile Safari/537.36"
188.143.44.33 - - [04/Jul/2025:21:40:43 +0200] "GET /kepek HTTP/1.1" 301 315 "http://nagybistvan.hu/" "Mozilla/5.0 (Linux; Android 10; K) AppleWebKit/537.36 (KHTML, like Gecko) Chrome/138.0.0.0 Mobile Safari/537.36"
188.143.44.33 - - [04/Jul/2025:21:40:43 +0200] "GET /kepek/ HTTP/1.1" 302 5 "http://nagybistvan.hu/" "Mozilla/5.0 (Linux; Android 10; K) AppleWebKit/537.36 (KHTML, like Gecko) Chrome/138.0.0.0 Mobile Safari/537.36"
188.143.44.33 - - [04/Jul/2025:21:40:43 +0200] "GET /index.php?c=kepek HTTP/1.1" 200 10177 "http://nagybistvan.hu/" "Mozilla/5.0 (Linux; Android 10; K) AppleWebKit/537.36 (KHTML, like Gecko) Chrome/138.0.0.0 Mobile Safari/537.36"
188.143.44.33 - - [04/Jul/2025:21:40:54 +0200] "GET /index.php?c=greco HTTP/1.1" 200 17735 "http://nagybistvan.hu/index.php?c=kepek" "Mozilla/5.0 (Linux; Android 10; K) AppleWebKit/537.36 (KHTML, like Gecko) Chrome/138.0.0.0 Mobile Safari/537.36"
188.143.44.33 - - [04/Jul/2025:21:40:54 +0200] "GET /media/image/06.069.001.jpg HTTP/1.1" 200 92566 "http://nagybistvan.hu/index.php?c=greco" "Mozilla/5.0 (Linux; Android 10; K) AppleWebKit/537.36 (KHTML, like Gecko) Chrome/138.0.0.0 Mobile Safari/537.36"
188.143.44.33 - - [04/Jul/2025:21:40:54 +0200] "GET /media/image/24.312.001.jpg HTTP/1.1" 200 73259 "http://nagybistvan.hu/index.php?c=greco" "Mozilla/5.0 (Linux; Android 10; K) AppleWebKit/537.36 (KHTML, like Gecko) Chrome/138.0.0.0 Mobile Safari/537.36"
188.143.44.33 - - [04/Jul/2025:21:40:54 +0200] "GET /media/image/07.038.001.jpg HTTP/1.1" 200 94036 "http://nagybistvan.hu/index.php?c=greco" "Mozilla/5.0 (Linux; Android 10; K) AppleWebKit/537.36 (KHTML, like Gecko) Chrome/138.0.0.0 Mobile Safari/537.36"
188.143.44.33 - - [04/Jul/2025:21:40:54 +0200] "GET /media/image/07.064.001.jpg HTTP/1.1" 200 88707 "http://nagybistvan.hu/index.php?c=greco" "Mozilla/5.0 (Linux; Android 10; K) AppleWebKit/537.36 (KHTML, like Gecko) Chrome/138.0.0.0 Mobile Safari/537.36"
188.143.44.33 - - [04/Jul/2025:21:40:54 +0200] "GET /media/image/07.122.001.jpg HTTP/1.1" 200 109999 "http://nagybistvan.hu/index.php?c=greco" "Mozilla/5.0 (Linux; Android 10; K) AppleWebKit/537.36 (KHTML, like Gecko) Chrome/138.0.0.0 Mobile Safari/537.36"
188.143.44.33 - - [04/Jul/2025:21:40:54 +0200] "GET /media/image/07.065.001.jpg HTTP/1.1" 200 92532 "http://nagybistvan.hu/index.php?c=greco" "Mozilla/5.0 (Linux; Android 10; K) AppleWebKit/537.36 (KHTML, like Gecko) Chrome/138.0.0.0 Mobile Safari/537.36"
188.143.44.33 - - [04/Jul/2025:21:40:54 +0200] "GET /skin/diszsav17.jpg HTTP/1.1" 200 92327 "http://nagybistvan.hu/skin/master.css" "Mozilla/5.0 (Linux; Android 10; K) AppleWebKit/537.36 (KHTML, like Gecko) Chrome/138.0.0.0 Mobile Safari/537.36"
188.143.44.33 - - [04/Jul/2025:21:40:54 +0200] "GET /media/image/07.068.001.jpg HTTP/1.1" 200 88311 "http://nagybistvan.hu/index.php?c=greco" "Mozilla/5.0 (Linux; Android 10; K) AppleWebKit/537.36 (KHTML, like Gecko) Chrome/138.0.0.0 Mobile Safari/537.36"
188.143.44.33 - - [04/Jul/2025:21:40:54 +0200] "GET /media/image/07.070.001.jpg HTTP/1.1" 200 78704 "http://nagybistvan.hu/index.php?c=greco" "Mozilla/5.0 (Linux; Android 10; K) AppleWebKit/537.36 (KHTML, like Gecko) Chrome/138.0.0.0 Mobile Safari/537.36"
188.143.44.33 - - [04/Jul/2025:21:40:54 +0200] "GET /media/image/07.067.001.jpg HTTP/1.1" 200 79574 "http://nagybistvan.hu/index.php?c=greco" "Mozilla/5.0 (Linux; Android 10; K) AppleWebKit/537.36 (KHTML, like Gecko) Chrome/138.0.0.0 Mobile Safari/537.36"
188.143.44.33 - - [04/Jul/2025:21:40:54 +0200] "GET /media/image/07.123.001.jpg HTTP/1.1" 200 106811 "http://nagybistvan.hu/index.php?c=greco" "Mozilla/5.0 (Linux; Android 10; K) AppleWebKit/537.36 (KHTML, like Gecko) Chrome/138.0.0.0 Mobile Safari/537.36"
188.143.44.33 - - [04/Jul/2025:21:40:54 +0200] "GET /media/image/21.290.001.jpg HTTP/1.1" 200 90777 "http://nagybistvan.hu/index.php?c=greco" "Mozilla/5.0 (Linux; Android 10; K) AppleWebKit/537.36 (KHTML, like Gecko) Chrome/138.0.0.0 Mobile Safari/537.36"
188.143.44.33 - - [04/Jul/2025:21:40:54 +0200] "GET /media/image/07.124.001.jpg HTTP/1.1" 200 110120 "http://nagybistvan.hu/index.php?c=greco" "Mozilla/5.0 (Linux; Android 10; K) AppleWebKit/537.36 (KHTML, like Gecko) Chrome/138.0.0.0 Mobile Safari/537.36"
188.143.44.33 - - [04/Jul/2025:21:40:57 +0200] "GET /lib/jq.fancybox-1.3.4/fancybox.png HTTP/1.1" 200 15287 "http://nagybistvan.hu/lib/jq.fancybox-1.3.4/jquery.fancybox-1.3.4.css" "Mozilla/5.0 (Linux; Android 10; K) AppleWebKit/537.36 (KHTML, like Gecko) Chrome/138.0.0.0 Mobile Safari/537.36"
188.143.44.33 - - [04/Jul/2025:21:40:57 +0200] "GET /lib/jq.fancybox-1.3.4/fancybox-x.png HTTP/1.1" 200 203 "http://nagybistvan.hu/lib/jq.fancybox-1.3.4/jquery.fancybox-1.3.4.css" "Mozilla/5.0 (Linux; Android 10; K) AppleWebKit/537.36 (KHTML, like Gecko) Chrome/138.0.0.0 Mobile Safari/537.36"
188.143.44.33 - - [04/Jul/2025:21:40:57 +0200] "GET /lib/jq.fancybox-1.3.4/fancybox-y.png HTTP/1.1" 200 176 "http://nagybistvan.hu/lib/jq.fancybox-1.3.4/jquery.fancybox-1.3.4.css" "Mozilla/5.0 (Linux; Android 10; K) AppleWebKit/537.36 (KHTML, like Gecko) Chrome/138.0.0.0 Mobile Safari/537.36"
188.143.44.33 - - [04/Jul/2025:21:40:58 +0200] "GET /lib/jq.fancybox-1.3.4/blank.gif HTTP/1.1" 200 43 "http://nagybistvan.hu/lib/jq.fancybox-1.3.4/jquery.fancybox-1.3.4.css" "Mozilla/5.0 (Linux; Android 10; K) AppleWebKit/537.36 (KHTML, like Gecko) Chrome/138.0.0.0 Mobile Safari/537.36"
188.143.44.33 - - [04/Jul/2025:21:41:45 +0200] "GET /index.php?c=kepek HTTP/1.1" 200 10178 "http://nagybistvan.hu/" "Mozilla/5.0 (Linux; Android 10; K) AppleWebKit/537.36 (KHTML, like Gecko) Chrome/138.0.0.0 Mobile Safari/537.36"
188.143.44.33 - - [04/Jul/2025:21:41:47 +0200] "GET /index.php?c=apostolok HTTP/1.1" 200 16701 "http://nagybistvan.hu/index.php?c=kepek" "Mozilla/5.0 (Linux; Android 10; K) AppleWebKit/537.36 (KHTML, like Gecko) Chrome/138.0.0.0 Mobile Safari/537.36"
188.143.44.33 - - [04/Jul/2025:21:41:47 +0200] "GET /media/image/07.230.001.jpg HTTP/1.1" 200 121837 "http://nagybistvan.hu/index.php?c=apostolok" "Mozilla/5.0 (Linux; Android 10; K) AppleWebKit/537.36 (KHTML, like Gecko) Chrome/138.0.0.0 Mobile Safari/537.36"
188.143.44.33 - - [04/Jul/2025:21:41:47 +0200] "GET /media/image/07.231.001.jpg HTTP/1.1" 200 101060 "http://nagybistvan.hu/index.php?c=apostolok" "Mozilla/5.0 (Linux; Android 10; K) AppleWebKit/537.36 (KHTML, like Gecko) Chrome/138.0.0.0 Mobile Safari/537.36"
188.143.44.33 - - [04/Jul/2025:21:41:47 +0200] "GET /media/image/07.234.001.jpg HTTP/1.1" 200 182755 "http://nagybistvan.hu/index.php?c=apostolok" "Mozilla/5.0 (Linux; Android 10; K) AppleWebKit/537.36 (KHTML, like Gecko) Chrome/138.0.0.0 Mobile Safari/537.36"
188.143.44.33 - - [04/Jul/2025:21:41:47 +0200] "GET /media/image/07.230.003.jpg HTTP/1.1" 200 91667 "http://nagybistvan.hu/index.php?c=apostolok" "Mozilla/5.0 (Linux; Android 10; K) AppleWebKit/537.36 (KHTML, like Gecko) Chrome/138.0.0.0 Mobile Safari/537.36"
188.143.44.33 - - [04/Jul/2025:21:41:47 +0200] "GET /media/image/07.235.001.jpg HTTP/1.1" 200 120891 "http://nagybistvan.hu/index.php?c=apostolok" "Mozilla/5.0 (Linux; Android 10; K) AppleWebKit/537.36 (KHTML, like Gecko) Chrome/138.0.0.0 Mobile Safari/537.36"
188.143.44.33 - - [04/Jul/2025:21:41:47 +0200] "GET /media/image/07.233.001.jpg HTTP/1.1" 200 99635 "http://nagybistvan.hu/index.php?c=apostolok" "Mozilla/5.0 (Linux; Android 10; K) AppleWebKit/537.36 (KHTML, like Gecko) Chrome/138.0.0.0 Mobile Safari/537.36"
188.143.44.33 - - [04/Jul/2025:21:41:47 +0200] "GET /media/image/07.230.002.jpg HTTP/1.1" 200 92766 "http://nagybistvan.hu/index.php?c=apostolok" "Mozilla/5.0 (Linux; Android 10; K) AppleWebKit/537.36 (KHTML, like Gecko) Chrome/138.0.0.0 Mobile Safari/537.36"
188.143.44.33 - - [04/Jul/2025:21:41:47 +0200] "GET /media/image/07.235.002.jpg HTTP/1.1" 200 133394 "http://nagybistvan.hu/index.php?c=apostolok" "Mozilla/5.0 (Linux; Android 10; K) AppleWebKit/537.36 (KHTML, like Gecko) Chrome/138.0.0.0 Mobile Safari/537.36"
188.143.44.33 - - [04/Jul/2025:21:41:47 +0200] "GET /media/image/07.235.003.jpg HTTP/1.1" 200 121938 "http://nagybistvan.hu/index.php?c=apostolok" "Mozilla/5.0 (Linux; Android 10; K) AppleWebKit/537.36 (KHTML, like Gecko) Chrome/138.0.0.0 Mobile Safari/537.36"
188.143.44.33 - - [04/Jul/2025:21:41:47 +0200] "GET /media/image/07.231.002.jpg HTTP/1.1" 200 97889 "http://nagybistvan.hu/index.php?c=apostolok" "Mozilla/5.0 (Linux; Android 10; K) AppleWebKit/537.36 (KHTML, like Gecko) Chrome/138.0.0.0 Mobile Safari/537.36"
188.143.44.33 - - [04/Jul/2025:21:41:47 +0200] "GET /media/image/07.236.001.jpg HTTP/1.1" 200 98182 "http://nagybistvan.hu/index.php?c=apostolok" "Mozilla/5.0 (Linux; Android 10; K) AppleWebKit/537.36 (KHTML, like Gecko) Chrome/138.0.0.0 Mobile Safari/537.36"
188.143.44.33 - - [04/Jul/2025:21:41:47 +0200] "GET /media/image/07.231.003.jpg HTTP/1.1" 200 122339 "http://nagybistvan.hu/index.php?c=apostolok" "Mozilla/5.0 (Linux; Android 10; K) AppleWebKit/537.36 (KHTML, like Gecko) Chrome/138.0.0.0 Mobile Safari/537.36"
188.143.44.33 - - [04/Jul/2025:21:41:51 +0200] "GET /index.php?c=kepek HTTP/1.1" 200 10177 "http://nagybistvan.hu/" "Mozilla/5.0 (Linux; Android 10; K) AppleWebKit/537.36 (KHTML, like Gecko) Chrome/138.0.0.0 Mobile Safari/537.36"
188.143.44.33 - - [04/Jul/2025:21:41:51 +0200] "GET /skin/diszsav2.jpg HTTP/1.1" 200 119023 "http://nagybistvan.hu/skin/master.css" "Mozilla/5.0 (Linux; Android 10; K) AppleWebKit/537.36 (KHTML, like Gecko) Chrome/138.0.0.0 Mobile Safari/537.36"
188.143.44.33 - - [04/Jul/2025:21:41:56 +0200] "GET /index.php?c=greco HTTP/1.1" 200 17734 "http://nagybistvan.hu/index.php?c=kepek" "Mozilla/5.0 (Linux; Android 10; K) AppleWebKit/537.36 (KHTML, like Gecko) Chrome/138.0.0.0 Mobile Safari/537.36"
128.140.106.114 - - [04/Jul/2025:21:42:19 +0200] "HEAD / HTTP/1.1" 200 0 "http://nagybistvan.hu" "Mozilla/5.0+(compatible; UptimeRobot/2.0; http://www.uptimerobot.com/)"
66.249.77.201 - - [04/Jul/2025:21:43:33 +0200] "GET /media/image/21.226.002.jpg HTTP/1.1" 200 200028 "-" "Googlebot-Image/1.0"
188.143.44.33 - - [04/Jul/2025:21:45:41 +0200] "GET /index.php?c=greco&cp=2 HTTP/1.1" 200 18168 "http://nagybistvan.hu/index.php?c=greco" "Mozilla/5.0 (Linux; Android 10; K) AppleWebKit/537.36 (KHTML, like Gecko) Chrome/138.0.0.0 Mobile Safari/537.36"
188.143.44.33 - - [04/Jul/2025:21:45:41 +0200] "GET /media/image/07.066.001.jpg HTTP/1.1" 200 79502 "http://nagybistvan.hu/index.php?c=greco&cp=2" "Mozilla/5.0 (Linux; Android 10; K) AppleWebKit/537.36 (KHTML, like Gecko) Chrome/138.0.0.0 Mobile Safari/537.36"
188.143.44.33 - - [04/Jul/2025:21:45:41 +0200] "GET /media/image/07.039.001.jpg HTTP/1.1" 200 78033 "http://nagybistvan.hu/index.php?c=greco&cp=2" "Mozilla/5.0 (Linux; Android 10; K) AppleWebKit/537.36 (KHTML, like Gecko) Chrome/138.0.0.0 Mobile Safari/537.36"
188.143.44.33 - - [04/Jul/2025:21:45:41 +0200] "GET /media/image/07.036.001.jpg HTTP/1.1" 200 97420 "http://nagybistvan.hu/index.php?c=greco&cp=2" "Mozilla/5.0 (Linux; Android 10; K) AppleWebKit/537.36 (KHTML, like Gecko) Chrome/138.0.0.0 Mobile Safari/537.36"
188.143.44.33 - - [04/Jul/2025:21:45:41 +0200] "GET /media/image/07.033.001.jpg HTTP/1.1" 200 107347 "http://nagybistvan.hu/index.php?c=greco&cp=2" "Mozilla/5.0 (Linux; Android 10; K) AppleWebKit/537.36 (KHTML, like Gecko) Chrome/138.0.0.0 Mobile Safari/537.36"
188.143.44.33 - - [04/Jul/2025:21:45:41 +0200] "GET /media/image/07.034.001.jpg HTTP/1.1" 200 104843 "http://nagybistvan.hu/index.php?c=greco&cp=2" "Mozilla/5.0 (Linux; Android 10; K) AppleWebKit/537.36 (KHTML, like Gecko) Chrome/138.0.0.0 Mobile Safari/537.36"
188.143.44.33 - - [04/Jul/2025:21:45:41 +0200] "GET /media/image/07.035.001.jpg HTTP/1.1" 200 94619 "http://nagybistvan.hu/index.php?c=greco&cp=2" "Mozilla/5.0 (Linux; Android 10; K) AppleWebKit/537.36 (KHTML, like Gecko) Chrome/138.0.0.0 Mobile Safari/537.36"
188.143.44.33 - - [04/Jul/2025:21:45:41 +0200] "GET /media/image/07.030.001.jpg HTTP/1.1" 200 95655 "http://nagybistvan.hu/index.php?c=greco&cp=2" "Mozilla/5.0 (Linux; Android 10; K) AppleWebKit/537.36 (KHTML, like Gecko) Chrome/138.0.0.0 Mobile Safari/537.36"
188.143.44.33 - - [04/Jul/2025:21:45:41 +0200] "GET /media/image/24.304.001.jpg HTTP/1.1" 200 106825 "http://nagybistvan.hu/index.php?c=greco&cp=2" "Mozilla/5.0 (Linux; Android 10; K) AppleWebKit/537.36 (KHTML, like Gecko) Chrome/138.0.0.0 Mobile Safari/537.36"
188.143.44.33 - - [04/Jul/2025:21:45:41 +0200] "GET /media/image/07.071.001.jpg HTTP/1.1" 200 76203 "http://nagybistvan.hu/index.php?c=greco&cp=2" "Mozilla/5.0 (Linux; Android 10; K) AppleWebKit/537.36 (KHTML, like Gecko) Chrome/138.0.0.0 Mobile Safari/537.36"
188.143.44.33 - - [04/Jul/2025:21:45:41 +0200] "GET /media/image/07.072.001.jpg HTTP/1.1" 200 77921 "http://nagybistvan.hu/index.php?c=greco&cp=2" "Mozilla/5.0 (Linux; Android 10; K) AppleWebKit/537.36 (KHTML, like Gecko) Chrome/138.0.0.0 Mobile Safari/537.36"
188.143.44.33 - - [04/Jul/2025:21:45:41 +0200] "GET /media/image/07.040.001.jpg HTTP/1.1" 200 67731 "http://nagybistvan.hu/index.php?c=greco&cp=2" "Mozilla/5.0 (Linux; Android 10; K) AppleWebKit/537.36 (KHTML, like Gecko) Chrome/138.0.0.0 Mobile Safari/537.36"
188.143.44.33 - - [04/Jul/2025:21:45:41 +0200] "GET /media/image/07.029.001.jpg HTTP/1.1" 200 100936 "http://nagybistvan.hu/index.php?c=greco&cp=2" "Mozilla/5.0 (Linux; Android 10; K) AppleWebKit/537.36 (KHTML, like Gecko) Chrome/138.0.0.0 Mobile Safari/537.36"
168.119.96.239 - - [04/Jul/2025:21:47:22 +0200] "HEAD / HTTP/1.1" 200 0 "http://nagybistvan.hu" "Mozilla/5.0+(compatible; UptimeRobot/2.0; http://www.uptimerobot.com/)"
188.143.44.33 - - [04/Jul/2025:21:49:37 +0200] "GET /index.php?c=greco&cp=3 HTTP/1.1" 200 13707 "http://nagybistvan.hu/index.php?c=greco&cp=2" "Mozilla/5.0 (Linux; Android 10; K) AppleWebKit/537.36 (KHTML, like Gecko) Chrome/138.0.0.0 Mobile Safari/537.36"
188.143.44.33 - - [04/Jul/2025:21:49:38 +0200] "GET /media/image/07.037.001.jpg HTTP/1.1" 200 105210 "http://nagybistvan.hu/index.php?c=greco&cp=3" "Mozilla/5.0 (Linux; Android 10; K) AppleWebKit/537.36 (KHTML, like Gecko) Chrome/138.0.0.0 Mobile Safari/537.36"
188.143.44.33 - - [04/Jul/2025:21:49:38 +0200] "GET /media/image/07.121.001.jpg HTTP/1.1" 200 69001 "http://nagybistvan.hu/index.php?c=greco&cp=3" "Mozilla/5.0 (Linux; Android 10; K) AppleWebKit/537.36 (KHTML, like Gecko) Chrome/138.0.0.0 Mobile Safari/537.36"
188.143.44.33 - - [04/Jul/2025:21:49:38 +0200] "GET /media/image/07.074.001.jpg HTTP/1.1" 200 88248 "http://nagybistvan.hu/index.php?c=greco&cp=3" "Mozilla/5.0 (Linux; Android 10; K) AppleWebKit/537.36 (KHTML, like Gecko) Chrome/138.0.0.0 Mobile Safari/537.36"
188.143.44.33 - - [04/Jul/2025:21:49:38 +0200] "GET /media/image/07.051.001.jpg HTTP/1.1" 200 77907 "http://nagybistvan.hu/index.php?c=greco&cp=3" "Mozilla/5.0 (Linux; Android 10; K) AppleWebKit/537.36 (KHTML, like Gecko) Chrome/138.0.0.0 Mobile Safari/537.36"
188.143.44.33 - - [04/Jul/2025:21:49:38 +0200] "GET /media/image/07.073.001.jpg HTTP/1.1" 200 74658 "http://nagybistvan.hu/index.php?c=greco&cp=3" "Mozilla/5.0 (Linux; Android 10; K) AppleWebKit/537.36 (KHTML, like Gecko) Chrome/138.0.0.0 Mobile Safari/537.36"
188.143.44.33 - - [04/Jul/2025:21:51:44 +0200] "GET /kepek/ HTTP/1.1" 302 5 "http://nagybistvan.hu/index.php?c=greco&cp=3" "Mozilla/5.0 (Linux; Android 10; K) AppleWebKit/537.36 (KHTML, like Gecko) Chrome/138.0.0.0 Mobile Safari/537.36"
188.143.44.33 - - [04/Jul/2025:21:51:44 +0200] "GET /index.php?c=kepek HTTP/1.1" 200 10177 "http://nagybistvan.hu/index.php?c=greco&cp=3" "Mozilla/5.0 (Linux; Android 10; K) AppleWebKit/537.36 (KHTML, like Gecko) Chrome/138.0.0.0 Mobile Safari/537.36"
188.143.44.33 - - [04/Jul/2025:21:51:57 +0200] "GET /index.php?c=zsambek HTTP/1.1" 200 16292 "http://nagybistvan.hu/index.php?c=kepek" "Mozilla/5.0 (Linux; Android 10; K) AppleWebKit/537.36 (KHTML, like Gecko) Chrome/138.0.0.0 Mobile Safari/537.36"
188.143.44.33 - - [04/Jul/2025:21:51:58 +0200] "GET /media/image/30.110.132.jpg HTTP/1.1" 200 187214 "http://nagybistvan.hu/index.php?c=zsambek" "Mozilla/5.0 (Linux; Android 10; K) AppleWebKit/537.36 (KHTML, like Gecko) Chrome/138.0.0.0 Mobile Safari/537.36"
188.143.44.33 - - [04/Jul/2025:21:51:58 +0200] "GET /media/image/09.110.101.jpg HTTP/1.1" 200 164475 "http://nagybistvan.hu/index.php?c=zsambek" "Mozilla/5.0 (Linux; Android 10; K) AppleWebKit/537.36 (KHTML, like Gecko) Chrome/138.0.0.0 Mobile Safari/537.36"
188.143.44.33 - - [04/Jul/2025:21:51:58 +0200] "GET /media/image/21.110.103.jpg HTTP/1.1" 200 113228 "http://nagybistvan.hu/index.php?c=zsambek" "Mozilla/5.0 (Linux; Android 10; K) AppleWebKit/537.36 (KHTML, like Gecko) Chrome/138.0.0.0 Mobile Safari/537.36"
188.143.44.33 - - [04/Jul/2025:21:51:58 +0200] "GET /media/image/23.110.095.jpg HTTP/1.1" 200 120762 "http://nagybistvan.hu/index.php?c=zsambek" "Mozilla/5.0 (Linux; Android 10; K) AppleWebKit/537.36 (KHTML, like Gecko) Chrome/138.0.0.0 Mobile Safari/537.36"
188.143.44.33 - - [04/Jul/2025:21:51:58 +0200] "GET /media/image/23.110.001.jpg HTTP/1.1" 200 194336 "http://nagybistvan.hu/index.php?c=zsambek" "Mozilla/5.0 (Linux; Android 10; K) AppleWebKit/537.36 (KHTML, like Gecko) Chrome/138.0.0.0 Mobile Safari/537.36"
188.143.44.33 - - [04/Jul/2025:21:51:58 +0200] "GET /media/image/23.110.093.jpg HTTP/1.1" 200 162983 "http://nagybistvan.hu/index.php?c=zsambek" "Mozilla/5.0 (Linux; Android 10; K) AppleWebKit/537.36 (KHTML, like Gecko) Chrome/138.0.0.0 Mobile Safari/537.36"
188.143.44.33 - - [04/Jul/2025:21:51:58 +0200] "GET /media/image/30.110.131.jpg HTTP/1.1" 200 234327 "http://nagybistvan.hu/index.php?c=zsambek" "Mozilla/5.0 (Linux; Android 10; K) AppleWebKit/537.36 (KHTML, like Gecko) Chrome/138.0.0.0 Mobile Safari/537.36"
188.143.44.33 - - [04/Jul/2025:21:51:58 +0200] "GET /media/image/23.110.092.jpg HTTP/1.1" 200 134291 "http://nagybistvan.hu/index.php?c=zsambek" "Mozilla/5.0 (Linux; Android 10; K) AppleWebKit/537.36 (KHTML, like Gecko) Chrome/138.0.0.0 Mobile Safari/537.36"
188.143.44.33 - - [04/Jul/2025:21:51:58 +0200] "GET /media/image/23.110.089.jpg HTTP/1.1" 200 130001 "http://nagybistvan.hu/index.php?c=zsambek" "Mozilla/5.0 (Linux; Android 10; K) AppleWebKit/537.36 (KHTML, like Gecko) Chrome/138.0.0.0 Mobile Safari/537.36"
188.143.44.33 - - [04/Jul/2025:21:51:58 +0200] "GET /media/image/24.110.107.jpg HTTP/1.1" 200 124257 "http://nagybistvan.hu/index.php?c=zsambek" "Mozilla/5.0 (Linux; Android 10; K) AppleWebKit/537.36 (KHTML, like Gecko) Chrome/138.0.0.0 Mobile Safari/537.36"
188.143.44.33 - - [04/Jul/2025:21:51:58 +0200] "GET /media/image/24.110.105.jpg HTTP/1.1" 200 159951 "http://nagybistvan.hu/index.php?c=zsambek" "Mozilla/5.0 (Linux; Android 10; K) AppleWebKit/537.36 (KHTML, like Gecko) Chrome/138.0.0.0 Mobile Safari/537.36"
188.143.44.33 - - [04/Jul/2025:21:51:58 +0200] "GET /media/image/21.110.103tel.jpg HTTP/1.1" 200 239575 "http://nagybistvan.hu/index.php?c=zsambek" "Mozilla/5.0 (Linux; Android 10; K) AppleWebKit/537.36 (KHTML, like Gecko) Chrome/138.0.0.0 Mobile Safari/537.36"
49.13.134.145 - - [04/Jul/2025:21:52:26 +0200] "HEAD / HTTP/1.1" 200 0 "http://nagybistvan.hu" "Mozilla/5.0+(compatible; UptimeRobot/2.0; http://www.uptimerobot.com/)"
188.143.44.33 - - [04/Jul/2025:21:52:40 +0200] "GET /index.php?c=zsambek&cp=2 HTTP/1.1" 200 17137 "http://nagybistvan.hu/index.php?c=zsambek" "Mozilla/5.0 (Linux; Android 10; K) AppleWebKit/537.36 (KHTML, like Gecko) Chrome/138.0.0.0 Mobile Safari/537.36"
188.143.44.33 - - [04/Jul/2025:21:52:40 +0200] "GET /media/image/07.110.037.jpg HTTP/1.1" 200 150058 "http://nagybistvan.hu/index.php?c=zsambek&cp=2" "Mozilla/5.0 (Linux; Android 10; K) AppleWebKit/537.36 (KHTML, like Gecko) Chrome/138.0.0.0 Mobile Safari/537.36"
188.143.44.33 - - [04/Jul/2025:21:52:40 +0200] "GET /media/image/07.110.121.jpg HTTP/1.1" 200 140671 "http://nagybistvan.hu/index.php?c=zsambek&cp=2" "Mozilla/5.0 (Linux; Android 10; K) AppleWebKit/537.36 (KHTML, like Gecko) Chrome/138.0.0.0 Mobile Safari/537.36"
188.143.44.33 - - [04/Jul/2025:21:52:40 +0200] "GET /media/image/21.110.002.jpg HTTP/1.1" 200 161563 "http://nagybistvan.hu/index.php?c=zsambek&cp=2" "Mozilla/5.0 (Linux; Android 10; K) AppleWebKit/537.36 (KHTML, like Gecko) Chrome/138.0.0.0 Mobile Safari/537.36"
188.143.44.33 - - [04/Jul/2025:21:52:40 +0200] "GET /media/image/21.110.130.jpg HTTP/1.1" 200 244534 "http://nagybistvan.hu/index.php?c=zsambek&cp=2" "Mozilla/5.0 (Linux; Android 10; K) AppleWebKit/537.36 (KHTML, like Gecko) Chrome/138.0.0.0 Mobile Safari/537.36"
188.143.44.33 - - [04/Jul/2025:21:52:40 +0200] "GET /media/image/22.110.104.jpg HTTP/1.1" 200 237121 "http://nagybistvan.hu/index.php?c=zsambek&cp=2" "Mozilla/5.0 (Linux; Android 10; K) AppleWebKit/537.36 (KHTML, like Gecko) Chrome/138.0.0.0 Mobile Safari/537.36"
188.143.44.33 - - [04/Jul/2025:21:52:40 +0200] "GET /media/image/30.110.137.jpg HTTP/1.1" 200 56193 "http://nagybistvan.hu/index.php?c=zsambek&cp=2" "Mozilla/5.0 (Linux; Android 10; K) AppleWebKit/537.36 (KHTML, like Gecko) Chrome/138.0.0.0 Mobile Safari/537.36"
188.143.44.33 - - [04/Jul/2025:21:52:40 +0200] "GET /media/image/07.110.046.jpg HTTP/1.1" 200 122600 "http://nagybistvan.hu/index.php?c=zsambek&cp=2" "Mozilla/5.0 (Linux; Android 10; K) AppleWebKit/537.36 (KHTML, like Gecko) Chrome/138.0.0.0 Mobile Safari/537.36"
188.143.44.33 - - [04/Jul/2025:21:52:40 +0200] "GET /media/image/23.110.049.jpg HTTP/1.1" 200 121170 "http://nagybistvan.hu/index.php?c=zsambek&cp=2" "Mozilla/5.0 (Linux; Android 10; K) AppleWebKit/537.36 (KHTML, like Gecko) Chrome/138.0.0.0 Mobile Safari/537.36"
188.143.44.33 - - [04/Jul/2025:21:52:40 +0200] "GET /media/image/07.110.040.jpg HTTP/1.1" 200 98380 "http://nagybistvan.hu/index.php?c=zsambek&cp=2" "Mozilla/5.0 (Linux; Android 10; K) AppleWebKit/537.36 (KHTML, like Gecko) Chrome/138.0.0.0 Mobile Safari/537.36"
188.143.44.33 - - [04/Jul/2025:21:52:40 +0200] "GET /skin/diszsav13.jpg HTTP/1.1" 200 143012 "http://nagybistvan.hu/skin/master.css" "Mozilla/5.0 (Linux; Android 10; K) AppleWebKit/537.36 (KHTML, like Gecko) Chrome/138.0.0.0 Mobile Safari/537.36"
188.143.44.33 - - [04/Jul/2025:21:52:40 +0200] "GET /media/image/07.110.123.jpg HTTP/1.1" 200 121538 "http://nagybistvan.hu/index.php?c=zsambek&cp=2" "Mozilla/5.0 (Linux; Android 10; K) AppleWebKit/537.36 (KHTML, like Gecko) Chrome/138.0.0.0 Mobile Safari/537.36"
188.143.44.33 - - [04/Jul/2025:21:52:40 +0200] "GET /media/image/23.110.030.jpg HTTP/1.1" 200 120328 "http://nagybistvan.hu/index.php?c=zsambek&cp=2" "Mozilla/5.0 (Linux; Android 10; K) AppleWebKit/537.36 (KHTML, like Gecko) Chrome/138.0.0.0 Mobile Safari/537.36"
188.143.44.33 - - [04/Jul/2025:21:52:40 +0200] "GET /media/image/30.110.128.jpg HTTP/1.1" 200 170731 "http://nagybistvan.hu/index.php?c=zsambek&cp=2" "Mozilla/5.0 (Linux; Android 10; K) AppleWebKit/537.36 (KHTML, like Gecko) Chrome/138.0.0.0 Mobile Safari/537.36"
188.143.44.33 - - [04/Jul/2025:21:54:23 +0200] "GET /index.php?c=zsambek HTTP/1.1" 200 16293 "http://nagybistvan.hu/index.php?c=kepek" "Mozilla/5.0 (Linux; Android 10; K) AppleWebKit/537.36 (KHTML, like Gecko) Chrome/138.0.0.0 Mobile Safari/537.36"
49.13.167.123 - - [04/Jul/2025:21:57:33 +0200] "HEAD / HTTP/1.1" 200 0 "http://nagybistvan.hu" "Mozilla/5.0+(compatible; UptimeRobot/2.0; http://www.uptimerobot.com/)"
216.244.66.227 - - [04/Jul/2025:22:00:11 +0200] "GET /robots.txt HTTP/1.1" 404 1181 "-" "Mozilla/5.0 (compatible; DotBot/1.2; +https://opensiteexplorer.org/dotbot; help@moz.com)"
42.236.101.205 - - [04/Jul/2025:22:02:32 +0200] "GET / HTTP/1.1" 200 6773 "http://www.nagybistvan.hu/" "Mozilla/5.0 (Windows NT 6.1; WOW64) AppleWebKit/537.36 (KHTML, like Gecko) Chrome/50.0.2661.102 Safari/537.36; 360Spider"
167.235.143.113 - - [04/Jul/2025:22:02:37 +0200] "HEAD / HTTP/1.1" 200 0 "http://nagybistvan.hu" "Mozilla/5.0+(compatible; UptimeRobot/2.0; http://www.uptimerobot.com/)"
78.47.173.76 - - [04/Jul/2025:22:07:41 +0200] "HEAD / HTTP/1.1" 200 0 "http://nagybistvan.hu" "Mozilla/5.0+(compatible; UptimeRobot/2.0; http://www.uptimerobot.com/)"
78.46.190.63 - - [04/Jul/2025:22:12:48 +0200] "HEAD / HTTP/1.1" 200 0 "http://nagybistvan.hu" "Mozilla/5.0+(compatible; UptimeRobot/2.0; http://www.uptimerobot.com/)"
216.244.66.227 - - [04/Jul/2025:22:13:35 +0200] "GET /index.php?c=7080s&cp=8 HTTP/1.1" 200 17957 "-" "Mozilla/5.0 (compatible; DotBot/1.2; +https://opensiteexplorer.org/dotbot; help@moz.com)"
78.46.190.63 - - [04/Jul/2025:22:17:52 +0200] "HEAD / HTTP/1.1" 200 0 "http://nagybistvan.hu" "Mozilla/5.0+(compatible; UptimeRobot/2.0; http://www.uptimerobot.com/)"
157.90.156.63 - - [04/Jul/2025:22:22:57 +0200] "HEAD / HTTP/1.1" 200 0 "http://nagybistvan.hu" "Mozilla/5.0+(compatible; UptimeRobot/2.0; http://www.uptimerobot.com/)"
51.255.51.138 - - [04/Jul/2025:22:26:21 +0200] "GET / HTTP/1.1" 200 6782 "-" "Mozilla/5.0 (Macintosh; Intel Mac OS X 10_15_7) AppleWebKit/537.36 (KHTML, like Gecko) Chrome/113.0.5672.93 Safari/537.36"
128.140.106.114 - - [04/Jul/2025:22:28:01 +0200] "HEAD / HTTP/1.1" 200 0 "http://nagybistvan.hu" "Mozilla/5.0+(compatible; UptimeRobot/2.0; http://www.uptimerobot.com/)"
66.249.77.192 - - [04/Jul/2025:22:31:20 +0200] "GET /media/image/30.351.001.jpg HTTP/1.1" 200 220391 "-" "Googlebot-Image/1.0"
49.13.167.123 - - [04/Jul/2025:22:33:03 +0200] "HEAD / HTTP/1.1" 200 0 "http://nagybistvan.hu" "Mozilla/5.0+(compatible; UptimeRobot/2.0; http://www.uptimerobot.com/)"
128.140.41.193 - - [04/Jul/2025:22:38:07 +0200] "HEAD / HTTP/1.1" 200 0 "http://nagybistvan.hu" "Mozilla/5.0+(compatible; UptimeRobot/2.0; http://www.uptimerobot.com/)"
168.119.96.239 - - [04/Jul/2025:22:43:10 +0200] "HEAD / HTTP/1.1" 200 0 "http://nagybistvan.hu" "Mozilla/5.0+(compatible; UptimeRobot/2.0; http://www.uptimerobot.com/)"
168.119.53.160 - - [04/Jul/2025:22:48:14 +0200] "HEAD / HTTP/1.1" 200 0 "http://nagybistvan.hu" "Mozilla/5.0+(compatible; UptimeRobot/2.0; http://www.uptimerobot.com/)"
168.119.53.160 - - [04/Jul/2025:22:53:17 +0200] "HEAD / HTTP/1.1" 200 0 "http://nagybistvan.hu" "Mozilla/5.0+(compatible; UptimeRobot/2.0; http://www.uptimerobot.com/)"
88.99.80.227 - - [04/Jul/2025:22:58:21 +0200] "HEAD / HTTP/1.1" 200 0 "http://nagybistvan.hu" "Mozilla/5.0+(compatible; UptimeRobot/2.0; http://www.uptimerobot.com/)"
66.249.77.201 - - [04/Jul/2025:23:00:20 +0200] "GET /media/image/07.110.133.jpg HTTP/1.1" 200 108808 "-" "Googlebot-Image/1.0"
157.90.156.63 - - [04/Jul/2025:23:03:24 +0200] "HEAD / HTTP/1.1" 200 0 "http://nagybistvan.hu" "Mozilla/5.0+(compatible; UptimeRobot/2.0; http://www.uptimerobot.com/)"
168.119.123.75 - - [04/Jul/2025:23:08:28 +0200] "HEAD / HTTP/1.1" 200 0 "http://nagybistvan.hu" "Mozilla/5.0+(compatible; UptimeRobot/2.0; http://www.uptimerobot.com/)"
78.47.173.76 - - [04/Jul/2025:23:13:32 +0200] "HEAD / HTTP/1.1" 200 0 "http://nagybistvan.hu" "Mozilla/5.0+(compatible; UptimeRobot/2.0; http://www.uptimerobot.com/)"
78.47.98.55 - - [04/Jul/2025:23:18:35 +0200] "HEAD / HTTP/1.1" 200 0 "http://nagybistvan.hu" "Mozilla/5.0+(compatible; UptimeRobot/2.0; http://www.uptimerobot.com/)"
49.13.164.148 - - [04/Jul/2025:23:23:39 +0200] "HEAD / HTTP/1.1" 200 0 "http://nagybistvan.hu" "Mozilla/5.0+(compatible; UptimeRobot/2.0; http://www.uptimerobot.com/)"
78.47.173.76 - - [04/Jul/2025:23:28:42 +0200] "HEAD / HTTP/1.1" 200 0 "http://nagybistvan.hu" "Mozilla/5.0+(compatible; UptimeRobot/2.0; http://www.uptimerobot.com/)"
216.244.66.227 - - [04/Jul/2025:23:30:50 +0200] "GET /robots.txt HTTP/1.1" 404 1181 "-" "Mozilla/5.0 (compatible; DotBot/1.2; +https://opensiteexplorer.org/dotbot; help@moz.com)"
198.235.24.39 - - [04/Jul/2025:23:32:16 +0200] "GET / HTTP/1.1" 200 6786 "-" "Expanse, a Palo Alto Networks company, searches across the global IPv4 space multiple times per day to identify customers' presences on the Internet. If you would like to be excluded from our scans, please send IP addresses/domains to: scaninfo@paloaltonetworks.com"
66.249.77.192 - - [04/Jul/2025:23:32:20 +0200] "GET /media/image/30.362.001.jpg HTTP/1.1" 200 188561 "-" "Googlebot-Image/1.0"
78.47.98.55 - - [04/Jul/2025:23:33:45 +0200] "HEAD / HTTP/1.1" 200 0 "http://nagybistvan.hu" "Mozilla/5.0+(compatible; UptimeRobot/2.0; http://www.uptimerobot.com/)"
128.140.41.193 - - [04/Jul/2025:23:38:49 +0200] "HEAD / HTTP/1.1" 200 0 "http://nagybistvan.hu" "Mozilla/5.0+(compatible; UptimeRobot/2.0; http://www.uptimerobot.com/)"
216.244.66.227 - - [04/Jul/2025:23:39:12 +0200] "GET /index.php?c=veszelszky HTTP/1.1" 200 5897 "-" "Mozilla/5.0 (compatible; DotBot/1.2; +https://opensiteexplorer.org/dotbot; help@moz.com)"
216.244.66.227 - - [04/Jul/2025:23:39:38 +0200] "GET /index.php?c=Nagy_B_Jul_01 HTTP/1.1" 200 7938 "-" "Mozilla/5.0 (compatible; DotBot/1.2; +https://opensiteexplorer.org/dotbot; help@moz.com)"
78.47.98.55 - - [04/Jul/2025:23:43:52 +0200] "HEAD / HTTP/1.1" 200 0 "http://nagybistvan.hu" "Mozilla/5.0+(compatible; UptimeRobot/2.0; http://www.uptimerobot.com/)"
216.244.66.227 - - [04/Jul/2025:23:44:39 +0200] "GET /index.php?c=arckepcsarnok&cp=1 HTTP/1.1" 200 17518 "-" "Mozilla/5.0 (compatible; DotBot/1.2; +https://opensiteexplorer.org/dotbot; help@moz.com)"
167.235.143.113 - - [04/Jul/2025:23:48:57 +0200] "HEAD / HTTP/1.1" 200 0 "http://nagybistvan.hu" "Mozilla/5.0+(compatible; UptimeRobot/2.0; http://www.uptimerobot.com/)"
167.235.143.113 - - [04/Jul/2025:23:54:00 +0200] "HEAD / HTTP/1.1" 200 0 "http://nagybistvan.hu" "Mozilla/5.0+(compatible; UptimeRobot/2.0; http://www.uptimerobot.com/)"
78.46.190.63 - - [04/Jul/2025:23:59:03 +0200] "HEAD / HTTP/1.1" 200 0 "http://nagybistvan.hu" "Mozilla/5.0+(compatible; UptimeRobot/2.0; http://www.uptimerobot.com/)"
157.90.155.240 - - [05/Jul/2025:00:04:05 +0200] "HEAD / HTTP/1.1" 200 0 "http://nagybistvan.hu" "Mozilla/5.0+(compatible; UptimeRobot/2.0; http://www.uptimerobot.com/)"
78.47.98.55 - - [05/Jul/2025:00:09:09 +0200] "HEAD / HTTP/1.1" 200 0 "http://nagybistvan.hu" "Mozilla/5.0+(compatible; UptimeRobot/2.0; http://www.uptimerobot.com/)"
168.119.53.160 - - [05/Jul/2025:00:14:12 +0200] "HEAD / HTTP/1.1" 200 0 "http://nagybistvan.hu" "Mozilla/5.0+(compatible; UptimeRobot/2.0; http://www.uptimerobot.com/)"
216.244.66.227 - - [05/Jul/2025:00:17:05 +0200] "GET /robots.txt HTTP/1.1" 404 1181 "-" "Mozilla/5.0 (compatible; DotBot/1.2; +https://opensiteexplorer.org/dotbot; help@moz.com)"
216.244.66.227 - - [05/Jul/2025:00:17:05 +0200] "GET /robots.txt HTTP/1.1" 404 1181 "-" "Mozilla/5.0 (compatible; DotBot/1.2; +https://opensiteexplorer.org/dotbot; help@moz.com)"
49.13.130.29 - - [05/Jul/2025:00:19:15 +0200] "HEAD / HTTP/1.1" 200 0 "http://nagybistvan.hu" "Mozilla/5.0+(compatible; UptimeRobot/2.0; http://www.uptimerobot.com/)"
157.90.156.63 - - [05/Jul/2025:00:24:21 +0200] "HEAD / HTTP/1.1" 200 0 "http://nagybistvan.hu" "Mozilla/5.0+(compatible; UptimeRobot/2.0; http://www.uptimerobot.com/)"
88.99.80.227 - - [05/Jul/2025:00:29:24 +0200] "HEAD / HTTP/1.1" 200 0 "http://nagybistvan.hu" "Mozilla/5.0+(compatible; UptimeRobot/2.0; http://www.uptimerobot.com/)"
66.249.77.201 - - [05/Jul/2025:00:30:20 +0200] "GET /media/image/07.110.081.jpg HTTP/1.1" 200 109105 "-" "Googlebot-Image/1.0"
216.244.66.227 - - [05/Jul/2025:00:33:21 +0200] "GET /index.php?c=szilasi_03 HTTP/1.1" 200 4929 "-" "Mozilla/5.0 (compatible; DotBot/1.2; +https://opensiteexplorer.org/dotbot; help@moz.com)"
216.244.66.227 - - [05/Jul/2025:00:33:53 +0200] "GET /index.php?c=7080s&cp=7 HTTP/1.1" 200 18354 "-" "Mozilla/5.0 (compatible; DotBot/1.2; +https://opensiteexplorer.org/dotbot; help@moz.com)"
78.47.173.76 - - [05/Jul/2025:00:34:28 +0200] "HEAD / HTTP/1.1" 200 0 "http://nagybistvan.hu" "Mozilla/5.0+(compatible; UptimeRobot/2.0; http://www.uptimerobot.com/)"
49.13.167.123 - - [05/Jul/2025:00:39:30 +0200] "HEAD / HTTP/1.1" 200 0 "http://nagybistvan.hu" "Mozilla/5.0+(compatible; UptimeRobot/2.0; http://www.uptimerobot.com/)"
157.90.156.63 - - [05/Jul/2025:00:44:34 +0200] "HEAD / HTTP/1.1" 200 0 "http://nagybistvan.hu" "Mozilla/5.0+(compatible; UptimeRobot/2.0; http://www.uptimerobot.com/)"
51.68.111.212 - - [05/Jul/2025:00:48:03 +0200] "GET /robots.txt HTTP/1.1" 404 1181 "-" "Mozilla/5.0 (compatible; MJ12bot/v2.0.2; http://mj12bot.com/)"
51.68.111.212 - - [05/Jul/2025:00:48:03 +0200] "GET / HTTP/1.1" 200 6578 "-" "Mozilla/5.0 (compatible; MJ12bot/v2.0.2; http://mj12bot.com/)"
49.13.24.81 - - [05/Jul/2025:00:49:38 +0200] "HEAD / HTTP/1.1" 200 0 "http://nagybistvan.hu" "Mozilla/5.0+(compatible; UptimeRobot/2.0; http://www.uptimerobot.com/)"
49.13.130.29 - - [05/Jul/2025:00:54:40 +0200] "HEAD / HTTP/1.1" 200 0 "http://nagybistvan.hu" "Mozilla/5.0+(compatible; UptimeRobot/2.0; http://www.uptimerobot.com/)"
198.235.24.150 - - [05/Jul/2025:00:56:02 +0200] "GET / HTTP/1.1" 200 6838 "-" "-"
66.249.77.192 - - [05/Jul/2025:00:58:10 +0200] "GET / HTTP/1.1" 200 6702 "-" "Mozilla/5.0 (Linux; Android 6.0.1; Nexus 5X Build/MMB29P) AppleWebKit/537.36 (KHTML, like Gecko) Chrome/137.0.7151.119 Mobile Safari/537.36 (compatible; Googlebot/2.1; +http://www.google.com/bot.html)"
128.140.106.114 - - [05/Jul/2025:00:59:43 +0200] "HEAD / HTTP/1.1" 200 0 "http://nagybistvan.hu" "Mozilla/5.0+(compatible; UptimeRobot/2.0; http://www.uptimerobot.com/)"
216.244.66.227 - - [05/Jul/2025:01:02:45 +0200] "GET /robots.txt HTTP/1.1" 404 1181 "-" "Mozilla/5.0 (compatible; DotBot/1.2; +https://opensiteexplorer.org/dotbot; help@moz.com)"
49.13.134.145 - - [05/Jul/2025:01:04:47 +0200] "HEAD / HTTP/1.1" 200 0 "http://nagybistvan.hu" "Mozilla/5.0+(compatible; UptimeRobot/2.0; http://www.uptimerobot.com/)"
78.46.190.63 - - [05/Jul/2025:01:09:50 +0200] "HEAD / HTTP/1.1" 200 0 "http://nagybistvan.hu" "Mozilla/5.0+(compatible; UptimeRobot/2.0; http://www.uptimerobot.com/)"
78.46.190.63 - - [05/Jul/2025:01:14:53 +0200] "HEAD / HTTP/1.1" 200 0 "http://nagybistvan.hu" "Mozilla/5.0+(compatible; UptimeRobot/2.0; http://www.uptimerobot.com/)"
216.244.66.227 - - [05/Jul/2025:01:18:27 +0200] "GET /index.php?c=Nagy_B_Jul_01 HTTP/1.1" 200 7790 "-" "Mozilla/5.0 (compatible; DotBot/1.2; +https://opensiteexplorer.org/dotbot; help@moz.com)"
216.244.66.227 - - [05/Jul/2025:01:18:33 +0200] "GET /media/image/21.338.001.jpg HTTP/1.1" 200 218200 "-" "Mozilla/5.0 (compatible; DotBot/1.2; +https://opensiteexplorer.org/dotbot; help@moz.com)"
49.13.164.148 - - [05/Jul/2025:01:19:56 +0200] "HEAD / HTTP/1.1" 200 0 "http://nagybistvan.hu" "Mozilla/5.0+(compatible; UptimeRobot/2.0; http://www.uptimerobot.com/)"
49.13.164.148 - - [05/Jul/2025:01:25:02 +0200] "HEAD / HTTP/1.1" 200 0 "http://nagybistvan.hu" "Mozilla/5.0+(compatible; UptimeRobot/2.0; http://www.uptimerobot.com/)"
128.140.106.114 - - [05/Jul/2025:01:30:07 +0200] "HEAD / HTTP/1.1" 200 0 "http://nagybistvan.hu" "Mozilla/5.0+(compatible; UptimeRobot/2.0; http://www.uptimerobot.com/)"
66.249.77.201 - - [05/Jul/2025:01:30:20 +0200] "GET /media/image/07.033.001.jpg HTTP/1.1" 200 107347 "-" "Googlebot-Image/1.0"
49.13.24.81 - - [05/Jul/2025:01:35:11 +0200] "HEAD / HTTP/1.1" 200 0 "http://nagybistvan.hu" "Mozilla/5.0+(compatible; UptimeRobot/2.0; http://www.uptimerobot.com/)"
88.99.80.227 - - [05/Jul/2025:01:40:15 +0200] "HEAD / HTTP/1.1" 200 0 "http://nagybistvan.hu" "Mozilla/5.0+(compatible; UptimeRobot/2.0; http://www.uptimerobot.com/)"
49.13.164.148 - - [05/Jul/2025:01:45:18 +0200] "HEAD / HTTP/1.1" 200 0 "http://nagybistvan.hu" "Mozilla/5.0+(compatible; UptimeRobot/2.0; http://www.uptimerobot.com/)"
216.244.66.227 - - [05/Jul/2025:01:48:29 +0200] "GET /robots.txt HTTP/1.1" 404 1181 "-" "Mozilla/5.0 (compatible; DotBot/1.2; +https://opensiteexplorer.org/dotbot; help@moz.com)"
78.47.173.76 - - [05/Jul/2025:01:50:22 +0200] "HEAD / HTTP/1.1" 200 0 "http://nagybistvan.hu" "Mozilla/5.0+(compatible; UptimeRobot/2.0; http://www.uptimerobot.com/)"
