168.119.123.75 - - [02/Jul/2025:08:23:44 +0200] "HEAD / HTTP/1.1" 200 0 "http://nagybistvan.hu" "Mozilla/5.0+(compatible; UptimeRobot/2.0; http://www.uptimerobot.com/)"
78.47.173.76 - - [02/Jul/2025:08:28:48 +0200] "HEAD / HTTP/1.1" 200 0 "http://nagybistvan.hu" "Mozilla/5.0+(compatible; UptimeRobot/2.0; http://www.uptimerobot.com/)"
128.140.106.114 - - [02/Jul/2025:08:33:51 +0200] "HEAD / HTTP/1.1" 200 0 "http://nagybistvan.hu" "Mozilla/5.0+(compatible; UptimeRobot/2.0; http://www.uptimerobot.com/)"
128.140.41.193 - - [02/Jul/2025:08:38:55 +0200] "HEAD / HTTP/1.1" 200 0 "http://nagybistvan.hu" "Mozilla/5.0+(compatible; UptimeRobot/2.0; http://www.uptimerobot.com/)"
52.167.144.216 - - [02/Jul/2025:08:39:11 +0200] "GET /index.php?c=mozaik HTTP/1.1" 200 17372 "-" "Mozilla/5.0 AppleWebKit/537.36 (KHTML, like Gecko; compatible; bingbot/2.0; +http://www.bing.com/bingbot.htm) Chrome/116.0.1938.76 Safari/537.36"
168.119.53.160 - - [02/Jul/2025:08:43:58 +0200] "HEAD / HTTP/1.1" 200 0 "http://nagybistvan.hu" "Mozilla/5.0+(compatible; UptimeRobot/2.0; http://www.uptimerobot.com/)"
78.47.98.55 - - [02/Jul/2025:08:49:02 +0200] "HEAD / HTTP/1.1" 200 0 "http://nagybistvan.hu" "Mozilla/5.0+(compatible; UptimeRobot/2.0; http://www.uptimerobot.com/)"
216.244.66.227 - - [02/Jul/2025:08:51:11 +0200] "GET /robots.txt HTTP/1.1" 404 1181 "-" "Mozilla/5.0 (compatible; DotBot/1.2; +https://opensiteexplorer.org/dotbot; help@moz.com)"
216.244.66.227 - - [02/Jul/2025:08:51:12 +0200] "GET /robots.txt HTTP/1.1" 404 1181 "-" "Mozilla/5.0 (compatible; DotBot/1.2; +https://opensiteexplorer.org/dotbot; help@moz.com)"
142.132.180.39 - - [02/Jul/2025:08:54:06 +0200] "HEAD / HTTP/1.1" 200 0 "http://nagybistvan.hu" "Mozilla/5.0+(compatible; UptimeRobot/2.0; http://www.uptimerobot.com/)"
89.134.23.81 - - [02/Jul/2025:08:58:23 +0200] "GET /index.php?c=bio HTTP/1.1" 200 13350 "https://www.google.hu/" "Mozilla/5.0 (Windows NT 10.0; Win64; x64; rv:140.0) Gecko/20100101 Firefox/140.0"
89.134.23.81 - - [02/Jul/2025:08:58:23 +0200] "GET /lib/jquery-1.3.2/jquery-1.3.2.min.js HTTP/1.1" 200 57254 "http://nagybistvan.hu/index.php?c=bio" "Mozilla/5.0 (Windows NT 10.0; Win64; x64; rv:140.0) Gecko/20100101 Firefox/140.0"
89.134.23.81 - - [02/Jul/2025:08:58:23 +0200] "GET /lib/jq.fancybox-1.3.4/jquery.fancybox-1.3.4.pack.js HTTP/1.1" 200 15624 "http://nagybistvan.hu/index.php?c=bio" "Mozilla/5.0 (Windows NT 10.0; Win64; x64; rv:140.0) Gecko/20100101 Firefox/140.0"
89.134.23.81 - - [02/Jul/2025:08:58:23 +0200] "GET /lib/jq.fancybox-1.3.4/jquery.mousewheel-3.0.4.pack.js HTTP/1.1" 200 1279 "http://nagybistvan.hu/index.php?c=bio" "Mozilla/5.0 (Windows NT 10.0; Win64; x64; rv:140.0) Gecko/20100101 Firefox/140.0"
89.134.23.81 - - [02/Jul/2025:08:58:23 +0200] "GET /lib/jq.fancybox-1.3.4/jquery.easing-1.3.pack.js HTTP/1.1" 200 6717 "http://nagybistvan.hu/index.php?c=bio" "Mozilla/5.0 (Windows NT 10.0; Win64; x64; rv:140.0) Gecko/20100101 Firefox/140.0"
89.134.23.81 - - [02/Jul/2025:08:58:23 +0200] "GET /lib/jq.fancybox-1.3.4/jquery.fancybox-1.3.4.css HTTP/1.1" 200 8498 "http://nagybistvan.hu/index.php?c=bio" "Mozilla/5.0 (Windows NT 10.0; Win64; x64; rv:140.0) Gecko/20100101 Firefox/140.0"
89.134.23.81 - - [02/Jul/2025:08:58:23 +0200] "GET /lib/thickbox-3.1.custom/thickbox.js HTTP/1.1" 200 13058 "http://nagybistvan.hu/index.php?c=bio" "Mozilla/5.0 (Windows NT 10.0; Win64; x64; rv:140.0) Gecko/20100101 Firefox/140.0"
89.134.23.81 - - [02/Jul/2025:08:58:23 +0200] "GET /lib/thickbox-3.1.custom/thickbox.css HTTP/1.1" 200 4175 "http://nagybistvan.hu/index.php?c=bio" "Mozilla/5.0 (Windows NT 10.0; Win64; x64; rv:140.0) Gecko/20100101 Firefox/140.0"
89.134.23.81 - - [02/Jul/2025:08:58:24 +0200] "GET /lib/jq.contextmenu/jquery.contextmenu.js HTTP/1.1" 200 10507 "http://nagybistvan.hu/index.php?c=bio" "Mozilla/5.0 (Windows NT 10.0; Win64; x64; rv:140.0) Gecko/20100101 Firefox/140.0"
89.134.23.81 - - [02/Jul/2025:08:58:24 +0200] "GET /skin/master.css HTTP/1.1" 200 6842 "http://nagybistvan.hu/index.php?c=bio" "Mozilla/5.0 (Windows NT 10.0; Win64; x64; rv:140.0) Gecko/20100101 Firefox/140.0"
89.134.23.81 - - [02/Jul/2025:08:58:24 +0200] "GET /img/spacer.gif HTTP/1.1" 200 43 "http://nagybistvan.hu/index.php?c=bio" "Mozilla/5.0 (Windows NT 10.0; Win64; x64; rv:140.0) Gecko/20100101 Firefox/140.0"
89.134.23.81 - - [02/Jul/2025:08:58:24 +0200] "GET /media/image/07.061.001.jpg HTTP/1.1" 200 127878 "http://nagybistvan.hu/index.php?c=bio" "Mozilla/5.0 (Windows NT 10.0; Win64; x64; rv:140.0) Gecko/20100101 Firefox/140.0"
89.134.23.81 - - [02/Jul/2025:08:58:24 +0200] "GET /lib/thickbox-3.1.custom/loadingAnimation.gif HTTP/1.1" 200 4178 "http://nagybistvan.hu/index.php?c=bio" "Mozilla/5.0 (Windows NT 10.0; Win64; x64; rv:140.0) Gecko/20100101 Firefox/140.0"
89.134.23.81 - - [02/Jul/2025:08:58:24 +0200] "GET /skin/diszsav9.jpg HTTP/1.1" 200 147136 "http://nagybistvan.hu/skin/master.css" "Mozilla/5.0 (Windows NT 10.0; Win64; x64; rv:140.0) Gecko/20100101 Firefox/140.0"
89.134.23.81 - - [02/Jul/2025:08:58:24 +0200] "GET /favicon.ico HTTP/1.1" 404 1181 "http://nagybistvan.hu/index.php?c=bio" "Mozilla/5.0 (Windows NT 10.0; Win64; x64; rv:140.0) Gecko/20100101 Firefox/140.0"
49.13.134.145 - - [02/Jul/2025:08:59:09 +0200] "HEAD / HTTP/1.1" 200 0 "http://nagybistvan.hu" "Mozilla/5.0+(compatible; UptimeRobot/2.0; http://www.uptimerobot.com/)"
89.134.23.81 - - [02/Jul/2025:08:59:11 +0200] "GET /index.php?c=bio HTTP/1.1" 200 13320 "-" "Mozilla/5.0 (Windows NT 10.0; Win64; x64; rv:140.0) Gecko/20100101 Firefox/140.0"
89.134.23.81 - - [02/Jul/2025:08:59:11 +0200] "GET /lib/jquery-1.3.2/jquery-1.3.2.min.js HTTP/1.1" 200 57254 "http://nagybistvan.hu/index.php?c=bio" "Mozilla/5.0 (Windows NT 10.0; Win64; x64; rv:140.0) Gecko/20100101 Firefox/140.0"
89.134.23.81 - - [02/Jul/2025:08:59:11 +0200] "GET /lib/jq.fancybox-1.3.4/jquery.fancybox-1.3.4.pack.js HTTP/1.1" 200 15624 "http://nagybistvan.hu/index.php?c=bio" "Mozilla/5.0 (Windows NT 10.0; Win64; x64; rv:140.0) Gecko/20100101 Firefox/140.0"
89.134.23.81 - - [02/Jul/2025:08:59:11 +0200] "GET /lib/jq.fancybox-1.3.4/jquery.mousewheel-3.0.4.pack.js HTTP/1.1" 200 1279 "http://nagybistvan.hu/index.php?c=bio" "Mozilla/5.0 (Windows NT 10.0; Win64; x64; rv:140.0) Gecko/20100101 Firefox/140.0"
89.134.23.81 - - [02/Jul/2025:08:59:11 +0200] "GET /lib/jq.fancybox-1.3.4/jquery.easing-1.3.pack.js HTTP/1.1" 200 6717 "http://nagybistvan.hu/index.php?c=bio" "Mozilla/5.0 (Windows NT 10.0; Win64; x64; rv:140.0) Gecko/20100101 Firefox/140.0"
89.134.23.81 - - [02/Jul/2025:08:59:11 +0200] "GET /lib/jq.fancybox-1.3.4/jquery.fancybox-1.3.4.css HTTP/1.1" 200 8498 "http://nagybistvan.hu/index.php?c=bio" "Mozilla/5.0 (Windows NT 10.0; Win64; x64; rv:140.0) Gecko/20100101 Firefox/140.0"
89.134.23.81 - - [02/Jul/2025:08:59:11 +0200] "GET /lib/jq.contextmenu/jquery.contextmenu.js HTTP/1.1" 200 10507 "http://nagybistvan.hu/index.php?c=bio" "Mozilla/5.0 (Windows NT 10.0; Win64; x64; rv:140.0) Gecko/20100101 Firefox/140.0"
89.134.23.81 - - [02/Jul/2025:08:59:11 +0200] "GET /lib/thickbox-3.1.custom/thickbox.js HTTP/1.1" 200 13058 "http://nagybistvan.hu/index.php?c=bio" "Mozilla/5.0 (Windows NT 10.0; Win64; x64; rv:140.0) Gecko/20100101 Firefox/140.0"
89.134.23.81 - - [02/Jul/2025:08:59:11 +0200] "GET /lib/thickbox-3.1.custom/thickbox.css HTTP/1.1" 200 4175 "http://nagybistvan.hu/index.php?c=bio" "Mozilla/5.0 (Windows NT 10.0; Win64; x64; rv:140.0) Gecko/20100101 Firefox/140.0"
89.134.23.81 - - [02/Jul/2025:08:59:11 +0200] "GET /skin/master.css HTTP/1.1" 200 6842 "http://nagybistvan.hu/index.php?c=bio" "Mozilla/5.0 (Windows NT 10.0; Win64; x64; rv:140.0) Gecko/20100101 Firefox/140.0"
89.134.23.81 - - [02/Jul/2025:08:59:11 +0200] "GET /img/spacer.gif HTTP/1.1" 200 43 "http://nagybistvan.hu/index.php?c=bio" "Mozilla/5.0 (Windows NT 10.0; Win64; x64; rv:140.0) Gecko/20100101 Firefox/140.0"
89.134.23.81 - - [02/Jul/2025:08:59:11 +0200] "GET /lib/thickbox-3.1.custom/loadingAnimation.gif HTTP/1.1" 200 4178 "http://nagybistvan.hu/index.php?c=bio" "Mozilla/5.0 (Windows NT 10.0; Win64; x64; rv:140.0) Gecko/20100101 Firefox/140.0"
89.134.23.81 - - [02/Jul/2025:08:59:11 +0200] "GET /skin/diszsav9.jpg HTTP/1.1" 200 147136 "http://nagybistvan.hu/skin/master.css" "Mozilla/5.0 (Windows NT 10.0; Win64; x64; rv:140.0) Gecko/20100101 Firefox/140.0"
89.134.23.81 - - [02/Jul/2025:08:59:11 +0200] "GET /media/image/07.060.001.jpg HTTP/1.1" 200 192768 "http://nagybistvan.hu/index.php?c=bio" "Mozilla/5.0 (Windows NT 10.0; Win64; x64; rv:140.0) Gecko/20100101 Firefox/140.0"
216.244.66.227 - - [02/Jul/2025:09:00:48 +0200] "GET /index.php?c=Nagy_B_I_09 HTTP/1.1" 200 16581 "-" "Mozilla/5.0 (compatible; DotBot/1.2; +https://opensiteexplorer.org/dotbot; help@moz.com)"
216.244.66.227 - - [02/Jul/2025:09:00:56 +0200] "GET /index.php?c=beszeloszob HTTP/1.1" 200 16063 "-" "Mozilla/5.0 (compatible; DotBot/1.2; +https://opensiteexplorer.org/dotbot; help@moz.com)"
216.244.66.227 - - [02/Jul/2025:09:01:02 +0200] "GET /index.php?c=7080s HTTP/1.1" 200 17062 "-" "Mozilla/5.0 (compatible; DotBot/1.2; +https://opensiteexplorer.org/dotbot; help@moz.com)"
216.244.66.227 - - [02/Jul/2025:09:01:08 +0200] "GET /index.php?c=kepcs HTTP/1.1" 200 16010 "-" "Mozilla/5.0 (compatible; DotBot/1.2; +https://opensiteexplorer.org/dotbot; help@moz.com)"
49.13.164.148 - - [02/Jul/2025:09:04:14 +0200] "HEAD / HTTP/1.1" 200 0 "http://nagybistvan.hu" "Mozilla/5.0+(compatible; UptimeRobot/2.0; http://www.uptimerobot.com/)"
78.46.190.63 - - [02/Jul/2025:09:09:17 +0200] "HEAD / HTTP/1.1" 200 0 "http://nagybistvan.hu" "Mozilla/5.0+(compatible; UptimeRobot/2.0; http://www.uptimerobot.com/)"
78.47.98.55 - - [02/Jul/2025:09:14:20 +0200] "HEAD / HTTP/1.1" 200 0 "http://nagybistvan.hu" "Mozilla/5.0+(compatible; UptimeRobot/2.0; http://www.uptimerobot.com/)"
168.119.96.239 - - [02/Jul/2025:09:19:23 +0200] "HEAD / HTTP/1.1" 200 0 "http://nagybistvan.hu" "Mozilla/5.0+(compatible; UptimeRobot/2.0; http://www.uptimerobot.com/)"
13.52.213.82 - - [02/Jul/2025:09:22:55 +0200] "GET / HTTP/1.1" 200 6622 "-" "bitdiscovery-suggestions"
128.140.41.193 - - [02/Jul/2025:09:24:28 +0200] "HEAD / HTTP/1.1" 200 0 "http://nagybistvan.hu" "Mozilla/5.0+(compatible; UptimeRobot/2.0; http://www.uptimerobot.com/)"
162.62.213.187 - - [02/Jul/2025:09:28:59 +0200] "GET / HTTP/1.1" 200 6778 "-" "Mozilla/5.0 (iPhone; CPU iPhone OS 13_2_3 like Mac OS X) AppleWebKit/605.1.15 (KHTML, like Gecko) Version/13.0.3 Mobile/15E148 Safari/604.1"
88.99.80.227 - - [02/Jul/2025:09:29:32 +0200] "HEAD / HTTP/1.1" 200 0 "http://nagybistvan.hu" "Mozilla/5.0+(compatible; UptimeRobot/2.0; http://www.uptimerobot.com/)"
159.69.158.189 - - [02/Jul/2025:09:34:36 +0200] "HEAD / HTTP/1.1" 200 0 "http://nagybistvan.hu" "Mozilla/5.0+(compatible; UptimeRobot/2.0; http://www.uptimerobot.com/)"
216.244.66.227 - - [02/Jul/2025:09:36:33 +0200] "GET /robots.txt HTTP/1.1" 404 1181 "-" "Mozilla/5.0 (compatible; DotBot/1.2; +https://opensiteexplorer.org/dotbot; help@moz.com)"
142.132.180.39 - - [02/Jul/2025:09:39:39 +0200] "HEAD / HTTP/1.1" 200 0 "http://nagybistvan.hu" "Mozilla/5.0+(compatible; UptimeRobot/2.0; http://www.uptimerobot.com/)"
216.244.66.227 - - [02/Jul/2025:09:42:52 +0200] "GET /media/image/21.578.001.jpg HTTP/1.1" 200 112161 "-" "Mozilla/5.0 (compatible; DotBot/1.2; +https://opensiteexplorer.org/dotbot; help@moz.com)"
216.244.66.227 - - [02/Jul/2025:09:43:23 +0200] "GET /media/image/24.110.107.jpg HTTP/1.1" 200 124257 "-" "Mozilla/5.0 (compatible; DotBot/1.2; +https://opensiteexplorer.org/dotbot; help@moz.com)"
216.244.66.227 - - [02/Jul/2025:09:44:05 +0200] "GET /media/image/30.360.001.jpg HTTP/1.1" 200 200105 "-" "Mozilla/5.0 (compatible; DotBot/1.2; +https://opensiteexplorer.org/dotbot; help@moz.com)"
78.47.173.76 - - [02/Jul/2025:09:44:43 +0200] "HEAD / HTTP/1.1" 200 0 "http://nagybistvan.hu" "Mozilla/5.0+(compatible; UptimeRobot/2.0; http://www.uptimerobot.com/)"
216.244.66.227 - - [02/Jul/2025:09:44:44 +0200] "GET /media/image/07.033.001.jpg HTTP/1.1" 200 107347 "-" "Mozilla/5.0 (compatible; DotBot/1.2; +https://opensiteexplorer.org/dotbot; help@moz.com)"
216.244.66.227 - - [02/Jul/2025:09:45:24 +0200] "GET /media/image/07.056.001.jpg HTTP/1.1" 200 130400 "-" "Mozilla/5.0 (compatible; DotBot/1.2; +https://opensiteexplorer.org/dotbot; help@moz.com)"
216.244.66.227 - - [02/Jul/2025:09:46:04 +0200] "GET /media/image/07.110.069.jpg HTTP/1.1" 200 167215 "-" "Mozilla/5.0 (compatible; DotBot/1.2; +https://opensiteexplorer.org/dotbot; help@moz.com)"
168.119.96.239 - - [02/Jul/2025:09:49:47 +0200] "HEAD / HTTP/1.1" 200 0 "http://nagybistvan.hu" "Mozilla/5.0+(compatible; UptimeRobot/2.0; http://www.uptimerobot.com/)"
168.119.96.239 - - [02/Jul/2025:09:54:51 +0200] "HEAD / HTTP/1.1" 200 0 "http://nagybistvan.hu" "Mozilla/5.0+(compatible; UptimeRobot/2.0; http://www.uptimerobot.com/)"
142.132.180.39 - - [02/Jul/2025:09:59:55 +0200] "HEAD / HTTP/1.1" 200 0 "http://nagybistvan.hu" "Mozilla/5.0+(compatible; UptimeRobot/2.0; http://www.uptimerobot.com/)"
167.235.143.113 - - [02/Jul/2025:10:05:00 +0200] "HEAD / HTTP/1.1" 200 0 "http://nagybistvan.hu" "Mozilla/5.0+(compatible; UptimeRobot/2.0; http://www.uptimerobot.com/)"
49.13.24.81 - - [02/Jul/2025:10:10:04 +0200] "HEAD / HTTP/1.1" 200 0 "http://nagybistvan.hu" "Mozilla/5.0+(compatible; UptimeRobot/2.0; http://www.uptimerobot.com/)"
157.90.156.63 - - [02/Jul/2025:10:15:09 +0200] "HEAD / HTTP/1.1" 200 0 "http://nagybistvan.hu" "Mozilla/5.0+(compatible; UptimeRobot/2.0; http://www.uptimerobot.com/)"
49.13.24.81 - - [02/Jul/2025:10:20:13 +0200] "HEAD / HTTP/1.1" 200 0 "http://nagybistvan.hu" "Mozilla/5.0+(compatible; UptimeRobot/2.0; http://www.uptimerobot.com/)"
216.244.66.227 - - [02/Jul/2025:10:22:00 +0200] "GET /robots.txt HTTP/1.1" 404 1181 "-" "Mozilla/5.0 (compatible; DotBot/1.2; +https://opensiteexplorer.org/dotbot; help@moz.com)"
216.244.66.227 - - [02/Jul/2025:10:22:00 +0200] "GET /robots.txt HTTP/1.1" 404 1181 "-" "Mozilla/5.0 (compatible; DotBot/1.2; +https://opensiteexplorer.org/dotbot; help@moz.com)"
168.119.96.239 - - [02/Jul/2025:10:25:17 +0200] "HEAD / HTTP/1.1" 200 0 "http://nagybistvan.hu" "Mozilla/5.0+(compatible; UptimeRobot/2.0; http://www.uptimerobot.com/)"
216.244.66.227 - - [02/Jul/2025:10:28:30 +0200] "GET /media/image/24.336.002.jpg HTTP/1.1" 200 165669 "-" "Mozilla/5.0 (compatible; DotBot/1.2; +https://opensiteexplorer.org/dotbot; help@moz.com)"
216.244.66.227 - - [02/Jul/2025:10:29:02 +0200] "GET /korai/pages/Julika%20Zs%E1mb%E9kon.html HTTP/1.1" 200 1270 "-" "Mozilla/5.0 (compatible; DotBot/1.2; +https://opensiteexplorer.org/dotbot; help@moz.com)"
216.244.66.227 - - [02/Jul/2025:10:29:39 +0200] "GET /media/image/07.152.001.jpg HTTP/1.1" 200 136699 "-" "Mozilla/5.0 (compatible; DotBot/1.2; +https://opensiteexplorer.org/dotbot; help@moz.com)"
216.244.66.227 - - [02/Jul/2025:10:30:15 +0200] "GET /media/image/07.043.001.jpg HTTP/1.1" 200 138376 "-" "Mozilla/5.0 (compatible; DotBot/1.2; +https://opensiteexplorer.org/dotbot; help@moz.com)"
49.13.134.145 - - [02/Jul/2025:10:30:20 +0200] "HEAD / HTTP/1.1" 200 0 "http://nagybistvan.hu" "Mozilla/5.0+(compatible; UptimeRobot/2.0; http://www.uptimerobot.com/)"
216.244.66.227 - - [02/Jul/2025:10:31:05 +0200] "GET /media/image/24.336.011.jpg HTTP/1.1" 200 202113 "-" "Mozilla/5.0 (compatible; DotBot/1.2; +https://opensiteexplorer.org/dotbot; help@moz.com)"
216.244.66.227 - - [02/Jul/2025:10:31:43 +0200] "GET /media/image/07.036.001.jpg HTTP/1.1" 200 97420 "-" "Mozilla/5.0 (compatible; DotBot/1.2; +https://opensiteexplorer.org/dotbot; help@moz.com)"
216.244.66.227 - - [02/Jul/2025:10:32:25 +0200] "GET /media/image/22.311.001.jpg HTTP/1.1" 200 136588 "-" "Mozilla/5.0 (compatible; DotBot/1.2; +https://opensiteexplorer.org/dotbot; help@moz.com)"
216.244.66.227 - - [02/Jul/2025:10:33:10 +0200] "GET /media/image/30.355.001.jpg HTTP/1.1" 200 197149 "-" "Mozilla/5.0 (compatible; DotBot/1.2; +https://opensiteexplorer.org/dotbot; help@moz.com)"
216.244.66.227 - - [02/Jul/2025:10:33:50 +0200] "GET /media/image/07.110.036.jpg HTTP/1.1" 200 143011 "-" "Mozilla/5.0 (compatible; DotBot/1.2; +https://opensiteexplorer.org/dotbot; help@moz.com)"
216.244.66.227 - - [02/Jul/2025:10:34:21 +0200] "GET /index.php?c=ogorogmenza HTTP/1.1" 200 5226 "-" "Mozilla/5.0 (compatible; DotBot/1.2; +https://opensiteexplorer.org/dotbot; help@moz.com)"
142.132.180.39 - - [02/Jul/2025:10:35:24 +0200] "HEAD / HTTP/1.1" 200 0 "http://nagybistvan.hu" "Mozilla/5.0+(compatible; UptimeRobot/2.0; http://www.uptimerobot.com/)"
128.140.41.193 - - [02/Jul/2025:10:40:28 +0200] "HEAD / HTTP/1.1" 200 0 "http://nagybistvan.hu" "Mozilla/5.0+(compatible; UptimeRobot/2.0; http://www.uptimerobot.com/)"
142.132.180.39 - - [02/Jul/2025:10:45:32 +0200] "HEAD / HTTP/1.1" 200 0 "http://nagybistvan.hu" "Mozilla/5.0+(compatible; UptimeRobot/2.0; http://www.uptimerobot.com/)"
192.178.4.98 - - [02/Jul/2025:10:48:09 +0200] "GET /media/image/07.079.001.jpg HTTP/1.1" 200 180054 "-" "Googlebot-Image/1.0"
167.235.143.113 - - [02/Jul/2025:10:50:36 +0200] "HEAD / HTTP/1.1" 200 0 "http://nagybistvan.hu" "Mozilla/5.0+(compatible; UptimeRobot/2.0; http://www.uptimerobot.com/)"
157.90.155.240 - - [02/Jul/2025:10:55:39 +0200] "HEAD / HTTP/1.1" 200 0 "http://nagybistvan.hu" "Mozilla/5.0+(compatible; UptimeRobot/2.0; http://www.uptimerobot.com/)"
128.140.41.193 - - [02/Jul/2025:11:00:43 +0200] "HEAD / HTTP/1.1" 200 0 "http://nagybistvan.hu" "Mozilla/5.0+(compatible; UptimeRobot/2.0; http://www.uptimerobot.com/)"
66.249.64.132 - - [02/Jul/2025:11:01:24 +0200] "GET / HTTP/1.1" 200 6652 "-" "Mozilla/5.0 (Linux; Android 6.0.1; Nexus 5X Build/MMB29P) AppleWebKit/537.36 (KHTML, like Gecko) Chrome/137.0.7151.119 Mobile Safari/537.36 (compatible; Googlebot/2.1; +http://www.google.com/bot.html)"
157.90.156.63 - - [02/Jul/2025:11:05:47 +0200] "HEAD / HTTP/1.1" 200 0 "http://nagybistvan.hu" "Mozilla/5.0+(compatible; UptimeRobot/2.0; http://www.uptimerobot.com/)"
17.241.219.45 - - [02/Jul/2025:11:06:57 +0200] "GET /robots.txt HTTP/1.1" 404 1181 "-" "Mozilla/5.0 (Macintosh; Intel Mac OS X 10_15_7) AppleWebKit/605.1.15 (KHTML, like Gecko) Version/17.4 Safari/605.1.15 (Applebot/0.1; +http://www.apple.com/go/applebot)"
17.241.219.45 - - [02/Jul/2025:11:06:58 +0200] "GET /media/image/21.346.001.jpg HTTP/1.1" 200 101482 "-" "Mozilla/5.0 (Macintosh; Intel Mac OS X 10_15_7) AppleWebKit/605.1.15 (KHTML, like Gecko) Version/17.4 Safari/605.1.15 (Applebot/0.1; +http://www.apple.com/go/applebot)"
216.244.66.227 - - [02/Jul/2025:11:07:41 +0200] "GET /robots.txt HTTP/1.1" 404 1181 "-" "Mozilla/5.0 (compatible; DotBot/1.2; +https://opensiteexplorer.org/dotbot; help@moz.com)"
216.244.66.227 - - [02/Jul/2025:11:07:41 +0200] "GET /robots.txt HTTP/1.1" 404 1181 "-" "Mozilla/5.0 (compatible; DotBot/1.2; +https://opensiteexplorer.org/dotbot; help@moz.com)"
168.119.53.160 - - [02/Jul/2025:11:10:50 +0200] "HEAD / HTTP/1.1" 200 0 "http://nagybistvan.hu" "Mozilla/5.0+(compatible; UptimeRobot/2.0; http://www.uptimerobot.com/)"
216.244.66.227 - - [02/Jul/2025:11:12:38 +0200] "GET /media/image/24.110.063.jpg HTTP/1.1" 200 131333 "-" "Mozilla/5.0 (compatible; DotBot/1.2; +https://opensiteexplorer.org/dotbot; help@moz.com)"
216.244.66.227 - - [02/Jul/2025:11:13:58 +0200] "GET /zsambek/Zsambek%20LXXXI.html HTTP/1.1" 200 688 "-" "Mozilla/5.0 (compatible; DotBot/1.2; +https://opensiteexplorer.org/dotbot; help@moz.com)"
216.244.66.227 - - [02/Jul/2025:11:14:37 +0200] "GET /media/image/07.095.001.jpg HTTP/1.1" 200 97236 "-" "Mozilla/5.0 (compatible; DotBot/1.2; +https://opensiteexplorer.org/dotbot; help@moz.com)"
216.244.66.227 - - [02/Jul/2025:11:15:08 +0200] "GET /korai/pages/S%E1rga%20Zs%E1mb%E9k.html HTTP/1.1" 200 1307 "-" "Mozilla/5.0 (compatible; DotBot/1.2; +https://opensiteexplorer.org/dotbot; help@moz.com)"
216.244.66.227 - - [02/Jul/2025:11:15:49 +0200] "GET /media/image/07.018.001.jpg HTTP/1.1" 200 197918 "-" "Mozilla/5.0 (compatible; DotBot/1.2; +https://opensiteexplorer.org/dotbot; help@moz.com)"
157.90.156.63 - - [02/Jul/2025:11:15:54 +0200] "HEAD / HTTP/1.1" 200 0 "http://nagybistvan.hu" "Mozilla/5.0+(compatible; UptimeRobot/2.0; http://www.uptimerobot.com/)"
216.244.66.227 - - [02/Jul/2025:11:16:27 +0200] "GET /media/image/07.044.001.jpg HTTP/1.1" 200 143034 "-" "Mozilla/5.0 (compatible; DotBot/1.2; +https://opensiteexplorer.org/dotbot; help@moz.com)"
216.244.66.227 - - [02/Jul/2025:11:17:00 +0200] "GET /index.php?c=greco HTTP/1.1" 200 17734 "-" "Mozilla/5.0 (compatible; DotBot/1.2; +https://opensiteexplorer.org/dotbot; help@moz.com)"
216.244.66.227 - - [02/Jul/2025:11:17:36 +0200] "GET /media/image/07.110.123.jpg HTTP/1.1" 200 121538 "-" "Mozilla/5.0 (compatible; DotBot/1.2; +https://opensiteexplorer.org/dotbot; help@moz.com)"
49.13.167.123 - - [02/Jul/2025:11:20:58 +0200] "HEAD / HTTP/1.1" 200 0 "http://nagybistvan.hu" "Mozilla/5.0+(compatible; UptimeRobot/2.0; http://www.uptimerobot.com/)"
78.47.173.76 - - [02/Jul/2025:11:26:02 +0200] "HEAD / HTTP/1.1" 200 0 "http://nagybistvan.hu" "Mozilla/5.0+(compatible; UptimeRobot/2.0; http://www.uptimerobot.com/)"
159.69.158.189 - - [02/Jul/2025:11:31:05 +0200] "HEAD / HTTP/1.1" 200 0 "http://nagybistvan.hu" "Mozilla/5.0+(compatible; UptimeRobot/2.0; http://www.uptimerobot.com/)"
78.46.190.63 - - [02/Jul/2025:11:36:09 +0200] "HEAD / HTTP/1.1" 200 0 "http://nagybistvan.hu" "Mozilla/5.0+(compatible; UptimeRobot/2.0; http://www.uptimerobot.com/)"
49.13.24.81 - - [02/Jul/2025:11:41:12 +0200] "HEAD / HTTP/1.1" 200 0 "http://nagybistvan.hu" "Mozilla/5.0+(compatible; UptimeRobot/2.0; http://www.uptimerobot.com/)"
78.46.190.63 - - [02/Jul/2025:11:46:16 +0200] "HEAD / HTTP/1.1" 200 0 "http://nagybistvan.hu" "Mozilla/5.0+(compatible; UptimeRobot/2.0; http://www.uptimerobot.com/)"
49.13.164.148 - - [02/Jul/2025:11:51:19 +0200] "HEAD / HTTP/1.1" 200 0 "http://nagybistvan.hu" "Mozilla/5.0+(compatible; UptimeRobot/2.0; http://www.uptimerobot.com/)"
216.244.66.227 - - [02/Jul/2025:11:53:44 +0200] "GET /robots.txt HTTP/1.1" 404 1181 "-" "Mozilla/5.0 (compatible; DotBot/1.2; +https://opensiteexplorer.org/dotbot; help@moz.com)"
216.244.66.227 - - [02/Jul/2025:11:53:44 +0200] "GET /robots.txt HTTP/1.1" 404 1181 "-" "Mozilla/5.0 (compatible; DotBot/1.2; +https://opensiteexplorer.org/dotbot; help@moz.com)"
168.119.53.160 - - [02/Jul/2025:11:56:24 +0200] "HEAD / HTTP/1.1" 200 0 "http://nagybistvan.hu" "Mozilla/5.0+(compatible; UptimeRobot/2.0; http://www.uptimerobot.com/)"
216.244.66.227 - - [02/Jul/2025:11:57:59 +0200] "GET /media/image/07.110.136.jpg HTTP/1.1" 200 139386 "-" "Mozilla/5.0 (compatible; DotBot/1.2; +https://opensiteexplorer.org/dotbot; help@moz.com)"
216.244.66.227 - - [02/Jul/2025:11:59:57 +0200] "GET /media/image/21.579.001.jpg HTTP/1.1" 200 169806 "-" "Mozilla/5.0 (compatible; DotBot/1.2; +https://opensiteexplorer.org/dotbot; help@moz.com)"
216.244.66.227 - - [02/Jul/2025:12:00:17 +0200] "GET /media/image/24.291.001.jpg HTTP/1.1" 200 112444 "-" "Mozilla/5.0 (compatible; DotBot/1.2; +https://opensiteexplorer.org/dotbot; help@moz.com)"
216.244.66.227 - - [02/Jul/2025:12:00:55 +0200] "GET /media/image/07.038.001.jpg HTTP/1.1" 200 94036 "-" "Mozilla/5.0 (compatible; DotBot/1.2; +https://opensiteexplorer.org/dotbot; help@moz.com)"
49.13.134.145 - - [02/Jul/2025:12:01:27 +0200] "HEAD / HTTP/1.1" 200 0 "http://nagybistvan.hu" "Mozilla/5.0+(compatible; UptimeRobot/2.0; http://www.uptimerobot.com/)"
216.244.66.227 - - [02/Jul/2025:12:01:34 +0200] "GET /media/image/24.110.105.jpg HTTP/1.1" 200 159951 "-" "Mozilla/5.0 (compatible; DotBot/1.2; +https://opensiteexplorer.org/dotbot; help@moz.com)"
216.244.66.227 - - [02/Jul/2025:12:02:10 +0200] "GET /media/image/07.065.001.jpg HTTP/1.1" 200 92532 "-" "Mozilla/5.0 (compatible; DotBot/1.2; +https://opensiteexplorer.org/dotbot; help@moz.com)"
216.244.66.227 - - [02/Jul/2025:12:02:42 +0200] "GET /korai/pages/Alattval%F3.html HTTP/1.1" 200 1061 "-" "Mozilla/5.0 (compatible; DotBot/1.2; +https://opensiteexplorer.org/dotbot; help@moz.com)"
216.244.66.227 - - [02/Jul/2025:12:03:17 +0200] "GET /media/image/07.034.001.jpg HTTP/1.1" 200 104843 "-" "Mozilla/5.0 (compatible; DotBot/1.2; +https://opensiteexplorer.org/dotbot; help@moz.com)"
216.244.66.227 - - [02/Jul/2025:12:03:55 +0200] "GET /media/image/07.238.002.jpg HTTP/1.1" 200 104893 "-" "Mozilla/5.0 (compatible; DotBot/1.2; +https://opensiteexplorer.org/dotbot; help@moz.com)"
216.244.66.227 - - [02/Jul/2025:12:04:26 +0200] "GET /media/image/07.237.001.jpg HTTP/1.1" 200 88220 "-" "Mozilla/5.0 (compatible; DotBot/1.2; +https://opensiteexplorer.org/dotbot; help@moz.com)"
216.244.66.227 - - [02/Jul/2025:12:05:05 +0200] "GET /media/image/07.238.004.jpg HTTP/1.1" 200 130680 "-" "Mozilla/5.0 (compatible; DotBot/1.2; +https://opensiteexplorer.org/dotbot; help@moz.com)"
216.244.66.227 - - [02/Jul/2025:12:05:50 +0200] "GET /media/image/24.336.013.jpg HTTP/1.1" 200 196737 "-" "Mozilla/5.0 (compatible; DotBot/1.2; +https://opensiteexplorer.org/dotbot; help@moz.com)"
216.244.66.227 - - [02/Jul/2025:12:06:21 +0200] "GET /index.php?c=7080s&cp=9 HTTP/1.1" 200 17995 "-" "Mozilla/5.0 (compatible; DotBot/1.2; +https://opensiteexplorer.org/dotbot; help@moz.com)"
88.99.80.227 - - [02/Jul/2025:12:06:30 +0200] "HEAD / HTTP/1.1" 200 0 "http://nagybistvan.hu" "Mozilla/5.0+(compatible; UptimeRobot/2.0; http://www.uptimerobot.com/)"
216.244.66.227 - - [02/Jul/2025:12:06:54 +0200] "GET /media/image/07.110.068.jpg HTTP/1.1" 200 112512 "-" "Mozilla/5.0 (compatible; DotBot/1.2; +https://opensiteexplorer.org/dotbot; help@moz.com)"
78.47.173.76 - - [02/Jul/2025:12:11:34 +0200] "HEAD / HTTP/1.1" 200 0 "http://nagybistvan.hu" "Mozilla/5.0+(compatible; UptimeRobot/2.0; http://www.uptimerobot.com/)"
128.140.106.114 - - [02/Jul/2025:12:16:38 +0200] "HEAD / HTTP/1.1" 200 0 "http://nagybistvan.hu" "Mozilla/5.0+(compatible; UptimeRobot/2.0; http://www.uptimerobot.com/)"
167.235.143.113 - - [02/Jul/2025:12:21:41 +0200] "HEAD / HTTP/1.1" 200 0 "http://nagybistvan.hu" "Mozilla/5.0+(compatible; UptimeRobot/2.0; http://www.uptimerobot.com/)"
88.99.80.227 - - [02/Jul/2025:12:26:49 +0200] "HEAD / HTTP/1.1" 200 0 "http://nagybistvan.hu" "Mozilla/5.0+(compatible; UptimeRobot/2.0; http://www.uptimerobot.com/)"
168.119.123.75 - - [02/Jul/2025:12:31:54 +0200] "HEAD / HTTP/1.1" 200 0 "http://nagybistvan.hu" "Mozilla/5.0+(compatible; UptimeRobot/2.0; http://www.uptimerobot.com/)"
88.99.80.227 - - [02/Jul/2025:12:36:57 +0200] "HEAD / HTTP/1.1" 200 0 "http://nagybistvan.hu" "Mozilla/5.0+(compatible; UptimeRobot/2.0; http://www.uptimerobot.com/)"
216.244.66.227 - - [02/Jul/2025:12:39:41 +0200] "GET /robots.txt HTTP/1.1" 404 1181 "-" "Mozilla/5.0 (compatible; DotBot/1.2; +https://opensiteexplorer.org/dotbot; help@moz.com)"
216.244.66.227 - - [02/Jul/2025:12:39:42 +0200] "GET /robots.txt HTTP/1.1" 404 1181 "-" "Mozilla/5.0 (compatible; DotBot/1.2; +https://opensiteexplorer.org/dotbot; help@moz.com)"
49.13.164.148 - - [02/Jul/2025:12:42:03 +0200] "HEAD / HTTP/1.1" 200 0 "http://nagybistvan.hu" "Mozilla/5.0+(compatible; UptimeRobot/2.0; http://www.uptimerobot.com/)"
66.249.64.128 - - [02/Jul/2025:12:44:06 +0200] "GET /media/image/30.360.001.jpg HTTP/1.1" 200 200105 "-" "Googlebot-Image/1.0"
216.244.66.227 - - [02/Jul/2025:12:46:31 +0200] "GET /zsambek/Zsambek%20No%20128.html HTTP/1.1" 200 689 "-" "Mozilla/5.0 (compatible; DotBot/1.2; +https://opensiteexplorer.org/dotbot; help@moz.com)"
216.244.66.227 - - [02/Jul/2025:12:46:47 +0200] "GET /media/image/07.081.001.jpg HTTP/1.1" 200 171034 "-" "Mozilla/5.0 (compatible; DotBot/1.2; +https://opensiteexplorer.org/dotbot; help@moz.com)"
78.47.98.55 - - [02/Jul/2025:12:47:06 +0200] "HEAD / HTTP/1.1" 200 0 "http://nagybistvan.hu" "Mozilla/5.0+(compatible; UptimeRobot/2.0; http://www.uptimerobot.com/)"
216.244.66.227 - - [02/Jul/2025:12:47:19 +0200] "GET /korai/pages/V%E1ros.html HTTP/1.1" 200 1219 "-" "Mozilla/5.0 (compatible; DotBot/1.2; +https://opensiteexplorer.org/dotbot; help@moz.com)"
216.244.66.227 - - [02/Jul/2025:12:47:52 +0200] "GET /media/image/07.231.002.jpg HTTP/1.1" 200 97889 "-" "Mozilla/5.0 (compatible; DotBot/1.2; +https://opensiteexplorer.org/dotbot; help@moz.com)"
216.244.66.227 - - [02/Jul/2025:12:48:30 +0200] "GET /media/image/24.336.006.jpg HTTP/1.1" 200 97536 "-" "Mozilla/5.0 (compatible; DotBot/1.2; +https://opensiteexplorer.org/dotbot; help@moz.com)"
216.244.66.227 - - [02/Jul/2025:12:49:18 +0200] "GET /media/image/07.002.001.jpg HTTP/1.1" 200 238423 "-" "Mozilla/5.0 (compatible; DotBot/1.2; +https://opensiteexplorer.org/dotbot; help@moz.com)"
216.244.66.227 - - [02/Jul/2025:12:49:54 +0200] "GET /media/image/07.074.001.jpg HTTP/1.1" 200 88248 "-" "Mozilla/5.0 (compatible; DotBot/1.2; +https://opensiteexplorer.org/dotbot; help@moz.com)"
216.244.66.227 - - [02/Jul/2025:12:50:38 +0200] "GET /media/image/07.076.001.jpg HTTP/1.1" 200 146917 "-" "Mozilla/5.0 (compatible; DotBot/1.2; +https://opensiteexplorer.org/dotbot; help@moz.com)"
216.244.66.227 - - [02/Jul/2025:12:51:20 +0200] "GET /media/image/07.168.001.jpg HTTP/1.1" 200 107055 "-" "Mozilla/5.0 (compatible; DotBot/1.2; +https://opensiteexplorer.org/dotbot; help@moz.com)"
168.119.96.239 - - [02/Jul/2025:12:52:09 +0200] "HEAD / HTTP/1.1" 200 0 "http://nagybistvan.hu" "Mozilla/5.0+(compatible; UptimeRobot/2.0; http://www.uptimerobot.com/)"
192.178.4.98 - - [02/Jul/2025:12:55:22 +0200] "GET /media/image/07.035.001.jpg HTTP/1.1" 200 94619 "-" "Googlebot-Image/1.0"
168.119.96.239 - - [02/Jul/2025:12:57:13 +0200] "HEAD / HTTP/1.1" 200 0 "http://nagybistvan.hu" "Mozilla/5.0+(compatible; UptimeRobot/2.0; http://www.uptimerobot.com/)"
159.69.158.189 - - [02/Jul/2025:13:02:17 +0200] "HEAD / HTTP/1.1" 200 0 "http://nagybistvan.hu" "Mozilla/5.0+(compatible; UptimeRobot/2.0; http://www.uptimerobot.com/)"
45.156.129.85 - - [02/Jul/2025:13:03:34 +0200] "GET / HTTP/1.1" 200 6836 "-" "Mozilla/5.0 (Windows NT 10.0; WOW64) AppleWebKit/537.36 (KHTML, like Gecko) Chrome/66.0.3359.117 Safari/537.36"
78.47.98.55 - - [02/Jul/2025:13:07:21 +0200] "HEAD / HTTP/1.1" 200 0 "http://nagybistvan.hu" "Mozilla/5.0+(compatible; UptimeRobot/2.0; http://www.uptimerobot.com/)"
168.119.96.239 - - [02/Jul/2025:13:12:25 +0200] "HEAD / HTTP/1.1" 200 0 "http://nagybistvan.hu" "Mozilla/5.0+(compatible; UptimeRobot/2.0; http://www.uptimerobot.com/)"
168.119.53.160 - - [02/Jul/2025:13:17:28 +0200] "HEAD / HTTP/1.1" 200 0 "http://nagybistvan.hu" "Mozilla/5.0+(compatible; UptimeRobot/2.0; http://www.uptimerobot.com/)"
124.237.70.224 - - [02/Jul/2025:13:20:41 +0200] "GET / HTTP/1.1" 200 6836 "-" "Mozilla/5.0 (Macintosh; Intel Mac OS X 10_14_6) AppleWebKit/537.36 (KHTML, like Gecko) Chrome/95.0.4638.69 Safari/537.36"
27.115.124.2 - - [02/Jul/2025:13:20:46 +0200] "GET / HTTP/1.1" 200 6674 "-" "Mozilla/5.0 (Macintosh; Intel Mac OS X 10_14_6) AppleWebKit/537.36 (KHTML, like Gecko) Chrome/83.0.4103.97 Safari/537.36"
27.115.124.5 - - [02/Jul/2025:13:21:01 +0200] "GET / HTTP/1.1" 200 6672 "-" "Mozilla/5.0 (Macintosh; Intel Mac OS X 10_14_6) AppleWebKit/537.36 (KHTML, like Gecko) Chrome/83.0.4103.97 Safari/537.36"
27.115.124.5 - - [02/Jul/2025:13:21:01 +0200] "GET /lib/jq.fancybox-1.3.4/jquery.fancybox-1.3.4.css HTTP/1.1" 200 8498 "http://nagybistvan.hu/" "Mozilla/5.0 (Macintosh; Intel Mac OS X 10_14_6) AppleWebKit/537.36 (KHTML, like Gecko) Chrome/83.0.4103.97 Safari/537.36"
27.115.124.49 - - [02/Jul/2025:13:21:01 +0200] "GET /lib/thickbox-3.1.custom/thickbox.css HTTP/1.1" 200 4175 "http://nagybistvan.hu/" "Mozilla/5.0 (Macintosh; Intel Mac OS X 10_14_6) AppleWebKit/537.36 (KHTML, like Gecko) Chrome/83.0.4103.97 Safari/537.36"
27.115.124.5 - - [02/Jul/2025:13:21:02 +0200] "GET /lib/jq.fancybox-1.3.4/jquery.fancybox-1.3.4.pack.js HTTP/1.1" 200 15624 "http://nagybistvan.hu/" "Mozilla/5.0 (Macintosh; Intel Mac OS X 10_14_6) AppleWebKit/537.36 (KHTML, like Gecko) Chrome/83.0.4103.97 Safari/537.36"
27.115.124.49 - - [02/Jul/2025:13:21:02 +0200] "GET /lib/jq.fancybox-1.3.4/jquery.easing-1.3.pack.js HTTP/1.1" 200 6717 "http://nagybistvan.hu/" "Mozilla/5.0 (Macintosh; Intel Mac OS X 10_14_6) AppleWebKit/537.36 (KHTML, like Gecko) Chrome/83.0.4103.97 Safari/537.36"
27.115.124.48 - - [02/Jul/2025:13:21:02 +0200] "GET /skin/master.css HTTP/1.1" 200 6842 "http://nagybistvan.hu/" "Mozilla/5.0 (Macintosh; Intel Mac OS X 10_14_6) AppleWebKit/537.36 (KHTML, like Gecko) Chrome/83.0.4103.97 Safari/537.36"
27.115.124.34 - - [02/Jul/2025:13:21:02 +0200] "GET /lib/jq.fancybox-1.3.4/jquery.mousewheel-3.0.4.pack.js HTTP/1.1" 200 1279 "http://nagybistvan.hu/" "Mozilla/5.0 (Macintosh; Intel Mac OS X 10_14_6) AppleWebKit/537.36 (KHTML, like Gecko) Chrome/83.0.4103.97 Safari/537.36"
27.115.124.2 - - [02/Jul/2025:13:21:03 +0200] "GET /lib/thickbox-3.1.custom/thickbox.js HTTP/1.1" 200 13058 "http://nagybistvan.hu/" "Mozilla/5.0 (Macintosh; Intel Mac OS X 10_14_6) AppleWebKit/537.36 (KHTML, like Gecko) Chrome/83.0.4103.97 Safari/537.36"
27.115.124.34 - - [02/Jul/2025:13:21:03 +0200] "GET /lib/jquery-1.3.2/jquery-1.3.2.min.js HTTP/1.1" 200 57254 "http://nagybistvan.hu/" "Mozilla/5.0 (Macintosh; Intel Mac OS X 10_14_6) AppleWebKit/537.36 (KHTML, like Gecko) Chrome/83.0.4103.97 Safari/537.36"
27.115.124.49 - - [02/Jul/2025:13:21:03 +0200] "GET /lib/jq.contextmenu/jquery.contextmenu.js HTTP/1.1" 200 10507 "http://nagybistvan.hu/" "Mozilla/5.0 (Macintosh; Intel Mac OS X 10_14_6) AppleWebKit/537.36 (KHTML, like Gecko) Chrome/83.0.4103.97 Safari/537.36"
27.115.124.41 - - [02/Jul/2025:13:21:37 +0200] "GET /favicon.ico HTTP/1.1" 404 1181 "http://nagybistvan.hu/" "Mozilla/5.0 (Macintosh; Intel Mac OS X 10_14_6) AppleWebKit/537.36 (KHTML, like Gecko) Chrome/83.0.4103.97 Safari/537.36"
128.140.41.193 - - [02/Jul/2025:13:22:32 +0200] "HEAD / HTTP/1.1" 200 0 "http://nagybistvan.hu" "Mozilla/5.0+(compatible; UptimeRobot/2.0; http://www.uptimerobot.com/)"
216.244.66.227 - - [02/Jul/2025:13:26:40 +0200] "GET /robots.txt HTTP/1.1" 404 1181 "-" "Mozilla/5.0 (compatible; DotBot/1.2; +https://opensiteexplorer.org/dotbot; help@moz.com)"
216.244.66.227 - - [02/Jul/2025:13:26:41 +0200] "GET /robots.txt HTTP/1.1" 404 1181 "-" "Mozilla/5.0 (compatible; DotBot/1.2; +https://opensiteexplorer.org/dotbot; help@moz.com)"
168.119.53.160 - - [02/Jul/2025:13:27:36 +0200] "HEAD / HTTP/1.1" 200 0 "http://nagybistvan.hu" "Mozilla/5.0+(compatible; UptimeRobot/2.0; http://www.uptimerobot.com/)"
207.46.13.229 - - [02/Jul/2025:13:29:46 +0200] "GET /robots.txt HTTP/1.1" 404 1181 "-" "Mozilla/5.0 AppleWebKit/537.36 (KHTML, like Gecko; compatible; bingbot/2.0; +http://www.bing.com/bingbot.htm) Chrome/116.0.1938.76 Safari/537.36"
207.46.13.141 - - [02/Jul/2025:13:29:52 +0200] "GET /korai/pages/Pr%F3baf%FAr%E1s.html HTTP/1.1" 200 1298 "-" "Mozilla/5.0 AppleWebKit/537.36 (KHTML, like Gecko; compatible; bingbot/2.0; +http://www.bing.com/bingbot.htm) Chrome/116.0.1938.76 Safari/537.36"
49.13.24.81 - - [02/Jul/2025:13:32:40 +0200] "HEAD / HTTP/1.1" 200 0 "http://nagybistvan.hu" "Mozilla/5.0+(compatible; UptimeRobot/2.0; http://www.uptimerobot.com/)"
216.244.66.227 - - [02/Jul/2025:13:33:16 +0200] "GET /zsambek/Zsambek%20LXXVI.html HTTP/1.1" 200 686 "-" "Mozilla/5.0 (compatible; DotBot/1.2; +https://opensiteexplorer.org/dotbot; help@moz.com)"
216.244.66.227 - - [02/Jul/2025:13:33:42 +0200] "GET /media/image/24.312.001.jpg HTTP/1.1" 200 73259 "-" "Mozilla/5.0 (compatible; DotBot/1.2; +https://opensiteexplorer.org/dotbot; help@moz.com)"
216.244.66.227 - - [02/Jul/2025:13:34:00 +0200] "GET /media/image/07.110.037.jpg HTTP/1.1" 200 150058 "-" "Mozilla/5.0 (compatible; DotBot/1.2; +https://opensiteexplorer.org/dotbot; help@moz.com)"
216.244.66.227 - - [02/Jul/2025:13:34:31 +0200] "GET /media/image/07.040.001.jpg HTTP/1.1" 200 67731 "-" "Mozilla/5.0 (compatible; DotBot/1.2; +https://opensiteexplorer.org/dotbot; help@moz.com)"
216.244.66.227 - - [02/Jul/2025:13:35:11 +0200] "GET /media/image/07.074.001.jpg HTTP/1.1" 200 88248 "-" "Mozilla/5.0 (compatible; DotBot/1.2; +https://opensiteexplorer.org/dotbot; help@moz.com)"
216.244.66.227 - - [02/Jul/2025:13:35:51 +0200] "GET /media/image/07.116.001.jpg HTTP/1.1" 200 113985 "-" "Mozilla/5.0 (compatible; DotBot/1.2; +https://opensiteexplorer.org/dotbot; help@moz.com)"
216.244.66.227 - - [02/Jul/2025:13:36:27 +0200] "GET /media/image/07.009.001.jpg HTTP/1.1" 200 154425 "-" "Mozilla/5.0 (compatible; DotBot/1.2; +https://opensiteexplorer.org/dotbot; help@moz.com)"
216.244.66.227 - - [02/Jul/2025:13:37:03 +0200] "GET /media/image/21.110.072.jpg HTTP/1.1" 200 112967 "-" "Mozilla/5.0 (compatible; DotBot/1.2; +https://opensiteexplorer.org/dotbot; help@moz.com)"
49.13.24.81 - - [02/Jul/2025:13:37:43 +0200] "HEAD / HTTP/1.1" 200 0 "http://nagybistvan.hu" "Mozilla/5.0+(compatible; UptimeRobot/2.0; http://www.uptimerobot.com/)"
78.46.190.63 - - [02/Jul/2025:13:42:46 +0200] "HEAD / HTTP/1.1" 200 0 "http://nagybistvan.hu" "Mozilla/5.0+(compatible; UptimeRobot/2.0; http://www.uptimerobot.com/)"
49.13.24.81 - - [02/Jul/2025:13:47:50 +0200] "HEAD / HTTP/1.1" 200 0 "http://nagybistvan.hu" "Mozilla/5.0+(compatible; UptimeRobot/2.0; http://www.uptimerobot.com/)"
168.119.123.75 - - [02/Jul/2025:13:52:54 +0200] "HEAD / HTTP/1.1" 200 0 "http://nagybistvan.hu" "Mozilla/5.0+(compatible; UptimeRobot/2.0; http://www.uptimerobot.com/)"
142.132.180.39 - - [02/Jul/2025:13:57:58 +0200] "HEAD / HTTP/1.1" 200 0 "http://nagybistvan.hu" "Mozilla/5.0+(compatible; UptimeRobot/2.0; http://www.uptimerobot.com/)"
88.99.80.227 - - [02/Jul/2025:14:03:02 +0200] "HEAD / HTTP/1.1" 200 0 "http://nagybistvan.hu" "Mozilla/5.0+(compatible; UptimeRobot/2.0; http://www.uptimerobot.com/)"
13.73.6.38 - - [02/Jul/2025:14:07:30 +0200] "GET /wp-content/plugins/hellopress/wp_filemanager.php HTTP/1.1" 404 1181 "-" "-"
13.73.6.38 - - [02/Jul/2025:14:07:30 +0200] "GET /wp-includes/pomo/mpvloi.php HTTP/1.1" 404 1181 "-" "-"
13.73.6.38 - - [02/Jul/2025:14:07:31 +0200] "GET /wp-admin/images/edit-tags.php HTTP/1.1" 404 1181 "-" "-"
13.73.6.38 - - [02/Jul/2025:14:07:31 +0200] "GET /wp-admin/includes/media.php.INFECTED.php HTTP/1.1" 404 1181 "-" "-"
13.73.6.38 - - [02/Jul/2025:14:07:31 +0200] "GET /wp-includes/block-bindings.php HTTP/1.1" 404 1181 "-" "-"
13.73.6.38 - - [02/Jul/2025:14:07:31 +0200] "GET /wp-admin/css/colors/ectoplasm/str_shuffcle.php HTTP/1.1" 404 1181 "-" "-"
13.73.6.38 - - [02/Jul/2025:14:07:32 +0200] "GET /wp-admin/maint/wp-act.php HTTP/1.1" 404 1181 "-" "-"
13.73.6.38 - - [02/Jul/2025:14:07:32 +0200] "GET /wp-includes/css/dist/niil.php HTTP/1.1" 404 1181 "-" "-"
13.73.6.38 - - [02/Jul/2025:14:07:32 +0200] "GET /wp-includes/0.php HTTP/1.1" 404 1181 "-" "-"
13.73.6.38 - - [02/Jul/2025:14:07:33 +0200] "GET /wp-admin/css/acces.php HTTP/1.1" 404 1181 "-" "-"
13.73.6.38 - - [02/Jul/2025:14:07:33 +0200] "GET /wp-includes/about.php HTTP/1.1" 404 1181 "-" "-"
13.73.6.38 - - [02/Jul/2025:14:07:33 +0200] "GET /wp-admin/maint/go.php HTTP/1.1" 404 1181 "-" "-"
13.73.6.38 - - [02/Jul/2025:14:07:33 +0200] "GET /wp-admin/includes/wp-login.php HTTP/1.1" 404 1181 "-" "-"
13.73.6.38 - - [02/Jul/2025:14:07:33 +0200] "GET /wp-content/uploads/suit5y.php HTTP/1.1" 404 1181 "-" "-"
13.73.6.38 - - [02/Jul/2025:14:07:34 +0200] "GET /uploads/update_with_pics.php HTTP/1.1" 404 1181 "-" "-"
13.73.6.38 - - [02/Jul/2025:14:07:34 +0200] "GET /wp-admin/includes/admin-ajax.php HTTP/1.1" 404 1181 "-" "-"
13.73.6.38 - - [02/Jul/2025:14:07:34 +0200] "GET /uploads/upload.php HTTP/1.1" 404 1181 "-" "-"
13.73.6.38 - - [02/Jul/2025:14:07:35 +0200] "GET /wp-includes/class-wp-simplepie-sanitize-kses-stream.php HTTP/1.1" 404 1181 "-" "-"
13.73.6.38 - - [02/Jul/2025:14:07:35 +0200] "GET /wp-includes/prayer_intentions.php HTTP/1.1" 404 1181 "-" "-"
13.73.6.38 - - [02/Jul/2025:14:07:35 +0200] "GET /wp-includes/fonts/class-wp-font-collection.php HTTP/1.1" 404 1181 "-" "-"
13.73.6.38 - - [02/Jul/2025:14:07:35 +0200] "GET /wp-admin/includes/class-wp-pagebuilders-BDsjLk.php HTTP/1.1" 404 1181 "-" "-"
13.73.6.38 - - [02/Jul/2025:14:07:35 +0200] "GET /wp-admin/css/bgFbMo.php HTTP/1.1" 404 1181 "-" "-"
13.73.6.38 - - [02/Jul/2025:14:07:36 +0200] "GET /wp-includes/cof.php HTTP/1.1" 404 1181 "-" "-"
13.73.6.38 - - [02/Jul/2025:14:07:36 +0200] "GET /wp-admin/includes/class-wp-pagebuilders-5tgxav.php HTTP/1.1" 404 1181 "-" "-"
13.73.6.38 - - [02/Jul/2025:14:07:36 +0200] "GET /wp-admin/includes/class-wp-media-list-table-ezd.php HTTP/1.1" 404 1181 "-" "-"
13.73.6.38 - - [02/Jul/2025:14:07:37 +0200] "GET /wp-includes/pomo/yellow.php HTTP/1.1" 404 1181 "-" "-"
13.73.6.38 - - [02/Jul/2025:14:07:37 +0200] "GET /images/test.php HTTP/1.1" 404 1181 "-" "-"
13.73.6.38 - - [02/Jul/2025:14:07:37 +0200] "GET /wp-admin/css/colors/dkSUq.php HTTP/1.1" 404 1181 "-" "-"
13.73.6.38 - - [02/Jul/2025:14:07:37 +0200] "GET /wp-admin/images/wp-ksv1i.php HTTP/1.1" 404 1181 "-" "-"
13.73.6.38 - - [02/Jul/2025:14:07:37 +0200] "GET /wp-admin/js/widgets/hYdXrMgTbH.php HTTP/1.1" 404 1181 "-" "-"
13.73.6.38 - - [02/Jul/2025:14:07:38 +0200] "GET /wp-includes/Text/Diff/Renderer/last.php HTTP/1.1" 404 1181 "-" "-"
13.73.6.38 - - [02/Jul/2025:14:07:38 +0200] "GET /wp-content/uploads/admin.php HTTP/1.1" 404 1181 "-" "-"
13.73.6.38 - - [02/Jul/2025:14:07:38 +0200] "GET /wp-admin/includes/ace.php HTTP/1.1" 404 1181 "-" "-"
13.73.6.38 - - [02/Jul/2025:14:07:39 +0200] "GET /wp-includes/wp-admin-css.php HTTP/1.1" 404 1181 "-" "-"
13.73.6.38 - - [02/Jul/2025:14:07:39 +0200] "GET /wp-content/upgrade/120f9.php HTTP/1.1" 404 1181 "-" "-"
13.73.6.38 - - [02/Jul/2025:14:07:39 +0200] "GET /wp-includes/Text/moon.php HTTP/1.1" 404 1181 "-" "-"
13.73.6.38 - - [02/Jul/2025:14:07:39 +0200] "GET /wp-admin/css/colors/light/qwas.php HTTP/1.1" 404 1181 "-" "-"
13.73.6.38 - - [02/Jul/2025:14:07:39 +0200] "GET /wp-includes/davoeqyv.php HTTP/1.1" 404 1181 "-" "-"
13.73.6.38 - - [02/Jul/2025:14:07:40 +0200] "GET /wp-includes/js/codemirror/87.php HTTP/1.1" 404 1181 "-" "-"
13.73.6.38 - - [02/Jul/2025:14:07:40 +0200] "GET /wp-includes/block-template-utils.php HTTP/1.1" 404 1181 "-" "-"
13.73.6.38 - - [02/Jul/2025:14:07:40 +0200] "GET /wp-admin/maint/smile.php HTTP/1.1" 404 1181 "-" "-"
13.73.6.38 - - [02/Jul/2025:14:07:41 +0200] "GET /wp-includes/wp-2019.php HTTP/1.1" 404 1181 "-" "-"
13.73.6.38 - - [02/Jul/2025:14:07:41 +0200] "GET /wp-includes/Text/Diff/Engine.php HTTP/1.1" 404 1181 "-" "-"
13.73.6.38 - - [02/Jul/2025:14:07:41 +0200] "GET /images/up.php HTTP/1.1" 404 1181 "-" "-"
13.73.6.38 - - [02/Jul/2025:14:07:42 +0200] "GET /wp-includes/link-template-git.php HTTP/1.1" 404 1181 "-" "-"
13.73.6.38 - - [02/Jul/2025:14:07:42 +0200] "GET /wp-admin/images/searchl.php HTTP/1.1" 404 1181 "-" "-"
13.73.6.38 - - [02/Jul/2025:14:07:43 +0200] "GET /wp-content/uploads/js.php HTTP/1.1" 404 1181 "-" "-"
13.73.6.38 - - [02/Jul/2025:14:07:43 +0200] "GET /wp-includes/PHPMailer/brand.php HTTP/1.1" 404 1181 "-" "-"
13.73.6.38 - - [02/Jul/2025:14:07:44 +0200] "GET /wp-admin/includes/class-wp-pagebuilders-3bv4aS.php HTTP/1.1" 404 1181 "-" "-"
13.73.6.38 - - [02/Jul/2025:14:07:45 +0200] "GET /wp-admin/includes/rfzhh.php HTTP/1.1" 404 1181 "-" "-"
13.73.6.38 - - [02/Jul/2025:14:07:45 +0200] "GET /wp-includes/ID3/favicon.php HTTP/1.1" 404 1181 "-" "-"
13.73.6.38 - - [02/Jul/2025:14:07:45 +0200] "GET /uploads/phUploader.php HTTP/1.1" 404 1181 "-" "-"
13.73.6.38 - - [02/Jul/2025:14:07:45 +0200] "GET /wp-includes/fonts/themes.php HTTP/1.1" 404 1181 "-" "-"
13.73.6.38 - - [02/Jul/2025:14:07:46 +0200] "GET /wp-admin/css/wp-damin.php HTTP/1.1" 404 1181 "-" "-"
13.73.6.38 - - [02/Jul/2025:14:07:46 +0200] "GET /wp-content/up HTTP/1.1" 404 1181 "-" "-"
13.73.6.38 - - [02/Jul/2025:14:07:46 +0200] "GET /text.php?fm=true HTTP/1.1" 404 37 "-" "-"
13.73.6.38 - - [02/Jul/2025:14:07:46 +0200] "GET /admin.php HTTP/1.1" 404 37 "-" "-"
13.73.6.38 - - [02/Jul/2025:14:07:47 +0200] "GET /ty.php?p= HTTP/1.1" 404 37 "-" "-"
13.73.6.38 - - [02/Jul/2025:14:07:47 +0200] "GET /wp-content/plugins/index.php HTTP/1.1" 404 1181 "-" "-"
13.73.6.38 - - [02/Jul/2025:14:07:47 +0200] "GET /file.php?fm=true HTTP/1.1" 404 37 "-" "-"
13.73.6.38 - - [02/Jul/2025:14:07:47 +0200] "GET /function.php HTTP/1.1" 404 37 "-" "-"
13.73.6.38 - - [02/Jul/2025:14:07:48 +0200] "GET /wp-admin/css/colors/blue/index.php HTTP/1.1" 404 1181 "-" "-"
13.73.6.38 - - [02/Jul/2025:14:07:48 +0200] "GET /.well-known/wp-login.php HTTP/1.1" 404 1181 "-" "-"
13.73.6.38 - - [02/Jul/2025:14:07:48 +0200] "GET /xleet.php HTTP/1.1" 404 37 "-" "-"
13.73.6.38 - - [02/Jul/2025:14:07:48 +0200] "GET /.well-known/pki-validation/xp.php HTTP/1.1" 404 1181 "-" "-"
13.73.6.38 - - [02/Jul/2025:14:07:50 +0200] "GET /moon.php HTTP/1.1" 404 37 "-" "-"
13.73.6.38 - - [02/Jul/2025:14:07:50 +0200] "GET /img/wp-login.php HTTP/1.1" 404 37 "-" "-"
13.73.6.38 - - [02/Jul/2025:14:07:50 +0200] "GET /wp-admin/maint/maint.php HTTP/1.1" 404 1181 "-" "-"
13.73.6.38 - - [02/Jul/2025:14:07:50 +0200] "GET /mah.php?p= HTTP/1.1" 404 37 "-" "-"
13.73.6.38 - - [02/Jul/2025:14:07:51 +0200] "GET /images/anjay.php HTTP/1.1" 404 1181 "-" "-"
13.73.6.38 - - [02/Jul/2025:14:07:51 +0200] "GET /vendor/phpunit/phpunit/src/Util/PHP/small.php HTTP/1.1" 404 1181 "-" "-"
13.73.6.38 - - [02/Jul/2025:14:07:52 +0200] "GET /webadmin.php HTTP/1.1" 404 37 "-" "-"
13.73.6.38 - - [02/Jul/2025:14:07:52 +0200] "GET /core.php HTTP/1.1" 404 37 "-" "-"
13.73.6.38 - - [02/Jul/2025:14:07:53 +0200] "GET /wp-content/plugins/core-plugin/include.php HTTP/1.1" 404 1181 "-" "-"
13.73.6.38 - - [02/Jul/2025:14:07:53 +0200] "GET /vendor/phpunit/phpunit/src/Util/PHP/astab.php HTTP/1.1" 404 1181 "-" "-"
13.73.6.38 - - [02/Jul/2025:14:07:53 +0200] "GET /astab.php HTTP/1.1" 404 37 "-" "-"
13.73.6.38 - - [02/Jul/2025:14:07:53 +0200] "GET /makeasmtp.php?p= HTTP/1.1" 404 37 "-" "-"
13.73.6.38 - - [02/Jul/2025:14:07:54 +0200] "GET /abe.php HTTP/1.1" 404 37 "-" "-"
13.73.6.38 - - [02/Jul/2025:14:07:54 +0200] "GET /cgi-bin/index.php HTTP/1.1" 404 37 "-" "-"
13.73.6.38 - - [02/Jul/2025:14:07:54 +0200] "GET /packed.php HTTP/1.1" 404 37 "-" "-"
13.73.6.38 - - [02/Jul/2025:14:07:54 +0200] "GET /wp-content/themes/seotheme/mar.php HTTP/1.1" 404 1181 "-" "-"
13.73.6.38 - - [02/Jul/2025:14:07:55 +0200] "GET /about/function.php HTTP/1.1" 404 1181 "-" "-"
13.73.6.38 - - [02/Jul/2025:14:07:55 +0200] "GET /index/admin.php HTTP/1.1" 200 6628 "-" "-"
13.73.6.38 - - [02/Jul/2025:14:07:56 +0200] "GET /wp-admin/css/colors/blue/admin.php HTTP/1.1" 404 1181 "-" "-"
13.73.6.38 - - [02/Jul/2025:14:07:56 +0200] "GET /wp-includes/fonts/index.php HTTP/1.1" 404 1181 "-" "-"
13.73.6.38 - - [02/Jul/2025:14:07:56 +0200] "GET /wp-admin/images/about.php HTTP/1.1" 404 1181 "-" "-"
13.73.6.38 - - [02/Jul/2025:14:07:56 +0200] "GET /simple.php HTTP/1.1" 404 37 "-" "-"
13.73.6.38 - - [02/Jul/2025:14:07:57 +0200] "GET /index/function.php HTTP/1.1" 200 6704 "-" "-"
13.73.6.38 - - [02/Jul/2025:14:07:57 +0200] "GET /item.php HTTP/1.1" 404 37 "-" "-"
13.73.6.38 - - [02/Jul/2025:14:07:57 +0200] "GET /classwithtostring.php HTTP/1.1" 404 37 "-" "-"
13.73.6.38 - - [02/Jul/2025:14:07:57 +0200] "GET /cgi-bin/xmrlpc.php?p= HTTP/1.1" 404 37 "-" "-"
13.73.6.38 - - [02/Jul/2025:14:07:58 +0200] "GET /readme.php HTTP/1.1" 404 37 "-" "-"
13.73.6.38 - - [02/Jul/2025:14:07:58 +0200] "GET /wp-content/uploads/index.php HTTP/1.1" 404 1181 "-" "-"
13.73.6.38 - - [02/Jul/2025:14:07:58 +0200] "GET /wp-admin/images/index.php HTTP/1.1" 404 1181 "-" "-"
13.73.6.38 - - [02/Jul/2025:14:07:59 +0200] "GET /filemanager.php HTTP/1.1" 404 37 "-" "-"
13.73.6.38 - - [02/Jul/2025:14:07:59 +0200] "GET /shell20211028.php HTTP/1.1" 404 37 "-" "-"
13.73.6.38 - - [02/Jul/2025:14:07:59 +0200] "GET /.well-known/index.php HTTP/1.1" 404 1181 "-" "-"
13.73.6.38 - - [02/Jul/2025:14:08:00 +0200] "GET /info.php HTTP/1.1" 404 37 "-" "-"
13.73.6.38 - - [02/Jul/2025:14:08:02 +0200] "GET /file.php HTTP/1.1" 404 37 "-" "-"
13.73.6.38 - - [02/Jul/2025:14:08:02 +0200] "GET /wp-mail.php HTTP/1.1" 404 37 "-" "-"
13.73.6.38 - - [02/Jul/2025:14:08:04 +0200] "GET /about.php HTTP/1.1" 404 37 "-" "-"
13.73.6.38 - - [02/Jul/2025:14:08:04 +0200] "GET /wp-content/uploads/autoload_classmap.php HTTP/1.1" 404 1181 "-" "-"
13.73.6.38 - - [02/Jul/2025:14:08:04 +0200] "GET /wp-admin/404.php HTTP/1.1" 404 1181 "-" "-"
13.73.6.38 - - [02/Jul/2025:14:08:04 +0200] "GET /db.php HTTP/1.1" 404 37 "-" "-"
13.73.6.38 - - [02/Jul/2025:14:08:05 +0200] "GET /wp-admin/css/colors/coffee/index.php HTTP/1.1" 404 1181 "-" "-"
13.73.6.38 - - [02/Jul/2025:14:08:05 +0200] "GET /wp-content/plugins/seoplugins/mar.php HTTP/1.1" 404 1181 "-" "-"
13.73.6.38 - - [02/Jul/2025:14:08:05 +0200] "GET /cong.php HTTP/1.1" 404 37 "-" "-"
13.73.6.38 - - [02/Jul/2025:14:08:05 +0200] "GET /wp-admin/css/colors/index.php HTTP/1.1" 404 1181 "-" "-"
49.13.24.81 - - [02/Jul/2025:14:08:06 +0200] "HEAD / HTTP/1.1" 200 0 "http://nagybistvan.hu" "Mozilla/5.0+(compatible; UptimeRobot/2.0; http://www.uptimerobot.com/)"
13.73.6.38 - - [02/Jul/2025:14:08:06 +0200] "GET /randkeyword.php HTTP/1.1" 404 37 "-" "-"
13.73.6.38 - - [02/Jul/2025:14:08:06 +0200] "GET /wp-content/about.php HTTP/1.1" 404 1181 "-" "-"
13.73.6.38 - - [02/Jul/2025:14:08:06 +0200] "GET /buy.php HTTP/1.1" 404 37 "-" "-"
13.73.6.38 - - [02/Jul/2025:14:08:06 +0200] "GET /wp-admin/autoload_classmap.php HTTP/1.1" 404 1181 "-" "-"
13.73.6.38 - - [02/Jul/2025:14:08:07 +0200] "GET /wp-content/file.php HTTP/1.1" 404 1181 "-" "-"
13.73.6.38 - - [02/Jul/2025:14:08:08 +0200] "GET /autoload_classmap.php HTTP/1.1" 404 37 "-" "-"
13.73.6.38 - - [02/Jul/2025:14:08:08 +0200] "GET /wp-admin/user/index.php HTTP/1.1" 404 1181 "-" "-"
13.73.6.38 - - [02/Jul/2025:14:08:09 +0200] "GET /wp-content/plugins/dummyyummy/wp-signup.php HTTP/1.1" 404 1181 "-" "-"
216.244.66.227 - - [02/Jul/2025:14:12:41 +0200] "GET /robots.txt HTTP/1.1" 404 1181 "-" "Mozilla/5.0 (compatible; DotBot/1.2; +https://opensiteexplorer.org/dotbot; help@moz.com)"
216.244.66.227 - - [02/Jul/2025:14:12:43 +0200] "GET /robots.txt HTTP/1.1" 404 1181 "-" "Mozilla/5.0 (compatible; DotBot/1.2; +https://opensiteexplorer.org/dotbot; help@moz.com)"
