157.90.155.240 - - [16/Aug/2025:13:37:30 +0200] "HEAD / HTTP/1.1" 200 0 "http://nagybistvan.hu" "Mozilla/5.0+(compatible; UptimeRobot/2.0; http://www.uptimerobot.com/)"
88.99.80.227 - - [16/Aug/2025:13:42:33 +0200] "HEAD / HTTP/1.1" 200 0 "http://nagybistvan.hu" "Mozilla/5.0+(compatible; UptimeRobot/2.0; http://www.uptimerobot.com/)"
78.46.190.63 - - [16/Aug/2025:13:47:37 +0200] "HEAD / HTTP/1.1" 200 0 "http://nagybistvan.hu" "Mozilla/5.0+(compatible; UptimeRobot/2.0; http://www.uptimerobot.com/)"
66.249.64.105 - - [16/Aug/2025:13:48:15 +0200] "GET /robots.txt HTTP/1.1" 404 1181 "-" "Mozilla/5.0 (compatible; Googlebot/2.1; +http://www.google.com/bot.html)"
66.249.64.105 - - [16/Aug/2025:13:48:16 +0200] "GET /media/image/21.413.001.jpg HTTP/1.1" 200 97215 "-" "Googlebot-Image/1.0"
136.243.153.17 - - [16/Aug/2025:13:52:29 +0200] "GET /robots.txt HTTP/1.1" 404 1181 "-" "serpstatbot/2.1 (advanced backlink tracking bot; https://serpstatbot.com/; abuse@serpstatbot.com)"
136.243.153.17 - - [16/Aug/2025:13:52:29 +0200] "GET / HTTP/1.1" 200 6840 "-" "serpstatbot/2.1 (advanced backlink tracking bot; https://serpstatbot.com/; abuse@serpstatbot.com)"
157.90.156.63 - - [16/Aug/2025:13:52:41 +0200] "HEAD / HTTP/1.1" 200 0 "http://nagybistvan.hu" "Mozilla/5.0+(compatible; UptimeRobot/2.0; http://www.uptimerobot.com/)"
85.208.96.195 - - [16/Aug/2025:13:52:52 +0200] "GET /robots.txt HTTP/1.1" 404 1181 "-" "Mozilla/5.0 (compatible; SemrushBot/7~bl; +http://www.semrush.com/bot.html)"
85.208.96.205 - - [16/Aug/2025:13:52:52 +0200] "GET /irasai HTTP/1.1" 301 324 "-" "Mozilla/5.0 (compatible; SemrushBot/7~bl; +http://www.semrush.com/bot.html)"
185.191.171.13 - - [16/Aug/2025:13:52:54 +0200] "GET /irasai/ HTTP/1.1" 302 5 "-" "Mozilla/5.0 (compatible; SemrushBot/7~bl; +http://www.semrush.com/bot.html)"
185.191.171.17 - - [16/Aug/2025:13:52:55 +0200] "GET /index.php?c=irasai HTTP/1.1" 200 7474 "-" "Mozilla/5.0 (compatible; SemrushBot/7~bl; +http://www.semrush.com/bot.html)"
78.46.190.63 - - [16/Aug/2025:13:57:45 +0200] "HEAD / HTTP/1.1" 200 0 "http://nagybistvan.hu" "Mozilla/5.0+(compatible; UptimeRobot/2.0; http://www.uptimerobot.com/)"
49.13.130.29 - - [16/Aug/2025:14:02:50 +0200] "HEAD / HTTP/1.1" 200 0 "http://nagybistvan.hu" "Mozilla/5.0+(compatible; UptimeRobot/2.0; http://www.uptimerobot.com/)"
66.249.64.107 - - [16/Aug/2025:14:06:33 +0200] "GET /index.php/media/image/07.055.001.jpg HTTP/1.1" 200 6646 "-" "Googlebot-Image/1.0"
157.90.155.240 - - [16/Aug/2025:14:07:54 +0200] "HEAD / HTTP/1.1" 200 0 "http://nagybistvan.hu" "Mozilla/5.0+(compatible; UptimeRobot/2.0; http://www.uptimerobot.com/)"
46.107.176.56 - - [16/Aug/2025:14:11:50 +0200] "GET / HTTP/1.1" 200 6678 "-" "Mozilla/5.0 (Windows NT 10.0; Win64; x64; rv:141.0) Gecko/20100101 Firefox/141.0"
46.107.176.56 - - [16/Aug/2025:14:11:50 +0200] "GET / HTTP/1.1" 200 6680 "https://www.google.com/" "Mozilla/5.0 (Windows NT 10.0; Win64; x64; rv:141.0) Gecko/20100101 Firefox/141.0"
46.107.176.56 - - [16/Aug/2025:14:11:50 +0200] "GET /lib/thickbox-3.1.custom/thickbox.js HTTP/1.1" 200 13058 "http://nagybistvan.hu/" "Mozilla/5.0 (Windows NT 10.0; Win64; x64; rv:141.0) Gecko/20100101 Firefox/141.0"
46.107.176.56 - - [16/Aug/2025:14:11:50 +0200] "GET /lib/jq.fancybox-1.3.4/jquery.easing-1.3.pack.js HTTP/1.1" 200 6717 "http://nagybistvan.hu/" "Mozilla/5.0 (Windows NT 10.0; Win64; x64; rv:141.0) Gecko/20100101 Firefox/141.0"
46.107.176.56 - - [16/Aug/2025:14:11:50 +0200] "GET /lib/jq.fancybox-1.3.4/jquery.fancybox-1.3.4.css HTTP/1.1" 200 8498 "http://nagybistvan.hu/" "Mozilla/5.0 (Windows NT 10.0; Win64; x64; rv:141.0) Gecko/20100101 Firefox/141.0"
46.107.176.56 - - [16/Aug/2025:14:11:50 +0200] "GET /lib/jq.fancybox-1.3.4/jquery.fancybox-1.3.4.pack.js HTTP/1.1" 200 15624 "http://nagybistvan.hu/" "Mozilla/5.0 (Windows NT 10.0; Win64; x64; rv:141.0) Gecko/20100101 Firefox/141.0"
46.107.176.56 - - [16/Aug/2025:14:11:50 +0200] "GET /lib/jq.fancybox-1.3.4/jquery.mousewheel-3.0.4.pack.js HTTP/1.1" 200 1279 "http://nagybistvan.hu/" "Mozilla/5.0 (Windows NT 10.0; Win64; x64; rv:141.0) Gecko/20100101 Firefox/141.0"
46.107.176.56 - - [16/Aug/2025:14:11:50 +0200] "GET /lib/jquery-1.3.2/jquery-1.3.2.min.js HTTP/1.1" 200 57254 "http://nagybistvan.hu/" "Mozilla/5.0 (Windows NT 10.0; Win64; x64; rv:141.0) Gecko/20100101 Firefox/141.0"
46.107.176.56 - - [16/Aug/2025:14:11:50 +0200] "GET /lib/jq.contextmenu/jquery.contextmenu.js HTTP/1.1" 200 10507 "http://nagybistvan.hu/" "Mozilla/5.0 (Windows NT 10.0; Win64; x64; rv:141.0) Gecko/20100101 Firefox/141.0"
46.107.176.56 - - [16/Aug/2025:14:11:50 +0200] "GET /lib/thickbox-3.1.custom/thickbox.css HTTP/1.1" 200 4175 "http://nagybistvan.hu/" "Mozilla/5.0 (Windows NT 10.0; Win64; x64; rv:141.0) Gecko/20100101 Firefox/141.0"
46.107.176.56 - - [16/Aug/2025:14:11:50 +0200] "GET /skin/master.css HTTP/1.1" 200 6842 "http://nagybistvan.hu/" "Mozilla/5.0 (Windows NT 10.0; Win64; x64; rv:141.0) Gecko/20100101 Firefox/141.0"
46.107.176.56 - - [16/Aug/2025:14:11:50 +0200] "GET /img/spacer.gif HTTP/1.1" 200 43 "http://nagybistvan.hu/" "Mozilla/5.0 (Windows NT 10.0; Win64; x64; rv:141.0) Gecko/20100101 Firefox/141.0"
46.107.176.56 - - [16/Aug/2025:14:11:50 +0200] "GET /img/nagy_b_90_meghivo_400.jpg HTTP/1.1" 200 42212 "http://nagybistvan.hu/" "Mozilla/5.0 (Windows NT 10.0; Win64; x64; rv:141.0) Gecko/20100101 Firefox/141.0"
46.107.176.56 - - [16/Aug/2025:14:11:50 +0200] "GET /img/Nagy_B_album_szoro2_130.jpg HTTP/1.1" 200 53095 "http://nagybistvan.hu/" "Mozilla/5.0 (Windows NT 10.0; Win64; x64; rv:141.0) Gecko/20100101 Firefox/141.0"
46.107.176.56 - - [16/Aug/2025:14:11:50 +0200] "GET /lib/thickbox-3.1.custom/loadingAnimation.gif HTTP/1.1" 200 4178 "http://nagybistvan.hu/" "Mozilla/5.0 (Windows NT 10.0; Win64; x64; rv:141.0) Gecko/20100101 Firefox/141.0"
46.107.176.56 - - [16/Aug/2025:14:11:50 +0200] "GET /media/image/07.004.001.jpg HTTP/1.1" 200 132082 "http://nagybistvan.hu/" "Mozilla/5.0 (Windows NT 10.0; Win64; x64; rv:141.0) Gecko/20100101 Firefox/141.0"
46.107.176.56 - - [16/Aug/2025:14:11:50 +0200] "GET /skin/diszsav9.jpg HTTP/1.1" 200 147136 "http://nagybistvan.hu/skin/master.css" "Mozilla/5.0 (Windows NT 10.0; Win64; x64; rv:141.0) Gecko/20100101 Firefox/141.0"
46.107.176.56 - - [16/Aug/2025:14:11:50 +0200] "GET /favicon.ico HTTP/1.1" 404 1181 "http://nagybistvan.hu/" "Mozilla/5.0 (Windows NT 10.0; Win64; x64; rv:141.0) Gecko/20100101 Firefox/141.0"
46.107.176.56 - - [16/Aug/2025:14:12:02 +0200] "GET /kepek HTTP/1.1" 301 315 "http://nagybistvan.hu/" "Mozilla/5.0 (Windows NT 10.0; Win64; x64; rv:141.0) Gecko/20100101 Firefox/141.0"
46.107.176.56 - - [16/Aug/2025:14:12:02 +0200] "GET /kepek/ HTTP/1.1" 302 5 "http://nagybistvan.hu/" "Mozilla/5.0 (Windows NT 10.0; Win64; x64; rv:141.0) Gecko/20100101 Firefox/141.0"
46.107.176.56 - - [16/Aug/2025:14:12:03 +0200] "GET /index.php?c=kepek HTTP/1.1" 200 10177 "http://nagybistvan.hu/" "Mozilla/5.0 (Windows NT 10.0; Win64; x64; rv:141.0) Gecko/20100101 Firefox/141.0"
46.107.176.56 - - [16/Aug/2025:14:12:08 +0200] "GET /index.php?c=zsambek HTTP/1.1" 200 16293 "http://nagybistvan.hu/index.php?c=kepek" "Mozilla/5.0 (Windows NT 10.0; Win64; x64; rv:141.0) Gecko/20100101 Firefox/141.0"
46.107.176.56 - - [16/Aug/2025:14:12:09 +0200] "GET /media/image/21.110.103.jpg HTTP/1.1" 200 113228 "http://nagybistvan.hu/index.php?c=zsambek" "Mozilla/5.0 (Windows NT 10.0; Win64; x64; rv:141.0) Gecko/20100101 Firefox/141.0"
46.107.176.56 - - [16/Aug/2025:14:12:09 +0200] "GET /media/image/23.110.001.jpg HTTP/1.1" 200 194336 "http://nagybistvan.hu/index.php?c=zsambek" "Mozilla/5.0 (Windows NT 10.0; Win64; x64; rv:141.0) Gecko/20100101 Firefox/141.0"
46.107.176.56 - - [16/Aug/2025:14:12:09 +0200] "GET /media/image/23.110.095.jpg HTTP/1.1" 200 120762 "http://nagybistvan.hu/index.php?c=zsambek" "Mozilla/5.0 (Windows NT 10.0; Win64; x64; rv:141.0) Gecko/20100101 Firefox/141.0"
46.107.176.56 - - [16/Aug/2025:14:12:09 +0200] "GET /media/image/23.110.089.jpg HTTP/1.1" 200 130001 "http://nagybistvan.hu/index.php?c=zsambek" "Mozilla/5.0 (Windows NT 10.0; Win64; x64; rv:141.0) Gecko/20100101 Firefox/141.0"
46.107.176.56 - - [16/Aug/2025:14:12:09 +0200] "GET /media/image/09.110.101.jpg HTTP/1.1" 200 164475 "http://nagybistvan.hu/index.php?c=zsambek" "Mozilla/5.0 (Windows NT 10.0; Win64; x64; rv:141.0) Gecko/20100101 Firefox/141.0"
46.107.176.56 - - [16/Aug/2025:14:12:09 +0200] "GET /media/image/30.110.132.jpg HTTP/1.1" 200 187214 "http://nagybistvan.hu/index.php?c=zsambek" "Mozilla/5.0 (Windows NT 10.0; Win64; x64; rv:141.0) Gecko/20100101 Firefox/141.0"
46.107.176.56 - - [16/Aug/2025:14:12:09 +0200] "GET /skin/diszsav18.jpg HTTP/1.1" 200 121943 "http://nagybistvan.hu/skin/master.css" "Mozilla/5.0 (Windows NT 10.0; Win64; x64; rv:141.0) Gecko/20100101 Firefox/141.0"
46.107.176.56 - - [16/Aug/2025:14:12:09 +0200] "GET /media/image/23.110.092.jpg HTTP/1.1" 200 134291 "http://nagybistvan.hu/index.php?c=zsambek" "Mozilla/5.0 (Windows NT 10.0; Win64; x64; rv:141.0) Gecko/20100101 Firefox/141.0"
46.107.176.56 - - [16/Aug/2025:14:12:09 +0200] "GET /media/image/30.110.131.jpg HTTP/1.1" 200 234327 "http://nagybistvan.hu/index.php?c=zsambek" "Mozilla/5.0 (Windows NT 10.0; Win64; x64; rv:141.0) Gecko/20100101 Firefox/141.0"
46.107.176.56 - - [16/Aug/2025:14:12:09 +0200] "GET /media/image/24.110.107.jpg HTTP/1.1" 200 124257 "http://nagybistvan.hu/index.php?c=zsambek" "Mozilla/5.0 (Windows NT 10.0; Win64; x64; rv:141.0) Gecko/20100101 Firefox/141.0"
46.107.176.56 - - [16/Aug/2025:14:12:09 +0200] "GET /media/image/23.110.093.jpg HTTP/1.1" 200 162983 "http://nagybistvan.hu/index.php?c=zsambek" "Mozilla/5.0 (Windows NT 10.0; Win64; x64; rv:141.0) Gecko/20100101 Firefox/141.0"
46.107.176.56 - - [16/Aug/2025:14:12:09 +0200] "GET /media/image/24.110.105.jpg HTTP/1.1" 200 159951 "http://nagybistvan.hu/index.php?c=zsambek" "Mozilla/5.0 (Windows NT 10.0; Win64; x64; rv:141.0) Gecko/20100101 Firefox/141.0"
46.107.176.56 - - [16/Aug/2025:14:12:09 +0200] "GET /media/image/21.110.103tel.jpg HTTP/1.1" 200 239575 "http://nagybistvan.hu/index.php?c=zsambek" "Mozilla/5.0 (Windows NT 10.0; Win64; x64; rv:141.0) Gecko/20100101 Firefox/141.0"
46.107.176.56 - - [16/Aug/2025:14:12:22 +0200] "GET /index.php?c=kepek HTTP/1.1" 200 10178 "http://nagybistvan.hu/" "Mozilla/5.0 (Windows NT 10.0; Win64; x64; rv:141.0) Gecko/20100101 Firefox/141.0"
46.107.176.56 - - [16/Aug/2025:14:12:35 +0200] "GET /index.php?c=kepcs HTTP/1.1" 200 16011 "http://nagybistvan.hu/index.php?c=kepek" "Mozilla/5.0 (Windows NT 10.0; Win64; x64; rv:141.0) Gecko/20100101 Firefox/141.0"
46.107.176.56 - - [16/Aug/2025:14:12:35 +0200] "GET /media/image/22.319.001.jpg HTTP/1.1" 200 169377 "http://nagybistvan.hu/index.php?c=kepcs" "Mozilla/5.0 (Windows NT 10.0; Win64; x64; rv:141.0) Gecko/20100101 Firefox/141.0"
46.107.176.56 - - [16/Aug/2025:14:12:35 +0200] "GET /media/image/22.320.001.jpg HTTP/1.1" 200 152172 "http://nagybistvan.hu/index.php?c=kepcs" "Mozilla/5.0 (Windows NT 10.0; Win64; x64; rv:141.0) Gecko/20100101 Firefox/141.0"
46.107.176.56 - - [16/Aug/2025:14:12:35 +0200] "GET /media/image/30.357.001.jpg HTTP/1.1" 200 185120 "http://nagybistvan.hu/index.php?c=kepcs" "Mozilla/5.0 (Windows NT 10.0; Win64; x64; rv:141.0) Gecko/20100101 Firefox/141.0"
46.107.176.56 - - [16/Aug/2025:14:12:35 +0200] "GET /media/image/22.282.001.jpg HTTP/1.1" 200 188452 "http://nagybistvan.hu/index.php?c=kepcs" "Mozilla/5.0 (Windows NT 10.0; Win64; x64; rv:141.0) Gecko/20100101 Firefox/141.0"
46.107.176.56 - - [16/Aug/2025:14:12:35 +0200] "GET /media/image/30.351.001.jpg HTTP/1.1" 200 220391 "http://nagybistvan.hu/index.php?c=kepcs" "Mozilla/5.0 (Windows NT 10.0; Win64; x64; rv:141.0) Gecko/20100101 Firefox/141.0"
46.107.176.56 - - [16/Aug/2025:14:12:35 +0200] "GET /media/image/30.352.001.jpg HTTP/1.1" 200 188647 "http://nagybistvan.hu/index.php?c=kepcs" "Mozilla/5.0 (Windows NT 10.0; Win64; x64; rv:141.0) Gecko/20100101 Firefox/141.0"
46.107.176.56 - - [16/Aug/2025:14:12:35 +0200] "GET /media/image/30.358.001.jpg HTTP/1.1" 200 172465 "http://nagybistvan.hu/index.php?c=kepcs" "Mozilla/5.0 (Windows NT 10.0; Win64; x64; rv:141.0) Gecko/20100101 Firefox/141.0"
46.107.176.56 - - [16/Aug/2025:14:12:35 +0200] "GET /media/image/30.359.001.jpg HTTP/1.1" 200 184659 "http://nagybistvan.hu/index.php?c=kepcs" "Mozilla/5.0 (Windows NT 10.0; Win64; x64; rv:141.0) Gecko/20100101 Firefox/141.0"
46.107.176.56 - - [16/Aug/2025:14:12:35 +0200] "GET /media/image/30.350.001.jpg HTTP/1.1" 200 198213 "http://nagybistvan.hu/index.php?c=kepcs" "Mozilla/5.0 (Windows NT 10.0; Win64; x64; rv:141.0) Gecko/20100101 Firefox/141.0"
46.107.176.56 - - [16/Aug/2025:14:12:35 +0200] "GET /media/image/30.364.001.jpg HTTP/1.1" 200 211165 "http://nagybistvan.hu/index.php?c=kepcs" "Mozilla/5.0 (Windows NT 10.0; Win64; x64; rv:141.0) Gecko/20100101 Firefox/141.0"
46.107.176.56 - - [16/Aug/2025:14:12:35 +0200] "GET /media/image/30.348.001.jpg HTTP/1.1" 200 191530 "http://nagybistvan.hu/index.php?c=kepcs" "Mozilla/5.0 (Windows NT 10.0; Win64; x64; rv:141.0) Gecko/20100101 Firefox/141.0"
46.107.176.56 - - [16/Aug/2025:14:12:35 +0200] "GET /media/image/22.410.001.jpg HTTP/1.1" 200 188953 "http://nagybistvan.hu/index.php?c=kepcs" "Mozilla/5.0 (Windows NT 10.0; Win64; x64; rv:141.0) Gecko/20100101 Firefox/141.0"
46.107.176.56 - - [16/Aug/2025:14:12:52 +0200] "GET /index.php?c=kepcs&cp=2 HTTP/1.1" 200 15953 "http://nagybistvan.hu/index.php?c=kepcs" "Mozilla/5.0 (Windows NT 10.0; Win64; x64; rv:141.0) Gecko/20100101 Firefox/141.0"
46.107.176.56 - - [16/Aug/2025:14:12:53 +0200] "GET /media/image/30.294.001.jpg HTTP/1.1" 200 122708 "http://nagybistvan.hu/index.php?c=kepcs&cp=2" "Mozilla/5.0 (Windows NT 10.0; Win64; x64; rv:141.0) Gecko/20100101 Firefox/141.0"
46.107.176.56 - - [16/Aug/2025:14:12:53 +0200] "GET /skin/diszsav2.jpg HTTP/1.1" 200 119023 "http://nagybistvan.hu/skin/master.css" "Mozilla/5.0 (Windows NT 10.0; Win64; x64; rv:141.0) Gecko/20100101 Firefox/141.0"
46.107.176.56 - - [16/Aug/2025:14:12:53 +0200] "GET /media/image/30.367.001.jpg HTTP/1.1" 200 193042 "http://nagybistvan.hu/index.php?c=kepcs&cp=2" "Mozilla/5.0 (Windows NT 10.0; Win64; x64; rv:141.0) Gecko/20100101 Firefox/141.0"
46.107.176.56 - - [16/Aug/2025:14:12:53 +0200] "GET /media/image/30.295.001.jpg HTTP/1.1" 200 212341 "http://nagybistvan.hu/index.php?c=kepcs&cp=2" "Mozilla/5.0 (Windows NT 10.0; Win64; x64; rv:141.0) Gecko/20100101 Firefox/141.0"
46.107.176.56 - - [16/Aug/2025:14:12:53 +0200] "GET /media/image/30.362.001.jpg HTTP/1.1" 200 188561 "http://nagybistvan.hu/index.php?c=kepcs&cp=2" "Mozilla/5.0 (Windows NT 10.0; Win64; x64; rv:141.0) Gecko/20100101 Firefox/141.0"
46.107.176.56 - - [16/Aug/2025:14:12:53 +0200] "GET /media/image/30.354.001.jpg HTTP/1.1" 200 162807 "http://nagybistvan.hu/index.php?c=kepcs&cp=2" "Mozilla/5.0 (Windows NT 10.0; Win64; x64; rv:141.0) Gecko/20100101 Firefox/141.0"
46.107.176.56 - - [16/Aug/2025:14:12:53 +0200] "GET /media/image/21.289.001.jpg HTTP/1.1" 200 151132 "http://nagybistvan.hu/index.php?c=kepcs&cp=2" "Mozilla/5.0 (Windows NT 10.0; Win64; x64; rv:141.0) Gecko/20100101 Firefox/141.0"
46.107.176.56 - - [16/Aug/2025:14:12:53 +0200] "GET /media/image/30.360.001.jpg HTTP/1.1" 200 200105 "http://nagybistvan.hu/index.php?c=kepcs&cp=2" "Mozilla/5.0 (Windows NT 10.0; Win64; x64; rv:141.0) Gecko/20100101 Firefox/141.0"
46.107.176.56 - - [16/Aug/2025:14:12:53 +0200] "GET /media/image/30.361.001.jpg HTTP/1.1" 200 177930 "http://nagybistvan.hu/index.php?c=kepcs&cp=2" "Mozilla/5.0 (Windows NT 10.0; Win64; x64; rv:141.0) Gecko/20100101 Firefox/141.0"
46.107.176.56 - - [16/Aug/2025:14:12:53 +0200] "GET /media/image/30.353.001.jpg HTTP/1.1" 200 220257 "http://nagybistvan.hu/index.php?c=kepcs&cp=2" "Mozilla/5.0 (Windows NT 10.0; Win64; x64; rv:141.0) Gecko/20100101 Firefox/141.0"
46.107.176.56 - - [16/Aug/2025:14:12:53 +0200] "GET /media/image/30.355.001.jpg HTTP/1.1" 200 197149 "http://nagybistvan.hu/index.php?c=kepcs&cp=2" "Mozilla/5.0 (Windows NT 10.0; Win64; x64; rv:141.0) Gecko/20100101 Firefox/141.0"
46.107.176.56 - - [16/Aug/2025:14:12:53 +0200] "GET /media/image/30.356.001.jpg HTTP/1.1" 200 200262 "http://nagybistvan.hu/index.php?c=kepcs&cp=2" "Mozilla/5.0 (Windows NT 10.0; Win64; x64; rv:141.0) Gecko/20100101 Firefox/141.0"
46.107.176.56 - - [16/Aug/2025:14:12:53 +0200] "GET /media/image/23.334.001.jpg HTTP/1.1" 200 150574 "http://nagybistvan.hu/index.php?c=kepcs&cp=2" "Mozilla/5.0 (Windows NT 10.0; Win64; x64; rv:141.0) Gecko/20100101 Firefox/141.0"
167.235.143.113 - - [16/Aug/2025:14:12:57 +0200] "HEAD / HTTP/1.1" 200 0 "http://nagybistvan.hu" "Mozilla/5.0+(compatible; UptimeRobot/2.0; http://www.uptimerobot.com/)"
46.107.176.56 - - [16/Aug/2025:14:13:26 +0200] "GET /index.php?c=kepcs&cp=3 HTTP/1.1" 200 12315 "http://nagybistvan.hu/index.php?c=kepcs&cp=2" "Mozilla/5.0 (Windows NT 10.0; Win64; x64; rv:141.0) Gecko/20100101 Firefox/141.0"
46.107.176.56 - - [16/Aug/2025:14:13:26 +0200] "GET /media/image/30.363.001.jpg HTTP/1.1" 200 202213 "http://nagybistvan.hu/index.php?c=kepcs&cp=3" "Mozilla/5.0 (Windows NT 10.0; Win64; x64; rv:141.0) Gecko/20100101 Firefox/141.0"
46.107.176.56 - - [16/Aug/2025:14:13:26 +0200] "GET /media/image/30.366.001.jpg HTTP/1.1" 200 184985 "http://nagybistvan.hu/index.php?c=kepcs&cp=3" "Mozilla/5.0 (Windows NT 10.0; Win64; x64; rv:141.0) Gecko/20100101 Firefox/141.0"
46.107.176.56 - - [16/Aug/2025:14:13:26 +0200] "GET /media/image/30.411.001.jpg HTTP/1.1" 200 225241 "http://nagybistvan.hu/index.php?c=kepcs&cp=3" "Mozilla/5.0 (Windows NT 10.0; Win64; x64; rv:141.0) Gecko/20100101 Firefox/141.0"
46.107.176.56 - - [16/Aug/2025:14:13:26 +0200] "GET /media/image/30.365.001.jpg HTTP/1.1" 200 199055 "http://nagybistvan.hu/index.php?c=kepcs&cp=3" "Mozilla/5.0 (Windows NT 10.0; Win64; x64; rv:141.0) Gecko/20100101 Firefox/141.0"
46.107.176.56 - - [16/Aug/2025:14:13:35 +0200] "GET /lib/jq.fancybox-1.3.4/fancybox.png HTTP/1.1" 200 15287 "http://nagybistvan.hu/lib/jq.fancybox-1.3.4/jquery.fancybox-1.3.4.css" "Mozilla/5.0 (Windows NT 10.0; Win64; x64; rv:141.0) Gecko/20100101 Firefox/141.0"
46.107.176.56 - - [16/Aug/2025:14:13:35 +0200] "GET /lib/jq.fancybox-1.3.4/fancybox-x.png HTTP/1.1" 200 203 "http://nagybistvan.hu/lib/jq.fancybox-1.3.4/jquery.fancybox-1.3.4.css" "Mozilla/5.0 (Windows NT 10.0; Win64; x64; rv:141.0) Gecko/20100101 Firefox/141.0"
46.107.176.56 - - [16/Aug/2025:14:13:35 +0200] "GET /lib/jq.fancybox-1.3.4/fancybox-y.png HTTP/1.1" 200 176 "http://nagybistvan.hu/lib/jq.fancybox-1.3.4/jquery.fancybox-1.3.4.css" "Mozilla/5.0 (Windows NT 10.0; Win64; x64; rv:141.0) Gecko/20100101 Firefox/141.0"
46.107.176.56 - - [16/Aug/2025:14:13:35 +0200] "GET /lib/jq.fancybox-1.3.4/blank.gif HTTP/1.1" 200 43 "http://nagybistvan.hu/lib/jq.fancybox-1.3.4/jquery.fancybox-1.3.4.css" "Mozilla/5.0 (Windows NT 10.0; Win64; x64; rv:141.0) Gecko/20100101 Firefox/141.0"
46.107.176.56 - - [16/Aug/2025:14:13:44 +0200] "GET /index.php?c=kepcs&cp=2 HTTP/1.1" 200 15953 "http://nagybistvan.hu/index.php?c=kepcs" "Mozilla/5.0 (Windows NT 10.0; Win64; x64; rv:141.0) Gecko/20100101 Firefox/141.0"
46.107.176.56 - - [16/Aug/2025:14:13:45 +0200] "GET /index.php?c=kepcs HTTP/1.1" 200 16010 "http://nagybistvan.hu/index.php?c=kepek" "Mozilla/5.0 (Windows NT 10.0; Win64; x64; rv:141.0) Gecko/20100101 Firefox/141.0"
46.107.176.56 - - [16/Aug/2025:14:13:46 +0200] "GET /index.php?c=kepek HTTP/1.1" 200 10177 "http://nagybistvan.hu/" "Mozilla/5.0 (Windows NT 10.0; Win64; x64; rv:141.0) Gecko/20100101 Firefox/141.0"
46.107.176.56 - - [16/Aug/2025:14:13:51 +0200] "GET /index.php?c=tarskrit HTTP/1.1" 200 16367 "http://nagybistvan.hu/index.php?c=kepek" "Mozilla/5.0 (Windows NT 10.0; Win64; x64; rv:141.0) Gecko/20100101 Firefox/141.0"
46.107.176.56 - - [16/Aug/2025:14:13:52 +0200] "GET /media/image/21.578.001.jpg HTTP/1.1" 200 112161 "http://nagybistvan.hu/index.php?c=tarskrit" "Mozilla/5.0 (Windows NT 10.0; Win64; x64; rv:141.0) Gecko/20100101 Firefox/141.0"
46.107.176.56 - - [16/Aug/2025:14:13:52 +0200] "GET /media/image/07.281.001.jpg HTTP/1.1" 200 178219 "http://nagybistvan.hu/index.php?c=tarskrit" "Mozilla/5.0 (Windows NT 10.0; Win64; x64; rv:141.0) Gecko/20100101 Firefox/141.0"
46.107.176.56 - - [16/Aug/2025:14:13:52 +0200] "GET /media/image/21.579.001.jpg HTTP/1.1" 200 169806 "http://nagybistvan.hu/index.php?c=tarskrit" "Mozilla/5.0 (Windows NT 10.0; Win64; x64; rv:141.0) Gecko/20100101 Firefox/141.0"
46.107.176.56 - - [16/Aug/2025:14:13:52 +0200] "GET /media/image/07.028.001.jpg HTTP/1.1" 200 229422 "http://nagybistvan.hu/index.php?c=tarskrit" "Mozilla/5.0 (Windows NT 10.0; Win64; x64; rv:141.0) Gecko/20100101 Firefox/141.0"
46.107.176.56 - - [16/Aug/2025:14:13:52 +0200] "GET /media/image/24.325.001.jpg HTTP/1.1" 200 247988 "http://nagybistvan.hu/index.php?c=tarskrit" "Mozilla/5.0 (Windows NT 10.0; Win64; x64; rv:141.0) Gecko/20100101 Firefox/141.0"
46.107.176.56 - - [16/Aug/2025:14:13:52 +0200] "GET /media/image/24.326.001.jpg HTTP/1.1" 200 185334 "http://nagybistvan.hu/index.php?c=tarskrit" "Mozilla/5.0 (Windows NT 10.0; Win64; x64; rv:141.0) Gecko/20100101 Firefox/141.0"
46.107.176.56 - - [16/Aug/2025:14:13:52 +0200] "GET /media/image/21.341.001.jpg HTTP/1.1" 200 99351 "http://nagybistvan.hu/index.php?c=tarskrit" "Mozilla/5.0 (Windows NT 10.0; Win64; x64; rv:141.0) Gecko/20100101 Firefox/141.0"
46.107.176.56 - - [16/Aug/2025:14:13:52 +0200] "GET /media/image/21.341.002.jpg HTTP/1.1" 200 81636 "http://nagybistvan.hu/index.php?c=tarskrit" "Mozilla/5.0 (Windows NT 10.0; Win64; x64; rv:141.0) Gecko/20100101 Firefox/141.0"
46.107.176.56 - - [16/Aug/2025:14:13:52 +0200] "GET /media/image/21.415.001.jpg HTTP/1.1" 200 137026 "http://nagybistvan.hu/index.php?c=tarskrit" "Mozilla/5.0 (Windows NT 10.0; Win64; x64; rv:141.0) Gecko/20100101 Firefox/141.0"
46.107.176.56 - - [16/Aug/2025:14:13:52 +0200] "GET /media/image/21.226.002.jpg HTTP/1.1" 200 200028 "http://nagybistvan.hu/index.php?c=tarskrit" "Mozilla/5.0 (Windows NT 10.0; Win64; x64; rv:141.0) Gecko/20100101 Firefox/141.0"
46.107.176.56 - - [16/Aug/2025:14:16:03 +0200] "GET /index.php?c=kepek HTTP/1.1" 200 10178 "http://nagybistvan.hu/" "Mozilla/5.0 (Windows NT 10.0; Win64; x64; rv:141.0) Gecko/20100101 Firefox/141.0"
46.107.176.56 - - [16/Aug/2025:14:16:03 +0200] "GET /skin/diszsav12.jpg HTTP/1.1" 200 155446 "http://nagybistvan.hu/skin/master.css" "Mozilla/5.0 (Windows NT 10.0; Win64; x64; rv:141.0) Gecko/20100101 Firefox/141.0"
46.107.176.56 - - [16/Aug/2025:14:16:07 +0200] "GET /index.php?c=ironikus HTTP/1.1" 200 16385 "http://nagybistvan.hu/index.php?c=kepek" "Mozilla/5.0 (Windows NT 10.0; Win64; x64; rv:141.0) Gecko/20100101 Firefox/141.0"
46.107.176.56 - - [16/Aug/2025:14:16:07 +0200] "GET /media/image/07.027.001.jpg HTTP/1.1" 200 130125 "http://nagybistvan.hu/index.php?c=ironikus" "Mozilla/5.0 (Windows NT 10.0; Win64; x64; rv:141.0) Gecko/20100101 Firefox/141.0"
46.107.176.56 - - [16/Aug/2025:14:16:22 +0200] "GET /index.php?c=ironikus&cp=2 HTTP/1.1" 200 16631 "http://nagybistvan.hu/index.php?c=ironikus" "Mozilla/5.0 (Windows NT 10.0; Win64; x64; rv:141.0) Gecko/20100101 Firefox/141.0"
46.107.176.56 - - [16/Aug/2025:14:16:23 +0200] "GET /media/image/07.049.001.jpg HTTP/1.1" 200 134293 "http://nagybistvan.hu/index.php?c=ironikus&cp=2" "Mozilla/5.0 (Windows NT 10.0; Win64; x64; rv:141.0) Gecko/20100101 Firefox/141.0"
46.107.176.56 - - [16/Aug/2025:14:16:33 +0200] "GET /index.php?c=ironikus&cp=3 HTTP/1.1" 200 18340 "http://nagybistvan.hu/index.php?c=ironikus&cp=2" "Mozilla/5.0 (Windows NT 10.0; Win64; x64; rv:141.0) Gecko/20100101 Firefox/141.0"
46.107.176.56 - - [16/Aug/2025:14:16:33 +0200] "GET /media/image/21.345.001.jpg HTTP/1.1" 200 157830 "http://nagybistvan.hu/index.php?c=ironikus&cp=3" "Mozilla/5.0 (Windows NT 10.0; Win64; x64; rv:141.0) Gecko/20100101 Firefox/141.0"
46.107.176.56 - - [16/Aug/2025:14:16:33 +0200] "GET /media/image/21.583.001.jpg HTTP/1.1" 200 59639 "http://nagybistvan.hu/index.php?c=ironikus&cp=3" "Mozilla/5.0 (Windows NT 10.0; Win64; x64; rv:141.0) Gecko/20100101 Firefox/141.0"
46.107.176.56 - - [16/Aug/2025:14:16:34 +0200] "GET /media/image/21.583.001_7.jpg HTTP/1.1" 200 113450 "http://nagybistvan.hu/index.php?c=ironikus&cp=3" "Mozilla/5.0 (Windows NT 10.0; Win64; x64; rv:141.0) Gecko/20100101 Firefox/141.0"
46.107.176.56 - - [16/Aug/2025:14:16:34 +0200] "GET /media/image/21.583.001_2.jpg HTTP/1.1" 200 139492 "http://nagybistvan.hu/index.php?c=ironikus&cp=3" "Mozilla/5.0 (Windows NT 10.0; Win64; x64; rv:141.0) Gecko/20100101 Firefox/141.0"
46.107.176.56 - - [16/Aug/2025:14:16:34 +0200] "GET /media/image/21.583.001_1.jpg HTTP/1.1" 200 101668 "http://nagybistvan.hu/index.php?c=ironikus&cp=3" "Mozilla/5.0 (Windows NT 10.0; Win64; x64; rv:141.0) Gecko/20100101 Firefox/141.0"
46.107.176.56 - - [16/Aug/2025:14:16:34 +0200] "GET /media/image/21.583.001_3.jpg HTTP/1.1" 200 117082 "http://nagybistvan.hu/index.php?c=ironikus&cp=3" "Mozilla/5.0 (Windows NT 10.0; Win64; x64; rv:141.0) Gecko/20100101 Firefox/141.0"
46.107.176.56 - - [16/Aug/2025:14:16:34 +0200] "GET /media/image/21.583.001_6.jpg HTTP/1.1" 200 100647 "http://nagybistvan.hu/index.php?c=ironikus&cp=3" "Mozilla/5.0 (Windows NT 10.0; Win64; x64; rv:141.0) Gecko/20100101 Firefox/141.0"
46.107.176.56 - - [16/Aug/2025:14:16:34 +0200] "GET /media/image/21.583.001_9.jpg HTTP/1.1" 200 142403 "http://nagybistvan.hu/index.php?c=ironikus&cp=3" "Mozilla/5.0 (Windows NT 10.0; Win64; x64; rv:141.0) Gecko/20100101 Firefox/141.0"
46.107.176.56 - - [16/Aug/2025:14:16:34 +0200] "GET /media/image/21.583.001_8.jpg HTTP/1.1" 200 114761 "http://nagybistvan.hu/index.php?c=ironikus&cp=3" "Mozilla/5.0 (Windows NT 10.0; Win64; x64; rv:141.0) Gecko/20100101 Firefox/141.0"
128.140.106.114 - - [16/Aug/2025:14:18:00 +0200] "HEAD / HTTP/1.1" 200 0 "http://nagybistvan.hu" "Mozilla/5.0+(compatible; UptimeRobot/2.0; http://www.uptimerobot.com/)"
46.107.176.56 - - [16/Aug/2025:14:18:18 +0200] "GET /index.php?c=ironikus&cp=4 HTTP/1.1" 200 17936 "http://nagybistvan.hu/index.php?c=ironikus&cp=3" "Mozilla/5.0 (Windows NT 10.0; Win64; x64; rv:141.0) Gecko/20100101 Firefox/141.0"
46.107.176.56 - - [16/Aug/2025:14:18:19 +0200] "GET /media/image/07.081.001.jpg HTTP/1.1" 200 171034 "http://nagybistvan.hu/index.php?c=ironikus&cp=4" "Mozilla/5.0 (Windows NT 10.0; Win64; x64; rv:141.0) Gecko/20100101 Firefox/141.0"
46.107.176.56 - - [16/Aug/2025:14:18:18 +0200] "GET /media/image/07.102.001.jpg HTTP/1.1" 200 146217 "http://nagybistvan.hu/index.php?c=ironikus&cp=4" "Mozilla/5.0 (Windows NT 10.0; Win64; x64; rv:141.0) Gecko/20100101 Firefox/141.0"
46.107.176.56 - - [16/Aug/2025:14:18:18 +0200] "GET /media/image/07.085.001.jpg HTTP/1.1" 200 162796 "http://nagybistvan.hu/index.php?c=ironikus&cp=4" "Mozilla/5.0 (Windows NT 10.0; Win64; x64; rv:141.0) Gecko/20100101 Firefox/141.0"
46.107.176.56 - - [16/Aug/2025:14:18:18 +0200] "GET /media/image/07.082.001.jpg HTTP/1.1" 200 130467 "http://nagybistvan.hu/index.php?c=ironikus&cp=4" "Mozilla/5.0 (Windows NT 10.0; Win64; x64; rv:141.0) Gecko/20100101 Firefox/141.0"
46.107.176.56 - - [16/Aug/2025:14:18:18 +0200] "GET /media/image/07.086.001.jpg HTTP/1.1" 200 199074 "http://nagybistvan.hu/index.php?c=ironikus&cp=4" "Mozilla/5.0 (Windows NT 10.0; Win64; x64; rv:141.0) Gecko/20100101 Firefox/141.0"
46.107.176.56 - - [16/Aug/2025:14:18:18 +0200] "GET /media/image/07.084.001.jpg HTTP/1.1" 200 151117 "http://nagybistvan.hu/index.php?c=ironikus&cp=4" "Mozilla/5.0 (Windows NT 10.0; Win64; x64; rv:141.0) Gecko/20100101 Firefox/141.0"
46.107.176.56 - - [16/Aug/2025:14:18:18 +0200] "GET /media/image/07.083.001.jpg HTTP/1.1" 200 194762 "http://nagybistvan.hu/index.php?c=ironikus&cp=4" "Mozilla/5.0 (Windows NT 10.0; Win64; x64; rv:141.0) Gecko/20100101 Firefox/141.0"
46.107.176.56 - - [16/Aug/2025:14:18:18 +0200] "GET /media/image/24.291.001.jpg HTTP/1.1" 200 112444 "http://nagybistvan.hu/index.php?c=ironikus&cp=4" "Mozilla/5.0 (Windows NT 10.0; Win64; x64; rv:141.0) Gecko/20100101 Firefox/141.0"
46.107.176.56 - - [16/Aug/2025:14:18:18 +0200] "GET /media/image/07.095.001.jpg HTTP/1.1" 200 97236 "http://nagybistvan.hu/index.php?c=ironikus&cp=4" "Mozilla/5.0 (Windows NT 10.0; Win64; x64; rv:141.0) Gecko/20100101 Firefox/141.0"
46.107.176.56 - - [16/Aug/2025:14:18:19 +0200] "GET /media/image/24.292.001.jpg HTTP/1.1" 200 115931 "http://nagybistvan.hu/index.php?c=ironikus&cp=4" "Mozilla/5.0 (Windows NT 10.0; Win64; x64; rv:141.0) Gecko/20100101 Firefox/141.0"
46.107.176.56 - - [16/Aug/2025:14:18:19 +0200] "GET /media/image/21.337.001.jpg HTTP/1.1" 200 145448 "http://nagybistvan.hu/index.php?c=ironikus&cp=4" "Mozilla/5.0 (Windows NT 10.0; Win64; x64; rv:141.0) Gecko/20100101 Firefox/141.0"
46.107.176.56 - - [16/Aug/2025:14:18:19 +0200] "GET /media/image/21.309.001.jpg HTTP/1.1" 200 196105 "http://nagybistvan.hu/index.php?c=ironikus&cp=4" "Mozilla/5.0 (Windows NT 10.0; Win64; x64; rv:141.0) Gecko/20100101 Firefox/141.0"
46.107.176.56 - - [16/Aug/2025:14:19:08 +0200] "GET /index.php?c=ironikus&cp=5 HTTP/1.1" 200 17768 "http://nagybistvan.hu/index.php?c=ironikus&cp=4" "Mozilla/5.0 (Windows NT 10.0; Win64; x64; rv:141.0) Gecko/20100101 Firefox/141.0"
46.107.176.56 - - [16/Aug/2025:14:19:09 +0200] "GET /media/image/21.339.001.jpg HTTP/1.1" 200 163270 "http://nagybistvan.hu/index.php?c=ironikus&cp=5" "Mozilla/5.0 (Windows NT 10.0; Win64; x64; rv:141.0) Gecko/20100101 Firefox/141.0"
46.107.176.56 - - [16/Aug/2025:14:19:09 +0200] "GET /media/image/24.321.001.jpg HTTP/1.1" 200 115695 "http://nagybistvan.hu/index.php?c=ironikus&cp=5" "Mozilla/5.0 (Windows NT 10.0; Win64; x64; rv:141.0) Gecko/20100101 Firefox/141.0"
46.107.176.56 - - [16/Aug/2025:14:19:09 +0200] "GET /media/image/07.043.001.jpg HTTP/1.1" 200 138376 "http://nagybistvan.hu/index.php?c=ironikus&cp=5" "Mozilla/5.0 (Windows NT 10.0; Win64; x64; rv:141.0) Gecko/20100101 Firefox/141.0"
46.107.176.56 - - [16/Aug/2025:14:19:09 +0200] "GET /media/image/21.346.001.jpg HTTP/1.1" 200 101482 "http://nagybistvan.hu/index.php?c=ironikus&cp=5" "Mozilla/5.0 (Windows NT 10.0; Win64; x64; rv:141.0) Gecko/20100101 Firefox/141.0"
46.107.176.56 - - [16/Aug/2025:14:19:09 +0200] "GET /media/image/07.047.001.jpg HTTP/1.1" 200 110454 "http://nagybistvan.hu/index.php?c=ironikus&cp=5" "Mozilla/5.0 (Windows NT 10.0; Win64; x64; rv:141.0) Gecko/20100101 Firefox/141.0"
46.107.176.56 - - [16/Aug/2025:14:19:09 +0200] "GET /media/image/07.044.001.jpg HTTP/1.1" 200 143034 "http://nagybistvan.hu/index.php?c=ironikus&cp=5" "Mozilla/5.0 (Windows NT 10.0; Win64; x64; rv:141.0) Gecko/20100101 Firefox/141.0"
46.107.176.56 - - [16/Aug/2025:14:19:09 +0200] "GET /media/image/07.048.001.jpg HTTP/1.1" 200 118380 "http://nagybistvan.hu/index.php?c=ironikus&cp=5" "Mozilla/5.0 (Windows NT 10.0; Win64; x64; rv:141.0) Gecko/20100101 Firefox/141.0"
46.107.176.56 - - [16/Aug/2025:14:19:09 +0200] "GET /media/image/07.182.001.jpg HTTP/1.1" 200 122220 "http://nagybistvan.hu/index.php?c=ironikus&cp=5" "Mozilla/5.0 (Windows NT 10.0; Win64; x64; rv:141.0) Gecko/20100101 Firefox/141.0"
46.107.176.56 - - [16/Aug/2025:14:19:09 +0200] "GET /media/image/07.180.001.jpg HTTP/1.1" 200 132947 "http://nagybistvan.hu/index.php?c=ironikus&cp=5" "Mozilla/5.0 (Windows NT 10.0; Win64; x64; rv:141.0) Gecko/20100101 Firefox/141.0"
46.107.176.56 - - [16/Aug/2025:14:19:09 +0200] "GET /media/image/07.181.001.jpg HTTP/1.1" 200 103826 "http://nagybistvan.hu/index.php?c=ironikus&cp=5" "Mozilla/5.0 (Windows NT 10.0; Win64; x64; rv:141.0) Gecko/20100101 Firefox/141.0"
46.107.176.56 - - [16/Aug/2025:14:19:09 +0200] "GET /media/image/07.187.001.jpg HTTP/1.1" 200 141122 "http://nagybistvan.hu/index.php?c=ironikus&cp=5" "Mozilla/5.0 (Windows NT 10.0; Win64; x64; rv:141.0) Gecko/20100101 Firefox/141.0"
46.107.176.56 - - [16/Aug/2025:14:19:09 +0200] "GET /media/image/07.194.001.jpg HTTP/1.1" 200 239310 "http://nagybistvan.hu/index.php?c=ironikus&cp=5" "Mozilla/5.0 (Windows NT 10.0; Win64; x64; rv:141.0) Gecko/20100101 Firefox/141.0"
46.107.176.56 - - [16/Aug/2025:14:21:40 +0200] "GET /index.php?c=ironikus&cp=6 HTTP/1.1" 200 12180 "http://nagybistvan.hu/index.php?c=ironikus&cp=5" "Mozilla/5.0 (Windows NT 10.0; Win64; x64; rv:141.0) Gecko/20100101 Firefox/141.0"
46.107.176.56 - - [16/Aug/2025:14:21:40 +0200] "GET /media/image/07.195.001.jpg HTTP/1.1" 200 204057 "http://nagybistvan.hu/index.php?c=ironikus&cp=6" "Mozilla/5.0 (Windows NT 10.0; Win64; x64; rv:141.0) Gecko/20100101 Firefox/141.0"
46.107.176.56 - - [16/Aug/2025:14:21:40 +0200] "GET /media/image/07.197.001.jpg HTTP/1.1" 200 92251 "http://nagybistvan.hu/index.php?c=ironikus&cp=6" "Mozilla/5.0 (Windows NT 10.0; Win64; x64; rv:141.0) Gecko/20100101 Firefox/141.0"
159.69.158.189 - - [16/Aug/2025:14:23:04 +0200] "HEAD / HTTP/1.1" 200 0 "http://nagybistvan.hu" "Mozilla/5.0+(compatible; UptimeRobot/2.0; http://www.uptimerobot.com/)"
168.119.53.160 - - [16/Aug/2025:14:28:08 +0200] "HEAD / HTTP/1.1" 200 0 "http://nagybistvan.hu" "Mozilla/5.0+(compatible; UptimeRobot/2.0; http://www.uptimerobot.com/)"
66.249.64.131 - - [16/Aug/2025:14:31:25 +0200] "GET /robots.txt HTTP/1.1" 404 1181 "-" "Mozilla/5.0 (compatible; Googlebot/2.1; +http://www.google.com/bot.html)"
66.249.64.131 - - [16/Aug/2025:14:31:26 +0200] "GET /media/image/23.333.001.jpg HTTP/1.1" 200 199821 "-" "Googlebot-Image/1.0"
49.13.24.81 - - [16/Aug/2025:14:33:12 +0200] "HEAD / HTTP/1.1" 200 0 "http://nagybistvan.hu" "Mozilla/5.0+(compatible; UptimeRobot/2.0; http://www.uptimerobot.com/)"
88.99.80.227 - - [16/Aug/2025:14:38:16 +0200] "HEAD / HTTP/1.1" 200 0 "http://nagybistvan.hu" "Mozilla/5.0+(compatible; UptimeRobot/2.0; http://www.uptimerobot.com/)"
128.140.106.114 - - [16/Aug/2025:14:43:20 +0200] "HEAD / HTTP/1.1" 200 0 "http://nagybistvan.hu" "Mozilla/5.0+(compatible; UptimeRobot/2.0; http://www.uptimerobot.com/)"
216.244.66.227 - - [16/Aug/2025:14:45:56 +0200] "GET /robots.txt HTTP/1.1" 404 1181 "-" "Mozilla/5.0 (compatible; DotBot/1.2; +https://opensiteexplorer.org/dotbot; help@moz.com)"
88.99.80.227 - - [16/Aug/2025:14:48:23 +0200] "HEAD / HTTP/1.1" 200 0 "http://nagybistvan.hu" "Mozilla/5.0+(compatible; UptimeRobot/2.0; http://www.uptimerobot.com/)"
49.13.167.123 - - [16/Aug/2025:14:53:27 +0200] "HEAD / HTTP/1.1" 200 0 "http://nagybistvan.hu" "Mozilla/5.0+(compatible; UptimeRobot/2.0; http://www.uptimerobot.com/)"
216.244.66.227 - - [16/Aug/2025:14:54:06 +0200] "GET /index.php?c=veszelszky HTTP/1.1" 200 5903 "-" "Mozilla/5.0 (compatible; DotBot/1.2; +https://opensiteexplorer.org/dotbot; help@moz.com)"
216.244.66.227 - - [16/Aug/2025:14:54:32 +0200] "GET /index.php?c=Nagy_B_Jul_01 HTTP/1.1" 200 7830 "-" "Mozilla/5.0 (compatible; DotBot/1.2; +https://opensiteexplorer.org/dotbot; help@moz.com)"
66.249.64.106 - - [16/Aug/2025:14:56:18 +0200] "GET /media/image/21.341.002.jpg HTTP/1.1" 200 81636 "-" "Googlebot-Image/1.0"
78.46.190.63 - - [16/Aug/2025:14:58:31 +0200] "HEAD / HTTP/1.1" 200 0 "http://nagybistvan.hu" "Mozilla/5.0+(compatible; UptimeRobot/2.0; http://www.uptimerobot.com/)"
216.244.66.227 - - [16/Aug/2025:15:01:13 +0200] "GET /index.php?c=arckepcsarnok&cp=1 HTTP/1.1" 200 17518 "-" "Mozilla/5.0 (compatible; DotBot/1.2; +https://opensiteexplorer.org/dotbot; help@moz.com)"
49.13.134.145 - - [16/Aug/2025:15:03:35 +0200] "HEAD / HTTP/1.1" 200 0 "http://nagybistvan.hu" "Mozilla/5.0+(compatible; UptimeRobot/2.0; http://www.uptimerobot.com/)"
167.235.143.113 - - [16/Aug/2025:15:08:39 +0200] "HEAD / HTTP/1.1" 200 0 "http://nagybistvan.hu" "Mozilla/5.0+(compatible; UptimeRobot/2.0; http://www.uptimerobot.com/)"
66.249.64.107 - - [16/Aug/2025:15:08:44 +0200] "GET /media/image/07.110.060.jpg HTTP/1.1" 200 112174 "-" "Googlebot-Image/1.0"
157.90.155.240 - - [16/Aug/2025:15:13:44 +0200] "HEAD / HTTP/1.1" 200 0 "http://nagybistvan.hu" "Mozilla/5.0+(compatible; UptimeRobot/2.0; http://www.uptimerobot.com/)"
78.47.98.55 - - [16/Aug/2025:15:18:47 +0200] "HEAD / HTTP/1.1" 200 0 "http://nagybistvan.hu" "Mozilla/5.0+(compatible; UptimeRobot/2.0; http://www.uptimerobot.com/)"
66.249.64.107 - - [16/Aug/2025:15:21:11 +0200] "GET /media/image/24.110.059.jpg HTTP/1.1" 200 128284 "-" "Googlebot-Image/1.0"
78.46.190.63 - - [16/Aug/2025:15:23:53 +0200] "HEAD / HTTP/1.1" 200 0 "http://nagybistvan.hu" "Mozilla/5.0+(compatible; UptimeRobot/2.0; http://www.uptimerobot.com/)"
49.13.134.145 - - [16/Aug/2025:15:29:00 +0200] "HEAD / HTTP/1.1" 200 0 "http://nagybistvan.hu" "Mozilla/5.0+(compatible; UptimeRobot/2.0; http://www.uptimerobot.com/)"
216.244.66.227 - - [16/Aug/2025:15:32:43 +0200] "GET /robots.txt HTTP/1.1" 404 1181 "-" "Mozilla/5.0 (compatible; DotBot/1.2; +https://opensiteexplorer.org/dotbot; help@moz.com)"
216.244.66.227 - - [16/Aug/2025:15:32:44 +0200] "GET /robots.txt HTTP/1.1" 404 1181 "-" "Mozilla/5.0 (compatible; DotBot/1.2; +https://opensiteexplorer.org/dotbot; help@moz.com)"
159.69.158.189 - - [16/Aug/2025:15:34:04 +0200] "HEAD / HTTP/1.1" 200 0 "http://nagybistvan.hu" "Mozilla/5.0+(compatible; UptimeRobot/2.0; http://www.uptimerobot.com/)"
49.13.164.148 - - [16/Aug/2025:15:39:07 +0200] "HEAD / HTTP/1.1" 200 0 "http://nagybistvan.hu" "Mozilla/5.0+(compatible; UptimeRobot/2.0; http://www.uptimerobot.com/)"
49.13.24.81 - - [16/Aug/2025:15:44:16 +0200] "HEAD / HTTP/1.1" 200 0 "http://nagybistvan.hu" "Mozilla/5.0+(compatible; UptimeRobot/2.0; http://www.uptimerobot.com/)"
216.244.66.227 - - [16/Aug/2025:15:48:15 +0200] "GET /index.php?c=szilasi_03 HTTP/1.1" 200 4958 "-" "Mozilla/5.0 (compatible; DotBot/1.2; +https://opensiteexplorer.org/dotbot; help@moz.com)"
216.244.66.227 - - [16/Aug/2025:15:48:45 +0200] "GET /index.php?c=7080s&cp=7 HTTP/1.1" 200 18354 "-" "Mozilla/5.0 (compatible; DotBot/1.2; +https://opensiteexplorer.org/dotbot; help@moz.com)"
167.235.143.113 - - [16/Aug/2025:15:49:20 +0200] "HEAD / HTTP/1.1" 200 0 "http://nagybistvan.hu" "Mozilla/5.0+(compatible; UptimeRobot/2.0; http://www.uptimerobot.com/)"
49.13.130.29 - - [16/Aug/2025:15:54:25 +0200] "HEAD / HTTP/1.1" 200 0 "http://nagybistvan.hu" "Mozilla/5.0+(compatible; UptimeRobot/2.0; http://www.uptimerobot.com/)"
66.249.64.105 - - [16/Aug/2025:15:58:29 +0200] "GET /media/image/07.110.037.jpg HTTP/1.1" 200 150058 "-" "Googlebot-Image/1.0"
88.99.80.227 - - [16/Aug/2025:15:59:29 +0200] "HEAD / HTTP/1.1" 200 0 "http://nagybistvan.hu" "Mozilla/5.0+(compatible; UptimeRobot/2.0; http://www.uptimerobot.com/)"
159.69.158.189 - - [16/Aug/2025:16:04:33 +0200] "HEAD / HTTP/1.1" 200 0 "http://nagybistvan.hu" "Mozilla/5.0+(compatible; UptimeRobot/2.0; http://www.uptimerobot.com/)"
157.90.156.63 - - [16/Aug/2025:16:09:37 +0200] "HEAD / HTTP/1.1" 200 0 "http://nagybistvan.hu" "Mozilla/5.0+(compatible; UptimeRobot/2.0; http://www.uptimerobot.com/)"
66.249.64.106 - - [16/Aug/2025:16:10:56 +0200] "GET /media/image/30.351.001.jpg HTTP/1.1" 200 220391 "-" "Googlebot-Image/1.0"
78.47.173.76 - - [16/Aug/2025:16:14:41 +0200] "HEAD / HTTP/1.1" 200 0 "http://nagybistvan.hu" "Mozilla/5.0+(compatible; UptimeRobot/2.0; http://www.uptimerobot.com/)"
216.244.66.227 - - [16/Aug/2025:16:19:06 +0200] "GET /robots.txt HTTP/1.1" 404 1181 "-" "Mozilla/5.0 (compatible; DotBot/1.2; +https://opensiteexplorer.org/dotbot; help@moz.com)"
128.140.106.114 - - [16/Aug/2025:16:19:46 +0200] "HEAD / HTTP/1.1" 200 0 "http://nagybistvan.hu" "Mozilla/5.0+(compatible; UptimeRobot/2.0; http://www.uptimerobot.com/)"
66.249.64.106 - - [16/Aug/2025:16:23:22 +0200] "GET /media/image/21.226.002.jpg HTTP/1.1" 200 200028 "-" "Googlebot-Image/1.0"
49.13.164.148 - - [16/Aug/2025:16:24:50 +0200] "HEAD / HTTP/1.1" 200 0 "http://nagybistvan.hu" "Mozilla/5.0+(compatible; UptimeRobot/2.0; http://www.uptimerobot.com/)"
168.119.96.239 - - [16/Aug/2025:16:29:54 +0200] "HEAD / HTTP/1.1" 200 0 "http://nagybistvan.hu" "Mozilla/5.0+(compatible; UptimeRobot/2.0; http://www.uptimerobot.com/)"
66.249.64.106 - - [16/Aug/2025:16:31:23 +0200] "GET /media/image/21.289.001.jpg HTTP/1.1" 200 151132 "-" "Googlebot-Image/1.0"
78.47.98.55 - - [16/Aug/2025:16:34:58 +0200] "HEAD / HTTP/1.1" 200 0 "http://nagybistvan.hu" "Mozilla/5.0+(compatible; UptimeRobot/2.0; http://www.uptimerobot.com/)"
216.244.66.227 - - [16/Aug/2025:16:35:54 +0200] "GET /index.php?c=Nagy_B_Jul_01 HTTP/1.1" 200 7776 "-" "Mozilla/5.0 (compatible; DotBot/1.2; +https://opensiteexplorer.org/dotbot; help@moz.com)"
216.244.66.227 - - [16/Aug/2025:16:36:00 +0200] "GET /media/image/21.338.001.jpg HTTP/1.1" 200 218200 "-" "Mozilla/5.0 (compatible; DotBot/1.2; +https://opensiteexplorer.org/dotbot; help@moz.com)"
159.69.158.189 - - [16/Aug/2025:16:40:02 +0200] "HEAD / HTTP/1.1" 200 0 "http://nagybistvan.hu" "Mozilla/5.0+(compatible; UptimeRobot/2.0; http://www.uptimerobot.com/)"
49.13.167.123 - - [16/Aug/2025:16:45:07 +0200] "HEAD / HTTP/1.1" 200 0 "http://nagybistvan.hu" "Mozilla/5.0+(compatible; UptimeRobot/2.0; http://www.uptimerobot.com/)"
49.13.167.123 - - [16/Aug/2025:16:50:11 +0200] "HEAD / HTTP/1.1" 200 0 "http://nagybistvan.hu" "Mozilla/5.0+(compatible; UptimeRobot/2.0; http://www.uptimerobot.com/)"
157.90.156.63 - - [16/Aug/2025:16:55:15 +0200] "HEAD / HTTP/1.1" 200 0 "http://nagybistvan.hu" "Mozilla/5.0+(compatible; UptimeRobot/2.0; http://www.uptimerobot.com/)"
66.249.64.105 - - [16/Aug/2025:16:59:22 +0200] "GET /media/image/07.020.001.jpg HTTP/1.1" 200 253684 "-" "Googlebot-Image/1.0"
88.99.80.227 - - [16/Aug/2025:17:00:19 +0200] "HEAD / HTTP/1.1" 200 0 "http://nagybistvan.hu" "Mozilla/5.0+(compatible; UptimeRobot/2.0; http://www.uptimerobot.com/)"
49.13.164.148 - - [16/Aug/2025:17:05:23 +0200] "HEAD / HTTP/1.1" 200 0 "http://nagybistvan.hu" "Mozilla/5.0+(compatible; UptimeRobot/2.0; http://www.uptimerobot.com/)"
168.119.123.75 - - [16/Aug/2025:17:10:27 +0200] "HEAD / HTTP/1.1" 200 0 "http://nagybistvan.hu" "Mozilla/5.0+(compatible; UptimeRobot/2.0; http://www.uptimerobot.com/)"
216.244.66.227 - - [16/Aug/2025:17:10:44 +0200] "GET /robots.txt HTTP/1.1" 404 1181 "-" "Mozilla/5.0 (compatible; DotBot/1.2; +https://opensiteexplorer.org/dotbot; help@moz.com)"
66.249.64.131 - - [16/Aug/2025:17:13:45 +0200] "GET /zsambek/Julika%20Zsambekon_t.jpg HTTP/1.1" 304 - "-" "Googlebot-Image/1.0"
78.47.173.76 - - [16/Aug/2025:17:15:31 +0200] "HEAD / HTTP/1.1" 200 0 "http://nagybistvan.hu" "Mozilla/5.0+(compatible; UptimeRobot/2.0; http://www.uptimerobot.com/)"
157.90.156.63 - - [16/Aug/2025:17:20:35 +0200] "HEAD / HTTP/1.1" 200 0 "http://nagybistvan.hu" "Mozilla/5.0+(compatible; UptimeRobot/2.0; http://www.uptimerobot.com/)"
216.244.66.227 - - [16/Aug/2025:17:25:17 +0200] "GET /media/image/07.154.001.jpg HTTP/1.1" 200 135027 "-" "Mozilla/5.0 (compatible; DotBot/1.2; +https://opensiteexplorer.org/dotbot; help@moz.com)"
128.140.106.114 - - [16/Aug/2025:17:25:40 +0200] "HEAD / HTTP/1.1" 200 0 "http://nagybistvan.hu" "Mozilla/5.0+(compatible; UptimeRobot/2.0; http://www.uptimerobot.com/)"
159.69.158.189 - - [16/Aug/2025:17:30:44 +0200] "HEAD / HTTP/1.1" 200 0 "http://nagybistvan.hu" "Mozilla/5.0+(compatible; UptimeRobot/2.0; http://www.uptimerobot.com/)"
216.244.66.227 - - [16/Aug/2025:17:31:00 +0200] "GET /index.php?c=Nagy_B_I_level_Roma HTTP/1.1" 200 6797 "-" "Mozilla/5.0 (compatible; DotBot/1.2; +https://opensiteexplorer.org/dotbot; help@moz.com)"
159.69.158.189 - - [16/Aug/2025:17:35:48 +0200] "HEAD / HTTP/1.1" 200 0 "http://nagybistvan.hu" "Mozilla/5.0+(compatible; UptimeRobot/2.0; http://www.uptimerobot.com/)"
49.13.130.29 - - [16/Aug/2025:17:40:53 +0200] "HEAD / HTTP/1.1" 200 0 "http://nagybistvan.hu" "Mozilla/5.0+(compatible; UptimeRobot/2.0; http://www.uptimerobot.com/)"
66.249.64.131 - - [16/Aug/2025:17:42:33 +0200] "GET /zsambek/Julika%20Zsambekon.jpg HTTP/1.1" 304 - "-" "Googlebot-Image/1.0"
49.13.24.81 - - [16/Aug/2025:17:45:57 +0200] "HEAD / HTTP/1.1" 200 0 "http://nagybistvan.hu" "Mozilla/5.0+(compatible; UptimeRobot/2.0; http://www.uptimerobot.com/)"
66.249.64.106 - - [16/Aug/2025:17:49:46 +0200] "GET /media/image/21.341.001.jpg HTTP/1.1" 200 99351 "-" "Googlebot-Image/1.0"
167.235.143.113 - - [16/Aug/2025:17:51:01 +0200] "HEAD / HTTP/1.1" 200 0 "http://nagybistvan.hu" "Mozilla/5.0+(compatible; UptimeRobot/2.0; http://www.uptimerobot.com/)"
128.140.41.193 - - [16/Aug/2025:17:56:05 +0200] "HEAD / HTTP/1.1" 200 0 "http://nagybistvan.hu" "Mozilla/5.0+(compatible; UptimeRobot/2.0; http://www.uptimerobot.com/)"
78.46.190.63 - - [16/Aug/2025:18:01:09 +0200] "HEAD / HTTP/1.1" 200 0 "http://nagybistvan.hu" "Mozilla/5.0+(compatible; UptimeRobot/2.0; http://www.uptimerobot.com/)"
66.249.64.130 - - [16/Aug/2025:18:04:09 +0200] "GET /zsambek/Zsambek%20LXIII.jpg HTTP/1.1" 304 - "-" "Googlebot-Image/1.0"
159.69.158.189 - - [16/Aug/2025:18:06:13 +0200] "HEAD / HTTP/1.1" 200 0 "http://nagybistvan.hu" "Mozilla/5.0+(compatible; UptimeRobot/2.0; http://www.uptimerobot.com/)"
78.47.98.55 - - [16/Aug/2025:18:11:20 +0200] "HEAD / HTTP/1.1" 200 0 "http://nagybistvan.hu" "Mozilla/5.0+(compatible; UptimeRobot/2.0; http://www.uptimerobot.com/)"
49.13.130.29 - - [16/Aug/2025:18:16:23 +0200] "HEAD / HTTP/1.1" 200 0 "http://nagybistvan.hu" "Mozilla/5.0+(compatible; UptimeRobot/2.0; http://www.uptimerobot.com/)"
128.140.41.193 - - [16/Aug/2025:18:21:27 +0200] "HEAD / HTTP/1.1" 200 0 "http://nagybistvan.hu" "Mozilla/5.0+(compatible; UptimeRobot/2.0; http://www.uptimerobot.com/)"
66.249.64.107 - - [16/Aug/2025:18:25:46 +0200] "GET /media/image/07.110.134.jpg HTTP/1.1" 200 139468 "-" "Googlebot-Image/1.0"
78.47.173.76 - - [16/Aug/2025:18:26:31 +0200] "HEAD / HTTP/1.1" 200 0 "http://nagybistvan.hu" "Mozilla/5.0+(compatible; UptimeRobot/2.0; http://www.uptimerobot.com/)"
168.119.53.160 - - [16/Aug/2025:18:31:35 +0200] "HEAD / HTTP/1.1" 200 0 "http://nagybistvan.hu" "Mozilla/5.0+(compatible; UptimeRobot/2.0; http://www.uptimerobot.com/)"
128.140.106.114 - - [16/Aug/2025:18:36:39 +0200] "HEAD / HTTP/1.1" 200 0 "http://nagybistvan.hu" "Mozilla/5.0+(compatible; UptimeRobot/2.0; http://www.uptimerobot.com/)"
142.132.180.39 - - [16/Aug/2025:18:41:43 +0200] "HEAD / HTTP/1.1" 200 0 "http://nagybistvan.hu" "Mozilla/5.0+(compatible; UptimeRobot/2.0; http://www.uptimerobot.com/)"
128.140.41.193 - - [16/Aug/2025:18:46:47 +0200] "HEAD / HTTP/1.1" 200 0 "http://nagybistvan.hu" "Mozilla/5.0+(compatible; UptimeRobot/2.0; http://www.uptimerobot.com/)"
66.249.64.105 - - [16/Aug/2025:18:50:57 +0200] "GET /media/image/21.110.080.jpg HTTP/1.1" 200 113862 "-" "Googlebot-Image/1.0"
49.13.130.29 - - [16/Aug/2025:18:51:51 +0200] "HEAD / HTTP/1.1" 200 0 "http://nagybistvan.hu" "Mozilla/5.0+(compatible; UptimeRobot/2.0; http://www.uptimerobot.com/)"
49.13.134.145 - - [16/Aug/2025:18:56:55 +0200] "HEAD / HTTP/1.1" 200 0 "http://nagybistvan.hu" "Mozilla/5.0+(compatible; UptimeRobot/2.0; http://www.uptimerobot.com/)"
43.159.143.139 - - [16/Aug/2025:18:59:03 +0200] "GET / HTTP/1.1" 200 6712 "-" "Mozilla/5.0 (iPhone; CPU iPhone OS 13_2_3 like Mac OS X) AppleWebKit/605.1.15 (KHTML, like Gecko) Version/13.0.3 Mobile/15E148 Safari/604.1"
66.249.64.106 - - [16/Aug/2025:18:59:57 +0200] "GET /index.php/img/nagy_b_90_meghivo_2183.jpg HTTP/1.1" 200 6866 "-" "Googlebot-Image/1.0"
128.140.106.114 - - [16/Aug/2025:19:01:59 +0200] "HEAD / HTTP/1.1" 200 0 "http://nagybistvan.hu" "Mozilla/5.0+(compatible; UptimeRobot/2.0; http://www.uptimerobot.com/)"
167.235.143.113 - - [16/Aug/2025:19:07:03 +0200] "HEAD / HTTP/1.1" 200 0 "http://nagybistvan.hu" "Mozilla/5.0+(compatible; UptimeRobot/2.0; http://www.uptimerobot.com/)"
142.132.180.39 - - [16/Aug/2025:19:12:07 +0200] "HEAD / HTTP/1.1" 200 0 "http://nagybistvan.hu" "Mozilla/5.0+(compatible; UptimeRobot/2.0; http://www.uptimerobot.com/)"
43.131.39.179 - - [16/Aug/2025:19:13:09 +0200] "GET /kepek HTTP/1.1" 301 315 "-" "Mozilla/5.0 (iPhone; CPU iPhone OS 13_2_3 like Mac OS X) AppleWebKit/605.1.15 (KHTML, like Gecko) Version/13.0.3 Mobile/15E148 Safari/604.1"
43.131.39.179 - - [16/Aug/2025:19:13:11 +0200] "GET /kepek/ HTTP/1.1" 302 5 "http://nagybistvan.hu/kepek" "Mozilla/5.0 (iPhone; CPU iPhone OS 13_2_3 like Mac OS X) AppleWebKit/605.1.15 (KHTML, like Gecko) Version/13.0.3 Mobile/15E148 Safari/604.1"
43.131.39.179 - - [16/Aug/2025:19:13:13 +0200] "GET /index.php?c=kepek HTTP/1.1" 200 10177 "http://nagybistvan.hu/kepek/" "Mozilla/5.0 (iPhone; CPU iPhone OS 13_2_3 like Mac OS X) AppleWebKit/605.1.15 (KHTML, like Gecko) Version/13.0.3 Mobile/15E148 Safari/604.1"
49.13.130.29 - - [16/Aug/2025:19:17:11 +0200] "HEAD / HTTP/1.1" 200 0 "http://nagybistvan.hu" "Mozilla/5.0+(compatible; UptimeRobot/2.0; http://www.uptimerobot.com/)"
168.119.53.160 - - [16/Aug/2025:19:22:17 +0200] "HEAD / HTTP/1.1" 200 0 "http://nagybistvan.hu" "Mozilla/5.0+(compatible; UptimeRobot/2.0; http://www.uptimerobot.com/)"
43.166.142.76 - - [16/Aug/2025:19:23:31 +0200] "GET /csoportos HTTP/1.1" 301 319 "-" "Mozilla/5.0 (iPhone; CPU iPhone OS 13_2_3 like Mac OS X) AppleWebKit/605.1.15 (KHTML, like Gecko) Version/13.0.3 Mobile/15E148 Safari/604.1"
43.166.142.76 - - [16/Aug/2025:19:23:32 +0200] "GET /csoportos/ HTTP/1.1" 302 5 "http://nagybistvan.hu/csoportos" "Mozilla/5.0 (iPhone; CPU iPhone OS 13_2_3 like Mac OS X) AppleWebKit/605.1.15 (KHTML, like Gecko) Version/13.0.3 Mobile/15E148 Safari/604.1"
43.166.142.76 - - [16/Aug/2025:19:23:35 +0200] "GET /index.php?c=csoportos HTTP/1.1" 200 13219 "http://nagybistvan.hu/csoportos/" "Mozilla/5.0 (iPhone; CPU iPhone OS 13_2_3 like Mac OS X) AppleWebKit/605.1.15 (KHTML, like Gecko) Version/13.0.3 Mobile/15E148 Safari/604.1"
78.47.98.55 - - [16/Aug/2025:19:27:20 +0200] "HEAD / HTTP/1.1" 200 0 "http://nagybistvan.hu" "Mozilla/5.0+(compatible; UptimeRobot/2.0; http://www.uptimerobot.com/)"
216.244.66.227 - - [16/Aug/2025:19:31:52 +0200] "GET /robots.txt HTTP/1.1" 404 1181 "-" "Mozilla/5.0 (compatible; DotBot/1.2; +https://opensiteexplorer.org/dotbot; help@moz.com)"
216.244.66.227 - - [16/Aug/2025:19:31:52 +0200] "GET /robots.txt HTTP/1.1" 404 1181 "-" "Mozilla/5.0 (compatible; DotBot/1.2; +https://opensiteexplorer.org/dotbot; help@moz.com)"
