144.76.32.140 - - [16/Aug/2025:06:01:36 +0200] "GET /irasai HTTP/1.1" 301 316 "-" "Mozilla/5.0 (compatible; BLEXBot/1.0; +https://help.seranking.com/en/blex-crawler)"
144.76.32.140 - - [16/Aug/2025:06:01:37 +0200] "GET /irasai/ HTTP/1.1" 302 5 "-" "Mozilla/5.0 (compatible; BLEXBot/1.0; +https://help.seranking.com/en/blex-crawler)"
66.249.64.131 - - [16/Aug/2025:06:01:40 +0200] "GET /lib/jquery-1.3.2/jquery-1.3.2.min.js HTTP/1.1" 200 57254 "http://nagybistvan.hu/index.php?c=7080s&cp=6" "Mozilla/5.0 (Linux; Android 6.0.1; Nexus 5X Build/MMB29P) AppleWebKit/537.36 (KHTML, like Gecko) Chrome/138.0.7204.183 Mobile Safari/537.36 (compatible; Googlebot/2.1; +http://www.google.com/bot.html)"
66.249.64.131 - - [16/Aug/2025:06:01:41 +0200] "GET /lib/jq.fancybox-1.3.4/jquery.fancybox-1.3.4.css HTTP/1.1" 200 8498 "http://nagybistvan.hu/index.php?c=7080s&cp=6" "Mozilla/5.0 (Linux; Android 6.0.1; Nexus 5X Build/MMB29P) AppleWebKit/537.36 (KHTML, like Gecko) Chrome/138.0.7204.183 Mobile Safari/537.36 (compatible; Googlebot/2.1; +http://www.google.com/bot.html)"
66.249.64.130 - - [16/Aug/2025:06:01:41 +0200] "GET /lib/thickbox-3.1.custom/thickbox.css HTTP/1.1" 200 4175 "http://nagybistvan.hu/index.php?c=7080s&cp=6" "Mozilla/5.0 (Linux; Android 6.0.1; Nexus 5X Build/MMB29P) AppleWebKit/537.36 (KHTML, like Gecko) Chrome/138.0.7204.183 Mobile Safari/537.36 (compatible; Googlebot/2.1; +http://www.google.com/bot.html)"
66.249.64.131 - - [16/Aug/2025:06:01:42 +0200] "GET /lib/jq.fancybox-1.3.4/jquery.easing-1.3.pack.js HTTP/1.1" 200 6717 "http://nagybistvan.hu/index.php?c=7080s&cp=6" "Mozilla/5.0 (Linux; Android 6.0.1; Nexus 5X Build/MMB29P) AppleWebKit/537.36 (KHTML, like Gecko) Chrome/138.0.7204.183 Mobile Safari/537.36 (compatible; Googlebot/2.1; +http://www.google.com/bot.html)"
66.249.64.130 - - [16/Aug/2025:06:01:43 +0200] "GET /lib/jq.fancybox-1.3.4/jquery.fancybox-1.3.4.pack.js HTTP/1.1" 200 15624 "http://nagybistvan.hu/index.php?c=7080s&cp=6" "Mozilla/5.0 (Linux; Android 6.0.1; Nexus 5X Build/MMB29P) AppleWebKit/537.36 (KHTML, like Gecko) Chrome/138.0.7204.183 Mobile Safari/537.36 (compatible; Googlebot/2.1; +http://www.google.com/bot.html)"
66.249.64.130 - - [16/Aug/2025:06:01:43 +0200] "GET /lib/jq.contextmenu/jquery.contextmenu.js HTTP/1.1" 200 10507 "http://nagybistvan.hu/index.php?c=7080s&cp=6" "Mozilla/5.0 (Linux; Android 6.0.1; Nexus 5X Build/MMB29P) AppleWebKit/537.36 (KHTML, like Gecko) Chrome/138.0.7204.183 Mobile Safari/537.36 (compatible; Googlebot/2.1; +http://www.google.com/bot.html)"
144.76.32.140 - - [16/Aug/2025:06:01:57 +0200] "GET /csoportos HTTP/1.1" 301 319 "-" "Mozilla/5.0 (compatible; BLEXBot/1.0; +https://help.seranking.com/en/blex-crawler)"
144.76.32.140 - - [16/Aug/2025:06:01:57 +0200] "GET /csoportos/ HTTP/1.1" 302 5 "-" "Mozilla/5.0 (compatible; BLEXBot/1.0; +https://help.seranking.com/en/blex-crawler)"
144.76.32.140 - - [16/Aug/2025:06:02:16 +0200] "GET /rolairtak HTTP/1.1" 301 319 "-" "Mozilla/5.0 (compatible; BLEXBot/1.0; +https://help.seranking.com/en/blex-crawler)"
144.76.32.140 - - [16/Aug/2025:06:02:16 +0200] "GET /rolairtak/ HTTP/1.1" 302 5 "-" "Mozilla/5.0 (compatible; BLEXBot/1.0; +https://help.seranking.com/en/blex-crawler)"
45.119.85.36 - - [16/Aug/2025:06:03:28 +0200] "HEAD / HTTP/1.1" 200 0 "-" "Mozilla/5.0 (X11; Linux x86_64) AppleWebKit/537.36 (KHTML, like Gecko) Chrome/96.0.4664.45 Safari/537.36"
45.119.85.36 - - [16/Aug/2025:06:05:18 +0200] "HEAD /wordpress HTTP/1.1" 404 0 "-" "Mozilla/5.0 (X11; Linux x86_64) AppleWebKit/537.36 (KHTML, like Gecko) Chrome/96.0.4664.45 Safari/537.36"
78.47.98.55 - - [16/Aug/2025:06:06:25 +0200] "HEAD / HTTP/1.1" 200 0 "http://nagybistvan.hu" "Mozilla/5.0+(compatible; UptimeRobot/2.0; http://www.uptimerobot.com/)"
216.244.66.227 - - [16/Aug/2025:06:06:58 +0200] "GET /media/image/07.022.001.jpg HTTP/1.1" 200 60759 "-" "Mozilla/5.0 (compatible; DotBot/1.2; +https://opensiteexplorer.org/dotbot; help@moz.com)"
216.244.66.227 - - [16/Aug/2025:06:07:08 +0200] "GET /media/image/07.110.046.jpg HTTP/1.1" 200 122600 "-" "Mozilla/5.0 (compatible; DotBot/1.2; +https://opensiteexplorer.org/dotbot; help@moz.com)"
216.244.66.227 - - [16/Aug/2025:06:07:35 +0200] "GET /media/image/23.110.075.jpg HTTP/1.1" 200 150486 "-" "Mozilla/5.0 (compatible; DotBot/1.2; +https://opensiteexplorer.org/dotbot; help@moz.com)"
45.119.85.36 - - [16/Aug/2025:06:08:55 +0200] "HEAD /Wordpress HTTP/1.1" 404 0 "-" "Mozilla/5.0 (X11; Linux x86_64) AppleWebKit/537.36 (KHTML, like Gecko) Chrome/96.0.4664.45 Safari/537.36"
45.119.85.36 - - [16/Aug/2025:06:10:27 +0200] "HEAD /WORDPRESS HTTP/1.1" 404 0 "-" "Mozilla/5.0 (X11; Linux x86_64) AppleWebKit/537.36 (KHTML, like Gecko) Chrome/96.0.4664.45 Safari/537.36"
49.13.167.123 - - [16/Aug/2025:06:11:29 +0200] "HEAD / HTTP/1.1" 200 0 "http://nagybistvan.hu" "Mozilla/5.0+(compatible; UptimeRobot/2.0; http://www.uptimerobot.com/)"
45.119.85.36 - - [16/Aug/2025:06:12:27 +0200] "HEAD /WordPress HTTP/1.1" 404 0 "-" "Mozilla/5.0 (X11; Linux x86_64) AppleWebKit/537.36 (KHTML, like Gecko) Chrome/96.0.4664.45 Safari/537.36"
45.119.85.36 - - [16/Aug/2025:06:15:07 +0200] "HEAD /wp HTTP/1.1" 404 0 "-" "Mozilla/5.0 (X11; Linux x86_64) AppleWebKit/537.36 (KHTML, like Gecko) Chrome/96.0.4664.45 Safari/537.36"
128.140.41.193 - - [16/Aug/2025:06:16:33 +0200] "HEAD / HTTP/1.1" 200 0 "http://nagybistvan.hu" "Mozilla/5.0+(compatible; UptimeRobot/2.0; http://www.uptimerobot.com/)"
45.119.85.36 - - [16/Aug/2025:06:17:39 +0200] "HEAD /Wp HTTP/1.1" 404 0 "-" "Mozilla/5.0 (X11; Linux x86_64) AppleWebKit/537.36 (KHTML, like Gecko) Chrome/96.0.4664.45 Safari/537.36"
45.119.85.36 - - [16/Aug/2025:06:18:30 +0200] "HEAD /WP HTTP/1.1" 404 0 "-" "Mozilla/5.0 (X11; Linux x86_64) AppleWebKit/537.36 (KHTML, like Gecko) Chrome/96.0.4664.45 Safari/537.36"
45.119.85.36 - - [16/Aug/2025:06:20:39 +0200] "HEAD /old HTTP/1.1" 404 0 "-" "Mozilla/5.0 (X11; Linux x86_64) AppleWebKit/537.36 (KHTML, like Gecko) Chrome/96.0.4664.45 Safari/537.36"
49.13.134.145 - - [16/Aug/2025:06:21:36 +0200] "HEAD / HTTP/1.1" 200 0 "http://nagybistvan.hu" "Mozilla/5.0+(compatible; UptimeRobot/2.0; http://www.uptimerobot.com/)"
45.119.85.36 - - [16/Aug/2025:06:23:46 +0200] "HEAD /Old HTTP/1.1" 404 0 "-" "Mozilla/5.0 (X11; Linux x86_64) AppleWebKit/537.36 (KHTML, like Gecko) Chrome/96.0.4664.45 Safari/537.36"
45.119.85.36 - - [16/Aug/2025:06:25:09 +0200] "HEAD /OLD HTTP/1.1" 404 0 "-" "Mozilla/5.0 (X11; Linux x86_64) AppleWebKit/537.36 (KHTML, like Gecko) Chrome/96.0.4664.45 Safari/537.36"
168.119.123.75 - - [16/Aug/2025:06:26:42 +0200] "HEAD / HTTP/1.1" 200 0 "http://nagybistvan.hu" "Mozilla/5.0+(compatible; UptimeRobot/2.0; http://www.uptimerobot.com/)"
45.119.85.36 - - [16/Aug/2025:06:27:39 +0200] "HEAD /oldsite HTTP/1.1" 404 0 "-" "Mozilla/5.0 (X11; Linux x86_64) AppleWebKit/537.36 (KHTML, like Gecko) Chrome/96.0.4664.45 Safari/537.36"
45.119.85.36 - - [16/Aug/2025:06:29:11 +0200] "HEAD /new HTTP/1.1" 404 0 "-" "Mozilla/5.0 (X11; Linux x86_64) AppleWebKit/537.36 (KHTML, like Gecko) Chrome/96.0.4664.45 Safari/537.36"
45.119.85.36 - - [16/Aug/2025:06:31:35 +0200] "HEAD /New HTTP/1.1" 404 0 "-" "Mozilla/5.0 (X11; Linux x86_64) AppleWebKit/537.36 (KHTML, like Gecko) Chrome/96.0.4664.45 Safari/537.36"
49.13.164.148 - - [16/Aug/2025:06:31:47 +0200] "HEAD / HTTP/1.1" 200 0 "http://nagybistvan.hu" "Mozilla/5.0+(compatible; UptimeRobot/2.0; http://www.uptimerobot.com/)"
45.119.85.36 - - [16/Aug/2025:06:32:39 +0200] "HEAD /NEW HTTP/1.1" 404 0 "-" "Mozilla/5.0 (X11; Linux x86_64) AppleWebKit/537.36 (KHTML, like Gecko) Chrome/96.0.4664.45 Safari/537.36"
45.119.85.36 - - [16/Aug/2025:06:35:05 +0200] "HEAD /wp-old HTTP/1.1" 404 0 "-" "Mozilla/5.0 (X11; Linux x86_64) AppleWebKit/537.36 (KHTML, like Gecko) Chrome/96.0.4664.45 Safari/537.36"
78.46.190.63 - - [16/Aug/2025:06:36:51 +0200] "HEAD / HTTP/1.1" 200 0 "http://nagybistvan.hu" "Mozilla/5.0+(compatible; UptimeRobot/2.0; http://www.uptimerobot.com/)"
43.157.158.178 - - [16/Aug/2025:06:36:58 +0200] "GET / HTTP/1.1" 200 6862 "-" "Mozilla/5.0 (iPhone; CPU iPhone OS 13_2_3 like Mac OS X) AppleWebKit/605.1.15 (KHTML, like Gecko) Version/13.0.3 Mobile/15E148 Safari/604.1"
45.119.85.36 - - [16/Aug/2025:06:37:37 +0200] "HEAD /2022 HTTP/1.1" 404 0 "-" "Mozilla/5.0 (X11; Linux x86_64) AppleWebKit/537.36 (KHTML, like Gecko) Chrome/96.0.4664.45 Safari/537.36"
45.119.85.36 - - [16/Aug/2025:06:39:35 +0200] "HEAD /2023 HTTP/1.1" 404 0 "-" "Mozilla/5.0 (X11; Linux x86_64) AppleWebKit/537.36 (KHTML, like Gecko) Chrome/96.0.4664.45 Safari/537.36"
216.244.66.227 - - [16/Aug/2025:06:41:01 +0200] "GET /robots.txt HTTP/1.1" 404 1181 "-" "Mozilla/5.0 (compatible; DotBot/1.2; +https://opensiteexplorer.org/dotbot; help@moz.com)"
216.244.66.227 - - [16/Aug/2025:06:41:01 +0200] "GET /robots.txt HTTP/1.1" 404 1181 "-" "Mozilla/5.0 (compatible; DotBot/1.2; +https://opensiteexplorer.org/dotbot; help@moz.com)"
45.119.85.36 - - [16/Aug/2025:06:41:17 +0200] "HEAD /2024 HTTP/1.1" 404 0 "-" "Mozilla/5.0 (X11; Linux x86_64) AppleWebKit/537.36 (KHTML, like Gecko) Chrome/96.0.4664.45 Safari/537.36"
49.13.130.29 - - [16/Aug/2025:06:41:54 +0200] "HEAD / HTTP/1.1" 200 0 "http://nagybistvan.hu" "Mozilla/5.0+(compatible; UptimeRobot/2.0; http://www.uptimerobot.com/)"
45.119.85.36 - - [16/Aug/2025:06:42:01 +0200] "HEAD /2017 HTTP/1.1" 404 0 "-" "Mozilla/5.0 (X11; Linux x86_64) AppleWebKit/537.36 (KHTML, like Gecko) Chrome/96.0.4664.45 Safari/537.36"
45.119.85.36 - - [16/Aug/2025:06:44:31 +0200] "HEAD /2020 HTTP/1.1" 404 0 "-" "Mozilla/5.0 (X11; Linux x86_64) AppleWebKit/537.36 (KHTML, like Gecko) Chrome/96.0.4664.45 Safari/537.36"
4.197.236.174 - - [16/Aug/2025:06:45:47 +0200] "GET /wp-content/plugins/hellopress/wp_filemanager.php HTTP/1.1" 404 1181 "-" "-"
4.197.236.174 - - [16/Aug/2025:06:45:48 +0200] "GET /wp-includes/images/wlw/rk2.php HTTP/1.1" 404 1181 "-" "-"
4.197.236.174 - - [16/Aug/2025:06:45:48 +0200] "GET /wp-admin/includes/theme-install.php.INFECTED.php HTTP/1.1" 404 1181 "-" "-"
4.197.236.174 - - [16/Aug/2025:06:45:48 +0200] "GET /wp-admin/includes/class-core-upgrader-first.php HTTP/1.1" 404 1181 "-" "-"
4.197.236.174 - - [16/Aug/2025:06:45:48 +0200] "GET /wp-admin/css/wp-css.php HTTP/1.1" 404 1181 "-" "-"
4.197.236.174 - - [16/Aug/2025:06:45:49 +0200] "GET /.well-known/save.php HTTP/1.1" 404 1181 "-" "-"
4.197.236.174 - - [16/Aug/2025:06:45:49 +0200] "GET /wp-includes/feed-rsss.php HTTP/1.1" 404 1181 "-" "-"
4.197.236.174 - - [16/Aug/2025:06:45:49 +0200] "GET /wp-includes/fonts/class-wp-font-face.php HTTP/1.1" 404 1181 "-" "-"
4.197.236.174 - - [16/Aug/2025:06:45:50 +0200] "GET /wp-includes/IXR/goto.php HTTP/1.1" 404 1181 "-" "-"
4.197.236.174 - - [16/Aug/2025:06:45:50 +0200] "GET /files/icon.php HTTP/1.1" 404 1181 "-" "-"
4.197.236.174 - - [16/Aug/2025:06:45:50 +0200] "GET /wp-admin/css/colors/blue/xboom.php HTTP/1.1" 404 1181 "-" "-"
4.197.236.174 - - [16/Aug/2025:06:45:50 +0200] "GET /wp-admin/maint/siteone.php HTTP/1.1" 404 1181 "-" "-"
45.119.85.36 - - [16/Aug/2025:06:45:51 +0200] "HEAD /2019 HTTP/1.1" 404 0 "-" "Mozilla/5.0 (X11; Linux x86_64) AppleWebKit/537.36 (KHTML, like Gecko) Chrome/96.0.4664.45 Safari/537.36"
4.197.236.174 - - [16/Aug/2025:06:45:51 +0200] "GET /files/fileupload.php HTTP/1.1" 404 1181 "-" "-"
4.197.236.174 - - [16/Aug/2025:06:45:51 +0200] "GET /uploads/af32.php HTTP/1.1" 404 1181 "-" "-"
4.197.236.174 - - [16/Aug/2025:06:45:51 +0200] "GET /wp-admin/css/colors/midnight/gmail.php HTTP/1.1" 404 1181 "-" "-"
4.197.236.174 - - [16/Aug/2025:06:45:51 +0200] "GET /wp-admin/css/colors/blue/VzlaTeam.php HTTP/1.1" 404 1181 "-" "-"
4.197.236.174 - - [16/Aug/2025:06:45:52 +0200] "GET /images/alumni_reg.php HTTP/1.1" 404 1181 "-" "-"
4.197.236.174 - - [16/Aug/2025:06:45:52 +0200] "GET /uploads/1337.php HTTP/1.1" 404 1181 "-" "-"
4.197.236.174 - - [16/Aug/2025:06:45:52 +0200] "GET /uploads/site2.php HTTP/1.1" 404 1181 "-" "-"
4.197.236.174 - - [16/Aug/2025:06:45:53 +0200] "GET /wp-includes/class-wp-network-cron.php HTTP/1.1" 404 1181 "-" "-"
4.197.236.174 - - [16/Aug/2025:06:45:53 +0200] "GET /wp-admin/includes/class-wp-privacy-data-removal-requests-list-table-package.php HTTP/1.1" 404 1181 "-" "-"
4.197.236.174 - - [16/Aug/2025:06:45:53 +0200] "GET /wp-admin/includes/template.php.INFECTED.php HTTP/1.1" 404 1181 "-" "-"
4.197.236.174 - - [16/Aug/2025:06:45:54 +0200] "GET /wp-includes/class-wp-feed-cache-transient-part.php HTTP/1.1" 404 1181 "-" "-"
4.197.236.174 - - [16/Aug/2025:06:45:54 +0200] "GET /wp-includes/ID3/el.php HTTP/1.1" 404 1181 "-" "-"
4.197.236.174 - - [16/Aug/2025:06:45:54 +0200] "GET /wp-includes/hel.php HTTP/1.1" 404 1181 "-" "-"
4.197.236.174 - - [16/Aug/2025:06:45:55 +0200] "GET /uploads/lyns.php HTTP/1.1" 404 1181 "-" "-"
4.197.236.174 - - [16/Aug/2025:06:45:55 +0200] "GET /wp-includes/x.php HTTP/1.1" 404 1181 "-" "-"
4.197.236.174 - - [16/Aug/2025:06:45:55 +0200] "GET /wp-includes/ID3/module.audio-video.as.php HTTP/1.1" 404 1181 "-" "-"
4.197.236.174 - - [16/Aug/2025:06:45:55 +0200] "GET /wp-admin/images/download.php HTTP/1.1" 404 1181 "-" "-"
4.197.236.174 - - [16/Aug/2025:06:45:56 +0200] "GET /wp-includes/pomo/pomo.php HTTP/1.1" 404 1181 "-" "-"
4.197.236.174 - - [16/Aug/2025:06:45:56 +0200] "GET /wp-includes/fonts/class-wp-font-library.php HTTP/1.1" 404 1181 "-" "-"
4.197.236.174 - - [16/Aug/2025:06:45:56 +0200] "GET /.well-known/rest-api.php HTTP/1.1" 404 1181 "-" "-"
4.197.236.174 - - [16/Aug/2025:06:45:57 +0200] "GET /wp-includes/css/babu.php HTTP/1.1" 404 1181 "-" "-"
4.197.236.174 - - [16/Aug/2025:06:45:57 +0200] "GET /wp-includes/sitemaps/rz.php HTTP/1.1" 404 1181 "-" "-"
4.197.236.174 - - [16/Aug/2025:06:45:57 +0200] "GET /wp-admin/includes/BDKR28_shell.php HTTP/1.1" 404 1181 "-" "-"
4.197.236.174 - - [16/Aug/2025:06:45:57 +0200] "GET /wp-admin/includes/menu-cookie.php HTTP/1.1" 404 1181 "-" "-"
4.197.236.174 - - [16/Aug/2025:06:45:58 +0200] "GET /wp-admin/css/colors/blue/info.php HTTP/1.1" 404 1181 "-" "-"
4.197.236.174 - - [16/Aug/2025:06:45:58 +0200] "GET /wp-includes/fonts/class-wp-font-utils.php HTTP/1.1" 404 1181 "-" "-"
4.197.236.174 - - [16/Aug/2025:06:45:58 +0200] "GET /files/fopen.php HTTP/1.1" 404 1181 "-" "-"
4.197.236.174 - - [16/Aug/2025:06:45:58 +0200] "GET /wp-admin/css/wp-admins.php HTTP/1.1" 404 1181 "-" "-"
4.197.236.174 - - [16/Aug/2025:06:45:59 +0200] "GET /wp-admin/includes/plugin-install.php.INFECTED.php HTTP/1.1" 404 1181 "-" "-"
4.197.236.174 - - [16/Aug/2025:06:45:59 +0200] "GET /wp-admin/css/colors/blue/uploader.php HTTP/1.1" 404 1181 "-" "-"
4.197.236.174 - - [16/Aug/2025:06:45:59 +0200] "GET /wp-admin/includes/port.php HTTP/1.1" 404 1181 "-" "-"
4.197.236.174 - - [16/Aug/2025:06:45:59 +0200] "GET /wp-includes/we2.php HTTP/1.1" 404 1181 "-" "-"
4.197.236.174 - - [16/Aug/2025:06:46:00 +0200] "GET /wp-admin/css/colors/blue/aurora%20(1).php HTTP/1.1" 404 1181 "-" "-"
4.197.236.174 - - [16/Aug/2025:06:46:00 +0200] "GET /wp-admin/js/widgets/zip.php HTTP/1.1" 404 1181 "-" "-"
4.197.236.174 - - [16/Aug/2025:06:46:00 +0200] "GET /wp-admin/js/let.php HTTP/1.1" 404 1181 "-" "-"
4.197.236.174 - - [16/Aug/2025:06:46:00 +0200] "GET /wp-includes/embed-database.php HTTP/1.1" 404 1181 "-" "-"
4.197.236.174 - - [16/Aug/2025:06:46:01 +0200] "GET /wp-admin/images/lightspped.php HTTP/1.1" 404 1181 "-" "-"
216.244.66.227 - - [16/Aug/2025:06:46:57 +0200] "GET /media/image/24.306.001.jpg HTTP/1.1" 200 102996 "-" "Mozilla/5.0 (compatible; DotBot/1.2; +https://opensiteexplorer.org/dotbot; help@moz.com)"
157.90.156.63 - - [16/Aug/2025:06:46:57 +0200] "HEAD / HTTP/1.1" 200 0 "http://nagybistvan.hu" "Mozilla/5.0+(compatible; UptimeRobot/2.0; http://www.uptimerobot.com/)"
45.119.85.36 - - [16/Aug/2025:06:48:43 +0200] "HEAD /2018 HTTP/1.1" 404 0 "-" "Mozilla/5.0 (X11; Linux x86_64) AppleWebKit/537.36 (KHTML, like Gecko) Chrome/96.0.4664.45 Safari/537.36"
216.244.66.227 - - [16/Aug/2025:06:48:45 +0200] "GET /media/image/21.583.001_1.jpg HTTP/1.1" 200 101668 "-" "Mozilla/5.0 (compatible; DotBot/1.2; +https://opensiteexplorer.org/dotbot; help@moz.com)"
216.244.66.227 - - [16/Aug/2025:06:49:36 +0200] "GET /media/image/30.348.001.jpg HTTP/1.1" 200 191530 "-" "Mozilla/5.0 (compatible; DotBot/1.2; +https://opensiteexplorer.org/dotbot; help@moz.com)"
216.244.66.227 - - [16/Aug/2025:06:50:18 +0200] "GET /media/image/07.239.006.jpg HTTP/1.1" 200 127391 "-" "Mozilla/5.0 (compatible; DotBot/1.2; +https://opensiteexplorer.org/dotbot; help@moz.com)"
45.119.85.36 - - [16/Aug/2025:06:50:38 +0200] "HEAD /backup HTTP/1.1" 404 0 "-" "Mozilla/5.0 (X11; Linux x86_64) AppleWebKit/537.36 (KHTML, like Gecko) Chrome/96.0.4664.45 Safari/537.36"
168.119.53.160 - - [16/Aug/2025:06:52:01 +0200] "HEAD / HTTP/1.1" 200 0 "http://nagybistvan.hu" "Mozilla/5.0+(compatible; UptimeRobot/2.0; http://www.uptimerobot.com/)"
45.119.85.36 - - [16/Aug/2025:06:52:56 +0200] "HEAD /test HTTP/1.1" 404 0 "-" "Mozilla/5.0 (X11; Linux x86_64) AppleWebKit/537.36 (KHTML, like Gecko) Chrome/96.0.4664.45 Safari/537.36"
45.119.85.36 - - [16/Aug/2025:06:54:44 +0200] "HEAD /Test HTTP/1.1" 404 0 "-" "Mozilla/5.0 (X11; Linux x86_64) AppleWebKit/537.36 (KHTML, like Gecko) Chrome/96.0.4664.45 Safari/537.36"
45.119.85.36 - - [16/Aug/2025:06:56:28 +0200] "HEAD /TEST HTTP/1.1" 404 0 "-" "Mozilla/5.0 (X11; Linux x86_64) AppleWebKit/537.36 (KHTML, like Gecko) Chrome/96.0.4664.45 Safari/537.36"
168.119.96.239 - - [16/Aug/2025:06:57:04 +0200] "HEAD / HTTP/1.1" 200 0 "http://nagybistvan.hu" "Mozilla/5.0+(compatible; UptimeRobot/2.0; http://www.uptimerobot.com/)"
45.119.85.36 - - [16/Aug/2025:06:58:51 +0200] "HEAD /demo HTTP/1.1" 404 0 "-" "Mozilla/5.0 (X11; Linux x86_64) AppleWebKit/537.36 (KHTML, like Gecko) Chrome/96.0.4664.45 Safari/537.36"
45.119.85.36 - - [16/Aug/2025:07:00:55 +0200] "HEAD /bc HTTP/1.1" 404 0 "-" "Mozilla/5.0 (X11; Linux x86_64) AppleWebKit/537.36 (KHTML, like Gecko) Chrome/96.0.4664.45 Safari/537.36"
168.119.123.75 - - [16/Aug/2025:07:02:08 +0200] "HEAD / HTTP/1.1" 200 0 "http://nagybistvan.hu" "Mozilla/5.0+(compatible; UptimeRobot/2.0; http://www.uptimerobot.com/)"
45.119.85.36 - - [16/Aug/2025:07:02:40 +0200] "HEAD /www HTTP/1.1" 404 0 "-" "Mozilla/5.0 (X11; Linux x86_64) AppleWebKit/537.36 (KHTML, like Gecko) Chrome/96.0.4664.45 Safari/537.36"
45.119.85.36 - - [16/Aug/2025:07:03:48 +0200] "HEAD /WWW HTTP/1.1" 404 0 "-" "Mozilla/5.0 (X11; Linux x86_64) AppleWebKit/537.36 (KHTML, like Gecko) Chrome/96.0.4664.45 Safari/537.36"
45.119.85.36 - - [16/Aug/2025:07:05:24 +0200] "HEAD /Www HTTP/1.1" 404 0 "-" "Mozilla/5.0 (X11; Linux x86_64) AppleWebKit/537.36 (KHTML, like Gecko) Chrome/96.0.4664.45 Safari/537.36"
157.90.156.63 - - [16/Aug/2025:07:07:14 +0200] "HEAD / HTTP/1.1" 200 0 "http://nagybistvan.hu" "Mozilla/5.0+(compatible; UptimeRobot/2.0; http://www.uptimerobot.com/)"
45.119.85.36 - - [16/Aug/2025:07:07:58 +0200] "HEAD /2021 HTTP/1.1" 404 0 "-" "Mozilla/5.0 (X11; Linux x86_64) AppleWebKit/537.36 (KHTML, like Gecko) Chrome/96.0.4664.45 Safari/537.36"
45.119.85.36 - - [16/Aug/2025:07:09:43 +0200] "HEAD /main HTTP/1.1" 404 0 "-" "Mozilla/5.0 (X11; Linux x86_64) AppleWebKit/537.36 (KHTML, like Gecko) Chrome/96.0.4664.45 Safari/537.36"
45.119.85.36 - - [16/Aug/2025:07:11:52 +0200] "HEAD /old-site HTTP/1.1" 404 0 "-" "Mozilla/5.0 (X11; Linux x86_64) AppleWebKit/537.36 (KHTML, like Gecko) Chrome/96.0.4664.45 Safari/537.36"
49.13.130.29 - - [16/Aug/2025:07:12:18 +0200] "HEAD / HTTP/1.1" 200 0 "http://nagybistvan.hu" "Mozilla/5.0+(compatible; UptimeRobot/2.0; http://www.uptimerobot.com/)"
45.119.85.36 - - [16/Aug/2025:07:14:20 +0200] "HEAD /bk HTTP/1.1" 404 0 "-" "Mozilla/5.0 (X11; Linux x86_64) AppleWebKit/537.36 (KHTML, like Gecko) Chrome/96.0.4664.45 Safari/537.36"
45.119.85.36 - - [16/Aug/2025:07:15:37 +0200] "HEAD /Backup HTTP/1.1" 404 0 "-" "Mozilla/5.0 (X11; Linux x86_64) AppleWebKit/537.36 (KHTML, like Gecko) Chrome/96.0.4664.45 Safari/537.36"
159.69.158.189 - - [16/Aug/2025:07:17:21 +0200] "HEAD / HTTP/1.1" 200 0 "http://nagybistvan.hu" "Mozilla/5.0+(compatible; UptimeRobot/2.0; http://www.uptimerobot.com/)"
45.119.85.36 - - [16/Aug/2025:07:18:26 +0200] "HEAD /BACKUP HTTP/1.1" 404 0 "-" "Mozilla/5.0 (X11; Linux x86_64) AppleWebKit/537.36 (KHTML, like Gecko) Chrome/96.0.4664.45 Safari/537.36"
45.119.85.36 - - [16/Aug/2025:07:20:25 +0200] "HEAD /SHOP HTTP/1.1" 404 0 "-" "Mozilla/5.0 (X11; Linux x86_64) AppleWebKit/537.36 (KHTML, like Gecko) Chrome/96.0.4664.45 Safari/537.36"
45.119.85.36 - - [16/Aug/2025:07:21:53 +0200] "HEAD /Shop HTTP/1.1" 404 0 "-" "Mozilla/5.0 (X11; Linux x86_64) AppleWebKit/537.36 (KHTML, like Gecko) Chrome/96.0.4664.45 Safari/537.36"
78.47.98.55 - - [16/Aug/2025:07:22:27 +0200] "HEAD / HTTP/1.1" 200 0 "http://nagybistvan.hu" "Mozilla/5.0+(compatible; UptimeRobot/2.0; http://www.uptimerobot.com/)"
45.119.85.36 - - [16/Aug/2025:07:24:29 +0200] "HEAD /shop HTTP/1.1" 404 0 "-" "Mozilla/5.0 (X11; Linux x86_64) AppleWebKit/537.36 (KHTML, like Gecko) Chrome/96.0.4664.45 Safari/537.36"
216.244.66.227 - - [16/Aug/2025:07:25:33 +0200] "GET /robots.txt HTTP/1.1" 404 1181 "-" "Mozilla/5.0 (compatible; DotBot/1.2; +https://opensiteexplorer.org/dotbot; help@moz.com)"
45.119.85.36 - - [16/Aug/2025:07:26:13 +0200] "HEAD /bak HTTP/1.1" 404 0 "-" "Mozilla/5.0 (X11; Linux x86_64) AppleWebKit/537.36 (KHTML, like Gecko) Chrome/96.0.4664.45 Safari/537.36"
45.119.85.36 - - [16/Aug/2025:07:27:28 +0200] "HEAD /sitio HTTP/1.1" 404 0 "-" "Mozilla/5.0 (X11; Linux x86_64) AppleWebKit/537.36 (KHTML, like Gecko) Chrome/96.0.4664.45 Safari/537.36"
159.69.158.189 - - [16/Aug/2025:07:27:31 +0200] "HEAD / HTTP/1.1" 200 0 "http://nagybistvan.hu" "Mozilla/5.0+(compatible; UptimeRobot/2.0; http://www.uptimerobot.com/)"
45.119.85.36 - - [16/Aug/2025:07:28:51 +0200] "HEAD /bac HTTP/1.1" 404 0 "-" "Mozilla/5.0 (X11; Linux x86_64) AppleWebKit/537.36 (KHTML, like Gecko) Chrome/96.0.4664.45 Safari/537.36"
66.249.64.132 - - [16/Aug/2025:07:30:35 +0200] "GET /media/image/07.035.001.jpg HTTP/1.1" 200 94619 "-" "Googlebot-Image/1.0"
45.119.85.36 - - [16/Aug/2025:07:32:12 +0200] "HEAD /sito HTTP/1.1" 404 0 "-" "Mozilla/5.0 (X11; Linux x86_64) AppleWebKit/537.36 (KHTML, like Gecko) Chrome/96.0.4664.45 Safari/537.36"
128.140.106.114 - - [16/Aug/2025:07:32:34 +0200] "HEAD / HTTP/1.1" 200 0 "http://nagybistvan.hu" "Mozilla/5.0+(compatible; UptimeRobot/2.0; http://www.uptimerobot.com/)"
45.119.85.36 - - [16/Aug/2025:07:32:43 +0200] "HEAD /site HTTP/1.1" 404 0 "-" "Mozilla/5.0 (X11; Linux x86_64) AppleWebKit/537.36 (KHTML, like Gecko) Chrome/96.0.4664.45 Safari/537.36"
216.244.66.227 - - [16/Aug/2025:07:33:34 +0200] "GET /media/image/21.583.001_2.jpg HTTP/1.1" 200 139492 "-" "Mozilla/5.0 (compatible; DotBot/1.2; +https://opensiteexplorer.org/dotbot; help@moz.com)"
45.119.85.36 - - [16/Aug/2025:07:34:59 +0200] "HEAD /Site HTTP/1.1" 404 0 "-" "Mozilla/5.0 (X11; Linux x86_64) AppleWebKit/537.36 (KHTML, like Gecko) Chrome/96.0.4664.45 Safari/537.36"
45.119.85.36 - - [16/Aug/2025:07:36:12 +0200] "HEAD /SITE HTTP/1.1" 404 0 "-" "Mozilla/5.0 (X11; Linux x86_64) AppleWebKit/537.36 (KHTML, like Gecko) Chrome/96.0.4664.45 Safari/537.36"
78.47.98.55 - - [16/Aug/2025:07:37:38 +0200] "HEAD / HTTP/1.1" 200 0 "http://nagybistvan.hu" "Mozilla/5.0+(compatible; UptimeRobot/2.0; http://www.uptimerobot.com/)"
45.119.85.36 - - [16/Aug/2025:07:38:45 +0200] "HEAD /blog HTTP/1.1" 404 0 "-" "Mozilla/5.0 (X11; Linux x86_64) AppleWebKit/537.36 (KHTML, like Gecko) Chrome/96.0.4664.45 Safari/537.36"
45.119.85.36 - - [16/Aug/2025:07:40:44 +0200] "HEAD /BLOG HTTP/1.1" 404 0 "-" "Mozilla/5.0 (X11; Linux x86_64) AppleWebKit/537.36 (KHTML, like Gecko) Chrome/96.0.4664.45 Safari/537.36"
45.119.85.36 - - [16/Aug/2025:07:41:40 +0200] "HEAD /Blog HTTP/1.1" 404 0 "-" "Mozilla/5.0 (X11; Linux x86_64) AppleWebKit/537.36 (KHTML, like Gecko) Chrome/96.0.4664.45 Safari/537.36"
78.46.190.63 - - [16/Aug/2025:07:42:42 +0200] "HEAD / HTTP/1.1" 200 0 "http://nagybistvan.hu" "Mozilla/5.0+(compatible; UptimeRobot/2.0; http://www.uptimerobot.com/)"
159.69.158.189 - - [16/Aug/2025:07:47:45 +0200] "HEAD / HTTP/1.1" 200 0 "http://nagybistvan.hu" "Mozilla/5.0+(compatible; UptimeRobot/2.0; http://www.uptimerobot.com/)"
49.13.24.81 - - [16/Aug/2025:07:52:49 +0200] "HEAD / HTTP/1.1" 200 0 "http://nagybistvan.hu" "Mozilla/5.0+(compatible; UptimeRobot/2.0; http://www.uptimerobot.com/)"
66.249.64.132 - - [16/Aug/2025:07:53:38 +0200] "GET /zsambek/Zold%20Zsambek.html HTTP/1.1" 304 - "-" "Mozilla/5.0 (Linux; Android 6.0.1; Nexus 5X Build/MMB29P) AppleWebKit/537.36 (KHTML, like Gecko) Chrome/138.0.7204.183 Mobile Safari/537.36 (compatible; Googlebot/2.1; +http://www.google.com/bot.html)"
128.140.41.193 - - [16/Aug/2025:07:57:53 +0200] "HEAD / HTTP/1.1" 200 0 "http://nagybistvan.hu" "Mozilla/5.0+(compatible; UptimeRobot/2.0; http://www.uptimerobot.com/)"
49.13.24.81 - - [16/Aug/2025:08:02:57 +0200] "HEAD / HTTP/1.1" 200 0 "http://nagybistvan.hu" "Mozilla/5.0+(compatible; UptimeRobot/2.0; http://www.uptimerobot.com/)"
4.227.36.25 - - [16/Aug/2025:08:05:06 +0200] "GET /robots.txt HTTP/1.1" 404 1181 "-" "Mozilla/5.0 AppleWebKit/537.36 (KHTML, like Gecko; compatible; GPTBot/1.2; +https://openai.com/gptbot)"
20.171.207.230 - - [16/Aug/2025:08:05:21 +0200] "GET / HTTP/1.1" 200 6750 "-" "Mozilla/5.0 AppleWebKit/537.36 (KHTML, like Gecko; compatible; GPTBot/1.2; +https://openai.com/gptbot)"
20.171.207.230 - - [16/Aug/2025:08:05:24 +0200] "GET /media/image/21.345.001.jpg HTTP/1.1" 200 157830 "-" "Mozilla/5.0 AppleWebKit/537.36 (KHTML, like Gecko; compatible; GPTBot/1.2; +https://openai.com/gptbot)"
78.46.190.63 - - [16/Aug/2025:08:08:01 +0200] "HEAD / HTTP/1.1" 200 0 "http://nagybistvan.hu" "Mozilla/5.0+(compatible; UptimeRobot/2.0; http://www.uptimerobot.com/)"
216.244.66.227 - - [16/Aug/2025:08:10:36 +0200] "GET /robots.txt HTTP/1.1" 404 1181 "-" "Mozilla/5.0 (compatible; DotBot/1.2; +https://opensiteexplorer.org/dotbot; help@moz.com)"
216.244.66.227 - - [16/Aug/2025:08:10:36 +0200] "GET /robots.txt HTTP/1.1" 404 1181 "-" "Mozilla/5.0 (compatible; DotBot/1.2; +https://opensiteexplorer.org/dotbot; help@moz.com)"
168.119.96.239 - - [16/Aug/2025:08:13:05 +0200] "HEAD / HTTP/1.1" 200 0 "http://nagybistvan.hu" "Mozilla/5.0+(compatible; UptimeRobot/2.0; http://www.uptimerobot.com/)"
66.249.64.107 - - [16/Aug/2025:08:14:20 +0200] "GET /media/image/24.325.001.jpg HTTP/1.1" 200 247988 "-" "Googlebot-Image/1.0"
167.235.143.113 - - [16/Aug/2025:08:18:09 +0200] "HEAD / HTTP/1.1" 200 0 "http://nagybistvan.hu" "Mozilla/5.0+(compatible; UptimeRobot/2.0; http://www.uptimerobot.com/)"
216.244.66.227 - - [16/Aug/2025:08:19:07 +0200] "GET /media/image/21.583.001_6.jpg HTTP/1.1" 200 100647 "-" "Mozilla/5.0 (compatible; DotBot/1.2; +https://opensiteexplorer.org/dotbot; help@moz.com)"
216.244.66.227 - - [16/Aug/2025:08:19:18 +0200] "GET /media/image/07.122.001.jpg HTTP/1.1" 200 109999 "-" "Mozilla/5.0 (compatible; DotBot/1.2; +https://opensiteexplorer.org/dotbot; help@moz.com)"
216.244.66.227 - - [16/Aug/2025:08:19:33 +0200] "GET /media/image/07.230.003.jpg HTTP/1.1" 200 91667 "-" "Mozilla/5.0 (compatible; DotBot/1.2; +https://opensiteexplorer.org/dotbot; help@moz.com)"
216.244.66.227 - - [16/Aug/2025:08:19:49 +0200] "GET /media/image/07.238.003.jpg HTTP/1.1" 200 137318 "-" "Mozilla/5.0 (compatible; DotBot/1.2; +https://opensiteexplorer.org/dotbot; help@moz.com)"
216.244.66.227 - - [16/Aug/2025:08:20:57 +0200] "GET /media/image/21.110.076.jpg HTTP/1.1" 200 116677 "-" "Mozilla/5.0 (compatible; DotBot/1.2; +https://opensiteexplorer.org/dotbot; help@moz.com)"
49.13.167.123 - - [16/Aug/2025:08:23:14 +0200] "HEAD / HTTP/1.1" 200 0 "http://nagybistvan.hu" "Mozilla/5.0+(compatible; UptimeRobot/2.0; http://www.uptimerobot.com/)"
66.249.64.130 - - [16/Aug/2025:08:27:43 +0200] "GET /zsambek/Fekete%20Zsambek.html HTTP/1.1" 200 692 "-" "Mozilla/5.0 (Linux; Android 6.0.1; Nexus 5X Build/MMB29P) AppleWebKit/537.36 (KHTML, like Gecko) Chrome/138.0.7204.183 Mobile Safari/537.36 (compatible; Googlebot/2.1; +http://www.google.com/bot.html)"
128.140.41.193 - - [16/Aug/2025:08:28:18 +0200] "HEAD / HTTP/1.1" 200 0 "http://nagybistvan.hu" "Mozilla/5.0+(compatible; UptimeRobot/2.0; http://www.uptimerobot.com/)"
49.13.24.81 - - [16/Aug/2025:08:33:21 +0200] "HEAD / HTTP/1.1" 200 0 "http://nagybistvan.hu" "Mozilla/5.0+(compatible; UptimeRobot/2.0; http://www.uptimerobot.com/)"
78.46.190.63 - - [16/Aug/2025:08:38:25 +0200] "HEAD / HTTP/1.1" 200 0 "http://nagybistvan.hu" "Mozilla/5.0+(compatible; UptimeRobot/2.0; http://www.uptimerobot.com/)"
142.132.180.39 - - [16/Aug/2025:08:43:31 +0200] "HEAD / HTTP/1.1" 200 0 "http://nagybistvan.hu" "Mozilla/5.0+(compatible; UptimeRobot/2.0; http://www.uptimerobot.com/)"
167.235.143.113 - - [16/Aug/2025:08:48:35 +0200] "HEAD / HTTP/1.1" 200 0 "http://nagybistvan.hu" "Mozilla/5.0+(compatible; UptimeRobot/2.0; http://www.uptimerobot.com/)"
182.22.28.97 - - [16/Aug/2025:08:52:59 +0200] "GET /robots.txt HTTP/1.1" 404 1181 "-" "Y!J-DLC/1.0 (https://support.yahoo-net.jp/PccSearch/s/article/H000007955)"
182.22.28.118 - - [16/Aug/2025:08:53:00 +0200] "GET / HTTP/1.1" 200 6774 "-" "Y!J-DLC/1.0 (https://support.yahoo-net.jp/PccSearch/s/article/H000007955)"
128.140.106.114 - - [16/Aug/2025:08:53:40 +0200] "HEAD / HTTP/1.1" 200 0 "http://nagybistvan.hu" "Mozilla/5.0+(compatible; UptimeRobot/2.0; http://www.uptimerobot.com/)"
216.244.66.227 - - [16/Aug/2025:08:56:15 +0200] "GET /robots.txt HTTP/1.1" 404 1181 "-" "Mozilla/5.0 (compatible; DotBot/1.2; +https://opensiteexplorer.org/dotbot; help@moz.com)"
216.244.66.227 - - [16/Aug/2025:08:56:15 +0200] "GET /robots.txt HTTP/1.1" 404 1181 "-" "Mozilla/5.0 (compatible; DotBot/1.2; +https://opensiteexplorer.org/dotbot; help@moz.com)"
78.46.190.63 - - [16/Aug/2025:08:58:43 +0200] "HEAD / HTTP/1.1" 200 0 "http://nagybistvan.hu" "Mozilla/5.0+(compatible; UptimeRobot/2.0; http://www.uptimerobot.com/)"
78.47.98.55 - - [16/Aug/2025:09:03:46 +0200] "HEAD / HTTP/1.1" 200 0 "http://nagybistvan.hu" "Mozilla/5.0+(compatible; UptimeRobot/2.0; http://www.uptimerobot.com/)"
216.244.66.227 - - [16/Aug/2025:09:04:42 +0200] "GET /media/image/07.028.001.jpg HTTP/1.1" 200 229422 "-" "Mozilla/5.0 (compatible; DotBot/1.2; +https://opensiteexplorer.org/dotbot; help@moz.com)"
216.244.66.227 - - [16/Aug/2025:09:05:17 +0200] "GET /media/image/24.325.001.jpg HTTP/1.1" 200 247988 "-" "Mozilla/5.0 (compatible; DotBot/1.2; +https://opensiteexplorer.org/dotbot; help@moz.com)"
216.244.66.227 - - [16/Aug/2025:09:06:04 +0200] "GET /media/image/21.345.001.jpg HTTP/1.1" 200 157830 "-" "Mozilla/5.0 (compatible; DotBot/1.2; +https://opensiteexplorer.org/dotbot; help@moz.com)"
216.244.66.227 - - [16/Aug/2025:09:06:38 +0200] "GET /media/image/23.334.001.jpg HTTP/1.1" 200 150574 "-" "Mozilla/5.0 (compatible; DotBot/1.2; +https://opensiteexplorer.org/dotbot; help@moz.com)"
216.244.66.227 - - [16/Aug/2025:09:07:11 +0200] "GET /index.php?c=szilasi_03 HTTP/1.1" 200 4914 "-" "Mozilla/5.0 (compatible; DotBot/1.2; +https://opensiteexplorer.org/dotbot; help@moz.com)"
216.244.66.227 - - [16/Aug/2025:09:07:39 +0200] "GET /index.php?c=estv HTTP/1.1" 200 6105 "-" "Mozilla/5.0 (compatible; DotBot/1.2; +https://opensiteexplorer.org/dotbot; help@moz.com)"
216.244.66.227 - - [16/Aug/2025:09:08:09 +0200] "GET /media/image/07.280.001.jpg HTTP/1.1" 200 75620 "-" "Mozilla/5.0 (compatible; DotBot/1.2; +https://opensiteexplorer.org/dotbot; help@moz.com)"
88.99.80.227 - - [16/Aug/2025:09:08:52 +0200] "HEAD / HTTP/1.1" 200 0 "http://nagybistvan.hu" "Mozilla/5.0+(compatible; UptimeRobot/2.0; http://www.uptimerobot.com/)"
17.241.75.232 - - [16/Aug/2025:09:12:39 +0200] "GET /robots.txt HTTP/1.1" 404 1181 "-" "Mozilla/5.0 (Macintosh; Intel Mac OS X 10_15_7) AppleWebKit/605.1.15 (KHTML, like Gecko) Version/17.4 Safari/605.1.15 (Applebot/0.1; +http://www.apple.com/go/applebot)"
17.241.75.232 - - [16/Aug/2025:09:12:40 +0200] "GET /favicon.ico HTTP/1.1" 404 1181 "-" "Mozilla/5.0 (Macintosh; Intel Mac OS X 10_15_7) AppleWebKit/605.1.15 (KHTML, like Gecko) Version/17.4 Safari/605.1.15 (Applebot/0.1; +http://www.apple.com/go/applebot)"
88.99.80.227 - - [16/Aug/2025:09:13:55 +0200] "HEAD / HTTP/1.1" 200 0 "http://nagybistvan.hu" "Mozilla/5.0+(compatible; UptimeRobot/2.0; http://www.uptimerobot.com/)"
49.13.24.81 - - [16/Aug/2025:09:18:58 +0200] "HEAD / HTTP/1.1" 200 0 "http://nagybistvan.hu" "Mozilla/5.0+(compatible; UptimeRobot/2.0; http://www.uptimerobot.com/)"
128.140.41.193 - - [16/Aug/2025:09:24:03 +0200] "HEAD / HTTP/1.1" 200 0 "http://nagybistvan.hu" "Mozilla/5.0+(compatible; UptimeRobot/2.0; http://www.uptimerobot.com/)"
168.119.96.239 - - [16/Aug/2025:09:29:07 +0200] "HEAD / HTTP/1.1" 200 0 "http://nagybistvan.hu" "Mozilla/5.0+(compatible; UptimeRobot/2.0; http://www.uptimerobot.com/)"
168.119.123.75 - - [16/Aug/2025:09:34:11 +0200] "HEAD / HTTP/1.1" 200 0 "http://nagybistvan.hu" "Mozilla/5.0+(compatible; UptimeRobot/2.0; http://www.uptimerobot.com/)"
78.46.190.63 - - [16/Aug/2025:09:39:15 +0200] "HEAD / HTTP/1.1" 200 0 "http://nagybistvan.hu" "Mozilla/5.0+(compatible; UptimeRobot/2.0; http://www.uptimerobot.com/)"
216.244.66.227 - - [16/Aug/2025:09:42:08 +0200] "GET /robots.txt HTTP/1.1" 404 1181 "-" "Mozilla/5.0 (compatible; DotBot/1.2; +https://opensiteexplorer.org/dotbot; help@moz.com)"
142.132.180.39 - - [16/Aug/2025:09:44:18 +0200] "HEAD / HTTP/1.1" 200 0 "http://nagybistvan.hu" "Mozilla/5.0+(compatible; UptimeRobot/2.0; http://www.uptimerobot.com/)"
88.99.80.227 - - [16/Aug/2025:09:49:22 +0200] "HEAD / HTTP/1.1" 200 0 "http://nagybistvan.hu" "Mozilla/5.0+(compatible; UptimeRobot/2.0; http://www.uptimerobot.com/)"
167.235.143.113 - - [16/Aug/2025:09:54:26 +0200] "HEAD / HTTP/1.1" 200 0 "http://nagybistvan.hu" "Mozilla/5.0+(compatible; UptimeRobot/2.0; http://www.uptimerobot.com/)"
216.244.66.227 - - [16/Aug/2025:09:57:37 +0200] "GET /media/image/07.039.001.jpg HTTP/1.1" 200 78033 "-" "Mozilla/5.0 (compatible; DotBot/1.2; +https://opensiteexplorer.org/dotbot; help@moz.com)"
216.244.66.227 - - [16/Aug/2025:09:57:43 +0200] "GET /media/image/07.042.001.jpg HTTP/1.1" 200 188931 "-" "Mozilla/5.0 (compatible; DotBot/1.2; +https://opensiteexplorer.org/dotbot; help@moz.com)"
216.244.66.227 - - [16/Aug/2025:09:57:48 +0200] "GET /media/image/07.119.001.jpg HTTP/1.1" 200 132484 "-" "Mozilla/5.0 (compatible; DotBot/1.2; +https://opensiteexplorer.org/dotbot; help@moz.com)"
216.244.66.227 - - [16/Aug/2025:09:57:53 +0200] "GET /media/image/07.197.001.jpg HTTP/1.1" 200 92251 "-" "Mozilla/5.0 (compatible; DotBot/1.2; +https://opensiteexplorer.org/dotbot; help@moz.com)"
157.90.156.63 - - [16/Aug/2025:09:59:30 +0200] "HEAD / HTTP/1.1" 200 0 "http://nagybistvan.hu" "Mozilla/5.0+(compatible; UptimeRobot/2.0; http://www.uptimerobot.com/)"
142.132.180.39 - - [16/Aug/2025:10:04:34 +0200] "HEAD / HTTP/1.1" 200 0 "http://nagybistvan.hu" "Mozilla/5.0+(compatible; UptimeRobot/2.0; http://www.uptimerobot.com/)"
49.13.164.148 - - [16/Aug/2025:10:09:38 +0200] "HEAD / HTTP/1.1" 200 0 "http://nagybistvan.hu" "Mozilla/5.0+(compatible; UptimeRobot/2.0; http://www.uptimerobot.com/)"
49.13.167.123 - - [16/Aug/2025:10:14:42 +0200] "HEAD / HTTP/1.1" 200 0 "http://nagybistvan.hu" "Mozilla/5.0+(compatible; UptimeRobot/2.0; http://www.uptimerobot.com/)"
157.90.156.63 - - [16/Aug/2025:10:19:46 +0200] "HEAD / HTTP/1.1" 200 0 "http://nagybistvan.hu" "Mozilla/5.0+(compatible; UptimeRobot/2.0; http://www.uptimerobot.com/)"
168.119.53.160 - - [16/Aug/2025:10:24:51 +0200] "HEAD / HTTP/1.1" 200 0 "http://nagybistvan.hu" "Mozilla/5.0+(compatible; UptimeRobot/2.0; http://www.uptimerobot.com/)"
51.68.111.240 - - [16/Aug/2025:10:24:58 +0200] "GET /robots.txt HTTP/1.1" 404 1181 "-" "Mozilla/5.0 (compatible; MJ12bot/v2.0.4; http://mj12bot.com/)"
51.68.111.240 - - [16/Aug/2025:10:24:59 +0200] "GET / HTTP/1.1" 200 6678 "-" "Mozilla/5.0 (compatible; MJ12bot/v2.0.4; http://mj12bot.com/)"
216.244.66.227 - - [16/Aug/2025:10:28:46 +0200] "GET /robots.txt HTTP/1.1" 404 1181 "-" "Mozilla/5.0 (compatible; DotBot/1.2; +https://opensiteexplorer.org/dotbot; help@moz.com)"
216.244.66.227 - - [16/Aug/2025:10:28:46 +0200] "GET /robots.txt HTTP/1.1" 404 1181 "-" "Mozilla/5.0 (compatible; DotBot/1.2; +https://opensiteexplorer.org/dotbot; help@moz.com)"
49.13.164.148 - - [16/Aug/2025:10:29:55 +0200] "HEAD / HTTP/1.1" 200 0 "http://nagybistvan.hu" "Mozilla/5.0+(compatible; UptimeRobot/2.0; http://www.uptimerobot.com/)"
114.119.148.14 - - [16/Aug/2025:10:31:06 +0200] "GET /tarskrit/images/A%20z%F6ld%20meny%E9t.jpg HTTP/1.1" 200 143034 "-" "Mozilla/5.0 (Linux; Android 7.0;) AppleWebKit/537.36 (KHTML, like Gecko) Mobile Safari/537.36 (compatible; PetalBot;+https://webmaster.petalsearch.com/site/petalbot)"
167.235.143.113 - - [16/Aug/2025:10:34:59 +0200] "HEAD / HTTP/1.1" 200 0 "http://nagybistvan.hu" "Mozilla/5.0+(compatible; UptimeRobot/2.0; http://www.uptimerobot.com/)"
85.208.96.202 - - [16/Aug/2025:10:39:38 +0200] "GET /robots.txt HTTP/1.1" 404 1181 "-" "Mozilla/5.0 (compatible; SemrushBot/7~bl; +http://www.semrush.com/bot.html)"
185.191.171.11 - - [16/Aug/2025:10:39:39 +0200] "GET /dijai HTTP/1.1" 301 315 "-" "Mozilla/5.0 (compatible; SemrushBot/7~bl; +http://www.semrush.com/bot.html)"
85.208.96.200 - - [16/Aug/2025:10:39:40 +0200] "GET /dijai/ HTTP/1.1" 302 5 "-" "Mozilla/5.0 (compatible; SemrushBot/7~bl; +http://www.semrush.com/bot.html)"
85.208.96.209 - - [16/Aug/2025:10:39:42 +0200] "GET /index.php?c=dijai HTTP/1.1" 200 6916 "-" "Mozilla/5.0 (compatible; SemrushBot/7~bl; +http://www.semrush.com/bot.html)"
157.90.155.240 - - [16/Aug/2025:10:40:03 +0200] "HEAD / HTTP/1.1" 200 0 "http://nagybistvan.hu" "Mozilla/5.0+(compatible; UptimeRobot/2.0; http://www.uptimerobot.com/)"
216.244.66.227 - - [16/Aug/2025:10:40:49 +0200] "GET /index.php?c=7080s&cp=1 HTTP/1.1" 200 17062 "-" "Mozilla/5.0 (compatible; DotBot/1.2; +https://opensiteexplorer.org/dotbot; help@moz.com)"
216.244.66.227 - - [16/Aug/2025:10:40:54 +0200] "GET /media/image/07.168.001.jpg HTTP/1.1" 200 107055 "-" "Mozilla/5.0 (compatible; DotBot/1.2; +https://opensiteexplorer.org/dotbot; help@moz.com)"
216.244.66.227 - - [16/Aug/2025:10:41:01 +0200] "GET /media/image/07.194.001.jpg HTTP/1.1" 200 239310 "-" "Mozilla/5.0 (compatible; DotBot/1.2; +https://opensiteexplorer.org/dotbot; help@moz.com)"
216.244.66.227 - - [16/Aug/2025:10:41:05 +0200] "GET /media/image/07.025.001.jpg HTTP/1.1" 200 209677 "-" "Mozilla/5.0 (compatible; DotBot/1.2; +https://opensiteexplorer.org/dotbot; help@moz.com)"
78.47.98.55 - - [16/Aug/2025:10:45:07 +0200] "HEAD / HTTP/1.1" 200 0 "http://nagybistvan.hu" "Mozilla/5.0+(compatible; UptimeRobot/2.0; http://www.uptimerobot.com/)"
159.69.158.189 - - [16/Aug/2025:10:50:11 +0200] "HEAD / HTTP/1.1" 200 0 "http://nagybistvan.hu" "Mozilla/5.0+(compatible; UptimeRobot/2.0; http://www.uptimerobot.com/)"
49.13.167.123 - - [16/Aug/2025:10:55:16 +0200] "HEAD / HTTP/1.1" 200 0 "http://nagybistvan.hu" "Mozilla/5.0+(compatible; UptimeRobot/2.0; http://www.uptimerobot.com/)"
168.119.123.75 - - [16/Aug/2025:11:00:19 +0200] "HEAD / HTTP/1.1" 200 0 "http://nagybistvan.hu" "Mozilla/5.0+(compatible; UptimeRobot/2.0; http://www.uptimerobot.com/)"
159.69.158.189 - - [16/Aug/2025:11:05:23 +0200] "HEAD / HTTP/1.1" 200 0 "http://nagybistvan.hu" "Mozilla/5.0+(compatible; UptimeRobot/2.0; http://www.uptimerobot.com/)"
49.13.164.148 - - [16/Aug/2025:11:10:26 +0200] "HEAD / HTTP/1.1" 200 0 "http://nagybistvan.hu" "Mozilla/5.0+(compatible; UptimeRobot/2.0; http://www.uptimerobot.com/)"
69.171.231.7 - - [16/Aug/2025:11:10:30 +0200] "GET /robots.txt HTTP/1.1" 404 1181 "-" "facebookexternalhit/1.1 (+http://www.facebook.com/externalhit_uatext.php)"
66.249.64.107 - - [16/Aug/2025:11:12:47 +0200] "GET /media/image/24.110.021.jpg HTTP/1.1" 200 137229 "-" "Googlebot-Image/1.0"
49.13.167.123 - - [16/Aug/2025:11:15:30 +0200] "HEAD / HTTP/1.1" 200 0 "http://nagybistvan.hu" "Mozilla/5.0+(compatible; UptimeRobot/2.0; http://www.uptimerobot.com/)"
4.197.236.174 - - [16/Aug/2025:11:18:41 +0200] "GET /wp-content/plugins/hellopress/wp_filemanager.php HTTP/1.1" 404 1181 "-" "-"
4.197.236.174 - - [16/Aug/2025:11:18:41 +0200] "GET /file9.php HTTP/1.1" 404 37 "-" "-"
4.197.236.174 - - [16/Aug/2025:11:18:42 +0200] "GET /file3.php HTTP/1.1" 404 37 "-" "-"
4.197.236.174 - - [16/Aug/2025:11:18:42 +0200] "GET /file17.php HTTP/1.1" 404 37 "-" "-"
4.197.236.174 - - [16/Aug/2025:11:18:42 +0200] "GET /file7.php HTTP/1.1" 404 37 "-" "-"
4.197.236.174 - - [16/Aug/2025:11:18:42 +0200] "GET /file5.php HTTP/1.1" 404 37 "-" "-"
4.197.236.174 - - [16/Aug/2025:11:18:43 +0200] "GET /file6.php HTTP/1.1" 404 37 "-" "-"
4.197.236.174 - - [16/Aug/2025:11:18:43 +0200] "GET /file2.php HTTP/1.1" 404 37 "-" "-"
4.197.236.174 - - [16/Aug/2025:11:18:43 +0200] "GET /file15.php HTTP/1.1" 404 37 "-" "-"
4.197.236.174 - - [16/Aug/2025:11:18:44 +0200] "GET /file8.php HTTP/1.1" 404 37 "-" "-"
4.197.236.174 - - [16/Aug/2025:11:18:44 +0200] "GET /file.php HTTP/1.1" 404 37 "-" "-"
4.197.236.174 - - [16/Aug/2025:11:18:44 +0200] "GET /.trash7309/index.php HTTP/1.1" 404 1181 "-" "-"
4.197.236.174 - - [16/Aug/2025:11:18:44 +0200] "GET /simple.php HTTP/1.1" 404 37 "-" "-"
4.197.236.174 - - [16/Aug/2025:11:18:45 +0200] "GET /info.php HTTP/1.1" 404 37 "-" "-"
4.197.236.174 - - [16/Aug/2025:11:18:45 +0200] "GET /alfa.php HTTP/1.1" 404 37 "-" "-"
4.197.236.174 - - [16/Aug/2025:11:18:45 +0200] "GET /403.php HTTP/1.1" 404 37 "-" "-"
4.197.236.174 - - [16/Aug/2025:11:18:46 +0200] "GET /1.php HTTP/1.1" 404 37 "-" "-"
4.197.236.174 - - [16/Aug/2025:11:18:46 +0200] "GET /admin.php HTTP/1.1" 404 37 "-" "-"
4.197.236.174 - - [16/Aug/2025:11:18:46 +0200] "GET /wp-admin/js/wp-conflg.php HTTP/1.1" 404 1181 "-" "-"
157.90.156.63 - - [16/Aug/2025:11:20:34 +0200] "HEAD / HTTP/1.1" 200 0 "http://nagybistvan.hu" "Mozilla/5.0+(compatible; UptimeRobot/2.0; http://www.uptimerobot.com/)"
49.13.134.145 - - [16/Aug/2025:11:25:39 +0200] "HEAD / HTTP/1.1" 200 0 "http://nagybistvan.hu" "Mozilla/5.0+(compatible; UptimeRobot/2.0; http://www.uptimerobot.com/)"
216.244.66.227 - - [16/Aug/2025:11:28:07 +0200] "GET /robots.txt HTTP/1.1" 404 1181 "-" "Mozilla/5.0 (compatible; DotBot/1.2; +https://opensiteexplorer.org/dotbot; help@moz.com)"
216.244.66.227 - - [16/Aug/2025:11:28:07 +0200] "GET /robots.txt HTTP/1.1" 404 1181 "-" "Mozilla/5.0 (compatible; DotBot/1.2; +https://opensiteexplorer.org/dotbot; help@moz.com)"
49.13.167.123 - - [16/Aug/2025:11:30:42 +0200] "HEAD / HTTP/1.1" 200 0 "http://nagybistvan.hu" "Mozilla/5.0+(compatible; UptimeRobot/2.0; http://www.uptimerobot.com/)"
66.249.64.105 - - [16/Aug/2025:11:32:04 +0200] "GET /media/image/24.110.063.jpg HTTP/1.1" 200 131333 "-" "Googlebot-Image/1.0"
88.99.80.227 - - [16/Aug/2025:11:35:46 +0200] "HEAD / HTTP/1.1" 200 0 "http://nagybistvan.hu" "Mozilla/5.0+(compatible; UptimeRobot/2.0; http://www.uptimerobot.com/)"
216.244.66.227 - - [16/Aug/2025:11:39:27 +0200] "GET /media/image/07.110.058.jpg HTTP/1.1" 200 130240 "-" "Mozilla/5.0 (compatible; DotBot/1.2; +https://opensiteexplorer.org/dotbot; help@moz.com)"
49.13.164.148 - - [16/Aug/2025:11:40:50 +0200] "HEAD / HTTP/1.1" 200 0 "http://nagybistvan.hu" "Mozilla/5.0+(compatible; UptimeRobot/2.0; http://www.uptimerobot.com/)"
216.244.66.227 - - [16/Aug/2025:11:41:40 +0200] "GET /media/image/07.015.001.jpg HTTP/1.1" 200 122343 "-" "Mozilla/5.0 (compatible; DotBot/1.2; +https://opensiteexplorer.org/dotbot; help@moz.com)"
168.119.123.75 - - [16/Aug/2025:11:45:55 +0200] "HEAD / HTTP/1.1" 200 0 "http://nagybistvan.hu" "Mozilla/5.0+(compatible; UptimeRobot/2.0; http://www.uptimerobot.com/)"
42.236.101.213 - - [16/Aug/2025:11:50:19 +0200] "GET /robots.txt HTTP/1.1" 404 1181 "http://nagybistvan.hu/robots.txt" "Mozilla/5.0 (Windows NT 6.1; WOW64) AppleWebKit/537.36 (KHTML, like Gecko) Chrome/50.0.2661.102 Safari/537.36; 360Spider"
216.244.66.227 - - [16/Aug/2025:11:50:22 +0200] "GET /index.php?c=arckepcsarnok HTTP/1.1" 200 17518 "-" "Mozilla/5.0 (compatible; DotBot/1.2; +https://opensiteexplorer.org/dotbot; help@moz.com)"
167.235.143.113 - - [16/Aug/2025:11:50:59 +0200] "HEAD / HTTP/1.1" 200 0 "http://nagybistvan.hu" "Mozilla/5.0+(compatible; UptimeRobot/2.0; http://www.uptimerobot.com/)"
128.140.41.193 - - [16/Aug/2025:11:56:05 +0200] "HEAD / HTTP/1.1" 200 0 "http://nagybistvan.hu" "Mozilla/5.0+(compatible; UptimeRobot/2.0; http://www.uptimerobot.com/)"
159.69.158.189 - - [16/Aug/2025:12:01:10 +0200] "HEAD / HTTP/1.1" 200 0 "http://nagybistvan.hu" "Mozilla/5.0+(compatible; UptimeRobot/2.0; http://www.uptimerobot.com/)"
54.183.89.122 - - [16/Aug/2025:12:04:04 +0200] "GET / HTTP/1.1" 200 6786 "-" "bitdiscovery-suggestions"
157.90.155.240 - - [16/Aug/2025:12:06:14 +0200] "HEAD / HTTP/1.1" 200 0 "http://nagybistvan.hu" "Mozilla/5.0+(compatible; UptimeRobot/2.0; http://www.uptimerobot.com/)"
49.13.167.123 - - [16/Aug/2025:12:11:19 +0200] "HEAD / HTTP/1.1" 200 0 "http://nagybistvan.hu" "Mozilla/5.0+(compatible; UptimeRobot/2.0; http://www.uptimerobot.com/)"
216.244.66.227 - - [16/Aug/2025:12:15:41 +0200] "GET /robots.txt HTTP/1.1" 404 1181 "-" "Mozilla/5.0 (compatible; DotBot/1.2; +https://opensiteexplorer.org/dotbot; help@moz.com)"
216.244.66.227 - - [16/Aug/2025:12:15:41 +0200] "GET /robots.txt HTTP/1.1" 404 1181 "-" "Mozilla/5.0 (compatible; DotBot/1.2; +https://opensiteexplorer.org/dotbot; help@moz.com)"
142.132.180.39 - - [16/Aug/2025:12:16:22 +0200] "HEAD / HTTP/1.1" 200 0 "http://nagybistvan.hu" "Mozilla/5.0+(compatible; UptimeRobot/2.0; http://www.uptimerobot.com/)"
49.13.134.145 - - [16/Aug/2025:12:21:26 +0200] "HEAD / HTTP/1.1" 200 0 "http://nagybistvan.hu" "Mozilla/5.0+(compatible; UptimeRobot/2.0; http://www.uptimerobot.com/)"
168.119.53.160 - - [16/Aug/2025:12:26:32 +0200] "HEAD / HTTP/1.1" 200 0 "http://nagybistvan.hu" "Mozilla/5.0+(compatible; UptimeRobot/2.0; http://www.uptimerobot.com/)"
216.244.66.227 - - [16/Aug/2025:12:29:39 +0200] "GET /index.php?c=Bakonyvari_03 HTTP/1.1" 200 16332 "-" "Mozilla/5.0 (compatible; DotBot/1.2; +https://opensiteexplorer.org/dotbot; help@moz.com)"
216.244.66.227 - - [16/Aug/2025:12:31:02 +0200] "GET /index.php?c=Bakonyvari_02 HTTP/1.1" 200 8834 "-" "Mozilla/5.0 (compatible; DotBot/1.2; +https://opensiteexplorer.org/dotbot; help@moz.com)"
78.47.98.55 - - [16/Aug/2025:12:31:36 +0200] "HEAD / HTTP/1.1" 200 0 "http://nagybistvan.hu" "Mozilla/5.0+(compatible; UptimeRobot/2.0; http://www.uptimerobot.com/)"
216.244.66.227 - - [16/Aug/2025:12:33:24 +0200] "GET /index.php?c=Nagy_B_I_03 HTTP/1.1" 200 8771 "-" "Mozilla/5.0 (compatible; DotBot/1.2; +https://opensiteexplorer.org/dotbot; help@moz.com)"
216.244.66.227 - - [16/Aug/2025:12:33:28 +0200] "GET /index.php?c=Nagy_B_I_08 HTTP/1.1" 200 28018 "-" "Mozilla/5.0 (compatible; DotBot/1.2; +https://opensiteexplorer.org/dotbot; help@moz.com)"
66.249.64.105 - - [16/Aug/2025:12:35:06 +0200] "GET /media/image/21.110.076.jpg HTTP/1.1" 200 116677 "-" "Googlebot-Image/1.0"
168.119.96.239 - - [16/Aug/2025:12:36:39 +0200] "HEAD / HTTP/1.1" 200 0 "http://nagybistvan.hu" "Mozilla/5.0+(compatible; UptimeRobot/2.0; http://www.uptimerobot.com/)"
43.131.23.154 - - [16/Aug/2025:12:37:19 +0200] "GET / HTTP/1.1" 200 6636 "-" "Mozilla/5.0 (iPhone; CPU iPhone OS 13_2_3 like Mac OS X) AppleWebKit/605.1.15 (KHTML, like Gecko) Version/13.0.3 Mobile/15E148 Safari/604.1"
49.13.130.29 - - [16/Aug/2025:12:41:43 +0200] "HEAD / HTTP/1.1" 200 0 "http://nagybistvan.hu" "Mozilla/5.0+(compatible; UptimeRobot/2.0; http://www.uptimerobot.com/)"
88.99.80.227 - - [16/Aug/2025:12:46:47 +0200] "HEAD / HTTP/1.1" 200 0 "http://nagybistvan.hu" "Mozilla/5.0+(compatible; UptimeRobot/2.0; http://www.uptimerobot.com/)"
49.13.164.148 - - [16/Aug/2025:12:51:51 +0200] "HEAD / HTTP/1.1" 200 0 "http://nagybistvan.hu" "Mozilla/5.0+(compatible; UptimeRobot/2.0; http://www.uptimerobot.com/)"
66.249.64.106 - - [16/Aug/2025:12:53:23 +0200] "GET /media/image/24.110.088.jpg HTTP/1.1" 200 118368 "-" "Googlebot-Image/1.0"
88.99.80.227 - - [16/Aug/2025:12:56:55 +0200] "HEAD / HTTP/1.1" 200 0 "http://nagybistvan.hu" "Mozilla/5.0+(compatible; UptimeRobot/2.0; http://www.uptimerobot.com/)"
49.13.164.148 - - [16/Aug/2025:13:01:59 +0200] "HEAD / HTTP/1.1" 200 0 "http://nagybistvan.hu" "Mozilla/5.0+(compatible; UptimeRobot/2.0; http://www.uptimerobot.com/)"
216.244.66.227 - - [16/Aug/2025:13:02:39 +0200] "GET /robots.txt HTTP/1.1" 404 1181 "-" "Mozilla/5.0 (compatible; DotBot/1.2; +https://opensiteexplorer.org/dotbot; help@moz.com)"
78.47.173.76 - - [16/Aug/2025:13:07:04 +0200] "HEAD / HTTP/1.1" 200 0 "http://nagybistvan.hu" "Mozilla/5.0+(compatible; UptimeRobot/2.0; http://www.uptimerobot.com/)"
5.133.192.175 - - [16/Aug/2025:13:10:35 +0200] "GET /robots.txt HTTP/1.1" 404 1181 "-" "Mozilla/5.0 (Linux; Android 12; SAMSUNG SM-A415F) AppleWebKit/537.36 (KHTML, like Gecko) SamsungBrowser/23.0 Chrome/115.0.0.0 Mobile Safari/537.3"
5.133.192.193 - - [16/Aug/2025:13:10:35 +0200] "GET / HTTP/1.1" 200 6782 "-" "Mozilla/5.0 (Linux; Android 12; SAMSUNG SM-A415F) AppleWebKit/537.36 (KHTML, like Gecko) SamsungBrowser/23.0 Chrome/115.0.0.0 Mobile Safari/537.3"
78.46.190.63 - - [16/Aug/2025:13:12:08 +0200] "HEAD / HTTP/1.1" 200 0 "http://nagybistvan.hu" "Mozilla/5.0+(compatible; UptimeRobot/2.0; http://www.uptimerobot.com/)"
159.69.158.189 - - [16/Aug/2025:13:17:12 +0200] "HEAD / HTTP/1.1" 200 0 "http://nagybistvan.hu" "Mozilla/5.0+(compatible; UptimeRobot/2.0; http://www.uptimerobot.com/)"
216.244.66.227 - - [16/Aug/2025:13:18:17 +0200] "GET /index.php?c=7080s&cp=8 HTTP/1.1" 200 17957 "-" "Mozilla/5.0 (compatible; DotBot/1.2; +https://opensiteexplorer.org/dotbot; help@moz.com)"
159.69.158.189 - - [16/Aug/2025:13:22:16 +0200] "HEAD / HTTP/1.1" 200 0 "http://nagybistvan.hu" "Mozilla/5.0+(compatible; UptimeRobot/2.0; http://www.uptimerobot.com/)"
159.69.158.189 - - [16/Aug/2025:13:27:23 +0200] "HEAD / HTTP/1.1" 200 0 "http://nagybistvan.hu" "Mozilla/5.0+(compatible; UptimeRobot/2.0; http://www.uptimerobot.com/)"
78.47.173.76 - - [16/Aug/2025:13:32:26 +0200] "HEAD / HTTP/1.1" 200 0 "http://nagybistvan.hu" "Mozilla/5.0+(compatible; UptimeRobot/2.0; http://www.uptimerobot.com/)"
