31.46.6.231 - - [12/Aug/2025:21:44:44 +0200] "GET /zsambek/Okkerszinu%20Zsambek.html HTTP/1.1" 200 700 "http://nagybistvan.hu/zsambek/Piros%20Zsambek.html" "Mozilla/5.0 (Windows NT 10.0; Win64; x64) AppleWebKit/537.36 (KHTML, like Gecko) Chrome/138.0.0.0 Safari/537.36"
31.46.6.231 - - [12/Aug/2025:21:44:45 +0200] "GET /zsambek/Okkerszinu%20Zsambek.jpg HTTP/1.1" 200 138674 "http://nagybistvan.hu/zsambek/Okkerszinu%20Zsambek.html" "Mozilla/5.0 (Windows NT 10.0; Win64; x64) AppleWebKit/537.36 (KHTML, like Gecko) Chrome/138.0.0.0 Safari/537.36"
31.46.6.231 - - [12/Aug/2025:21:44:46 +0200] "GET /zsambek/Julika%20Zsambekon.html HTTP/1.1" 200 699 "http://nagybistvan.hu/zsambek/Okkerszinu%20Zsambek.html" "Mozilla/5.0 (Windows NT 10.0; Win64; x64) AppleWebKit/537.36 (KHTML, like Gecko) Chrome/138.0.0.0 Safari/537.36"
31.46.6.231 - - [12/Aug/2025:21:44:46 +0200] "GET /zsambek/Julika%20Zsambekon.jpg HTTP/1.1" 200 113249 "http://nagybistvan.hu/zsambek/Julika%20Zsambekon.html" "Mozilla/5.0 (Windows NT 10.0; Win64; x64) AppleWebKit/537.36 (KHTML, like Gecko) Chrome/138.0.0.0 Safari/537.36"
31.46.6.231 - - [12/Aug/2025:21:44:52 +0200] "GET /zsambek/Fekete%20Zsambek.html HTTP/1.1" 200 692 "http://nagybistvan.hu/zsambek/Julika%20Zsambekon.html" "Mozilla/5.0 (Windows NT 10.0; Win64; x64) AppleWebKit/537.36 (KHTML, like Gecko) Chrome/138.0.0.0 Safari/537.36"
31.46.6.231 - - [12/Aug/2025:21:44:52 +0200] "GET /zsambek/Fekete%20Zsambek.jpg HTTP/1.1" 200 120781 "http://nagybistvan.hu/zsambek/Fekete%20Zsambek.html" "Mozilla/5.0 (Windows NT 10.0; Win64; x64) AppleWebKit/537.36 (KHTML, like Gecko) Chrome/138.0.0.0 Safari/537.36"
31.46.6.231 - - [12/Aug/2025:21:44:55 +0200] "GET /zsambek/Bordo%20Zsambek.html HTTP/1.1" 200 687 "http://nagybistvan.hu/zsambek/Fekete%20Zsambek.html" "Mozilla/5.0 (Windows NT 10.0; Win64; x64) AppleWebKit/537.36 (KHTML, like Gecko) Chrome/138.0.0.0 Safari/537.36"
31.46.6.231 - - [12/Aug/2025:21:44:56 +0200] "GET /zsambek/Bordo%20Zsambek.jpg HTTP/1.1" 200 143033 "http://nagybistvan.hu/zsambek/Bordo%20Zsambek.html" "Mozilla/5.0 (Windows NT 10.0; Win64; x64) AppleWebKit/537.36 (KHTML, like Gecko) Chrome/138.0.0.0 Safari/537.36"
31.46.6.231 - - [12/Aug/2025:21:44:58 +0200] "GET /zsambek/Zsambeki%20tel.html HTTP/1.1" 200 690 "http://nagybistvan.hu/zsambek/Bordo%20Zsambek.html" "Mozilla/5.0 (Windows NT 10.0; Win64; x64) AppleWebKit/537.36 (KHTML, like Gecko) Chrome/138.0.0.0 Safari/537.36"
31.46.6.231 - - [12/Aug/2025:21:44:59 +0200] "GET /zsambek/Zsambeki%20tel.jpg HTTP/1.1" 200 239592 "http://nagybistvan.hu/zsambek/Zsambeki%20tel.html" "Mozilla/5.0 (Windows NT 10.0; Win64; x64) AppleWebKit/537.36 (KHTML, like Gecko) Chrome/138.0.0.0 Safari/537.36"
31.46.6.231 - - [12/Aug/2025:21:45:05 +0200] "GET /zsambek/Zsambeki%20tanulmany.html HTTP/1.1" 200 696 "http://nagybistvan.hu/zsambek/Zsambeki%20tel.html" "Mozilla/5.0 (Windows NT 10.0; Win64; x64) AppleWebKit/537.36 (KHTML, like Gecko) Chrome/138.0.0.0 Safari/537.36"
31.46.6.231 - - [12/Aug/2025:21:45:06 +0200] "GET /zsambek/Zsambeki%20tanulmany.jpg HTTP/1.1" 200 118391 "http://nagybistvan.hu/zsambek/Zsambeki%20tanulmany.html" "Mozilla/5.0 (Windows NT 10.0; Win64; x64) AppleWebKit/537.36 (KHTML, like Gecko) Chrome/138.0.0.0 Safari/537.36"
31.46.6.231 - - [12/Aug/2025:21:45:08 +0200] "GET /zsambek/Zsambeki%20szel.html HTTP/1.1" 200 694 "http://nagybistvan.hu/zsambek/Zsambeki%20tanulmany.html" "Mozilla/5.0 (Windows NT 10.0; Win64; x64) AppleWebKit/537.36 (KHTML, like Gecko) Chrome/138.0.0.0 Safari/537.36"
31.46.6.231 - - [12/Aug/2025:21:45:08 +0200] "GET /zsambek/Zsambeki%20szel.jpg HTTP/1.1" 200 124275 "http://nagybistvan.hu/zsambek/Zsambeki%20szel.html" "Mozilla/5.0 (Windows NT 10.0; Win64; x64) AppleWebKit/537.36 (KHTML, like Gecko) Chrome/138.0.0.0 Safari/537.36"
31.46.6.231 - - [12/Aug/2025:21:45:28 +0200] "GET /zsambek/Zsambeki%20hajnal.html HTTP/1.1" 200 691 "http://nagybistvan.hu/zsambek/Zsambeki%20szel.html" "Mozilla/5.0 (Windows NT 10.0; Win64; x64) AppleWebKit/537.36 (KHTML, like Gecko) Chrome/138.0.0.0 Safari/537.36"
31.46.6.231 - - [12/Aug/2025:21:45:28 +0200] "GET /zsambek/Zsambeki%20hajnal.jpg HTTP/1.1" 200 159971 "http://nagybistvan.hu/zsambek/Zsambeki%20hajnal.html" "Mozilla/5.0 (Windows NT 10.0; Win64; x64) AppleWebKit/537.36 (KHTML, like Gecko) Chrome/138.0.0.0 Safari/537.36"
31.46.6.231 - - [12/Aug/2025:21:45:32 +0200] "GET /zsambek/Zsambeki%20fold.html HTTP/1.1" 200 687 "http://nagybistvan.hu/zsambek/Zsambeki%20hajnal.html" "Mozilla/5.0 (Windows NT 10.0; Win64; x64) AppleWebKit/537.36 (KHTML, like Gecko) Chrome/138.0.0.0 Safari/537.36"
31.46.6.231 - - [12/Aug/2025:21:45:32 +0200] "GET /zsambek/Zsambeki%20fold.jpg HTTP/1.1" 200 237139 "http://nagybistvan.hu/zsambek/Zsambeki%20fold.html" "Mozilla/5.0 (Windows NT 10.0; Win64; x64) AppleWebKit/537.36 (KHTML, like Gecko) Chrome/138.0.0.0 Safari/537.36"
31.46.6.231 - - [12/Aug/2025:21:45:44 +0200] "GET /zsambek/Zsambeki%20eg.html HTTP/1.1" 200 684 "http://nagybistvan.hu/zsambek/Zsambeki%20fold.html" "Mozilla/5.0 (Windows NT 10.0; Win64; x64) AppleWebKit/537.36 (KHTML, like Gecko) Chrome/138.0.0.0 Safari/537.36"
31.46.6.231 - - [12/Aug/2025:21:45:44 +0200] "GET /zsambek/Zsambeki%20eg.jpg HTTP/1.1" 200 161579 "http://nagybistvan.hu/zsambek/Zsambeki%20eg.html" "Mozilla/5.0 (Windows NT 10.0; Win64; x64) AppleWebKit/537.36 (KHTML, like Gecko) Chrome/138.0.0.0 Safari/537.36"
31.46.6.231 - - [12/Aug/2025:21:45:46 +0200] "GET /zsambek/Zsambeki%20csata.html HTTP/1.1" 200 689 "http://nagybistvan.hu/zsambek/Zsambeki%20eg.html" "Mozilla/5.0 (Windows NT 10.0; Win64; x64) AppleWebKit/537.36 (KHTML, like Gecko) Chrome/138.0.0.0 Safari/537.36"
31.46.6.231 - - [12/Aug/2025:21:45:48 +0200] "GET /zsambek/Zsambeki%20csata.jpg HTTP/1.1" 200 244553 "http://nagybistvan.hu/zsambek/Zsambeki%20csata.html" "Mozilla/5.0 (Windows NT 10.0; Win64; x64) AppleWebKit/537.36 (KHTML, like Gecko) Chrome/138.0.0.0 Safari/537.36"
31.46.6.231 - - [12/Aug/2025:21:45:54 +0200] "GET /zsambek/Zsambeki%20ablak.html HTTP/1.1" 200 692 "http://nagybistvan.hu/zsambek/Zsambeki%20csata.html" "Mozilla/5.0 (Windows NT 10.0; Win64; x64) AppleWebKit/537.36 (KHTML, like Gecko) Chrome/138.0.0.0 Safari/537.36"
128.140.106.114 - - [12/Aug/2025:21:46:33 +0200] "HEAD / HTTP/1.1" 200 0 "http://nagybistvan.hu" "Mozilla/5.0+(compatible; UptimeRobot/2.0; http://www.uptimerobot.com/)"
78.47.173.76 - - [12/Aug/2025:21:51:37 +0200] "HEAD / HTTP/1.1" 200 0 "http://nagybistvan.hu" "Mozilla/5.0+(compatible; UptimeRobot/2.0; http://www.uptimerobot.com/)"
66.249.64.132 - - [12/Aug/2025:21:51:45 +0200] "GET / HTTP/1.1" 200 6842 "-" "Mozilla/5.0 (Linux; Android 6.0.1; Nexus 5X Build/MMB29P) AppleWebKit/537.36 (KHTML, like Gecko) Chrome/138.0.7204.183 Mobile Safari/537.36 (compatible; Googlebot/2.1; +http://www.google.com/bot.html)"
66.249.64.132 - - [12/Aug/2025:21:51:48 +0200] "GET /lib/jq.fancybox-1.3.4/jquery.mousewheel-3.0.4.pack.js HTTP/1.1" 200 1279 "http://nagybistvan.hu/" "Mozilla/5.0 (Linux; Android 6.0.1; Nexus 5X Build/MMB29P) AppleWebKit/537.36 (KHTML, like Gecko) Chrome/137.0.7151.119 Mobile Safari/537.36 (compatible; Googlebot/2.1; +http://www.google.com/bot.html)"
66.249.64.130 - - [12/Aug/2025:21:51:48 +0200] "GET /skin/master.css HTTP/1.1" 200 6842 "http://nagybistvan.hu/" "Mozilla/5.0 (Linux; Android 6.0.1; Nexus 5X Build/MMB29P) AppleWebKit/537.36 (KHTML, like Gecko) Chrome/137.0.7151.119 Mobile Safari/537.36 (compatible; Googlebot/2.1; +http://www.google.com/bot.html)"
159.69.158.189 - - [12/Aug/2025:21:56:41 +0200] "HEAD / HTTP/1.1" 200 0 "http://nagybistvan.hu" "Mozilla/5.0+(compatible; UptimeRobot/2.0; http://www.uptimerobot.com/)"
168.119.123.75 - - [12/Aug/2025:22:01:45 +0200] "HEAD / HTTP/1.1" 200 0 "http://nagybistvan.hu" "Mozilla/5.0+(compatible; UptimeRobot/2.0; http://www.uptimerobot.com/)"
167.235.143.113 - - [12/Aug/2025:22:06:50 +0200] "HEAD / HTTP/1.1" 200 0 "http://nagybistvan.hu" "Mozilla/5.0+(compatible; UptimeRobot/2.0; http://www.uptimerobot.com/)"
77.75.76.166 - - [12/Aug/2025:22:07:37 +0200] "GET /irasai/ HTTP/1.1" 302 5 "-" "Mozilla/5.0 (compatible; SeznamBot/4.0; +https://o-seznam.cz/napoveda/vyhledavani/en/seznambot-crawler/)"
88.99.80.227 - - [12/Aug/2025:22:11:54 +0200] "HEAD / HTTP/1.1" 200 0 "http://nagybistvan.hu" "Mozilla/5.0+(compatible; UptimeRobot/2.0; http://www.uptimerobot.com/)"
66.249.64.107 - - [12/Aug/2025:22:13:12 +0200] "GET /media/image/30.360.001.jpg HTTP/1.1" 200 200105 "-" "Googlebot-Image/1.0"
49.13.130.29 - - [12/Aug/2025:22:16:58 +0200] "HEAD / HTTP/1.1" 200 0 "http://nagybistvan.hu" "Mozilla/5.0+(compatible; UptimeRobot/2.0; http://www.uptimerobot.com/)"
167.235.143.113 - - [12/Aug/2025:22:22:02 +0200] "HEAD / HTTP/1.1" 200 0 "http://nagybistvan.hu" "Mozilla/5.0+(compatible; UptimeRobot/2.0; http://www.uptimerobot.com/)"
88.99.80.227 - - [12/Aug/2025:22:27:06 +0200] "HEAD / HTTP/1.1" 200 0 "http://nagybistvan.hu" "Mozilla/5.0+(compatible; UptimeRobot/2.0; http://www.uptimerobot.com/)"
87.250.224.30 - - [12/Aug/2025:22:31:04 +0200] "GET /robots.txt HTTP/1.1" 404 1181 "-" "Mozilla/5.0 (compatible; YandexBot/3.0; +http://yandex.com/bots)"
5.255.231.100 - - [12/Aug/2025:22:31:04 +0200] "GET /tarskrit/pages/Hunta.html HTTP/1.1" 200 1186 "-" "Mozilla/5.0 (compatible; YandexBot/3.0; +http://yandex.com/bots)"
128.140.106.114 - - [12/Aug/2025:22:32:09 +0200] "HEAD / HTTP/1.1" 200 0 "http://nagybistvan.hu" "Mozilla/5.0+(compatible; UptimeRobot/2.0; http://www.uptimerobot.com/)"
49.13.164.148 - - [12/Aug/2025:22:37:13 +0200] "HEAD / HTTP/1.1" 200 0 "http://nagybistvan.hu" "Mozilla/5.0+(compatible; UptimeRobot/2.0; http://www.uptimerobot.com/)"
167.235.143.113 - - [12/Aug/2025:22:42:17 +0200] "HEAD / HTTP/1.1" 200 0 "http://nagybistvan.hu" "Mozilla/5.0+(compatible; UptimeRobot/2.0; http://www.uptimerobot.com/)"
78.47.173.76 - - [12/Aug/2025:22:47:22 +0200] "HEAD / HTTP/1.1" 200 0 "http://nagybistvan.hu" "Mozilla/5.0+(compatible; UptimeRobot/2.0; http://www.uptimerobot.com/)"
49.13.24.81 - - [12/Aug/2025:22:52:26 +0200] "HEAD / HTTP/1.1" 200 0 "http://nagybistvan.hu" "Mozilla/5.0+(compatible; UptimeRobot/2.0; http://www.uptimerobot.com/)"
157.90.156.63 - - [12/Aug/2025:22:57:30 +0200] "HEAD / HTTP/1.1" 200 0 "http://nagybistvan.hu" "Mozilla/5.0+(compatible; UptimeRobot/2.0; http://www.uptimerobot.com/)"
216.244.66.227 - - [12/Aug/2025:22:58:22 +0200] "GET /robots.txt HTTP/1.1" 404 1181 "-" "Mozilla/5.0 (compatible; DotBot/1.2; +https://opensiteexplorer.org/dotbot; help@moz.com)"
159.69.158.189 - - [12/Aug/2025:23:02:34 +0200] "HEAD / HTTP/1.1" 200 0 "http://nagybistvan.hu" "Mozilla/5.0+(compatible; UptimeRobot/2.0; http://www.uptimerobot.com/)"
49.13.167.123 - - [12/Aug/2025:23:07:38 +0200] "HEAD / HTTP/1.1" 200 0 "http://nagybistvan.hu" "Mozilla/5.0+(compatible; UptimeRobot/2.0; http://www.uptimerobot.com/)"
78.47.98.55 - - [12/Aug/2025:23:12:42 +0200] "HEAD / HTTP/1.1" 200 0 "http://nagybistvan.hu" "Mozilla/5.0+(compatible; UptimeRobot/2.0; http://www.uptimerobot.com/)"
216.244.66.227 - - [12/Aug/2025:23:13:38 +0200] "GET /media/image/07.022.001.jpg HTTP/1.1" 200 60759 "-" "Mozilla/5.0 (compatible; DotBot/1.2; +https://opensiteexplorer.org/dotbot; help@moz.com)"
216.244.66.227 - - [12/Aug/2025:23:13:44 +0200] "GET /media/image/07.110.046.jpg HTTP/1.1" 200 122600 "-" "Mozilla/5.0 (compatible; DotBot/1.2; +https://opensiteexplorer.org/dotbot; help@moz.com)"
216.244.66.227 - - [12/Aug/2025:23:13:50 +0200] "GET /media/image/23.110.075.jpg HTTP/1.1" 200 150486 "-" "Mozilla/5.0 (compatible; DotBot/1.2; +https://opensiteexplorer.org/dotbot; help@moz.com)"
49.13.130.29 - - [12/Aug/2025:23:17:45 +0200] "HEAD / HTTP/1.1" 200 0 "http://nagybistvan.hu" "Mozilla/5.0+(compatible; UptimeRobot/2.0; http://www.uptimerobot.com/)"
4.227.36.20 - - [12/Aug/2025:23:19:49 +0200] "GET /robots.txt HTTP/1.1" 404 1181 "-" "Mozilla/5.0 AppleWebKit/537.36 (KHTML, like Gecko; compatible; GPTBot/1.2; +https://openai.com/gptbot)"
168.119.123.75 - - [12/Aug/2025:23:22:50 +0200] "HEAD / HTTP/1.1" 200 0 "http://nagybistvan.hu" "Mozilla/5.0+(compatible; UptimeRobot/2.0; http://www.uptimerobot.com/)"
88.99.80.227 - - [12/Aug/2025:23:27:54 +0200] "HEAD / HTTP/1.1" 200 0 "http://nagybistvan.hu" "Mozilla/5.0+(compatible; UptimeRobot/2.0; http://www.uptimerobot.com/)"
157.90.156.63 - - [12/Aug/2025:23:32:58 +0200] "HEAD / HTTP/1.1" 200 0 "http://nagybistvan.hu" "Mozilla/5.0+(compatible; UptimeRobot/2.0; http://www.uptimerobot.com/)"
78.47.98.55 - - [12/Aug/2025:23:38:02 +0200] "HEAD / HTTP/1.1" 200 0 "http://nagybistvan.hu" "Mozilla/5.0+(compatible; UptimeRobot/2.0; http://www.uptimerobot.com/)"
49.13.130.29 - - [12/Aug/2025:23:43:06 +0200] "HEAD / HTTP/1.1" 200 0 "http://nagybistvan.hu" "Mozilla/5.0+(compatible; UptimeRobot/2.0; http://www.uptimerobot.com/)"
216.244.66.227 - - [12/Aug/2025:23:43:48 +0200] "GET /robots.txt HTTP/1.1" 404 1181 "-" "Mozilla/5.0 (compatible; DotBot/1.2; +https://opensiteexplorer.org/dotbot; help@moz.com)"
216.244.66.227 - - [12/Aug/2025:23:43:48 +0200] "GET /robots.txt HTTP/1.1" 404 1181 "-" "Mozilla/5.0 (compatible; DotBot/1.2; +https://opensiteexplorer.org/dotbot; help@moz.com)"
52.167.144.162 - - [12/Aug/2025:23:47:07 +0200] "GET /greco/index.html HTTP/1.1" 404 1181 "-" "Mozilla/5.0 AppleWebKit/537.36 (KHTML, like Gecko; compatible; bingbot/2.0; +http://www.bing.com/bingbot.htm) Chrome/116.0.1938.76 Safari/537.36"
88.99.80.227 - - [12/Aug/2025:23:48:10 +0200] "HEAD / HTTP/1.1" 200 0 "http://nagybistvan.hu" "Mozilla/5.0+(compatible; UptimeRobot/2.0; http://www.uptimerobot.com/)"
216.244.66.227 - - [12/Aug/2025:23:49:42 +0200] "GET /media/image/24.306.001.jpg HTTP/1.1" 200 102996 "-" "Mozilla/5.0 (compatible; DotBot/1.2; +https://opensiteexplorer.org/dotbot; help@moz.com)"
216.244.66.227 - - [12/Aug/2025:23:51:37 +0200] "GET /media/image/21.583.001_1.jpg HTTP/1.1" 200 101668 "-" "Mozilla/5.0 (compatible; DotBot/1.2; +https://opensiteexplorer.org/dotbot; help@moz.com)"
216.244.66.227 - - [12/Aug/2025:23:52:34 +0200] "GET /media/image/30.348.001.jpg HTTP/1.1" 200 191530 "-" "Mozilla/5.0 (compatible; DotBot/1.2; +https://opensiteexplorer.org/dotbot; help@moz.com)"
168.119.96.239 - - [12/Aug/2025:23:53:14 +0200] "HEAD / HTTP/1.1" 200 0 "http://nagybistvan.hu" "Mozilla/5.0+(compatible; UptimeRobot/2.0; http://www.uptimerobot.com/)"
216.244.66.227 - - [12/Aug/2025:23:53:24 +0200] "GET /media/image/07.239.006.jpg HTTP/1.1" 200 127391 "-" "Mozilla/5.0 (compatible; DotBot/1.2; +https://opensiteexplorer.org/dotbot; help@moz.com)"
49.13.24.81 - - [12/Aug/2025:23:58:17 +0200] "HEAD / HTTP/1.1" 200 0 "http://nagybistvan.hu" "Mozilla/5.0+(compatible; UptimeRobot/2.0; http://www.uptimerobot.com/)"
128.140.106.114 - - [13/Aug/2025:00:03:21 +0200] "HEAD / HTTP/1.1" 200 0 "http://nagybistvan.hu" "Mozilla/5.0+(compatible; UptimeRobot/2.0; http://www.uptimerobot.com/)"
167.235.143.113 - - [13/Aug/2025:00:08:25 +0200] "HEAD / HTTP/1.1" 200 0 "http://nagybistvan.hu" "Mozilla/5.0+(compatible; UptimeRobot/2.0; http://www.uptimerobot.com/)"
128.140.106.114 - - [13/Aug/2025:00:13:26 +0200] "HEAD / HTTP/1.1" 200 0 "http://nagybistvan.hu" "Mozilla/5.0+(compatible; UptimeRobot/2.0; http://www.uptimerobot.com/)"
168.119.96.239 - - [13/Aug/2025:00:18:29 +0200] "HEAD / HTTP/1.1" 200 0 "http://nagybistvan.hu" "Mozilla/5.0+(compatible; UptimeRobot/2.0; http://www.uptimerobot.com/)"
4.197.236.174 - - [13/Aug/2025:00:21:11 +0200] "GET /wp-content/plugins/hellopress/wp_filemanager.php HTTP/1.1" 404 1181 "-" "-"
4.197.236.174 - - [13/Aug/2025:00:21:12 +0200] "GET /file3.php HTTP/1.1" 404 37 "-" "-"
4.197.236.174 - - [13/Aug/2025:00:21:12 +0200] "GET /file11.php HTTP/1.1" 404 37 "-" "-"
4.197.236.174 - - [13/Aug/2025:00:21:12 +0200] "GET /file12.php HTTP/1.1" 404 37 "-" "-"
4.197.236.174 - - [13/Aug/2025:00:21:12 +0200] "GET /file13.php HTTP/1.1" 404 37 "-" "-"
4.197.236.174 - - [13/Aug/2025:00:21:13 +0200] "GET /file14.php HTTP/1.1" 404 37 "-" "-"
4.197.236.174 - - [13/Aug/2025:00:21:13 +0200] "GET /file15.php HTTP/1.1" 404 37 "-" "-"
4.197.236.174 - - [13/Aug/2025:00:21:13 +0200] "GET /file16.php HTTP/1.1" 404 37 "-" "-"
4.197.236.174 - - [13/Aug/2025:00:21:13 +0200] "GET /file17.php HTTP/1.1" 404 37 "-" "-"
4.197.236.174 - - [13/Aug/2025:00:21:14 +0200] "GET /file18.php HTTP/1.1" 404 37 "-" "-"
4.197.236.174 - - [13/Aug/2025:00:21:14 +0200] "GET /file19.php HTTP/1.1" 404 37 "-" "-"
159.69.158.189 - - [13/Aug/2025:00:23:34 +0200] "HEAD / HTTP/1.1" 200 0 "http://nagybistvan.hu" "Mozilla/5.0+(compatible; UptimeRobot/2.0; http://www.uptimerobot.com/)"
167.235.143.113 - - [13/Aug/2025:00:28:38 +0200] "HEAD / HTTP/1.1" 200 0 "http://nagybistvan.hu" "Mozilla/5.0+(compatible; UptimeRobot/2.0; http://www.uptimerobot.com/)"
49.13.167.123 - - [13/Aug/2025:00:33:42 +0200] "HEAD / HTTP/1.1" 200 0 "http://nagybistvan.hu" "Mozilla/5.0+(compatible; UptimeRobot/2.0; http://www.uptimerobot.com/)"
216.244.66.227 - - [13/Aug/2025:00:34:07 +0200] "GET /robots.txt HTTP/1.1" 404 1181 "-" "Mozilla/5.0 (compatible; DotBot/1.2; +https://opensiteexplorer.org/dotbot; help@moz.com)"
88.99.80.227 - - [13/Aug/2025:00:38:45 +0200] "HEAD / HTTP/1.1" 200 0 "http://nagybistvan.hu" "Mozilla/5.0+(compatible; UptimeRobot/2.0; http://www.uptimerobot.com/)"
66.249.64.132 - - [13/Aug/2025:00:42:12 +0200] "GET /media/image/30.366.001.jpg HTTP/1.1" 200 184985 "-" "Googlebot-Image/1.0"
88.99.80.227 - - [13/Aug/2025:00:43:49 +0200] "HEAD / HTTP/1.1" 200 0 "http://nagybistvan.hu" "Mozilla/5.0+(compatible; UptimeRobot/2.0; http://www.uptimerobot.com/)"
216.244.66.227 - - [13/Aug/2025:00:44:10 +0200] "GET /media/image/21.583.001_2.jpg HTTP/1.1" 200 139492 "-" "Mozilla/5.0 (compatible; DotBot/1.2; +https://opensiteexplorer.org/dotbot; help@moz.com)"
78.47.98.55 - - [13/Aug/2025:00:48:53 +0200] "HEAD / HTTP/1.1" 200 0 "http://nagybistvan.hu" "Mozilla/5.0+(compatible; UptimeRobot/2.0; http://www.uptimerobot.com/)"
78.47.98.55 - - [13/Aug/2025:00:53:57 +0200] "HEAD / HTTP/1.1" 200 0 "http://nagybistvan.hu" "Mozilla/5.0+(compatible; UptimeRobot/2.0; http://www.uptimerobot.com/)"
51.68.111.218 - - [13/Aug/2025:00:54:33 +0200] "GET /robots.txt HTTP/1.1" 404 1181 "-" "Mozilla/5.0 (compatible; MJ12bot/v2.0.2; http://mj12bot.com/)"
51.68.111.218 - - [13/Aug/2025:00:54:34 +0200] "GET / HTTP/1.1" 200 6672 "-" "Mozilla/5.0 (compatible; MJ12bot/v2.0.2; http://mj12bot.com/)"
43.131.253.14 - - [13/Aug/2025:00:58:19 +0200] "GET / HTTP/1.1" 200 6766 "-" "Mozilla/5.0 (iPhone; CPU iPhone OS 13_2_3 like Mac OS X) AppleWebKit/605.1.15 (KHTML, like Gecko) Version/13.0.3 Mobile/15E148 Safari/604.1"
49.13.167.123 - - [13/Aug/2025:00:59:00 +0200] "HEAD / HTTP/1.1" 200 0 "http://nagybistvan.hu" "Mozilla/5.0+(compatible; UptimeRobot/2.0; http://www.uptimerobot.com/)"
78.47.98.55 - - [13/Aug/2025:01:04:04 +0200] "HEAD / HTTP/1.1" 200 0 "http://nagybistvan.hu" "Mozilla/5.0+(compatible; UptimeRobot/2.0; http://www.uptimerobot.com/)"
168.119.96.239 - - [13/Aug/2025:01:09:08 +0200] "HEAD / HTTP/1.1" 200 0 "http://nagybistvan.hu" "Mozilla/5.0+(compatible; UptimeRobot/2.0; http://www.uptimerobot.com/)"
78.47.98.55 - - [13/Aug/2025:01:14:12 +0200] "HEAD / HTTP/1.1" 200 0 "http://nagybistvan.hu" "Mozilla/5.0+(compatible; UptimeRobot/2.0; http://www.uptimerobot.com/)"
168.119.96.239 - - [13/Aug/2025:01:19:15 +0200] "HEAD / HTTP/1.1" 200 0 "http://nagybistvan.hu" "Mozilla/5.0+(compatible; UptimeRobot/2.0; http://www.uptimerobot.com/)"
128.140.41.193 - - [13/Aug/2025:01:24:20 +0200] "HEAD / HTTP/1.1" 200 0 "http://nagybistvan.hu" "Mozilla/5.0+(compatible; UptimeRobot/2.0; http://www.uptimerobot.com/)"
216.244.66.227 - - [13/Aug/2025:01:26:19 +0200] "GET /robots.txt HTTP/1.1" 404 1181 "-" "Mozilla/5.0 (compatible; DotBot/1.2; +https://opensiteexplorer.org/dotbot; help@moz.com)"
216.244.66.227 - - [13/Aug/2025:01:26:20 +0200] "GET /robots.txt HTTP/1.1" 404 1181 "-" "Mozilla/5.0 (compatible; DotBot/1.2; +https://opensiteexplorer.org/dotbot; help@moz.com)"
128.140.41.193 - - [13/Aug/2025:01:29:25 +0200] "HEAD / HTTP/1.1" 200 0 "http://nagybistvan.hu" "Mozilla/5.0+(compatible; UptimeRobot/2.0; http://www.uptimerobot.com/)"
142.132.180.39 - - [13/Aug/2025:01:34:28 +0200] "HEAD / HTTP/1.1" 200 0 "http://nagybistvan.hu" "Mozilla/5.0+(compatible; UptimeRobot/2.0; http://www.uptimerobot.com/)"
216.244.66.227 - - [13/Aug/2025:01:36:59 +0200] "GET /media/image/21.583.001_6.jpg HTTP/1.1" 200 100647 "-" "Mozilla/5.0 (compatible; DotBot/1.2; +https://opensiteexplorer.org/dotbot; help@moz.com)"
216.244.66.227 - - [13/Aug/2025:01:37:14 +0200] "GET /media/image/07.122.001.jpg HTTP/1.1" 200 109999 "-" "Mozilla/5.0 (compatible; DotBot/1.2; +https://opensiteexplorer.org/dotbot; help@moz.com)"
216.244.66.227 - - [13/Aug/2025:01:37:19 +0200] "GET /media/image/07.230.003.jpg HTTP/1.1" 200 91667 "-" "Mozilla/5.0 (compatible; DotBot/1.2; +https://opensiteexplorer.org/dotbot; help@moz.com)"
216.244.66.227 - - [13/Aug/2025:01:37:56 +0200] "GET /media/image/07.238.003.jpg HTTP/1.1" 200 137318 "-" "Mozilla/5.0 (compatible; DotBot/1.2; +https://opensiteexplorer.org/dotbot; help@moz.com)"
216.244.66.227 - - [13/Aug/2025:01:39:18 +0200] "GET /media/image/21.110.076.jpg HTTP/1.1" 200 116677 "-" "Mozilla/5.0 (compatible; DotBot/1.2; +https://opensiteexplorer.org/dotbot; help@moz.com)"
78.47.173.76 - - [13/Aug/2025:01:39:32 +0200] "HEAD / HTTP/1.1" 200 0 "http://nagybistvan.hu" "Mozilla/5.0+(compatible; UptimeRobot/2.0; http://www.uptimerobot.com/)"
78.47.98.55 - - [13/Aug/2025:01:44:36 +0200] "HEAD / HTTP/1.1" 200 0 "http://nagybistvan.hu" "Mozilla/5.0+(compatible; UptimeRobot/2.0; http://www.uptimerobot.com/)"
78.46.190.63 - - [13/Aug/2025:01:49:40 +0200] "HEAD / HTTP/1.1" 200 0 "http://nagybistvan.hu" "Mozilla/5.0+(compatible; UptimeRobot/2.0; http://www.uptimerobot.com/)"
168.119.96.239 - - [13/Aug/2025:01:54:44 +0200] "HEAD / HTTP/1.1" 200 0 "http://nagybistvan.hu" "Mozilla/5.0+(compatible; UptimeRobot/2.0; http://www.uptimerobot.com/)"
167.235.143.113 - - [13/Aug/2025:01:59:48 +0200] "HEAD / HTTP/1.1" 200 0 "http://nagybistvan.hu" "Mozilla/5.0+(compatible; UptimeRobot/2.0; http://www.uptimerobot.com/)"
49.13.164.148 - - [13/Aug/2025:02:04:52 +0200] "HEAD / HTTP/1.1" 200 0 "http://nagybistvan.hu" "Mozilla/5.0+(compatible; UptimeRobot/2.0; http://www.uptimerobot.com/)"
88.99.80.227 - - [13/Aug/2025:02:09:56 +0200] "HEAD / HTTP/1.1" 200 0 "http://nagybistvan.hu" "Mozilla/5.0+(compatible; UptimeRobot/2.0; http://www.uptimerobot.com/)"
66.249.64.131 - - [13/Aug/2025:02:12:12 +0200] "GET /zsambek/Zsambek%20LXIII.jpg HTTP/1.1" 304 - "-" "Googlebot-Image/1.0"
88.99.80.227 - - [13/Aug/2025:02:15:00 +0200] "HEAD / HTTP/1.1" 200 0 "http://nagybistvan.hu" "Mozilla/5.0+(compatible; UptimeRobot/2.0; http://www.uptimerobot.com/)"
159.69.158.189 - - [13/Aug/2025:02:20:03 +0200] "HEAD / HTTP/1.1" 200 0 "http://nagybistvan.hu" "Mozilla/5.0+(compatible; UptimeRobot/2.0; http://www.uptimerobot.com/)"
216.244.66.227 - - [13/Aug/2025:02:21:59 +0200] "GET /robots.txt HTTP/1.1" 404 1181 "-" "Mozilla/5.0 (compatible; DotBot/1.2; +https://opensiteexplorer.org/dotbot; help@moz.com)"
216.244.66.227 - - [13/Aug/2025:02:21:59 +0200] "GET /robots.txt HTTP/1.1" 404 1181 "-" "Mozilla/5.0 (compatible; DotBot/1.2; +https://opensiteexplorer.org/dotbot; help@moz.com)"
49.13.167.123 - - [13/Aug/2025:02:25:08 +0200] "HEAD / HTTP/1.1" 200 0 "http://nagybistvan.hu" "Mozilla/5.0+(compatible; UptimeRobot/2.0; http://www.uptimerobot.com/)"
168.119.53.160 - - [13/Aug/2025:02:30:12 +0200] "HEAD / HTTP/1.1" 200 0 "http://nagybistvan.hu" "Mozilla/5.0+(compatible; UptimeRobot/2.0; http://www.uptimerobot.com/)"
216.244.66.227 - - [13/Aug/2025:02:32:28 +0200] "GET /media/image/07.028.001.jpg HTTP/1.1" 200 229422 "-" "Mozilla/5.0 (compatible; DotBot/1.2; +https://opensiteexplorer.org/dotbot; help@moz.com)"
216.244.66.227 - - [13/Aug/2025:02:32:35 +0200] "GET /media/image/24.325.001.jpg HTTP/1.1" 200 247988 "-" "Mozilla/5.0 (compatible; DotBot/1.2; +https://opensiteexplorer.org/dotbot; help@moz.com)"
216.244.66.227 - - [13/Aug/2025:02:32:48 +0200] "GET /media/image/21.345.001.jpg HTTP/1.1" 200 157830 "-" "Mozilla/5.0 (compatible; DotBot/1.2; +https://opensiteexplorer.org/dotbot; help@moz.com)"
216.244.66.227 - - [13/Aug/2025:02:33:45 +0200] "GET /media/image/23.334.001.jpg HTTP/1.1" 200 150574 "-" "Mozilla/5.0 (compatible; DotBot/1.2; +https://opensiteexplorer.org/dotbot; help@moz.com)"
216.244.66.227 - - [13/Aug/2025:02:34:09 +0200] "GET /index.php?c=szilasi_03 HTTP/1.1" 200 4930 "-" "Mozilla/5.0 (compatible; DotBot/1.2; +https://opensiteexplorer.org/dotbot; help@moz.com)"
216.244.66.227 - - [13/Aug/2025:02:34:49 +0200] "GET /index.php?c=estv HTTP/1.1" 200 6037 "-" "Mozilla/5.0 (compatible; DotBot/1.2; +https://opensiteexplorer.org/dotbot; help@moz.com)"
78.47.98.55 - - [13/Aug/2025:02:35:16 +0200] "HEAD / HTTP/1.1" 200 0 "http://nagybistvan.hu" "Mozilla/5.0+(compatible; UptimeRobot/2.0; http://www.uptimerobot.com/)"
216.244.66.227 - - [13/Aug/2025:02:35:35 +0200] "GET /media/image/07.280.001.jpg HTTP/1.1" 200 75620 "-" "Mozilla/5.0 (compatible; DotBot/1.2; +https://opensiteexplorer.org/dotbot; help@moz.com)"
168.119.53.160 - - [13/Aug/2025:02:40:19 +0200] "HEAD / HTTP/1.1" 200 0 "http://nagybistvan.hu" "Mozilla/5.0+(compatible; UptimeRobot/2.0; http://www.uptimerobot.com/)"
49.13.164.148 - - [13/Aug/2025:02:45:23 +0200] "HEAD / HTTP/1.1" 200 0 "http://nagybistvan.hu" "Mozilla/5.0+(compatible; UptimeRobot/2.0; http://www.uptimerobot.com/)"
159.69.158.189 - - [13/Aug/2025:02:50:27 +0200] "HEAD / HTTP/1.1" 200 0 "http://nagybistvan.hu" "Mozilla/5.0+(compatible; UptimeRobot/2.0; http://www.uptimerobot.com/)"
168.119.53.160 - - [13/Aug/2025:02:55:31 +0200] "HEAD / HTTP/1.1" 200 0 "http://nagybistvan.hu" "Mozilla/5.0+(compatible; UptimeRobot/2.0; http://www.uptimerobot.com/)"
49.13.164.148 - - [13/Aug/2025:03:00:35 +0200] "HEAD / HTTP/1.1" 200 0 "http://nagybistvan.hu" "Mozilla/5.0+(compatible; UptimeRobot/2.0; http://www.uptimerobot.com/)"
157.90.155.240 - - [13/Aug/2025:03:05:38 +0200] "HEAD / HTTP/1.1" 200 0 "http://nagybistvan.hu" "Mozilla/5.0+(compatible; UptimeRobot/2.0; http://www.uptimerobot.com/)"
49.13.164.148 - - [13/Aug/2025:03:10:42 +0200] "HEAD / HTTP/1.1" 200 0 "http://nagybistvan.hu" "Mozilla/5.0+(compatible; UptimeRobot/2.0; http://www.uptimerobot.com/)"
49.13.24.81 - - [13/Aug/2025:03:15:46 +0200] "HEAD / HTTP/1.1" 200 0 "http://nagybistvan.hu" "Mozilla/5.0+(compatible; UptimeRobot/2.0; http://www.uptimerobot.com/)"
69.63.189.50 - - [13/Aug/2025:03:18:15 +0200] "GET /robots.txt HTTP/1.1" 404 1181 "-" "facebookexternalhit/1.1 (+http://www.facebook.com/externalhit_uatext.php)"
216.244.66.227 - - [13/Aug/2025:03:19:31 +0200] "GET /robots.txt HTTP/1.1" 404 1181 "-" "Mozilla/5.0 (compatible; DotBot/1.2; +https://opensiteexplorer.org/dotbot; help@moz.com)"
128.140.41.193 - - [13/Aug/2025:03:20:50 +0200] "HEAD / HTTP/1.1" 200 0 "http://nagybistvan.hu" "Mozilla/5.0+(compatible; UptimeRobot/2.0; http://www.uptimerobot.com/)"
88.99.80.227 - - [13/Aug/2025:03:25:54 +0200] "HEAD / HTTP/1.1" 200 0 "http://nagybistvan.hu" "Mozilla/5.0+(compatible; UptimeRobot/2.0; http://www.uptimerobot.com/)"
49.13.134.145 - - [13/Aug/2025:03:30:59 +0200] "HEAD / HTTP/1.1" 200 0 "http://nagybistvan.hu" "Mozilla/5.0+(compatible; UptimeRobot/2.0; http://www.uptimerobot.com/)"
216.244.66.227 - - [13/Aug/2025:03:33:29 +0200] "GET /media/image/07.039.001.jpg HTTP/1.1" 200 78033 "-" "Mozilla/5.0 (compatible; DotBot/1.2; +https://opensiteexplorer.org/dotbot; help@moz.com)"
216.244.66.227 - - [13/Aug/2025:03:33:39 +0200] "GET /media/image/07.042.001.jpg HTTP/1.1" 200 188931 "-" "Mozilla/5.0 (compatible; DotBot/1.2; +https://opensiteexplorer.org/dotbot; help@moz.com)"
216.244.66.227 - - [13/Aug/2025:03:33:47 +0200] "GET /media/image/07.119.001.jpg HTTP/1.1" 200 132484 "-" "Mozilla/5.0 (compatible; DotBot/1.2; +https://opensiteexplorer.org/dotbot; help@moz.com)"
216.244.66.227 - - [13/Aug/2025:03:33:55 +0200] "GET /media/image/07.197.001.jpg HTTP/1.1" 200 92251 "-" "Mozilla/5.0 (compatible; DotBot/1.2; +https://opensiteexplorer.org/dotbot; help@moz.com)"
168.119.53.160 - - [13/Aug/2025:03:36:02 +0200] "HEAD / HTTP/1.1" 200 0 "http://nagybistvan.hu" "Mozilla/5.0+(compatible; UptimeRobot/2.0; http://www.uptimerobot.com/)"
49.13.164.148 - - [13/Aug/2025:03:41:06 +0200] "HEAD / HTTP/1.1" 200 0 "http://nagybistvan.hu" "Mozilla/5.0+(compatible; UptimeRobot/2.0; http://www.uptimerobot.com/)"
159.69.158.189 - - [13/Aug/2025:03:46:10 +0200] "HEAD / HTTP/1.1" 200 0 "http://nagybistvan.hu" "Mozilla/5.0+(compatible; UptimeRobot/2.0; http://www.uptimerobot.com/)"
49.13.134.145 - - [13/Aug/2025:03:51:16 +0200] "HEAD / HTTP/1.1" 200 0 "http://nagybistvan.hu" "Mozilla/5.0+(compatible; UptimeRobot/2.0; http://www.uptimerobot.com/)"
77.75.76.166 - - [13/Aug/2025:03:51:59 +0200] "GET /egyeni/ HTTP/1.1" 302 5 "-" "Mozilla/5.0 (compatible; SeznamBot/4.0; +https://o-seznam.cz/napoveda/vyhledavani/en/seznambot-crawler/)"
159.69.158.189 - - [13/Aug/2025:03:56:19 +0200] "HEAD / HTTP/1.1" 200 0 "http://nagybistvan.hu" "Mozilla/5.0+(compatible; UptimeRobot/2.0; http://www.uptimerobot.com/)"
88.99.80.227 - - [13/Aug/2025:04:01:22 +0200] "HEAD / HTTP/1.1" 200 0 "http://nagybistvan.hu" "Mozilla/5.0+(compatible; UptimeRobot/2.0; http://www.uptimerobot.com/)"
168.119.53.160 - - [13/Aug/2025:04:06:25 +0200] "HEAD / HTTP/1.1" 200 0 "http://nagybistvan.hu" "Mozilla/5.0+(compatible; UptimeRobot/2.0; http://www.uptimerobot.com/)"
4.197.236.174 - - [13/Aug/2025:04:07:40 +0200] "GET /wp-content/plugins/hellopress/wp_filemanager.php HTTP/1.1" 404 1181 "-" "-"
4.197.236.174 - - [13/Aug/2025:04:07:40 +0200] "GET /file18.php HTTP/1.1" 404 37 "-" "-"
4.197.236.174 - - [13/Aug/2025:04:07:40 +0200] "GET /file14.php HTTP/1.1" 404 37 "-" "-"
4.197.236.174 - - [13/Aug/2025:04:07:40 +0200] "GET /file15.php HTTP/1.1" 404 37 "-" "-"
4.197.236.174 - - [13/Aug/2025:04:07:41 +0200] "GET /file19.php HTTP/1.1" 404 37 "-" "-"
4.197.236.174 - - [13/Aug/2025:04:07:41 +0200] "GET /file16.php HTTP/1.1" 404 37 "-" "-"
4.197.236.174 - - [13/Aug/2025:04:07:41 +0200] "GET /file17.php HTTP/1.1" 404 37 "-" "-"
4.197.236.174 - - [13/Aug/2025:04:07:41 +0200] "GET /file12.php HTTP/1.1" 404 37 "-" "-"
4.197.236.174 - - [13/Aug/2025:04:07:42 +0200] "GET /file11.php HTTP/1.1" 404 37 "-" "-"
4.197.236.174 - - [13/Aug/2025:04:07:42 +0200] "GET /file13.php HTTP/1.1" 404 37 "-" "-"
78.47.98.55 - - [13/Aug/2025:04:11:29 +0200] "HEAD / HTTP/1.1" 200 0 "http://nagybistvan.hu" "Mozilla/5.0+(compatible; UptimeRobot/2.0; http://www.uptimerobot.com/)"
78.46.190.63 - - [13/Aug/2025:04:16:33 +0200] "HEAD / HTTP/1.1" 200 0 "http://nagybistvan.hu" "Mozilla/5.0+(compatible; UptimeRobot/2.0; http://www.uptimerobot.com/)"
216.244.66.227 - - [13/Aug/2025:04:20:12 +0200] "GET /robots.txt HTTP/1.1" 404 1181 "-" "Mozilla/5.0 (compatible; DotBot/1.2; +https://opensiteexplorer.org/dotbot; help@moz.com)"
216.244.66.227 - - [13/Aug/2025:04:20:12 +0200] "GET /robots.txt HTTP/1.1" 404 1181 "-" "Mozilla/5.0 (compatible; DotBot/1.2; +https://opensiteexplorer.org/dotbot; help@moz.com)"
142.132.180.39 - - [13/Aug/2025:04:21:37 +0200] "HEAD / HTTP/1.1" 200 0 "http://nagybistvan.hu" "Mozilla/5.0+(compatible; UptimeRobot/2.0; http://www.uptimerobot.com/)"
51.255.124.102 - - [13/Aug/2025:04:23:01 +0200] "GET / HTTP/1.1" 200 6704 "-" "Mozilla/5.0 (Macintosh; Intel Mac OS X 10_15_7) AppleWebKit/537.36 (KHTML, like Gecko) Chrome/112.0.5615.138 Safari/537.36"
88.99.80.227 - - [13/Aug/2025:04:26:41 +0200] "HEAD / HTTP/1.1" 200 0 "http://nagybistvan.hu" "Mozilla/5.0+(compatible; UptimeRobot/2.0; http://www.uptimerobot.com/)"
216.244.66.227 - - [13/Aug/2025:04:31:35 +0200] "GET /index.php?c=7080s&cp=1 HTTP/1.1" 200 17062 "-" "Mozilla/5.0 (compatible; DotBot/1.2; +https://opensiteexplorer.org/dotbot; help@moz.com)"
216.244.66.227 - - [13/Aug/2025:04:31:44 +0200] "GET /media/image/07.168.001.jpg HTTP/1.1" 200 107055 "-" "Mozilla/5.0 (compatible; DotBot/1.2; +https://opensiteexplorer.org/dotbot; help@moz.com)"
157.90.155.240 - - [13/Aug/2025:04:31:47 +0200] "HEAD / HTTP/1.1" 200 0 "http://nagybistvan.hu" "Mozilla/5.0+(compatible; UptimeRobot/2.0; http://www.uptimerobot.com/)"
216.244.66.227 - - [13/Aug/2025:04:32:01 +0200] "GET /media/image/07.194.001.jpg HTTP/1.1" 200 239310 "-" "Mozilla/5.0 (compatible; DotBot/1.2; +https://opensiteexplorer.org/dotbot; help@moz.com)"
216.244.66.227 - - [13/Aug/2025:04:32:34 +0200] "GET /media/image/07.025.001.jpg HTTP/1.1" 200 209677 "-" "Mozilla/5.0 (compatible; DotBot/1.2; +https://opensiteexplorer.org/dotbot; help@moz.com)"
142.132.180.39 - - [13/Aug/2025:04:36:49 +0200] "HEAD / HTTP/1.1" 200 0 "http://nagybistvan.hu" "Mozilla/5.0+(compatible; UptimeRobot/2.0; http://www.uptimerobot.com/)"
157.90.156.63 - - [13/Aug/2025:04:41:53 +0200] "HEAD / HTTP/1.1" 200 0 "http://nagybistvan.hu" "Mozilla/5.0+(compatible; UptimeRobot/2.0; http://www.uptimerobot.com/)"
66.249.64.106 - - [13/Aug/2025:04:42:54 +0200] "GET /media/image/30.362.001.jpg HTTP/1.1" 200 188561 "-" "Googlebot-Image/1.0"
66.249.64.105 - - [13/Aug/2025:04:44:55 +0200] "GET /media/image/07.102.001.jpg HTTP/1.1" 200 146217 "-" "Googlebot-Image/1.0"
49.13.134.145 - - [13/Aug/2025:04:46:56 +0200] "HEAD / HTTP/1.1" 200 0 "http://nagybistvan.hu" "Mozilla/5.0+(compatible; UptimeRobot/2.0; http://www.uptimerobot.com/)"
49.13.164.148 - - [13/Aug/2025:04:52:00 +0200] "HEAD / HTTP/1.1" 200 0 "http://nagybistvan.hu" "Mozilla/5.0+(compatible; UptimeRobot/2.0; http://www.uptimerobot.com/)"
157.90.156.63 - - [13/Aug/2025:04:57:04 +0200] "HEAD / HTTP/1.1" 200 0 "http://nagybistvan.hu" "Mozilla/5.0+(compatible; UptimeRobot/2.0; http://www.uptimerobot.com/)"
88.99.80.227 - - [13/Aug/2025:05:02:08 +0200] "HEAD / HTTP/1.1" 200 0 "http://nagybistvan.hu" "Mozilla/5.0+(compatible; UptimeRobot/2.0; http://www.uptimerobot.com/)"
49.13.24.81 - - [13/Aug/2025:05:07:12 +0200] "HEAD / HTTP/1.1" 200 0 "http://nagybistvan.hu" "Mozilla/5.0+(compatible; UptimeRobot/2.0; http://www.uptimerobot.com/)"
216.244.66.227 - - [13/Aug/2025:05:08:54 +0200] "GET /robots.txt HTTP/1.1" 404 1181 "-" "Mozilla/5.0 (compatible; DotBot/1.2; +https://opensiteexplorer.org/dotbot; help@moz.com)"
216.244.66.227 - - [13/Aug/2025:05:08:54 +0200] "GET /robots.txt HTTP/1.1" 404 1181 "-" "Mozilla/5.0 (compatible; DotBot/1.2; +https://opensiteexplorer.org/dotbot; help@moz.com)"
128.140.41.193 - - [13/Aug/2025:05:12:16 +0200] "HEAD / HTTP/1.1" 200 0 "http://nagybistvan.hu" "Mozilla/5.0+(compatible; UptimeRobot/2.0; http://www.uptimerobot.com/)"
49.13.164.148 - - [13/Aug/2025:05:17:20 +0200] "HEAD / HTTP/1.1" 200 0 "http://nagybistvan.hu" "Mozilla/5.0+(compatible; UptimeRobot/2.0; http://www.uptimerobot.com/)"
216.244.66.227 - - [13/Aug/2025:05:20:08 +0200] "GET /media/image/07.110.058.jpg HTTP/1.1" 200 130240 "-" "Mozilla/5.0 (compatible; DotBot/1.2; +https://opensiteexplorer.org/dotbot; help@moz.com)"
216.244.66.227 - - [13/Aug/2025:05:22:13 +0200] "GET /media/image/07.015.001.jpg HTTP/1.1" 200 122343 "-" "Mozilla/5.0 (compatible; DotBot/1.2; +https://opensiteexplorer.org/dotbot; help@moz.com)"
78.46.190.63 - - [13/Aug/2025:05:22:24 +0200] "HEAD / HTTP/1.1" 200 0 "http://nagybistvan.hu" "Mozilla/5.0+(compatible; UptimeRobot/2.0; http://www.uptimerobot.com/)"
66.249.64.105 - - [13/Aug/2025:05:24:55 +0200] "GET /media/image/07.110.133.jpg HTTP/1.1" 200 108808 "-" "Googlebot-Image/1.0"
49.13.164.148 - - [13/Aug/2025:05:27:29 +0200] "HEAD / HTTP/1.1" 200 0 "http://nagybistvan.hu" "Mozilla/5.0+(compatible; UptimeRobot/2.0; http://www.uptimerobot.com/)"
216.244.66.227 - - [13/Aug/2025:05:31:37 +0200] "GET /index.php?c=arckepcsarnok HTTP/1.1" 200 17518 "-" "Mozilla/5.0 (compatible; DotBot/1.2; +https://opensiteexplorer.org/dotbot; help@moz.com)"
78.47.98.55 - - [13/Aug/2025:05:32:32 +0200] "HEAD / HTTP/1.1" 200 0 "http://nagybistvan.hu" "Mozilla/5.0+(compatible; UptimeRobot/2.0; http://www.uptimerobot.com/)"
128.140.41.193 - - [13/Aug/2025:05:37:36 +0200] "HEAD / HTTP/1.1" 200 0 "http://nagybistvan.hu" "Mozilla/5.0+(compatible; UptimeRobot/2.0; http://www.uptimerobot.com/)"
167.235.143.113 - - [13/Aug/2025:05:42:40 +0200] "HEAD / HTTP/1.1" 200 0 "http://nagybistvan.hu" "Mozilla/5.0+(compatible; UptimeRobot/2.0; http://www.uptimerobot.com/)"
159.69.158.189 - - [13/Aug/2025:05:47:44 +0200] "HEAD / HTTP/1.1" 200 0 "http://nagybistvan.hu" "Mozilla/5.0+(compatible; UptimeRobot/2.0; http://www.uptimerobot.com/)"
49.13.167.123 - - [13/Aug/2025:05:52:47 +0200] "HEAD / HTTP/1.1" 200 0 "http://nagybistvan.hu" "Mozilla/5.0+(compatible; UptimeRobot/2.0; http://www.uptimerobot.com/)"
216.244.66.227 - - [13/Aug/2025:05:55:29 +0200] "GET /robots.txt HTTP/1.1" 404 1181 "-" "Mozilla/5.0 (compatible; DotBot/1.2; +https://opensiteexplorer.org/dotbot; help@moz.com)"
216.244.66.227 - - [13/Aug/2025:05:55:30 +0200] "GET /robots.txt HTTP/1.1" 404 1181 "-" "Mozilla/5.0 (compatible; DotBot/1.2; +https://opensiteexplorer.org/dotbot; help@moz.com)"
168.119.96.239 - - [13/Aug/2025:05:57:50 +0200] "HEAD / HTTP/1.1" 200 0 "http://nagybistvan.hu" "Mozilla/5.0+(compatible; UptimeRobot/2.0; http://www.uptimerobot.com/)"
159.69.158.189 - - [13/Aug/2025:06:02:54 +0200] "HEAD / HTTP/1.1" 200 0 "http://nagybistvan.hu" "Mozilla/5.0+(compatible; UptimeRobot/2.0; http://www.uptimerobot.com/)"
66.249.64.132 - - [13/Aug/2025:06:04:55 +0200] "GET /zsambek/Fekete%20Zsambek.jpg HTTP/1.1" 304 - "-" "Googlebot-Image/1.0"
159.69.158.189 - - [13/Aug/2025:06:07:58 +0200] "HEAD / HTTP/1.1" 200 0 "http://nagybistvan.hu" "Mozilla/5.0+(compatible; UptimeRobot/2.0; http://www.uptimerobot.com/)"
216.244.66.227 - - [13/Aug/2025:06:08:18 +0200] "GET /index.php?c=Bakonyvari_03 HTTP/1.1" 200 16288 "-" "Mozilla/5.0 (compatible; DotBot/1.2; +https://opensiteexplorer.org/dotbot; help@moz.com)"
192.42.116.175 - - [13/Aug/2025:06:08:56 +0200] "GET / HTTP/1.1" 200 6664 "nagybistvan.hu" "Mozilla/5.0 (Windows NT 6.3) AppleWebKit/537.36 (KHTML, like Gecko) Chrome/49.0.2631.13 Safari/537.36"
192.42.116.175 - - [13/Aug/2025:06:08:56 +0200] "GET /bio HTTP/1.1" 301 313 "http://nagybistvan.hu/bio" "Mozilla/5.0 (Windows NT 6.3) AppleWebKit/537.36 (KHTML, like Gecko) Chrome/49.0.2631.13 Safari/537.36"
192.42.116.175 - - [13/Aug/2025:06:08:56 +0200] "GET /bio/ HTTP/1.1" 302 5 "http://nagybistvan.hu/bio" "Mozilla/5.0 (Windows NT 6.3) AppleWebKit/537.36 (KHTML, like Gecko) Chrome/49.0.2631.13 Safari/537.36"
192.42.116.175 - - [13/Aug/2025:06:08:56 +0200] "GET /index.php?c=bio HTTP/1.1" 200 13402 "http://nagybistvan.hu/bio" "Mozilla/5.0 (Windows NT 6.3) AppleWebKit/537.36 (KHTML, like Gecko) Chrome/49.0.2631.13 Safari/537.36"
192.42.116.175 - - [13/Aug/2025:06:08:57 +0200] "GET /csoportos HTTP/1.1" 301 319 "http://nagybistvan.hu/csoportos" "Mozilla/5.0 (Windows NT 6.3) AppleWebKit/537.36 (KHTML, like Gecko) Chrome/49.0.2631.13 Safari/537.36"
192.42.116.175 - - [13/Aug/2025:06:08:57 +0200] "GET /csoportos/ HTTP/1.1" 302 5 "http://nagybistvan.hu/csoportos" "Mozilla/5.0 (Windows NT 6.3) AppleWebKit/537.36 (KHTML, like Gecko) Chrome/49.0.2631.13 Safari/537.36"
192.42.116.175 - - [13/Aug/2025:06:08:57 +0200] "GET /index.php?c=csoportos HTTP/1.1" 200 13213 "http://nagybistvan.hu/csoportos" "Mozilla/5.0 (Windows NT 6.3) AppleWebKit/537.36 (KHTML, like Gecko) Chrome/49.0.2631.13 Safari/537.36"
192.42.116.175 - - [13/Aug/2025:06:08:58 +0200] "GET /dijai HTTP/1.1" 301 315 "http://nagybistvan.hu/dijai" "Mozilla/5.0 (Windows NT 6.3) AppleWebKit/537.36 (KHTML, like Gecko) Chrome/49.0.2631.13 Safari/537.36"
192.42.116.175 - - [13/Aug/2025:06:08:58 +0200] "GET /dijai/ HTTP/1.1" 302 5 "http://nagybistvan.hu/dijai" "Mozilla/5.0 (Windows NT 6.3) AppleWebKit/537.36 (KHTML, like Gecko) Chrome/49.0.2631.13 Safari/537.36"
192.42.116.175 - - [13/Aug/2025:06:08:58 +0200] "GET /index.php?c=dijai HTTP/1.1" 200 7088 "http://nagybistvan.hu/dijai" "Mozilla/5.0 (Windows NT 6.3) AppleWebKit/537.36 (KHTML, like Gecko) Chrome/49.0.2631.13 Safari/537.36"
192.42.116.175 - - [13/Aug/2025:06:08:58 +0200] "GET /egyeni HTTP/1.1" 301 316 "http://nagybistvan.hu/egyeni" "Mozilla/5.0 (Windows NT 6.3) AppleWebKit/537.36 (KHTML, like Gecko) Chrome/49.0.2631.13 Safari/537.36"
192.42.116.175 - - [13/Aug/2025:06:08:59 +0200] "GET /egyeni/ HTTP/1.1" 302 5 "http://nagybistvan.hu/egyeni" "Mozilla/5.0 (Windows NT 6.3) AppleWebKit/537.36 (KHTML, like Gecko) Chrome/49.0.2631.13 Safari/537.36"
192.42.116.175 - - [13/Aug/2025:06:08:59 +0200] "GET /index.php?c=egyeni HTTP/1.1" 200 8408 "http://nagybistvan.hu/egyeni" "Mozilla/5.0 (Windows NT 6.3) AppleWebKit/537.36 (KHTML, like Gecko) Chrome/49.0.2631.13 Safari/537.36"
192.42.116.175 - - [13/Aug/2025:06:08:59 +0200] "GET /index.php HTTP/1.1" 200 6733 "http://nagybistvan.hu/index.php" "Mozilla/5.0 (Windows NT 6.3) AppleWebKit/537.36 (KHTML, like Gecko) Chrome/49.0.2631.13 Safari/537.36"
192.42.116.175 - - [13/Aug/2025:06:09:00 +0200] "GET /irasai HTTP/1.1" 301 316 "http://nagybistvan.hu/irasai" "Mozilla/5.0 (Windows NT 6.3) AppleWebKit/537.36 (KHTML, like Gecko) Chrome/49.0.2631.13 Safari/537.36"
192.42.116.175 - - [13/Aug/2025:06:09:00 +0200] "GET /irasai/ HTTP/1.1" 302 5 "http://nagybistvan.hu/irasai" "Mozilla/5.0 (Windows NT 6.3) AppleWebKit/537.36 (KHTML, like Gecko) Chrome/49.0.2631.13 Safari/537.36"
192.42.116.175 - - [13/Aug/2025:06:09:01 +0200] "GET /index.php?c=irasai HTTP/1.1" 200 7487 "http://nagybistvan.hu/irasai" "Mozilla/5.0 (Windows NT 6.3) AppleWebKit/537.36 (KHTML, like Gecko) Chrome/49.0.2631.13 Safari/537.36"
192.42.116.175 - - [13/Aug/2025:06:09:01 +0200] "GET /kepek HTTP/1.1" 301 315 "http://nagybistvan.hu/kepek" "Mozilla/5.0 (Windows NT 6.3) AppleWebKit/537.36 (KHTML, like Gecko) Chrome/49.0.2631.13 Safari/537.36"
192.42.116.175 - - [13/Aug/2025:06:09:02 +0200] "GET /kepek/ HTTP/1.1" 302 5 "http://nagybistvan.hu/kepek" "Mozilla/5.0 (Windows NT 6.3) AppleWebKit/537.36 (KHTML, like Gecko) Chrome/49.0.2631.13 Safari/537.36"
192.42.116.175 - - [13/Aug/2025:06:09:02 +0200] "GET /index.php?c=kepek HTTP/1.1" 200 10177 "http://nagybistvan.hu/kepek" "Mozilla/5.0 (Windows NT 6.3) AppleWebKit/537.36 (KHTML, like Gecko) Chrome/49.0.2631.13 Safari/537.36"
192.42.116.175 - - [13/Aug/2025:06:09:02 +0200] "GET /rolairtak HTTP/1.1" 301 319 "http://nagybistvan.hu/rolairtak" "Mozilla/5.0 (Windows NT 6.3) AppleWebKit/537.36 (KHTML, like Gecko) Chrome/49.0.2631.13 Safari/537.36"
192.42.116.175 - - [13/Aug/2025:06:09:02 +0200] "GET /rolairtak/ HTTP/1.1" 302 5 "http://nagybistvan.hu/rolairtak" "Mozilla/5.0 (Windows NT 6.3) AppleWebKit/537.36 (KHTML, like Gecko) Chrome/49.0.2631.13 Safari/537.36"
192.42.116.175 - - [13/Aug/2025:06:09:03 +0200] "GET /index.php?c=rolairtak HTTP/1.1" 200 8131 "http://nagybistvan.hu/rolairtak" "Mozilla/5.0 (Windows NT 6.3) AppleWebKit/537.36 (KHTML, like Gecko) Chrome/49.0.2631.13 Safari/537.36"
216.244.66.227 - - [13/Aug/2025:06:09:45 +0200] "GET /index.php?c=Bakonyvari_02 HTTP/1.1" 200 8908 "-" "Mozilla/5.0 (compatible; DotBot/1.2; +https://opensiteexplorer.org/dotbot; help@moz.com)"
216.244.66.227 - - [13/Aug/2025:06:12:10 +0200] "GET /index.php?c=Nagy_B_I_03 HTTP/1.1" 200 8721 "-" "Mozilla/5.0 (compatible; DotBot/1.2; +https://opensiteexplorer.org/dotbot; help@moz.com)"
216.244.66.227 - - [13/Aug/2025:06:12:14 +0200] "GET /index.php?c=Nagy_B_I_08 HTTP/1.1" 200 27996 "-" "Mozilla/5.0 (compatible; DotBot/1.2; +https://opensiteexplorer.org/dotbot; help@moz.com)"
49.13.24.81 - - [13/Aug/2025:06:13:02 +0200] "HEAD / HTTP/1.1" 200 0 "http://nagybistvan.hu" "Mozilla/5.0+(compatible; UptimeRobot/2.0; http://www.uptimerobot.com/)"
49.13.24.81 - - [13/Aug/2025:06:18:05 +0200] "HEAD / HTTP/1.1" 200 0 "http://nagybistvan.hu" "Mozilla/5.0+(compatible; UptimeRobot/2.0; http://www.uptimerobot.com/)"
66.249.64.107 - - [13/Aug/2025:06:22:54 +0200] "GET /media/image/07.110.069.jpg HTTP/1.1" 200 167215 "-" "Googlebot-Image/1.0"
49.13.164.148 - - [13/Aug/2025:06:23:10 +0200] "HEAD / HTTP/1.1" 200 0 "http://nagybistvan.hu" "Mozilla/5.0+(compatible; UptimeRobot/2.0; http://www.uptimerobot.com/)"
77.75.76.166 - - [13/Aug/2025:06:26:10 +0200] "GET /media/image/30.356.001.jpg HTTP/1.1" 200 200262 "-" "Mozilla/5.0 (compatible; SeznamBot/4.0; +https://o-seznam.cz/napoveda/vyhledavani/en/seznambot-crawler/)"
157.90.156.63 - - [13/Aug/2025:06:28:13 +0200] "HEAD / HTTP/1.1" 200 0 "http://nagybistvan.hu" "Mozilla/5.0+(compatible; UptimeRobot/2.0; http://www.uptimerobot.com/)"
49.13.24.81 - - [13/Aug/2025:06:33:17 +0200] "HEAD / HTTP/1.1" 200 0 "http://nagybistvan.hu" "Mozilla/5.0+(compatible; UptimeRobot/2.0; http://www.uptimerobot.com/)"
157.90.155.240 - - [13/Aug/2025:06:38:21 +0200] "HEAD / HTTP/1.1" 200 0 "http://nagybistvan.hu" "Mozilla/5.0+(compatible; UptimeRobot/2.0; http://www.uptimerobot.com/)"
216.244.66.227 - - [13/Aug/2025:06:42:53 +0200] "GET /robots.txt HTTP/1.1" 404 1181 "-" "Mozilla/5.0 (compatible; DotBot/1.2; +https://opensiteexplorer.org/dotbot; help@moz.com)"
142.132.180.39 - - [13/Aug/2025:06:43:25 +0200] "HEAD / HTTP/1.1" 200 0 "http://nagybistvan.hu" "Mozilla/5.0+(compatible; UptimeRobot/2.0; http://www.uptimerobot.com/)"
128.140.106.114 - - [13/Aug/2025:06:48:29 +0200] "HEAD / HTTP/1.1" 200 0 "http://nagybistvan.hu" "Mozilla/5.0+(compatible; UptimeRobot/2.0; http://www.uptimerobot.com/)"
168.119.123.75 - - [13/Aug/2025:06:53:32 +0200] "HEAD / HTTP/1.1" 200 0 "http://nagybistvan.hu" "Mozilla/5.0+(compatible; UptimeRobot/2.0; http://www.uptimerobot.com/)"
49.13.24.81 - - [13/Aug/2025:06:58:36 +0200] "HEAD / HTTP/1.1" 200 0 "http://nagybistvan.hu" "Mozilla/5.0+(compatible; UptimeRobot/2.0; http://www.uptimerobot.com/)"
216.244.66.227 - - [13/Aug/2025:06:59:16 +0200] "GET /index.php?c=7080s&cp=8 HTTP/1.1" 200 17957 "-" "Mozilla/5.0 (compatible; DotBot/1.2; +https://opensiteexplorer.org/dotbot; help@moz.com)"
159.69.158.189 - - [13/Aug/2025:07:03:41 +0200] "HEAD / HTTP/1.1" 200 0 "http://nagybistvan.hu" "Mozilla/5.0+(compatible; UptimeRobot/2.0; http://www.uptimerobot.com/)"
157.90.156.63 - - [13/Aug/2025:07:08:47 +0200] "HEAD / HTTP/1.1" 200 0 "http://nagybistvan.hu" "Mozilla/5.0+(compatible; UptimeRobot/2.0; http://www.uptimerobot.com/)"
49.13.167.123 - - [13/Aug/2025:07:13:50 +0200] "HEAD / HTTP/1.1" 200 0 "http://nagybistvan.hu" "Mozilla/5.0+(compatible; UptimeRobot/2.0; http://www.uptimerobot.com/)"
51.68.107.161 - - [13/Aug/2025:07:15:56 +0200] "GET /robots.txt HTTP/1.1" 404 1181 "-" "Mozilla/5.0 (compatible; MJ12bot/v2.0.2; http://mj12bot.com/)"
51.68.107.161 - - [13/Aug/2025:07:15:56 +0200] "GET / HTTP/1.1" 200 6674 "-" "Mozilla/5.0 (compatible; MJ12bot/v2.0.2; http://mj12bot.com/)"
157.90.156.63 - - [13/Aug/2025:07:18:53 +0200] "HEAD / HTTP/1.1" 200 0 "http://nagybistvan.hu" "Mozilla/5.0+(compatible; UptimeRobot/2.0; http://www.uptimerobot.com/)"
49.13.24.81 - - [13/Aug/2025:07:23:57 +0200] "HEAD / HTTP/1.1" 200 0 "http://nagybistvan.hu" "Mozilla/5.0+(compatible; UptimeRobot/2.0; http://www.uptimerobot.com/)"
66.249.64.105 - - [13/Aug/2025:07:28:20 +0200] "GET /robots.txt HTTP/1.1" 404 1181 "-" "Mozilla/5.0 (compatible; Googlebot/2.1; +http://www.google.com/bot.html)"
66.249.64.107 - - [13/Aug/2025:07:28:21 +0200] "GET /media/image/07.197.001.jpg HTTP/1.1" 200 92251 "-" "Googlebot-Image/1.0"
43.158.91.71 - - [13/Aug/2025:07:28:30 +0200] "GET / HTTP/1.1" 200 6751 "-" "Mozilla/5.0 (iPhone; CPU iPhone OS 13_2_3 like Mac OS X) AppleWebKit/605.1.15 (KHTML, like Gecko) Version/13.0.3 Mobile/15E148 Safari/604.1"
49.13.167.123 - - [13/Aug/2025:07:29:01 +0200] "HEAD / HTTP/1.1" 200 0 "http://nagybistvan.hu" "Mozilla/5.0+(compatible; UptimeRobot/2.0; http://www.uptimerobot.com/)"
128.140.41.193 - - [13/Aug/2025:07:34:05 +0200] "HEAD / HTTP/1.1" 200 0 "http://nagybistvan.hu" "Mozilla/5.0+(compatible; UptimeRobot/2.0; http://www.uptimerobot.com/)"
159.69.158.189 - - [13/Aug/2025:07:39:08 +0200] "HEAD / HTTP/1.1" 200 0 "http://nagybistvan.hu" "Mozilla/5.0+(compatible; UptimeRobot/2.0; http://www.uptimerobot.com/)"
49.13.24.81 - - [13/Aug/2025:07:44:12 +0200] "HEAD / HTTP/1.1" 200 0 "http://nagybistvan.hu" "Mozilla/5.0+(compatible; UptimeRobot/2.0; http://www.uptimerobot.com/)"
49.13.24.81 - - [13/Aug/2025:07:49:17 +0200] "HEAD / HTTP/1.1" 200 0 "http://nagybistvan.hu" "Mozilla/5.0+(compatible; UptimeRobot/2.0; http://www.uptimerobot.com/)"
157.90.155.240 - - [13/Aug/2025:07:54:21 +0200] "HEAD / HTTP/1.1" 200 0 "http://nagybistvan.hu" "Mozilla/5.0+(compatible; UptimeRobot/2.0; http://www.uptimerobot.com/)"
157.90.156.63 - - [13/Aug/2025:07:59:24 +0200] "HEAD / HTTP/1.1" 200 0 "http://nagybistvan.hu" "Mozilla/5.0+(compatible; UptimeRobot/2.0; http://www.uptimerobot.com/)"
66.249.64.132 - - [13/Aug/2025:08:02:04 +0200] "GET /zsambek/Julika%20Zsambekon.jpg HTTP/1.1" 304 - "-" "Googlebot-Image/1.0"
168.119.123.75 - - [13/Aug/2025:08:04:28 +0200] "HEAD / HTTP/1.1" 200 0 "http://nagybistvan.hu" "Mozilla/5.0+(compatible; UptimeRobot/2.0; http://www.uptimerobot.com/)"
159.69.158.189 - - [13/Aug/2025:08:09:32 +0200] "HEAD / HTTP/1.1" 200 0 "http://nagybistvan.hu" "Mozilla/5.0+(compatible; UptimeRobot/2.0; http://www.uptimerobot.com/)"
78.47.173.76 - - [13/Aug/2025:08:14:36 +0200] "HEAD / HTTP/1.1" 200 0 "http://nagybistvan.hu" "Mozilla/5.0+(compatible; UptimeRobot/2.0; http://www.uptimerobot.com/)"
168.119.96.239 - - [13/Aug/2025:08:19:40 +0200] "HEAD / HTTP/1.1" 200 0 "http://nagybistvan.hu" "Mozilla/5.0+(compatible; UptimeRobot/2.0; http://www.uptimerobot.com/)"
157.90.156.63 - - [13/Aug/2025:08:24:45 +0200] "HEAD / HTTP/1.1" 200 0 "http://nagybistvan.hu" "Mozilla/5.0+(compatible; UptimeRobot/2.0; http://www.uptimerobot.com/)"
216.244.66.227 - - [13/Aug/2025:08:28:35 +0200] "GET /robots.txt HTTP/1.1" 404 1181 "-" "Mozilla/5.0 (compatible; DotBot/1.2; +https://opensiteexplorer.org/dotbot; help@moz.com)"
168.119.96.239 - - [13/Aug/2025:08:29:50 +0200] "HEAD / HTTP/1.1" 200 0 "http://nagybistvan.hu" "Mozilla/5.0+(compatible; UptimeRobot/2.0; http://www.uptimerobot.com/)"
168.119.123.75 - - [13/Aug/2025:08:34:53 +0200] "HEAD / HTTP/1.1" 200 0 "http://nagybistvan.hu" "Mozilla/5.0+(compatible; UptimeRobot/2.0; http://www.uptimerobot.com/)"
