172.207.240.95 - - [13/Aug/2025:20:39:01 +0200] "GET /i.php HTTP/1.1" 404 37 "-" "-"
172.207.240.95 - - [13/Aug/2025:20:39:01 +0200] "GET /ii.php HTTP/1.1" 404 37 "-" "-"
172.207.240.95 - - [13/Aug/2025:20:39:01 +0200] "GET /jj.php HTTP/1.1" 404 37 "-" "-"
172.207.240.95 - - [13/Aug/2025:20:39:01 +0200] "GET /hh.php HTTP/1.1" 404 37 "-" "-"
172.207.240.95 - - [13/Aug/2025:20:39:01 +0200] "GET /ll.php HTTP/1.1" 404 37 "-" "-"
172.207.240.95 - - [13/Aug/2025:20:39:02 +0200] "GET /mm.php HTTP/1.1" 404 37 "-" "-"
172.207.240.95 - - [13/Aug/2025:20:39:02 +0200] "GET /nn.php HTTP/1.1" 404 37 "-" "-"
172.207.240.95 - - [13/Aug/2025:20:39:02 +0200] "GET /oo.php HTTP/1.1" 404 37 "-" "-"
172.207.240.95 - - [13/Aug/2025:20:39:03 +0200] "GET /qq.php HTTP/1.1" 404 37 "-" "-"
172.207.240.95 - - [13/Aug/2025:20:39:03 +0200] "GET /pp.php HTTP/1.1" 404 37 "-" "-"
172.207.240.95 - - [13/Aug/2025:20:39:03 +0200] "GET /rr.php HTTP/1.1" 404 37 "-" "-"
172.207.240.95 - - [13/Aug/2025:20:39:03 +0200] "GET /ss.php HTTP/1.1" 404 37 "-" "-"
172.207.240.95 - - [13/Aug/2025:20:39:03 +0200] "GET /tt.php HTTP/1.1" 404 37 "-" "-"
172.207.240.95 - - [13/Aug/2025:20:39:04 +0200] "GET /uu.php HTTP/1.1" 404 37 "-" "-"
172.207.240.95 - - [13/Aug/2025:20:39:04 +0200] "GET /ww.php HTTP/1.1" 404 37 "-" "-"
172.207.240.95 - - [13/Aug/2025:20:39:04 +0200] "GET /xx.php HTTP/1.1" 404 37 "-" "-"
172.207.240.95 - - [13/Aug/2025:20:39:05 +0200] "GET /yy.php HTTP/1.1" 404 37 "-" "-"
172.207.240.95 - - [13/Aug/2025:20:39:05 +0200] "GET /zz.php HTTP/1.1" 404 37 "-" "-"
172.207.240.95 - - [13/Aug/2025:20:39:05 +0200] "GET /b1.php HTTP/1.1" 404 37 "-" "-"
172.207.240.95 - - [13/Aug/2025:20:39:05 +0200] "GET /b2.php HTTP/1.1" 404 37 "-" "-"
172.207.240.95 - - [13/Aug/2025:20:39:05 +0200] "GET /b3.php HTTP/1.1" 404 37 "-" "-"
172.207.240.95 - - [13/Aug/2025:20:39:06 +0200] "GET /b4.php HTTP/1.1" 404 37 "-" "-"
172.207.240.95 - - [13/Aug/2025:20:39:06 +0200] "GET /b5.php HTTP/1.1" 404 37 "-" "-"
172.207.240.95 - - [13/Aug/2025:20:39:06 +0200] "GET /b6.php HTTP/1.1" 404 37 "-" "-"
172.207.240.95 - - [13/Aug/2025:20:39:07 +0200] "GET /b7.php HTTP/1.1" 404 37 "-" "-"
172.207.240.95 - - [13/Aug/2025:20:39:07 +0200] "GET /b8.php HTTP/1.1" 404 37 "-" "-"
172.207.240.95 - - [13/Aug/2025:20:39:07 +0200] "GET /b9.php HTTP/1.1" 404 37 "-" "-"
172.207.240.95 - - [13/Aug/2025:20:39:07 +0200] "GET /b10.php HTTP/1.1" 404 37 "-" "-"
172.207.240.95 - - [13/Aug/2025:20:39:07 +0200] "GET /c1.php HTTP/1.1" 404 37 "-" "-"
172.207.240.95 - - [13/Aug/2025:20:39:08 +0200] "GET /c2.php HTTP/1.1" 404 37 "-" "-"
172.207.240.95 - - [13/Aug/2025:20:39:08 +0200] "GET /c3.php HTTP/1.1" 404 37 "-" "-"
172.207.240.95 - - [13/Aug/2025:20:39:08 +0200] "GET /c4.php HTTP/1.1" 404 37 "-" "-"
172.207.240.95 - - [13/Aug/2025:20:39:09 +0200] "GET /c5.php HTTP/1.1" 404 37 "-" "-"
172.207.240.95 - - [13/Aug/2025:20:39:09 +0200] "GET /c6.php HTTP/1.1" 404 37 "-" "-"
172.207.240.95 - - [13/Aug/2025:20:39:09 +0200] "GET /c7.php HTTP/1.1" 404 37 "-" "-"
172.207.240.95 - - [13/Aug/2025:20:39:09 +0200] "GET /c8.php HTTP/1.1" 404 37 "-" "-"
172.207.240.95 - - [13/Aug/2025:20:39:09 +0200] "GET /c9.php HTTP/1.1" 404 37 "-" "-"
172.207.240.95 - - [13/Aug/2025:20:39:10 +0200] "GET /c10.php HTTP/1.1" 404 37 "-" "-"
172.207.240.95 - - [13/Aug/2025:20:39:10 +0200] "GET /v1.php HTTP/1.1" 404 37 "-" "-"
172.207.240.95 - - [13/Aug/2025:20:39:10 +0200] "GET /v2.php HTTP/1.1" 404 37 "-" "-"
172.207.240.95 - - [13/Aug/2025:20:39:10 +0200] "GET /v3.php HTTP/1.1" 404 37 "-" "-"
172.207.240.95 - - [13/Aug/2025:20:39:11 +0200] "GET /v4.php HTTP/1.1" 404 37 "-" "-"
172.207.240.95 - - [13/Aug/2025:20:39:11 +0200] "GET /v5.php HTTP/1.1" 404 37 "-" "-"
172.207.240.95 - - [13/Aug/2025:20:39:11 +0200] "GET /v6.php HTTP/1.1" 404 37 "-" "-"
172.207.240.95 - - [13/Aug/2025:20:39:12 +0200] "GET /v7.php HTTP/1.1" 404 37 "-" "-"
172.207.240.95 - - [13/Aug/2025:20:39:12 +0200] "GET /v8.pp HTTP/1.1" 404 1181 "-" "-"
172.207.240.95 - - [13/Aug/2025:20:39:12 +0200] "GET /v9.php HTTP/1.1" 404 37 "-" "-"
172.207.240.95 - - [13/Aug/2025:20:39:12 +0200] "GET /v10.php HTTP/1.1" 404 37 "-" "-"
172.207.240.95 - - [13/Aug/2025:20:39:12 +0200] "GET /f1.php HTTP/1.1" 404 37 "-" "-"
172.207.240.95 - - [13/Aug/2025:20:39:13 +0200] "GET /f2.php HTTP/1.1" 404 37 "-" "-"
172.207.240.95 - - [13/Aug/2025:20:39:13 +0200] "GET /f3.php HTTP/1.1" 404 37 "-" "-"
172.207.240.95 - - [13/Aug/2025:20:39:13 +0200] "GET /f4.php HTTP/1.1" 404 37 "-" "-"
172.207.240.95 - - [13/Aug/2025:20:39:14 +0200] "GET /f5.php HTTP/1.1" 404 37 "-" "-"
172.207.240.95 - - [13/Aug/2025:20:39:14 +0200] "GET /f6.php HTTP/1.1" 404 37 "-" "-"
172.207.240.95 - - [13/Aug/2025:20:39:14 +0200] "GET /f7.php HTTP/1.1" 404 37 "-" "-"
172.207.240.95 - - [13/Aug/2025:20:39:14 +0200] "GET /f8.php HTTP/1.1" 404 37 "-" "-"
172.207.240.95 - - [13/Aug/2025:20:39:14 +0200] "GET /f9.php HTTP/1.1" 404 37 "-" "-"
172.207.240.95 - - [13/Aug/2025:20:39:15 +0200] "GET /f10.php HTTP/1.1" 404 37 "-" "-"
172.207.240.95 - - [13/Aug/2025:20:39:15 +0200] "GET /a1.php HTTP/1.1" 404 37 "-" "-"
172.207.240.95 - - [13/Aug/2025:20:39:15 +0200] "GET /a2.php HTTP/1.1" 404 37 "-" "-"
172.207.240.95 - - [13/Aug/2025:20:39:16 +0200] "GET /a3.php HTTP/1.1" 404 37 "-" "-"
172.207.240.95 - - [13/Aug/2025:20:39:16 +0200] "GET /a4.php HTTP/1.1" 404 37 "-" "-"
172.207.240.95 - - [13/Aug/2025:20:39:16 +0200] "GET /a5.php HTTP/1.1" 404 37 "-" "-"
172.207.240.95 - - [13/Aug/2025:20:39:16 +0200] "GET /a6.php HTTP/1.1" 404 37 "-" "-"
172.207.240.95 - - [13/Aug/2025:20:39:16 +0200] "GET /a7.php HTTP/1.1" 404 37 "-" "-"
172.207.240.95 - - [13/Aug/2025:20:39:17 +0200] "GET /a8.php HTTP/1.1" 404 37 "-" "-"
172.207.240.95 - - [13/Aug/2025:20:39:17 +0200] "GET /a9.php HTTP/1.1" 404 37 "-" "-"
172.207.240.95 - - [13/Aug/2025:20:39:17 +0200] "GET /a10.php HTTP/1.1" 404 37 "-" "-"
172.207.240.95 - - [13/Aug/2025:20:39:18 +0200] "GET /news.php HTTP/1.1" 404 37 "-" "-"
172.207.240.95 - - [13/Aug/2025:20:39:18 +0200] "GET /jobs.php HTTP/1.1" 404 37 "-" "-"
172.207.240.95 - - [13/Aug/2025:20:39:18 +0200] "GET /updates.php HTTP/1.1" 404 37 "-" "-"
172.207.240.95 - - [13/Aug/2025:20:39:18 +0200] "GET /schemes.php HTTP/1.1" 404 37 "-" "-"
172.207.240.95 - - [13/Aug/2025:20:39:18 +0200] "GET /contact.php HTTP/1.1" 404 37 "-" "-"
172.207.240.95 - - [13/Aug/2025:20:39:19 +0200] "GET /goods.php HTTP/1.1" 404 37 "-" "-"
66.249.64.131 - - [13/Aug/2025:20:39:22 +0200] "GET /zsambek/Zsambek%20No%20128.jpg HTTP/1.1" 304 - "-" "Googlebot-Image/1.0"
78.47.173.76 - - [13/Aug/2025:20:39:35 +0200] "HEAD / HTTP/1.1" 200 0 "http://nagybistvan.hu" "Mozilla/5.0+(compatible; UptimeRobot/2.0; http://www.uptimerobot.com/)"
49.13.164.148 - - [13/Aug/2025:20:44:39 +0200] "HEAD / HTTP/1.1" 200 0 "http://nagybistvan.hu" "Mozilla/5.0+(compatible; UptimeRobot/2.0; http://www.uptimerobot.com/)"
43.166.142.76 - - [13/Aug/2025:20:46:30 +0200] "GET /index.php?c=foldi_peter HTTP/1.1" 200 17312 "-" "Mozilla/5.0 (iPhone; CPU iPhone OS 13_2_3 like Mac OS X) AppleWebKit/605.1.15 (KHTML, like Gecko) Version/13.0.3 Mobile/15E148 Safari/604.1"
168.119.123.75 - - [13/Aug/2025:20:49:42 +0200] "HEAD / HTTP/1.1" 200 0 "http://nagybistvan.hu" "Mozilla/5.0+(compatible; UptimeRobot/2.0; http://www.uptimerobot.com/)"
142.132.180.39 - - [13/Aug/2025:20:54:46 +0200] "HEAD / HTTP/1.1" 200 0 "http://nagybistvan.hu" "Mozilla/5.0+(compatible; UptimeRobot/2.0; http://www.uptimerobot.com/)"
167.235.143.113 - - [13/Aug/2025:20:59:50 +0200] "HEAD / HTTP/1.1" 200 0 "http://nagybistvan.hu" "Mozilla/5.0+(compatible; UptimeRobot/2.0; http://www.uptimerobot.com/)"
66.249.76.205 - - [13/Aug/2025:21:00:01 +0200] "GET /veroce060708_elemei/image006.jpg HTTP/1.1" 304 - "-" "Googlebot-Image/1.0"
49.13.164.148 - - [13/Aug/2025:21:04:54 +0200] "HEAD / HTTP/1.1" 200 0 "http://nagybistvan.hu" "Mozilla/5.0+(compatible; UptimeRobot/2.0; http://www.uptimerobot.com/)"
49.13.164.148 - - [13/Aug/2025:21:09:58 +0200] "HEAD / HTTP/1.1" 200 0 "http://nagybistvan.hu" "Mozilla/5.0+(compatible; UptimeRobot/2.0; http://www.uptimerobot.com/)"
66.249.64.105 - - [13/Aug/2025:21:12:06 +0200] "GET /media/image/07.033.001.jpg HTTP/1.1" 200 107347 "-" "Googlebot-Image/1.0"
128.140.106.114 - - [13/Aug/2025:21:15:02 +0200] "HEAD / HTTP/1.1" 200 0 "http://nagybistvan.hu" "Mozilla/5.0+(compatible; UptimeRobot/2.0; http://www.uptimerobot.com/)"
49.13.24.81 - - [13/Aug/2025:21:20:06 +0200] "HEAD / HTTP/1.1" 200 0 "http://nagybistvan.hu" "Mozilla/5.0+(compatible; UptimeRobot/2.0; http://www.uptimerobot.com/)"
78.46.190.63 - - [13/Aug/2025:21:25:11 +0200] "HEAD / HTTP/1.1" 200 0 "http://nagybistvan.hu" "Mozilla/5.0+(compatible; UptimeRobot/2.0; http://www.uptimerobot.com/)"
66.249.64.107 - - [13/Aug/2025:21:28:28 +0200] "GET /media/image/07.110.065.jpg HTTP/1.1" 200 72854 "-" "Googlebot-Image/1.0"
49.13.134.145 - - [13/Aug/2025:21:30:14 +0200] "HEAD / HTTP/1.1" 200 0 "http://nagybistvan.hu" "Mozilla/5.0+(compatible; UptimeRobot/2.0; http://www.uptimerobot.com/)"
167.235.143.113 - - [13/Aug/2025:21:35:18 +0200] "HEAD / HTTP/1.1" 200 0 "http://nagybistvan.hu" "Mozilla/5.0+(compatible; UptimeRobot/2.0; http://www.uptimerobot.com/)"
168.119.53.160 - - [13/Aug/2025:21:40:22 +0200] "HEAD / HTTP/1.1" 200 0 "http://nagybistvan.hu" "Mozilla/5.0+(compatible; UptimeRobot/2.0; http://www.uptimerobot.com/)"
168.119.123.75 - - [13/Aug/2025:21:45:26 +0200] "HEAD / HTTP/1.1" 200 0 "http://nagybistvan.hu" "Mozilla/5.0+(compatible; UptimeRobot/2.0; http://www.uptimerobot.com/)"
168.119.96.239 - - [13/Aug/2025:21:50:30 +0200] "HEAD / HTTP/1.1" 200 0 "http://nagybistvan.hu" "Mozilla/5.0+(compatible; UptimeRobot/2.0; http://www.uptimerobot.com/)"
78.46.190.63 - - [13/Aug/2025:21:55:34 +0200] "HEAD / HTTP/1.1" 200 0 "http://nagybistvan.hu" "Mozilla/5.0+(compatible; UptimeRobot/2.0; http://www.uptimerobot.com/)"
167.235.143.113 - - [13/Aug/2025:22:00:40 +0200] "HEAD / HTTP/1.1" 200 0 "http://nagybistvan.hu" "Mozilla/5.0+(compatible; UptimeRobot/2.0; http://www.uptimerobot.com/)"
49.13.164.148 - - [13/Aug/2025:22:05:44 +0200] "HEAD / HTTP/1.1" 200 0 "http://nagybistvan.hu" "Mozilla/5.0+(compatible; UptimeRobot/2.0; http://www.uptimerobot.com/)"
128.140.41.193 - - [13/Aug/2025:22:10:47 +0200] "HEAD / HTTP/1.1" 200 0 "http://nagybistvan.hu" "Mozilla/5.0+(compatible; UptimeRobot/2.0; http://www.uptimerobot.com/)"
78.46.190.63 - - [13/Aug/2025:22:15:51 +0200] "HEAD / HTTP/1.1" 200 0 "http://nagybistvan.hu" "Mozilla/5.0+(compatible; UptimeRobot/2.0; http://www.uptimerobot.com/)"
128.140.41.193 - - [13/Aug/2025:22:20:55 +0200] "HEAD / HTTP/1.1" 200 0 "http://nagybistvan.hu" "Mozilla/5.0+(compatible; UptimeRobot/2.0; http://www.uptimerobot.com/)"
128.140.41.193 - - [13/Aug/2025:22:26:01 +0200] "HEAD / HTTP/1.1" 200 0 "http://nagybistvan.hu" "Mozilla/5.0+(compatible; UptimeRobot/2.0; http://www.uptimerobot.com/)"
159.69.158.189 - - [13/Aug/2025:22:31:06 +0200] "HEAD / HTTP/1.1" 200 0 "http://nagybistvan.hu" "Mozilla/5.0+(compatible; UptimeRobot/2.0; http://www.uptimerobot.com/)"
78.46.190.63 - - [13/Aug/2025:22:36:11 +0200] "HEAD / HTTP/1.1" 200 0 "http://nagybistvan.hu" "Mozilla/5.0+(compatible; UptimeRobot/2.0; http://www.uptimerobot.com/)"
66.249.64.132 - - [13/Aug/2025:22:36:16 +0200] "GET /media/image/07.076.001.jpg HTTP/1.1" 200 146917 "-" "Googlebot-Image/1.0"
49.13.134.145 - - [13/Aug/2025:22:41:15 +0200] "HEAD / HTTP/1.1" 200 0 "http://nagybistvan.hu" "Mozilla/5.0+(compatible; UptimeRobot/2.0; http://www.uptimerobot.com/)"
128.140.41.193 - - [13/Aug/2025:22:46:19 +0200] "HEAD / HTTP/1.1" 200 0 "http://nagybistvan.hu" "Mozilla/5.0+(compatible; UptimeRobot/2.0; http://www.uptimerobot.com/)"
49.13.24.81 - - [13/Aug/2025:22:51:23 +0200] "HEAD / HTTP/1.1" 200 0 "http://nagybistvan.hu" "Mozilla/5.0+(compatible; UptimeRobot/2.0; http://www.uptimerobot.com/)"
49.13.164.148 - - [13/Aug/2025:22:56:27 +0200] "HEAD / HTTP/1.1" 200 0 "http://nagybistvan.hu" "Mozilla/5.0+(compatible; UptimeRobot/2.0; http://www.uptimerobot.com/)"
49.13.24.81 - - [13/Aug/2025:23:01:31 +0200] "HEAD / HTTP/1.1" 200 0 "http://nagybistvan.hu" "Mozilla/5.0+(compatible; UptimeRobot/2.0; http://www.uptimerobot.com/)"
216.244.66.227 - - [13/Aug/2025:23:04:44 +0200] "GET /robots.txt HTTP/1.1" 404 1181 "-" "Mozilla/5.0 (compatible; DotBot/1.2; +https://opensiteexplorer.org/dotbot; help@moz.com)"
216.244.66.227 - - [13/Aug/2025:23:04:44 +0200] "GET /robots.txt HTTP/1.1" 404 1181 "-" "Mozilla/5.0 (compatible; DotBot/1.2; +https://opensiteexplorer.org/dotbot; help@moz.com)"
78.46.190.63 - - [13/Aug/2025:23:06:35 +0200] "HEAD / HTTP/1.1" 200 0 "http://nagybistvan.hu" "Mozilla/5.0+(compatible; UptimeRobot/2.0; http://www.uptimerobot.com/)"
168.119.96.239 - - [13/Aug/2025:23:11:40 +0200] "HEAD / HTTP/1.1" 200 0 "http://nagybistvan.hu" "Mozilla/5.0+(compatible; UptimeRobot/2.0; http://www.uptimerobot.com/)"
216.244.66.227 - - [13/Aug/2025:23:12:29 +0200] "GET /media/image/07.231.003.jpg HTTP/1.1" 200 122339 "-" "Mozilla/5.0 (compatible; DotBot/1.2; +https://opensiteexplorer.org/dotbot; help@moz.com)"
216.244.66.227 - - [13/Aug/2025:23:12:55 +0200] "GET /media/image/30.362.001.jpg HTTP/1.1" 200 188561 "-" "Mozilla/5.0 (compatible; DotBot/1.2; +https://opensiteexplorer.org/dotbot; help@moz.com)"
216.244.66.227 - - [13/Aug/2025:23:13:22 +0200] "GET /media/image/07.008.001.jpg HTTP/1.1" 200 252483 "-" "Mozilla/5.0 (compatible; DotBot/1.2; +https://opensiteexplorer.org/dotbot; help@moz.com)"
216.244.66.227 - - [13/Aug/2025:23:13:51 +0200] "GET /media/image/07.073.001.jpg HTTP/1.1" 200 74658 "-" "Mozilla/5.0 (compatible; DotBot/1.2; +https://opensiteexplorer.org/dotbot; help@moz.com)"
167.235.143.113 - - [13/Aug/2025:23:16:43 +0200] "HEAD / HTTP/1.1" 200 0 "http://nagybistvan.hu" "Mozilla/5.0+(compatible; UptimeRobot/2.0; http://www.uptimerobot.com/)"
66.249.64.130 - - [13/Aug/2025:23:17:33 +0200] "GET /media/image/07.038.001.jpg HTTP/1.1" 200 94036 "-" "Googlebot-Image/1.0"
157.90.155.240 - - [13/Aug/2025:23:21:47 +0200] "HEAD / HTTP/1.1" 200 0 "http://nagybistvan.hu" "Mozilla/5.0+(compatible; UptimeRobot/2.0; http://www.uptimerobot.com/)"
78.47.98.55 - - [13/Aug/2025:23:26:53 +0200] "HEAD / HTTP/1.1" 200 0 "http://nagybistvan.hu" "Mozilla/5.0+(compatible; UptimeRobot/2.0; http://www.uptimerobot.com/)"
66.249.64.130 - - [13/Aug/2025:23:27:41 +0200] "GET /media/image/07.016.001.jpg HTTP/1.1" 200 139964 "-" "Googlebot-Image/1.0"
168.119.96.239 - - [13/Aug/2025:23:31:57 +0200] "HEAD / HTTP/1.1" 200 0 "http://nagybistvan.hu" "Mozilla/5.0+(compatible; UptimeRobot/2.0; http://www.uptimerobot.com/)"
128.140.106.114 - - [13/Aug/2025:23:37:01 +0200] "HEAD / HTTP/1.1" 200 0 "http://nagybistvan.hu" "Mozilla/5.0+(compatible; UptimeRobot/2.0; http://www.uptimerobot.com/)"
78.47.173.76 - - [13/Aug/2025:23:42:04 +0200] "HEAD / HTTP/1.1" 200 0 "http://nagybistvan.hu" "Mozilla/5.0+(compatible; UptimeRobot/2.0; http://www.uptimerobot.com/)"
168.119.123.75 - - [13/Aug/2025:23:47:08 +0200] "HEAD / HTTP/1.1" 200 0 "http://nagybistvan.hu" "Mozilla/5.0+(compatible; UptimeRobot/2.0; http://www.uptimerobot.com/)"
146.59.34.194 - - [13/Aug/2025:23:49:01 +0200] "HEAD / HTTP/1.1" 200 0 "-" "python-requests/2.28.1"
146.59.34.194 - - [13/Aug/2025:23:49:01 +0200] "GET / HTTP/1.1" 200 6888 "-" "python-requests/2.28.1"
146.59.34.194 - - [13/Aug/2025:23:49:01 +0200] "GET / HTTP/1.1" 200 6678 "-" "Mozilla/5.0 (Windows NT 10.0; Win64; x64) AppleWebKit/537.36 (KHTML, like Gecko) Chrome/96.0.4664.110 Safari/537.36"
146.59.34.194 - - [13/Aug/2025:23:49:01 +0200] "GET /wp-json/ HTTP/1.1" 404 1181 "-" "Mozilla/5.0 (Windows NT 10.0; Win64; x64) AppleWebKit/537.36 (KHTML, like Gecko) Chrome/96.0.4664.110 Safari/537.36"
146.59.34.194 - - [13/Aug/2025:23:49:02 +0200] "GET /wp-login.php HTTP/1.1" 404 37 "-" "Mozilla/5.0 (Windows NT 10.0; Win64; x64) AppleWebKit/537.36 (KHTML, like Gecko) Chrome/96.0.4664.110 Safari/537.36"
146.59.34.194 - - [13/Aug/2025:23:49:02 +0200] "GET /xmlrpc.php HTTP/1.1" 404 37 "-" "Mozilla/5.0 (Windows NT 10.0; Win64; x64) AppleWebKit/537.36 (KHTML, like Gecko) Chrome/96.0.4664.110 Safari/537.36"
146.59.34.194 - - [13/Aug/2025:23:49:02 +0200] "GET /feed/ HTTP/1.1" 404 1181 "-" "Mozilla/5.0 (Windows NT 10.0; Win64; x64) AppleWebKit/537.36 (KHTML, like Gecko) Chrome/96.0.4664.110 Safari/537.36"
146.59.34.194 - - [13/Aug/2025:23:49:02 +0200] "GET /rss/ HTTP/1.1" 404 1181 "-" "Mozilla/5.0 (Windows NT 10.0; Win64; x64) AppleWebKit/537.36 (KHTML, like Gecko) Chrome/96.0.4664.110 Safari/537.36"
146.59.34.194 - - [13/Aug/2025:23:49:02 +0200] "GET /readme.html HTTP/1.1" 404 1181 "-" "Mozilla/5.0 (Windows NT 10.0; Win64; x64) AppleWebKit/537.36 (KHTML, like Gecko) Chrome/96.0.4664.110 Safari/537.36"
146.59.34.194 - - [13/Aug/2025:23:49:02 +0200] "GET /wp-admin/ HTTP/1.1" 404 1181 "-" "Mozilla/5.0 (Windows NT 10.0; Win64; x64) AppleWebKit/537.36 (KHTML, like Gecko) Chrome/96.0.4664.110 Safari/537.36"
146.59.34.194 - - [13/Aug/2025:23:49:03 +0200] "GET /wp-content/ HTTP/1.1" 404 1181 "-" "Mozilla/5.0 (Windows NT 10.0; Win64; x64) AppleWebKit/537.36 (KHTML, like Gecko) Chrome/96.0.4664.110 Safari/537.36"
146.59.34.194 - - [13/Aug/2025:23:49:03 +0200] "GET /wp-includes/ HTTP/1.1" 404 1181 "-" "Mozilla/5.0 (Windows NT 10.0; Win64; x64) AppleWebKit/537.36 (KHTML, like Gecko) Chrome/96.0.4664.110 Safari/537.36"
146.59.34.194 - - [13/Aug/2025:23:49:03 +0200] "GET /wp-config-sample.php HTTP/1.1" 404 37 "-" "Mozilla/5.0 (Windows NT 10.0; Win64; x64) AppleWebKit/537.36 (KHTML, like Gecko) Chrome/96.0.4664.110 Safari/537.36"
146.59.34.194 - - [13/Aug/2025:23:49:03 +0200] "GET /wp-comments-post.php HTTP/1.1" 404 37 "-" "Mozilla/5.0 (Windows NT 10.0; Win64; x64) AppleWebKit/537.36 (KHTML, like Gecko) Chrome/96.0.4664.110 Safari/537.36"
216.244.66.227 - - [13/Aug/2025:23:50:59 +0200] "GET /robots.txt HTTP/1.1" 404 1181 "-" "Mozilla/5.0 (compatible; DotBot/1.2; +https://opensiteexplorer.org/dotbot; help@moz.com)"
216.244.66.227 - - [13/Aug/2025:23:50:59 +0200] "GET /robots.txt HTTP/1.1" 404 1181 "-" "Mozilla/5.0 (compatible; DotBot/1.2; +https://opensiteexplorer.org/dotbot; help@moz.com)"
49.13.134.145 - - [13/Aug/2025:23:52:12 +0200] "HEAD / HTTP/1.1" 200 0 "http://nagybistvan.hu" "Mozilla/5.0+(compatible; UptimeRobot/2.0; http://www.uptimerobot.com/)"
142.132.180.39 - - [13/Aug/2025:23:57:15 +0200] "HEAD / HTTP/1.1" 200 0 "http://nagybistvan.hu" "Mozilla/5.0+(compatible; UptimeRobot/2.0; http://www.uptimerobot.com/)"
216.244.66.227 - - [14/Aug/2025:00:00:46 +0200] "GET /index.php?c=Nagy_B_I_09 HTTP/1.1" 200 16533 "-" "Mozilla/5.0 (compatible; DotBot/1.2; +https://opensiteexplorer.org/dotbot; help@moz.com)"
216.244.66.227 - - [14/Aug/2025:00:00:54 +0200] "GET /index.php?c=beszeloszob HTTP/1.1" 200 16063 "-" "Mozilla/5.0 (compatible; DotBot/1.2; +https://opensiteexplorer.org/dotbot; help@moz.com)"
216.244.66.227 - - [14/Aug/2025:00:01:02 +0200] "GET /index.php?c=7080s HTTP/1.1" 200 17062 "-" "Mozilla/5.0 (compatible; DotBot/1.2; +https://opensiteexplorer.org/dotbot; help@moz.com)"
216.244.66.227 - - [14/Aug/2025:00:01:09 +0200] "GET /index.php?c=kepcs HTTP/1.1" 200 16010 "-" "Mozilla/5.0 (compatible; DotBot/1.2; +https://opensiteexplorer.org/dotbot; help@moz.com)"
49.13.167.123 - - [14/Aug/2025:00:02:19 +0200] "HEAD / HTTP/1.1" 200 0 "http://nagybistvan.hu" "Mozilla/5.0+(compatible; UptimeRobot/2.0; http://www.uptimerobot.com/)"
157.90.155.240 - - [14/Aug/2025:00:07:23 +0200] "HEAD / HTTP/1.1" 200 0 "http://nagybistvan.hu" "Mozilla/5.0+(compatible; UptimeRobot/2.0; http://www.uptimerobot.com/)"
167.235.143.113 - - [14/Aug/2025:00:12:29 +0200] "HEAD / HTTP/1.1" 200 0 "http://nagybistvan.hu" "Mozilla/5.0+(compatible; UptimeRobot/2.0; http://www.uptimerobot.com/)"
49.13.164.148 - - [14/Aug/2025:00:17:31 +0200] "HEAD / HTTP/1.1" 200 0 "http://nagybistvan.hu" "Mozilla/5.0+(compatible; UptimeRobot/2.0; http://www.uptimerobot.com/)"
49.13.164.148 - - [14/Aug/2025:00:22:35 +0200] "HEAD / HTTP/1.1" 200 0 "http://nagybistvan.hu" "Mozilla/5.0+(compatible; UptimeRobot/2.0; http://www.uptimerobot.com/)"
49.13.164.148 - - [14/Aug/2025:00:27:39 +0200] "HEAD / HTTP/1.1" 200 0 "http://nagybistvan.hu" "Mozilla/5.0+(compatible; UptimeRobot/2.0; http://www.uptimerobot.com/)"
49.13.167.123 - - [14/Aug/2025:00:32:43 +0200] "HEAD / HTTP/1.1" 200 0 "http://nagybistvan.hu" "Mozilla/5.0+(compatible; UptimeRobot/2.0; http://www.uptimerobot.com/)"
216.244.66.227 - - [14/Aug/2025:00:35:49 +0200] "GET /robots.txt HTTP/1.1" 404 1181 "-" "Mozilla/5.0 (compatible; DotBot/1.2; +https://opensiteexplorer.org/dotbot; help@moz.com)"
142.132.180.39 - - [14/Aug/2025:00:37:47 +0200] "HEAD / HTTP/1.1" 200 0 "http://nagybistvan.hu" "Mozilla/5.0+(compatible; UptimeRobot/2.0; http://www.uptimerobot.com/)"
66.249.64.130 - - [14/Aug/2025:00:39:41 +0200] "GET /media/image/07.079.001.jpg HTTP/1.1" 200 180054 "-" "Googlebot-Image/1.0"
216.244.66.227 - - [14/Aug/2025:00:42:31 +0200] "GET /media/image/21.578.001.jpg HTTP/1.1" 200 112161 "-" "Mozilla/5.0 (compatible; DotBot/1.2; +https://opensiteexplorer.org/dotbot; help@moz.com)"
128.140.41.193 - - [14/Aug/2025:00:42:51 +0200] "HEAD / HTTP/1.1" 200 0 "http://nagybistvan.hu" "Mozilla/5.0+(compatible; UptimeRobot/2.0; http://www.uptimerobot.com/)"
216.244.66.227 - - [14/Aug/2025:00:43:24 +0200] "GET /media/image/24.110.107.jpg HTTP/1.1" 200 124257 "-" "Mozilla/5.0 (compatible; DotBot/1.2; +https://opensiteexplorer.org/dotbot; help@moz.com)"
216.244.66.227 - - [14/Aug/2025:00:43:33 +0200] "GET /media/image/30.360.001.jpg HTTP/1.1" 200 200105 "-" "Mozilla/5.0 (compatible; DotBot/1.2; +https://opensiteexplorer.org/dotbot; help@moz.com)"
216.244.66.227 - - [14/Aug/2025:00:43:45 +0200] "GET /media/image/07.033.001.jpg HTTP/1.1" 200 107347 "-" "Mozilla/5.0 (compatible; DotBot/1.2; +https://opensiteexplorer.org/dotbot; help@moz.com)"
216.244.66.227 - - [14/Aug/2025:00:44:07 +0200] "GET /media/image/07.056.001.jpg HTTP/1.1" 200 130400 "-" "Mozilla/5.0 (compatible; DotBot/1.2; +https://opensiteexplorer.org/dotbot; help@moz.com)"
216.244.66.227 - - [14/Aug/2025:00:44:29 +0200] "GET /media/image/07.110.069.jpg HTTP/1.1" 200 167215 "-" "Mozilla/5.0 (compatible; DotBot/1.2; +https://opensiteexplorer.org/dotbot; help@moz.com)"
167.235.143.113 - - [14/Aug/2025:00:47:55 +0200] "HEAD / HTTP/1.1" 200 0 "http://nagybistvan.hu" "Mozilla/5.0+(compatible; UptimeRobot/2.0; http://www.uptimerobot.com/)"
78.46.190.63 - - [14/Aug/2025:00:53:01 +0200] "HEAD / HTTP/1.1" 200 0 "http://nagybistvan.hu" "Mozilla/5.0+(compatible; UptimeRobot/2.0; http://www.uptimerobot.com/)"
4.227.36.114 - - [14/Aug/2025:00:56:36 +0200] "GET /robots.txt HTTP/1.1" 404 1181 "-" "Mozilla/5.0 AppleWebKit/537.36 (KHTML, like Gecko; compatible; GPTBot/1.2; +https://openai.com/gptbot)"
20.171.207.118 - - [14/Aug/2025:00:56:50 +0200] "GET / HTTP/1.1" 200 6736 "-" "Mozilla/5.0 AppleWebKit/537.36 (KHTML, like Gecko; compatible; GPTBot/1.2; +https://openai.com/gptbot)"
20.171.207.118 - - [14/Aug/2025:00:56:54 +0200] "GET /media/image/21.226.002.jpg HTTP/1.1" 200 200028 "-" "Mozilla/5.0 AppleWebKit/537.36 (KHTML, like Gecko; compatible; GPTBot/1.2; +https://openai.com/gptbot)"
78.46.190.63 - - [14/Aug/2025:00:58:06 +0200] "HEAD / HTTP/1.1" 200 0 "http://nagybistvan.hu" "Mozilla/5.0+(compatible; UptimeRobot/2.0; http://www.uptimerobot.com/)"
213.180.203.151 - - [14/Aug/2025:01:02:32 +0200] "GET /robots.txt HTTP/1.1" 404 1181 "-" "Mozilla/5.0 (compatible; YandexBot/3.0; +http://yandex.com/bots)"
87.250.224.79 - - [14/Aug/2025:01:02:33 +0200] "GET /robots.txt HTTP/1.1" 404 1181 "-" "Mozilla/5.0 (compatible; YandexBot/3.0; +http://yandex.com/bots)"
213.180.203.37 - - [14/Aug/2025:01:02:34 +0200] "GET /robots.txt HTTP/1.1" 404 1181 "-" "Mozilla/5.0 (compatible; YandexBot/3.0; +http://yandex.com/bots)"
213.180.203.85 - - [14/Aug/2025:01:02:35 +0200] "GET /robots.txt HTTP/1.1" 404 1181 "-" "Mozilla/5.0 (compatible; YandexBot/3.0; +http://yandex.com/bots)"
87.250.224.75 - - [14/Aug/2025:01:02:36 +0200] "GET /robots.txt HTTP/1.1" 404 1181 "-" "Mozilla/5.0 (compatible; YandexBot/3.0; +http://yandex.com/bots)"
5.255.231.73 - - [14/Aug/2025:01:02:37 +0200] "GET /robots.txt HTTP/1.1" 404 1181 "-" "Mozilla/5.0 (compatible; YandexBot/3.0; +http://yandex.com/bots)"
213.180.203.153 - - [14/Aug/2025:01:02:38 +0200] "GET /robots.txt HTTP/1.1" 404 1181 "-" "Mozilla/5.0 (compatible; YandexBot/3.0; +http://yandex.com/bots)"
5.255.231.195 - - [14/Aug/2025:01:02:39 +0200] "GET /robots.txt HTTP/1.1" 404 1181 "-" "Mozilla/5.0 (compatible; YandexBot/3.0; +http://yandex.com/bots)"
213.180.203.48 - - [14/Aug/2025:01:02:40 +0200] "GET /robots.txt HTTP/1.1" 404 1181 "-" "Mozilla/5.0 (compatible; YandexBot/3.0; +http://yandex.com/bots)"
78.47.98.55 - - [14/Aug/2025:01:03:10 +0200] "HEAD / HTTP/1.1" 200 0 "http://nagybistvan.hu" "Mozilla/5.0+(compatible; UptimeRobot/2.0; http://www.uptimerobot.com/)"
84.246.85.11 - - [14/Aug/2025:01:03:41 +0200] "GET / HTTP/1.1" 200 6740 "-" "2ip bot/1.1 (+http://2ip.io)"
84.246.85.11 - - [14/Aug/2025:01:03:41 +0200] "GET / HTTP/1.1" 200 6874 "-" "2ip bot/1.1 (+http://2ip.io)"
84.246.85.11 - - [14/Aug/2025:01:03:41 +0200] "GET / HTTP/1.1" 200 6668 "-" "2ip bot/1.1 (+http://2ip.io)"
168.119.53.160 - - [14/Aug/2025:01:08:14 +0200] "HEAD / HTTP/1.1" 200 0 "http://nagybistvan.hu" "Mozilla/5.0+(compatible; UptimeRobot/2.0; http://www.uptimerobot.com/)"
4.227.36.67 - - [14/Aug/2025:01:13:16 +0200] "GET /robots.txt HTTP/1.1" 404 1181 "-" "Mozilla/5.0 AppleWebKit/537.36 (KHTML, like Gecko; compatible; GPTBot/1.2; +https://openai.com/gptbot)"
168.119.123.75 - - [14/Aug/2025:01:13:18 +0200] "HEAD / HTTP/1.1" 200 0 "http://nagybistvan.hu" "Mozilla/5.0+(compatible; UptimeRobot/2.0; http://www.uptimerobot.com/)"
66.249.64.130 - - [14/Aug/2025:01:13:35 +0200] "GET /robots.txt HTTP/1.1" 404 1181 "-" "Mozilla/5.0 (compatible; Googlebot/2.1; +http://www.google.com/bot.html)"
66.249.64.132 - - [14/Aug/2025:01:13:36 +0200] "GET /media/image/07.058.001.jpg HTTP/1.1" 200 126440 "-" "Googlebot-Image/1.0"
128.140.106.114 - - [14/Aug/2025:01:18:23 +0200] "HEAD / HTTP/1.1" 200 0 "http://nagybistvan.hu" "Mozilla/5.0+(compatible; UptimeRobot/2.0; http://www.uptimerobot.com/)"
216.244.66.227 - - [14/Aug/2025:01:21:53 +0200] "GET /robots.txt HTTP/1.1" 404 1181 "-" "Mozilla/5.0 (compatible; DotBot/1.2; +https://opensiteexplorer.org/dotbot; help@moz.com)"
216.244.66.227 - - [14/Aug/2025:01:21:53 +0200] "GET /robots.txt HTTP/1.1" 404 1181 "-" "Mozilla/5.0 (compatible; DotBot/1.2; +https://opensiteexplorer.org/dotbot; help@moz.com)"
167.235.143.113 - - [14/Aug/2025:01:23:27 +0200] "HEAD / HTTP/1.1" 200 0 "http://nagybistvan.hu" "Mozilla/5.0+(compatible; UptimeRobot/2.0; http://www.uptimerobot.com/)"
66.249.64.130 - - [14/Aug/2025:01:24:40 +0200] "GET / HTTP/1.1" 200 6862 "-" "Mozilla/5.0 (Linux; Android 6.0.1; Nexus 5X Build/MMB29P) AppleWebKit/537.36 (KHTML, like Gecko) Chrome/138.0.7204.183 Mobile Safari/537.36 (compatible; Googlebot/2.1; +http://www.google.com/bot.html)"
66.249.64.131 - - [14/Aug/2025:01:24:44 +0200] "GET /lib/thickbox-3.1.custom/thickbox.css HTTP/1.1" 200 4175 "http://nagybistvan.hu/" "Mozilla/5.0 (Linux; Android 6.0.1; Nexus 5X Build/MMB29P) AppleWebKit/537.36 (KHTML, like Gecko) Chrome/137.0.7151.119 Mobile Safari/537.36 (compatible; Googlebot/2.1; +http://www.google.com/bot.html)"
66.249.64.130 - - [14/Aug/2025:01:24:45 +0200] "GET /lib/jquery-1.3.2/jquery-1.3.2.min.js HTTP/1.1" 200 57254 "http://nagybistvan.hu/" "Mozilla/5.0 (Linux; Android 6.0.1; Nexus 5X Build/MMB29P) AppleWebKit/537.36 (KHTML, like Gecko) Chrome/137.0.7151.119 Mobile Safari/537.36 (compatible; Googlebot/2.1; +http://www.google.com/bot.html)"
66.249.64.130 - - [14/Aug/2025:01:24:45 +0200] "GET /lib/jq.fancybox-1.3.4/jquery.mousewheel-3.0.4.pack.js HTTP/1.1" 200 1279 "http://nagybistvan.hu/" "Mozilla/5.0 (Linux; Android 6.0.1; Nexus 5X Build/MMB29P) AppleWebKit/537.36 (KHTML, like Gecko) Chrome/137.0.7151.119 Mobile Safari/537.36 (compatible; Googlebot/2.1; +http://www.google.com/bot.html)"
156.146.33.68 - - [14/Aug/2025:01:27:40 +0200] "GET / HTTP/1.1" 200 6664 "-" "Mozilla/5.0 (Windows NT 10.0; Win64; x64) AppleWebKit/537.36 (KHTML, like Gecko) Chrome/78.0.3904.108 Safari/537.36"
156.146.33.68 - - [14/Aug/2025:01:27:41 +0200] "GET / HTTP/1.1" 200 6696 "-" "Mozilla/5.0 (Windows NT 10.0; Win64; x64) AppleWebKit/537.36 (KHTML, like Gecko) Chrome/78.0.3904.108 Safari/537.36"
156.146.33.68 - - [14/Aug/2025:01:27:41 +0200] "GET /wp-includes/wlwmanifest.xml HTTP/1.1" 404 1181 "-" "Mozilla/5.0 (Windows NT 10.0; Win64; x64) AppleWebKit/537.36 (KHTML, like Gecko) Chrome/78.0.3904.108 Safari/537.36"
156.146.33.68 - - [14/Aug/2025:01:27:41 +0200] "GET /xmlrpc.php?rsd HTTP/1.1" 404 37 "-" "Mozilla/5.0 (Windows NT 10.0; Win64; x64) AppleWebKit/537.36 (KHTML, like Gecko) Chrome/78.0.3904.108 Safari/537.36"
156.146.33.68 - - [14/Aug/2025:01:27:41 +0200] "GET / HTTP/1.1" 200 6765 "-" "Mozilla/5.0 (Windows NT 10.0; Win64; x64) AppleWebKit/537.36 (KHTML, like Gecko) Chrome/78.0.3904.108 Safari/537.36"
156.146.33.68 - - [14/Aug/2025:01:27:41 +0200] "GET /blog/wp-includes/wlwmanifest.xml HTTP/1.1" 404 1181 "-" "Mozilla/5.0 (Windows NT 10.0; Win64; x64) AppleWebKit/537.36 (KHTML, like Gecko) Chrome/78.0.3904.108 Safari/537.36"
156.146.33.68 - - [14/Aug/2025:01:27:41 +0200] "GET /web/wp-includes/wlwmanifest.xml HTTP/1.1" 404 1181 "-" "Mozilla/5.0 (Windows NT 10.0; Win64; x64) AppleWebKit/537.36 (KHTML, like Gecko) Chrome/78.0.3904.108 Safari/537.36"
156.146.33.68 - - [14/Aug/2025:01:27:41 +0200] "GET /wordpress/wp-includes/wlwmanifest.xml HTTP/1.1" 404 1181 "-" "Mozilla/5.0 (Windows NT 10.0; Win64; x64) AppleWebKit/537.36 (KHTML, like Gecko) Chrome/78.0.3904.108 Safari/537.36"
156.146.33.68 - - [14/Aug/2025:01:27:41 +0200] "GET /website/wp-includes/wlwmanifest.xml HTTP/1.1" 404 1181 "-" "Mozilla/5.0 (Windows NT 10.0; Win64; x64) AppleWebKit/537.36 (KHTML, like Gecko) Chrome/78.0.3904.108 Safari/537.36"
156.146.33.68 - - [14/Aug/2025:01:27:41 +0200] "GET /wp/wp-includes/wlwmanifest.xml HTTP/1.1" 404 1181 "-" "Mozilla/5.0 (Windows NT 10.0; Win64; x64) AppleWebKit/537.36 (KHTML, like Gecko) Chrome/78.0.3904.108 Safari/537.36"
156.146.33.68 - - [14/Aug/2025:01:27:41 +0200] "GET /news/wp-includes/wlwmanifest.xml HTTP/1.1" 404 1181 "-" "Mozilla/5.0 (Windows NT 10.0; Win64; x64) AppleWebKit/537.36 (KHTML, like Gecko) Chrome/78.0.3904.108 Safari/537.36"
156.146.33.68 - - [14/Aug/2025:01:27:41 +0200] "GET /2018/wp-includes/wlwmanifest.xml HTTP/1.1" 404 1181 "-" "Mozilla/5.0 (Windows NT 10.0; Win64; x64) AppleWebKit/537.36 (KHTML, like Gecko) Chrome/78.0.3904.108 Safari/537.36"
156.146.33.68 - - [14/Aug/2025:01:27:41 +0200] "GET /2019/wp-includes/wlwmanifest.xml HTTP/1.1" 404 1181 "-" "Mozilla/5.0 (Windows NT 10.0; Win64; x64) AppleWebKit/537.36 (KHTML, like Gecko) Chrome/78.0.3904.108 Safari/537.36"
156.146.33.68 - - [14/Aug/2025:01:27:41 +0200] "GET /shop/wp-includes/wlwmanifest.xml HTTP/1.1" 404 1181 "-" "Mozilla/5.0 (Windows NT 10.0; Win64; x64) AppleWebKit/537.36 (KHTML, like Gecko) Chrome/78.0.3904.108 Safari/537.36"
156.146.33.68 - - [14/Aug/2025:01:27:41 +0200] "GET /wp1/wp-includes/wlwmanifest.xml HTTP/1.1" 404 1181 "-" "Mozilla/5.0 (Windows NT 10.0; Win64; x64) AppleWebKit/537.36 (KHTML, like Gecko) Chrome/78.0.3904.108 Safari/537.36"
156.146.33.68 - - [14/Aug/2025:01:27:41 +0200] "GET /test/wp-includes/wlwmanifest.xml HTTP/1.1" 404 1181 "-" "Mozilla/5.0 (Windows NT 10.0; Win64; x64) AppleWebKit/537.36 (KHTML, like Gecko) Chrome/78.0.3904.108 Safari/537.36"
156.146.33.68 - - [14/Aug/2025:01:27:41 +0200] "GET /media/wp-includes/wlwmanifest.xml HTTP/1.1" 404 1181 "-" "Mozilla/5.0 (Windows NT 10.0; Win64; x64) AppleWebKit/537.36 (KHTML, like Gecko) Chrome/78.0.3904.108 Safari/537.36"
156.146.33.68 - - [14/Aug/2025:01:27:41 +0200] "GET /wp2/wp-includes/wlwmanifest.xml HTTP/1.1" 404 1181 "-" "Mozilla/5.0 (Windows NT 10.0; Win64; x64) AppleWebKit/537.36 (KHTML, like Gecko) Chrome/78.0.3904.108 Safari/537.36"
156.146.33.68 - - [14/Aug/2025:01:27:41 +0200] "GET /site/wp-includes/wlwmanifest.xml HTTP/1.1" 404 1181 "-" "Mozilla/5.0 (Windows NT 10.0; Win64; x64) AppleWebKit/537.36 (KHTML, like Gecko) Chrome/78.0.3904.108 Safari/537.36"
156.146.33.68 - - [14/Aug/2025:01:27:41 +0200] "GET /cms/wp-includes/wlwmanifest.xml HTTP/1.1" 404 1181 "-" "Mozilla/5.0 (Windows NT 10.0; Win64; x64) AppleWebKit/537.36 (KHTML, like Gecko) Chrome/78.0.3904.108 Safari/537.36"
156.146.33.68 - - [14/Aug/2025:01:27:41 +0200] "GET /sito/wp-includes/wlwmanifest.xml HTTP/1.1" 404 1181 "-" "Mozilla/5.0 (Windows NT 10.0; Win64; x64) AppleWebKit/537.36 (KHTML, like Gecko) Chrome/78.0.3904.108 Safari/537.36"
167.235.143.113 - - [14/Aug/2025:01:28:31 +0200] "HEAD / HTTP/1.1" 200 0 "http://nagybistvan.hu" "Mozilla/5.0+(compatible; UptimeRobot/2.0; http://www.uptimerobot.com/)"
216.244.66.227 - - [14/Aug/2025:01:29:02 +0200] "GET /media/image/24.336.002.jpg HTTP/1.1" 200 165669 "-" "Mozilla/5.0 (compatible; DotBot/1.2; +https://opensiteexplorer.org/dotbot; help@moz.com)"
216.244.66.227 - - [14/Aug/2025:01:29:19 +0200] "GET /korai/pages/Julika%20Zs%E1mb%E9kon.html HTTP/1.1" 200 1270 "-" "Mozilla/5.0 (compatible; DotBot/1.2; +https://opensiteexplorer.org/dotbot; help@moz.com)"
216.244.66.227 - - [14/Aug/2025:01:29:25 +0200] "GET /media/image/07.152.001.jpg HTTP/1.1" 200 136699 "-" "Mozilla/5.0 (compatible; DotBot/1.2; +https://opensiteexplorer.org/dotbot; help@moz.com)"
216.244.66.227 - - [14/Aug/2025:01:29:28 +0200] "GET /media/image/07.043.001.jpg HTTP/1.1" 200 138376 "-" "Mozilla/5.0 (compatible; DotBot/1.2; +https://opensiteexplorer.org/dotbot; help@moz.com)"
216.244.66.227 - - [14/Aug/2025:01:29:33 +0200] "GET /media/image/24.336.011.jpg HTTP/1.1" 200 202113 "-" "Mozilla/5.0 (compatible; DotBot/1.2; +https://opensiteexplorer.org/dotbot; help@moz.com)"
216.244.66.227 - - [14/Aug/2025:01:29:40 +0200] "GET /media/image/07.036.001.jpg HTTP/1.1" 200 97420 "-" "Mozilla/5.0 (compatible; DotBot/1.2; +https://opensiteexplorer.org/dotbot; help@moz.com)"
216.244.66.227 - - [14/Aug/2025:01:29:52 +0200] "GET /media/image/22.311.001.jpg HTTP/1.1" 200 136588 "-" "Mozilla/5.0 (compatible; DotBot/1.2; +https://opensiteexplorer.org/dotbot; help@moz.com)"
216.244.66.227 - - [14/Aug/2025:01:30:00 +0200] "GET /media/image/30.355.001.jpg HTTP/1.1" 200 197149 "-" "Mozilla/5.0 (compatible; DotBot/1.2; +https://opensiteexplorer.org/dotbot; help@moz.com)"
216.244.66.227 - - [14/Aug/2025:01:30:44 +0200] "GET /media/image/07.110.036.jpg HTTP/1.1" 200 143011 "-" "Mozilla/5.0 (compatible; DotBot/1.2; +https://opensiteexplorer.org/dotbot; help@moz.com)"
216.244.66.227 - - [14/Aug/2025:01:32:04 +0200] "GET /index.php?c=ogorogmenza HTTP/1.1" 200 5208 "-" "Mozilla/5.0 (compatible; DotBot/1.2; +https://opensiteexplorer.org/dotbot; help@moz.com)"
78.47.173.76 - - [14/Aug/2025:01:33:35 +0200] "HEAD / HTTP/1.1" 200 0 "http://nagybistvan.hu" "Mozilla/5.0+(compatible; UptimeRobot/2.0; http://www.uptimerobot.com/)"
49.13.130.29 - - [14/Aug/2025:01:38:38 +0200] "HEAD / HTTP/1.1" 200 0 "http://nagybistvan.hu" "Mozilla/5.0+(compatible; UptimeRobot/2.0; http://www.uptimerobot.com/)"
49.13.167.123 - - [14/Aug/2025:01:43:43 +0200] "HEAD / HTTP/1.1" 200 0 "http://nagybistvan.hu" "Mozilla/5.0+(compatible; UptimeRobot/2.0; http://www.uptimerobot.com/)"
128.140.41.193 - - [14/Aug/2025:01:48:47 +0200] "HEAD / HTTP/1.1" 200 0 "http://nagybistvan.hu" "Mozilla/5.0+(compatible; UptimeRobot/2.0; http://www.uptimerobot.com/)"
78.47.173.76 - - [14/Aug/2025:01:53:50 +0200] "HEAD / HTTP/1.1" 200 0 "http://nagybistvan.hu" "Mozilla/5.0+(compatible; UptimeRobot/2.0; http://www.uptimerobot.com/)"
69.171.231.5 - - [14/Aug/2025:01:54:49 +0200] "GET /robots.txt HTTP/1.1" 404 1181 "-" "facebookexternalhit/1.1 (+http://www.facebook.com/externalhit_uatext.php)"
78.46.190.63 - - [14/Aug/2025:01:58:53 +0200] "HEAD / HTTP/1.1" 200 0 "http://nagybistvan.hu" "Mozilla/5.0+(compatible; UptimeRobot/2.0; http://www.uptimerobot.com/)"
78.47.173.76 - - [14/Aug/2025:02:03:57 +0200] "HEAD / HTTP/1.1" 200 0 "http://nagybistvan.hu" "Mozilla/5.0+(compatible; UptimeRobot/2.0; http://www.uptimerobot.com/)"
51.68.111.239 - - [14/Aug/2025:02:08:57 +0200] "GET /robots.txt HTTP/1.1" 404 1181 "-" "Mozilla/5.0 (compatible; MJ12bot/v2.0.4; http://mj12bot.com/)"
51.68.111.239 - - [14/Aug/2025:02:08:57 +0200] "GET / HTTP/1.1" 200 6646 "-" "Mozilla/5.0 (compatible; MJ12bot/v2.0.4; http://mj12bot.com/)"
49.13.167.123 - - [14/Aug/2025:02:09:01 +0200] "HEAD / HTTP/1.1" 200 0 "http://nagybistvan.hu" "Mozilla/5.0+(compatible; UptimeRobot/2.0; http://www.uptimerobot.com/)"
157.90.156.63 - - [14/Aug/2025:02:14:06 +0200] "HEAD / HTTP/1.1" 200 0 "http://nagybistvan.hu" "Mozilla/5.0+(compatible; UptimeRobot/2.0; http://www.uptimerobot.com/)"
196.251.86.107 - - [14/Aug/2025:02:17:16 +0200] "GET /wp-json/wp/v2/users HTTP/1.1" 404 1181 "-" "Mozilla/5.0 (Macintosh; Intel Mac OS X 14_2_1) AppleWebKit/605.1.15 (KHTML, like Gecko) Version/17.1 Safari/605.1.15"
196.251.86.107 - - [14/Aug/2025:02:17:17 +0200] "GET /?author=1 HTTP/1.1" 200 6714 "-" "Mozilla/5.0 (Macintosh; Intel Mac OS X 14_1) AppleWebKit/605.1.15 (KHTML, like Gecko) Version/17.0 Safari/605.1.15"
142.132.180.39 - - [14/Aug/2025:02:19:09 +0200] "HEAD / HTTP/1.1" 200 0 "http://nagybistvan.hu" "Mozilla/5.0+(compatible; UptimeRobot/2.0; http://www.uptimerobot.com/)"
216.244.66.227 - - [14/Aug/2025:02:21:20 +0200] "GET /robots.txt HTTP/1.1" 404 1181 "-" "Mozilla/5.0 (compatible; DotBot/1.2; +https://opensiteexplorer.org/dotbot; help@moz.com)"
216.244.66.227 - - [14/Aug/2025:02:21:20 +0200] "GET /robots.txt HTTP/1.1" 404 1181 "-" "Mozilla/5.0 (compatible; DotBot/1.2; +https://opensiteexplorer.org/dotbot; help@moz.com)"
128.140.41.193 - - [14/Aug/2025:02:24:13 +0200] "HEAD / HTTP/1.1" 200 0 "http://nagybistvan.hu" "Mozilla/5.0+(compatible; UptimeRobot/2.0; http://www.uptimerobot.com/)"
216.244.66.227 - - [14/Aug/2025:02:26:19 +0200] "GET /media/image/24.110.063.jpg HTTP/1.1" 200 131333 "-" "Mozilla/5.0 (compatible; DotBot/1.2; +https://opensiteexplorer.org/dotbot; help@moz.com)"
34.169.202.108 - - [14/Aug/2025:02:26:31 +0200] "HEAD /wordpress HTTP/1.1" 404 0 "-" "Mozilla/5.0 (Windows NT 10.0; Win64; x64) AppleWebKit/537.36 (KHTML, like Gecko) Chrome/74.0.3729.169 Safari/537.36"
34.169.202.108 - - [14/Aug/2025:02:26:31 +0200] "HEAD / HTTP/1.1" 200 0 "-" "Mozilla/5.0 (Windows NT 10.0; Win64; x64) AppleWebKit/537.36 (KHTML, like Gecko) Chrome/74.0.3729.169 Safari/537.36"
34.169.202.108 - - [14/Aug/2025:02:26:32 +0200] "HEAD /wp HTTP/1.1" 404 0 "-" "Mozilla/5.0 (Windows NT 10.0; Win64; x64) AppleWebKit/537.36 (KHTML, like Gecko) Chrome/74.0.3729.169 Safari/537.36"
34.169.202.108 - - [14/Aug/2025:02:26:32 +0200] "HEAD /bc HTTP/1.1" 404 0 "-" "Mozilla/5.0 (Windows NT 10.0; Win64; x64) AppleWebKit/537.36 (KHTML, like Gecko) Chrome/74.0.3729.169 Safari/537.36"
34.169.202.108 - - [14/Aug/2025:02:26:32 +0200] "HEAD /bk HTTP/1.1" 404 0 "-" "Mozilla/5.0 (Windows NT 10.0; Win64; x64) AppleWebKit/537.36 (KHTML, like Gecko) Chrome/74.0.3729.169 Safari/537.36"
34.169.202.108 - - [14/Aug/2025:02:26:32 +0200] "HEAD /backup HTTP/1.1" 404 0 "-" "Mozilla/5.0 (Windows NT 10.0; Win64; x64) AppleWebKit/537.36 (KHTML, like Gecko) Chrome/74.0.3729.169 Safari/537.36"
34.169.202.108 - - [14/Aug/2025:02:26:32 +0200] "HEAD /old HTTP/1.1" 404 0 "-" "Mozilla/5.0 (Windows NT 10.0; Win64; x64) AppleWebKit/537.36 (KHTML, like Gecko) Chrome/74.0.3729.169 Safari/537.36"
34.169.202.108 - - [14/Aug/2025:02:26:32 +0200] "HEAD /new HTTP/1.1" 404 0 "-" "Mozilla/5.0 (Windows NT 10.0; Win64; x64) AppleWebKit/537.36 (KHTML, like Gecko) Chrome/74.0.3729.169 Safari/537.36"
34.169.202.108 - - [14/Aug/2025:02:26:33 +0200] "HEAD /main HTTP/1.1" 404 0 "-" "Mozilla/5.0 (Windows NT 10.0; Win64; x64) AppleWebKit/537.36 (KHTML, like Gecko) Chrome/74.0.3729.169 Safari/537.36"
34.169.202.108 - - [14/Aug/2025:02:26:33 +0200] "HEAD /home HTTP/1.1" 404 0 "-" "Mozilla/5.0 (Windows NT 10.0; Win64; x64) AppleWebKit/537.36 (KHTML, like Gecko) Chrome/74.0.3729.169 Safari/537.36"
185.39.19.43 - - [14/Aug/2025:02:26:37 +0200] "GET / HTTP/1.0" 200 6775 "http://nagybistvan.hu/" "Mozilla/5.0 (Windows NT 10.0; Win64; x64) AppleWebKit/537.36 (KHTML, like Gecko) Chrome/129.0.0.0 Safari/537.36"
216.244.66.227 - - [14/Aug/2025:02:27:31 +0200] "GET /zsambek/Zsambek%20LXXXI.html HTTP/1.1" 200 688 "-" "Mozilla/5.0 (compatible; DotBot/1.2; +https://opensiteexplorer.org/dotbot; help@moz.com)"
216.244.66.227 - - [14/Aug/2025:02:27:47 +0200] "GET /media/image/07.095.001.jpg HTTP/1.1" 200 97236 "-" "Mozilla/5.0 (compatible; DotBot/1.2; +https://opensiteexplorer.org/dotbot; help@moz.com)"
216.244.66.227 - - [14/Aug/2025:02:27:54 +0200] "GET /korai/pages/S%E1rga%20Zs%E1mb%E9k.html HTTP/1.1" 200 1307 "-" "Mozilla/5.0 (compatible; DotBot/1.2; +https://opensiteexplorer.org/dotbot; help@moz.com)"
216.244.66.227 - - [14/Aug/2025:02:28:16 +0200] "GET /media/image/07.018.001.jpg HTTP/1.1" 200 197918 "-" "Mozilla/5.0 (compatible; DotBot/1.2; +https://opensiteexplorer.org/dotbot; help@moz.com)"
216.244.66.227 - - [14/Aug/2025:02:28:47 +0200] "GET /media/image/07.044.001.jpg HTTP/1.1" 200 143034 "-" "Mozilla/5.0 (compatible; DotBot/1.2; +https://opensiteexplorer.org/dotbot; help@moz.com)"
157.90.156.63 - - [14/Aug/2025:02:29:19 +0200] "HEAD / HTTP/1.1" 200 0 "http://nagybistvan.hu" "Mozilla/5.0+(compatible; UptimeRobot/2.0; http://www.uptimerobot.com/)"
216.244.66.227 - - [14/Aug/2025:02:29:20 +0200] "GET /index.php?c=greco HTTP/1.1" 200 17734 "-" "Mozilla/5.0 (compatible; DotBot/1.2; +https://opensiteexplorer.org/dotbot; help@moz.com)"
216.244.66.227 - - [14/Aug/2025:02:29:57 +0200] "GET /media/image/07.110.123.jpg HTTP/1.1" 200 121538 "-" "Mozilla/5.0 (compatible; DotBot/1.2; +https://opensiteexplorer.org/dotbot; help@moz.com)"
168.119.123.75 - - [14/Aug/2025:02:34:22 +0200] "HEAD / HTTP/1.1" 200 0 "http://nagybistvan.hu" "Mozilla/5.0+(compatible; UptimeRobot/2.0; http://www.uptimerobot.com/)"
49.13.167.123 - - [14/Aug/2025:02:39:26 +0200] "HEAD / HTTP/1.1" 200 0 "http://nagybistvan.hu" "Mozilla/5.0+(compatible; UptimeRobot/2.0; http://www.uptimerobot.com/)"
159.69.158.189 - - [14/Aug/2025:02:44:29 +0200] "HEAD / HTTP/1.1" 200 0 "http://nagybistvan.hu" "Mozilla/5.0+(compatible; UptimeRobot/2.0; http://www.uptimerobot.com/)"
168.119.53.160 - - [14/Aug/2025:02:49:33 +0200] "HEAD / HTTP/1.1" 200 0 "http://nagybistvan.hu" "Mozilla/5.0+(compatible; UptimeRobot/2.0; http://www.uptimerobot.com/)"
142.132.180.39 - - [14/Aug/2025:02:54:36 +0200] "HEAD / HTTP/1.1" 200 0 "http://nagybistvan.hu" "Mozilla/5.0+(compatible; UptimeRobot/2.0; http://www.uptimerobot.com/)"
168.119.123.75 - - [14/Aug/2025:02:59:41 +0200] "HEAD / HTTP/1.1" 200 0 "http://nagybistvan.hu" "Mozilla/5.0+(compatible; UptimeRobot/2.0; http://www.uptimerobot.com/)"
157.90.155.240 - - [14/Aug/2025:03:04:45 +0200] "HEAD / HTTP/1.1" 200 0 "http://nagybistvan.hu" "Mozilla/5.0+(compatible; UptimeRobot/2.0; http://www.uptimerobot.com/)"
216.244.66.227 - - [14/Aug/2025:03:07:24 +0200] "GET /robots.txt HTTP/1.1" 404 1181 "-" "Mozilla/5.0 (compatible; DotBot/1.2; +https://opensiteexplorer.org/dotbot; help@moz.com)"
216.244.66.227 - - [14/Aug/2025:03:07:24 +0200] "GET /robots.txt HTTP/1.1" 404 1181 "-" "Mozilla/5.0 (compatible; DotBot/1.2; +https://opensiteexplorer.org/dotbot; help@moz.com)"
159.69.158.189 - - [14/Aug/2025:03:09:49 +0200] "HEAD / HTTP/1.1" 200 0 "http://nagybistvan.hu" "Mozilla/5.0+(compatible; UptimeRobot/2.0; http://www.uptimerobot.com/)"
216.244.66.227 - - [14/Aug/2025:03:11:27 +0200] "GET /media/image/07.110.136.jpg HTTP/1.1" 200 139386 "-" "Mozilla/5.0 (compatible; DotBot/1.2; +https://opensiteexplorer.org/dotbot; help@moz.com)"
216.244.66.227 - - [14/Aug/2025:03:13:16 +0200] "GET /media/image/21.579.001.jpg HTTP/1.1" 200 169806 "-" "Mozilla/5.0 (compatible; DotBot/1.2; +https://opensiteexplorer.org/dotbot; help@moz.com)"
216.244.66.227 - - [14/Aug/2025:03:13:29 +0200] "GET /media/image/24.291.001.jpg HTTP/1.1" 200 112444 "-" "Mozilla/5.0 (compatible; DotBot/1.2; +https://opensiteexplorer.org/dotbot; help@moz.com)"
216.244.66.227 - - [14/Aug/2025:03:14:00 +0200] "GET /media/image/07.038.001.jpg HTTP/1.1" 200 94036 "-" "Mozilla/5.0 (compatible; DotBot/1.2; +https://opensiteexplorer.org/dotbot; help@moz.com)"
216.244.66.227 - - [14/Aug/2025:03:14:41 +0200] "GET /media/image/24.110.105.jpg HTTP/1.1" 200 159951 "-" "Mozilla/5.0 (compatible; DotBot/1.2; +https://opensiteexplorer.org/dotbot; help@moz.com)"
78.46.190.63 - - [14/Aug/2025:03:14:52 +0200] "HEAD / HTTP/1.1" 200 0 "http://nagybistvan.hu" "Mozilla/5.0+(compatible; UptimeRobot/2.0; http://www.uptimerobot.com/)"
216.244.66.227 - - [14/Aug/2025:03:15:15 +0200] "GET /media/image/07.065.001.jpg HTTP/1.1" 200 92532 "-" "Mozilla/5.0 (compatible; DotBot/1.2; +https://opensiteexplorer.org/dotbot; help@moz.com)"
216.244.66.227 - - [14/Aug/2025:03:15:46 +0200] "GET /korai/pages/Alattval%F3.html HTTP/1.1" 200 1061 "-" "Mozilla/5.0 (compatible; DotBot/1.2; +https://opensiteexplorer.org/dotbot; help@moz.com)"
216.244.66.227 - - [14/Aug/2025:03:16:18 +0200] "GET /media/image/07.034.001.jpg HTTP/1.1" 200 104843 "-" "Mozilla/5.0 (compatible; DotBot/1.2; +https://opensiteexplorer.org/dotbot; help@moz.com)"
216.244.66.227 - - [14/Aug/2025:03:16:52 +0200] "GET /media/image/07.238.002.jpg HTTP/1.1" 200 104893 "-" "Mozilla/5.0 (compatible; DotBot/1.2; +https://opensiteexplorer.org/dotbot; help@moz.com)"
216.244.66.227 - - [14/Aug/2025:03:17:20 +0200] "GET /media/image/07.237.001.jpg HTTP/1.1" 200 88220 "-" "Mozilla/5.0 (compatible; DotBot/1.2; +https://opensiteexplorer.org/dotbot; help@moz.com)"
216.244.66.227 - - [14/Aug/2025:03:17:51 +0200] "GET /media/image/07.238.004.jpg HTTP/1.1" 200 130680 "-" "Mozilla/5.0 (compatible; DotBot/1.2; +https://opensiteexplorer.org/dotbot; help@moz.com)"
216.244.66.227 - - [14/Aug/2025:03:18:21 +0200] "GET /media/image/24.336.013.jpg HTTP/1.1" 200 196737 "-" "Mozilla/5.0 (compatible; DotBot/1.2; +https://opensiteexplorer.org/dotbot; help@moz.com)"
216.244.66.227 - - [14/Aug/2025:03:18:49 +0200] "GET /index.php?c=7080s&cp=9 HTTP/1.1" 200 17995 "-" "Mozilla/5.0 (compatible; DotBot/1.2; +https://opensiteexplorer.org/dotbot; help@moz.com)"
216.244.66.227 - - [14/Aug/2025:03:19:21 +0200] "GET /media/image/07.110.068.jpg HTTP/1.1" 200 112512 "-" "Mozilla/5.0 (compatible; DotBot/1.2; +https://opensiteexplorer.org/dotbot; help@moz.com)"
157.90.156.63 - - [14/Aug/2025:03:19:56 +0200] "HEAD / HTTP/1.1" 200 0 "http://nagybistvan.hu" "Mozilla/5.0+(compatible; UptimeRobot/2.0; http://www.uptimerobot.com/)"
49.13.164.148 - - [14/Aug/2025:03:25:01 +0200] "HEAD / HTTP/1.1" 200 0 "http://nagybistvan.hu" "Mozilla/5.0+(compatible; UptimeRobot/2.0; http://www.uptimerobot.com/)"
43.130.110.130 - - [14/Aug/2025:03:27:14 +0200] "GET / HTTP/1.1" 200 6756 "-" "Mozilla/5.0 (iPhone; CPU iPhone OS 13_2_3 like Mac OS X) AppleWebKit/605.1.15 (KHTML, like Gecko) Version/13.0.3 Mobile/15E148 Safari/604.1"
142.132.180.39 - - [14/Aug/2025:03:30:05 +0200] "HEAD / HTTP/1.1" 200 0 "http://nagybistvan.hu" "Mozilla/5.0+(compatible; UptimeRobot/2.0; http://www.uptimerobot.com/)"
78.47.173.76 - - [14/Aug/2025:03:35:08 +0200] "HEAD / HTTP/1.1" 200 0 "http://nagybistvan.hu" "Mozilla/5.0+(compatible; UptimeRobot/2.0; http://www.uptimerobot.com/)"
217.113.194.75 - - [14/Aug/2025:03:39:39 +0200] "GET /robots.txt HTTP/1.1" 404 1181 "-" "Mozilla/5.0 (compatible; Barkrowler/0.9; +https://babbar.tech/crawler)"
217.113.194.76 - - [14/Aug/2025:03:39:46 +0200] "GET /robots.txt HTTP/1.1" 404 1181 "-" "Mozilla/5.0 (compatible; Barkrowler/0.9; +https://babbar.tech/crawler)"
217.113.194.80 - - [14/Aug/2025:03:39:59 +0200] "GET /index.php HTTP/1.1" 200 6685 "-" "Mozilla/5.0 (compatible; Barkrowler/0.9; +https://babbar.tech/crawler)"
217.113.194.74 - - [14/Aug/2025:03:40:07 +0200] "GET /index.php HTTP/1.1" 200 6707 "-" "Mozilla/5.0 (compatible; Barkrowler/0.9; +https://babbar.tech/crawler)"
78.46.190.63 - - [14/Aug/2025:03:40:12 +0200] "HEAD / HTTP/1.1" 200 0 "http://nagybistvan.hu" "Mozilla/5.0+(compatible; UptimeRobot/2.0; http://www.uptimerobot.com/)"
217.113.194.77 - - [14/Aug/2025:03:40:17 +0200] "GET /?c=estv HTTP/1.1" 200 6027 "-" "Mozilla/5.0 (compatible; Barkrowler/0.9; +https://babbar.tech/crawler)"
217.113.194.74 - - [14/Aug/2025:03:40:26 +0200] "GET /?c=estv HTTP/1.1" 200 5997 "-" "Mozilla/5.0 (compatible; Barkrowler/0.9; +https://babbar.tech/crawler)"
217.113.194.217 - - [14/Aug/2025:03:40:39 +0200] "GET /?c=gyarmati HTTP/1.1" 200 7229 "-" "Mozilla/5.0 (compatible; Barkrowler/0.9; +https://babbar.tech/crawler)"
217.113.194.218 - - [14/Aug/2025:03:40:52 +0200] "GET /?c=greco&cp=1 HTTP/1.1" 200 17734 "-" "Mozilla/5.0 (compatible; Barkrowler/0.9; +https://babbar.tech/crawler)"
217.113.194.76 - - [14/Aug/2025:03:41:01 +0200] "GET /index.php?c=bio HTTP/1.1" 200 13310 "-" "Mozilla/5.0 (compatible; Barkrowler/0.9; +https://babbar.tech/crawler)"
217.113.194.217 - - [14/Aug/2025:03:41:10 +0200] "GET /?c=greco&cp=2 HTTP/1.1" 200 18168 "-" "Mozilla/5.0 (compatible; Barkrowler/0.9; +https://babbar.tech/crawler)"
217.113.194.218 - - [14/Aug/2025:03:41:19 +0200] "GET /index.php?c=dijai HTTP/1.1" 200 6898 "-" "Mozilla/5.0 (compatible; Barkrowler/0.9; +https://babbar.tech/crawler)"
217.113.194.217 - - [14/Aug/2025:03:41:27 +0200] "GET /index.php?c=dijai HTTP/1.1" 200 7090 "-" "Mozilla/5.0 (compatible; Barkrowler/0.9; +https://babbar.tech/crawler)"
217.113.194.81 - - [14/Aug/2025:03:41:35 +0200] "GET /?c=veszelszky HTTP/1.1" 200 6011 "-" "Mozilla/5.0 (compatible; Barkrowler/0.9; +https://babbar.tech/crawler)"
154.54.249.200 - - [14/Aug/2025:03:41:43 +0200] "GET /?c=7080s&cp=1 HTTP/1.1" 200 17062 "-" "Mozilla/5.0 (compatible; Barkrowler/0.9; +https://babbar.tech/crawler)"
217.113.194.79 - - [14/Aug/2025:03:41:51 +0200] "GET /index.php?c=egyeni HTTP/1.1" 200 8316 "-" "Mozilla/5.0 (compatible; Barkrowler/0.9; +https://babbar.tech/crawler)"
