88.99.80.227 - - [08/Aug/2025:23:44:15 +0200] "HEAD / HTTP/1.1" 200 0 "http://nagybistvan.hu" "Mozilla/5.0+(compatible; UptimeRobot/2.0; http://www.uptimerobot.com/)"
128.140.41.193 - - [08/Aug/2025:23:49:19 +0200] "HEAD / HTTP/1.1" 200 0 "http://nagybistvan.hu" "Mozilla/5.0+(compatible; UptimeRobot/2.0; http://www.uptimerobot.com/)"
168.119.53.160 - - [08/Aug/2025:23:54:23 +0200] "HEAD / HTTP/1.1" 200 0 "http://nagybistvan.hu" "Mozilla/5.0+(compatible; UptimeRobot/2.0; http://www.uptimerobot.com/)"
88.99.80.227 - - [08/Aug/2025:23:59:28 +0200] "HEAD / HTTP/1.1" 200 0 "http://nagybistvan.hu" "Mozilla/5.0+(compatible; UptimeRobot/2.0; http://www.uptimerobot.com/)"
159.69.158.189 - - [09/Aug/2025:00:04:33 +0200] "HEAD / HTTP/1.1" 200 0 "http://nagybistvan.hu" "Mozilla/5.0+(compatible; UptimeRobot/2.0; http://www.uptimerobot.com/)"
66.249.64.106 - - [09/Aug/2025:00:08:24 +0200] "GET /media/image/07.102.001.jpg HTTP/1.1" 200 146217 "-" "Googlebot-Image/1.0"
159.69.158.189 - - [09/Aug/2025:00:09:37 +0200] "HEAD / HTTP/1.1" 200 0 "http://nagybistvan.hu" "Mozilla/5.0+(compatible; UptimeRobot/2.0; http://www.uptimerobot.com/)"
168.119.123.75 - - [09/Aug/2025:00:14:40 +0200] "HEAD / HTTP/1.1" 200 0 "http://nagybistvan.hu" "Mozilla/5.0+(compatible; UptimeRobot/2.0; http://www.uptimerobot.com/)"
49.13.134.145 - - [09/Aug/2025:00:19:46 +0200] "HEAD / HTTP/1.1" 200 0 "http://nagybistvan.hu" "Mozilla/5.0+(compatible; UptimeRobot/2.0; http://www.uptimerobot.com/)"
88.99.80.227 - - [09/Aug/2025:00:24:50 +0200] "HEAD / HTTP/1.1" 200 0 "http://nagybistvan.hu" "Mozilla/5.0+(compatible; UptimeRobot/2.0; http://www.uptimerobot.com/)"
78.46.190.63 - - [09/Aug/2025:00:29:54 +0200] "HEAD / HTTP/1.1" 200 0 "http://nagybistvan.hu" "Mozilla/5.0+(compatible; UptimeRobot/2.0; http://www.uptimerobot.com/)"
167.235.143.113 - - [09/Aug/2025:00:34:58 +0200] "HEAD / HTTP/1.1" 200 0 "http://nagybistvan.hu" "Mozilla/5.0+(compatible; UptimeRobot/2.0; http://www.uptimerobot.com/)"
49.13.167.123 - - [09/Aug/2025:00:40:01 +0200] "HEAD / HTTP/1.1" 200 0 "http://nagybistvan.hu" "Mozilla/5.0+(compatible; UptimeRobot/2.0; http://www.uptimerobot.com/)"
159.69.158.189 - - [09/Aug/2025:00:45:06 +0200] "HEAD / HTTP/1.1" 200 0 "http://nagybistvan.hu" "Mozilla/5.0+(compatible; UptimeRobot/2.0; http://www.uptimerobot.com/)"
168.119.96.239 - - [09/Aug/2025:00:50:10 +0200] "HEAD / HTTP/1.1" 200 0 "http://nagybistvan.hu" "Mozilla/5.0+(compatible; UptimeRobot/2.0; http://www.uptimerobot.com/)"
49.13.134.145 - - [09/Aug/2025:00:55:13 +0200] "HEAD / HTTP/1.1" 200 0 "http://nagybistvan.hu" "Mozilla/5.0+(compatible; UptimeRobot/2.0; http://www.uptimerobot.com/)"
128.140.41.193 - - [09/Aug/2025:01:00:17 +0200] "HEAD / HTTP/1.1" 200 0 "http://nagybistvan.hu" "Mozilla/5.0+(compatible; UptimeRobot/2.0; http://www.uptimerobot.com/)"
142.132.180.39 - - [09/Aug/2025:01:05:23 +0200] "HEAD / HTTP/1.1" 200 0 "http://nagybistvan.hu" "Mozilla/5.0+(compatible; UptimeRobot/2.0; http://www.uptimerobot.com/)"
157.90.155.240 - - [09/Aug/2025:01:10:27 +0200] "HEAD / HTTP/1.1" 200 0 "http://nagybistvan.hu" "Mozilla/5.0+(compatible; UptimeRobot/2.0; http://www.uptimerobot.com/)"
128.140.106.114 - - [09/Aug/2025:01:15:31 +0200] "HEAD / HTTP/1.1" 200 0 "http://nagybistvan.hu" "Mozilla/5.0+(compatible; UptimeRobot/2.0; http://www.uptimerobot.com/)"
168.119.53.160 - - [09/Aug/2025:01:20:34 +0200] "HEAD / HTTP/1.1" 200 0 "http://nagybistvan.hu" "Mozilla/5.0+(compatible; UptimeRobot/2.0; http://www.uptimerobot.com/)"
88.99.80.227 - - [09/Aug/2025:01:25:39 +0200] "HEAD / HTTP/1.1" 200 0 "http://nagybistvan.hu" "Mozilla/5.0+(compatible; UptimeRobot/2.0; http://www.uptimerobot.com/)"
66.249.64.131 - - [09/Aug/2025:01:29:49 +0200] "GET /robots.txt HTTP/1.1" 404 1181 "-" "Mozilla/5.0 (compatible; Googlebot/2.1; +http://www.google.com/bot.html)"
66.249.64.130 - - [09/Aug/2025:01:29:49 +0200] "GET /mozaik/Mozaik_banya_t.jpg HTTP/1.1" 304 - "-" "Googlebot-Image/1.0"
168.119.96.239 - - [09/Aug/2025:01:30:43 +0200] "HEAD / HTTP/1.1" 200 0 "http://nagybistvan.hu" "Mozilla/5.0+(compatible; UptimeRobot/2.0; http://www.uptimerobot.com/)"
49.13.167.123 - - [09/Aug/2025:01:35:47 +0200] "HEAD / HTTP/1.1" 200 0 "http://nagybistvan.hu" "Mozilla/5.0+(compatible; UptimeRobot/2.0; http://www.uptimerobot.com/)"
159.69.158.189 - - [09/Aug/2025:01:40:51 +0200] "HEAD / HTTP/1.1" 200 0 "http://nagybistvan.hu" "Mozilla/5.0+(compatible; UptimeRobot/2.0; http://www.uptimerobot.com/)"
43.167.241.46 - - [09/Aug/2025:01:42:19 +0200] "GET / HTTP/1.1" 200 6766 "-" "Mozilla/5.0 (iPhone; CPU iPhone OS 13_2_3 like Mac OS X) AppleWebKit/605.1.15 (KHTML, like Gecko) Version/13.0.3 Mobile/15E148 Safari/604.1"
78.46.190.63 - - [09/Aug/2025:01:45:55 +0200] "HEAD / HTTP/1.1" 200 0 "http://nagybistvan.hu" "Mozilla/5.0+(compatible; UptimeRobot/2.0; http://www.uptimerobot.com/)"
49.13.134.145 - - [09/Aug/2025:01:50:59 +0200] "HEAD / HTTP/1.1" 200 0 "http://nagybistvan.hu" "Mozilla/5.0+(compatible; UptimeRobot/2.0; http://www.uptimerobot.com/)"
142.132.180.39 - - [09/Aug/2025:01:56:04 +0200] "HEAD / HTTP/1.1" 200 0 "http://nagybistvan.hu" "Mozilla/5.0+(compatible; UptimeRobot/2.0; http://www.uptimerobot.com/)"
66.249.64.131 - - [09/Aug/2025:01:57:57 +0200] "GET / HTTP/1.1" 200 6712 "-" "Mozilla/5.0 (Linux; Android 6.0.1; Nexus 5X Build/MMB29P) AppleWebKit/537.36 (KHTML, like Gecko) Chrome/138.0.7204.183 Mobile Safari/537.36 (compatible; Googlebot/2.1; +http://www.google.com/bot.html)"
66.249.64.131 - - [09/Aug/2025:01:58:01 +0200] "GET /lib/jq.fancybox-1.3.4/jquery.easing-1.3.pack.js HTTP/1.1" 200 6717 "http://nagybistvan.hu/" "Mozilla/5.0 (Linux; Android 6.0.1; Nexus 5X Build/MMB29P) AppleWebKit/537.36 (KHTML, like Gecko) Chrome/137.0.7151.119 Mobile Safari/537.36 (compatible; Googlebot/2.1; +http://www.google.com/bot.html)"
185.39.19.97 - - [09/Aug/2025:01:58:26 +0200] "GET / HTTP/1.0" 200 6651 "http://nagybistvan.hu/" "Mozilla/5.0 (Windows NT 10.0; Win64; x64) AppleWebKit/537.36 (KHTML, like Gecko) Chrome/130.0.0.0 Safari/537.36 CCleaner/130.0.0.0"
43.153.73.200 - - [09/Aug/2025:01:58:37 +0200] "GET /media/document/Nagy_B_album_szoro.pdf HTTP/1.1" 200 87306 "-" "Mozilla/5.0 (iPhone; CPU iPhone OS 13_2_3 like Mac OS X) AppleWebKit/605.1.15 (KHTML, like Gecko) Version/13.0.3 Mobile/15E148 Safari/604.1"
157.90.155.240 - - [09/Aug/2025:02:01:08 +0200] "HEAD / HTTP/1.1" 200 0 "http://nagybistvan.hu" "Mozilla/5.0+(compatible; UptimeRobot/2.0; http://www.uptimerobot.com/)"
168.119.96.239 - - [09/Aug/2025:02:06:12 +0200] "HEAD / HTTP/1.1" 200 0 "http://nagybistvan.hu" "Mozilla/5.0+(compatible; UptimeRobot/2.0; http://www.uptimerobot.com/)"
43.130.174.37 - - [09/Aug/2025:02:10:14 +0200] "GET /index.php HTTP/1.1" 200 6753 "-" "Mozilla/5.0 (iPhone; CPU iPhone OS 13_2_3 like Mac OS X) AppleWebKit/605.1.15 (KHTML, like Gecko) Version/13.0.3 Mobile/15E148 Safari/604.1"
49.13.24.81 - - [09/Aug/2025:02:11:16 +0200] "HEAD / HTTP/1.1" 200 0 "http://nagybistvan.hu" "Mozilla/5.0+(compatible; UptimeRobot/2.0; http://www.uptimerobot.com/)"
168.119.96.239 - - [09/Aug/2025:02:16:20 +0200] "HEAD / HTTP/1.1" 200 0 "http://nagybistvan.hu" "Mozilla/5.0+(compatible; UptimeRobot/2.0; http://www.uptimerobot.com/)"
157.90.156.63 - - [09/Aug/2025:02:21:24 +0200] "HEAD / HTTP/1.1" 200 0 "http://nagybistvan.hu" "Mozilla/5.0+(compatible; UptimeRobot/2.0; http://www.uptimerobot.com/)"
49.51.166.228 - - [09/Aug/2025:02:21:34 +0200] "GET /egyeni HTTP/1.1" 301 316 "-" "Mozilla/5.0 (iPhone; CPU iPhone OS 13_2_3 like Mac OS X) AppleWebKit/605.1.15 (KHTML, like Gecko) Version/13.0.3 Mobile/15E148 Safari/604.1"
49.51.166.228 - - [09/Aug/2025:02:21:37 +0200] "GET /egyeni/ HTTP/1.1" 302 5 "http://nagybistvan.hu/egyeni" "Mozilla/5.0 (iPhone; CPU iPhone OS 13_2_3 like Mac OS X) AppleWebKit/605.1.15 (KHTML, like Gecko) Version/13.0.3 Mobile/15E148 Safari/604.1"
49.51.166.228 - - [09/Aug/2025:02:21:39 +0200] "GET /index.php?c=egyeni HTTP/1.1" 200 8228 "http://nagybistvan.hu/egyeni/" "Mozilla/5.0 (iPhone; CPU iPhone OS 13_2_3 like Mac OS X) AppleWebKit/605.1.15 (KHTML, like Gecko) Version/13.0.3 Mobile/15E148 Safari/604.1"
43.157.150.69 - - [09/Aug/2025:02:25:17 +0200] "GET /irasai HTTP/1.1" 301 316 "-" "Mozilla/5.0 (iPhone; CPU iPhone OS 13_2_3 like Mac OS X) AppleWebKit/605.1.15 (KHTML, like Gecko) Version/13.0.3 Mobile/15E148 Safari/604.1"
43.157.150.69 - - [09/Aug/2025:02:25:21 +0200] "GET /irasai/ HTTP/1.1" 302 5 "http://nagybistvan.hu/irasai" "Mozilla/5.0 (iPhone; CPU iPhone OS 13_2_3 like Mac OS X) AppleWebKit/605.1.15 (KHTML, like Gecko) Version/13.0.3 Mobile/15E148 Safari/604.1"
43.157.150.69 - - [09/Aug/2025:02:25:23 +0200] "GET /index.php?c=irasai HTTP/1.1" 200 7501 "http://nagybistvan.hu/irasai/" "Mozilla/5.0 (iPhone; CPU iPhone OS 13_2_3 like Mac OS X) AppleWebKit/605.1.15 (KHTML, like Gecko) Version/13.0.3 Mobile/15E148 Safari/604.1"
49.13.134.145 - - [09/Aug/2025:02:26:28 +0200] "HEAD / HTTP/1.1" 200 0 "http://nagybistvan.hu" "Mozilla/5.0+(compatible; UptimeRobot/2.0; http://www.uptimerobot.com/)"
49.13.134.145 - - [09/Aug/2025:02:31:32 +0200] "HEAD / HTTP/1.1" 200 0 "http://nagybistvan.hu" "Mozilla/5.0+(compatible; UptimeRobot/2.0; http://www.uptimerobot.com/)"
170.106.148.137 - - [09/Aug/2025:02:35:05 +0200] "GET /rolairtak HTTP/1.1" 301 319 "-" "Mozilla/5.0 (iPhone; CPU iPhone OS 13_2_3 like Mac OS X) AppleWebKit/605.1.15 (KHTML, like Gecko) Version/13.0.3 Mobile/15E148 Safari/604.1"
170.106.148.137 - - [09/Aug/2025:02:35:08 +0200] "GET /rolairtak/ HTTP/1.1" 302 5 "http://nagybistvan.hu/rolairtak" "Mozilla/5.0 (iPhone; CPU iPhone OS 13_2_3 like Mac OS X) AppleWebKit/605.1.15 (KHTML, like Gecko) Version/13.0.3 Mobile/15E148 Safari/604.1"
170.106.148.137 - - [09/Aug/2025:02:35:09 +0200] "GET /index.php?c=rolairtak HTTP/1.1" 200 7945 "http://nagybistvan.hu/rolairtak/" "Mozilla/5.0 (iPhone; CPU iPhone OS 13_2_3 like Mac OS X) AppleWebKit/605.1.15 (KHTML, like Gecko) Version/13.0.3 Mobile/15E148 Safari/604.1"
128.140.106.114 - - [09/Aug/2025:02:36:36 +0200] "HEAD / HTTP/1.1" 200 0 "http://nagybistvan.hu" "Mozilla/5.0+(compatible; UptimeRobot/2.0; http://www.uptimerobot.com/)"
51.68.236.87 - - [09/Aug/2025:02:39:19 +0200] "GET /robots.txt HTTP/1.1" 404 1181 "-" "Mozilla/5.0 (compatible; MJ12bot/v2.0.2; http://mj12bot.com/)"
51.68.236.87 - - [09/Aug/2025:02:39:19 +0200] "GET / HTTP/1.1" 200 6646 "-" "Mozilla/5.0 (compatible; MJ12bot/v2.0.2; http://mj12bot.com/)"
167.235.143.113 - - [09/Aug/2025:02:41:41 +0200] "HEAD / HTTP/1.1" 200 0 "http://nagybistvan.hu" "Mozilla/5.0+(compatible; UptimeRobot/2.0; http://www.uptimerobot.com/)"
159.69.158.189 - - [09/Aug/2025:02:46:45 +0200] "HEAD / HTTP/1.1" 200 0 "http://nagybistvan.hu" "Mozilla/5.0+(compatible; UptimeRobot/2.0; http://www.uptimerobot.com/)"
43.153.96.233 - - [09/Aug/2025:02:47:38 +0200] "GET /index.php?c=Nagy_B_I_03 HTTP/1.1" 200 8717 "-" "Mozilla/5.0 (iPhone; CPU iPhone OS 13_2_3 like Mac OS X) AppleWebKit/605.1.15 (KHTML, like Gecko) Version/13.0.3 Mobile/15E148 Safari/604.1"
109.199.118.129 - - [09/Aug/2025:02:49:18 +0200] "GET / HTTP/1.1" 200 6736 "-" "Mozilla/5.0 (Windows NT 10.0; Win64; x64) AppleWebKit/537.36 (KHTML, like Gecko) Chrome/91.0.4472.114 Safari/537.36 Edg/91.0.864.54"
49.13.134.145 - - [09/Aug/2025:02:51:49 +0200] "HEAD / HTTP/1.1" 200 0 "http://nagybistvan.hu" "Mozilla/5.0+(compatible; UptimeRobot/2.0; http://www.uptimerobot.com/)"
43.155.140.157 - - [09/Aug/2025:02:55:37 +0200] "GET /index.php?c=Nagy_B_I_11 HTTP/1.1" 200 11637 "-" "Mozilla/5.0 (iPhone; CPU iPhone OS 13_2_3 like Mac OS X) AppleWebKit/605.1.15 (KHTML, like Gecko) Version/13.0.3 Mobile/15E148 Safari/604.1"
49.13.130.29 - - [09/Aug/2025:02:56:53 +0200] "HEAD / HTTP/1.1" 200 0 "http://nagybistvan.hu" "Mozilla/5.0+(compatible; UptimeRobot/2.0; http://www.uptimerobot.com/)"
159.69.158.189 - - [09/Aug/2025:03:01:57 +0200] "HEAD / HTTP/1.1" 200 0 "http://nagybistvan.hu" "Mozilla/5.0+(compatible; UptimeRobot/2.0; http://www.uptimerobot.com/)"
78.47.173.76 - - [09/Aug/2025:03:07:01 +0200] "HEAD / HTTP/1.1" 200 0 "http://nagybistvan.hu" "Mozilla/5.0+(compatible; UptimeRobot/2.0; http://www.uptimerobot.com/)"
170.106.35.137 - - [09/Aug/2025:03:08:52 +0200] "GET /index.php?c=Nagy_B_I_13 HTTP/1.1" 200 26373 "-" "Mozilla/5.0 (iPhone; CPU iPhone OS 13_2_3 like Mac OS X) AppleWebKit/605.1.15 (KHTML, like Gecko) Version/13.0.3 Mobile/15E148 Safari/604.1"
168.119.53.160 - - [09/Aug/2025:03:12:06 +0200] "HEAD / HTTP/1.1" 200 0 "http://nagybistvan.hu" "Mozilla/5.0+(compatible; UptimeRobot/2.0; http://www.uptimerobot.com/)"
85.208.96.212 - - [09/Aug/2025:03:14:00 +0200] "GET /robots.txt HTTP/1.1" 404 1181 "-" "Mozilla/5.0 (compatible; SemrushBot/7~bl; +http://www.semrush.com/bot.html)"
85.208.96.205 - - [09/Aug/2025:03:14:01 +0200] "GET / HTTP/1.1" 200 6716 "-" "Mozilla/5.0 (compatible; SemrushBot/7~bl; +http://www.semrush.com/bot.html)"
43.130.60.195 - - [09/Aug/2025:03:14:58 +0200] "GET /index.php?c=Nagy_B_I_12 HTTP/1.1" 200 7262 "-" "Mozilla/5.0 (iPhone; CPU iPhone OS 13_2_3 like Mac OS X) AppleWebKit/605.1.15 (KHTML, like Gecko) Version/13.0.3 Mobile/15E148 Safari/604.1"
167.235.143.113 - - [09/Aug/2025:03:17:08 +0200] "HEAD / HTTP/1.1" 200 0 "http://nagybistvan.hu" "Mozilla/5.0+(compatible; UptimeRobot/2.0; http://www.uptimerobot.com/)"
168.119.123.75 - - [09/Aug/2025:03:22:13 +0200] "HEAD / HTTP/1.1" 200 0 "http://nagybistvan.hu" "Mozilla/5.0+(compatible; UptimeRobot/2.0; http://www.uptimerobot.com/)"
170.106.113.159 - - [09/Aug/2025:03:26:44 +0200] "GET /index.php?c=ogorogmenza HTTP/1.1" 200 5116 "-" "Mozilla/5.0 (iPhone; CPU iPhone OS 13_2_3 like Mac OS X) AppleWebKit/605.1.15 (KHTML, like Gecko) Version/13.0.3 Mobile/15E148 Safari/604.1"
168.119.53.160 - - [09/Aug/2025:03:27:17 +0200] "HEAD / HTTP/1.1" 200 0 "http://nagybistvan.hu" "Mozilla/5.0+(compatible; UptimeRobot/2.0; http://www.uptimerobot.com/)"
49.13.167.123 - - [09/Aug/2025:03:32:20 +0200] "HEAD / HTTP/1.1" 200 0 "http://nagybistvan.hu" "Mozilla/5.0+(compatible; UptimeRobot/2.0; http://www.uptimerobot.com/)"
43.164.195.17 - - [09/Aug/2025:03:36:29 +0200] "GET /index.php?c=rolairtak&oby=1 HTTP/1.1" 200 7932 "-" "Mozilla/5.0 (iPhone; CPU iPhone OS 13_2_3 like Mac OS X) AppleWebKit/605.1.15 (KHTML, like Gecko) Version/13.0.3 Mobile/15E148 Safari/604.1"
167.235.143.113 - - [09/Aug/2025:03:37:25 +0200] "HEAD / HTTP/1.1" 200 0 "http://nagybistvan.hu" "Mozilla/5.0+(compatible; UptimeRobot/2.0; http://www.uptimerobot.com/)"
78.47.98.55 - - [09/Aug/2025:03:42:28 +0200] "HEAD / HTTP/1.1" 200 0 "http://nagybistvan.hu" "Mozilla/5.0+(compatible; UptimeRobot/2.0; http://www.uptimerobot.com/)"
49.13.24.81 - - [09/Aug/2025:03:47:32 +0200] "HEAD / HTTP/1.1" 200 0 "http://nagybistvan.hu" "Mozilla/5.0+(compatible; UptimeRobot/2.0; http://www.uptimerobot.com/)"
170.106.160.90 - - [09/Aug/2025:03:52:23 +0200] "GET /index.php?c=Bakonyvari_02 HTTP/1.1" 200 8850 "-" "Mozilla/5.0 (iPhone; CPU iPhone OS 13_2_3 like Mac OS X) AppleWebKit/605.1.15 (KHTML, like Gecko) Version/13.0.3 Mobile/15E148 Safari/604.1"
142.132.180.39 - - [09/Aug/2025:03:52:36 +0200] "HEAD / HTTP/1.1" 200 0 "http://nagybistvan.hu" "Mozilla/5.0+(compatible; UptimeRobot/2.0; http://www.uptimerobot.com/)"
78.47.98.55 - - [09/Aug/2025:03:57:40 +0200] "HEAD / HTTP/1.1" 200 0 "http://nagybistvan.hu" "Mozilla/5.0+(compatible; UptimeRobot/2.0; http://www.uptimerobot.com/)"
43.153.104.196 - - [09/Aug/2025:03:59:45 +0200] "GET /index.php?c=gyorgy_csaba HTTP/1.1" 200 5942 "-" "Mozilla/5.0 (iPhone; CPU iPhone OS 13_2_3 like Mac OS X) AppleWebKit/605.1.15 (KHTML, like Gecko) Version/13.0.3 Mobile/15E148 Safari/604.1"
168.119.96.239 - - [09/Aug/2025:04:02:44 +0200] "HEAD / HTTP/1.1" 200 0 "http://nagybistvan.hu" "Mozilla/5.0+(compatible; UptimeRobot/2.0; http://www.uptimerobot.com/)"
168.119.123.75 - - [09/Aug/2025:04:07:48 +0200] "HEAD / HTTP/1.1" 200 0 "http://nagybistvan.hu" "Mozilla/5.0+(compatible; UptimeRobot/2.0; http://www.uptimerobot.com/)"
170.106.163.84 - - [09/Aug/2025:04:12:02 +0200] "GET /index.php?c=szilasi_01 HTTP/1.1" 200 7360 "-" "Mozilla/5.0 (iPhone; CPU iPhone OS 13_2_3 like Mac OS X) AppleWebKit/605.1.15 (KHTML, like Gecko) Version/13.0.3 Mobile/15E148 Safari/604.1"
159.69.158.189 - - [09/Aug/2025:04:12:52 +0200] "HEAD / HTTP/1.1" 200 0 "http://nagybistvan.hu" "Mozilla/5.0+(compatible; UptimeRobot/2.0; http://www.uptimerobot.com/)"
49.13.130.29 - - [09/Aug/2025:04:17:56 +0200] "HEAD / HTTP/1.1" 200 0 "http://nagybistvan.hu" "Mozilla/5.0+(compatible; UptimeRobot/2.0; http://www.uptimerobot.com/)"
43.135.115.233 - - [09/Aug/2025:04:20:54 +0200] "GET /index.php?c=szilasi_02 HTTP/1.1" 200 10344 "-" "Mozilla/5.0 (iPhone; CPU iPhone OS 13_2_3 like Mac OS X) AppleWebKit/605.1.15 (KHTML, like Gecko) Version/13.0.3 Mobile/15E148 Safari/604.1"
168.119.53.160 - - [09/Aug/2025:04:23:02 +0200] "HEAD / HTTP/1.1" 200 0 "http://nagybistvan.hu" "Mozilla/5.0+(compatible; UptimeRobot/2.0; http://www.uptimerobot.com/)"
168.119.123.75 - - [09/Aug/2025:04:28:05 +0200] "HEAD / HTTP/1.1" 200 0 "http://nagybistvan.hu" "Mozilla/5.0+(compatible; UptimeRobot/2.0; http://www.uptimerobot.com/)"
162.62.132.25 - - [09/Aug/2025:04:29:23 +0200] "GET /index.php?c=kovacs_sandor_ivan HTTP/1.1" 200 11258 "-" "Mozilla/5.0 (iPhone; CPU iPhone OS 13_2_3 like Mac OS X) AppleWebKit/605.1.15 (KHTML, like Gecko) Version/13.0.3 Mobile/15E148 Safari/604.1"
157.90.156.63 - - [09/Aug/2025:04:33:09 +0200] "HEAD / HTTP/1.1" 200 0 "http://nagybistvan.hu" "Mozilla/5.0+(compatible; UptimeRobot/2.0; http://www.uptimerobot.com/)"
157.90.155.240 - - [09/Aug/2025:04:38:13 +0200] "HEAD / HTTP/1.1" 200 0 "http://nagybistvan.hu" "Mozilla/5.0+(compatible; UptimeRobot/2.0; http://www.uptimerobot.com/)"
43.157.188.74 - - [09/Aug/2025:04:38:44 +0200] "GET /index.php?c=rolairtak&oby=3 HTTP/1.1" 200 7988 "-" "Mozilla/5.0 (iPhone; CPU iPhone OS 13_2_3 like Mac OS X) AppleWebKit/605.1.15 (KHTML, like Gecko) Version/13.0.3 Mobile/15E148 Safari/604.1"
128.140.106.114 - - [09/Aug/2025:04:43:16 +0200] "HEAD / HTTP/1.1" 200 0 "http://nagybistvan.hu" "Mozilla/5.0+(compatible; UptimeRobot/2.0; http://www.uptimerobot.com/)"
168.119.123.75 - - [09/Aug/2025:04:48:20 +0200] "HEAD / HTTP/1.1" 200 0 "http://nagybistvan.hu" "Mozilla/5.0+(compatible; UptimeRobot/2.0; http://www.uptimerobot.com/)"
78.47.98.55 - - [09/Aug/2025:04:53:24 +0200] "HEAD / HTTP/1.1" 200 0 "http://nagybistvan.hu" "Mozilla/5.0+(compatible; UptimeRobot/2.0; http://www.uptimerobot.com/)"
49.13.130.29 - - [09/Aug/2025:04:58:29 +0200] "HEAD / HTTP/1.1" 200 0 "http://nagybistvan.hu" "Mozilla/5.0+(compatible; UptimeRobot/2.0; http://www.uptimerobot.com/)"
167.235.143.113 - - [09/Aug/2025:05:03:33 +0200] "HEAD / HTTP/1.1" 200 0 "http://nagybistvan.hu" "Mozilla/5.0+(compatible; UptimeRobot/2.0; http://www.uptimerobot.com/)"
128.140.106.114 - - [09/Aug/2025:05:08:37 +0200] "HEAD / HTTP/1.1" 200 0 "http://nagybistvan.hu" "Mozilla/5.0+(compatible; UptimeRobot/2.0; http://www.uptimerobot.com/)"
49.13.24.81 - - [09/Aug/2025:05:13:41 +0200] "HEAD / HTTP/1.1" 200 0 "http://nagybistvan.hu" "Mozilla/5.0+(compatible; UptimeRobot/2.0; http://www.uptimerobot.com/)"
168.119.96.239 - - [09/Aug/2025:05:18:46 +0200] "HEAD / HTTP/1.1" 200 0 "http://nagybistvan.hu" "Mozilla/5.0+(compatible; UptimeRobot/2.0; http://www.uptimerobot.com/)"
157.90.155.240 - - [09/Aug/2025:05:23:50 +0200] "HEAD / HTTP/1.1" 200 0 "http://nagybistvan.hu" "Mozilla/5.0+(compatible; UptimeRobot/2.0; http://www.uptimerobot.com/)"
128.140.41.193 - - [09/Aug/2025:05:28:53 +0200] "HEAD / HTTP/1.1" 200 0 "http://nagybistvan.hu" "Mozilla/5.0+(compatible; UptimeRobot/2.0; http://www.uptimerobot.com/)"
88.99.80.227 - - [09/Aug/2025:05:33:57 +0200] "HEAD / HTTP/1.1" 200 0 "http://nagybistvan.hu" "Mozilla/5.0+(compatible; UptimeRobot/2.0; http://www.uptimerobot.com/)"
168.119.53.160 - - [09/Aug/2025:05:39:01 +0200] "HEAD / HTTP/1.1" 200 0 "http://nagybistvan.hu" "Mozilla/5.0+(compatible; UptimeRobot/2.0; http://www.uptimerobot.com/)"
157.90.156.63 - - [09/Aug/2025:05:44:05 +0200] "HEAD / HTTP/1.1" 200 0 "http://nagybistvan.hu" "Mozilla/5.0+(compatible; UptimeRobot/2.0; http://www.uptimerobot.com/)"
88.99.80.227 - - [09/Aug/2025:05:49:09 +0200] "HEAD / HTTP/1.1" 200 0 "http://nagybistvan.hu" "Mozilla/5.0+(compatible; UptimeRobot/2.0; http://www.uptimerobot.com/)"
128.140.106.114 - - [09/Aug/2025:05:54:12 +0200] "HEAD / HTTP/1.1" 200 0 "http://nagybistvan.hu" "Mozilla/5.0+(compatible; UptimeRobot/2.0; http://www.uptimerobot.com/)"
142.132.180.39 - - [09/Aug/2025:05:59:16 +0200] "HEAD / HTTP/1.1" 200 0 "http://nagybistvan.hu" "Mozilla/5.0+(compatible; UptimeRobot/2.0; http://www.uptimerobot.com/)"
172.190.142.176 - - [09/Aug/2025:06:01:31 +0200] "GET /wp-content/plugins/hellopress/wp_filemanager.php HTTP/1.1" 404 1181 "-" "-"
172.190.142.176 - - [09/Aug/2025:06:01:31 +0200] "GET /wp-admin/js/widgets/xp.php HTTP/1.1" 404 1181 "-" "-"
172.190.142.176 - - [09/Aug/2025:06:01:32 +0200] "GET /wp-content/upgrade/cc.php HTTP/1.1" 404 1181 "-" "-"
172.190.142.176 - - [09/Aug/2025:06:01:32 +0200] "GET /wp-mail.php/wp-includes/ID3/function.php HTTP/1.1" 404 37 "-" "-"
172.190.142.176 - - [09/Aug/2025:06:01:32 +0200] "GET /wp-includes/rest-api/wp-mail.php HTTP/1.1" 404 1181 "-" "-"
172.190.142.176 - - [09/Aug/2025:06:01:32 +0200] "GET /wp-includes/images/smilies/alfa-rex.php HTTP/1.1" 404 1181 "-" "-"
172.190.142.176 - - [09/Aug/2025:06:01:32 +0200] "GET /wp-content/languages/fucku.php HTTP/1.1" 404 1181 "-" "-"
172.190.142.176 - - [09/Aug/2025:06:01:32 +0200] "GET /wp-includes/block-patterns/worksec.php HTTP/1.1" 404 1181 "-" "-"
172.190.142.176 - - [09/Aug/2025:06:01:33 +0200] "GET /wp-content/themes/aahana/worksec.php HTTP/1.1" 404 1181 "-" "-"
172.190.142.176 - - [09/Aug/2025:06:01:34 +0200] "GET /wp-admin/css/colors/coffee/mpvloi.php HTTP/1.1" 404 1181 "-" "-"
172.190.142.176 - - [09/Aug/2025:06:01:34 +0200] "GET /wp-admin/json.php HTTP/1.1" 404 1181 "-" "-"
172.190.142.176 - - [09/Aug/2025:06:01:34 +0200] "GET /wp-content/languages/classwithtostring.php HTTP/1.1" 404 1181 "-" "-"
172.190.142.176 - - [09/Aug/2025:06:01:34 +0200] "GET /wp-content/themes/twentytwentytwo/item.php HTTP/1.1" 404 1181 "-" "-"
172.190.142.176 - - [09/Aug/2025:06:01:34 +0200] "GET /files/media.php.INFECTED.php HTTP/1.1" 404 1181 "-" "-"
172.190.142.176 - - [09/Aug/2025:06:01:35 +0200] "GET /wp-content/themes/cay-van-phong/hehe.php HTTP/1.1" 404 1181 "-" "-"
172.190.142.176 - - [09/Aug/2025:06:01:35 +0200] "GET /wp-admin/admin.php HTTP/1.1" 404 1181 "-" "-"
172.190.142.176 - - [09/Aug/2025:06:01:36 +0200] "GET /wp-includes/pomo/moon.php HTTP/1.1" 404 1181 "-" "-"
172.190.142.176 - - [09/Aug/2025:06:01:36 +0200] "GET /wp-includes/images/wlw/atomlib.php HTTP/1.1" 404 1181 "-" "-"
172.190.142.176 - - [09/Aug/2025:06:01:36 +0200] "GET /wp-content/themes/seotheme/ty.php HTTP/1.1" 404 1181 "-" "-"
172.190.142.176 - - [09/Aug/2025:06:01:36 +0200] "GET /wp-content/plugins/hellopress/item.php HTTP/1.1" 404 1181 "-" "-"
172.190.142.176 - - [09/Aug/2025:06:01:36 +0200] "GET /wp-content/plugins/linkpreview/css_compare.php HTTP/1.1" 404 1181 "-" "-"
172.190.142.176 - - [09/Aug/2025:06:01:36 +0200] "GET /wp-includes/rest-api/endpoints/atomlib.php HTTP/1.1" 404 1181 "-" "-"
172.190.142.176 - - [09/Aug/2025:06:01:36 +0200] "GET /wp-includes/customize/as.php HTTP/1.1" 404 1181 "-" "-"
172.190.142.176 - - [09/Aug/2025:06:01:37 +0200] "GET /wp-includes/customize/wp-damin.php HTTP/1.1" 404 1181 "-" "-"
172.190.142.176 - - [09/Aug/2025:06:01:37 +0200] "GET /wp-includes/widgets/mah.php HTTP/1.1" 404 1181 "-" "-"
172.190.142.176 - - [09/Aug/2025:06:01:37 +0200] "GET /wp-includes/Text/Diff/defaults.php HTTP/1.1" 404 1181 "-" "-"
172.190.142.176 - - [09/Aug/2025:06:01:37 +0200] "GET /wp-content/themes/cay-van-phong/class.php HTTP/1.1" 404 1181 "-" "-"
172.190.142.176 - - [09/Aug/2025:06:01:38 +0200] "GET /wp-content/system_log.php HTTP/1.1" 404 1181 "-" "-"
172.190.142.176 - - [09/Aug/2025:06:01:38 +0200] "GET /wp-content/upgrade/readme.php HTTP/1.1" 404 1181 "-" "-"
172.190.142.176 - - [09/Aug/2025:06:01:38 +0200] "GET /wp-includes/customize/0x.php HTTP/1.1" 404 1181 "-" "-"
172.190.142.176 - - [09/Aug/2025:06:01:38 +0200] "GET /about/moon.php HTTP/1.1" 404 1181 "-" "-"
172.190.142.176 - - [09/Aug/2025:06:01:38 +0200] "GET /js/edit.php HTTP/1.1" 404 1181 "-" "-"
172.190.142.176 - - [09/Aug/2025:06:01:39 +0200] "GET /wp-admin/maint/fucku.php HTTP/1.1" 404 1181 "-" "-"
172.190.142.176 - - [09/Aug/2025:06:01:39 +0200] "GET /wp-includes/Text/Diff/wp_filemanager.php HTTP/1.1" 404 1181 "-" "-"
172.190.142.176 - - [09/Aug/2025:06:01:39 +0200] "GET /wp-includes/ID3/f35.php HTTP/1.1" 404 1181 "-" "-"
172.190.142.176 - - [09/Aug/2025:06:01:39 +0200] "GET /wp-content/upgrade-temp-backup/index.php HTTP/1.1" 404 1181 "-" "-"
172.190.142.176 - - [09/Aug/2025:06:01:39 +0200] "GET /wp-content/mu-plugins/mpvloi.php HTTP/1.1" 404 1181 "-" "-"
172.190.142.176 - - [09/Aug/2025:06:01:39 +0200] "GET /wp-admin/network/link.php HTTP/1.1" 404 1181 "-" "-"
172.190.142.176 - - [09/Aug/2025:06:01:39 +0200] "GET /wp-content/languages/wp-configs.php HTTP/1.1" 404 1181 "-" "-"
172.190.142.176 - - [09/Aug/2025:06:01:40 +0200] "GET /wp-admin/network/wp-2019.php HTTP/1.1" 404 1181 "-" "-"
172.190.142.176 - - [09/Aug/2025:06:01:40 +0200] "GET /.well-known/pki-validation/db.php?u HTTP/1.1" 404 1181 "-" "-"
172.190.142.176 - - [09/Aug/2025:06:01:40 +0200] "GET /wp-content/plugins/hellopress/wp-trackback.php HTTP/1.1" 404 1181 "-" "-"
172.190.142.176 - - [09/Aug/2025:06:01:40 +0200] "GET /images/text.php HTTP/1.1" 404 1181 "-" "-"
172.190.142.176 - - [09/Aug/2025:06:01:40 +0200] "GET /function/doc.php HTTP/1.1" 404 1181 "-" "-"
172.190.142.176 - - [09/Aug/2025:06:01:41 +0200] "GET /wp-mail.php/wp-includes/ID3/class.php HTTP/1.1" 404 37 "-" "-"
172.190.142.176 - - [09/Aug/2025:06:01:41 +0200] "GET /function/class.php HTTP/1.1" 404 1181 "-" "-"
172.190.142.176 - - [09/Aug/2025:06:01:41 +0200] "GET /wp-includes/sitemaps/providers/yes.php HTTP/1.1" 404 1181 "-" "-"
172.190.142.176 - - [09/Aug/2025:06:01:41 +0200] "GET /wp-content/uploads/log.php HTTP/1.1" 404 1181 "-" "-"
172.190.142.176 - - [09/Aug/2025:06:01:42 +0200] "GET /wp-admin/user/02.php HTTP/1.1" 404 1181 "-" "-"
172.190.142.176 - - [09/Aug/2025:06:01:42 +0200] "GET /wp-content/upgrade/rk2.php HTTP/1.1" 404 1181 "-" "-"
172.190.142.176 - - [09/Aug/2025:06:01:42 +0200] "GET /wp-content/themes/twentytwentytwo/atomlib.php HTTP/1.1" 404 1181 "-" "-"
172.190.142.176 - - [09/Aug/2025:06:01:42 +0200] "GET /wp-content/media.php HTTP/1.1" 404 1181 "-" "-"
172.190.142.176 - - [09/Aug/2025:06:01:43 +0200] "GET /wp-content/plugins/wp-help/hehe.php HTTP/1.1" 404 1181 "-" "-"
172.190.142.176 - - [09/Aug/2025:06:01:43 +0200] "GET /wp-includes/block-patterns/maint.php HTTP/1.1" 404 1181 "-" "-"
172.190.142.176 - - [09/Aug/2025:06:01:43 +0200] "GET /wp-content/themes/seotheme/radio.php HTTP/1.1" 404 1181 "-" "-"
172.190.142.176 - - [09/Aug/2025:06:01:43 +0200] "GET /wp-content/upgrade/go.php HTTP/1.1" 404 1181 "-" "-"
172.190.142.176 - - [09/Aug/2025:06:01:44 +0200] "GET /wp-includes/moon.php HTTP/1.1" 404 1181 "-" "-"
172.190.142.176 - - [09/Aug/2025:06:01:44 +0200] "GET /wp-includes/js/media.php HTTP/1.1" 404 1181 "-" "-"
172.190.142.176 - - [09/Aug/2025:06:01:44 +0200] "GET /wp-includes/rest-api/endpoints/autoload_classmap.php HTTP/1.1" 404 1181 "-" "-"
172.190.142.176 - - [09/Aug/2025:06:01:44 +0200] "GET /wp-includes/rest-api/edit-tags.php HTTP/1.1" 404 1181 "-" "-"
172.190.142.176 - - [09/Aug/2025:06:01:44 +0200] "GET /about/css_compare.php HTTP/1.1" 404 1181 "-" "-"
172.190.142.176 - - [09/Aug/2025:06:01:44 +0200] "GET /wp-content/plugins/wp-help/setup-config.php HTTP/1.1" 404 1181 "-" "-"
172.190.142.176 - - [09/Aug/2025:06:01:44 +0200] "GET /wp-content/plugins/seoplugins/about.php7 HTTP/1.1" 404 1181 "-" "-"
172.190.142.176 - - [09/Aug/2025:06:01:45 +0200] "GET /wp-content/upgrade-temp-backup/info.php HTTP/1.1" 404 1181 "-" "-"
172.190.142.176 - - [09/Aug/2025:06:01:46 +0200] "GET /wp-includes/php-compat/db.php?u HTTP/1.1" 404 1181 "-" "-"
172.190.142.176 - - [09/Aug/2025:06:01:46 +0200] "GET /index/wp-conflg.php HTTP/1.1" 200 6624 "-" "-"
172.190.142.176 - - [09/Aug/2025:06:01:46 +0200] "GET /wp-content/plugins/linkpreview/class.php HTTP/1.1" 404 1181 "-" "-"
172.190.142.176 - - [09/Aug/2025:06:01:47 +0200] "GET /assets/images/test.php HTTP/1.1" 404 1181 "-" "-"
172.190.142.176 - - [09/Aug/2025:06:01:47 +0200] "GET /wp-includes/pomo/index.php HTTP/1.1" 404 1181 "-" "-"
172.190.142.176 - - [09/Aug/2025:06:01:47 +0200] "GET /wp-includes/Text/Diff/simple.php HTTP/1.1" 404 1181 "-" "-"
172.190.142.176 - - [09/Aug/2025:06:01:47 +0200] "GET /wp-admin/js/baxa1.phP8 HTTP/1.1" 404 1181 "-" "-"
172.190.142.176 - - [09/Aug/2025:06:01:47 +0200] "GET /cgi-bin/baxa1.phP8 HTTP/1.1" 404 1181 "-" "-"
172.190.142.176 - - [09/Aug/2025:06:01:48 +0200] "GET /wp-includes/images/smilies/ben.php HTTP/1.1" 404 1181 "-" "-"
172.190.142.176 - - [09/Aug/2025:06:01:48 +0200] "GET /wp-includes/pomo/cc.php HTTP/1.1" 404 1181 "-" "-"
172.190.142.176 - - [09/Aug/2025:06:01:49 +0200] "GET /wp-includes/widgets/up/wp-admin/0x.php HTTP/1.1" 404 1181 "-" "-"
172.190.142.176 - - [09/Aug/2025:06:01:49 +0200] "GET /wp-includes/sitemaps/providers/wp-conflg.php HTTP/1.1" 404 1181 "-" "-"
172.190.142.176 - - [09/Aug/2025:06:01:49 +0200] "GET /wp-includes/sitemaps/providers/as.php HTTP/1.1" 404 1181 "-" "-"
172.190.142.176 - - [09/Aug/2025:06:01:49 +0200] "GET /wp-admin/02.php HTTP/1.1" 404 1181 "-" "-"
172.190.142.176 - - [09/Aug/2025:06:01:49 +0200] "GET /wp-includes/theme-compat/wp-conflg.php/wp-content/plugins/google-seo-rank/wp-configs.php HTTP/1.1" 404 1181 "-" "-"
172.190.142.176 - - [09/Aug/2025:06:01:49 +0200] "GET /wp-admin/includes/install.php HTTP/1.1" 404 1181 "-" "-"
172.190.142.176 - - [09/Aug/2025:06:01:50 +0200] "GET /wp-content/plugins/wp-help/inputs.php HTTP/1.1" 404 1181 "-" "-"
172.190.142.176 - - [09/Aug/2025:06:01:50 +0200] "GET /wp-includes/SimplePie/readme.php HTTP/1.1" 404 1181 "-" "-"
172.190.142.176 - - [09/Aug/2025:06:01:50 +0200] "GET /wp-includes/sodium_compat/ty.php HTTP/1.1" 404 1181 "-" "-"
172.190.142.176 - - [09/Aug/2025:06:01:51 +0200] "GET /.well-known/pki-validation/worksec.php HTTP/1.1" 404 1181 "-" "-"
172.190.142.176 - - [09/Aug/2025:06:01:51 +0200] "GET /wp-includes/widgets/cong.php HTTP/1.1" 404 1181 "-" "-"
172.190.142.176 - - [09/Aug/2025:06:01:51 +0200] "GET /wp-includes/block-supports/index.php HTTP/1.1" 404 1181 "-" "-"
172.190.142.176 - - [09/Aug/2025:06:01:51 +0200] "GET /wp-admin/css/moon.php HTTP/1.1" 404 1181 "-" "-"
172.190.142.176 - - [09/Aug/2025:06:01:52 +0200] "GET /wp-content/upgrade-temp-backup/wp-damin.php HTTP/1.1" 404 1181 "-" "-"
172.190.142.176 - - [09/Aug/2025:06:01:52 +0200] "GET /wp-includes/js/codemirror/classwithtostring.php HTTP/1.1" 404 1181 "-" "-"
172.190.142.176 - - [09/Aug/2025:06:01:52 +0200] "GET /wp-includes/php-compat/test.php HTTP/1.1" 404 1181 "-" "-"
172.190.142.176 - - [09/Aug/2025:06:01:52 +0200] "GET /wp-includes/block-patterns/setup-config.php HTTP/1.1" 404 1181 "-" "-"
172.190.142.176 - - [09/Aug/2025:06:01:52 +0200] "GET /wp-includes/13.php HTTP/1.1" 404 1181 "-" "-"
172.190.142.176 - - [09/Aug/2025:06:01:53 +0200] "GET /wp-includes/Text/Diff/buy.php HTTP/1.1" 404 1181 "-" "-"
172.190.142.176 - - [09/Aug/2025:06:01:53 +0200] "GET /wp-admin/css/colors/blue/about.php7 HTTP/1.1" 404 1181 "-" "-"
172.190.142.176 - - [09/Aug/2025:06:01:53 +0200] "GET /wp-includes/assets/cong.php HTTP/1.1" 404 1181 "-" "-"
172.190.142.176 - - [09/Aug/2025:06:01:53 +0200] "GET /wp-includes/assets/wp-login.php HTTP/1.1" 404 1181 "-" "-"
172.190.142.176 - - [09/Aug/2025:06:01:54 +0200] "GET /admin/install.php HTTP/1.1" 404 1181 "-" "-"
172.190.142.176 - - [09/Aug/2025:06:01:54 +0200] "GET /images/link.php HTTP/1.1" 404 1181 "-" "-"
172.190.142.176 - - [09/Aug/2025:06:01:54 +0200] "GET /wp-includes/rest-api/endpoints/log.php HTTP/1.1" 404 1181 "-" "-"
172.190.142.176 - - [09/Aug/2025:06:01:54 +0200] "GET /wp-admin/user/classwithtostring.php HTTP/1.1" 404 1181 "-" "-"
78.47.98.55 - - [09/Aug/2025:06:04:20 +0200] "HEAD / HTTP/1.1" 200 0 "http://nagybistvan.hu" "Mozilla/5.0+(compatible; UptimeRobot/2.0; http://www.uptimerobot.com/)"
49.13.130.29 - - [09/Aug/2025:06:09:24 +0200] "HEAD / HTTP/1.1" 200 0 "http://nagybistvan.hu" "Mozilla/5.0+(compatible; UptimeRobot/2.0; http://www.uptimerobot.com/)"
128.140.106.114 - - [09/Aug/2025:06:14:28 +0200] "HEAD / HTTP/1.1" 200 0 "http://nagybistvan.hu" "Mozilla/5.0+(compatible; UptimeRobot/2.0; http://www.uptimerobot.com/)"
168.119.96.239 - - [09/Aug/2025:06:19:32 +0200] "HEAD / HTTP/1.1" 200 0 "http://nagybistvan.hu" "Mozilla/5.0+(compatible; UptimeRobot/2.0; http://www.uptimerobot.com/)"
49.13.134.145 - - [09/Aug/2025:06:24:37 +0200] "HEAD / HTTP/1.1" 200 0 "http://nagybistvan.hu" "Mozilla/5.0+(compatible; UptimeRobot/2.0; http://www.uptimerobot.com/)"
142.132.180.39 - - [09/Aug/2025:06:29:41 +0200] "HEAD / HTTP/1.1" 200 0 "http://nagybistvan.hu" "Mozilla/5.0+(compatible; UptimeRobot/2.0; http://www.uptimerobot.com/)"
142.132.180.39 - - [09/Aug/2025:06:34:45 +0200] "HEAD / HTTP/1.1" 200 0 "http://nagybistvan.hu" "Mozilla/5.0+(compatible; UptimeRobot/2.0; http://www.uptimerobot.com/)"
128.140.106.114 - - [09/Aug/2025:06:39:49 +0200] "HEAD / HTTP/1.1" 200 0 "http://nagybistvan.hu" "Mozilla/5.0+(compatible; UptimeRobot/2.0; http://www.uptimerobot.com/)"
78.47.98.55 - - [09/Aug/2025:06:44:52 +0200] "HEAD / HTTP/1.1" 200 0 "http://nagybistvan.hu" "Mozilla/5.0+(compatible; UptimeRobot/2.0; http://www.uptimerobot.com/)"
78.47.173.76 - - [09/Aug/2025:06:49:57 +0200] "HEAD / HTTP/1.1" 200 0 "http://nagybistvan.hu" "Mozilla/5.0+(compatible; UptimeRobot/2.0; http://www.uptimerobot.com/)"
78.47.98.55 - - [09/Aug/2025:06:55:00 +0200] "HEAD / HTTP/1.1" 200 0 "http://nagybistvan.hu" "Mozilla/5.0+(compatible; UptimeRobot/2.0; http://www.uptimerobot.com/)"
66.249.64.106 - - [09/Aug/2025:06:59:49 +0200] "GET /media/image/07.197.001.jpg HTTP/1.1" 200 92251 "-" "Googlebot-Image/1.0"
49.13.167.123 - - [09/Aug/2025:07:00:05 +0200] "HEAD / HTTP/1.1" 200 0 "http://nagybistvan.hu" "Mozilla/5.0+(compatible; UptimeRobot/2.0; http://www.uptimerobot.com/)"
128.140.106.114 - - [09/Aug/2025:07:05:09 +0200] "HEAD / HTTP/1.1" 200 0 "http://nagybistvan.hu" "Mozilla/5.0+(compatible; UptimeRobot/2.0; http://www.uptimerobot.com/)"
49.13.134.145 - - [09/Aug/2025:07:10:12 +0200] "HEAD / HTTP/1.1" 200 0 "http://nagybistvan.hu" "Mozilla/5.0+(compatible; UptimeRobot/2.0; http://www.uptimerobot.com/)"
128.140.106.114 - - [09/Aug/2025:07:15:16 +0200] "HEAD / HTTP/1.1" 200 0 "http://nagybistvan.hu" "Mozilla/5.0+(compatible; UptimeRobot/2.0; http://www.uptimerobot.com/)"
157.90.156.63 - - [09/Aug/2025:07:20:20 +0200] "HEAD / HTTP/1.1" 200 0 "http://nagybistvan.hu" "Mozilla/5.0+(compatible; UptimeRobot/2.0; http://www.uptimerobot.com/)"
95.108.213.122 - - [09/Aug/2025:07:23:44 +0200] "GET /robots.txt HTTP/1.1" 404 1181 "-" "Mozilla/5.0 (compatible; YandexBot/3.0; +http://yandex.com/bots)"
87.250.224.84 - - [09/Aug/2025:07:23:45 +0200] "GET /tarskrit/pages/6%20V.I.P.%20%E9s%20egy%20j%F3%20p%E1sztor.html HTTP/1.1" 200 1177 "-" "Mozilla/5.0 (compatible; YandexBot/3.0; +http://yandex.com/bots)"
128.140.106.114 - - [09/Aug/2025:07:25:24 +0200] "HEAD / HTTP/1.1" 200 0 "http://nagybistvan.hu" "Mozilla/5.0+(compatible; UptimeRobot/2.0; http://www.uptimerobot.com/)"
128.140.41.193 - - [09/Aug/2025:07:30:28 +0200] "HEAD / HTTP/1.1" 200 0 "http://nagybistvan.hu" "Mozilla/5.0+(compatible; UptimeRobot/2.0; http://www.uptimerobot.com/)"
78.47.173.76 - - [09/Aug/2025:07:35:32 +0200] "HEAD / HTTP/1.1" 200 0 "http://nagybistvan.hu" "Mozilla/5.0+(compatible; UptimeRobot/2.0; http://www.uptimerobot.com/)"
168.119.53.160 - - [09/Aug/2025:07:40:36 +0200] "HEAD / HTTP/1.1" 200 0 "http://nagybistvan.hu" "Mozilla/5.0+(compatible; UptimeRobot/2.0; http://www.uptimerobot.com/)"
114.119.143.210 - - [09/Aug/2025:07:44:18 +0200] "GET /robots.txt HTTP/1.1" 404 1181 "-" "Mozilla/5.0 (compatible;PetalBot;+https://webmaster.petalsearch.com/site/petalbot)"
168.119.53.160 - - [09/Aug/2025:07:45:40 +0200] "HEAD / HTTP/1.1" 200 0 "http://nagybistvan.hu" "Mozilla/5.0+(compatible; UptimeRobot/2.0; http://www.uptimerobot.com/)"
78.46.190.63 - - [09/Aug/2025:07:50:44 +0200] "HEAD / HTTP/1.1" 200 0 "http://nagybistvan.hu" "Mozilla/5.0+(compatible; UptimeRobot/2.0; http://www.uptimerobot.com/)"
78.47.173.76 - - [09/Aug/2025:07:55:50 +0200] "HEAD / HTTP/1.1" 200 0 "http://nagybistvan.hu" "Mozilla/5.0+(compatible; UptimeRobot/2.0; http://www.uptimerobot.com/)"
142.132.180.39 - - [09/Aug/2025:08:00:54 +0200] "HEAD / HTTP/1.1" 200 0 "http://nagybistvan.hu" "Mozilla/5.0+(compatible; UptimeRobot/2.0; http://www.uptimerobot.com/)"
78.47.98.55 - - [09/Aug/2025:08:05:57 +0200] "HEAD / HTTP/1.1" 200 0 "http://nagybistvan.hu" "Mozilla/5.0+(compatible; UptimeRobot/2.0; http://www.uptimerobot.com/)"
128.140.41.193 - - [09/Aug/2025:08:11:01 +0200] "HEAD / HTTP/1.1" 200 0 "http://nagybistvan.hu" "Mozilla/5.0+(compatible; UptimeRobot/2.0; http://www.uptimerobot.com/)"
49.13.134.145 - - [09/Aug/2025:08:16:04 +0200] "HEAD / HTTP/1.1" 200 0 "http://nagybistvan.hu" "Mozilla/5.0+(compatible; UptimeRobot/2.0; http://www.uptimerobot.com/)"
170.106.181.163 - - [09/Aug/2025:08:17:13 +0200] "GET / HTTP/1.1" 200 6652 "-" "Mozilla/5.0 (iPhone; CPU iPhone OS 13_2_3 like Mac OS X) AppleWebKit/605.1.15 (KHTML, like Gecko) Version/13.0.3 Mobile/15E148 Safari/604.1"
199.47.82.20 - - [09/Aug/2025:08:19:46 +0200] "GET /robots.txt HTTP/1.1" 404 1181 "-" "Turnitin (https://bit.ly/2UvnfoQ)"
199.47.82.20 - - [09/Aug/2025:08:19:47 +0200] "GET /robots.txt HTTP/1.1" 404 1181 "-" "Turnitin (https://bit.ly/2UvnfoQ)"
199.47.82.20 - - [09/Aug/2025:08:19:48 +0200] "GET / HTTP/1.1" 200 6874 "-" "Turnitin (https://bit.ly/2UvnfoQ)"
78.47.173.76 - - [09/Aug/2025:08:21:08 +0200] "HEAD / HTTP/1.1" 200 0 "http://nagybistvan.hu" "Mozilla/5.0+(compatible; UptimeRobot/2.0; http://www.uptimerobot.com/)"
49.13.164.148 - - [09/Aug/2025:08:26:15 +0200] "HEAD / HTTP/1.1" 200 0 "http://nagybistvan.hu" "Mozilla/5.0+(compatible; UptimeRobot/2.0; http://www.uptimerobot.com/)"
66.249.64.106 - - [09/Aug/2025:08:29:49 +0200] "GET /media/image/07.013.001.jpg HTTP/1.1" 200 100307 "-" "Googlebot-Image/1.0"
49.13.167.123 - - [09/Aug/2025:08:31:18 +0200] "HEAD / HTTP/1.1" 200 0 "http://nagybistvan.hu" "Mozilla/5.0+(compatible; UptimeRobot/2.0; http://www.uptimerobot.com/)"
157.90.155.240 - - [09/Aug/2025:08:36:21 +0200] "HEAD / HTTP/1.1" 200 0 "http://nagybistvan.hu" "Mozilla/5.0+(compatible; UptimeRobot/2.0; http://www.uptimerobot.com/)"
49.13.24.81 - - [09/Aug/2025:08:41:25 +0200] "HEAD / HTTP/1.1" 200 0 "http://nagybistvan.hu" "Mozilla/5.0+(compatible; UptimeRobot/2.0; http://www.uptimerobot.com/)"
142.132.180.39 - - [09/Aug/2025:08:46:30 +0200] "HEAD / HTTP/1.1" 200 0 "http://nagybistvan.hu" "Mozilla/5.0+(compatible; UptimeRobot/2.0; http://www.uptimerobot.com/)"
49.13.24.81 - - [09/Aug/2025:08:51:34 +0200] "HEAD / HTTP/1.1" 200 0 "http://nagybistvan.hu" "Mozilla/5.0+(compatible; UptimeRobot/2.0; http://www.uptimerobot.com/)"
168.119.96.239 - - [09/Aug/2025:08:56:37 +0200] "HEAD / HTTP/1.1" 200 0 "http://nagybistvan.hu" "Mozilla/5.0+(compatible; UptimeRobot/2.0; http://www.uptimerobot.com/)"
49.13.134.145 - - [09/Aug/2025:09:01:42 +0200] "HEAD / HTTP/1.1" 200 0 "http://nagybistvan.hu" "Mozilla/5.0+(compatible; UptimeRobot/2.0; http://www.uptimerobot.com/)"
78.47.173.76 - - [09/Aug/2025:09:06:45 +0200] "HEAD / HTTP/1.1" 200 0 "http://nagybistvan.hu" "Mozilla/5.0+(compatible; UptimeRobot/2.0; http://www.uptimerobot.com/)"
159.69.158.189 - - [09/Aug/2025:09:11:49 +0200] "HEAD / HTTP/1.1" 200 0 "http://nagybistvan.hu" "Mozilla/5.0+(compatible; UptimeRobot/2.0; http://www.uptimerobot.com/)"
128.140.41.193 - - [09/Aug/2025:09:16:54 +0200] "HEAD / HTTP/1.1" 200 0 "http://nagybistvan.hu" "Mozilla/5.0+(compatible; UptimeRobot/2.0; http://www.uptimerobot.com/)"
128.140.41.193 - - [09/Aug/2025:09:21:58 +0200] "HEAD / HTTP/1.1" 200 0 "http://nagybistvan.hu" "Mozilla/5.0+(compatible; UptimeRobot/2.0; http://www.uptimerobot.com/)"
17.241.227.216 - - [09/Aug/2025:09:26:52 +0200] "GET /favicon.ico HTTP/1.1" 404 1181 "-" "Mozilla/5.0 (Macintosh; Intel Mac OS X 10_15_7) AppleWebKit/605.1.15 (KHTML, like Gecko) Version/17.4 Safari/605.1.15 (Applebot/0.1; +http://www.apple.com/go/applebot)"
168.119.123.75 - - [09/Aug/2025:09:27:02 +0200] "HEAD / HTTP/1.1" 200 0 "http://nagybistvan.hu" "Mozilla/5.0+(compatible; UptimeRobot/2.0; http://www.uptimerobot.com/)"
78.46.190.63 - - [09/Aug/2025:09:32:06 +0200] "HEAD / HTTP/1.1" 200 0 "http://nagybistvan.hu" "Mozilla/5.0+(compatible; UptimeRobot/2.0; http://www.uptimerobot.com/)"
157.90.156.63 - - [09/Aug/2025:09:37:10 +0200] "HEAD / HTTP/1.1" 200 0 "http://nagybistvan.hu" "Mozilla/5.0+(compatible; UptimeRobot/2.0; http://www.uptimerobot.com/)"
168.119.123.75 - - [09/Aug/2025:09:42:14 +0200] "HEAD / HTTP/1.1" 200 0 "http://nagybistvan.hu" "Mozilla/5.0+(compatible; UptimeRobot/2.0; http://www.uptimerobot.com/)"
159.69.158.189 - - [09/Aug/2025:09:47:18 +0200] "HEAD / HTTP/1.1" 200 0 "http://nagybistvan.hu" "Mozilla/5.0+(compatible; UptimeRobot/2.0; http://www.uptimerobot.com/)"
168.119.123.75 - - [09/Aug/2025:09:52:22 +0200] "HEAD / HTTP/1.1" 200 0 "http://nagybistvan.hu" "Mozilla/5.0+(compatible; UptimeRobot/2.0; http://www.uptimerobot.com/)"
114.119.130.91 - - [09/Aug/2025:09:56:27 +0200] "GET /tarskrit/images/Kritisz%F5z.jpg HTTP/1.1" 200 99351 "-" "Mozilla/5.0 (Linux; Android 7.0;) AppleWebKit/537.36 (KHTML, like Gecko) Mobile Safari/537.36 (compatible; PetalBot;+https://webmaster.petalsearch.com/site/petalbot)"
159.69.158.189 - - [09/Aug/2025:09:57:27 +0200] "HEAD / HTTP/1.1" 200 0 "http://nagybistvan.hu" "Mozilla/5.0+(compatible; UptimeRobot/2.0; http://www.uptimerobot.com/)"
66.249.64.107 - - [09/Aug/2025:09:58:55 +0200] "GET /robots.txt HTTP/1.1" 404 1181 "-" "Mozilla/5.0 (compatible; Googlebot/2.1; +http://www.google.com/bot.html)"
66.249.64.106 - - [09/Aug/2025:09:58:56 +0200] "GET /media/image/07.195.001.jpg HTTP/1.1" 200 204057 "-" "Googlebot-Image/1.0"
217.114.43.213 - - [09/Aug/2025:10:01:18 +0200] "GET /.env HTTP/1.1" 404 1181 "-" "Mozilla/5.0 (X11; Linux x86_64) AppleWebKit/537.36 (KHTML, like Gecko) Chrome/81.0.4044.129 Safari/537.36"
217.114.43.213 - - [09/Aug/2025:10:01:36 +0200] "POST / HTTP/1.1" 200 6736 "-" "Mozilla/5.0 (X11; Linux x86_64) AppleWebKit/537.36 (KHTML, like Gecko) Chrome/81.0.4044.129 Safari/537.36"
49.13.130.29 - - [09/Aug/2025:10:02:31 +0200] "HEAD / HTTP/1.1" 200 0 "http://nagybistvan.hu" "Mozilla/5.0+(compatible; UptimeRobot/2.0; http://www.uptimerobot.com/)"
217.114.43.213 - - [09/Aug/2025:10:03:06 +0200] "GET /.env HTTP/1.1" 404 1181 "-" "Mozilla/5.0 (X11; Linux x86_64) AppleWebKit/537.36 (KHTML, like Gecko) Chrome/81.0.4044.129 Safari/537.36"
217.114.43.213 - - [09/Aug/2025:10:03:33 +0200] "POST / HTTP/1.1" 200 6704 "-" "Mozilla/5.0 (X11; Linux x86_64) AppleWebKit/537.36 (KHTML, like Gecko) Chrome/81.0.4044.129 Safari/537.36"
168.119.53.160 - - [09/Aug/2025:10:07:35 +0200] "HEAD / HTTP/1.1" 200 0 "http://nagybistvan.hu" "Mozilla/5.0+(compatible; UptimeRobot/2.0; http://www.uptimerobot.com/)"
66.249.64.106 - - [09/Aug/2025:10:10:57 +0200] "GET /media/image/30.295.001.jpg HTTP/1.1" 200 212341 "-" "Googlebot-Image/1.0"
88.99.80.227 - - [09/Aug/2025:10:12:39 +0200] "HEAD / HTTP/1.1" 200 0 "http://nagybistvan.hu" "Mozilla/5.0+(compatible; UptimeRobot/2.0; http://www.uptimerobot.com/)"
157.90.156.63 - - [09/Aug/2025:10:17:42 +0200] "HEAD / HTTP/1.1" 200 0 "http://nagybistvan.hu" "Mozilla/5.0+(compatible; UptimeRobot/2.0; http://www.uptimerobot.com/)"
167.235.143.113 - - [09/Aug/2025:10:22:48 +0200] "HEAD / HTTP/1.1" 200 0 "http://nagybistvan.hu" "Mozilla/5.0+(compatible; UptimeRobot/2.0; http://www.uptimerobot.com/)"
66.249.64.106 - - [09/Aug/2025:10:23:56 +0200] "GET /media/image/07.007.001.jpg HTTP/1.1" 200 262340 "-" "Googlebot-Image/1.0"
88.99.80.227 - - [09/Aug/2025:10:27:52 +0200] "HEAD / HTTP/1.1" 200 0 "http://nagybistvan.hu" "Mozilla/5.0+(compatible; UptimeRobot/2.0; http://www.uptimerobot.com/)"
78.47.173.76 - - [09/Aug/2025:10:32:55 +0200] "HEAD / HTTP/1.1" 200 0 "http://nagybistvan.hu" "Mozilla/5.0+(compatible; UptimeRobot/2.0; http://www.uptimerobot.com/)"
168.119.53.160 - - [09/Aug/2025:10:37:59 +0200] "HEAD / HTTP/1.1" 200 0 "http://nagybistvan.hu" "Mozilla/5.0+(compatible; UptimeRobot/2.0; http://www.uptimerobot.com/)"
128.140.41.193 - - [09/Aug/2025:10:43:03 +0200] "HEAD / HTTP/1.1" 200 0 "http://nagybistvan.hu" "Mozilla/5.0+(compatible; UptimeRobot/2.0; http://www.uptimerobot.com/)"
66.249.64.132 - - [09/Aug/2025:10:47:52 +0200] "GET /zsambek/Julika%20Zsambekon_t.jpg HTTP/1.1" 304 - "-" "Googlebot-Image/1.0"
159.69.158.189 - - [09/Aug/2025:10:48:07 +0200] "HEAD / HTTP/1.1" 200 0 "http://nagybistvan.hu" "Mozilla/5.0+(compatible; UptimeRobot/2.0; http://www.uptimerobot.com/)"
87.250.224.57 - - [09/Aug/2025:10:50:55 +0200] "GET /robots.txt HTTP/1.1" 404 1181 "-" "Mozilla/5.0 (compatible; YandexBot/3.0; +http://yandex.com/bots)"
5.255.231.186 - - [09/Aug/2025:10:50:56 +0200] "GET /tarskrit/pages/Ikarosz.html HTTP/1.1" 200 1204 "-" "Mozilla/5.0 (compatible; YandexBot/3.0; +http://yandex.com/bots)"
78.47.173.76 - - [09/Aug/2025:10:53:12 +0200] "HEAD / HTTP/1.1" 200 0 "http://nagybistvan.hu" "Mozilla/5.0+(compatible; UptimeRobot/2.0; http://www.uptimerobot.com/)"
49.13.134.145 - - [09/Aug/2025:10:58:16 +0200] "HEAD / HTTP/1.1" 200 0 "http://nagybistvan.hu" "Mozilla/5.0+(compatible; UptimeRobot/2.0; http://www.uptimerobot.com/)"
49.13.130.29 - - [09/Aug/2025:11:03:20 +0200] "HEAD / HTTP/1.1" 200 0 "http://nagybistvan.hu" "Mozilla/5.0+(compatible; UptimeRobot/2.0; http://www.uptimerobot.com/)"
157.90.156.63 - - [09/Aug/2025:11:08:26 +0200] "HEAD / HTTP/1.1" 200 0 "http://nagybistvan.hu" "Mozilla/5.0+(compatible; UptimeRobot/2.0; http://www.uptimerobot.com/)"
66.249.64.106 - - [09/Aug/2025:11:12:56 +0200] "GET /media/image/07.110.065.jpg HTTP/1.1" 200 72854 "-" "Googlebot-Image/1.0"
167.235.143.113 - - [09/Aug/2025:11:13:33 +0200] "HEAD / HTTP/1.1" 200 0 "http://nagybistvan.hu" "Mozilla/5.0+(compatible; UptimeRobot/2.0; http://www.uptimerobot.com/)"
157.90.155.240 - - [09/Aug/2025:11:18:35 +0200] "HEAD / HTTP/1.1" 200 0 "http://nagybistvan.hu" "Mozilla/5.0+(compatible; UptimeRobot/2.0; http://www.uptimerobot.com/)"
167.235.143.113 - - [09/Aug/2025:11:23:41 +0200] "HEAD / HTTP/1.1" 200 0 "http://nagybistvan.hu" "Mozilla/5.0+(compatible; UptimeRobot/2.0; http://www.uptimerobot.com/)"
142.132.180.39 - - [09/Aug/2025:11:28:45 +0200] "HEAD / HTTP/1.1" 200 0 "http://nagybistvan.hu" "Mozilla/5.0+(compatible; UptimeRobot/2.0; http://www.uptimerobot.com/)"
66.249.64.107 - - [09/Aug/2025:11:30:11 +0200] "GET /media/image/07.033.001.jpg HTTP/1.1" 200 107347 "-" "Googlebot-Image/1.0"
78.47.98.55 - - [09/Aug/2025:11:33:49 +0200] "HEAD / HTTP/1.1" 200 0 "http://nagybistvan.hu" "Mozilla/5.0+(compatible; UptimeRobot/2.0; http://www.uptimerobot.com/)"
49.13.167.123 - - [09/Aug/2025:11:38:53 +0200] "HEAD / HTTP/1.1" 200 0 "http://nagybistvan.hu" "Mozilla/5.0+(compatible; UptimeRobot/2.0; http://www.uptimerobot.com/)"
168.119.96.239 - - [09/Aug/2025:11:43:58 +0200] "HEAD / HTTP/1.1" 200 0 "http://nagybistvan.hu" "Mozilla/5.0+(compatible; UptimeRobot/2.0; http://www.uptimerobot.com/)"
78.47.173.76 - - [09/Aug/2025:11:49:02 +0200] "HEAD / HTTP/1.1" 200 0 "http://nagybistvan.hu" "Mozilla/5.0+(compatible; UptimeRobot/2.0; http://www.uptimerobot.com/)"
216.244.66.227 - - [09/Aug/2025:11:49:35 +0200] "GET /robots.txt HTTP/1.1" 404 1181 "-" "Mozilla/5.0 (compatible; DotBot/1.2; +https://opensiteexplorer.org/dotbot; help@moz.com)"
88.99.80.227 - - [09/Aug/2025:11:54:06 +0200] "HEAD / HTTP/1.1" 200 0 "http://nagybistvan.hu" "Mozilla/5.0+(compatible; UptimeRobot/2.0; http://www.uptimerobot.com/)"
49.13.167.123 - - [09/Aug/2025:11:59:10 +0200] "HEAD / HTTP/1.1" 200 0 "http://nagybistvan.hu" "Mozilla/5.0+(compatible; UptimeRobot/2.0; http://www.uptimerobot.com/)"
216.244.66.227 - - [09/Aug/2025:12:01:36 +0200] "GET /index.php?c=wehner HTTP/1.1" 200 26028 "-" "Mozilla/5.0 (compatible; DotBot/1.2; +https://opensiteexplorer.org/dotbot; help@moz.com)"
168.119.123.75 - - [09/Aug/2025:12:04:14 +0200] "HEAD / HTTP/1.1" 200 0 "http://nagybistvan.hu" "Mozilla/5.0+(compatible; UptimeRobot/2.0; http://www.uptimerobot.com/)"
49.13.130.29 - - [09/Aug/2025:12:09:17 +0200] "HEAD / HTTP/1.1" 200 0 "http://nagybistvan.hu" "Mozilla/5.0+(compatible; UptimeRobot/2.0; http://www.uptimerobot.com/)"
66.249.64.130 - - [09/Aug/2025:12:13:51 +0200] "GET /media/image/07.035.001.jpg HTTP/1.1" 200 94619 "-" "Googlebot-Image/1.0"
78.47.173.76 - - [09/Aug/2025:12:14:21 +0200] "HEAD / HTTP/1.1" 200 0 "http://nagybistvan.hu" "Mozilla/5.0+(compatible; UptimeRobot/2.0; http://www.uptimerobot.com/)"
128.140.106.114 - - [09/Aug/2025:12:19:25 +0200] "HEAD / HTTP/1.1" 200 0 "http://nagybistvan.hu" "Mozilla/5.0+(compatible; UptimeRobot/2.0; http://www.uptimerobot.com/)"
49.13.24.81 - - [09/Aug/2025:12:24:31 +0200] "HEAD / HTTP/1.1" 200 0 "http://nagybistvan.hu" "Mozilla/5.0+(compatible; UptimeRobot/2.0; http://www.uptimerobot.com/)"
49.13.130.29 - - [09/Aug/2025:12:29:35 +0200] "HEAD / HTTP/1.1" 200 0 "http://nagybistvan.hu" "Mozilla/5.0+(compatible; UptimeRobot/2.0; http://www.uptimerobot.com/)"
157.90.156.63 - - [09/Aug/2025:12:34:39 +0200] "HEAD / HTTP/1.1" 200 0 "http://nagybistvan.hu" "Mozilla/5.0+(compatible; UptimeRobot/2.0; http://www.uptimerobot.com/)"
159.69.158.189 - - [09/Aug/2025:12:39:43 +0200] "HEAD / HTTP/1.1" 200 0 "http://nagybistvan.hu" "Mozilla/5.0+(compatible; UptimeRobot/2.0; http://www.uptimerobot.com/)"
128.140.41.193 - - [09/Aug/2025:12:44:47 +0200] "HEAD / HTTP/1.1" 200 0 "http://nagybistvan.hu" "Mozilla/5.0+(compatible; UptimeRobot/2.0; http://www.uptimerobot.com/)"
