49.13.130.29 - - [01/Aug/2025:23:14:32 +0200] "HEAD / HTTP/1.1" 200 0 "http://nagybistvan.hu" "Mozilla/5.0+(compatible; UptimeRobot/2.0; http://www.uptimerobot.com/)"
168.119.96.239 - - [01/Aug/2025:23:19:37 +0200] "HEAD / HTTP/1.1" 200 0 "http://nagybistvan.hu" "Mozilla/5.0+(compatible; UptimeRobot/2.0; http://www.uptimerobot.com/)"
170.106.193.108 - - [01/Aug/2025:23:19:46 +0200] "GET /index.php?c=onarckep HTTP/1.1" 200 12110 "-" "Mozilla/5.0 (iPhone; CPU iPhone OS 13_2_3 like Mac OS X) AppleWebKit/605.1.15 (KHTML, like Gecko) Version/13.0.3 Mobile/15E148 Safari/604.1"
66.249.79.36 - - [01/Aug/2025:23:24:42 +0200] "GET /media/image/30.356.001.jpg HTTP/1.1" 200 200262 "-" "Googlebot-Image/1.0"
128.140.41.193 - - [01/Aug/2025:23:24:43 +0200] "HEAD / HTTP/1.1" 200 0 "http://nagybistvan.hu" "Mozilla/5.0+(compatible; UptimeRobot/2.0; http://www.uptimerobot.com/)"
168.119.53.160 - - [01/Aug/2025:23:29:47 +0200] "HEAD / HTTP/1.1" 200 0 "http://nagybistvan.hu" "Mozilla/5.0+(compatible; UptimeRobot/2.0; http://www.uptimerobot.com/)"
43.130.111.40 - - [01/Aug/2025:23:30:46 +0200] "GET /index.php?c=szemely HTTP/1.1" 200 16698 "-" "Mozilla/5.0 (iPhone; CPU iPhone OS 13_2_3 like Mac OS X) AppleWebKit/605.1.15 (KHTML, like Gecko) Version/13.0.3 Mobile/15E148 Safari/604.1"
66.249.79.36 - - [01/Aug/2025:23:34:42 +0200] "GET /media/image/22.311.001.jpg HTTP/1.1" 200 136588 "-" "Googlebot-Image/1.0"
49.13.134.145 - - [01/Aug/2025:23:34:51 +0200] "HEAD / HTTP/1.1" 200 0 "http://nagybistvan.hu" "Mozilla/5.0+(compatible; UptimeRobot/2.0; http://www.uptimerobot.com/)"
114.119.148.14 - - [01/Aug/2025:23:37:33 +0200] "GET /media/image/22.318.001.jpg HTTP/1.1" 200 97473 "-" "Mozilla/5.0 (Linux; Android 7.0;) AppleWebKit/537.36 (KHTML, like Gecko) Mobile Safari/537.36 (compatible; PetalBot;+https://webmaster.petalsearch.com/site/petalbot)"
78.47.98.55 - - [01/Aug/2025:23:39:55 +0200] "HEAD / HTTP/1.1" 200 0 "http://nagybistvan.hu" "Mozilla/5.0+(compatible; UptimeRobot/2.0; http://www.uptimerobot.com/)"
101.33.55.204 - - [01/Aug/2025:23:40:30 +0200] "GET /index.php?c=mozaik HTTP/1.1" 200 17372 "-" "Mozilla/5.0 (iPhone; CPU iPhone OS 13_2_3 like Mac OS X) AppleWebKit/605.1.15 (KHTML, like Gecko) Version/13.0.3 Mobile/15E148 Safari/604.1"
168.119.123.75 - - [01/Aug/2025:23:44:59 +0200] "HEAD / HTTP/1.1" 200 0 "http://nagybistvan.hu" "Mozilla/5.0+(compatible; UptimeRobot/2.0; http://www.uptimerobot.com/)"
157.90.155.240 - - [01/Aug/2025:23:50:03 +0200] "HEAD / HTTP/1.1" 200 0 "http://nagybistvan.hu" "Mozilla/5.0+(compatible; UptimeRobot/2.0; http://www.uptimerobot.com/)"
43.166.224.244 - - [01/Aug/2025:23:51:48 +0200] "GET /index.php?c=szemely&cp=3 HTTP/1.1" 200 17032 "-" "Mozilla/5.0 (iPhone; CPU iPhone OS 13_2_3 like Mac OS X) AppleWebKit/605.1.15 (KHTML, like Gecko) Version/13.0.3 Mobile/15E148 Safari/604.1"
66.249.79.36 - - [01/Aug/2025:23:54:42 +0200] "GET /media/image/30.353.001.jpg HTTP/1.1" 200 220257 "-" "Googlebot-Image/1.0"
88.99.80.227 - - [01/Aug/2025:23:55:06 +0200] "HEAD / HTTP/1.1" 200 0 "http://nagybistvan.hu" "Mozilla/5.0+(compatible; UptimeRobot/2.0; http://www.uptimerobot.com/)"
43.133.220.37 - - [01/Aug/2025:23:58:52 +0200] "GET /index.php?c=szemely&cp=4 HTTP/1.1" 200 16984 "-" "Mozilla/5.0 (iPhone; CPU iPhone OS 13_2_3 like Mac OS X) AppleWebKit/605.1.15 (KHTML, like Gecko) Version/13.0.3 Mobile/15E148 Safari/604.1"
78.47.98.55 - - [02/Aug/2025:00:00:10 +0200] "HEAD / HTTP/1.1" 200 0 "http://nagybistvan.hu" "Mozilla/5.0+(compatible; UptimeRobot/2.0; http://www.uptimerobot.com/)"
78.47.173.76 - - [02/Aug/2025:00:05:14 +0200] "HEAD / HTTP/1.1" 200 0 "http://nagybistvan.hu" "Mozilla/5.0+(compatible; UptimeRobot/2.0; http://www.uptimerobot.com/)"
43.155.129.131 - - [02/Aug/2025:00:08:24 +0200] "GET /index.php?c=szemely&cp=2 HTTP/1.1" 200 18508 "-" "Mozilla/5.0 (iPhone; CPU iPhone OS 13_2_3 like Mac OS X) AppleWebKit/605.1.15 (KHTML, like Gecko) Version/13.0.3 Mobile/15E148 Safari/604.1"
159.69.158.189 - - [02/Aug/2025:00:10:20 +0200] "HEAD / HTTP/1.1" 200 0 "http://nagybistvan.hu" "Mozilla/5.0+(compatible; UptimeRobot/2.0; http://www.uptimerobot.com/)"
128.140.106.114 - - [02/Aug/2025:00:15:24 +0200] "HEAD / HTTP/1.1" 200 0 "http://nagybistvan.hu" "Mozilla/5.0+(compatible; UptimeRobot/2.0; http://www.uptimerobot.com/)"
170.106.143.6 - - [02/Aug/2025:00:20:00 +0200] "GET /index.php?c=szemely&cp=5 HTTP/1.1" 200 12841 "-" "Mozilla/5.0 (iPhone; CPU iPhone OS 13_2_3 like Mac OS X) AppleWebKit/605.1.15 (KHTML, like Gecko) Version/13.0.3 Mobile/15E148 Safari/604.1"
159.69.158.189 - - [02/Aug/2025:00:20:27 +0200] "HEAD / HTTP/1.1" 200 0 "http://nagybistvan.hu" "Mozilla/5.0+(compatible; UptimeRobot/2.0; http://www.uptimerobot.com/)"
78.47.98.55 - - [02/Aug/2025:00:25:31 +0200] "HEAD / HTTP/1.1" 200 0 "http://nagybistvan.hu" "Mozilla/5.0+(compatible; UptimeRobot/2.0; http://www.uptimerobot.com/)"
170.106.113.235 - - [02/Aug/2025:00:29:31 +0200] "GET /index.php?c=mozaik&cp=2 HTTP/1.1" 200 10986 "-" "Mozilla/5.0 (iPhone; CPU iPhone OS 13_2_3 like Mac OS X) AppleWebKit/605.1.15 (KHTML, like Gecko) Version/13.0.3 Mobile/15E148 Safari/604.1"
157.90.156.63 - - [02/Aug/2025:00:30:34 +0200] "HEAD / HTTP/1.1" 200 0 "http://nagybistvan.hu" "Mozilla/5.0+(compatible; UptimeRobot/2.0; http://www.uptimerobot.com/)"
167.235.143.113 - - [02/Aug/2025:00:35:38 +0200] "HEAD / HTTP/1.1" 200 0 "http://nagybistvan.hu" "Mozilla/5.0+(compatible; UptimeRobot/2.0; http://www.uptimerobot.com/)"
49.13.24.81 - - [02/Aug/2025:00:40:42 +0200] "HEAD / HTTP/1.1" 200 0 "http://nagybistvan.hu" "Mozilla/5.0+(compatible; UptimeRobot/2.0; http://www.uptimerobot.com/)"
157.90.155.240 - - [02/Aug/2025:00:45:47 +0200] "HEAD / HTTP/1.1" 200 0 "http://nagybistvan.hu" "Mozilla/5.0+(compatible; UptimeRobot/2.0; http://www.uptimerobot.com/)"
78.46.190.63 - - [02/Aug/2025:00:50:50 +0200] "HEAD / HTTP/1.1" 200 0 "http://nagybistvan.hu" "Mozilla/5.0+(compatible; UptimeRobot/2.0; http://www.uptimerobot.com/)"
49.13.134.145 - - [02/Aug/2025:00:55:54 +0200] "HEAD / HTTP/1.1" 200 0 "http://nagybistvan.hu" "Mozilla/5.0+(compatible; UptimeRobot/2.0; http://www.uptimerobot.com/)"
168.119.53.160 - - [02/Aug/2025:01:00:58 +0200] "HEAD / HTTP/1.1" 200 0 "http://nagybistvan.hu" "Mozilla/5.0+(compatible; UptimeRobot/2.0; http://www.uptimerobot.com/)"
66.249.79.237 - - [02/Aug/2025:01:04:40 +0200] "GET / HTTP/1.1" 200 6652 "-" "Mozilla/5.0 (Linux; Android 6.0.1; Nexus 5X Build/MMB29P) AppleWebKit/537.36 (KHTML, like Gecko) Chrome/138.0.7204.183 Mobile Safari/537.36 (compatible; Googlebot/2.1; +http://www.google.com/bot.html)"
66.249.79.236 - - [02/Aug/2025:01:04:45 +0200] "GET /skin/master.css HTTP/1.1" 200 6842 "http://nagybistvan.hu/" "Mozilla/5.0 (Linux; Android 6.0.1; Nexus 5X Build/MMB29P) AppleWebKit/537.36 (KHTML, like Gecko) Chrome/137.0.7151.119 Mobile Safari/537.36 (compatible; Googlebot/2.1; +http://www.google.com/bot.html)"
66.249.79.236 - - [02/Aug/2025:01:04:46 +0200] "GET /lib/thickbox-3.1.custom/thickbox.js HTTP/1.1" 200 13058 "http://nagybistvan.hu/" "Mozilla/5.0 (Linux; Android 6.0.1; Nexus 5X Build/MMB29P) AppleWebKit/537.36 (KHTML, like Gecko) Chrome/137.0.7151.119 Mobile Safari/537.36 (compatible; Googlebot/2.1; +http://www.google.com/bot.html)"
167.235.143.113 - - [02/Aug/2025:01:06:02 +0200] "HEAD / HTTP/1.1" 200 0 "http://nagybistvan.hu" "Mozilla/5.0+(compatible; UptimeRobot/2.0; http://www.uptimerobot.com/)"
66.249.79.238 - - [02/Aug/2025:01:07:12 +0200] "GET /media/image/30.366.001.jpg HTTP/1.1" 200 184985 "-" "Googlebot-Image/1.0"
49.13.134.145 - - [02/Aug/2025:01:11:05 +0200] "HEAD / HTTP/1.1" 200 0 "http://nagybistvan.hu" "Mozilla/5.0+(compatible; UptimeRobot/2.0; http://www.uptimerobot.com/)"
157.90.156.63 - - [02/Aug/2025:01:16:09 +0200] "HEAD / HTTP/1.1" 200 0 "http://nagybistvan.hu" "Mozilla/5.0+(compatible; UptimeRobot/2.0; http://www.uptimerobot.com/)"
49.13.164.148 - - [02/Aug/2025:01:21:13 +0200] "HEAD / HTTP/1.1" 200 0 "http://nagybistvan.hu" "Mozilla/5.0+(compatible; UptimeRobot/2.0; http://www.uptimerobot.com/)"
78.47.173.76 - - [02/Aug/2025:01:26:17 +0200] "HEAD / HTTP/1.1" 200 0 "http://nagybistvan.hu" "Mozilla/5.0+(compatible; UptimeRobot/2.0; http://www.uptimerobot.com/)"
66.249.79.36 - - [02/Aug/2025:01:29:41 +0200] "GET /robots.txt HTTP/1.1" 404 1181 "-" "Mozilla/5.0 (compatible; Googlebot/2.1; +http://www.google.com/bot.html)"
66.249.79.35 - - [02/Aug/2025:01:29:43 +0200] "GET /media/image/07.020.001.jpg HTTP/1.1" 200 253684 "-" "Googlebot-Image/1.0"
49.13.167.123 - - [02/Aug/2025:01:31:21 +0200] "HEAD / HTTP/1.1" 200 0 "http://nagybistvan.hu" "Mozilla/5.0+(compatible; UptimeRobot/2.0; http://www.uptimerobot.com/)"
157.90.155.240 - - [02/Aug/2025:01:36:25 +0200] "HEAD / HTTP/1.1" 200 0 "http://nagybistvan.hu" "Mozilla/5.0+(compatible; UptimeRobot/2.0; http://www.uptimerobot.com/)"
66.249.79.35 - - [02/Aug/2025:01:40:57 +0200] "GET /media/image/21.289.001.jpg HTTP/1.1" 200 151132 "-" "Googlebot-Image/1.0"
78.46.190.63 - - [02/Aug/2025:01:41:29 +0200] "HEAD / HTTP/1.1" 200 0 "http://nagybistvan.hu" "Mozilla/5.0+(compatible; UptimeRobot/2.0; http://www.uptimerobot.com/)"
66.249.79.37 - - [02/Aug/2025:01:44:49 +0200] "GET /?page=login HTTP/1.1" 200 6776 "-" "Mozilla/5.0 (Linux; Android 6.0.1; Nexus 5X Build/MMB29P) AppleWebKit/537.36 (KHTML, like Gecko) Chrome/138.0.7204.183 Mobile Safari/537.36 (compatible; Googlebot/2.1; +http://www.google.com/bot.html)"
66.249.79.36 - - [02/Aug/2025:01:44:57 +0200] "GET /lib/thickbox-3.1.custom/thickbox.js HTTP/1.1" 200 13058 "http://www.nagybistvan.hu/?page=login" "Mozilla/5.0 (Linux; Android 6.0.1; Nexus 5X Build/MMB29P) AppleWebKit/537.36 (KHTML, like Gecko) Chrome/137.0.7151.119 Mobile Safari/537.36 (compatible; Googlebot/2.1; +http://www.google.com/bot.html)"
66.249.79.36 - - [02/Aug/2025:01:44:59 +0200] "GET /lib/jq.fancybox-1.3.4/jquery.easing-1.3.pack.js HTTP/1.1" 200 6717 "http://www.nagybistvan.hu/?page=login" "Mozilla/5.0 (Linux; Android 6.0.1; Nexus 5X Build/MMB29P) AppleWebKit/537.36 (KHTML, like Gecko) Chrome/137.0.7151.119 Mobile Safari/537.36 (compatible; Googlebot/2.1; +http://www.google.com/bot.html)"
167.235.143.113 - - [02/Aug/2025:01:46:33 +0200] "HEAD / HTTP/1.1" 200 0 "http://nagybistvan.hu" "Mozilla/5.0+(compatible; UptimeRobot/2.0; http://www.uptimerobot.com/)"
159.69.158.189 - - [02/Aug/2025:01:51:37 +0200] "HEAD / HTTP/1.1" 200 0 "http://nagybistvan.hu" "Mozilla/5.0+(compatible; UptimeRobot/2.0; http://www.uptimerobot.com/)"
159.69.158.189 - - [02/Aug/2025:01:56:40 +0200] "HEAD / HTTP/1.1" 200 0 "http://nagybistvan.hu" "Mozilla/5.0+(compatible; UptimeRobot/2.0; http://www.uptimerobot.com/)"
66.249.79.37 - - [02/Aug/2025:01:57:49 +0200] "GET /media/image/21.341.001.jpg HTTP/1.1" 200 99351 "-" "Googlebot-Image/1.0"
168.119.96.239 - - [02/Aug/2025:02:01:44 +0200] "HEAD / HTTP/1.1" 200 0 "http://nagybistvan.hu" "Mozilla/5.0+(compatible; UptimeRobot/2.0; http://www.uptimerobot.com/)"
66.249.79.36 - - [02/Aug/2025:02:03:27 +0200] "GET /media/image/21.110.076.jpg HTTP/1.1" 200 116677 "-" "Googlebot-Image/1.0"
128.140.106.114 - - [02/Aug/2025:02:06:48 +0200] "HEAD / HTTP/1.1" 200 0 "http://nagybistvan.hu" "Mozilla/5.0+(compatible; UptimeRobot/2.0; http://www.uptimerobot.com/)"
142.132.180.39 - - [02/Aug/2025:02:11:52 +0200] "HEAD / HTTP/1.1" 200 0 "http://nagybistvan.hu" "Mozilla/5.0+(compatible; UptimeRobot/2.0; http://www.uptimerobot.com/)"
66.249.79.36 - - [02/Aug/2025:02:15:42 +0200] "GET /media/image/07.110.065.jpg HTTP/1.1" 200 72854 "-" "Googlebot-Image/1.0"
168.119.123.75 - - [02/Aug/2025:02:16:56 +0200] "HEAD / HTTP/1.1" 200 0 "http://nagybistvan.hu" "Mozilla/5.0+(compatible; UptimeRobot/2.0; http://www.uptimerobot.com/)"
167.235.143.113 - - [02/Aug/2025:02:21:59 +0200] "HEAD / HTTP/1.1" 200 0 "http://nagybistvan.hu" "Mozilla/5.0+(compatible; UptimeRobot/2.0; http://www.uptimerobot.com/)"
66.249.79.36 - - [02/Aug/2025:02:25:57 +0200] "GET /media/image/07.110.134.jpg HTTP/1.1" 200 139468 "-" "Googlebot-Image/1.0"
78.46.190.63 - - [02/Aug/2025:02:27:04 +0200] "HEAD / HTTP/1.1" 200 0 "http://nagybistvan.hu" "Mozilla/5.0+(compatible; UptimeRobot/2.0; http://www.uptimerobot.com/)"
167.235.143.113 - - [02/Aug/2025:02:32:08 +0200] "HEAD / HTTP/1.1" 200 0 "http://nagybistvan.hu" "Mozilla/5.0+(compatible; UptimeRobot/2.0; http://www.uptimerobot.com/)"
167.235.143.113 - - [02/Aug/2025:02:37:11 +0200] "HEAD / HTTP/1.1" 200 0 "http://nagybistvan.hu" "Mozilla/5.0+(compatible; UptimeRobot/2.0; http://www.uptimerobot.com/)"
78.46.190.63 - - [02/Aug/2025:02:42:15 +0200] "HEAD / HTTP/1.1" 200 0 "http://nagybistvan.hu" "Mozilla/5.0+(compatible; UptimeRobot/2.0; http://www.uptimerobot.com/)"
35.243.90.159 - - [02/Aug/2025:02:43:51 +0200] "HEAD /wordpress HTTP/1.1" 404 0 "-" "Mozilla/5.0 (Windows NT 10.0; Win64; x64) AppleWebKit/537.36 (KHTML, like Gecko) Chrome/74.0.3729.169 Safari/537.36"
35.243.90.159 - - [02/Aug/2025:02:43:52 +0200] "HEAD / HTTP/1.1" 200 0 "-" "Mozilla/5.0 (Windows NT 10.0; Win64; x64) AppleWebKit/537.36 (KHTML, like Gecko) Chrome/74.0.3729.169 Safari/537.36"
35.243.90.159 - - [02/Aug/2025:02:43:52 +0200] "HEAD /wp HTTP/1.1" 404 0 "-" "Mozilla/5.0 (Windows NT 10.0; Win64; x64) AppleWebKit/537.36 (KHTML, like Gecko) Chrome/74.0.3729.169 Safari/537.36"
35.243.90.159 - - [02/Aug/2025:02:43:52 +0200] "HEAD /bc HTTP/1.1" 404 0 "-" "Mozilla/5.0 (Windows NT 10.0; Win64; x64) AppleWebKit/537.36 (KHTML, like Gecko) Chrome/74.0.3729.169 Safari/537.36"
35.243.90.159 - - [02/Aug/2025:02:43:52 +0200] "HEAD /bk HTTP/1.1" 404 0 "-" "Mozilla/5.0 (Windows NT 10.0; Win64; x64) AppleWebKit/537.36 (KHTML, like Gecko) Chrome/74.0.3729.169 Safari/537.36"
35.243.90.159 - - [02/Aug/2025:02:43:53 +0200] "HEAD /backup HTTP/1.1" 404 0 "-" "Mozilla/5.0 (Windows NT 10.0; Win64; x64) AppleWebKit/537.36 (KHTML, like Gecko) Chrome/74.0.3729.169 Safari/537.36"
35.243.90.159 - - [02/Aug/2025:02:43:53 +0200] "HEAD /old HTTP/1.1" 404 0 "-" "Mozilla/5.0 (Windows NT 10.0; Win64; x64) AppleWebKit/537.36 (KHTML, like Gecko) Chrome/74.0.3729.169 Safari/537.36"
35.243.90.159 - - [02/Aug/2025:02:43:53 +0200] "HEAD /new HTTP/1.1" 404 0 "-" "Mozilla/5.0 (Windows NT 10.0; Win64; x64) AppleWebKit/537.36 (KHTML, like Gecko) Chrome/74.0.3729.169 Safari/537.36"
35.243.90.159 - - [02/Aug/2025:02:43:54 +0200] "HEAD /main HTTP/1.1" 404 0 "-" "Mozilla/5.0 (Windows NT 10.0; Win64; x64) AppleWebKit/537.36 (KHTML, like Gecko) Chrome/74.0.3729.169 Safari/537.36"
35.243.90.159 - - [02/Aug/2025:02:43:54 +0200] "HEAD /home HTTP/1.1" 404 0 "-" "Mozilla/5.0 (Windows NT 10.0; Win64; x64) AppleWebKit/537.36 (KHTML, like Gecko) Chrome/74.0.3729.169 Safari/537.36"
49.13.134.145 - - [02/Aug/2025:02:47:18 +0200] "HEAD / HTTP/1.1" 200 0 "http://nagybistvan.hu" "Mozilla/5.0+(compatible; UptimeRobot/2.0; http://www.uptimerobot.com/)"
167.235.143.113 - - [02/Aug/2025:02:52:22 +0200] "HEAD / HTTP/1.1" 200 0 "http://nagybistvan.hu" "Mozilla/5.0+(compatible; UptimeRobot/2.0; http://www.uptimerobot.com/)"
168.119.96.239 - - [02/Aug/2025:02:57:26 +0200] "HEAD / HTTP/1.1" 200 0 "http://nagybistvan.hu" "Mozilla/5.0+(compatible; UptimeRobot/2.0; http://www.uptimerobot.com/)"
128.140.41.193 - - [02/Aug/2025:03:02:30 +0200] "HEAD / HTTP/1.1" 200 0 "http://nagybistvan.hu" "Mozilla/5.0+(compatible; UptimeRobot/2.0; http://www.uptimerobot.com/)"
128.140.106.114 - - [02/Aug/2025:03:07:34 +0200] "HEAD / HTTP/1.1" 200 0 "http://nagybistvan.hu" "Mozilla/5.0+(compatible; UptimeRobot/2.0; http://www.uptimerobot.com/)"
66.249.79.35 - - [02/Aug/2025:03:10:57 +0200] "GET /media/image/21.110.080.jpg HTTP/1.1" 200 113862 "-" "Googlebot-Image/1.0"
168.119.96.239 - - [02/Aug/2025:03:12:37 +0200] "HEAD / HTTP/1.1" 200 0 "http://nagybistvan.hu" "Mozilla/5.0+(compatible; UptimeRobot/2.0; http://www.uptimerobot.com/)"
49.13.134.145 - - [02/Aug/2025:03:17:41 +0200] "HEAD / HTTP/1.1" 200 0 "http://nagybistvan.hu" "Mozilla/5.0+(compatible; UptimeRobot/2.0; http://www.uptimerobot.com/)"
66.249.79.36 - - [02/Aug/2025:03:22:12 +0200] "GET /media/image/07.056.001.jpg HTTP/1.1" 200 130400 "-" "Googlebot-Image/1.0"
168.119.123.75 - - [02/Aug/2025:03:22:46 +0200] "HEAD / HTTP/1.1" 200 0 "http://nagybistvan.hu" "Mozilla/5.0+(compatible; UptimeRobot/2.0; http://www.uptimerobot.com/)"
128.140.41.193 - - [02/Aug/2025:03:27:50 +0200] "HEAD / HTTP/1.1" 200 0 "http://nagybistvan.hu" "Mozilla/5.0+(compatible; UptimeRobot/2.0; http://www.uptimerobot.com/)"
78.47.173.76 - - [02/Aug/2025:03:32:54 +0200] "HEAD / HTTP/1.1" 200 0 "http://nagybistvan.hu" "Mozilla/5.0+(compatible; UptimeRobot/2.0; http://www.uptimerobot.com/)"
159.69.158.189 - - [02/Aug/2025:03:37:58 +0200] "HEAD / HTTP/1.1" 200 0 "http://nagybistvan.hu" "Mozilla/5.0+(compatible; UptimeRobot/2.0; http://www.uptimerobot.com/)"
66.249.79.35 - - [02/Aug/2025:03:42:01 +0200] "GET /media/image/07.110.081.jpg HTTP/1.1" 200 109105 "-" "Googlebot-Image/1.0"
168.119.123.75 - - [02/Aug/2025:03:43:01 +0200] "HEAD / HTTP/1.1" 200 0 "http://nagybistvan.hu" "Mozilla/5.0+(compatible; UptimeRobot/2.0; http://www.uptimerobot.com/)"
168.119.53.160 - - [02/Aug/2025:03:48:04 +0200] "HEAD / HTTP/1.1" 200 0 "http://nagybistvan.hu" "Mozilla/5.0+(compatible; UptimeRobot/2.0; http://www.uptimerobot.com/)"
66.249.79.236 - - [02/Aug/2025:03:50:35 +0200] "GET /media/image/24.110.085.jpg HTTP/1.1" 200 138651 "-" "Googlebot-Image/1.0"
49.13.167.123 - - [02/Aug/2025:03:53:08 +0200] "HEAD / HTTP/1.1" 200 0 "http://nagybistvan.hu" "Mozilla/5.0+(compatible; UptimeRobot/2.0; http://www.uptimerobot.com/)"
78.46.190.63 - - [02/Aug/2025:03:58:12 +0200] "HEAD / HTTP/1.1" 200 0 "http://nagybistvan.hu" "Mozilla/5.0+(compatible; UptimeRobot/2.0; http://www.uptimerobot.com/)"
66.249.79.35 - - [02/Aug/2025:03:59:10 +0200] "GET /media/image/07.110.124.jpg HTTP/1.1" 200 182575 "-" "Googlebot-Image/1.0"
168.119.53.160 - - [02/Aug/2025:04:03:16 +0200] "HEAD / HTTP/1.1" 200 0 "http://nagybistvan.hu" "Mozilla/5.0+(compatible; UptimeRobot/2.0; http://www.uptimerobot.com/)"
66.249.79.37 - - [02/Aug/2025:04:07:44 +0200] "GET /media/image/07.110.058.jpg HTTP/1.1" 200 130240 "-" "Googlebot-Image/1.0"
88.99.80.227 - - [02/Aug/2025:04:08:20 +0200] "HEAD / HTTP/1.1" 200 0 "http://nagybistvan.hu" "Mozilla/5.0+(compatible; UptimeRobot/2.0; http://www.uptimerobot.com/)"
49.13.24.81 - - [02/Aug/2025:04:13:24 +0200] "HEAD / HTTP/1.1" 200 0 "http://nagybistvan.hu" "Mozilla/5.0+(compatible; UptimeRobot/2.0; http://www.uptimerobot.com/)"
168.119.53.160 - - [02/Aug/2025:04:18:27 +0200] "HEAD / HTTP/1.1" 200 0 "http://nagybistvan.hu" "Mozilla/5.0+(compatible; UptimeRobot/2.0; http://www.uptimerobot.com/)"
167.235.143.113 - - [02/Aug/2025:04:23:32 +0200] "HEAD / HTTP/1.1" 200 0 "http://nagybistvan.hu" "Mozilla/5.0+(compatible; UptimeRobot/2.0; http://www.uptimerobot.com/)"
66.249.79.36 - - [02/Aug/2025:04:24:53 +0200] "GET /media/image/21.110.079.jpg HTTP/1.1" 200 111296 "-" "Googlebot-Image/1.0"
128.140.41.193 - - [02/Aug/2025:04:28:36 +0200] "HEAD / HTTP/1.1" 200 0 "http://nagybistvan.hu" "Mozilla/5.0+(compatible; UptimeRobot/2.0; http://www.uptimerobot.com/)"
66.249.79.237 - - [02/Aug/2025:04:31:40 +0200] "GET /index.php HTTP/1.1" 200 6673 "-" "Mozilla/5.0 (Linux; Android 6.0.1; Nexus 5X Build/MMB29P) AppleWebKit/537.36 (KHTML, like Gecko) Chrome/138.0.7204.183 Mobile Safari/537.36 (compatible; Googlebot/2.1; +http://www.google.com/bot.html)"
167.235.143.113 - - [02/Aug/2025:04:33:40 +0200] "HEAD / HTTP/1.1" 200 0 "http://nagybistvan.hu" "Mozilla/5.0+(compatible; UptimeRobot/2.0; http://www.uptimerobot.com/)"
66.249.79.37 - - [02/Aug/2025:04:34:27 +0200] "GET /media/image/23.334.001.jpg HTTP/1.1" 200 150574 "-" "Googlebot-Image/1.0"
167.235.143.113 - - [02/Aug/2025:04:38:44 +0200] "HEAD / HTTP/1.1" 200 0 "http://nagybistvan.hu" "Mozilla/5.0+(compatible; UptimeRobot/2.0; http://www.uptimerobot.com/)"
157.90.155.240 - - [02/Aug/2025:04:43:48 +0200] "HEAD / HTTP/1.1" 200 0 "http://nagybistvan.hu" "Mozilla/5.0+(compatible; UptimeRobot/2.0; http://www.uptimerobot.com/)"
128.140.41.193 - - [02/Aug/2025:04:48:51 +0200] "HEAD / HTTP/1.1" 200 0 "http://nagybistvan.hu" "Mozilla/5.0+(compatible; UptimeRobot/2.0; http://www.uptimerobot.com/)"
49.13.24.81 - - [02/Aug/2025:04:53:55 +0200] "HEAD / HTTP/1.1" 200 0 "http://nagybistvan.hu" "Mozilla/5.0+(compatible; UptimeRobot/2.0; http://www.uptimerobot.com/)"
43.157.148.38 - - [02/Aug/2025:04:55:27 +0200] "GET / HTTP/1.1" 200 6868 "-" "Mozilla/5.0 (iPhone; CPU iPhone OS 13_2_3 like Mac OS X) AppleWebKit/605.1.15 (KHTML, like Gecko) Version/13.0.3 Mobile/15E148 Safari/604.1"
54.36.149.36 - - [02/Aug/2025:04:57:02 +0200] "GET /robots.txt HTTP/1.1" 404 1181 "-" "Mozilla/5.0 (compatible; AhrefsBot/7.0; +http://ahrefs.com/robot/)"
54.36.148.69 - - [02/Aug/2025:04:57:03 +0200] "GET / HTTP/1.1" 200 6844 "-" "Mozilla/5.0 (compatible; AhrefsBot/7.0; +http://ahrefs.com/robot/)"
54.36.148.150 - - [02/Aug/2025:04:57:19 +0200] "GET /img/Nagy_B_album_szoro2_130.jpg HTTP/1.1" 200 53095 "-" "Mozilla/5.0 (compatible; AhrefsBot/7.0; +http://ahrefs.com/robot/)"
54.36.148.25 - - [02/Aug/2025:04:57:20 +0200] "GET /media/image/07.035.001.jpg HTTP/1.1" 200 94619 "-" "Mozilla/5.0 (compatible; AhrefsBot/7.0; +http://ahrefs.com/robot/)"
54.36.148.7 - - [02/Aug/2025:04:57:21 +0200] "GET /img/nagy_b_90_meghivo_400.jpg HTTP/1.1" 200 42212 "-" "Mozilla/5.0 (compatible; AhrefsBot/7.0; +http://ahrefs.com/robot/)"
88.99.80.227 - - [02/Aug/2025:04:58:58 +0200] "HEAD / HTTP/1.1" 200 0 "http://nagybistvan.hu" "Mozilla/5.0+(compatible; UptimeRobot/2.0; http://www.uptimerobot.com/)"
34.229.106.189 - - [02/Aug/2025:05:03:29 +0200] "GET /robots.txt HTTP/1.1" 404 1181 "-" "Mozilla/5.0 (Macintosh; Intel Mac OS X 10_15_7) AppleWebKit/537.36 (KHTML, like Gecko) Chrome/108.0.0.0 Safari/537.36"
49.13.24.81 - - [02/Aug/2025:05:04:05 +0200] "HEAD / HTTP/1.1" 200 0 "http://nagybistvan.hu" "Mozilla/5.0+(compatible; UptimeRobot/2.0; http://www.uptimerobot.com/)"
49.13.134.145 - - [02/Aug/2025:05:09:08 +0200] "HEAD / HTTP/1.1" 200 0 "http://nagybistvan.hu" "Mozilla/5.0+(compatible; UptimeRobot/2.0; http://www.uptimerobot.com/)"
69.171.231.116 - - [02/Aug/2025:05:12:17 +0200] "GET /robots.txt HTTP/1.1" 404 1181 "-" "facebookexternalhit/1.1 (+http://www.facebook.com/externalhit_uatext.php)"
69.171.231.113 - - [02/Aug/2025:05:12:18 +0200] "GET /robots.txt HTTP/1.1" 404 1181 "-" "facebookexternalhit/1.1 (+http://www.facebook.com/externalhit_uatext.php)"
57.141.6.11 - - [02/Aug/2025:05:12:20 +0200] "GET /media/image/07.051.001.jpg HTTP/1.1" 200 77907 "-" "meta-externalagent/1.1 (+https://developers.facebook.com/docs/sharing/webmasters/crawler)"
69.171.231.7 - - [02/Aug/2025:05:12:21 +0200] "GET /robots.txt HTTP/1.1" 404 1181 "-" "facebookexternalhit/1.1 (+http://www.facebook.com/externalhit_uatext.php)"
34.229.106.189 - - [02/Aug/2025:05:13:31 +0200] "GET / HTTP/1.1" 200 6624 "-" "Mozilla/5.0 (Macintosh; Intel Mac OS X 10_15_7) AppleWebKit/537.36 (KHTML, like Gecko) Chrome/108.0.0.0 Safari/537.36"
168.119.123.75 - - [02/Aug/2025:05:14:14 +0200] "HEAD / HTTP/1.1" 200 0 "http://nagybistvan.hu" "Mozilla/5.0+(compatible; UptimeRobot/2.0; http://www.uptimerobot.com/)"
66.249.79.35 - - [02/Aug/2025:05:16:18 +0200] "GET /media/image/07.049.001.jpg HTTP/1.1" 200 134293 "-" "Googlebot-Image/1.0"
78.47.98.55 - - [02/Aug/2025:05:19:18 +0200] "HEAD / HTTP/1.1" 200 0 "http://nagybistvan.hu" "Mozilla/5.0+(compatible; UptimeRobot/2.0; http://www.uptimerobot.com/)"
78.46.190.63 - - [02/Aug/2025:05:24:23 +0200] "HEAD / HTTP/1.1" 200 0 "http://nagybistvan.hu" "Mozilla/5.0+(compatible; UptimeRobot/2.0; http://www.uptimerobot.com/)"
66.249.79.237 - - [02/Aug/2025:05:25:39 +0200] "GET /zsambek/Zold%20Zsambek.html HTTP/1.1" 304 - "-" "Mozilla/5.0 (Linux; Android 6.0.1; Nexus 5X Build/MMB29P) AppleWebKit/537.36 (KHTML, like Gecko) Chrome/138.0.7204.183 Mobile Safari/537.36 (compatible; Googlebot/2.1; +http://www.google.com/bot.html)"
88.99.80.227 - - [02/Aug/2025:05:29:27 +0200] "HEAD / HTTP/1.1" 200 0 "http://nagybistvan.hu" "Mozilla/5.0+(compatible; UptimeRobot/2.0; http://www.uptimerobot.com/)"
168.119.53.160 - - [02/Aug/2025:05:34:30 +0200] "HEAD / HTTP/1.1" 200 0 "http://nagybistvan.hu" "Mozilla/5.0+(compatible; UptimeRobot/2.0; http://www.uptimerobot.com/)"
49.13.164.148 - - [02/Aug/2025:05:39:34 +0200] "HEAD / HTTP/1.1" 200 0 "http://nagybistvan.hu" "Mozilla/5.0+(compatible; UptimeRobot/2.0; http://www.uptimerobot.com/)"
88.99.80.227 - - [02/Aug/2025:05:44:38 +0200] "HEAD / HTTP/1.1" 200 0 "http://nagybistvan.hu" "Mozilla/5.0+(compatible; UptimeRobot/2.0; http://www.uptimerobot.com/)"
157.90.156.63 - - [02/Aug/2025:05:49:43 +0200] "HEAD / HTTP/1.1" 200 0 "http://nagybistvan.hu" "Mozilla/5.0+(compatible; UptimeRobot/2.0; http://www.uptimerobot.com/)"
49.13.167.123 - - [02/Aug/2025:05:54:47 +0200] "HEAD / HTTP/1.1" 200 0 "http://nagybistvan.hu" "Mozilla/5.0+(compatible; UptimeRobot/2.0; http://www.uptimerobot.com/)"
66.249.79.36 - - [02/Aug/2025:05:55:57 +0200] "GET /media/image/07.050.001.jpg HTTP/1.1" 200 142144 "-" "Googlebot-Image/1.0"
49.13.167.123 - - [02/Aug/2025:05:59:50 +0200] "HEAD / HTTP/1.1" 200 0 "http://nagybistvan.hu" "Mozilla/5.0+(compatible; UptimeRobot/2.0; http://www.uptimerobot.com/)"
168.119.123.75 - - [02/Aug/2025:06:04:54 +0200] "HEAD / HTTP/1.1" 200 0 "http://nagybistvan.hu" "Mozilla/5.0+(compatible; UptimeRobot/2.0; http://www.uptimerobot.com/)"
78.47.173.76 - - [02/Aug/2025:06:09:57 +0200] "HEAD / HTTP/1.1" 200 0 "http://nagybistvan.hu" "Mozilla/5.0+(compatible; UptimeRobot/2.0; http://www.uptimerobot.com/)"
168.119.123.75 - - [02/Aug/2025:06:15:02 +0200] "HEAD / HTTP/1.1" 200 0 "http://nagybistvan.hu" "Mozilla/5.0+(compatible; UptimeRobot/2.0; http://www.uptimerobot.com/)"
168.119.53.160 - - [02/Aug/2025:06:20:06 +0200] "HEAD / HTTP/1.1" 200 0 "http://nagybistvan.hu" "Mozilla/5.0+(compatible; UptimeRobot/2.0; http://www.uptimerobot.com/)"
49.13.134.145 - - [02/Aug/2025:06:25:10 +0200] "HEAD / HTTP/1.1" 200 0 "http://nagybistvan.hu" "Mozilla/5.0+(compatible; UptimeRobot/2.0; http://www.uptimerobot.com/)"
78.47.173.76 - - [02/Aug/2025:06:30:15 +0200] "HEAD / HTTP/1.1" 200 0 "http://nagybistvan.hu" "Mozilla/5.0+(compatible; UptimeRobot/2.0; http://www.uptimerobot.com/)"
78.46.190.63 - - [02/Aug/2025:06:35:18 +0200] "HEAD / HTTP/1.1" 200 0 "http://nagybistvan.hu" "Mozilla/5.0+(compatible; UptimeRobot/2.0; http://www.uptimerobot.com/)"
167.235.143.113 - - [02/Aug/2025:06:40:21 +0200] "HEAD / HTTP/1.1" 200 0 "http://nagybistvan.hu" "Mozilla/5.0+(compatible; UptimeRobot/2.0; http://www.uptimerobot.com/)"
78.46.190.63 - - [02/Aug/2025:06:45:24 +0200] "HEAD / HTTP/1.1" 200 0 "http://nagybistvan.hu" "Mozilla/5.0+(compatible; UptimeRobot/2.0; http://www.uptimerobot.com/)"
128.140.106.114 - - [02/Aug/2025:06:50:27 +0200] "HEAD / HTTP/1.1" 200 0 "http://nagybistvan.hu" "Mozilla/5.0+(compatible; UptimeRobot/2.0; http://www.uptimerobot.com/)"
159.69.158.189 - - [02/Aug/2025:06:55:34 +0200] "HEAD / HTTP/1.1" 200 0 "http://nagybistvan.hu" "Mozilla/5.0+(compatible; UptimeRobot/2.0; http://www.uptimerobot.com/)"
49.13.130.29 - - [02/Aug/2025:07:00:37 +0200] "HEAD / HTTP/1.1" 200 0 "http://nagybistvan.hu" "Mozilla/5.0+(compatible; UptimeRobot/2.0; http://www.uptimerobot.com/)"
78.47.98.55 - - [02/Aug/2025:07:05:41 +0200] "HEAD / HTTP/1.1" 200 0 "http://nagybistvan.hu" "Mozilla/5.0+(compatible; UptimeRobot/2.0; http://www.uptimerobot.com/)"
128.140.106.114 - - [02/Aug/2025:07:10:44 +0200] "HEAD / HTTP/1.1" 200 0 "http://nagybistvan.hu" "Mozilla/5.0+(compatible; UptimeRobot/2.0; http://www.uptimerobot.com/)"
49.13.164.148 - - [02/Aug/2025:07:15:48 +0200] "HEAD / HTTP/1.1" 200 0 "http://nagybistvan.hu" "Mozilla/5.0+(compatible; UptimeRobot/2.0; http://www.uptimerobot.com/)"
198.235.24.42 - - [02/Aug/2025:07:17:59 +0200] "GET / HTTP/1.1" 200 6714 "-" "Hello from Palo Alto Networks, find out more about our scans in https://docs-cortex.paloaltonetworks.com/r/1/Cortex-Xpanse/Scanning-activity"
168.119.96.239 - - [02/Aug/2025:07:20:52 +0200] "HEAD / HTTP/1.1" 200 0 "http://nagybistvan.hu" "Mozilla/5.0+(compatible; UptimeRobot/2.0; http://www.uptimerobot.com/)"
66.249.79.236 - - [02/Aug/2025:07:21:46 +0200] "GET /robots.txt HTTP/1.1" 404 1181 "-" "Mozilla/5.0 (compatible; Googlebot/2.1; +http://www.google.com/bot.html)"
66.249.79.238 - - [02/Aug/2025:07:21:47 +0200] "GET /zsambek/Zsambeki%20eg.html HTTP/1.1" 200 684 "-" "Mozilla/5.0 (Linux; Android 6.0.1; Nexus 5X Build/MMB29P) AppleWebKit/537.36 (KHTML, like Gecko) Chrome/138.0.7204.183 Mobile Safari/537.36 (compatible; Googlebot/2.1; +http://www.google.com/bot.html)"
168.119.53.160 - - [02/Aug/2025:07:25:57 +0200] "HEAD / HTTP/1.1" 200 0 "http://nagybistvan.hu" "Mozilla/5.0+(compatible; UptimeRobot/2.0; http://www.uptimerobot.com/)"
66.249.79.237 - - [02/Aug/2025:07:30:51 +0200] "GET /zsambek/Julika%20Zsambekon.html HTTP/1.1" 200 699 "-" "Mozilla/5.0 (Linux; Android 6.0.1; Nexus 5X Build/MMB29P) AppleWebKit/537.36 (KHTML, like Gecko) Chrome/138.0.7204.183 Mobile Safari/537.36 (compatible; Googlebot/2.1; +http://www.google.com/bot.html)"
157.90.155.240 - - [02/Aug/2025:07:31:00 +0200] "HEAD / HTTP/1.1" 200 0 "http://nagybistvan.hu" "Mozilla/5.0+(compatible; UptimeRobot/2.0; http://www.uptimerobot.com/)"
78.47.173.76 - - [02/Aug/2025:07:36:03 +0200] "HEAD / HTTP/1.1" 200 0 "http://nagybistvan.hu" "Mozilla/5.0+(compatible; UptimeRobot/2.0; http://www.uptimerobot.com/)"
49.13.164.148 - - [02/Aug/2025:07:41:07 +0200] "HEAD / HTTP/1.1" 200 0 "http://nagybistvan.hu" "Mozilla/5.0+(compatible; UptimeRobot/2.0; http://www.uptimerobot.com/)"
167.235.143.113 - - [02/Aug/2025:07:46:11 +0200] "HEAD / HTTP/1.1" 200 0 "http://nagybistvan.hu" "Mozilla/5.0+(compatible; UptimeRobot/2.0; http://www.uptimerobot.com/)"
142.132.180.39 - - [02/Aug/2025:07:51:14 +0200] "HEAD / HTTP/1.1" 200 0 "http://nagybistvan.hu" "Mozilla/5.0+(compatible; UptimeRobot/2.0; http://www.uptimerobot.com/)"
190.106.177.254 - - [02/Aug/2025:07:53:08 +0200] "GET /egyeni HTTP/1.1" 301 316 "-" "Mozilla/5.0 (X11; Linux x86_64) AppleWebKit/537.36 (KHTML, like Gecko) Chrome/134.0.0.0 Safari/537.3"
49.13.24.81 - - [02/Aug/2025:07:56:18 +0200] "HEAD / HTTP/1.1" 200 0 "http://nagybistvan.hu" "Mozilla/5.0+(compatible; UptimeRobot/2.0; http://www.uptimerobot.com/)"
168.119.53.160 - - [02/Aug/2025:08:01:22 +0200] "HEAD / HTTP/1.1" 200 0 "http://nagybistvan.hu" "Mozilla/5.0+(compatible; UptimeRobot/2.0; http://www.uptimerobot.com/)"
104.252.138.251 - - [02/Aug/2025:08:02:03 +0200] "GET /csoportos HTTP/1.1" 301 319 "-" "Mozilla/5.0 (Windows NT 10.0; Win64; x64) AppleWebKit/537.36 (KHTML, like Gecko) Chrome/107.0.0.0 Safari/537.3"
49.13.130.29 - - [02/Aug/2025:08:06:26 +0200] "HEAD / HTTP/1.1" 200 0 "http://nagybistvan.hu" "Mozilla/5.0+(compatible; UptimeRobot/2.0; http://www.uptimerobot.com/)"
45.41.174.92 - - [02/Aug/2025:08:09:35 +0200] "GET /bio HTTP/1.1" 301 313 "-" "Mozilla/5.0 (Windows NT 10.0; Win64; x64) AppleWebKit/537.36 (KHTML, like Gecko) Chrome/134.0.0.0 Safari/537.3"
159.69.158.189 - - [02/Aug/2025:08:11:29 +0200] "HEAD / HTTP/1.1" 200 0 "http://nagybistvan.hu" "Mozilla/5.0+(compatible; UptimeRobot/2.0; http://www.uptimerobot.com/)"
45.84.160.123 - - [02/Aug/2025:08:14:51 +0200] "GET /kepek HTTP/1.1" 301 315 "-" "Mozilla/5.0 (Windows NT 10.0; Win64; x64) AppleWebKit/537.36 (KHTML, like Gecko) Chrome/134.0.0.0 Safari/537.3"
168.119.53.160 - - [02/Aug/2025:08:16:33 +0200] "HEAD / HTTP/1.1" 200 0 "http://nagybistvan.hu" "Mozilla/5.0+(compatible; UptimeRobot/2.0; http://www.uptimerobot.com/)"
23.239.186.234 - - [02/Aug/2025:08:19:21 +0200] "GET /irasai HTTP/1.1" 301 316 "-" "Mozilla/5.0 (Windows NT 10.0; Win64; x64) AppleWebKit/537.36 (KHTML, like Gecko) Chrome/132.0.0.0 Safari/537.36 OPR/117.0.0.0"
159.69.158.189 - - [02/Aug/2025:08:21:37 +0200] "HEAD / HTTP/1.1" 200 0 "http://nagybistvan.hu" "Mozilla/5.0+(compatible; UptimeRobot/2.0; http://www.uptimerobot.com/)"
45.84.163.116 - - [02/Aug/2025:08:23:26 +0200] "GET /dijai HTTP/1.1" 301 315 "-" "Mozilla/5.0 (Windows NT 10.0; Win64; x64) AppleWebKit/537.36 (KHTML, like Gecko) Chrome/132.0.0.0 Safari/537.36 OPR/117.0.0.0"
95.108.213.190 - - [02/Aug/2025:08:23:27 +0200] "GET /robots.txt HTTP/1.1" 404 1181 "-" "Mozilla/5.0 (compatible; YandexBot/3.0; +http://yandex.com/bots)"
213.180.203.7 - - [02/Aug/2025:08:23:28 +0200] "GET /festmenyek.html HTTP/1.1" 200 5191 "-" "Mozilla/5.0 (compatible; YandexBot/3.0; +http://yandex.com/bots)"
49.13.24.81 - - [02/Aug/2025:08:26:42 +0200] "HEAD / HTTP/1.1" 200 0 "http://nagybistvan.hu" "Mozilla/5.0+(compatible; UptimeRobot/2.0; http://www.uptimerobot.com/)"
142.132.180.39 - - [02/Aug/2025:08:31:45 +0200] "HEAD / HTTP/1.1" 200 0 "http://nagybistvan.hu" "Mozilla/5.0+(compatible; UptimeRobot/2.0; http://www.uptimerobot.com/)"
157.90.156.63 - - [02/Aug/2025:08:36:50 +0200] "HEAD / HTTP/1.1" 200 0 "http://nagybistvan.hu" "Mozilla/5.0+(compatible; UptimeRobot/2.0; http://www.uptimerobot.com/)"
78.47.98.55 - - [02/Aug/2025:08:41:54 +0200] "HEAD / HTTP/1.1" 200 0 "http://nagybistvan.hu" "Mozilla/5.0+(compatible; UptimeRobot/2.0; http://www.uptimerobot.com/)"
78.46.190.63 - - [02/Aug/2025:08:46:58 +0200] "HEAD / HTTP/1.1" 200 0 "http://nagybistvan.hu" "Mozilla/5.0+(compatible; UptimeRobot/2.0; http://www.uptimerobot.com/)"
157.90.156.63 - - [02/Aug/2025:08:52:01 +0200] "HEAD / HTTP/1.1" 200 0 "http://nagybistvan.hu" "Mozilla/5.0+(compatible; UptimeRobot/2.0; http://www.uptimerobot.com/)"
54.36.148.134 - - [02/Aug/2025:08:52:59 +0200] "GET /robots.txt HTTP/1.1" 404 1181 "-" "Mozilla/5.0 (compatible; AhrefsBot/7.0; +http://ahrefs.com/robot/)"
54.36.149.95 - - [02/Aug/2025:08:53:00 +0200] "GET / HTTP/1.1" 200 6712 "-" "Mozilla/5.0 (compatible; AhrefsBot/7.0; +http://ahrefs.com/robot/)"
49.13.164.148 - - [02/Aug/2025:08:57:05 +0200] "HEAD / HTTP/1.1" 200 0 "http://nagybistvan.hu" "Mozilla/5.0+(compatible; UptimeRobot/2.0; http://www.uptimerobot.com/)"
88.99.80.227 - - [02/Aug/2025:09:02:09 +0200] "HEAD / HTTP/1.1" 200 0 "http://nagybistvan.hu" "Mozilla/5.0+(compatible; UptimeRobot/2.0; http://www.uptimerobot.com/)"
167.235.143.113 - - [02/Aug/2025:09:07:13 +0200] "HEAD / HTTP/1.1" 200 0 "http://nagybistvan.hu" "Mozilla/5.0+(compatible; UptimeRobot/2.0; http://www.uptimerobot.com/)"
49.13.167.123 - - [02/Aug/2025:09:12:16 +0200] "HEAD / HTTP/1.1" 200 0 "http://nagybistvan.hu" "Mozilla/5.0+(compatible; UptimeRobot/2.0; http://www.uptimerobot.com/)"
142.132.180.39 - - [02/Aug/2025:09:17:20 +0200] "HEAD / HTTP/1.1" 200 0 "http://nagybistvan.hu" "Mozilla/5.0+(compatible; UptimeRobot/2.0; http://www.uptimerobot.com/)"
66.249.79.35 - - [02/Aug/2025:09:19:26 +0200] "GET /media/image/30.367.001.jpg HTTP/1.1" 200 193042 "-" "Googlebot-Image/1.0"
40.113.89.53 - - [02/Aug/2025:09:21:29 +0200] "GET /2.php HTTP/1.1" 404 37 "-" "-"
40.113.89.53 - - [02/Aug/2025:09:21:29 +0200] "GET /ALFA_DATA/alfacgiapi/ HTTP/1.1" 404 1181 "-" "-"
40.113.89.53 - - [02/Aug/2025:09:21:29 +0200] "GET /a.php HTTP/1.1" 404 37 "-" "-"
40.113.89.53 - - [02/Aug/2025:09:21:29 +0200] "GET /aaa.php HTTP/1.1" 404 37 "-" "-"
40.113.89.53 - - [02/Aug/2025:09:21:29 +0200] "GET /ab.php HTTP/1.1" 404 37 "-" "-"
40.113.89.53 - - [02/Aug/2025:09:21:29 +0200] "GET /about.php HTTP/1.1" 404 37 "-" "-"
40.113.89.53 - - [02/Aug/2025:09:21:29 +0200] "GET /admin/upload/css.php HTTP/1.1" 404 1181 "-" "-"
40.113.89.53 - - [02/Aug/2025:09:21:29 +0200] "GET /alfa.php HTTP/1.1" 404 37 "-" "-"
40.113.89.53 - - [02/Aug/2025:09:21:29 +0200] "GET /api.php HTTP/1.1" 404 37 "-" "-"
40.113.89.53 - - [02/Aug/2025:09:21:29 +0200] "GET /auth.php HTTP/1.1" 404 37 "-" "-"
40.113.89.53 - - [02/Aug/2025:09:21:29 +0200] "GET /bk/index.php HTTP/1.1" 404 1181 "-" "-"
40.113.89.53 - - [02/Aug/2025:09:21:29 +0200] "GET /classwithtostring.php HTTP/1.1" 404 37 "-" "-"
40.113.89.53 - - [02/Aug/2025:09:21:29 +0200] "GET /contents.php/lv.php HTTP/1.1" 404 37 "-" "-"
40.113.89.53 - - [02/Aug/2025:09:21:29 +0200] "GET /css/index.php HTTP/1.1" 404 1181 "-" "-"
40.113.89.53 - - [02/Aug/2025:09:21:29 +0200] "GET /default.php HTTP/1.1" 404 37 "-" "-"
40.113.89.53 - - [02/Aug/2025:09:21:29 +0200] "GET /en-us/2021/04/30/php-community-sidesteps-its-third-supply-chain-attack-in-three-years/ HTTP/1.1" 404 1181 "-" "-"
40.113.89.53 - - [02/Aug/2025:09:21:29 +0200] "GET /en/wp-includes/ID3/index.php HTTP/1.1" 404 1181 "-" "-"
40.113.89.53 - - [02/Aug/2025:09:21:29 +0200] "GET /favicon.php HTTP/1.1" 404 37 "-" "-"
40.113.89.53 - - [02/Aug/2025:09:21:29 +0200] "GET /hehe.php HTTP/1.1" 404 37 "-" "-"
40.113.89.53 - - [02/Aug/2025:09:21:30 +0200] "GET /include/ HTTP/1.1" 404 1181 "-" "-"
40.113.89.53 - - [02/Aug/2025:09:21:30 +0200] "GET /index.php/feed/atom/ HTTP/1.1" 200 6780 "-" "-"
40.113.89.53 - - [02/Aug/2025:09:21:30 +0200] "GET /info.php HTTP/1.1" 404 37 "-" "-"
40.113.89.53 - - [02/Aug/2025:09:21:30 +0200] "GET /k.php HTTP/1.1" 404 37 "-" "-"
40.113.89.53 - - [02/Aug/2025:09:21:30 +0200] "GET /lock360.php HTTP/1.1" 404 37 "-" "-"
40.113.89.53 - - [02/Aug/2025:09:21:30 +0200] "GET /log.php HTTP/1.1" 404 37 "-" "-"
40.113.89.53 - - [02/Aug/2025:09:21:30 +0200] "GET /man.php HTTP/1.1" 404 37 "-" "-"
40.113.89.53 - - [02/Aug/2025:09:21:30 +0200] "GET /modules/mod_footer/tmpl/index.php HTTP/1.1" 404 1181 "-" "-"
40.113.89.53 - - [02/Aug/2025:09:21:30 +0200] "GET /post.php HTTP/1.1" 404 37 "-" "-"
40.113.89.53 - - [02/Aug/2025:09:21:30 +0200] "GET /private/ HTTP/1.1" 404 1181 "-" "-"
40.113.89.53 - - [02/Aug/2025:09:21:30 +0200] "GET /root.php HTTP/1.1" 404 37 "-" "-"
40.113.89.53 - - [02/Aug/2025:09:21:30 +0200] "GET /shellv3.php HTTP/1.1" 404 37 "-" "-"
40.113.89.53 - - [02/Aug/2025:09:21:30 +0200] "GET /simple/function.php HTTP/1.1" 404 1181 "-" "-"
40.113.89.53 - - [02/Aug/2025:09:21:30 +0200] "GET /system.php HTTP/1.1" 404 37 "-" "-"
40.113.89.53 - - [02/Aug/2025:09:21:30 +0200] "GET /test.php HTTP/1.1" 404 37 "-" "-"
40.113.89.53 - - [02/Aug/2025:09:21:30 +0200] "GET /theme.php HTTP/1.1" 404 37 "-" "-"
40.113.89.53 - - [02/Aug/2025:09:21:30 +0200] "GET /wp-activat.php HTTP/1.1" 404 37 "-" "-"
40.113.89.53 - - [02/Aug/2025:09:21:30 +0200] "GET /wp-admin.php HTTP/1.1" 404 37 "-" "-"
40.113.89.53 - - [02/Aug/2025:09:21:30 +0200] "GET /wp-admin/images/ HTTP/1.1" 404 1181 "-" "-"
40.113.89.53 - - [02/Aug/2025:09:21:30 +0200] "GET /wp-admin/images/admin.php HTTP/1.1" 404 1181 "-" "-"
40.113.89.53 - - [02/Aug/2025:09:21:30 +0200] "GET /wp-admin/includes/moon.php HTTP/1.1" 404 1181 "-" "-"
40.113.89.53 - - [02/Aug/2025:09:21:30 +0200] "GET /wp-admin/maint/edit.php HTTP/1.1" 404 1181 "-" "-"
40.113.89.53 - - [02/Aug/2025:09:21:31 +0200] "GET /wp-blog.php HTTP/1.1" 404 37 "-" "-"
40.113.89.53 - - [02/Aug/2025:09:21:31 +0200] "GET /wp-conf.php HTTP/1.1" 404 37 "-" "-"
40.113.89.53 - - [02/Aug/2025:09:21:31 +0200] "GET /wp-content/1.php HTTP/1.1" 404 1181 "-" "-"
40.113.89.53 - - [02/Aug/2025:09:21:31 +0200] "GET /wp-content/plugins/WordPressCore/ HTTP/1.1" 404 1181 "-" "-"
40.113.89.53 - - [02/Aug/2025:09:21:31 +0200] "GET /wp-content/plugins/ioxi/ioxi/ HTTP/1.1" 404 1181 "-" "-"
40.113.89.53 - - [02/Aug/2025:09:21:31 +0200] "GET /wp-content/themes/404.php HTTP/1.1" 404 1181 "-" "-"
40.113.89.53 - - [02/Aug/2025:09:21:31 +0200] "GET /wp-content/uploads/2018/03/ HTTP/1.1" 404 1181 "-" "-"
40.113.89.53 - - [02/Aug/2025:09:21:31 +0200] "GET /wp-content/uploads/2022/07/ HTTP/1.1" 404 1181 "-" "-"
40.113.89.53 - - [02/Aug/2025:09:21:31 +0200] "GET /wp-content/uploads/2023/03/ HTTP/1.1" 404 1181 "-" "-"
40.113.89.53 - - [02/Aug/2025:09:21:31 +0200] "GET /wp-content/uploads/autoload_classmap.php HTTP/1.1" 404 1181 "-" "-"
40.113.89.53 - - [02/Aug/2025:09:21:31 +0200] "GET /wp-content/uploads/wp.php HTTP/1.1" 404 1181 "-" "-"
40.113.89.53 - - [02/Aug/2025:09:21:31 +0200] "GET /wp-file.php HTTP/1.1" 404 37 "-" "-"
40.113.89.53 - - [02/Aug/2025:09:21:31 +0200] "GET /wp-include.php HTTP/1.1" 404 37 "-" "-"
40.113.89.53 - - [02/Aug/2025:09:21:31 +0200] "GET /wp-includes/Requests/library/index.php HTTP/1.1" 404 1181 "-" "-"
40.113.89.53 - - [02/Aug/2025:09:21:31 +0200] "GET /wp-includes/blocks/group/ HTTP/1.1" 404 1181 "-" "-"
40.113.89.53 - - [02/Aug/2025:09:21:31 +0200] "GET /wp-includes/blocks/post-author/ HTTP/1.1" 404 1181 "-" "-"
40.113.89.53 - - [02/Aug/2025:09:21:31 +0200] "GET /wp-includes/css/index.php HTTP/1.1" 404 1181 "-" "-"
40.113.89.53 - - [02/Aug/2025:09:21:31 +0200] "GET /wp-includes/header.php HTTP/1.1" 404 1181 "-" "-"
40.113.89.53 - - [02/Aug/2025:09:21:31 +0200] "GET /wp-includes/js/tinymce/skins/lightgray/ HTTP/1.1" 404 1181 "-" "-"
40.113.89.53 - - [02/Aug/2025:09:21:31 +0200] "GET /wp-includes/js/tinymce/themes/inlite/ HTTP/1.1" 404 1181 "-" "-"
40.113.89.53 - - [02/Aug/2025:09:21:31 +0200] "GET /wp-includes/mani.php HTTP/1.1" 404 1181 "-" "-"
40.113.89.53 - - [02/Aug/2025:09:21:31 +0200] "GET /wp-includes/sodium_compat/ HTTP/1.1" 404 1181 "-" "-"
40.113.89.53 - - [02/Aug/2025:09:21:31 +0200] "GET /wp-includes/theme-compat/ HTTP/1.1" 404 1181 "-" "-"
40.113.89.53 - - [02/Aug/2025:09:21:31 +0200] "GET /wp-logs.php HTTP/1.1" 404 37 "-" "-"
40.113.89.53 - - [02/Aug/2025:09:21:32 +0200] "GET /x2go/ HTTP/1.1" 404 1181 "-" "-"
40.113.89.53 - - [02/Aug/2025:09:21:32 +0200] "GET /xmlrpc.php HTTP/1.1" 404 37 "-" "-"
157.90.156.63 - - [02/Aug/2025:09:22:25 +0200] "HEAD / HTTP/1.1" 200 0 "http://nagybistvan.hu" "Mozilla/5.0+(compatible; UptimeRobot/2.0; http://www.uptimerobot.com/)"
49.13.167.123 - - [02/Aug/2025:09:27:28 +0200] "HEAD / HTTP/1.1" 200 0 "http://nagybistvan.hu" "Mozilla/5.0+(compatible; UptimeRobot/2.0; http://www.uptimerobot.com/)"
128.140.106.114 - - [02/Aug/2025:09:32:33 +0200] "HEAD / HTTP/1.1" 200 0 "http://nagybistvan.hu" "Mozilla/5.0+(compatible; UptimeRobot/2.0; http://www.uptimerobot.com/)"
88.99.80.227 - - [02/Aug/2025:09:37:36 +0200] "HEAD / HTTP/1.1" 200 0 "http://nagybistvan.hu" "Mozilla/5.0+(compatible; UptimeRobot/2.0; http://www.uptimerobot.com/)"
57.141.6.12 - - [02/Aug/2025:09:41:06 +0200] "GET /index.php?c=gyorgy_csaba HTTP/1.1" 200 5918 "-" "meta-externalagent/1.1 (+https://developers.facebook.com/docs/sharing/webmasters/crawler)"
78.46.190.63 - - [02/Aug/2025:09:42:40 +0200] "HEAD / HTTP/1.1" 200 0 "http://nagybistvan.hu" "Mozilla/5.0+(compatible; UptimeRobot/2.0; http://www.uptimerobot.com/)"
157.90.156.63 - - [02/Aug/2025:09:47:44 +0200] "HEAD / HTTP/1.1" 200 0 "http://nagybistvan.hu" "Mozilla/5.0+(compatible; UptimeRobot/2.0; http://www.uptimerobot.com/)"
49.13.167.123 - - [02/Aug/2025:09:52:47 +0200] "HEAD / HTTP/1.1" 200 0 "http://nagybistvan.hu" "Mozilla/5.0+(compatible; UptimeRobot/2.0; http://www.uptimerobot.com/)"
168.119.123.75 - - [02/Aug/2025:09:57:51 +0200] "HEAD / HTTP/1.1" 200 0 "http://nagybistvan.hu" "Mozilla/5.0+(compatible; UptimeRobot/2.0; http://www.uptimerobot.com/)"
66.249.79.237 - - [02/Aug/2025:09:58:02 +0200] "GET /vac070314megnyito.pdf HTTP/1.1" 304 - "-" "Mozilla/5.0 (Linux; Android 6.0.1; Nexus 5X Build/MMB29P) AppleWebKit/537.36 (KHTML, like Gecko) Chrome/138.0.7204.183 Mobile Safari/537.36 (compatible; Googlebot/2.1; +http://www.google.com/bot.html)"
142.132.180.39 - - [02/Aug/2025:10:02:54 +0200] "HEAD / HTTP/1.1" 200 0 "http://nagybistvan.hu" "Mozilla/5.0+(compatible; UptimeRobot/2.0; http://www.uptimerobot.com/)"
66.249.79.237 - - [02/Aug/2025:10:03:27 +0200] "GET /media/image/07.051.001.jpg HTTP/1.1" 200 77907 "-" "Googlebot-Image/1.0"
66.249.79.237 - - [02/Aug/2025:10:04:03 +0200] "GET /zsambek/Zsambek%20LIII.html HTTP/1.1" 304 - "-" "Mozilla/5.0 (Linux; Android 6.0.1; Nexus 5X Build/MMB29P) AppleWebKit/537.36 (KHTML, like Gecko) Chrome/138.0.7204.183 Mobile Safari/537.36 (compatible; Googlebot/2.1; +http://www.google.com/bot.html)"
157.90.155.240 - - [02/Aug/2025:10:07:57 +0200] "HEAD / HTTP/1.1" 200 0 "http://nagybistvan.hu" "Mozilla/5.0+(compatible; UptimeRobot/2.0; http://www.uptimerobot.com/)"
66.249.79.238 - - [02/Aug/2025:10:10:04 +0200] "GET /zsambek/Zsambek%20LXXI.html HTTP/1.1" 304 - "-" "Mozilla/5.0 (Linux; Android 6.0.1; Nexus 5X Build/MMB29P) AppleWebKit/537.36 (KHTML, like Gecko) Chrome/138.0.7204.183 Mobile Safari/537.36 (compatible; Googlebot/2.1; +http://www.google.com/bot.html)"
51.68.111.203 - - [02/Aug/2025:10:11:58 +0200] "GET /robots.txt HTTP/1.1" 404 1181 "-" "Mozilla/5.0 (compatible; MJ12bot/v2.0.2; http://mj12bot.com/)"
51.68.111.203 - - [02/Aug/2025:10:11:59 +0200] "GET / HTTP/1.1" 200 6740 "-" "Mozilla/5.0 (compatible; MJ12bot/v2.0.2; http://mj12bot.com/)"
159.69.158.189 - - [02/Aug/2025:10:13:03 +0200] "HEAD / HTTP/1.1" 200 0 "http://nagybistvan.hu" "Mozilla/5.0+(compatible; UptimeRobot/2.0; http://www.uptimerobot.com/)"
142.132.180.39 - - [02/Aug/2025:10:18:06 +0200] "HEAD / HTTP/1.1" 200 0 "http://nagybistvan.hu" "Mozilla/5.0+(compatible; UptimeRobot/2.0; http://www.uptimerobot.com/)"
49.13.134.145 - - [02/Aug/2025:10:23:11 +0200] "HEAD / HTTP/1.1" 200 0 "http://nagybistvan.hu" "Mozilla/5.0+(compatible; UptimeRobot/2.0; http://www.uptimerobot.com/)"
49.13.167.123 - - [02/Aug/2025:10:28:13 +0200] "HEAD / HTTP/1.1" 200 0 "http://nagybistvan.hu" "Mozilla/5.0+(compatible; UptimeRobot/2.0; http://www.uptimerobot.com/)"
157.90.155.240 - - [02/Aug/2025:10:33:19 +0200] "HEAD / HTTP/1.1" 200 0 "http://nagybistvan.hu" "Mozilla/5.0+(compatible; UptimeRobot/2.0; http://www.uptimerobot.com/)"
49.13.130.29 - - [02/Aug/2025:10:38:24 +0200] "HEAD / HTTP/1.1" 200 0 "http://nagybistvan.hu" "Mozilla/5.0+(compatible; UptimeRobot/2.0; http://www.uptimerobot.com/)"
88.99.80.227 - - [02/Aug/2025:10:43:29 +0200] "HEAD / HTTP/1.1" 200 0 "http://nagybistvan.hu" "Mozilla/5.0+(compatible; UptimeRobot/2.0; http://www.uptimerobot.com/)"
119.28.140.106 - - [02/Aug/2025:10:48:09 +0200] "GET / HTTP/1.1" 200 6708 "-" "Mozilla/5.0 (iPhone; CPU iPhone OS 13_2_3 like Mac OS X) AppleWebKit/605.1.15 (KHTML, like Gecko) Version/13.0.3 Mobile/15E148 Safari/604.1"
78.47.173.76 - - [02/Aug/2025:10:48:33 +0200] "HEAD / HTTP/1.1" 200 0 "http://nagybistvan.hu" "Mozilla/5.0+(compatible; UptimeRobot/2.0; http://www.uptimerobot.com/)"
78.47.173.76 - - [02/Aug/2025:10:53:36 +0200] "HEAD / HTTP/1.1" 200 0 "http://nagybistvan.hu" "Mozilla/5.0+(compatible; UptimeRobot/2.0; http://www.uptimerobot.com/)"
49.13.164.148 - - [02/Aug/2025:10:58:40 +0200] "HEAD / HTTP/1.1" 200 0 "http://nagybistvan.hu" "Mozilla/5.0+(compatible; UptimeRobot/2.0; http://www.uptimerobot.com/)"
49.13.164.148 - - [02/Aug/2025:11:03:44 +0200] "HEAD / HTTP/1.1" 200 0 "http://nagybistvan.hu" "Mozilla/5.0+(compatible; UptimeRobot/2.0; http://www.uptimerobot.com/)"
88.99.80.227 - - [02/Aug/2025:11:08:48 +0200] "HEAD / HTTP/1.1" 200 0 "http://nagybistvan.hu" "Mozilla/5.0+(compatible; UptimeRobot/2.0; http://www.uptimerobot.com/)"
49.13.164.148 - - [02/Aug/2025:11:13:52 +0200] "HEAD / HTTP/1.1" 200 0 "http://nagybistvan.hu" "Mozilla/5.0+(compatible; UptimeRobot/2.0; http://www.uptimerobot.com/)"
49.13.24.81 - - [02/Aug/2025:11:18:58 +0200] "HEAD / HTTP/1.1" 200 0 "http://nagybistvan.hu" "Mozilla/5.0+(compatible; UptimeRobot/2.0; http://www.uptimerobot.com/)"
168.119.53.160 - - [02/Aug/2025:11:24:07 +0200] "HEAD / HTTP/1.1" 200 0 "http://nagybistvan.hu" "Mozilla/5.0+(compatible; UptimeRobot/2.0; http://www.uptimerobot.com/)"
78.47.98.55 - - [02/Aug/2025:11:29:10 +0200] "HEAD / HTTP/1.1" 200 0 "http://nagybistvan.hu" "Mozilla/5.0+(compatible; UptimeRobot/2.0; http://www.uptimerobot.com/)"
128.140.41.193 - - [02/Aug/2025:11:34:13 +0200] "HEAD / HTTP/1.1" 200 0 "http://nagybistvan.hu" "Mozilla/5.0+(compatible; UptimeRobot/2.0; http://www.uptimerobot.com/)"
49.13.167.123 - - [02/Aug/2025:11:39:16 +0200] "HEAD / HTTP/1.1" 200 0 "http://nagybistvan.hu" "Mozilla/5.0+(compatible; UptimeRobot/2.0; http://www.uptimerobot.com/)"
157.90.156.63 - - [02/Aug/2025:11:44:20 +0200] "HEAD / HTTP/1.1" 200 0 "http://nagybistvan.hu" "Mozilla/5.0+(compatible; UptimeRobot/2.0; http://www.uptimerobot.com/)"
49.13.134.145 - - [02/Aug/2025:11:49:26 +0200] "HEAD / HTTP/1.1" 200 0 "http://nagybistvan.hu" "Mozilla/5.0+(compatible; UptimeRobot/2.0; http://www.uptimerobot.com/)"
193.224.64.167 - - [02/Aug/2025:11:53:49 +0200] "GET /robots.txt HTTP/1.0" 404 1181 "-" "Mozilla/5.0 (compatible; OSZKbot/3.3 (OSZKBOT,oszkbot) +http://mekosztaly.oszk.hu/mia) on behalf of the National Szechenyi Library"
193.224.64.167 - - [02/Aug/2025:11:54:02 +0200] "GET /index.php HTTP/1.0" 200 6542 "http://nagybistvan.hu/" "Mozilla/5.0 (compatible; OSZKbot/3.3 (OSZKBOT,oszkbot) +http://mekosztaly.oszk.hu/mia) on behalf of the National Szechenyi Library"
168.119.96.239 - - [02/Aug/2025:11:54:31 +0200] "HEAD / HTTP/1.1" 200 0 "http://nagybistvan.hu" "Mozilla/5.0+(compatible; UptimeRobot/2.0; http://www.uptimerobot.com/)"
49.13.130.29 - - [02/Aug/2025:11:59:38 +0200] "HEAD / HTTP/1.1" 200 0 "http://nagybistvan.hu" "Mozilla/5.0+(compatible; UptimeRobot/2.0; http://www.uptimerobot.com/)"
157.90.156.63 - - [02/Aug/2025:12:04:42 +0200] "HEAD / HTTP/1.1" 200 0 "http://nagybistvan.hu" "Mozilla/5.0+(compatible; UptimeRobot/2.0; http://www.uptimerobot.com/)"
128.140.106.114 - - [02/Aug/2025:12:09:45 +0200] "HEAD / HTTP/1.1" 200 0 "http://nagybistvan.hu" "Mozilla/5.0+(compatible; UptimeRobot/2.0; http://www.uptimerobot.com/)"
35.243.90.159 - - [02/Aug/2025:12:13:46 +0200] "HEAD /wordpress HTTP/1.1" 404 0 "-" "Mozilla/5.0 (Windows NT 10.0; Win64; x64) AppleWebKit/537.36 (KHTML, like Gecko) Chrome/74.0.3729.169 Safari/537.36"
35.243.90.159 - - [02/Aug/2025:12:13:46 +0200] "HEAD / HTTP/1.1" 200 0 "-" "Mozilla/5.0 (Windows NT 10.0; Win64; x64) AppleWebKit/537.36 (KHTML, like Gecko) Chrome/74.0.3729.169 Safari/537.36"
35.243.90.159 - - [02/Aug/2025:12:13:46 +0200] "HEAD /wp HTTP/1.1" 404 0 "-" "Mozilla/5.0 (Windows NT 10.0; Win64; x64) AppleWebKit/537.36 (KHTML, like Gecko) Chrome/74.0.3729.169 Safari/537.36"
35.243.90.159 - - [02/Aug/2025:12:13:47 +0200] "HEAD /bc HTTP/1.1" 404 0 "-" "Mozilla/5.0 (Windows NT 10.0; Win64; x64) AppleWebKit/537.36 (KHTML, like Gecko) Chrome/74.0.3729.169 Safari/537.36"
