168.119.53.160 - - [15/Aug/2025:19:17:42 +0200] "HEAD / HTTP/1.1" 200 0 "http://nagybistvan.hu" "Mozilla/5.0+(compatible; UptimeRobot/2.0; http://www.uptimerobot.com/)"
49.13.134.145 - - [15/Aug/2025:19:22:48 +0200] "HEAD / HTTP/1.1" 200 0 "http://nagybistvan.hu" "Mozilla/5.0+(compatible; UptimeRobot/2.0; http://www.uptimerobot.com/)"
128.140.41.193 - - [15/Aug/2025:19:27:52 +0200] "HEAD / HTTP/1.1" 200 0 "http://nagybistvan.hu" "Mozilla/5.0+(compatible; UptimeRobot/2.0; http://www.uptimerobot.com/)"
159.69.158.189 - - [15/Aug/2025:19:32:55 +0200] "HEAD / HTTP/1.1" 200 0 "http://nagybistvan.hu" "Mozilla/5.0+(compatible; UptimeRobot/2.0; http://www.uptimerobot.com/)"
159.69.158.189 - - [15/Aug/2025:19:37:59 +0200] "HEAD / HTTP/1.1" 200 0 "http://nagybistvan.hu" "Mozilla/5.0+(compatible; UptimeRobot/2.0; http://www.uptimerobot.com/)"
49.13.164.148 - - [15/Aug/2025:19:43:03 +0200] "HEAD / HTTP/1.1" 200 0 "http://nagybistvan.hu" "Mozilla/5.0+(compatible; UptimeRobot/2.0; http://www.uptimerobot.com/)"
168.119.96.239 - - [15/Aug/2025:19:48:10 +0200] "HEAD / HTTP/1.1" 200 0 "http://nagybistvan.hu" "Mozilla/5.0+(compatible; UptimeRobot/2.0; http://www.uptimerobot.com/)"
167.235.143.113 - - [15/Aug/2025:19:53:14 +0200] "HEAD / HTTP/1.1" 200 0 "http://nagybistvan.hu" "Mozilla/5.0+(compatible; UptimeRobot/2.0; http://www.uptimerobot.com/)"
157.90.155.240 - - [15/Aug/2025:19:58:18 +0200] "HEAD / HTTP/1.1" 200 0 "http://nagybistvan.hu" "Mozilla/5.0+(compatible; UptimeRobot/2.0; http://www.uptimerobot.com/)"
128.140.41.193 - - [15/Aug/2025:20:03:21 +0200] "HEAD / HTTP/1.1" 200 0 "http://nagybistvan.hu" "Mozilla/5.0+(compatible; UptimeRobot/2.0; http://www.uptimerobot.com/)"
157.90.155.240 - - [15/Aug/2025:20:08:25 +0200] "HEAD / HTTP/1.1" 200 0 "http://nagybistvan.hu" "Mozilla/5.0+(compatible; UptimeRobot/2.0; http://www.uptimerobot.com/)"
168.119.53.160 - - [15/Aug/2025:20:13:29 +0200] "HEAD / HTTP/1.1" 200 0 "http://nagybistvan.hu" "Mozilla/5.0+(compatible; UptimeRobot/2.0; http://www.uptimerobot.com/)"
168.119.53.160 - - [15/Aug/2025:20:18:34 +0200] "HEAD / HTTP/1.1" 200 0 "http://nagybistvan.hu" "Mozilla/5.0+(compatible; UptimeRobot/2.0; http://www.uptimerobot.com/)"
49.13.130.29 - - [15/Aug/2025:20:23:38 +0200] "HEAD / HTTP/1.1" 200 0 "http://nagybistvan.hu" "Mozilla/5.0+(compatible; UptimeRobot/2.0; http://www.uptimerobot.com/)"
49.13.167.123 - - [15/Aug/2025:20:28:42 +0200] "HEAD / HTTP/1.1" 200 0 "http://nagybistvan.hu" "Mozilla/5.0+(compatible; UptimeRobot/2.0; http://www.uptimerobot.com/)"
57.141.0.4 - - [15/Aug/2025:20:30:19 +0200] "GET /index.php?c=apostolok&cp=3 HTTP/1.1" 200 11051 "-" "meta-externalagent/1.1 (+https://developers.facebook.com/docs/sharing/webmasters/crawler)"
167.235.143.113 - - [15/Aug/2025:20:33:46 +0200] "HEAD / HTTP/1.1" 200 0 "http://nagybistvan.hu" "Mozilla/5.0+(compatible; UptimeRobot/2.0; http://www.uptimerobot.com/)"
128.140.106.114 - - [15/Aug/2025:20:38:50 +0200] "HEAD / HTTP/1.1" 200 0 "http://nagybistvan.hu" "Mozilla/5.0+(compatible; UptimeRobot/2.0; http://www.uptimerobot.com/)"
43.165.70.220 - - [15/Aug/2025:20:39:59 +0200] "GET / HTTP/1.1" 200 6822 "-" "Mozilla/5.0 (iPhone; CPU iPhone OS 13_2_3 like Mac OS X) AppleWebKit/605.1.15 (KHTML, like Gecko) Version/13.0.3 Mobile/15E148 Safari/604.1"
167.235.143.113 - - [15/Aug/2025:20:43:54 +0200] "HEAD / HTTP/1.1" 200 0 "http://nagybistvan.hu" "Mozilla/5.0+(compatible; UptimeRobot/2.0; http://www.uptimerobot.com/)"
142.132.180.39 - - [15/Aug/2025:20:48:58 +0200] "HEAD / HTTP/1.1" 200 0 "http://nagybistvan.hu" "Mozilla/5.0+(compatible; UptimeRobot/2.0; http://www.uptimerobot.com/)"
78.47.173.76 - - [15/Aug/2025:20:54:02 +0200] "HEAD / HTTP/1.1" 200 0 "http://nagybistvan.hu" "Mozilla/5.0+(compatible; UptimeRobot/2.0; http://www.uptimerobot.com/)"
159.69.158.189 - - [15/Aug/2025:20:59:06 +0200] "HEAD / HTTP/1.1" 200 0 "http://nagybistvan.hu" "Mozilla/5.0+(compatible; UptimeRobot/2.0; http://www.uptimerobot.com/)"
172.192.59.215 - - [15/Aug/2025:21:01:51 +0200] "GET /wp-content/plugins/hellopress/wp_filemanager.php HTTP/1.1" 404 1181 "-" "-"
172.192.59.215 - - [15/Aug/2025:21:01:51 +0200] "GET /file9.php HTTP/1.1" 404 37 "-" "-"
172.192.59.215 - - [15/Aug/2025:21:01:51 +0200] "GET /file3.php HTTP/1.1" 404 37 "-" "-"
172.192.59.215 - - [15/Aug/2025:21:01:52 +0200] "GET /file17.php HTTP/1.1" 404 37 "-" "-"
172.192.59.215 - - [15/Aug/2025:21:01:52 +0200] "GET /file7.php HTTP/1.1" 404 37 "-" "-"
172.192.59.215 - - [15/Aug/2025:21:01:52 +0200] "GET /file5.php HTTP/1.1" 404 37 "-" "-"
172.192.59.215 - - [15/Aug/2025:21:01:52 +0200] "GET /file6.php HTTP/1.1" 404 37 "-" "-"
172.192.59.215 - - [15/Aug/2025:21:01:52 +0200] "GET /file2.php HTTP/1.1" 404 37 "-" "-"
172.192.59.215 - - [15/Aug/2025:21:01:53 +0200] "GET /file15.php HTTP/1.1" 404 37 "-" "-"
128.140.41.193 - - [15/Aug/2025:21:04:10 +0200] "HEAD / HTTP/1.1" 200 0 "http://nagybistvan.hu" "Mozilla/5.0+(compatible; UptimeRobot/2.0; http://www.uptimerobot.com/)"
157.90.156.63 - - [15/Aug/2025:21:09:14 +0200] "HEAD / HTTP/1.1" 200 0 "http://nagybistvan.hu" "Mozilla/5.0+(compatible; UptimeRobot/2.0; http://www.uptimerobot.com/)"
78.46.190.63 - - [15/Aug/2025:21:14:18 +0200] "HEAD / HTTP/1.1" 200 0 "http://nagybistvan.hu" "Mozilla/5.0+(compatible; UptimeRobot/2.0; http://www.uptimerobot.com/)"
128.140.106.114 - - [15/Aug/2025:21:19:22 +0200] "HEAD / HTTP/1.1" 200 0 "http://nagybistvan.hu" "Mozilla/5.0+(compatible; UptimeRobot/2.0; http://www.uptimerobot.com/)"
128.140.106.114 - - [15/Aug/2025:21:24:28 +0200] "HEAD / HTTP/1.1" 200 0 "http://nagybistvan.hu" "Mozilla/5.0+(compatible; UptimeRobot/2.0; http://www.uptimerobot.com/)"
157.90.156.63 - - [15/Aug/2025:21:29:31 +0200] "HEAD / HTTP/1.1" 200 0 "http://nagybistvan.hu" "Mozilla/5.0+(compatible; UptimeRobot/2.0; http://www.uptimerobot.com/)"
49.13.164.148 - - [15/Aug/2025:21:34:35 +0200] "HEAD / HTTP/1.1" 200 0 "http://nagybistvan.hu" "Mozilla/5.0+(compatible; UptimeRobot/2.0; http://www.uptimerobot.com/)"
49.13.164.148 - - [15/Aug/2025:21:39:39 +0200] "HEAD / HTTP/1.1" 200 0 "http://nagybistvan.hu" "Mozilla/5.0+(compatible; UptimeRobot/2.0; http://www.uptimerobot.com/)"
66.249.64.107 - - [15/Aug/2025:21:43:29 +0200] "GET /media/image/07.110.081.jpg HTTP/1.1" 200 109105 "-" "Googlebot-Image/1.0"
128.140.106.114 - - [15/Aug/2025:21:44:43 +0200] "HEAD / HTTP/1.1" 200 0 "http://nagybistvan.hu" "Mozilla/5.0+(compatible; UptimeRobot/2.0; http://www.uptimerobot.com/)"
49.13.134.145 - - [15/Aug/2025:21:49:48 +0200] "HEAD / HTTP/1.1" 200 0 "http://nagybistvan.hu" "Mozilla/5.0+(compatible; UptimeRobot/2.0; http://www.uptimerobot.com/)"
49.13.24.81 - - [15/Aug/2025:21:54:52 +0200] "HEAD / HTTP/1.1" 200 0 "http://nagybistvan.hu" "Mozilla/5.0+(compatible; UptimeRobot/2.0; http://www.uptimerobot.com/)"
49.13.24.81 - - [15/Aug/2025:21:59:56 +0200] "HEAD / HTTP/1.1" 200 0 "http://nagybistvan.hu" "Mozilla/5.0+(compatible; UptimeRobot/2.0; http://www.uptimerobot.com/)"
168.119.123.75 - - [15/Aug/2025:22:05:00 +0200] "HEAD / HTTP/1.1" 200 0 "http://nagybistvan.hu" "Mozilla/5.0+(compatible; UptimeRobot/2.0; http://www.uptimerobot.com/)"
5.255.231.41 - - [15/Aug/2025:22:07:21 +0200] "GET /robots.txt HTTP/1.1" 404 1181 "-" "Mozilla/5.0 (compatible; YandexBot/3.0; +http://yandex.com/bots)"
87.250.224.123 - - [15/Aug/2025:22:07:22 +0200] "GET /korai/pages/V%E1rosr%E9szlet.html HTTP/1.1" 200 1247 "-" "Mozilla/5.0 (compatible; YandexBot/3.0; +http://yandex.com/bots)"
159.69.158.189 - - [15/Aug/2025:22:10:04 +0200] "HEAD / HTTP/1.1" 200 0 "http://nagybistvan.hu" "Mozilla/5.0+(compatible; UptimeRobot/2.0; http://www.uptimerobot.com/)"
168.119.96.239 - - [15/Aug/2025:22:15:08 +0200] "HEAD / HTTP/1.1" 200 0 "http://nagybistvan.hu" "Mozilla/5.0+(compatible; UptimeRobot/2.0; http://www.uptimerobot.com/)"
4.213.180.19 - - [15/Aug/2025:22:16:19 +0200] "GET /wp-content/plugins/hellopress/wp_filemanager.php HTTP/1.1" 404 1181 "-" "-"
4.213.180.19 - - [15/Aug/2025:22:16:19 +0200] "GET /wp-includes/rest-api/fields/index.php HTTP/1.1" 404 1181 "-" "-"
4.213.180.19 - - [15/Aug/2025:22:16:19 +0200] "GET /wp-includes/rest-api/endpoints/index.php HTTP/1.1" 404 1181 "-" "-"
4.213.180.19 - - [15/Aug/2025:22:16:19 +0200] "GET /wp-content/plugins/WordPressCore/alfa-rex.php HTTP/1.1" 404 1181 "-" "-"
168.119.123.75 - - [15/Aug/2025:22:20:12 +0200] "HEAD / HTTP/1.1" 200 0 "http://nagybistvan.hu" "Mozilla/5.0+(compatible; UptimeRobot/2.0; http://www.uptimerobot.com/)"
78.47.98.55 - - [15/Aug/2025:22:25:17 +0200] "HEAD / HTTP/1.1" 200 0 "http://nagybistvan.hu" "Mozilla/5.0+(compatible; UptimeRobot/2.0; http://www.uptimerobot.com/)"
78.47.173.76 - - [15/Aug/2025:22:30:22 +0200] "HEAD / HTTP/1.1" 200 0 "http://nagybistvan.hu" "Mozilla/5.0+(compatible; UptimeRobot/2.0; http://www.uptimerobot.com/)"
128.140.41.193 - - [15/Aug/2025:22:35:26 +0200] "HEAD / HTTP/1.1" 200 0 "http://nagybistvan.hu" "Mozilla/5.0+(compatible; UptimeRobot/2.0; http://www.uptimerobot.com/)"
157.90.155.240 - - [15/Aug/2025:22:40:29 +0200] "HEAD / HTTP/1.1" 200 0 "http://nagybistvan.hu" "Mozilla/5.0+(compatible; UptimeRobot/2.0; http://www.uptimerobot.com/)"
66.249.64.130 - - [15/Aug/2025:22:43:29 +0200] "GET /robots.txt HTTP/1.1" 404 1181 "-" "Mozilla/5.0 (compatible; Googlebot/2.1; +http://www.google.com/bot.html)"
66.249.64.132 - - [15/Aug/2025:22:43:29 +0200] "GET /zsambek/Julika%20Zsambekon_t.jpg HTTP/1.1" 304 - "-" "Googlebot-Image/1.0"
78.46.190.63 - - [15/Aug/2025:22:45:34 +0200] "HEAD / HTTP/1.1" 200 0 "http://nagybistvan.hu" "Mozilla/5.0+(compatible; UptimeRobot/2.0; http://www.uptimerobot.com/)"
78.46.190.63 - - [15/Aug/2025:22:50:38 +0200] "HEAD / HTTP/1.1" 200 0 "http://nagybistvan.hu" "Mozilla/5.0+(compatible; UptimeRobot/2.0; http://www.uptimerobot.com/)"
57.141.0.7 - - [15/Aug/2025:22:50:50 +0200] "GET /index.php?c=bio HTTP/1.1" 200 13314 "-" "meta-externalagent/1.1 (+https://developers.facebook.com/docs/sharing/webmasters/crawler)"
49.13.167.123 - - [15/Aug/2025:22:55:42 +0200] "HEAD / HTTP/1.1" 200 0 "http://nagybistvan.hu" "Mozilla/5.0+(compatible; UptimeRobot/2.0; http://www.uptimerobot.com/)"
78.46.190.63 - - [15/Aug/2025:23:00:46 +0200] "HEAD / HTTP/1.1" 200 0 "http://nagybistvan.hu" "Mozilla/5.0+(compatible; UptimeRobot/2.0; http://www.uptimerobot.com/)"
142.132.180.39 - - [15/Aug/2025:23:05:50 +0200] "HEAD / HTTP/1.1" 200 0 "http://nagybistvan.hu" "Mozilla/5.0+(compatible; UptimeRobot/2.0; http://www.uptimerobot.com/)"
5.102.173.71 - - [15/Aug/2025:23:09:48 +0200] "GET /robots.txt HTTP/1.1" 404 1181 "-" "Mozilla/5.0 (compatible; MojeekBot/0.11; +https://www.mojeek.com/bot.html)"
5.102.173.71 - - [15/Aug/2025:23:09:49 +0200] "GET / HTTP/1.1" 200 6736 "-" "Mozilla/5.0 (compatible; MojeekBot/0.11; +https://www.mojeek.com/bot.html)"
157.90.155.240 - - [15/Aug/2025:23:10:54 +0200] "HEAD / HTTP/1.1" 200 0 "http://nagybistvan.hu" "Mozilla/5.0+(compatible; UptimeRobot/2.0; http://www.uptimerobot.com/)"
128.140.106.114 - - [15/Aug/2025:23:15:58 +0200] "HEAD / HTTP/1.1" 200 0 "http://nagybistvan.hu" "Mozilla/5.0+(compatible; UptimeRobot/2.0; http://www.uptimerobot.com/)"
142.132.180.39 - - [15/Aug/2025:23:21:02 +0200] "HEAD / HTTP/1.1" 200 0 "http://nagybistvan.hu" "Mozilla/5.0+(compatible; UptimeRobot/2.0; http://www.uptimerobot.com/)"
78.47.173.76 - - [15/Aug/2025:23:26:07 +0200] "HEAD / HTTP/1.1" 200 0 "http://nagybistvan.hu" "Mozilla/5.0+(compatible; UptimeRobot/2.0; http://www.uptimerobot.com/)"
142.132.180.39 - - [15/Aug/2025:23:31:11 +0200] "HEAD / HTTP/1.1" 200 0 "http://nagybistvan.hu" "Mozilla/5.0+(compatible; UptimeRobot/2.0; http://www.uptimerobot.com/)"
167.235.143.113 - - [15/Aug/2025:23:36:17 +0200] "HEAD / HTTP/1.1" 200 0 "http://nagybistvan.hu" "Mozilla/5.0+(compatible; UptimeRobot/2.0; http://www.uptimerobot.com/)"
49.13.134.145 - - [15/Aug/2025:23:41:20 +0200] "HEAD / HTTP/1.1" 200 0 "http://nagybistvan.hu" "Mozilla/5.0+(compatible; UptimeRobot/2.0; http://www.uptimerobot.com/)"
66.249.64.132 - - [15/Aug/2025:23:43:29 +0200] "GET /media/image/07.016.001.jpg HTTP/1.1" 200 139964 "-" "Googlebot-Image/1.0"
168.119.96.239 - - [15/Aug/2025:23:46:24 +0200] "HEAD / HTTP/1.1" 200 0 "http://nagybistvan.hu" "Mozilla/5.0+(compatible; UptimeRobot/2.0; http://www.uptimerobot.com/)"
49.13.164.148 - - [15/Aug/2025:23:51:27 +0200] "HEAD / HTTP/1.1" 200 0 "http://nagybistvan.hu" "Mozilla/5.0+(compatible; UptimeRobot/2.0; http://www.uptimerobot.com/)"
157.55.39.223 - - [15/Aug/2025:23:53:00 +0200] "GET /robots.txt HTTP/1.1" 404 1181 "-" "Mozilla/5.0 AppleWebKit/537.36 (KHTML, like Gecko; compatible; bingbot/2.0; +http://www.bing.com/bingbot.htm) Chrome/116.0.1938.76 Safari/537.36"
52.167.144.189 - - [15/Aug/2025:23:53:06 +0200] "GET /index.php?c=szilasi_03 HTTP/1.1" 200 5096 "-" "Mozilla/5.0 AppleWebKit/537.36 (KHTML, like Gecko; compatible; bingbot/2.0; +http://www.bing.com/bingbot.htm) Chrome/116.0.1938.76 Safari/537.36"
167.235.143.113 - - [15/Aug/2025:23:56:30 +0200] "HEAD / HTTP/1.1" 200 0 "http://nagybistvan.hu" "Mozilla/5.0+(compatible; UptimeRobot/2.0; http://www.uptimerobot.com/)"
159.69.158.189 - - [16/Aug/2025:00:01:35 +0200] "HEAD / HTTP/1.1" 200 0 "http://nagybistvan.hu" "Mozilla/5.0+(compatible; UptimeRobot/2.0; http://www.uptimerobot.com/)"
78.47.98.55 - - [16/Aug/2025:00:06:40 +0200] "HEAD / HTTP/1.1" 200 0 "http://nagybistvan.hu" "Mozilla/5.0+(compatible; UptimeRobot/2.0; http://www.uptimerobot.com/)"
157.90.156.63 - - [16/Aug/2025:00:11:43 +0200] "HEAD / HTTP/1.1" 200 0 "http://nagybistvan.hu" "Mozilla/5.0+(compatible; UptimeRobot/2.0; http://www.uptimerobot.com/)"
216.244.66.227 - - [16/Aug/2025:00:14:06 +0200] "GET /robots.txt HTTP/1.1" 404 1181 "-" "Mozilla/5.0 (compatible; DotBot/1.2; +https://opensiteexplorer.org/dotbot; help@moz.com)"
167.235.143.113 - - [16/Aug/2025:00:16:49 +0200] "HEAD / HTTP/1.1" 200 0 "http://nagybistvan.hu" "Mozilla/5.0+(compatible; UptimeRobot/2.0; http://www.uptimerobot.com/)"
49.13.130.29 - - [16/Aug/2025:00:21:52 +0200] "HEAD / HTTP/1.1" 200 0 "http://nagybistvan.hu" "Mozilla/5.0+(compatible; UptimeRobot/2.0; http://www.uptimerobot.com/)"
167.235.143.113 - - [16/Aug/2025:00:26:56 +0200] "HEAD / HTTP/1.1" 200 0 "http://nagybistvan.hu" "Mozilla/5.0+(compatible; UptimeRobot/2.0; http://www.uptimerobot.com/)"
216.244.66.227 - - [16/Aug/2025:00:26:57 +0200] "GET /index.php?c=wehner HTTP/1.1" 200 26014 "-" "Mozilla/5.0 (compatible; DotBot/1.2; +https://opensiteexplorer.org/dotbot; help@moz.com)"
49.13.130.29 - - [16/Aug/2025:00:32:00 +0200] "HEAD / HTTP/1.1" 200 0 "http://nagybistvan.hu" "Mozilla/5.0+(compatible; UptimeRobot/2.0; http://www.uptimerobot.com/)"
142.132.180.39 - - [16/Aug/2025:00:37:04 +0200] "HEAD / HTTP/1.1" 200 0 "http://nagybistvan.hu" "Mozilla/5.0+(compatible; UptimeRobot/2.0; http://www.uptimerobot.com/)"
167.235.143.113 - - [16/Aug/2025:00:42:08 +0200] "HEAD / HTTP/1.1" 200 0 "http://nagybistvan.hu" "Mozilla/5.0+(compatible; UptimeRobot/2.0; http://www.uptimerobot.com/)"
78.47.98.55 - - [16/Aug/2025:00:47:12 +0200] "HEAD / HTTP/1.1" 200 0 "http://nagybistvan.hu" "Mozilla/5.0+(compatible; UptimeRobot/2.0; http://www.uptimerobot.com/)"
193.224.219.40 - - [16/Aug/2025:00:48:02 +0200] "GET / HTTP/1.1" 200 6708 "-" "Mozilla/5.0 (Windows NT 10.0; Win64; x64) AppleWebKit/537.36 (KHTML, like Gecko) Chrome/133.0.0.0 Safari/537.36"
193.224.219.40 - - [16/Aug/2025:00:48:02 +0200] "GET /img/nagy_b_90_meghivo_400.jpg HTTP/1.1" 200 42212 "http://nagybistvan.hu/" "Mozilla/5.0 (Windows NT 10.0; Win64; x64) AppleWebKit/537.36 (KHTML, like Gecko) Chrome/133.0.0.0 Safari/537.36"
193.224.219.40 - - [16/Aug/2025:00:48:02 +0200] "GET /lib/thickbox-3.1.custom/thickbox.css HTTP/1.1" 200 4175 "http://nagybistvan.hu/" "Mozilla/5.0 (Windows NT 10.0; Win64; x64) AppleWebKit/537.36 (KHTML, like Gecko) Chrome/133.0.0.0 Safari/537.36"
193.224.219.40 - - [16/Aug/2025:00:48:02 +0200] "GET /img/spacer.gif HTTP/1.1" 200 43 "http://nagybistvan.hu/" "Mozilla/5.0 (Windows NT 10.0; Win64; x64) AppleWebKit/537.36 (KHTML, like Gecko) Chrome/133.0.0.0 Safari/537.36"
193.224.219.40 - - [16/Aug/2025:00:48:02 +0200] "GET /lib/jq.fancybox-1.3.4/jquery.fancybox-1.3.4.css HTTP/1.1" 200 8498 "http://nagybistvan.hu/" "Mozilla/5.0 (Windows NT 10.0; Win64; x64) AppleWebKit/537.36 (KHTML, like Gecko) Chrome/133.0.0.0 Safari/537.36"
193.224.219.40 - - [16/Aug/2025:00:48:02 +0200] "GET /skin/master.css HTTP/1.1" 200 6842 "http://nagybistvan.hu/" "Mozilla/5.0 (Windows NT 10.0; Win64; x64) AppleWebKit/537.36 (KHTML, like Gecko) Chrome/133.0.0.0 Safari/537.36"
193.224.219.40 - - [16/Aug/2025:00:48:02 +0200] "GET /lib/jq.fancybox-1.3.4/jquery.easing-1.3.pack.js HTTP/1.1" 200 6717 "http://nagybistvan.hu/" "Mozilla/5.0 (Windows NT 10.0; Win64; x64) AppleWebKit/537.36 (KHTML, like Gecko) Chrome/133.0.0.0 Safari/537.36"
193.224.219.40 - - [16/Aug/2025:00:48:02 +0200] "GET /lib/jq.fancybox-1.3.4/jquery.fancybox-1.3.4.pack.js HTTP/1.1" 200 15624 "http://nagybistvan.hu/" "Mozilla/5.0 (Windows NT 10.0; Win64; x64) AppleWebKit/537.36 (KHTML, like Gecko) Chrome/133.0.0.0 Safari/537.36"
193.224.219.40 - - [16/Aug/2025:00:48:02 +0200] "GET /lib/jquery-1.3.2/jquery-1.3.2.min.js HTTP/1.1" 200 57254 "http://nagybistvan.hu/" "Mozilla/5.0 (Windows NT 10.0; Win64; x64) AppleWebKit/537.36 (KHTML, like Gecko) Chrome/133.0.0.0 Safari/537.36"
193.224.219.40 - - [16/Aug/2025:00:48:02 +0200] "GET /lib/jq.contextmenu/jquery.contextmenu.js HTTP/1.1" 200 10507 "http://nagybistvan.hu/" "Mozilla/5.0 (Windows NT 10.0; Win64; x64) AppleWebKit/537.36 (KHTML, like Gecko) Chrome/133.0.0.0 Safari/537.36"
193.224.219.40 - - [16/Aug/2025:00:48:02 +0200] "GET /lib/thickbox-3.1.custom/thickbox.js HTTP/1.1" 200 13058 "http://nagybistvan.hu/" "Mozilla/5.0 (Windows NT 10.0; Win64; x64) AppleWebKit/537.36 (KHTML, like Gecko) Chrome/133.0.0.0 Safari/537.36"
193.224.219.40 - - [16/Aug/2025:00:48:02 +0200] "GET /media/image/24.110.059.jpg HTTP/1.1" 200 128284 "http://nagybistvan.hu/" "Mozilla/5.0 (Windows NT 10.0; Win64; x64) AppleWebKit/537.36 (KHTML, like Gecko) Chrome/133.0.0.0 Safari/537.36"
193.224.219.40 - - [16/Aug/2025:00:48:02 +0200] "GET /lib/jq.fancybox-1.3.4/jquery.mousewheel-3.0.4.pack.js HTTP/1.1" 200 1279 "http://nagybistvan.hu/" "Mozilla/5.0 (Windows NT 10.0; Win64; x64) AppleWebKit/537.36 (KHTML, like Gecko) Chrome/133.0.0.0 Safari/537.36"
193.224.219.40 - - [16/Aug/2025:00:48:02 +0200] "GET /img/Nagy_B_album_szoro2_130.jpg HTTP/1.1" 200 53095 "http://nagybistvan.hu/" "Mozilla/5.0 (Windows NT 10.0; Win64; x64) AppleWebKit/537.36 (KHTML, like Gecko) Chrome/133.0.0.0 Safari/537.36"
193.224.219.40 - - [16/Aug/2025:00:48:02 +0200] "GET /lib/thickbox-3.1.custom/loadingAnimation.gif HTTP/1.1" 200 4178 "http://nagybistvan.hu/" "Mozilla/5.0 (Windows NT 10.0; Win64; x64) AppleWebKit/537.36 (KHTML, like Gecko) Chrome/133.0.0.0 Safari/537.36"
193.224.219.40 - - [16/Aug/2025:00:48:02 +0200] "GET /skin/diszsav9.jpg HTTP/1.1" 200 147136 "http://nagybistvan.hu/skin/master.css" "Mozilla/5.0 (Windows NT 10.0; Win64; x64) AppleWebKit/537.36 (KHTML, like Gecko) Chrome/133.0.0.0 Safari/537.36"
193.224.219.40 - - [16/Aug/2025:00:48:02 +0200] "GET /favicon.ico HTTP/1.1" 404 1181 "http://nagybistvan.hu/" "Mozilla/5.0 (Windows NT 10.0; Win64; x64) AppleWebKit/537.36 (KHTML, like Gecko) Chrome/133.0.0.0 Safari/537.36"
157.90.155.240 - - [16/Aug/2025:00:52:16 +0200] "HEAD / HTTP/1.1" 200 0 "http://nagybistvan.hu" "Mozilla/5.0+(compatible; UptimeRobot/2.0; http://www.uptimerobot.com/)"
49.13.134.145 - - [16/Aug/2025:00:57:20 +0200] "HEAD / HTTP/1.1" 200 0 "http://nagybistvan.hu" "Mozilla/5.0+(compatible; UptimeRobot/2.0; http://www.uptimerobot.com/)"
159.69.158.189 - - [16/Aug/2025:01:02:24 +0200] "HEAD / HTTP/1.1" 200 0 "http://nagybistvan.hu" "Mozilla/5.0+(compatible; UptimeRobot/2.0; http://www.uptimerobot.com/)"
157.90.156.63 - - [16/Aug/2025:01:07:28 +0200] "HEAD / HTTP/1.1" 200 0 "http://nagybistvan.hu" "Mozilla/5.0+(compatible; UptimeRobot/2.0; http://www.uptimerobot.com/)"
168.119.96.239 - - [16/Aug/2025:01:12:32 +0200] "HEAD / HTTP/1.1" 200 0 "http://nagybistvan.hu" "Mozilla/5.0+(compatible; UptimeRobot/2.0; http://www.uptimerobot.com/)"
66.249.64.131 - - [16/Aug/2025:01:13:31 +0200] "GET /media/image/07.079.001.jpg HTTP/1.1" 200 180054 "-" "Googlebot-Image/1.0"
78.46.190.63 - - [16/Aug/2025:01:17:36 +0200] "HEAD / HTTP/1.1" 200 0 "http://nagybistvan.hu" "Mozilla/5.0+(compatible; UptimeRobot/2.0; http://www.uptimerobot.com/)"
168.119.53.160 - - [16/Aug/2025:01:22:41 +0200] "HEAD / HTTP/1.1" 200 0 "http://nagybistvan.hu" "Mozilla/5.0+(compatible; UptimeRobot/2.0; http://www.uptimerobot.com/)"
128.140.106.114 - - [16/Aug/2025:01:27:45 +0200] "HEAD / HTTP/1.1" 200 0 "http://nagybistvan.hu" "Mozilla/5.0+(compatible; UptimeRobot/2.0; http://www.uptimerobot.com/)"
66.249.64.106 - - [16/Aug/2025:01:29:33 +0200] "GET /robots.txt HTTP/1.1" 404 1181 "-" "Mozilla/5.0 (compatible; Googlebot/2.1; +http://www.google.com/bot.html)"
66.249.64.105 - - [16/Aug/2025:01:29:34 +0200] "GET /media/image/07.195.001.jpg HTTP/1.1" 200 204057 "-" "Googlebot-Image/1.0"
66.249.64.132 - - [16/Aug/2025:01:29:35 +0200] "GET /media/image/07.038.001.jpg HTTP/1.1" 200 94036 "-" "Googlebot-Image/1.0"
78.47.173.76 - - [16/Aug/2025:01:32:48 +0200] "HEAD / HTTP/1.1" 200 0 "http://nagybistvan.hu" "Mozilla/5.0+(compatible; UptimeRobot/2.0; http://www.uptimerobot.com/)"
142.132.180.39 - - [16/Aug/2025:01:37:52 +0200] "HEAD / HTTP/1.1" 200 0 "http://nagybistvan.hu" "Mozilla/5.0+(compatible; UptimeRobot/2.0; http://www.uptimerobot.com/)"
128.140.106.114 - - [16/Aug/2025:01:42:56 +0200] "HEAD / HTTP/1.1" 200 0 "http://nagybistvan.hu" "Mozilla/5.0+(compatible; UptimeRobot/2.0; http://www.uptimerobot.com/)"
49.13.130.29 - - [16/Aug/2025:01:48:00 +0200] "HEAD / HTTP/1.1" 200 0 "http://nagybistvan.hu" "Mozilla/5.0+(compatible; UptimeRobot/2.0; http://www.uptimerobot.com/)"
159.69.158.189 - - [16/Aug/2025:01:53:04 +0200] "HEAD / HTTP/1.1" 200 0 "http://nagybistvan.hu" "Mozilla/5.0+(compatible; UptimeRobot/2.0; http://www.uptimerobot.com/)"
128.140.106.114 - - [16/Aug/2025:01:58:08 +0200] "HEAD / HTTP/1.1" 200 0 "http://nagybistvan.hu" "Mozilla/5.0+(compatible; UptimeRobot/2.0; http://www.uptimerobot.com/)"
49.13.130.29 - - [16/Aug/2025:02:03:15 +0200] "HEAD / HTTP/1.1" 200 0 "http://nagybistvan.hu" "Mozilla/5.0+(compatible; UptimeRobot/2.0; http://www.uptimerobot.com/)"
157.90.155.240 - - [16/Aug/2025:02:08:18 +0200] "HEAD / HTTP/1.1" 200 0 "http://nagybistvan.hu" "Mozilla/5.0+(compatible; UptimeRobot/2.0; http://www.uptimerobot.com/)"
78.46.190.63 - - [16/Aug/2025:02:13:22 +0200] "HEAD / HTTP/1.1" 200 0 "http://nagybistvan.hu" "Mozilla/5.0+(compatible; UptimeRobot/2.0; http://www.uptimerobot.com/)"
66.249.64.105 - - [16/Aug/2025:02:14:29 +0200] "GET /media/image/07.033.001.jpg HTTP/1.1" 200 107347 "-" "Googlebot-Image/1.0"
157.90.156.63 - - [16/Aug/2025:02:18:25 +0200] "HEAD / HTTP/1.1" 200 0 "http://nagybistvan.hu" "Mozilla/5.0+(compatible; UptimeRobot/2.0; http://www.uptimerobot.com/)"
128.140.41.193 - - [16/Aug/2025:02:23:30 +0200] "HEAD / HTTP/1.1" 200 0 "http://nagybistvan.hu" "Mozilla/5.0+(compatible; UptimeRobot/2.0; http://www.uptimerobot.com/)"
66.249.64.105 - - [16/Aug/2025:02:28:29 +0200] "GET /media/image/07.110.065.jpg HTTP/1.1" 200 72854 "-" "Googlebot-Image/1.0"
128.140.41.193 - - [16/Aug/2025:02:28:34 +0200] "HEAD / HTTP/1.1" 200 0 "http://nagybistvan.hu" "Mozilla/5.0+(compatible; UptimeRobot/2.0; http://www.uptimerobot.com/)"
49.13.134.145 - - [16/Aug/2025:02:33:39 +0200] "HEAD / HTTP/1.1" 200 0 "http://nagybistvan.hu" "Mozilla/5.0+(compatible; UptimeRobot/2.0; http://www.uptimerobot.com/)"
128.140.41.193 - - [16/Aug/2025:02:38:42 +0200] "HEAD / HTTP/1.1" 200 0 "http://nagybistvan.hu" "Mozilla/5.0+(compatible; UptimeRobot/2.0; http://www.uptimerobot.com/)"
49.13.164.148 - - [16/Aug/2025:02:43:46 +0200] "HEAD / HTTP/1.1" 200 0 "http://nagybistvan.hu" "Mozilla/5.0+(compatible; UptimeRobot/2.0; http://www.uptimerobot.com/)"
49.13.134.145 - - [16/Aug/2025:02:48:49 +0200] "HEAD / HTTP/1.1" 200 0 "http://nagybistvan.hu" "Mozilla/5.0+(compatible; UptimeRobot/2.0; http://www.uptimerobot.com/)"
168.119.123.75 - - [16/Aug/2025:02:53:53 +0200] "HEAD / HTTP/1.1" 200 0 "http://nagybistvan.hu" "Mozilla/5.0+(compatible; UptimeRobot/2.0; http://www.uptimerobot.com/)"
168.119.96.239 - - [16/Aug/2025:02:58:57 +0200] "HEAD / HTTP/1.1" 200 0 "http://nagybistvan.hu" "Mozilla/5.0+(compatible; UptimeRobot/2.0; http://www.uptimerobot.com/)"
49.13.24.81 - - [16/Aug/2025:03:04:03 +0200] "HEAD / HTTP/1.1" 200 0 "http://nagybistvan.hu" "Mozilla/5.0+(compatible; UptimeRobot/2.0; http://www.uptimerobot.com/)"
20.39.202.118 - - [16/Aug/2025:03:04:35 +0200] "GET /wp-content/plugins/hellopress/wp_filemanager.php HTTP/1.1" 404 1181 "-" "-"
20.39.202.118 - - [16/Aug/2025:03:04:36 +0200] "GET /file9.php HTTP/1.1" 404 37 "-" "-"
20.39.202.118 - - [16/Aug/2025:03:04:36 +0200] "GET /file3.php HTTP/1.1" 404 37 "-" "-"
20.39.202.118 - - [16/Aug/2025:03:04:36 +0200] "GET /file17.php HTTP/1.1" 404 37 "-" "-"
20.39.202.118 - - [16/Aug/2025:03:04:36 +0200] "GET /file7.php HTTP/1.1" 404 37 "-" "-"
20.39.202.118 - - [16/Aug/2025:03:04:36 +0200] "GET /file5.php HTTP/1.1" 404 37 "-" "-"
20.39.202.118 - - [16/Aug/2025:03:04:37 +0200] "GET /file6.php HTTP/1.1" 404 37 "-" "-"
20.39.202.118 - - [16/Aug/2025:03:04:37 +0200] "GET /file2.php HTTP/1.1" 404 37 "-" "-"
20.39.202.118 - - [16/Aug/2025:03:04:37 +0200] "GET /file15.php HTTP/1.1" 404 37 "-" "-"
20.39.202.118 - - [16/Aug/2025:03:04:37 +0200] "GET /file8.php HTTP/1.1" 404 37 "-" "-"
20.39.202.118 - - [16/Aug/2025:03:04:38 +0200] "GET /file.php HTTP/1.1" 404 37 "-" "-"
20.39.202.118 - - [16/Aug/2025:03:04:38 +0200] "GET /.trash7309/index.php HTTP/1.1" 404 1181 "-" "-"
20.39.202.118 - - [16/Aug/2025:03:04:38 +0200] "GET /simple.php HTTP/1.1" 404 37 "-" "-"
20.39.202.118 - - [16/Aug/2025:03:04:38 +0200] "GET /info.php HTTP/1.1" 404 37 "-" "-"
20.39.202.118 - - [16/Aug/2025:03:04:39 +0200] "GET /alfa.php HTTP/1.1" 404 37 "-" "-"
20.39.202.118 - - [16/Aug/2025:03:04:39 +0200] "GET /403.php HTTP/1.1" 404 37 "-" "-"
20.39.202.118 - - [16/Aug/2025:03:04:39 +0200] "GET /1.php HTTP/1.1" 404 37 "-" "-"
20.39.202.118 - - [16/Aug/2025:03:04:39 +0200] "GET /admin.php HTTP/1.1" 404 37 "-" "-"
20.39.202.118 - - [16/Aug/2025:03:04:40 +0200] "GET /0x.php HTTP/1.1" 404 37 "-" "-"
20.39.202.118 - - [16/Aug/2025:03:04:40 +0200] "GET /config.php HTTP/1.1" 404 37 "-" "-"
20.39.202.118 - - [16/Aug/2025:03:04:40 +0200] "GET /404.php HTTP/1.1" 404 37 "-" "-"
20.39.202.118 - - [16/Aug/2025:03:04:40 +0200] "GET /css/chosen.php HTTP/1.1" 404 1181 "-" "-"
20.39.202.118 - - [16/Aug/2025:03:04:41 +0200] "GET /filemanager.php HTTP/1.1" 404 37 "-" "-"
20.39.202.118 - - [16/Aug/2025:03:04:41 +0200] "GET /wp-admin/includes/index.php HTTP/1.1" 404 1181 "-" "-"
20.39.202.118 - - [16/Aug/2025:03:04:41 +0200] "GET /wp-admin/file.php HTTP/1.1" 404 1181 "-" "-"
20.39.202.118 - - [16/Aug/2025:03:04:41 +0200] "GET /wp-admin/includes/wp-conflg.php HTTP/1.1" 404 1181 "-" "-"
20.39.202.118 - - [16/Aug/2025:03:04:42 +0200] "GET /wp-admin/wp-conflg.php HTTP/1.1" 404 1181 "-" "-"
20.39.202.118 - - [16/Aug/2025:03:04:42 +0200] "GET /wp-includes/ID3/index.php HTTP/1.1" 404 1181 "-" "-"
20.39.202.118 - - [16/Aug/2025:03:04:42 +0200] "GET /wp-content/wp-conflg.php HTTP/1.1" 404 1181 "-" "-"
20.39.202.118 - - [16/Aug/2025:03:04:42 +0200] "GET /wp-includes/blocks/wp-conflg.php HTTP/1.1" 404 1181 "-" "-"
20.39.202.118 - - [16/Aug/2025:03:04:42 +0200] "GET /wp-admin/chosen.php HTTP/1.1" 404 1181 "-" "-"
20.39.202.118 - - [16/Aug/2025:03:04:43 +0200] "GET /wp-admin/js/wp-conflg.php HTTP/1.1" 404 1181 "-" "-"
128.140.106.114 - - [16/Aug/2025:03:09:06 +0200] "HEAD / HTTP/1.1" 200 0 "http://nagybistvan.hu" "Mozilla/5.0+(compatible; UptimeRobot/2.0; http://www.uptimerobot.com/)"
66.249.64.105 - - [16/Aug/2025:03:13:29 +0200] "GET /media/image/07.007.001.jpg HTTP/1.1" 200 262340 "-" "Googlebot-Image/1.0"
49.13.24.81 - - [16/Aug/2025:03:14:10 +0200] "HEAD / HTTP/1.1" 200 0 "http://nagybistvan.hu" "Mozilla/5.0+(compatible; UptimeRobot/2.0; http://www.uptimerobot.com/)"
88.99.80.227 - - [16/Aug/2025:03:19:13 +0200] "HEAD / HTTP/1.1" 200 0 "http://nagybistvan.hu" "Mozilla/5.0+(compatible; UptimeRobot/2.0; http://www.uptimerobot.com/)"
78.47.98.55 - - [16/Aug/2025:03:24:18 +0200] "HEAD / HTTP/1.1" 200 0 "http://nagybistvan.hu" "Mozilla/5.0+(compatible; UptimeRobot/2.0; http://www.uptimerobot.com/)"
66.249.64.106 - - [16/Aug/2025:03:28:29 +0200] "GET /media/image/30.295.001.jpg HTTP/1.1" 200 212341 "-" "Googlebot-Image/1.0"
78.46.190.63 - - [16/Aug/2025:03:29:22 +0200] "HEAD / HTTP/1.1" 200 0 "http://nagybistvan.hu" "Mozilla/5.0+(compatible; UptimeRobot/2.0; http://www.uptimerobot.com/)"
128.140.41.193 - - [16/Aug/2025:03:34:25 +0200] "HEAD / HTTP/1.1" 200 0 "http://nagybistvan.hu" "Mozilla/5.0+(compatible; UptimeRobot/2.0; http://www.uptimerobot.com/)"
78.47.98.55 - - [16/Aug/2025:03:39:29 +0200] "HEAD / HTTP/1.1" 200 0 "http://nagybistvan.hu" "Mozilla/5.0+(compatible; UptimeRobot/2.0; http://www.uptimerobot.com/)"
128.140.41.193 - - [16/Aug/2025:03:44:33 +0200] "HEAD / HTTP/1.1" 200 0 "http://nagybistvan.hu" "Mozilla/5.0+(compatible; UptimeRobot/2.0; http://www.uptimerobot.com/)"
157.90.156.63 - - [16/Aug/2025:03:49:37 +0200] "HEAD / HTTP/1.1" 200 0 "http://nagybistvan.hu" "Mozilla/5.0+(compatible; UptimeRobot/2.0; http://www.uptimerobot.com/)"
34.74.83.177 - - [16/Aug/2025:03:54:22 +0200] "HEAD /wordpress HTTP/1.1" 404 0 "-" "Mozilla/5.0 (Windows NT 10.0; Win64; x64) AppleWebKit/537.36 (KHTML, like Gecko) Chrome/74.0.3729.169 Safari/537.36"
34.74.83.177 - - [16/Aug/2025:03:54:23 +0200] "HEAD / HTTP/1.1" 200 0 "-" "Mozilla/5.0 (Windows NT 10.0; Win64; x64) AppleWebKit/537.36 (KHTML, like Gecko) Chrome/74.0.3729.169 Safari/537.36"
34.74.83.177 - - [16/Aug/2025:03:54:23 +0200] "HEAD /wp HTTP/1.1" 404 0 "-" "Mozilla/5.0 (Windows NT 10.0; Win64; x64) AppleWebKit/537.36 (KHTML, like Gecko) Chrome/74.0.3729.169 Safari/537.36"
34.74.83.177 - - [16/Aug/2025:03:54:23 +0200] "HEAD /bc HTTP/1.1" 404 0 "-" "Mozilla/5.0 (Windows NT 10.0; Win64; x64) AppleWebKit/537.36 (KHTML, like Gecko) Chrome/74.0.3729.169 Safari/537.36"
34.74.83.177 - - [16/Aug/2025:03:54:23 +0200] "HEAD /bk HTTP/1.1" 404 0 "-" "Mozilla/5.0 (Windows NT 10.0; Win64; x64) AppleWebKit/537.36 (KHTML, like Gecko) Chrome/74.0.3729.169 Safari/537.36"
34.74.83.177 - - [16/Aug/2025:03:54:23 +0200] "HEAD /backup HTTP/1.1" 404 0 "-" "Mozilla/5.0 (Windows NT 10.0; Win64; x64) AppleWebKit/537.36 (KHTML, like Gecko) Chrome/74.0.3729.169 Safari/537.36"
34.74.83.177 - - [16/Aug/2025:03:54:23 +0200] "HEAD /old HTTP/1.1" 404 0 "-" "Mozilla/5.0 (Windows NT 10.0; Win64; x64) AppleWebKit/537.36 (KHTML, like Gecko) Chrome/74.0.3729.169 Safari/537.36"
34.74.83.177 - - [16/Aug/2025:03:54:23 +0200] "HEAD /new HTTP/1.1" 404 0 "-" "Mozilla/5.0 (Windows NT 10.0; Win64; x64) AppleWebKit/537.36 (KHTML, like Gecko) Chrome/74.0.3729.169 Safari/537.36"
34.74.83.177 - - [16/Aug/2025:03:54:23 +0200] "HEAD /main HTTP/1.1" 404 0 "-" "Mozilla/5.0 (Windows NT 10.0; Win64; x64) AppleWebKit/537.36 (KHTML, like Gecko) Chrome/74.0.3729.169 Safari/537.36"
34.74.83.177 - - [16/Aug/2025:03:54:24 +0200] "HEAD /home HTTP/1.1" 404 0 "-" "Mozilla/5.0 (Windows NT 10.0; Win64; x64) AppleWebKit/537.36 (KHTML, like Gecko) Chrome/74.0.3729.169 Safari/537.36"
168.119.96.239 - - [16/Aug/2025:03:54:41 +0200] "HEAD / HTTP/1.1" 200 0 "http://nagybistvan.hu" "Mozilla/5.0+(compatible; UptimeRobot/2.0; http://www.uptimerobot.com/)"
128.140.41.193 - - [16/Aug/2025:03:59:47 +0200] "HEAD / HTTP/1.1" 200 0 "http://nagybistvan.hu" "Mozilla/5.0+(compatible; UptimeRobot/2.0; http://www.uptimerobot.com/)"
49.13.130.29 - - [16/Aug/2025:04:04:51 +0200] "HEAD / HTTP/1.1" 200 0 "http://nagybistvan.hu" "Mozilla/5.0+(compatible; UptimeRobot/2.0; http://www.uptimerobot.com/)"
51.222.253.10 - - [16/Aug/2025:04:06:56 +0200] "GET /robots.txt HTTP/1.1" 404 1181 "-" "Mozilla/5.0 (compatible; AhrefsBot/7.0; +http://ahrefs.com/robot/)"
54.36.149.5 - - [16/Aug/2025:04:06:57 +0200] "GET / HTTP/1.1" 200 6798 "-" "Mozilla/5.0 (compatible; AhrefsBot/7.0; +http://ahrefs.com/robot/)"
66.249.64.132 - - [16/Aug/2025:04:08:29 +0200] "GET /media/image/07.076.001.jpg HTTP/1.1" 200 146917 "-" "Googlebot-Image/1.0"
49.13.164.148 - - [16/Aug/2025:04:09:55 +0200] "HEAD / HTTP/1.1" 200 0 "http://nagybistvan.hu" "Mozilla/5.0+(compatible; UptimeRobot/2.0; http://www.uptimerobot.com/)"
168.119.123.75 - - [16/Aug/2025:04:14:59 +0200] "HEAD / HTTP/1.1" 200 0 "http://nagybistvan.hu" "Mozilla/5.0+(compatible; UptimeRobot/2.0; http://www.uptimerobot.com/)"
78.47.98.55 - - [16/Aug/2025:04:20:02 +0200] "HEAD / HTTP/1.1" 200 0 "http://nagybistvan.hu" "Mozilla/5.0+(compatible; UptimeRobot/2.0; http://www.uptimerobot.com/)"
78.47.98.55 - - [16/Aug/2025:04:25:06 +0200] "HEAD / HTTP/1.1" 200 0 "http://nagybistvan.hu" "Mozilla/5.0+(compatible; UptimeRobot/2.0; http://www.uptimerobot.com/)"
66.249.64.132 - - [16/Aug/2025:04:28:28 +0200] "GET /zsambek/Julika%20Zsambekon.jpg HTTP/1.1" 304 - "-" "Googlebot-Image/1.0"
128.140.106.114 - - [16/Aug/2025:04:30:11 +0200] "HEAD / HTTP/1.1" 200 0 "http://nagybistvan.hu" "Mozilla/5.0+(compatible; UptimeRobot/2.0; http://www.uptimerobot.com/)"
66.249.64.130 - - [16/Aug/2025:04:34:36 +0200] "GET /media/image/07.058.001.jpg HTTP/1.1" 200 126440 "-" "Googlebot-Image/1.0"
142.132.180.39 - - [16/Aug/2025:04:35:15 +0200] "HEAD / HTTP/1.1" 200 0 "http://nagybistvan.hu" "Mozilla/5.0+(compatible; UptimeRobot/2.0; http://www.uptimerobot.com/)"
49.13.164.148 - - [16/Aug/2025:04:40:18 +0200] "HEAD / HTTP/1.1" 200 0 "http://nagybistvan.hu" "Mozilla/5.0+(compatible; UptimeRobot/2.0; http://www.uptimerobot.com/)"
49.13.24.81 - - [16/Aug/2025:04:45:22 +0200] "HEAD / HTTP/1.1" 200 0 "http://nagybistvan.hu" "Mozilla/5.0+(compatible; UptimeRobot/2.0; http://www.uptimerobot.com/)"
46.105.42.135 - - [16/Aug/2025:04:47:25 +0200] "GET /robots.txt HTTP/1.1" 404 1181 "-" "Mozilla/5.0 (compatible; MJ12bot/v2.0.4; http://mj12bot.com/)"
46.105.42.135 - - [16/Aug/2025:04:47:26 +0200] "GET / HTTP/1.1" 200 6778 "-" "Mozilla/5.0 (compatible; MJ12bot/v2.0.4; http://mj12bot.com/)"
66.249.64.131 - - [16/Aug/2025:04:48:29 +0200] "GET /media/image/07.073.001.jpg HTTP/1.1" 200 74658 "-" "Googlebot-Image/1.0"
168.119.96.239 - - [16/Aug/2025:04:50:25 +0200] "HEAD / HTTP/1.1" 200 0 "http://nagybistvan.hu" "Mozilla/5.0+(compatible; UptimeRobot/2.0; http://www.uptimerobot.com/)"
78.47.98.55 - - [16/Aug/2025:04:55:29 +0200] "HEAD / HTTP/1.1" 200 0 "http://nagybistvan.hu" "Mozilla/5.0+(compatible; UptimeRobot/2.0; http://www.uptimerobot.com/)"
124.236.100.56 - - [16/Aug/2025:04:58:34 +0200] "GET / HTTP/1.1" 200 6770 "-" "Mozilla/5.0 (X11; OpenBSD amd64; rv:28.0) Gecko/20100101 Firefox/28.0"
157.90.156.63 - - [16/Aug/2025:05:00:33 +0200] "HEAD / HTTP/1.1" 200 0 "http://nagybistvan.hu" "Mozilla/5.0+(compatible; UptimeRobot/2.0; http://www.uptimerobot.com/)"
144.76.32.140 - - [16/Aug/2025:05:04:10 +0200] "GET /robots.txt HTTP/1.1" 404 1181 "-" "Mozilla/5.0 (compatible; BLEXBot/1.0; +https://help.seranking.com/en/blex-crawler)"
144.76.32.140 - - [16/Aug/2025:05:04:11 +0200] "GET /bio HTTP/1.1" 301 313 "-" "Mozilla/5.0 (compatible; BLEXBot/1.0; +https://help.seranking.com/en/blex-crawler)"
144.76.32.140 - - [16/Aug/2025:05:04:11 +0200] "GET /bio/ HTTP/1.1" 302 5 "-" "Mozilla/5.0 (compatible; BLEXBot/1.0; +https://help.seranking.com/en/blex-crawler)"
144.76.32.140 - - [16/Aug/2025:05:04:50 +0200] "GET /dijai HTTP/1.1" 301 315 "-" "Mozilla/5.0 (compatible; BLEXBot/1.0; +https://help.seranking.com/en/blex-crawler)"
144.76.32.140 - - [16/Aug/2025:05:04:50 +0200] "GET /dijai/ HTTP/1.1" 302 5 "-" "Mozilla/5.0 (compatible; BLEXBot/1.0; +https://help.seranking.com/en/blex-crawler)"
144.76.32.140 - - [16/Aug/2025:05:05:21 +0200] "GET /kepek HTTP/1.1" 301 315 "-" "Mozilla/5.0 (compatible; BLEXBot/1.0; +https://help.seranking.com/en/blex-crawler)"
144.76.32.140 - - [16/Aug/2025:05:05:21 +0200] "GET /kepek/ HTTP/1.1" 302 5 "-" "Mozilla/5.0 (compatible; BLEXBot/1.0; +https://help.seranking.com/en/blex-crawler)"
168.119.53.160 - - [16/Aug/2025:05:05:37 +0200] "HEAD / HTTP/1.1" 200 0 "http://nagybistvan.hu" "Mozilla/5.0+(compatible; UptimeRobot/2.0; http://www.uptimerobot.com/)"
144.76.32.140 - - [16/Aug/2025:05:05:55 +0200] "GET /egyeni HTTP/1.1" 301 316 "-" "Mozilla/5.0 (compatible; BLEXBot/1.0; +https://help.seranking.com/en/blex-crawler)"
144.76.32.140 - - [16/Aug/2025:05:05:55 +0200] "GET /egyeni/ HTTP/1.1" 302 5 "-" "Mozilla/5.0 (compatible; BLEXBot/1.0; +https://help.seranking.com/en/blex-crawler)"
144.76.32.140 - - [16/Aug/2025:05:06:27 +0200] "GET /irasai HTTP/1.1" 301 316 "-" "Mozilla/5.0 (compatible; BLEXBot/1.0; +https://help.seranking.com/en/blex-crawler)"
144.76.32.140 - - [16/Aug/2025:05:06:27 +0200] "GET /irasai/ HTTP/1.1" 302 5 "-" "Mozilla/5.0 (compatible; BLEXBot/1.0; +https://help.seranking.com/en/blex-crawler)"
66.249.64.132 - - [16/Aug/2025:05:06:35 +0200] "GET /index.php HTTP/1.1" 200 6690 "-" "Mozilla/5.0 (Linux; Android 6.0.1; Nexus 5X Build/MMB29P) AppleWebKit/537.36 (KHTML, like Gecko) Chrome/138.0.7204.183 Mobile Safari/537.36 (compatible; Googlebot/2.1; +http://www.google.com/bot.html)"
66.249.64.130 - - [16/Aug/2025:05:06:37 +0200] "GET /lib/jq.fancybox-1.3.4/jquery.fancybox-1.3.4.pack.js HTTP/1.1" 200 15624 "http://nagybistvan.hu/index.php" "Mozilla/5.0 (Linux; Android 6.0.1; Nexus 5X Build/MMB29P) AppleWebKit/537.36 (KHTML, like Gecko) Chrome/138.0.7204.183 Mobile Safari/537.36 (compatible; Googlebot/2.1; +http://www.google.com/bot.html)"
66.249.64.132 - - [16/Aug/2025:05:06:37 +0200] "GET /lib/jq.fancybox-1.3.4/jquery.fancybox-1.3.4.css HTTP/1.1" 200 8498 "http://nagybistvan.hu/index.php" "Mozilla/5.0 (Linux; Android 6.0.1; Nexus 5X Build/MMB29P) AppleWebKit/537.36 (KHTML, like Gecko) Chrome/138.0.7204.183 Mobile Safari/537.36 (compatible; Googlebot/2.1; +http://www.google.com/bot.html)"
66.249.64.130 - - [16/Aug/2025:05:06:37 +0200] "GET /skin/master.css HTTP/1.1" 200 6842 "http://nagybistvan.hu/index.php" "Mozilla/5.0 (Linux; Android 6.0.1; Nexus 5X Build/MMB29P) AppleWebKit/537.36 (KHTML, like Gecko) Chrome/138.0.7204.183 Mobile Safari/537.36 (compatible; Googlebot/2.1; +http://www.google.com/bot.html)"
144.76.32.140 - - [16/Aug/2025:05:07:22 +0200] "GET /csoportos HTTP/1.1" 301 319 "-" "Mozilla/5.0 (compatible; BLEXBot/1.0; +https://help.seranking.com/en/blex-crawler)"
144.76.32.140 - - [16/Aug/2025:05:07:22 +0200] "GET /csoportos/ HTTP/1.1" 302 5 "-" "Mozilla/5.0 (compatible; BLEXBot/1.0; +https://help.seranking.com/en/blex-crawler)"
144.76.32.140 - - [16/Aug/2025:05:07:56 +0200] "GET /index.php HTTP/1.1" 200 6569 "-" "Mozilla/5.0 (compatible; BLEXBot/1.0; +https://help.seranking.com/en/blex-crawler)"
144.76.32.140 - - [16/Aug/2025:05:08:04 +0200] "GET /rolairtak HTTP/1.1" 301 319 "-" "Mozilla/5.0 (compatible; BLEXBot/1.0; +https://help.seranking.com/en/blex-crawler)"
144.76.32.140 - - [16/Aug/2025:05:08:04 +0200] "GET /rolairtak/ HTTP/1.1" 302 5 "-" "Mozilla/5.0 (compatible; BLEXBot/1.0; +https://help.seranking.com/en/blex-crawler)"
66.249.64.132 - - [16/Aug/2025:05:08:28 +0200] "GET /zsambek/Zsambek%20LXIII.jpg HTTP/1.1" 304 - "-" "Googlebot-Image/1.0"
144.76.32.140 - - [16/Aug/2025:05:08:58 +0200] "GET /bio HTTP/1.1" 301 313 "-" "Mozilla/5.0 (compatible; BLEXBot/1.0; +https://help.seranking.com/en/blex-crawler)"
144.76.32.140 - - [16/Aug/2025:05:08:58 +0200] "GET /bio/ HTTP/1.1" 302 5 "-" "Mozilla/5.0 (compatible; BLEXBot/1.0; +https://help.seranking.com/en/blex-crawler)"
144.76.32.140 - - [16/Aug/2025:05:10:02 +0200] "GET /dijai HTTP/1.1" 301 315 "-" "Mozilla/5.0 (compatible; BLEXBot/1.0; +https://help.seranking.com/en/blex-crawler)"
144.76.32.140 - - [16/Aug/2025:05:10:03 +0200] "GET /dijai/ HTTP/1.1" 302 5 "-" "Mozilla/5.0 (compatible; BLEXBot/1.0; +https://help.seranking.com/en/blex-crawler)"
49.13.130.29 - - [16/Aug/2025:05:10:41 +0200] "HEAD / HTTP/1.1" 200 0 "http://nagybistvan.hu" "Mozilla/5.0+(compatible; UptimeRobot/2.0; http://www.uptimerobot.com/)"
144.76.32.140 - - [16/Aug/2025:05:11:12 +0200] "GET /kepek HTTP/1.1" 301 315 "-" "Mozilla/5.0 (compatible; BLEXBot/1.0; +https://help.seranking.com/en/blex-crawler)"
144.76.32.140 - - [16/Aug/2025:05:11:12 +0200] "GET /kepek/ HTTP/1.1" 302 5 "-" "Mozilla/5.0 (compatible; BLEXBot/1.0; +https://help.seranking.com/en/blex-crawler)"
144.76.32.140 - - [16/Aug/2025:05:12:18 +0200] "GET /egyeni HTTP/1.1" 301 316 "-" "Mozilla/5.0 (compatible; BLEXBot/1.0; +https://help.seranking.com/en/blex-crawler)"
144.76.32.140 - - [16/Aug/2025:05:12:18 +0200] "GET /egyeni/ HTTP/1.1" 302 5 "-" "Mozilla/5.0 (compatible; BLEXBot/1.0; +https://help.seranking.com/en/blex-crawler)"
144.76.32.140 - - [16/Aug/2025:05:13:22 +0200] "GET /irasai HTTP/1.1" 301 316 "-" "Mozilla/5.0 (compatible; BLEXBot/1.0; +https://help.seranking.com/en/blex-crawler)"
144.76.32.140 - - [16/Aug/2025:05:13:22 +0200] "GET /irasai/ HTTP/1.1" 302 5 "-" "Mozilla/5.0 (compatible; BLEXBot/1.0; +https://help.seranking.com/en/blex-crawler)"
144.76.32.140 - - [16/Aug/2025:05:14:27 +0200] "GET /csoportos HTTP/1.1" 301 319 "-" "Mozilla/5.0 (compatible; BLEXBot/1.0; +https://help.seranking.com/en/blex-crawler)"
144.76.32.140 - - [16/Aug/2025:05:14:27 +0200] "GET /csoportos/ HTTP/1.1" 302 5 "-" "Mozilla/5.0 (compatible; BLEXBot/1.0; +https://help.seranking.com/en/blex-crawler)"
144.76.32.140 - - [16/Aug/2025:05:15:34 +0200] "GET /rolairtak HTTP/1.1" 301 319 "-" "Mozilla/5.0 (compatible; BLEXBot/1.0; +https://help.seranking.com/en/blex-crawler)"
144.76.32.140 - - [16/Aug/2025:05:15:36 +0200] "GET /rolairtak/ HTTP/1.1" 302 5 "-" "Mozilla/5.0 (compatible; BLEXBot/1.0; +https://help.seranking.com/en/blex-crawler)"
157.90.155.240 - - [16/Aug/2025:05:15:45 +0200] "HEAD / HTTP/1.1" 200 0 "http://nagybistvan.hu" "Mozilla/5.0+(compatible; UptimeRobot/2.0; http://www.uptimerobot.com/)"
144.76.32.140 - - [16/Aug/2025:05:16:40 +0200] "GET /bio HTTP/1.1" 301 313 "-" "Mozilla/5.0 (compatible; BLEXBot/1.0; +https://help.seranking.com/en/blex-crawler)"
144.76.32.140 - - [16/Aug/2025:05:16:40 +0200] "GET /bio/ HTTP/1.1" 302 5 "-" "Mozilla/5.0 (compatible; BLEXBot/1.0; +https://help.seranking.com/en/blex-crawler)"
144.76.32.140 - - [16/Aug/2025:05:18:46 +0200] "GET /dijai HTTP/1.1" 301 315 "-" "Mozilla/5.0 (compatible; BLEXBot/1.0; +https://help.seranking.com/en/blex-crawler)"
144.76.32.140 - - [16/Aug/2025:05:18:48 +0200] "GET /dijai/ HTTP/1.1" 302 5 "-" "Mozilla/5.0 (compatible; BLEXBot/1.0; +https://help.seranking.com/en/blex-crawler)"
49.13.24.81 - - [16/Aug/2025:05:20:51 +0200] "HEAD / HTTP/1.1" 200 0 "http://nagybistvan.hu" "Mozilla/5.0+(compatible; UptimeRobot/2.0; http://www.uptimerobot.com/)"
144.76.32.140 - - [16/Aug/2025:05:20:55 +0200] "GET /kepek HTTP/1.1" 301 315 "-" "Mozilla/5.0 (compatible; BLEXBot/1.0; +https://help.seranking.com/en/blex-crawler)"
144.76.32.140 - - [16/Aug/2025:05:20:55 +0200] "GET /kepek/ HTTP/1.1" 302 5 "-" "Mozilla/5.0 (compatible; BLEXBot/1.0; +https://help.seranking.com/en/blex-crawler)"
144.76.32.140 - - [16/Aug/2025:05:23:04 +0200] "GET /egyeni HTTP/1.1" 301 316 "-" "Mozilla/5.0 (compatible; BLEXBot/1.0; +https://help.seranking.com/en/blex-crawler)"
144.76.32.140 - - [16/Aug/2025:05:23:05 +0200] "GET /egyeni/ HTTP/1.1" 302 5 "-" "Mozilla/5.0 (compatible; BLEXBot/1.0; +https://help.seranking.com/en/blex-crawler)"
144.76.32.140 - - [16/Aug/2025:05:25:14 +0200] "GET /irasai HTTP/1.1" 301 316 "-" "Mozilla/5.0 (compatible; BLEXBot/1.0; +https://help.seranking.com/en/blex-crawler)"
144.76.32.140 - - [16/Aug/2025:05:25:15 +0200] "GET /irasai/ HTTP/1.1" 302 5 "-" "Mozilla/5.0 (compatible; BLEXBot/1.0; +https://help.seranking.com/en/blex-crawler)"
168.119.53.160 - - [16/Aug/2025:05:25:55 +0200] "HEAD / HTTP/1.1" 200 0 "http://nagybistvan.hu" "Mozilla/5.0+(compatible; UptimeRobot/2.0; http://www.uptimerobot.com/)"
144.76.32.140 - - [16/Aug/2025:05:27:19 +0200] "GET /csoportos HTTP/1.1" 301 319 "-" "Mozilla/5.0 (compatible; BLEXBot/1.0; +https://help.seranking.com/en/blex-crawler)"
144.76.32.140 - - [16/Aug/2025:05:27:20 +0200] "GET /csoportos/ HTTP/1.1" 302 5 "-" "Mozilla/5.0 (compatible; BLEXBot/1.0; +https://help.seranking.com/en/blex-crawler)"
144.76.32.140 - - [16/Aug/2025:05:29:21 +0200] "GET /rolairtak HTTP/1.1" 301 319 "-" "Mozilla/5.0 (compatible; BLEXBot/1.0; +https://help.seranking.com/en/blex-crawler)"
144.76.32.140 - - [16/Aug/2025:05:29:21 +0200] "GET /rolairtak/ HTTP/1.1" 302 5 "-" "Mozilla/5.0 (compatible; BLEXBot/1.0; +https://help.seranking.com/en/blex-crawler)"
157.90.155.240 - - [16/Aug/2025:05:30:58 +0200] "HEAD / HTTP/1.1" 200 0 "http://nagybistvan.hu" "Mozilla/5.0+(compatible; UptimeRobot/2.0; http://www.uptimerobot.com/)"
144.76.32.140 - - [16/Aug/2025:05:31:28 +0200] "GET /bio HTTP/1.1" 301 313 "-" "Mozilla/5.0 (compatible; BLEXBot/1.0; +https://help.seranking.com/en/blex-crawler)"
144.76.32.140 - - [16/Aug/2025:05:31:29 +0200] "GET /bio/ HTTP/1.1" 302 5 "-" "Mozilla/5.0 (compatible; BLEXBot/1.0; +https://help.seranking.com/en/blex-crawler)"
144.76.32.140 - - [16/Aug/2025:05:35:32 +0200] "GET /dijai HTTP/1.1" 301 315 "-" "Mozilla/5.0 (compatible; BLEXBot/1.0; +https://help.seranking.com/en/blex-crawler)"
144.76.32.140 - - [16/Aug/2025:05:35:32 +0200] "GET /dijai/ HTTP/1.1" 302 5 "-" "Mozilla/5.0 (compatible; BLEXBot/1.0; +https://help.seranking.com/en/blex-crawler)"
142.132.180.39 - - [16/Aug/2025:05:36:02 +0200] "HEAD / HTTP/1.1" 200 0 "http://nagybistvan.hu" "Mozilla/5.0+(compatible; UptimeRobot/2.0; http://www.uptimerobot.com/)"
144.76.32.140 - - [16/Aug/2025:05:39:40 +0200] "GET /kepek HTTP/1.1" 301 315 "-" "Mozilla/5.0 (compatible; BLEXBot/1.0; +https://help.seranking.com/en/blex-crawler)"
144.76.32.140 - - [16/Aug/2025:05:39:40 +0200] "GET /kepek/ HTTP/1.1" 302 5 "-" "Mozilla/5.0 (compatible; BLEXBot/1.0; +https://help.seranking.com/en/blex-crawler)"
167.235.143.113 - - [16/Aug/2025:05:41:05 +0200] "HEAD / HTTP/1.1" 200 0 "http://nagybistvan.hu" "Mozilla/5.0+(compatible; UptimeRobot/2.0; http://www.uptimerobot.com/)"
144.76.32.140 - - [16/Aug/2025:05:43:45 +0200] "GET /egyeni HTTP/1.1" 301 316 "-" "Mozilla/5.0 (compatible; BLEXBot/1.0; +https://help.seranking.com/en/blex-crawler)"
144.76.32.140 - - [16/Aug/2025:05:43:47 +0200] "GET /egyeni/ HTTP/1.1" 302 5 "-" "Mozilla/5.0 (compatible; BLEXBot/1.0; +https://help.seranking.com/en/blex-crawler)"
78.47.98.55 - - [16/Aug/2025:05:46:09 +0200] "HEAD / HTTP/1.1" 200 0 "http://nagybistvan.hu" "Mozilla/5.0+(compatible; UptimeRobot/2.0; http://www.uptimerobot.com/)"
144.76.32.140 - - [16/Aug/2025:05:47:53 +0200] "GET /irasai HTTP/1.1" 301 316 "-" "Mozilla/5.0 (compatible; BLEXBot/1.0; +https://help.seranking.com/en/blex-crawler)"
144.76.32.140 - - [16/Aug/2025:05:47:53 +0200] "GET /irasai/ HTTP/1.1" 302 5 "-" "Mozilla/5.0 (compatible; BLEXBot/1.0; +https://help.seranking.com/en/blex-crawler)"
49.13.164.148 - - [16/Aug/2025:05:51:13 +0200] "HEAD / HTTP/1.1" 200 0 "http://nagybistvan.hu" "Mozilla/5.0+(compatible; UptimeRobot/2.0; http://www.uptimerobot.com/)"
144.76.32.140 - - [16/Aug/2025:05:51:59 +0200] "GET /csoportos HTTP/1.1" 301 319 "-" "Mozilla/5.0 (compatible; BLEXBot/1.0; +https://help.seranking.com/en/blex-crawler)"
144.76.32.140 - - [16/Aug/2025:05:51:59 +0200] "GET /csoportos/ HTTP/1.1" 302 5 "-" "Mozilla/5.0 (compatible; BLEXBot/1.0; +https://help.seranking.com/en/blex-crawler)"
216.244.66.227 - - [16/Aug/2025:05:53:19 +0200] "GET /robots.txt HTTP/1.1" 404 1181 "-" "Mozilla/5.0 (compatible; DotBot/1.2; +https://opensiteexplorer.org/dotbot; help@moz.com)"
144.76.32.140 - - [16/Aug/2025:05:56:04 +0200] "GET /rolairtak HTTP/1.1" 301 319 "-" "Mozilla/5.0 (compatible; BLEXBot/1.0; +https://help.seranking.com/en/blex-crawler)"
144.76.32.140 - - [16/Aug/2025:05:56:04 +0200] "GET /rolairtak/ HTTP/1.1" 302 5 "-" "Mozilla/5.0 (compatible; BLEXBot/1.0; +https://help.seranking.com/en/blex-crawler)"
78.47.98.55 - - [16/Aug/2025:05:56:17 +0200] "HEAD / HTTP/1.1" 200 0 "http://nagybistvan.hu" "Mozilla/5.0+(compatible; UptimeRobot/2.0; http://www.uptimerobot.com/)"
144.76.32.140 - - [16/Aug/2025:06:00:11 +0200] "GET /bio HTTP/1.1" 301 313 "-" "Mozilla/5.0 (compatible; BLEXBot/1.0; +https://help.seranking.com/en/blex-crawler)"
144.76.32.140 - - [16/Aug/2025:06:00:11 +0200] "GET /bio/ HTTP/1.1" 302 5 "-" "Mozilla/5.0 (compatible; BLEXBot/1.0; +https://help.seranking.com/en/blex-crawler)"
144.76.32.140 - - [16/Aug/2025:06:00:31 +0200] "GET /dijai HTTP/1.1" 301 315 "-" "Mozilla/5.0 (compatible; BLEXBot/1.0; +https://help.seranking.com/en/blex-crawler)"
144.76.32.140 - - [16/Aug/2025:06:00:32 +0200] "GET /dijai/ HTTP/1.1" 302 5 "-" "Mozilla/5.0 (compatible; BLEXBot/1.0; +https://help.seranking.com/en/blex-crawler)"
144.76.32.140 - - [16/Aug/2025:06:00:51 +0200] "GET /kepek HTTP/1.1" 301 315 "-" "Mozilla/5.0 (compatible; BLEXBot/1.0; +https://help.seranking.com/en/blex-crawler)"
144.76.32.140 - - [16/Aug/2025:06:00:52 +0200] "GET /kepek/ HTTP/1.1" 302 5 "-" "Mozilla/5.0 (compatible; BLEXBot/1.0; +https://help.seranking.com/en/blex-crawler)"
144.76.32.140 - - [16/Aug/2025:06:01:15 +0200] "GET /egyeni HTTP/1.1" 301 316 "-" "Mozilla/5.0 (compatible; BLEXBot/1.0; +https://help.seranking.com/en/blex-crawler)"
144.76.32.140 - - [16/Aug/2025:06:01:15 +0200] "GET /egyeni/ HTTP/1.1" 302 5 "-" "Mozilla/5.0 (compatible; BLEXBot/1.0; +https://help.seranking.com/en/blex-crawler)"
167.235.143.113 - - [16/Aug/2025:06:01:21 +0200] "HEAD / HTTP/1.1" 200 0 "http://nagybistvan.hu" "Mozilla/5.0+(compatible; UptimeRobot/2.0; http://www.uptimerobot.com/)"
66.249.64.131 - - [16/Aug/2025:06:01:34 +0200] "GET /index.php?c=7080s&cp=6 HTTP/1.1" 200 18929 "-" "Mozilla/5.0 (Linux; Android 6.0.1; Nexus 5X Build/MMB29P) AppleWebKit/537.36 (KHTML, like Gecko) Chrome/138.0.7204.183 Mobile Safari/537.36 (compatible; Googlebot/2.1; +http://www.google.com/bot.html)"
