49.13.130.29 - - [04/Aug/2025:21:50:09 +0200] "HEAD / HTTP/1.1" 200 0 "http://nagybistvan.hu" "Mozilla/5.0+(compatible; UptimeRobot/2.0; http://www.uptimerobot.com/)"
49.13.164.148 - - [04/Aug/2025:21:55:13 +0200] "HEAD / HTTP/1.1" 200 0 "http://nagybistvan.hu" "Mozilla/5.0+(compatible; UptimeRobot/2.0; http://www.uptimerobot.com/)"
216.244.66.227 - - [04/Aug/2025:21:55:17 +0200] "GET /media/image/21.290.001.jpg HTTP/1.1" 200 90777 "-" "Mozilla/5.0 (compatible; DotBot/1.2; +https://opensiteexplorer.org/dotbot; help@moz.com)"
216.244.66.227 - - [04/Aug/2025:21:55:28 +0200] "GET /media/image/21.583.001_7.jpg HTTP/1.1" 200 113450 "-" "Mozilla/5.0 (compatible; DotBot/1.2; +https://opensiteexplorer.org/dotbot; help@moz.com)"
216.244.66.227 - - [04/Aug/2025:21:56:15 +0200] "GET /media/image/30.359.001.jpg HTTP/1.1" 200 184659 "-" "Mozilla/5.0 (compatible; DotBot/1.2; +https://opensiteexplorer.org/dotbot; help@moz.com)"
216.244.66.227 - - [04/Aug/2025:21:56:38 +0200] "GET /media/image/07.156.001.jpg HTTP/1.1" 200 155519 "-" "Mozilla/5.0 (compatible; DotBot/1.2; +https://opensiteexplorer.org/dotbot; help@moz.com)"
216.244.66.227 - - [04/Aug/2025:21:57:13 +0200] "GET /media/image/30.294.001.jpg HTTP/1.1" 200 122708 "-" "Mozilla/5.0 (compatible; DotBot/1.2; +https://opensiteexplorer.org/dotbot; help@moz.com)"
216.244.66.227 - - [04/Aug/2025:21:57:46 +0200] "GET /media/image/07.033.001.jpg HTTP/1.1" 200 107347 "-" "Mozilla/5.0 (compatible; DotBot/1.2; +https://opensiteexplorer.org/dotbot; help@moz.com)"
216.244.66.227 - - [04/Aug/2025:21:58:19 +0200] "GET /media/image/23.333.001.jpg HTTP/1.1" 200 199821 "-" "Mozilla/5.0 (compatible; DotBot/1.2; +https://opensiteexplorer.org/dotbot; help@moz.com)"
49.13.24.81 - - [04/Aug/2025:22:00:17 +0200] "HEAD / HTTP/1.1" 200 0 "http://nagybistvan.hu" "Mozilla/5.0+(compatible; UptimeRobot/2.0; http://www.uptimerobot.com/)"
49.13.130.29 - - [04/Aug/2025:22:05:21 +0200] "HEAD / HTTP/1.1" 200 0 "http://nagybistvan.hu" "Mozilla/5.0+(compatible; UptimeRobot/2.0; http://www.uptimerobot.com/)"
78.47.98.55 - - [04/Aug/2025:22:10:24 +0200] "HEAD / HTTP/1.1" 200 0 "http://nagybistvan.hu" "Mozilla/5.0+(compatible; UptimeRobot/2.0; http://www.uptimerobot.com/)"
168.119.96.239 - - [04/Aug/2025:22:15:29 +0200] "HEAD / HTTP/1.1" 200 0 "http://nagybistvan.hu" "Mozilla/5.0+(compatible; UptimeRobot/2.0; http://www.uptimerobot.com/)"
157.90.156.63 - - [04/Aug/2025:22:20:33 +0200] "HEAD / HTTP/1.1" 200 0 "http://nagybistvan.hu" "Mozilla/5.0+(compatible; UptimeRobot/2.0; http://www.uptimerobot.com/)"
168.119.96.239 - - [04/Aug/2025:22:25:39 +0200] "HEAD / HTTP/1.1" 200 0 "http://nagybistvan.hu" "Mozilla/5.0+(compatible; UptimeRobot/2.0; http://www.uptimerobot.com/)"
49.13.130.29 - - [04/Aug/2025:22:30:44 +0200] "HEAD / HTTP/1.1" 200 0 "http://nagybistvan.hu" "Mozilla/5.0+(compatible; UptimeRobot/2.0; http://www.uptimerobot.com/)"
114.119.141.34 - - [04/Aug/2025:22:34:27 +0200] "GET /media/image/24.110.059.jpg HTTP/1.1" 200 128284 "-" "Mozilla/5.0 (Linux; Android 7.0;) AppleWebKit/537.36 (KHTML, like Gecko) Mobile Safari/537.36 (compatible; PetalBot;+https://webmaster.petalsearch.com/site/petalbot)"
216.244.66.227 - - [04/Aug/2025:22:34:43 +0200] "GET /robots.txt HTTP/1.1" 404 1181 "-" "Mozilla/5.0 (compatible; DotBot/1.2; +https://opensiteexplorer.org/dotbot; help@moz.com)"
216.244.66.227 - - [04/Aug/2025:22:34:43 +0200] "GET /robots.txt HTTP/1.1" 404 1181 "-" "Mozilla/5.0 (compatible; DotBot/1.2; +https://opensiteexplorer.org/dotbot; help@moz.com)"
49.13.130.29 - - [04/Aug/2025:22:35:48 +0200] "HEAD / HTTP/1.1" 200 0 "http://nagybistvan.hu" "Mozilla/5.0+(compatible; UptimeRobot/2.0; http://www.uptimerobot.com/)"
142.132.180.39 - - [04/Aug/2025:22:40:51 +0200] "HEAD / HTTP/1.1" 200 0 "http://nagybistvan.hu" "Mozilla/5.0+(compatible; UptimeRobot/2.0; http://www.uptimerobot.com/)"
144.76.32.140 - - [04/Aug/2025:22:43:45 +0200] "GET /robots.txt HTTP/1.1" 404 1181 "-" "Mozilla/5.0 (compatible; BLEXBot/1.0; +https://help.seranking.com/en/blex-crawler)"
144.76.32.140 - - [04/Aug/2025:22:43:45 +0200] "GET /bio HTTP/1.1" 301 313 "-" "Mozilla/5.0 (compatible; BLEXBot/1.0; +https://help.seranking.com/en/blex-crawler)"
144.76.32.140 - - [04/Aug/2025:22:43:45 +0200] "GET /bio/ HTTP/1.1" 302 5 "-" "Mozilla/5.0 (compatible; BLEXBot/1.0; +https://help.seranking.com/en/blex-crawler)"
144.76.32.140 - - [04/Aug/2025:22:43:49 +0200] "GET /dijai HTTP/1.1" 301 315 "-" "Mozilla/5.0 (compatible; BLEXBot/1.0; +https://help.seranking.com/en/blex-crawler)"
144.76.32.140 - - [04/Aug/2025:22:43:50 +0200] "GET /dijai/ HTTP/1.1" 302 5 "-" "Mozilla/5.0 (compatible; BLEXBot/1.0; +https://help.seranking.com/en/blex-crawler)"
144.76.32.140 - - [04/Aug/2025:22:43:58 +0200] "GET /kepek HTTP/1.1" 301 315 "-" "Mozilla/5.0 (compatible; BLEXBot/1.0; +https://help.seranking.com/en/blex-crawler)"
144.76.32.140 - - [04/Aug/2025:22:43:58 +0200] "GET /kepek/ HTTP/1.1" 302 5 "-" "Mozilla/5.0 (compatible; BLEXBot/1.0; +https://help.seranking.com/en/blex-crawler)"
144.76.32.140 - - [04/Aug/2025:22:44:32 +0200] "GET /egyeni HTTP/1.1" 301 316 "-" "Mozilla/5.0 (compatible; BLEXBot/1.0; +https://help.seranking.com/en/blex-crawler)"
144.76.32.140 - - [04/Aug/2025:22:44:32 +0200] "GET /egyeni/ HTTP/1.1" 302 5 "-" "Mozilla/5.0 (compatible; BLEXBot/1.0; +https://help.seranking.com/en/blex-crawler)"
216.244.66.227 - - [04/Aug/2025:22:44:34 +0200] "GET /korai/pages/Zs%E1mb%E9ki%20t%E9l%20TragorMuz.html HTTP/1.1" 200 1322 "-" "Mozilla/5.0 (compatible; DotBot/1.2; +https://opensiteexplorer.org/dotbot; help@moz.com)"
144.76.32.140 - - [04/Aug/2025:22:44:38 +0200] "GET /irasai HTTP/1.1" 301 316 "-" "Mozilla/5.0 (compatible; BLEXBot/1.0; +https://help.seranking.com/en/blex-crawler)"
144.76.32.140 - - [04/Aug/2025:22:44:39 +0200] "GET /irasai/ HTTP/1.1" 302 5 "-" "Mozilla/5.0 (compatible; BLEXBot/1.0; +https://help.seranking.com/en/blex-crawler)"
144.76.32.140 - - [04/Aug/2025:22:44:42 +0200] "GET /csoportos HTTP/1.1" 301 319 "-" "Mozilla/5.0 (compatible; BLEXBot/1.0; +https://help.seranking.com/en/blex-crawler)"
144.76.32.140 - - [04/Aug/2025:22:44:43 +0200] "GET /csoportos/ HTTP/1.1" 302 5 "-" "Mozilla/5.0 (compatible; BLEXBot/1.0; +https://help.seranking.com/en/blex-crawler)"
144.76.32.140 - - [04/Aug/2025:22:45:01 +0200] "GET /index.php HTTP/1.1" 200 6785 "-" "Mozilla/5.0 (compatible; BLEXBot/1.0; +https://help.seranking.com/en/blex-crawler)"
144.76.32.140 - - [04/Aug/2025:22:45:20 +0200] "GET /rolairtak HTTP/1.1" 301 319 "-" "Mozilla/5.0 (compatible; BLEXBot/1.0; +https://help.seranking.com/en/blex-crawler)"
144.76.32.140 - - [04/Aug/2025:22:45:20 +0200] "GET /rolairtak/ HTTP/1.1" 302 5 "-" "Mozilla/5.0 (compatible; BLEXBot/1.0; +https://help.seranking.com/en/blex-crawler)"
216.244.66.227 - - [04/Aug/2025:22:45:30 +0200] "GET /media/image/07.054.001.jpg HTTP/1.1" 200 153249 "-" "Mozilla/5.0 (compatible; DotBot/1.2; +https://opensiteexplorer.org/dotbot; help@moz.com)"
216.244.66.227 - - [04/Aug/2025:22:45:35 +0200] "GET /media/image/07.239.005.jpg HTTP/1.1" 200 118642 "-" "Mozilla/5.0 (compatible; DotBot/1.2; +https://opensiteexplorer.org/dotbot; help@moz.com)"
167.235.143.113 - - [04/Aug/2025:22:45:55 +0200] "HEAD / HTTP/1.1" 200 0 "http://nagybistvan.hu" "Mozilla/5.0+(compatible; UptimeRobot/2.0; http://www.uptimerobot.com/)"
216.244.66.227 - - [04/Aug/2025:22:47:01 +0200] "GET /media/image/07.016.001.jpg HTTP/1.1" 200 139964 "-" "Mozilla/5.0 (compatible; DotBot/1.2; +https://opensiteexplorer.org/dotbot; help@moz.com)"
168.119.123.75 - - [04/Aug/2025:22:50:58 +0200] "HEAD / HTTP/1.1" 200 0 "http://nagybistvan.hu" "Mozilla/5.0+(compatible; UptimeRobot/2.0; http://www.uptimerobot.com/)"
104.248.21.221 - - [04/Aug/2025:22:51:06 +0200] "GET /index.php?c=ironikus%27&cp=5 HTTP/1.1" 200 4724 "-" "Mozilla/5.0 (Windows NT 10.0; Win64; x64) AppleWebKit/537.36 (KHTML, like Gecko) Chrome/126.0.0.0 Safari/537.36"
104.248.21.221 - - [04/Aug/2025:22:51:07 +0200] "GET /index.php?c=ironikus&cp=5%27 HTTP/1.1" 200 17768 "-" "Mozilla/5.0 (Windows NT 10.0; Win64; x64) AppleWebKit/537.36 (KHTML, like Gecko) Chrome/126.0.0.0 Safari/537.36"
142.132.180.39 - - [04/Aug/2025:22:56:02 +0200] "HEAD / HTTP/1.1" 200 0 "http://nagybistvan.hu" "Mozilla/5.0+(compatible; UptimeRobot/2.0; http://www.uptimerobot.com/)"
43.157.46.118 - - [04/Aug/2025:22:56:52 +0200] "GET / HTTP/1.1" 200 6710 "-" "Mozilla/5.0 (iPhone; CPU iPhone OS 13_2_3 like Mac OS X) AppleWebKit/605.1.15 (KHTML, like Gecko) Version/13.0.3 Mobile/15E148 Safari/604.1"
78.46.190.63 - - [04/Aug/2025:23:01:05 +0200] "HEAD / HTTP/1.1" 200 0 "http://nagybistvan.hu" "Mozilla/5.0+(compatible; UptimeRobot/2.0; http://www.uptimerobot.com/)"
78.46.190.63 - - [04/Aug/2025:23:06:09 +0200] "HEAD / HTTP/1.1" 200 0 "http://nagybistvan.hu" "Mozilla/5.0+(compatible; UptimeRobot/2.0; http://www.uptimerobot.com/)"
49.13.167.123 - - [04/Aug/2025:23:11:14 +0200] "HEAD / HTTP/1.1" 200 0 "http://nagybistvan.hu" "Mozilla/5.0+(compatible; UptimeRobot/2.0; http://www.uptimerobot.com/)"
49.13.167.123 - - [04/Aug/2025:23:16:18 +0200] "HEAD / HTTP/1.1" 200 0 "http://nagybistvan.hu" "Mozilla/5.0+(compatible; UptimeRobot/2.0; http://www.uptimerobot.com/)"
216.244.66.227 - - [04/Aug/2025:23:20:50 +0200] "GET /robots.txt HTTP/1.1" 404 1181 "-" "Mozilla/5.0 (compatible; DotBot/1.2; +https://opensiteexplorer.org/dotbot; help@moz.com)"
216.244.66.227 - - [04/Aug/2025:23:20:51 +0200] "GET /robots.txt HTTP/1.1" 404 1181 "-" "Mozilla/5.0 (compatible; DotBot/1.2; +https://opensiteexplorer.org/dotbot; help@moz.com)"
88.99.80.227 - - [04/Aug/2025:23:21:22 +0200] "HEAD / HTTP/1.1" 200 0 "http://nagybistvan.hu" "Mozilla/5.0+(compatible; UptimeRobot/2.0; http://www.uptimerobot.com/)"
159.69.158.189 - - [04/Aug/2025:23:26:26 +0200] "HEAD / HTTP/1.1" 200 0 "http://nagybistvan.hu" "Mozilla/5.0+(compatible; UptimeRobot/2.0; http://www.uptimerobot.com/)"
216.244.66.227 - - [04/Aug/2025:23:27:28 +0200] "GET /media/image/30.355.001.jpg HTTP/1.1" 200 197149 "-" "Mozilla/5.0 (compatible; DotBot/1.2; +https://opensiteexplorer.org/dotbot; help@moz.com)"
216.244.66.227 - - [04/Aug/2025:23:29:07 +0200] "GET /media/image/07.110.066.jpg HTTP/1.1" 200 125693 "-" "Mozilla/5.0 (compatible; DotBot/1.2; +https://opensiteexplorer.org/dotbot; help@moz.com)"
128.140.41.193 - - [04/Aug/2025:23:31:30 +0200] "HEAD / HTTP/1.1" 200 0 "http://nagybistvan.hu" "Mozilla/5.0+(compatible; UptimeRobot/2.0; http://www.uptimerobot.com/)"
78.47.173.76 - - [04/Aug/2025:23:36:34 +0200] "HEAD / HTTP/1.1" 200 0 "http://nagybistvan.hu" "Mozilla/5.0+(compatible; UptimeRobot/2.0; http://www.uptimerobot.com/)"
88.99.80.227 - - [04/Aug/2025:23:41:38 +0200] "HEAD / HTTP/1.1" 200 0 "http://nagybistvan.hu" "Mozilla/5.0+(compatible; UptimeRobot/2.0; http://www.uptimerobot.com/)"
128.140.106.114 - - [04/Aug/2025:23:46:42 +0200] "HEAD / HTTP/1.1" 200 0 "http://nagybistvan.hu" "Mozilla/5.0+(compatible; UptimeRobot/2.0; http://www.uptimerobot.com/)"
78.47.173.76 - - [04/Aug/2025:23:51:46 +0200] "HEAD / HTTP/1.1" 200 0 "http://nagybistvan.hu" "Mozilla/5.0+(compatible; UptimeRobot/2.0; http://www.uptimerobot.com/)"
49.13.167.123 - - [04/Aug/2025:23:56:49 +0200] "HEAD / HTTP/1.1" 200 0 "http://nagybistvan.hu" "Mozilla/5.0+(compatible; UptimeRobot/2.0; http://www.uptimerobot.com/)"
142.132.180.39 - - [05/Aug/2025:00:01:52 +0200] "HEAD / HTTP/1.1" 200 0 "http://nagybistvan.hu" "Mozilla/5.0+(compatible; UptimeRobot/2.0; http://www.uptimerobot.com/)"
49.13.130.29 - - [05/Aug/2025:00:06:57 +0200] "HEAD / HTTP/1.1" 200 0 "http://nagybistvan.hu" "Mozilla/5.0+(compatible; UptimeRobot/2.0; http://www.uptimerobot.com/)"
128.140.41.193 - - [05/Aug/2025:00:12:00 +0200] "HEAD / HTTP/1.1" 200 0 "http://nagybistvan.hu" "Mozilla/5.0+(compatible; UptimeRobot/2.0; http://www.uptimerobot.com/)"
85.208.96.203 - - [05/Aug/2025:00:12:26 +0200] "GET /robots.txt HTTP/1.1" 404 1181 "-" "Mozilla/5.0 (compatible; SemrushBot/7~bl; +http://www.semrush.com/bot.html)"
85.208.96.208 - - [05/Aug/2025:00:12:27 +0200] "GET / HTTP/1.1" 200 6786 "-" "Mozilla/5.0 (compatible; SemrushBot/7~bl; +http://www.semrush.com/bot.html)"
85.208.96.196 - - [05/Aug/2025:00:12:39 +0200] "GET /sitemap.xml HTTP/1.1" 404 1181 "-" "Mozilla/5.0 (compatible; SemrushBot/7~bl; +http://www.semrush.com/bot.html)"
66.249.89.67 - - [05/Aug/2025:00:14:55 +0200] "GET /zsambek/Zsambek%20LVIII.html HTTP/1.1" 200 682 "-" "Mozilla/5.0 (Linux; Android 6.0.1; Nexus 5X Build/MMB29P) AppleWebKit/537.36 (KHTML, like Gecko) Chrome/138.0.7204.183 Mobile Safari/537.36 (compatible; AdsBot-Google-Mobile; +http://www.google.com/mobile/adsbot.html)"
49.13.167.123 - - [05/Aug/2025:00:17:02 +0200] "HEAD / HTTP/1.1" 200 0 "http://nagybistvan.hu" "Mozilla/5.0+(compatible; UptimeRobot/2.0; http://www.uptimerobot.com/)"
128.140.106.114 - - [05/Aug/2025:00:22:06 +0200] "HEAD / HTTP/1.1" 200 0 "http://nagybistvan.hu" "Mozilla/5.0+(compatible; UptimeRobot/2.0; http://www.uptimerobot.com/)"
66.249.64.130 - - [05/Aug/2025:00:23:32 +0200] "GET /zsambek/Zsambek%20LXXI.html HTTP/1.1" 304 - "-" "Mozilla/5.0 (Linux; Android 6.0.1; Nexus 5X Build/MMB29P) AppleWebKit/537.36 (KHTML, like Gecko) Chrome/138.0.7204.183 Mobile Safari/537.36 (compatible; Googlebot/2.1; +http://www.google.com/bot.html)"
49.13.130.29 - - [05/Aug/2025:00:27:10 +0200] "HEAD / HTTP/1.1" 200 0 "http://nagybistvan.hu" "Mozilla/5.0+(compatible; UptimeRobot/2.0; http://www.uptimerobot.com/)"
49.13.130.29 - - [05/Aug/2025:00:32:14 +0200] "HEAD / HTTP/1.1" 200 0 "http://nagybistvan.hu" "Mozilla/5.0+(compatible; UptimeRobot/2.0; http://www.uptimerobot.com/)"
114.119.133.220 - - [05/Aug/2025:00:34:21 +0200] "GET /tarskrit/images/Ojj%E9%20a%20ligetben.jpg HTTP/1.1" 200 163270 "-" "Mozilla/5.0 (Linux; Android 7.0;) AppleWebKit/537.36 (KHTML, like Gecko) Mobile Safari/537.36 (compatible; PetalBot;+https://webmaster.petalsearch.com/site/petalbot)"
173.252.83.6 - - [05/Aug/2025:00:36:27 +0200] "GET /robots.txt HTTP/1.1" 404 1181 "-" "facebookexternalhit/1.1 (+http://www.facebook.com/externalhit_uatext.php)"
78.47.98.55 - - [05/Aug/2025:00:37:19 +0200] "HEAD / HTTP/1.1" 200 0 "http://nagybistvan.hu" "Mozilla/5.0+(compatible; UptimeRobot/2.0; http://www.uptimerobot.com/)"
66.249.64.132 - - [05/Aug/2025:00:41:30 +0200] "GET /mozaik/Mozaik_r4_t.jpg HTTP/1.1" 304 - "-" "Googlebot-Image/1.0"
49.13.130.29 - - [05/Aug/2025:00:42:22 +0200] "HEAD / HTTP/1.1" 200 0 "http://nagybistvan.hu" "Mozilla/5.0+(compatible; UptimeRobot/2.0; http://www.uptimerobot.com/)"
49.13.167.123 - - [05/Aug/2025:00:47:25 +0200] "HEAD / HTTP/1.1" 200 0 "http://nagybistvan.hu" "Mozilla/5.0+(compatible; UptimeRobot/2.0; http://www.uptimerobot.com/)"
66.249.89.67 - - [05/Aug/2025:00:48:53 +0200] "GET /zsambek/Zsambek%20LX.html HTTP/1.1" 200 681 "-" "Mozilla/5.0 (Linux; Android 6.0.1; Nexus 5X Build/MMB29P) AppleWebKit/537.36 (KHTML, like Gecko) Chrome/138.0.7204.183 Mobile Safari/537.36 (compatible; AdsBot-Google-Mobile; +http://www.google.com/mobile/adsbot.html)"
49.13.167.123 - - [05/Aug/2025:00:52:29 +0200] "HEAD / HTTP/1.1" 200 0 "http://nagybistvan.hu" "Mozilla/5.0+(compatible; UptimeRobot/2.0; http://www.uptimerobot.com/)"
49.13.134.145 - - [05/Aug/2025:00:57:33 +0200] "HEAD / HTTP/1.1" 200 0 "http://nagybistvan.hu" "Mozilla/5.0+(compatible; UptimeRobot/2.0; http://www.uptimerobot.com/)"
49.13.134.145 - - [05/Aug/2025:01:02:37 +0200] "HEAD / HTTP/1.1" 200 0 "http://nagybistvan.hu" "Mozilla/5.0+(compatible; UptimeRobot/2.0; http://www.uptimerobot.com/)"
57.141.6.6 - - [05/Aug/2025:01:05:48 +0200] "GET /index.php?c=apostolok HTTP/1.1" 200 16700 "-" "meta-externalagent/1.1 (+https://developers.facebook.com/docs/sharing/webmasters/crawler)"
128.140.41.193 - - [05/Aug/2025:01:07:41 +0200] "HEAD / HTTP/1.1" 200 0 "http://nagybistvan.hu" "Mozilla/5.0+(compatible; UptimeRobot/2.0; http://www.uptimerobot.com/)"
78.47.173.76 - - [05/Aug/2025:01:12:45 +0200] "HEAD / HTTP/1.1" 200 0 "http://nagybistvan.hu" "Mozilla/5.0+(compatible; UptimeRobot/2.0; http://www.uptimerobot.com/)"
49.13.164.148 - - [05/Aug/2025:01:17:49 +0200] "HEAD / HTTP/1.1" 200 0 "http://nagybistvan.hu" "Mozilla/5.0+(compatible; UptimeRobot/2.0; http://www.uptimerobot.com/)"
157.90.156.63 - - [05/Aug/2025:01:22:54 +0200] "HEAD / HTTP/1.1" 200 0 "http://nagybistvan.hu" "Mozilla/5.0+(compatible; UptimeRobot/2.0; http://www.uptimerobot.com/)"
128.140.106.114 - - [05/Aug/2025:01:27:57 +0200] "HEAD / HTTP/1.1" 200 0 "http://nagybistvan.hu" "Mozilla/5.0+(compatible; UptimeRobot/2.0; http://www.uptimerobot.com/)"
66.249.64.132 - - [05/Aug/2025:01:29:26 +0200] "GET /media/image/07.058.001.jpg HTTP/1.1" 200 126440 "-" "Googlebot-Image/1.0"
49.13.24.81 - - [05/Aug/2025:01:33:01 +0200] "HEAD / HTTP/1.1" 200 0 "http://nagybistvan.hu" "Mozilla/5.0+(compatible; UptimeRobot/2.0; http://www.uptimerobot.com/)"
157.90.156.63 - - [05/Aug/2025:01:38:07 +0200] "HEAD / HTTP/1.1" 200 0 "http://nagybistvan.hu" "Mozilla/5.0+(compatible; UptimeRobot/2.0; http://www.uptimerobot.com/)"
49.13.24.81 - - [05/Aug/2025:01:43:10 +0200] "HEAD / HTTP/1.1" 200 0 "http://nagybistvan.hu" "Mozilla/5.0+(compatible; UptimeRobot/2.0; http://www.uptimerobot.com/)"
78.47.173.76 - - [05/Aug/2025:01:48:14 +0200] "HEAD / HTTP/1.1" 200 0 "http://nagybistvan.hu" "Mozilla/5.0+(compatible; UptimeRobot/2.0; http://www.uptimerobot.com/)"
128.140.106.114 - - [05/Aug/2025:01:53:17 +0200] "HEAD / HTTP/1.1" 200 0 "http://nagybistvan.hu" "Mozilla/5.0+(compatible; UptimeRobot/2.0; http://www.uptimerobot.com/)"
78.47.173.76 - - [05/Aug/2025:01:58:21 +0200] "HEAD / HTTP/1.1" 200 0 "http://nagybistvan.hu" "Mozilla/5.0+(compatible; UptimeRobot/2.0; http://www.uptimerobot.com/)"
78.47.98.55 - - [05/Aug/2025:02:03:25 +0200] "HEAD / HTTP/1.1" 200 0 "http://nagybistvan.hu" "Mozilla/5.0+(compatible; UptimeRobot/2.0; http://www.uptimerobot.com/)"
193.224.64.167 - - [05/Aug/2025:02:04:10 +0200] "GET /robots.txt HTTP/1.0" 404 1181 "-" "Mozilla/5.0 (compatible; OSZKbot/3.3 (OSZKBOT,oszkbot) +http://mekosztaly.oszk.hu/mia) on behalf of the National Szechenyi Library"
193.224.64.167 - - [05/Aug/2025:02:04:12 +0200] "GET /media/image/07.281.001.jpg HTTP/1.0" 200 178219 "http://nagybistvan.hu/index.php" "Mozilla/5.0 (compatible; OSZKbot/3.3 (OSZKBOT,oszkbot) +http://mekosztaly.oszk.hu/mia) on behalf of the National Szechenyi Library"
128.140.41.193 - - [05/Aug/2025:02:08:28 +0200] "HEAD / HTTP/1.1" 200 0 "http://nagybistvan.hu" "Mozilla/5.0+(compatible; UptimeRobot/2.0; http://www.uptimerobot.com/)"
49.13.164.148 - - [05/Aug/2025:02:13:32 +0200] "HEAD / HTTP/1.1" 200 0 "http://nagybistvan.hu" "Mozilla/5.0+(compatible; UptimeRobot/2.0; http://www.uptimerobot.com/)"
128.140.41.193 - - [05/Aug/2025:02:18:36 +0200] "HEAD / HTTP/1.1" 200 0 "http://nagybistvan.hu" "Mozilla/5.0+(compatible; UptimeRobot/2.0; http://www.uptimerobot.com/)"
128.140.106.114 - - [05/Aug/2025:02:23:40 +0200] "HEAD / HTTP/1.1" 200 0 "http://nagybistvan.hu" "Mozilla/5.0+(compatible; UptimeRobot/2.0; http://www.uptimerobot.com/)"
168.119.123.75 - - [05/Aug/2025:02:28:43 +0200] "HEAD / HTTP/1.1" 200 0 "http://nagybistvan.hu" "Mozilla/5.0+(compatible; UptimeRobot/2.0; http://www.uptimerobot.com/)"
168.119.96.239 - - [05/Aug/2025:02:33:48 +0200] "HEAD / HTTP/1.1" 200 0 "http://nagybistvan.hu" "Mozilla/5.0+(compatible; UptimeRobot/2.0; http://www.uptimerobot.com/)"
128.140.41.193 - - [05/Aug/2025:02:38:51 +0200] "HEAD / HTTP/1.1" 200 0 "http://nagybistvan.hu" "Mozilla/5.0+(compatible; UptimeRobot/2.0; http://www.uptimerobot.com/)"
157.90.155.240 - - [05/Aug/2025:02:43:56 +0200] "HEAD / HTTP/1.1" 200 0 "http://nagybistvan.hu" "Mozilla/5.0+(compatible; UptimeRobot/2.0; http://www.uptimerobot.com/)"
49.13.24.81 - - [05/Aug/2025:02:48:59 +0200] "HEAD / HTTP/1.1" 200 0 "http://nagybistvan.hu" "Mozilla/5.0+(compatible; UptimeRobot/2.0; http://www.uptimerobot.com/)"
66.249.64.131 - - [05/Aug/2025:02:50:46 +0200] "GET /robots.txt HTTP/1.1" 404 1181 "-" "Mozilla/5.0 (compatible; Googlebot/2.1; +http://www.google.com/bot.html)"
66.249.64.131 - - [05/Aug/2025:02:50:46 +0200] "GET /zsambek/Julika%20Zsambekon.jpg HTTP/1.1" 304 - "-" "Googlebot-Image/1.0"
128.140.106.114 - - [05/Aug/2025:02:54:03 +0200] "HEAD / HTTP/1.1" 200 0 "http://nagybistvan.hu" "Mozilla/5.0+(compatible; UptimeRobot/2.0; http://www.uptimerobot.com/)"
168.119.53.160 - - [05/Aug/2025:02:59:07 +0200] "HEAD / HTTP/1.1" 200 0 "http://nagybistvan.hu" "Mozilla/5.0+(compatible; UptimeRobot/2.0; http://www.uptimerobot.com/)"
49.13.24.81 - - [05/Aug/2025:03:04:11 +0200] "HEAD / HTTP/1.1" 200 0 "http://nagybistvan.hu" "Mozilla/5.0+(compatible; UptimeRobot/2.0; http://www.uptimerobot.com/)"
168.119.96.239 - - [05/Aug/2025:03:09:16 +0200] "HEAD / HTTP/1.1" 200 0 "http://nagybistvan.hu" "Mozilla/5.0+(compatible; UptimeRobot/2.0; http://www.uptimerobot.com/)"
157.90.156.63 - - [05/Aug/2025:03:14:20 +0200] "HEAD / HTTP/1.1" 200 0 "http://nagybistvan.hu" "Mozilla/5.0+(compatible; UptimeRobot/2.0; http://www.uptimerobot.com/)"
168.119.96.239 - - [05/Aug/2025:03:19:24 +0200] "HEAD / HTTP/1.1" 200 0 "http://nagybistvan.hu" "Mozilla/5.0+(compatible; UptimeRobot/2.0; http://www.uptimerobot.com/)"
128.140.106.114 - - [05/Aug/2025:03:24:28 +0200] "HEAD / HTTP/1.1" 200 0 "http://nagybistvan.hu" "Mozilla/5.0+(compatible; UptimeRobot/2.0; http://www.uptimerobot.com/)"
159.69.158.189 - - [05/Aug/2025:03:29:31 +0200] "HEAD / HTTP/1.1" 200 0 "http://nagybistvan.hu" "Mozilla/5.0+(compatible; UptimeRobot/2.0; http://www.uptimerobot.com/)"
88.99.80.227 - - [05/Aug/2025:03:34:35 +0200] "HEAD / HTTP/1.1" 200 0 "http://nagybistvan.hu" "Mozilla/5.0+(compatible; UptimeRobot/2.0; http://www.uptimerobot.com/)"
168.119.123.75 - - [05/Aug/2025:03:39:39 +0200] "HEAD / HTTP/1.1" 200 0 "http://nagybistvan.hu" "Mozilla/5.0+(compatible; UptimeRobot/2.0; http://www.uptimerobot.com/)"
168.119.53.160 - - [05/Aug/2025:03:44:42 +0200] "HEAD / HTTP/1.1" 200 0 "http://nagybistvan.hu" "Mozilla/5.0+(compatible; UptimeRobot/2.0; http://www.uptimerobot.com/)"
66.249.64.130 - - [05/Aug/2025:03:44:46 +0200] "GET /zsambek/Julika%20Zsambekon_t.jpg HTTP/1.1" 304 - "-" "Googlebot-Image/1.0"
34.23.94.178 - - [05/Aug/2025:03:46:45 +0200] "HEAD /wordpress HTTP/1.1" 404 0 "-" "Mozilla/5.0 (Windows NT 10.0; Win64; x64) AppleWebKit/537.36 (KHTML, like Gecko) Chrome/74.0.3729.169 Safari/537.36"
34.23.94.178 - - [05/Aug/2025:03:46:45 +0200] "HEAD / HTTP/1.1" 200 0 "-" "Mozilla/5.0 (Windows NT 10.0; Win64; x64) AppleWebKit/537.36 (KHTML, like Gecko) Chrome/74.0.3729.169 Safari/537.36"
34.23.94.178 - - [05/Aug/2025:03:46:46 +0200] "HEAD /wp HTTP/1.1" 404 0 "-" "Mozilla/5.0 (Windows NT 10.0; Win64; x64) AppleWebKit/537.36 (KHTML, like Gecko) Chrome/74.0.3729.169 Safari/537.36"
34.23.94.178 - - [05/Aug/2025:03:46:46 +0200] "HEAD /bc HTTP/1.1" 404 0 "-" "Mozilla/5.0 (Windows NT 10.0; Win64; x64) AppleWebKit/537.36 (KHTML, like Gecko) Chrome/74.0.3729.169 Safari/537.36"
34.23.94.178 - - [05/Aug/2025:03:46:46 +0200] "HEAD /bk HTTP/1.1" 404 0 "-" "Mozilla/5.0 (Windows NT 10.0; Win64; x64) AppleWebKit/537.36 (KHTML, like Gecko) Chrome/74.0.3729.169 Safari/537.36"
34.23.94.178 - - [05/Aug/2025:03:46:46 +0200] "HEAD /backup HTTP/1.1" 404 0 "-" "Mozilla/5.0 (Windows NT 10.0; Win64; x64) AppleWebKit/537.36 (KHTML, like Gecko) Chrome/74.0.3729.169 Safari/537.36"
34.23.94.178 - - [05/Aug/2025:03:46:46 +0200] "HEAD /old HTTP/1.1" 404 0 "-" "Mozilla/5.0 (Windows NT 10.0; Win64; x64) AppleWebKit/537.36 (KHTML, like Gecko) Chrome/74.0.3729.169 Safari/537.36"
34.23.94.178 - - [05/Aug/2025:03:46:46 +0200] "HEAD /new HTTP/1.1" 404 0 "-" "Mozilla/5.0 (Windows NT 10.0; Win64; x64) AppleWebKit/537.36 (KHTML, like Gecko) Chrome/74.0.3729.169 Safari/537.36"
34.23.94.178 - - [05/Aug/2025:03:46:46 +0200] "HEAD /main HTTP/1.1" 404 0 "-" "Mozilla/5.0 (Windows NT 10.0; Win64; x64) AppleWebKit/537.36 (KHTML, like Gecko) Chrome/74.0.3729.169 Safari/537.36"
34.23.94.178 - - [05/Aug/2025:03:46:46 +0200] "HEAD /home HTTP/1.1" 404 0 "-" "Mozilla/5.0 (Windows NT 10.0; Win64; x64) AppleWebKit/537.36 (KHTML, like Gecko) Chrome/74.0.3729.169 Safari/537.36"
49.13.134.145 - - [05/Aug/2025:03:49:51 +0200] "HEAD / HTTP/1.1" 200 0 "http://nagybistvan.hu" "Mozilla/5.0+(compatible; UptimeRobot/2.0; http://www.uptimerobot.com/)"
128.140.41.193 - - [05/Aug/2025:03:54:57 +0200] "HEAD / HTTP/1.1" 200 0 "http://nagybistvan.hu" "Mozilla/5.0+(compatible; UptimeRobot/2.0; http://www.uptimerobot.com/)"
142.132.180.39 - - [05/Aug/2025:04:00:01 +0200] "HEAD / HTTP/1.1" 200 0 "http://nagybistvan.hu" "Mozilla/5.0+(compatible; UptimeRobot/2.0; http://www.uptimerobot.com/)"
216.244.66.227 - - [05/Aug/2025:04:01:50 +0200] "GET /robots.txt HTTP/1.1" 404 1181 "-" "Mozilla/5.0 (compatible; DotBot/1.2; +https://opensiteexplorer.org/dotbot; help@moz.com)"
49.13.130.29 - - [05/Aug/2025:04:05:05 +0200] "HEAD / HTTP/1.1" 200 0 "http://nagybistvan.hu" "Mozilla/5.0+(compatible; UptimeRobot/2.0; http://www.uptimerobot.com/)"
216.244.66.227 - - [05/Aug/2025:04:08:40 +0200] "GET /media/image/07.072.001.jpg HTTP/1.1" 200 77921 "-" "Mozilla/5.0 (compatible; DotBot/1.2; +https://opensiteexplorer.org/dotbot; help@moz.com)"
142.132.180.39 - - [05/Aug/2025:04:10:08 +0200] "HEAD / HTTP/1.1" 200 0 "http://nagybistvan.hu" "Mozilla/5.0+(compatible; UptimeRobot/2.0; http://www.uptimerobot.com/)"
159.69.158.189 - - [05/Aug/2025:04:15:12 +0200] "HEAD / HTTP/1.1" 200 0 "http://nagybistvan.hu" "Mozilla/5.0+(compatible; UptimeRobot/2.0; http://www.uptimerobot.com/)"
168.119.123.75 - - [05/Aug/2025:04:20:15 +0200] "HEAD / HTTP/1.1" 200 0 "http://nagybistvan.hu" "Mozilla/5.0+(compatible; UptimeRobot/2.0; http://www.uptimerobot.com/)"
157.90.155.240 - - [05/Aug/2025:04:25:19 +0200] "HEAD / HTTP/1.1" 200 0 "http://nagybistvan.hu" "Mozilla/5.0+(compatible; UptimeRobot/2.0; http://www.uptimerobot.com/)"
78.46.190.63 - - [05/Aug/2025:04:30:23 +0200] "HEAD / HTTP/1.1" 200 0 "http://nagybistvan.hu" "Mozilla/5.0+(compatible; UptimeRobot/2.0; http://www.uptimerobot.com/)"
167.235.143.113 - - [05/Aug/2025:04:35:27 +0200] "HEAD / HTTP/1.1" 200 0 "http://nagybistvan.hu" "Mozilla/5.0+(compatible; UptimeRobot/2.0; http://www.uptimerobot.com/)"
168.119.123.75 - - [05/Aug/2025:04:40:30 +0200] "HEAD / HTTP/1.1" 200 0 "http://nagybistvan.hu" "Mozilla/5.0+(compatible; UptimeRobot/2.0; http://www.uptimerobot.com/)"
168.119.123.75 - - [05/Aug/2025:04:45:34 +0200] "HEAD / HTTP/1.1" 200 0 "http://nagybistvan.hu" "Mozilla/5.0+(compatible; UptimeRobot/2.0; http://www.uptimerobot.com/)"
128.140.106.114 - - [05/Aug/2025:04:50:38 +0200] "HEAD / HTTP/1.1" 200 0 "http://nagybistvan.hu" "Mozilla/5.0+(compatible; UptimeRobot/2.0; http://www.uptimerobot.com/)"
77.75.77.95 - - [05/Aug/2025:04:52:11 +0200] "GET /dijai/ HTTP/1.1" 302 5 "-" "Mozilla/5.0 (compatible; SeznamBot/4.0; +https://o-seznam.cz/napoveda/vyhledavani/en/seznambot-crawler/)"
49.13.167.123 - - [05/Aug/2025:04:55:44 +0200] "HEAD / HTTP/1.1" 200 0 "http://nagybistvan.hu" "Mozilla/5.0+(compatible; UptimeRobot/2.0; http://www.uptimerobot.com/)"
198.55.98.211 - - [05/Aug/2025:04:58:33 +0200] "GET /.git/config HTTP/1.1" 404 1181 "-" "Mozilla/5.0 (iPhone; CPU iPhone OS 12_1_4 like Mac OS X) AppleWebKit/605.1.15 (KHTML, like Gecko) Version/12.0 Mobile/15E148 Safari/604.1"
3.90.0.44 - - [05/Aug/2025:05:00:33 +0200] "GET / HTTP/1.1" 200 6746 "-" "okhttp/4.9.2"
3.90.0.44 - - [05/Aug/2025:05:00:33 +0200] "GET /favicon.ico HTTP/1.1" 404 1181 "-" "okhttp/4.9.2"
3.90.0.44 - - [05/Aug/2025:05:00:33 +0200] "GET /favicon.png HTTP/1.1" 404 1181 "-" "okhttp/4.9.2"
3.90.0.44 - - [05/Aug/2025:05:00:37 +0200] "GET /favicon.ico HTTP/1.1" 404 1181 "-" "okhttp/4.9.2"
142.132.180.39 - - [05/Aug/2025:05:00:50 +0200] "HEAD / HTTP/1.1" 200 0 "http://nagybistvan.hu" "Mozilla/5.0+(compatible; UptimeRobot/2.0; http://www.uptimerobot.com/)"
168.119.123.75 - - [05/Aug/2025:05:05:54 +0200] "HEAD / HTTP/1.1" 200 0 "http://nagybistvan.hu" "Mozilla/5.0+(compatible; UptimeRobot/2.0; http://www.uptimerobot.com/)"
43.130.72.177 - - [05/Aug/2025:05:10:40 +0200] "GET / HTTP/1.1" 200 6664 "-" "Mozilla/5.0 (iPhone; CPU iPhone OS 13_2_3 like Mac OS X) AppleWebKit/605.1.15 (KHTML, like Gecko) Version/13.0.3 Mobile/15E148 Safari/604.1"
159.69.158.189 - - [05/Aug/2025:05:10:58 +0200] "HEAD / HTTP/1.1" 200 0 "http://nagybistvan.hu" "Mozilla/5.0+(compatible; UptimeRobot/2.0; http://www.uptimerobot.com/)"
66.249.64.106 - - [05/Aug/2025:05:14:46 +0200] "GET /robots.txt HTTP/1.1" 404 1181 "-" "Mozilla/5.0 (compatible; Googlebot/2.1; +http://www.google.com/bot.html)"
66.249.64.105 - - [05/Aug/2025:05:14:46 +0200] "GET /media/image/07.197.001.jpg HTTP/1.1" 200 92251 "-" "Googlebot-Image/1.0"
49.13.167.123 - - [05/Aug/2025:05:16:03 +0200] "HEAD / HTTP/1.1" 200 0 "http://nagybistvan.hu" "Mozilla/5.0+(compatible; UptimeRobot/2.0; http://www.uptimerobot.com/)"
157.90.155.240 - - [05/Aug/2025:05:21:08 +0200] "HEAD / HTTP/1.1" 200 0 "http://nagybistvan.hu" "Mozilla/5.0+(compatible; UptimeRobot/2.0; http://www.uptimerobot.com/)"
3.101.89.197 - - [05/Aug/2025:05:21:53 +0200] "GET / HTTP/1.1" 200 6773 "-" "bitdiscovery-suggestions"
49.13.24.81 - - [05/Aug/2025:05:26:13 +0200] "HEAD / HTTP/1.1" 200 0 "http://nagybistvan.hu" "Mozilla/5.0+(compatible; UptimeRobot/2.0; http://www.uptimerobot.com/)"
49.13.24.81 - - [05/Aug/2025:05:31:17 +0200] "HEAD / HTTP/1.1" 200 0 "http://nagybistvan.hu" "Mozilla/5.0+(compatible; UptimeRobot/2.0; http://www.uptimerobot.com/)"
159.69.158.189 - - [05/Aug/2025:05:36:21 +0200] "HEAD / HTTP/1.1" 200 0 "http://nagybistvan.hu" "Mozilla/5.0+(compatible; UptimeRobot/2.0; http://www.uptimerobot.com/)"
57.141.6.26 - - [05/Aug/2025:05:40:18 +0200] "GET /index.php?c=ironikus HTTP/1.1" 200 16384 "-" "meta-externalagent/1.1 (+https://developers.facebook.com/docs/sharing/webmasters/crawler)"
49.13.24.81 - - [05/Aug/2025:05:41:24 +0200] "HEAD / HTTP/1.1" 200 0 "http://nagybistvan.hu" "Mozilla/5.0+(compatible; UptimeRobot/2.0; http://www.uptimerobot.com/)"
114.119.141.34 - - [05/Aug/2025:05:44:33 +0200] "GET /zsambek/Zsambek%20XLVI_t.jpg HTTP/1.1" 200 4737 "-" "Mozilla/5.0 (Linux; Android 7.0;) AppleWebKit/537.36 (KHTML, like Gecko) Mobile Safari/537.36 (compatible; PetalBot;+https://webmaster.petalsearch.com/site/petalbot)"
157.90.156.63 - - [05/Aug/2025:05:46:28 +0200] "HEAD / HTTP/1.1" 200 0 "http://nagybistvan.hu" "Mozilla/5.0+(compatible; UptimeRobot/2.0; http://www.uptimerobot.com/)"
49.13.164.148 - - [05/Aug/2025:05:51:33 +0200] "HEAD / HTTP/1.1" 200 0 "http://nagybistvan.hu" "Mozilla/5.0+(compatible; UptimeRobot/2.0; http://www.uptimerobot.com/)"
168.119.123.75 - - [05/Aug/2025:05:56:36 +0200] "HEAD / HTTP/1.1" 200 0 "http://nagybistvan.hu" "Mozilla/5.0+(compatible; UptimeRobot/2.0; http://www.uptimerobot.com/)"
49.13.134.145 - - [05/Aug/2025:06:01:41 +0200] "HEAD / HTTP/1.1" 200 0 "http://nagybistvan.hu" "Mozilla/5.0+(compatible; UptimeRobot/2.0; http://www.uptimerobot.com/)"
49.13.134.145 - - [05/Aug/2025:06:06:46 +0200] "HEAD / HTTP/1.1" 200 0 "http://nagybistvan.hu" "Mozilla/5.0+(compatible; UptimeRobot/2.0; http://www.uptimerobot.com/)"
66.249.64.105 - - [05/Aug/2025:06:08:46 +0200] "GET /media/image/07.110.081.jpg HTTP/1.1" 200 109105 "-" "Googlebot-Image/1.0"
78.46.190.63 - - [05/Aug/2025:06:11:48 +0200] "HEAD / HTTP/1.1" 200 0 "http://nagybistvan.hu" "Mozilla/5.0+(compatible; UptimeRobot/2.0; http://www.uptimerobot.com/)"
168.119.96.239 - - [05/Aug/2025:06:16:52 +0200] "HEAD / HTTP/1.1" 200 0 "http://nagybistvan.hu" "Mozilla/5.0+(compatible; UptimeRobot/2.0; http://www.uptimerobot.com/)"
167.235.143.113 - - [05/Aug/2025:06:21:56 +0200] "HEAD / HTTP/1.1" 200 0 "http://nagybistvan.hu" "Mozilla/5.0+(compatible; UptimeRobot/2.0; http://www.uptimerobot.com/)"
49.13.167.123 - - [05/Aug/2025:06:27:00 +0200] "HEAD / HTTP/1.1" 200 0 "http://nagybistvan.hu" "Mozilla/5.0+(compatible; UptimeRobot/2.0; http://www.uptimerobot.com/)"
49.13.24.81 - - [05/Aug/2025:06:32:06 +0200] "HEAD / HTTP/1.1" 200 0 "http://nagybistvan.hu" "Mozilla/5.0+(compatible; UptimeRobot/2.0; http://www.uptimerobot.com/)"
168.119.53.160 - - [05/Aug/2025:06:37:12 +0200] "HEAD / HTTP/1.1" 200 0 "http://nagybistvan.hu" "Mozilla/5.0+(compatible; UptimeRobot/2.0; http://www.uptimerobot.com/)"
49.13.130.29 - - [05/Aug/2025:06:42:16 +0200] "HEAD / HTTP/1.1" 200 0 "http://nagybistvan.hu" "Mozilla/5.0+(compatible; UptimeRobot/2.0; http://www.uptimerobot.com/)"
49.13.134.145 - - [05/Aug/2025:06:47:20 +0200] "HEAD / HTTP/1.1" 200 0 "http://nagybistvan.hu" "Mozilla/5.0+(compatible; UptimeRobot/2.0; http://www.uptimerobot.com/)"
167.235.143.113 - - [05/Aug/2025:06:52:24 +0200] "HEAD / HTTP/1.1" 200 0 "http://nagybistvan.hu" "Mozilla/5.0+(compatible; UptimeRobot/2.0; http://www.uptimerobot.com/)"
128.140.41.193 - - [05/Aug/2025:06:57:30 +0200] "HEAD / HTTP/1.1" 200 0 "http://nagybistvan.hu" "Mozilla/5.0+(compatible; UptimeRobot/2.0; http://www.uptimerobot.com/)"
168.119.96.239 - - [05/Aug/2025:07:02:33 +0200] "HEAD / HTTP/1.1" 200 0 "http://nagybistvan.hu" "Mozilla/5.0+(compatible; UptimeRobot/2.0; http://www.uptimerobot.com/)"
168.119.96.239 - - [05/Aug/2025:07:07:37 +0200] "HEAD / HTTP/1.1" 200 0 "http://nagybistvan.hu" "Mozilla/5.0+(compatible; UptimeRobot/2.0; http://www.uptimerobot.com/)"
78.47.98.55 - - [05/Aug/2025:07:12:40 +0200] "HEAD / HTTP/1.1" 200 0 "http://nagybistvan.hu" "Mozilla/5.0+(compatible; UptimeRobot/2.0; http://www.uptimerobot.com/)"
78.47.98.55 - - [05/Aug/2025:07:17:43 +0200] "HEAD / HTTP/1.1" 200 0 "http://nagybistvan.hu" "Mozilla/5.0+(compatible; UptimeRobot/2.0; http://www.uptimerobot.com/)"
52.231.97.229 - - [05/Aug/2025:07:21:11 +0200] "GET /wp-content/plugins/hellopress/wp_filemanager.php HTTP/1.1" 404 1181 "-" "-"
52.231.97.229 - - [05/Aug/2025:07:21:11 +0200] "GET /bless.php HTTP/1.1" 404 37 "-" "-"
52.231.97.229 - - [05/Aug/2025:07:21:11 +0200] "GET /yanz.php HTTP/1.1" 404 37 "-" "-"
52.231.97.229 - - [05/Aug/2025:07:21:12 +0200] "GET /file7.php HTTP/1.1" 404 37 "-" "-"
52.231.97.229 - - [05/Aug/2025:07:21:12 +0200] "GET /file.php HTTP/1.1" 404 37 "-" "-"
52.231.97.229 - - [05/Aug/2025:07:21:12 +0200] "GET /config.php HTTP/1.1" 404 37 "-" "-"
52.231.97.229 - - [05/Aug/2025:07:21:12 +0200] "GET /admin.php HTTP/1.1" 404 37 "-" "-"
52.231.97.229 - - [05/Aug/2025:07:21:12 +0200] "GET /wp-content/languages/index.php HTTP/1.1" 404 1181 "-" "-"
49.13.24.81 - - [05/Aug/2025:07:22:49 +0200] "HEAD / HTTP/1.1" 200 0 "http://nagybistvan.hu" "Mozilla/5.0+(compatible; UptimeRobot/2.0; http://www.uptimerobot.com/)"
157.90.156.63 - - [05/Aug/2025:07:27:53 +0200] "HEAD / HTTP/1.1" 200 0 "http://nagybistvan.hu" "Mozilla/5.0+(compatible; UptimeRobot/2.0; http://www.uptimerobot.com/)"
157.90.156.63 - - [05/Aug/2025:07:32:58 +0200] "HEAD / HTTP/1.1" 200 0 "http://nagybistvan.hu" "Mozilla/5.0+(compatible; UptimeRobot/2.0; http://www.uptimerobot.com/)"
142.132.180.39 - - [05/Aug/2025:07:38:04 +0200] "HEAD / HTTP/1.1" 200 0 "http://nagybistvan.hu" "Mozilla/5.0+(compatible; UptimeRobot/2.0; http://www.uptimerobot.com/)"
66.249.64.107 - - [05/Aug/2025:07:38:47 +0200] "GET /media/image/07.195.001.jpg HTTP/1.1" 200 204057 "-" "Googlebot-Image/1.0"
167.235.143.113 - - [05/Aug/2025:07:43:09 +0200] "HEAD / HTTP/1.1" 200 0 "http://nagybistvan.hu" "Mozilla/5.0+(compatible; UptimeRobot/2.0; http://www.uptimerobot.com/)"
168.119.53.160 - - [05/Aug/2025:07:48:13 +0200] "HEAD / HTTP/1.1" 200 0 "http://nagybistvan.hu" "Mozilla/5.0+(compatible; UptimeRobot/2.0; http://www.uptimerobot.com/)"
78.46.190.63 - - [05/Aug/2025:07:53:17 +0200] "HEAD / HTTP/1.1" 200 0 "http://nagybistvan.hu" "Mozilla/5.0+(compatible; UptimeRobot/2.0; http://www.uptimerobot.com/)"
142.132.180.39 - - [05/Aug/2025:07:58:21 +0200] "HEAD / HTTP/1.1" 200 0 "http://nagybistvan.hu" "Mozilla/5.0+(compatible; UptimeRobot/2.0; http://www.uptimerobot.com/)"
49.13.164.148 - - [05/Aug/2025:08:03:25 +0200] "HEAD / HTTP/1.1" 200 0 "http://nagybistvan.hu" "Mozilla/5.0+(compatible; UptimeRobot/2.0; http://www.uptimerobot.com/)"
49.13.164.148 - - [05/Aug/2025:08:08:29 +0200] "HEAD / HTTP/1.1" 200 0 "http://nagybistvan.hu" "Mozilla/5.0+(compatible; UptimeRobot/2.0; http://www.uptimerobot.com/)"
128.140.106.114 - - [05/Aug/2025:08:13:33 +0200] "HEAD / HTTP/1.1" 200 0 "http://nagybistvan.hu" "Mozilla/5.0+(compatible; UptimeRobot/2.0; http://www.uptimerobot.com/)"
66.249.64.105 - - [05/Aug/2025:08:17:45 +0200] "GET /media/image/07.110.065.jpg HTTP/1.1" 200 72854 "-" "Googlebot-Image/1.0"
167.235.143.113 - - [05/Aug/2025:08:18:37 +0200] "HEAD / HTTP/1.1" 200 0 "http://nagybistvan.hu" "Mozilla/5.0+(compatible; UptimeRobot/2.0; http://www.uptimerobot.com/)"
49.13.164.148 - - [05/Aug/2025:08:23:41 +0200] "HEAD / HTTP/1.1" 200 0 "http://nagybistvan.hu" "Mozilla/5.0+(compatible; UptimeRobot/2.0; http://www.uptimerobot.com/)"
57.141.6.3 - - [05/Aug/2025:08:26:35 +0200] "GET /index.php?c=bio HTTP/1.1" 200 13214 "-" "meta-externalagent/1.1 (+https://developers.facebook.com/docs/sharing/webmasters/crawler)"
167.235.143.113 - - [05/Aug/2025:08:28:45 +0200] "HEAD / HTTP/1.1" 200 0 "http://nagybistvan.hu" "Mozilla/5.0+(compatible; UptimeRobot/2.0; http://www.uptimerobot.com/)"
66.249.64.107 - - [05/Aug/2025:08:32:46 +0200] "GET /media/image/07.110.060.jpg HTTP/1.1" 200 112174 "-" "Googlebot-Image/1.0"
157.90.155.240 - - [05/Aug/2025:08:33:49 +0200] "HEAD / HTTP/1.1" 200 0 "http://nagybistvan.hu" "Mozilla/5.0+(compatible; UptimeRobot/2.0; http://www.uptimerobot.com/)"
168.119.96.239 - - [05/Aug/2025:08:38:53 +0200] "HEAD / HTTP/1.1" 200 0 "http://nagybistvan.hu" "Mozilla/5.0+(compatible; UptimeRobot/2.0; http://www.uptimerobot.com/)"
88.99.80.227 - - [05/Aug/2025:08:43:56 +0200] "HEAD / HTTP/1.1" 200 0 "http://nagybistvan.hu" "Mozilla/5.0+(compatible; UptimeRobot/2.0; http://www.uptimerobot.com/)"
78.47.173.76 - - [05/Aug/2025:08:49:00 +0200] "HEAD / HTTP/1.1" 200 0 "http://nagybistvan.hu" "Mozilla/5.0+(compatible; UptimeRobot/2.0; http://www.uptimerobot.com/)"
49.13.167.123 - - [05/Aug/2025:08:54:04 +0200] "HEAD / HTTP/1.1" 200 0 "http://nagybistvan.hu" "Mozilla/5.0+(compatible; UptimeRobot/2.0; http://www.uptimerobot.com/)"
78.46.190.63 - - [05/Aug/2025:08:59:08 +0200] "HEAD / HTTP/1.1" 200 0 "http://nagybistvan.hu" "Mozilla/5.0+(compatible; UptimeRobot/2.0; http://www.uptimerobot.com/)"
168.119.96.239 - - [05/Aug/2025:09:04:12 +0200] "HEAD / HTTP/1.1" 200 0 "http://nagybistvan.hu" "Mozilla/5.0+(compatible; UptimeRobot/2.0; http://www.uptimerobot.com/)"
66.249.64.105 - - [05/Aug/2025:09:08:47 +0200] "GET /media/image/21.413.001.jpg HTTP/1.1" 200 97215 "-" "Googlebot-Image/1.0"
49.13.167.123 - - [05/Aug/2025:09:09:16 +0200] "HEAD / HTTP/1.1" 200 0 "http://nagybistvan.hu" "Mozilla/5.0+(compatible; UptimeRobot/2.0; http://www.uptimerobot.com/)"
157.90.155.240 - - [05/Aug/2025:09:14:20 +0200] "HEAD / HTTP/1.1" 200 0 "http://nagybistvan.hu" "Mozilla/5.0+(compatible; UptimeRobot/2.0; http://www.uptimerobot.com/)"
49.13.24.81 - - [05/Aug/2025:09:19:24 +0200] "HEAD / HTTP/1.1" 200 0 "http://nagybistvan.hu" "Mozilla/5.0+(compatible; UptimeRobot/2.0; http://www.uptimerobot.com/)"
49.13.134.145 - - [05/Aug/2025:09:24:29 +0200] "HEAD / HTTP/1.1" 200 0 "http://nagybistvan.hu" "Mozilla/5.0+(compatible; UptimeRobot/2.0; http://www.uptimerobot.com/)"
49.13.24.81 - - [05/Aug/2025:09:29:33 +0200] "HEAD / HTTP/1.1" 200 0 "http://nagybistvan.hu" "Mozilla/5.0+(compatible; UptimeRobot/2.0; http://www.uptimerobot.com/)"
159.69.158.189 - - [05/Aug/2025:09:34:37 +0200] "HEAD / HTTP/1.1" 200 0 "http://nagybistvan.hu" "Mozilla/5.0+(compatible; UptimeRobot/2.0; http://www.uptimerobot.com/)"
172.190.142.176 - - [05/Aug/2025:09:36:59 +0200] "GET /wp-content/plugins/hellopress/wp_filemanager.php HTTP/1.1" 404 1181 "-" "-"
172.190.142.176 - - [05/Aug/2025:09:36:59 +0200] "GET /wp-content/uploads/2024/alfa.php HTTP/1.1" 404 1181 "-" "-"
172.190.142.176 - - [05/Aug/2025:09:37:00 +0200] "GET /wp-admin/includes/network.php HTTP/1.1" 404 1181 "-" "-"
172.190.142.176 - - [05/Aug/2025:09:37:00 +0200] "GET /wp-mail.php/wp-includes/ID3/webadmin.php HTTP/1.1" 404 37 "-" "-"
172.190.142.176 - - [05/Aug/2025:09:37:00 +0200] "GET /wp-includes/SimplePie/media.php. HTTP/1.1" 404 1181 "-" "-"
172.190.142.176 - - [05/Aug/2025:09:37:00 +0200] "GET /wp-includes/js/02.php HTTP/1.1" 404 1181 "-" "-"
172.190.142.176 - - [05/Aug/2025:09:37:00 +0200] "GET /wp-includes/images/wlw/log.php HTTP/1.1" 404 1181 "-" "-"
172.190.142.176 - - [05/Aug/2025:09:37:00 +0200] "GET /wp-admin/includes/fm.php HTTP/1.1" 404 1181 "-" "-"
172.190.142.176 - - [05/Aug/2025:09:37:01 +0200] "GET /wp-content/403.php HTTP/1.1" 404 1181 "-" "-"
172.190.142.176 - - [05/Aug/2025:09:37:01 +0200] "GET /wp-includes/IXR/wp-conflg.php HTTP/1.1" 404 1181 "-" "-"
172.190.142.176 - - [05/Aug/2025:09:37:01 +0200] "GET /wp-includes/images/smilies/baxa1.phP8 HTTP/1.1" 404 1181 "-" "-"
172.190.142.176 - - [05/Aug/2025:09:37:01 +0200] "GET /wp-includes/assets/go.php HTTP/1.1" 404 1181 "-" "-"
172.190.142.176 - - [05/Aug/2025:09:37:01 +0200] "GET /wp-content/mu-plugins/about.php HTTP/1.1" 404 1181 "-" "-"
172.190.142.176 - - [05/Aug/2025:09:37:01 +0200] "GET /wp-content/uploads/themes.php HTTP/1.1" 404 1181 "-" "-"
172.190.142.176 - - [05/Aug/2025:09:37:01 +0200] "GET /wp-includes/sitemaps/providers/simple.php HTTP/1.1" 404 1181 "-" "-"
172.190.142.176 - - [05/Aug/2025:09:37:01 +0200] "GET /wp-includes/block-supports/log.php HTTP/1.1" 404 1181 "-" "-"
172.190.142.176 - - [05/Aug/2025:09:37:02 +0200] "GET /admin/packed.php HTTP/1.1" 404 1181 "-" "-"
172.190.142.176 - - [05/Aug/2025:09:37:02 +0200] "GET /.well-known/goat1.php HTTP/1.1" 404 1181 "-" "-"
172.190.142.176 - - [05/Aug/2025:09:37:02 +0200] "GET /cgi-bin/cgi-bin/filemanager.php HTTP/1.1" 404 1181 "-" "-"
172.190.142.176 - - [05/Aug/2025:09:37:02 +0200] "GET /wp-admin/js/widgets/moon.php HTTP/1.1" 404 1181 "-" "-"
172.190.142.176 - - [05/Aug/2025:09:37:02 +0200] "GET /.well-known/acme-challenge/readme.php HTTP/1.1" 404 1181 "-" "-"
172.190.142.176 - - [05/Aug/2025:09:37:02 +0200] "GET /wp-includes/ID3/wp.php HTTP/1.1" 404 1181 "-" "-"
172.190.142.176 - - [05/Aug/2025:09:37:03 +0200] "GET /wp-content/makeasmtp.php HTTP/1.1" 404 1181 "-" "-"
172.190.142.176 - - [05/Aug/2025:09:37:03 +0200] "GET /wp-admin/css/colors/blue/buy.php HTTP/1.1" 404 1181 "-" "-"
172.190.142.176 - - [05/Aug/2025:09:37:03 +0200] "GET /wp-includes/Text/Diff/Engine/admin.php HTTP/1.1" 404 1181 "-" "-"
172.190.142.176 - - [05/Aug/2025:09:37:03 +0200] "GET /wp-includes/customize/jp.php HTTP/1.1" 404 1181 "-" "-"
172.190.142.176 - - [05/Aug/2025:09:37:03 +0200] "GET /wp-content/themes/cay-van-phong/function.php HTTP/1.1" 404 1181 "-" "-"
172.190.142.176 - - [05/Aug/2025:09:37:03 +0200] "GET /cgi-bin/cgi-bin/setup-config.php HTTP/1.1" 404 1181 "-" "-"
172.190.142.176 - - [05/Aug/2025:09:37:04 +0200] "GET /wp-admin/user/db.php?u HTTP/1.1" 404 1181 "-" "-"
172.190.142.176 - - [05/Aug/2025:09:37:04 +0200] "GET /wp-includes/images/smilies/buy.php HTTP/1.1" 404 1181 "-" "-"
172.190.142.176 - - [05/Aug/2025:09:37:04 +0200] "GET /wp-includes/assets/themes.php HTTP/1.1" 404 1181 "-" "-"
172.190.142.176 - - [05/Aug/2025:09:37:04 +0200] "GET /wp-includes/Text/lock360.php HTTP/1.1" 404 1181 "-" "-"
172.190.142.176 - - [05/Aug/2025:09:37:04 +0200] "GET /wp-includes/rest-api/endpoints/edit-tags.php HTTP/1.1" 404 1181 "-" "-"
172.190.142.176 - - [05/Aug/2025:09:37:04 +0200] "GET /wp-content/themes/13.php HTTP/1.1" 404 1181 "-" "-"
172.190.142.176 - - [05/Aug/2025:09:37:04 +0200] "GET /wp-includes/fonts/rk2.php HTTP/1.1" 404 1181 "-" "-"
172.190.142.176 - - [05/Aug/2025:09:37:05 +0200] "GET /wp-includes/fonts/filemanager.php HTTP/1.1" 404 1181 "-" "-"
172.190.142.176 - - [05/Aug/2025:09:37:05 +0200] "GET /wp-content/languages/13.php HTTP/1.1" 404 1181 "-" "-"
172.190.142.176 - - [05/Aug/2025:09:37:05 +0200] "GET /wp-includes/Text/xmrlpc.php HTTP/1.1" 404 1181 "-" "-"
172.190.142.176 - - [05/Aug/2025:09:37:05 +0200] "GET /update/wp_filemanager.php HTTP/1.1" 404 1181 "-" "-"
172.190.142.176 - - [05/Aug/2025:09:37:05 +0200] "GET /wp-includes/block-supports/fucku.php HTTP/1.1" 404 1181 "-" "-"
172.190.142.176 - - [05/Aug/2025:09:37:05 +0200] "GET /wp-content/plugins/linkpreview/buy.php HTTP/1.1" 404 1181 "-" "-"
172.190.142.176 - - [05/Aug/2025:09:37:05 +0200] "GET /cgi-bin/cgi-bin/yes.php HTTP/1.1" 404 1181 "-" "-"
172.190.142.176 - - [05/Aug/2025:09:37:06 +0200] "GET /wp-content/plugins/item.php HTTP/1.1" 404 1181 "-" "-"
172.190.142.176 - - [05/Aug/2025:09:37:06 +0200] "GET /wp-includes/Text/Diff/menu.php HTTP/1.1" 404 1181 "-" "-"
172.190.142.176 - - [05/Aug/2025:09:37:06 +0200] "GET /wp-admin/includes/0x.php HTTP/1.1" 404 1181 "-" "-"
172.190.142.176 - - [05/Aug/2025:09:37:06 +0200] "GET /wp-content/upgrade/fucku.php HTTP/1.1" 404 1181 "-" "-"
172.190.142.176 - - [05/Aug/2025:09:37:06 +0200] "GET /wp-includes/block-supports/class.php HTTP/1.1" 404 1181 "-" "-"
172.190.142.176 - - [05/Aug/2025:09:37:06 +0200] "GET /wp-content/uploads/2024/wp-damin.php HTTP/1.1" 404 1181 "-" "-"
172.190.142.176 - - [05/Aug/2025:09:37:07 +0200] "GET /cgi-bin/menu.php HTTP/1.1" 404 37 "-" "-"
172.190.142.176 - - [05/Aug/2025:09:37:07 +0200] "GET /wp-content/themes/cay-van-phong/wp-configs.php HTTP/1.1" 404 1181 "-" "-"
172.190.142.176 - - [05/Aug/2025:09:37:07 +0200] "GET /cgi-bin/core.php HTTP/1.1" 404 37 "-" "-"
172.190.142.176 - - [05/Aug/2025:09:37:07 +0200] "GET /wp-mail.php/wp-includes/ID3/as.php HTTP/1.1" 404 37 "-" "-"
172.190.142.176 - - [05/Aug/2025:09:37:07 +0200] "GET /files/themes.php HTTP/1.1" 404 1181 "-" "-"
172.190.142.176 - - [05/Aug/2025:09:37:07 +0200] "GET /wp-includes/theme-compat/wp-conflg.php/wp-content/plugins/google-seo-rank/file.php HTTP/1.1" 404 1181 "-" "-"
172.190.142.176 - - [05/Aug/2025:09:37:07 +0200] "GET /about/filemanager.php HTTP/1.1" 404 1181 "-" "-"
172.190.142.176 - - [05/Aug/2025:09:37:07 +0200] "GET /wp-content/languages/ty.php HTTP/1.1" 404 1181 "-" "-"
172.190.142.176 - - [05/Aug/2025:09:37:08 +0200] "GET /about/mar.php HTTP/1.1" 404 1181 "-" "-"
172.190.142.176 - - [05/Aug/2025:09:37:08 +0200] "GET /wp-includes/SimplePie/mpvloi.php HTTP/1.1" 404 1181 "-" "-"
172.190.142.176 - - [05/Aug/2025:09:37:08 +0200] "GET /wp-includes/fonts/13.php HTTP/1.1" 404 1181 "-" "-"
172.190.142.176 - - [05/Aug/2025:09:37:08 +0200] "GET /wp-includes/pomo/maint.php HTTP/1.1" 404 1181 "-" "-"
172.190.142.176 - - [05/Aug/2025:09:37:08 +0200] "GET /wp-admin/maint/edit.php HTTP/1.1" 404 1181 "-" "-"
172.190.142.176 - - [05/Aug/2025:09:37:08 +0200] "GET /index/f35.php HTTP/1.1" 200 6746 "-" "-"
172.190.142.176 - - [05/Aug/2025:09:37:09 +0200] "GET /wp-includes/js/upload.php HTTP/1.1" 404 1181 "-" "-"
172.190.142.176 - - [05/Aug/2025:09:37:09 +0200] "GET /wp-admin/core.php HTTP/1.1" 404 1181 "-" "-"
172.190.142.176 - - [05/Aug/2025:09:37:09 +0200] "GET /wp-mail.php/wp-includes/ID3/wp-2019.php HTTP/1.1" 404 37 "-" "-"
172.190.142.176 - - [05/Aug/2025:09:37:09 +0200] "GET /wp-content/mu-plugins/fm.php HTTP/1.1" 404 1181 "-" "-"
172.190.142.176 - - [05/Aug/2025:09:37:09 +0200] "GET /wp-content/fm.php HTTP/1.1" 404 1181 "-" "-"
172.190.142.176 - - [05/Aug/2025:09:37:09 +0200] "GET /wp-includes/Text/Diff/Engine/hYdXrMgTbH.php HTTP/1.1" 404 1181 "-" "-"
172.190.142.176 - - [05/Aug/2025:09:37:09 +0200] "GET /wp-admin/includes/text.php HTTP/1.1" 404 1181 "-" "-"
172.190.142.176 - - [05/Aug/2025:09:37:10 +0200] "GET /wp-content/uploads/02.php HTTP/1.1" 404 1181 "-" "-"
172.190.142.176 - - [05/Aug/2025:09:37:10 +0200] "GET /wp-includes/Text/02.php HTTP/1.1" 404 1181 "-" "-"
172.190.142.176 - - [05/Aug/2025:09:37:10 +0200] "GET /wp-includes/text.php HTTP/1.1" 404 1181 "-" "-"
172.190.142.176 - - [05/Aug/2025:09:37:10 +0200] "GET /wp-admin/js/widgets/chosen.php HTTP/1.1" 404 1181 "-" "-"
172.190.142.176 - - [05/Aug/2025:09:37:10 +0200] "GET /wp-includes/block-patterns/yes.php HTTP/1.1" 404 1181 "-" "-"
172.190.142.176 - - [05/Aug/2025:09:37:10 +0200] "GET /wp-admin/css/colors/blue/makeasmtp.php HTTP/1.1" 404 1181 "-" "-"
172.190.142.176 - - [05/Aug/2025:09:37:11 +0200] "GET /wp-mail.php/wp-includes/ID3/buy.php HTTP/1.1" 404 37 "-" "-"
172.190.142.176 - - [05/Aug/2025:09:37:11 +0200] "GET /wp-content/themes/aahana/themes.php HTTP/1.1" 404 1181 "-" "-"
172.190.142.176 - - [05/Aug/2025:09:37:11 +0200] "GET /wp-mail.php/wp-includes/ID3/edit.php HTTP/1.1" 404 37 "-" "-"
172.190.142.176 - - [05/Aug/2025:09:37:11 +0200] "GET /.well-known/pki-validation/goat1.php HTTP/1.1" 404 1181 "-" "-"
172.190.142.176 - - [05/Aug/2025:09:37:11 +0200] "GET /cgi-bin/cgi-bin/hYdXrMgTbH.php HTTP/1.1" 404 1181 "-" "-"
172.190.142.176 - - [05/Aug/2025:09:37:12 +0200] "GET /wp-content/plugins/hellopress/media.php HTTP/1.1" 404 1181 "-" "-"
172.190.142.176 - - [05/Aug/2025:09:37:12 +0200] "GET /wp-includes/style-engine/hehe.php HTTP/1.1" 404 1181 "-" "-"
172.190.142.176 - - [05/Aug/2025:09:37:12 +0200] "GET /wp-includes/images/smilies/xp.php HTTP/1.1" 404 1181 "-" "-"
172.190.142.176 - - [05/Aug/2025:09:37:12 +0200] "GET /.well-known/wp-trackback.php HTTP/1.1" 404 1181 "-" "-"
172.190.142.176 - - [05/Aug/2025:09:37:12 +0200] "GET /wp-content/themes/twentytwentytwo/radio.php HTTP/1.1" 404 1181 "-" "-"
172.190.142.176 - - [05/Aug/2025:09:37:12 +0200] "GET /wp-includes/Text/Diff/Engine/upload.php HTTP/1.1" 404 1181 "-" "-"
172.190.142.176 - - [05/Aug/2025:09:37:12 +0200] "GET /wp-content/themes/seotheme/setup-config.php HTTP/1.1" 404 1181 "-" "-"
172.190.142.176 - - [05/Aug/2025:09:37:13 +0200] "GET /wp-includes/sodium_compat/fucku.php HTTP/1.1" 404 1181 "-" "-"
172.190.142.176 - - [05/Aug/2025:09:37:13 +0200] "GET /wp-includes/js/codemirror/wp-mail.php HTTP/1.1" 404 1181 "-" "-"
172.190.142.176 - - [05/Aug/2025:09:37:13 +0200] "GET /wp-includes/php-compat/jp.php HTTP/1.1" 404 1181 "-" "-"
172.190.142.176 - - [05/Aug/2025:09:37:13 +0200] "GET /img/buy.php HTTP/1.1" 404 37 "-" "-"
172.190.142.176 - - [05/Aug/2025:09:37:13 +0200] "GET /wp-includes/widgets/wp-2019.php HTTP/1.1" 404 1181 "-" "-"
172.190.142.176 - - [05/Aug/2025:09:37:13 +0200] "GET /wp-content/themes/seotheme/bless.php HTTP/1.1" 404 1181 "-" "-"
