217.113.194.79 - - [14/Aug/2025:03:41:59 +0200] "GET /?c=7080s&cp=5 HTTP/1.1" 200 17889 "-" "Mozilla/5.0 (compatible; Barkrowler/0.9; +https://babbar.tech/crawler)"
217.113.194.218 - - [14/Aug/2025:03:42:08 +0200] "GET /?c=szilasi_03 HTTP/1.1" 200 4834 "-" "Mozilla/5.0 (compatible; Barkrowler/0.9; +https://babbar.tech/crawler)"
154.54.249.200 - - [14/Aug/2025:03:42:17 +0200] "GET /index.php?c=csoportos HTTP/1.1" 200 13297 "-" "Mozilla/5.0 (compatible; Barkrowler/0.9; +https://babbar.tech/crawler)"
154.54.249.200 - - [14/Aug/2025:03:42:24 +0200] "GET /?c=szilasi_02 HTTP/1.1" 200 10406 "-" "Mozilla/5.0 (compatible; Barkrowler/0.9; +https://babbar.tech/crawler)"
217.113.194.77 - - [14/Aug/2025:03:42:32 +0200] "GET /index.php?c=egyeni HTTP/1.1" 200 8346 "-" "Mozilla/5.0 (compatible; Barkrowler/0.9; +https://babbar.tech/crawler)"
154.54.249.200 - - [14/Aug/2025:03:42:40 +0200] "GET /?c=szilasi_01 HTTP/1.1" 200 7444 "-" "Mozilla/5.0 (compatible; Barkrowler/0.9; +https://babbar.tech/crawler)"
217.113.194.218 - - [14/Aug/2025:03:42:50 +0200] "GET /?c=veroce060708 HTTP/1.1" 200 31522 "-" "Mozilla/5.0 (compatible; Barkrowler/0.9; +https://babbar.tech/crawler)"
217.113.194.76 - - [14/Aug/2025:03:42:57 +0200] "GET /index.php?c=irasai HTTP/1.1" 200 7394 "-" "Mozilla/5.0 (compatible; Barkrowler/0.9; +https://babbar.tech/crawler)"
217.113.194.79 - - [14/Aug/2025:03:43:10 +0200] "GET /index.php?c=irasai HTTP/1.1" 200 7392 "-" "Mozilla/5.0 (compatible; Barkrowler/0.9; +https://babbar.tech/crawler)"
217.113.194.81 - - [14/Aug/2025:03:43:16 +0200] "GET /index.php?c=rolairtak HTTP/1.1" 200 8069 "-" "Mozilla/5.0 (compatible; Barkrowler/0.9; +https://babbar.tech/crawler)"
154.54.249.200 - - [14/Aug/2025:03:43:26 +0200] "GET /index.php?c=rolairtak HTTP/1.1" 200 8085 "-" "Mozilla/5.0 (compatible; Barkrowler/0.9; +https://babbar.tech/crawler)"
217.113.194.217 - - [14/Aug/2025:03:43:43 +0200] "GET /?c=Bakonyvari_02 HTTP/1.1" 200 8800 "-" "Mozilla/5.0 (compatible; Barkrowler/0.9; +https://babbar.tech/crawler)"
167.235.143.113 - - [14/Aug/2025:03:45:16 +0200] "HEAD / HTTP/1.1" 200 0 "http://nagybistvan.hu" "Mozilla/5.0+(compatible; UptimeRobot/2.0; http://www.uptimerobot.com/)"
49.13.24.81 - - [14/Aug/2025:03:50:20 +0200] "HEAD / HTTP/1.1" 200 0 "http://nagybistvan.hu" "Mozilla/5.0+(compatible; UptimeRobot/2.0; http://www.uptimerobot.com/)"
216.244.66.227 - - [14/Aug/2025:03:54:25 +0200] "GET /robots.txt HTTP/1.1" 404 1181 "-" "Mozilla/5.0 (compatible; DotBot/1.2; +https://opensiteexplorer.org/dotbot; help@moz.com)"
216.244.66.227 - - [14/Aug/2025:03:54:26 +0200] "GET /robots.txt HTTP/1.1" 404 1181 "-" "Mozilla/5.0 (compatible; DotBot/1.2; +https://opensiteexplorer.org/dotbot; help@moz.com)"
157.90.156.63 - - [14/Aug/2025:03:55:23 +0200] "HEAD / HTTP/1.1" 200 0 "http://nagybistvan.hu" "Mozilla/5.0+(compatible; UptimeRobot/2.0; http://www.uptimerobot.com/)"
157.90.156.63 - - [14/Aug/2025:04:00:28 +0200] "HEAD / HTTP/1.1" 200 0 "http://nagybistvan.hu" "Mozilla/5.0+(compatible; UptimeRobot/2.0; http://www.uptimerobot.com/)"
216.244.66.227 - - [14/Aug/2025:04:01:09 +0200] "GET /zsambek/Zsambek%20No%20128.html HTTP/1.1" 200 689 "-" "Mozilla/5.0 (compatible; DotBot/1.2; +https://opensiteexplorer.org/dotbot; help@moz.com)"
216.244.66.227 - - [14/Aug/2025:04:01:15 +0200] "GET /media/image/07.081.001.jpg HTTP/1.1" 200 171034 "-" "Mozilla/5.0 (compatible; DotBot/1.2; +https://opensiteexplorer.org/dotbot; help@moz.com)"
216.244.66.227 - - [14/Aug/2025:04:01:21 +0200] "GET /korai/pages/V%E1ros.html HTTP/1.1" 200 1219 "-" "Mozilla/5.0 (compatible; DotBot/1.2; +https://opensiteexplorer.org/dotbot; help@moz.com)"
216.244.66.227 - - [14/Aug/2025:04:01:49 +0200] "GET /media/image/07.231.002.jpg HTTP/1.1" 200 97889 "-" "Mozilla/5.0 (compatible; DotBot/1.2; +https://opensiteexplorer.org/dotbot; help@moz.com)"
216.244.66.227 - - [14/Aug/2025:04:02:18 +0200] "GET /media/image/24.336.006.jpg HTTP/1.1" 200 97536 "-" "Mozilla/5.0 (compatible; DotBot/1.2; +https://opensiteexplorer.org/dotbot; help@moz.com)"
216.244.66.227 - - [14/Aug/2025:04:02:53 +0200] "GET /media/image/07.002.001.jpg HTTP/1.1" 200 238423 "-" "Mozilla/5.0 (compatible; DotBot/1.2; +https://opensiteexplorer.org/dotbot; help@moz.com)"
216.244.66.227 - - [14/Aug/2025:04:03:30 +0200] "GET /media/image/07.074.001.jpg HTTP/1.1" 200 88248 "-" "Mozilla/5.0 (compatible; DotBot/1.2; +https://opensiteexplorer.org/dotbot; help@moz.com)"
216.244.66.227 - - [14/Aug/2025:04:04:04 +0200] "GET /media/image/07.076.001.jpg HTTP/1.1" 200 146917 "-" "Mozilla/5.0 (compatible; DotBot/1.2; +https://opensiteexplorer.org/dotbot; help@moz.com)"
216.244.66.227 - - [14/Aug/2025:04:04:35 +0200] "GET /media/image/07.168.001.jpg HTTP/1.1" 200 107055 "-" "Mozilla/5.0 (compatible; DotBot/1.2; +https://opensiteexplorer.org/dotbot; help@moz.com)"
49.13.134.145 - - [14/Aug/2025:04:05:31 +0200] "HEAD / HTTP/1.1" 200 0 "http://nagybistvan.hu" "Mozilla/5.0+(compatible; UptimeRobot/2.0; http://www.uptimerobot.com/)"
78.46.190.63 - - [14/Aug/2025:04:10:36 +0200] "HEAD / HTTP/1.1" 200 0 "http://nagybistvan.hu" "Mozilla/5.0+(compatible; UptimeRobot/2.0; http://www.uptimerobot.com/)"
168.119.123.75 - - [14/Aug/2025:04:15:39 +0200] "HEAD / HTTP/1.1" 200 0 "http://nagybistvan.hu" "Mozilla/5.0+(compatible; UptimeRobot/2.0; http://www.uptimerobot.com/)"
168.119.53.160 - - [14/Aug/2025:04:20:42 +0200] "HEAD / HTTP/1.1" 200 0 "http://nagybistvan.hu" "Mozilla/5.0+(compatible; UptimeRobot/2.0; http://www.uptimerobot.com/)"
157.90.156.63 - - [14/Aug/2025:04:25:48 +0200] "HEAD / HTTP/1.1" 200 0 "http://nagybistvan.hu" "Mozilla/5.0+(compatible; UptimeRobot/2.0; http://www.uptimerobot.com/)"
168.119.123.75 - - [14/Aug/2025:04:30:51 +0200] "HEAD / HTTP/1.1" 200 0 "http://nagybistvan.hu" "Mozilla/5.0+(compatible; UptimeRobot/2.0; http://www.uptimerobot.com/)"
168.119.96.239 - - [14/Aug/2025:04:35:57 +0200] "HEAD / HTTP/1.1" 200 0 "http://nagybistvan.hu" "Mozilla/5.0+(compatible; UptimeRobot/2.0; http://www.uptimerobot.com/)"
49.13.164.148 - - [14/Aug/2025:04:41:00 +0200] "HEAD / HTTP/1.1" 200 0 "http://nagybistvan.hu" "Mozilla/5.0+(compatible; UptimeRobot/2.0; http://www.uptimerobot.com/)"
216.244.66.227 - - [14/Aug/2025:04:42:32 +0200] "GET /robots.txt HTTP/1.1" 404 1181 "-" "Mozilla/5.0 (compatible; DotBot/1.2; +https://opensiteexplorer.org/dotbot; help@moz.com)"
216.244.66.227 - - [14/Aug/2025:04:42:32 +0200] "GET /robots.txt HTTP/1.1" 404 1181 "-" "Mozilla/5.0 (compatible; DotBot/1.2; +https://opensiteexplorer.org/dotbot; help@moz.com)"
49.13.24.81 - - [14/Aug/2025:04:46:04 +0200] "HEAD / HTTP/1.1" 200 0 "http://nagybistvan.hu" "Mozilla/5.0+(compatible; UptimeRobot/2.0; http://www.uptimerobot.com/)"
216.244.66.227 - - [14/Aug/2025:04:48:45 +0200] "GET /zsambek/Zsambek%20LXXVI.html HTTP/1.1" 200 686 "-" "Mozilla/5.0 (compatible; DotBot/1.2; +https://opensiteexplorer.org/dotbot; help@moz.com)"
216.244.66.227 - - [14/Aug/2025:04:49:06 +0200] "GET /media/image/24.312.001.jpg HTTP/1.1" 200 73259 "-" "Mozilla/5.0 (compatible; DotBot/1.2; +https://opensiteexplorer.org/dotbot; help@moz.com)"
216.244.66.227 - - [14/Aug/2025:04:49:15 +0200] "GET /media/image/07.110.037.jpg HTTP/1.1" 200 150058 "-" "Mozilla/5.0 (compatible; DotBot/1.2; +https://opensiteexplorer.org/dotbot; help@moz.com)"
216.244.66.227 - - [14/Aug/2025:04:50:10 +0200] "GET /media/image/07.040.001.jpg HTTP/1.1" 200 67731 "-" "Mozilla/5.0 (compatible; DotBot/1.2; +https://opensiteexplorer.org/dotbot; help@moz.com)"
216.244.66.227 - - [14/Aug/2025:04:50:20 +0200] "GET /media/image/07.074.001.jpg HTTP/1.1" 200 88248 "-" "Mozilla/5.0 (compatible; DotBot/1.2; +https://opensiteexplorer.org/dotbot; help@moz.com)"
216.244.66.227 - - [14/Aug/2025:04:50:29 +0200] "GET /media/image/07.116.001.jpg HTTP/1.1" 200 113985 "-" "Mozilla/5.0 (compatible; DotBot/1.2; +https://opensiteexplorer.org/dotbot; help@moz.com)"
216.244.66.227 - - [14/Aug/2025:04:50:40 +0200] "GET /media/image/07.009.001.jpg HTTP/1.1" 200 154425 "-" "Mozilla/5.0 (compatible; DotBot/1.2; +https://opensiteexplorer.org/dotbot; help@moz.com)"
216.244.66.227 - - [14/Aug/2025:04:50:46 +0200] "GET /media/image/21.110.072.jpg HTTP/1.1" 200 112967 "-" "Mozilla/5.0 (compatible; DotBot/1.2; +https://opensiteexplorer.org/dotbot; help@moz.com)"
168.119.53.160 - - [14/Aug/2025:04:51:08 +0200] "HEAD / HTTP/1.1" 200 0 "http://nagybistvan.hu" "Mozilla/5.0+(compatible; UptimeRobot/2.0; http://www.uptimerobot.com/)"
45.89.70.30 - - [14/Aug/2025:04:51:29 +0200] "GET / HTTP/1.0" 200 6809 "http://nagybistvan.hu/" "Mozilla/5.0 (Windows NT 10.0; Win64; x64) AppleWebKit/537.36 (KHTML, like Gecko) Chrome/131.0.0.0 Safari/537.36"
66.249.64.132 - - [14/Aug/2025:04:52:20 +0200] "GET /media/image/07.073.001.jpg HTTP/1.1" 200 74658 "-" "Googlebot-Image/1.0"
66.249.64.130 - - [14/Aug/2025:04:52:50 +0200] "GET /media/image/07.035.001.jpg HTTP/1.1" 200 94619 "-" "Googlebot-Image/1.0"
168.119.53.160 - - [14/Aug/2025:04:56:11 +0200] "HEAD / HTTP/1.1" 200 0 "http://nagybistvan.hu" "Mozilla/5.0+(compatible; UptimeRobot/2.0; http://www.uptimerobot.com/)"
49.13.130.29 - - [14/Aug/2025:05:01:15 +0200] "HEAD / HTTP/1.1" 200 0 "http://nagybistvan.hu" "Mozilla/5.0+(compatible; UptimeRobot/2.0; http://www.uptimerobot.com/)"
78.47.173.76 - - [14/Aug/2025:05:06:18 +0200] "HEAD / HTTP/1.1" 200 0 "http://nagybistvan.hu" "Mozilla/5.0+(compatible; UptimeRobot/2.0; http://www.uptimerobot.com/)"
157.90.156.63 - - [14/Aug/2025:05:11:22 +0200] "HEAD / HTTP/1.1" 200 0 "http://nagybistvan.hu" "Mozilla/5.0+(compatible; UptimeRobot/2.0; http://www.uptimerobot.com/)"
40.77.167.255 - - [14/Aug/2025:05:11:41 +0200] "GET /festmenyekbarsonyfeszekben.html HTTP/1.1" 200 11474 "-" "Mozilla/5.0 AppleWebKit/537.36 (KHTML, like Gecko; compatible; bingbot/2.0; +http://www.bing.com/bingbot.htm) Chrome/116.0.1938.76 Safari/537.36"
49.13.24.81 - - [14/Aug/2025:05:16:25 +0200] "HEAD / HTTP/1.1" 200 0 "http://nagybistvan.hu" "Mozilla/5.0+(compatible; UptimeRobot/2.0; http://www.uptimerobot.com/)"
78.47.173.76 - - [14/Aug/2025:05:21:29 +0200] "HEAD / HTTP/1.1" 200 0 "http://nagybistvan.hu" "Mozilla/5.0+(compatible; UptimeRobot/2.0; http://www.uptimerobot.com/)"
78.47.98.55 - - [14/Aug/2025:05:26:34 +0200] "HEAD / HTTP/1.1" 200 0 "http://nagybistvan.hu" "Mozilla/5.0+(compatible; UptimeRobot/2.0; http://www.uptimerobot.com/)"
66.249.64.131 - - [14/Aug/2025:05:29:42 +0200] "GET /zsambek/Zsambek%20No134.jpg HTTP/1.1" 304 - "-" "Googlebot-Image/1.0"
49.13.24.81 - - [14/Aug/2025:05:31:37 +0200] "HEAD / HTTP/1.1" 200 0 "http://nagybistvan.hu" "Mozilla/5.0+(compatible; UptimeRobot/2.0; http://www.uptimerobot.com/)"
168.119.53.160 - - [14/Aug/2025:05:36:41 +0200] "HEAD / HTTP/1.1" 200 0 "http://nagybistvan.hu" "Mozilla/5.0+(compatible; UptimeRobot/2.0; http://www.uptimerobot.com/)"
216.244.66.227 - - [14/Aug/2025:05:40:08 +0200] "GET /robots.txt HTTP/1.1" 404 1181 "-" "Mozilla/5.0 (compatible; DotBot/1.2; +https://opensiteexplorer.org/dotbot; help@moz.com)"
216.244.66.227 - - [14/Aug/2025:05:40:08 +0200] "GET /robots.txt HTTP/1.1" 404 1181 "-" "Mozilla/5.0 (compatible; DotBot/1.2; +https://opensiteexplorer.org/dotbot; help@moz.com)"
49.13.130.29 - - [14/Aug/2025:05:41:44 +0200] "HEAD / HTTP/1.1" 200 0 "http://nagybistvan.hu" "Mozilla/5.0+(compatible; UptimeRobot/2.0; http://www.uptimerobot.com/)"
216.244.66.227 - - [14/Aug/2025:05:46:04 +0200] "GET /media/image/30.366.001.jpg HTTP/1.1" 200 184985 "-" "Mozilla/5.0 (compatible; DotBot/1.2; +https://opensiteexplorer.org/dotbot; help@moz.com)"
216.244.66.227 - - [14/Aug/2025:05:46:13 +0200] "GET /media/image/07.239.004.jpg HTTP/1.1" 200 132869 "-" "Mozilla/5.0 (compatible; DotBot/1.2; +https://opensiteexplorer.org/dotbot; help@moz.com)"
216.244.66.227 - - [14/Aug/2025:05:46:40 +0200] "GET /media/image/07.110.071.jpg HTTP/1.1" 200 132035 "-" "Mozilla/5.0 (compatible; DotBot/1.2; +https://opensiteexplorer.org/dotbot; help@moz.com)"
49.13.130.29 - - [14/Aug/2025:05:46:48 +0200] "HEAD / HTTP/1.1" 200 0 "http://nagybistvan.hu" "Mozilla/5.0+(compatible; UptimeRobot/2.0; http://www.uptimerobot.com/)"
157.90.156.63 - - [14/Aug/2025:05:51:52 +0200] "HEAD / HTTP/1.1" 200 0 "http://nagybistvan.hu" "Mozilla/5.0+(compatible; UptimeRobot/2.0; http://www.uptimerobot.com/)"
157.90.156.63 - - [14/Aug/2025:05:56:56 +0200] "HEAD / HTTP/1.1" 200 0 "http://nagybistvan.hu" "Mozilla/5.0+(compatible; UptimeRobot/2.0; http://www.uptimerobot.com/)"
78.47.173.76 - - [14/Aug/2025:06:02:00 +0200] "HEAD / HTTP/1.1" 200 0 "http://nagybistvan.hu" "Mozilla/5.0+(compatible; UptimeRobot/2.0; http://www.uptimerobot.com/)"
49.13.130.29 - - [14/Aug/2025:06:07:04 +0200] "HEAD / HTTP/1.1" 200 0 "http://nagybistvan.hu" "Mozilla/5.0+(compatible; UptimeRobot/2.0; http://www.uptimerobot.com/)"
128.140.106.114 - - [14/Aug/2025:06:12:08 +0200] "HEAD / HTTP/1.1" 200 0 "http://nagybistvan.hu" "Mozilla/5.0+(compatible; UptimeRobot/2.0; http://www.uptimerobot.com/)"
157.90.156.63 - - [14/Aug/2025:06:17:11 +0200] "HEAD / HTTP/1.1" 200 0 "http://nagybistvan.hu" "Mozilla/5.0+(compatible; UptimeRobot/2.0; http://www.uptimerobot.com/)"
142.132.180.39 - - [14/Aug/2025:06:22:16 +0200] "HEAD / HTTP/1.1" 200 0 "http://nagybistvan.hu" "Mozilla/5.0+(compatible; UptimeRobot/2.0; http://www.uptimerobot.com/)"
78.47.173.76 - - [14/Aug/2025:06:27:22 +0200] "HEAD / HTTP/1.1" 200 0 "http://nagybistvan.hu" "Mozilla/5.0+(compatible; UptimeRobot/2.0; http://www.uptimerobot.com/)"
159.69.158.189 - - [14/Aug/2025:06:32:25 +0200] "HEAD / HTTP/1.1" 200 0 "http://nagybistvan.hu" "Mozilla/5.0+(compatible; UptimeRobot/2.0; http://www.uptimerobot.com/)"
167.235.143.113 - - [14/Aug/2025:06:37:28 +0200] "HEAD / HTTP/1.1" 200 0 "http://nagybistvan.hu" "Mozilla/5.0+(compatible; UptimeRobot/2.0; http://www.uptimerobot.com/)"
88.99.80.227 - - [14/Aug/2025:06:42:31 +0200] "HEAD / HTTP/1.1" 200 0 "http://nagybistvan.hu" "Mozilla/5.0+(compatible; UptimeRobot/2.0; http://www.uptimerobot.com/)"
49.13.167.123 - - [14/Aug/2025:06:47:36 +0200] "HEAD / HTTP/1.1" 200 0 "http://nagybistvan.hu" "Mozilla/5.0+(compatible; UptimeRobot/2.0; http://www.uptimerobot.com/)"
78.46.190.63 - - [14/Aug/2025:06:52:39 +0200] "HEAD / HTTP/1.1" 200 0 "http://nagybistvan.hu" "Mozilla/5.0+(compatible; UptimeRobot/2.0; http://www.uptimerobot.com/)"
49.13.24.81 - - [14/Aug/2025:06:57:43 +0200] "HEAD / HTTP/1.1" 200 0 "http://nagybistvan.hu" "Mozilla/5.0+(compatible; UptimeRobot/2.0; http://www.uptimerobot.com/)"
142.132.180.39 - - [14/Aug/2025:07:02:47 +0200] "HEAD / HTTP/1.1" 200 0 "http://nagybistvan.hu" "Mozilla/5.0+(compatible; UptimeRobot/2.0; http://www.uptimerobot.com/)"
167.235.143.113 - - [14/Aug/2025:07:07:51 +0200] "HEAD / HTTP/1.1" 200 0 "http://nagybistvan.hu" "Mozilla/5.0+(compatible; UptimeRobot/2.0; http://www.uptimerobot.com/)"
157.90.156.63 - - [14/Aug/2025:07:12:54 +0200] "HEAD / HTTP/1.1" 200 0 "http://nagybistvan.hu" "Mozilla/5.0+(compatible; UptimeRobot/2.0; http://www.uptimerobot.com/)"
49.13.134.145 - - [14/Aug/2025:07:17:58 +0200] "HEAD / HTTP/1.1" 200 0 "http://nagybistvan.hu" "Mozilla/5.0+(compatible; UptimeRobot/2.0; http://www.uptimerobot.com/)"
4.197.236.174 - - [14/Aug/2025:07:21:36 +0200] "GET /wp-content/plugins/hellopress/wp_filemanager.php HTTP/1.1" 404 1181 "-" "-"
4.197.236.174 - - [14/Aug/2025:07:21:36 +0200] "GET /images/wso.php HTTP/1.1" 404 1181 "-" "-"
4.197.236.174 - - [14/Aug/2025:07:21:36 +0200] "GET /wp-includes/Text/file2.php HTTP/1.1" 404 1181 "-" "-"
4.197.236.174 - - [14/Aug/2025:07:21:37 +0200] "GET /file2.php HTTP/1.1" 404 37 "-" "-"
66.249.64.106 - - [14/Aug/2025:07:22:20 +0200] "GET /media/image/24.325.001.jpg HTTP/1.1" 200 247988 "-" "Googlebot-Image/1.0"
167.235.143.113 - - [14/Aug/2025:07:23:04 +0200] "HEAD / HTTP/1.1" 200 0 "http://nagybistvan.hu" "Mozilla/5.0+(compatible; UptimeRobot/2.0; http://www.uptimerobot.com/)"
168.119.96.239 - - [14/Aug/2025:07:28:08 +0200] "HEAD / HTTP/1.1" 200 0 "http://nagybistvan.hu" "Mozilla/5.0+(compatible; UptimeRobot/2.0; http://www.uptimerobot.com/)"
49.13.167.123 - - [14/Aug/2025:07:33:11 +0200] "HEAD / HTTP/1.1" 200 0 "http://nagybistvan.hu" "Mozilla/5.0+(compatible; UptimeRobot/2.0; http://www.uptimerobot.com/)"
157.90.155.240 - - [14/Aug/2025:07:38:15 +0200] "HEAD / HTTP/1.1" 200 0 "http://nagybistvan.hu" "Mozilla/5.0+(compatible; UptimeRobot/2.0; http://www.uptimerobot.com/)"
49.13.164.148 - - [14/Aug/2025:07:43:18 +0200] "HEAD / HTTP/1.1" 200 0 "http://nagybistvan.hu" "Mozilla/5.0+(compatible; UptimeRobot/2.0; http://www.uptimerobot.com/)"
49.13.164.148 - - [14/Aug/2025:07:48:22 +0200] "HEAD / HTTP/1.1" 200 0 "http://nagybistvan.hu" "Mozilla/5.0+(compatible; UptimeRobot/2.0; http://www.uptimerobot.com/)"
66.249.64.106 - - [14/Aug/2025:07:52:20 +0200] "GET /robots.txt HTTP/1.1" 404 1181 "-" "Mozilla/5.0 (compatible; Googlebot/2.1; +http://www.google.com/bot.html)"
66.249.64.107 - - [14/Aug/2025:07:52:20 +0200] "GET /media/image/24.110.021.jpg HTTP/1.1" 200 137229 "-" "Googlebot-Image/1.0"
168.119.96.239 - - [14/Aug/2025:07:53:26 +0200] "HEAD / HTTP/1.1" 200 0 "http://nagybistvan.hu" "Mozilla/5.0+(compatible; UptimeRobot/2.0; http://www.uptimerobot.com/)"
172.190.142.176 - - [14/Aug/2025:07:58:08 +0200] "GET /wp-content/plugins/hellopress/wp_filemanager.php HTTP/1.1" 404 1181 "-" "-"
172.190.142.176 - - [14/Aug/2025:07:58:09 +0200] "GET /wp-includes/php-compat/02.php HTTP/1.1" 404 1181 "-" "-"
172.190.142.176 - - [14/Aug/2025:07:58:09 +0200] "GET /update/manager.php HTTP/1.1" 404 1181 "-" "-"
172.190.142.176 - - [14/Aug/2025:07:58:09 +0200] "GET /wp-includes/Text/Diff/Engine/network.php HTTP/1.1" 404 1181 "-" "-"
172.190.142.176 - - [14/Aug/2025:07:58:09 +0200] "GET /wp-content/mu-plugins/wp-damin.php HTTP/1.1" 404 1181 "-" "-"
172.190.142.176 - - [14/Aug/2025:07:58:09 +0200] "GET /wp-includes/html-api/alfa-rex.php HTTP/1.1" 404 1181 "-" "-"
172.190.142.176 - - [14/Aug/2025:07:58:09 +0200] "GET /wp-content/upgrade-temp-backup/cong.php HTTP/1.1" 404 1181 "-" "-"
172.190.142.176 - - [14/Aug/2025:07:58:09 +0200] "GET /wp-includes/js/atomlib.php HTTP/1.1" 404 1181 "-" "-"
172.190.142.176 - - [14/Aug/2025:07:58:10 +0200] "GET /wp-admin/js/wp-2019.php HTTP/1.1" 404 1181 "-" "-"
172.190.142.176 - - [14/Aug/2025:07:58:10 +0200] "GET /wp-includes/block-supports/system_log.php HTTP/1.1" 404 1181 "-" "-"
172.190.142.176 - - [14/Aug/2025:07:58:10 +0200] "GET /uploads/wp-login.php HTTP/1.1" 404 1181 "-" "-"
172.190.142.176 - - [14/Aug/2025:07:58:10 +0200] "GET /wp-content/languages/alfa-rex.php HTTP/1.1" 404 1181 "-" "-"
172.190.142.176 - - [14/Aug/2025:07:58:10 +0200] "GET /wp-includes/widgets/network.php HTTP/1.1" 404 1181 "-" "-"
172.190.142.176 - - [14/Aug/2025:07:58:10 +0200] "GET /js/log.php HTTP/1.1" 404 1181 "-" "-"
172.190.142.176 - - [14/Aug/2025:07:58:10 +0200] "GET /update/inputs.php HTTP/1.1" 404 1181 "-" "-"
172.190.142.176 - - [14/Aug/2025:07:58:10 +0200] "GET /wp-includes/fonts/mail.php HTTP/1.1" 404 1181 "-" "-"
172.190.142.176 - - [14/Aug/2025:07:58:11 +0200] "GET /wp-admin/includes/db.php?u HTTP/1.1" 404 1181 "-" "-"
172.190.142.176 - - [14/Aug/2025:07:58:11 +0200] "GET /update/buy.php HTTP/1.1" 404 1181 "-" "-"
172.190.142.176 - - [14/Aug/2025:07:58:11 +0200] "GET /wp-includes/js/fm.php HTTP/1.1" 404 1181 "-" "-"
172.190.142.176 - - [14/Aug/2025:07:58:11 +0200] "GET /cgi-bin/autoload_classmap.php HTTP/1.1" 404 37 "-" "-"
172.190.142.176 - - [14/Aug/2025:07:58:11 +0200] "GET /wp-content/themes/cay-van-phong/up.php HTTP/1.1" 404 1181 "-" "-"
172.190.142.176 - - [14/Aug/2025:07:58:11 +0200] "GET /uploads/getid3s.php HTTP/1.1" 404 1181 "-" "-"
172.190.142.176 - - [14/Aug/2025:07:58:11 +0200] "GET /uploads/mar.php HTTP/1.1" 404 1181 "-" "-"
172.190.142.176 - - [14/Aug/2025:07:58:11 +0200] "GET /wp-content/themes/twentytwentytwo/wp-damin.php HTTP/1.1" 404 1181 "-" "-"
172.190.142.176 - - [14/Aug/2025:07:58:12 +0200] "GET /wp-includes/html-api/0x.php HTTP/1.1" 404 1181 "-" "-"
172.190.142.176 - - [14/Aug/2025:07:58:12 +0200] "GET /modules/mod_simplefileuploadv1.3/elements/cc.php HTTP/1.1" 404 1181 "-" "-"
172.190.142.176 - - [14/Aug/2025:07:58:12 +0200] "GET /wp-admin/js/widgets/webadmin.php HTTP/1.1" 404 1181 "-" "-"
172.190.142.176 - - [14/Aug/2025:07:58:12 +0200] "GET /wp-includes/images/wlw/upload.php HTTP/1.1" 404 1181 "-" "-"
172.190.142.176 - - [14/Aug/2025:07:58:12 +0200] "GET /wp-includes/rest-api/edit.php HTTP/1.1" 404 1181 "-" "-"
172.190.142.176 - - [14/Aug/2025:07:58:12 +0200] "GET /wp-admin/inputs.php HTTP/1.1" 404 1181 "-" "-"
172.190.142.176 - - [14/Aug/2025:07:58:12 +0200] "GET /wp-content/themes/wp-2019.php HTTP/1.1" 404 1181 "-" "-"
172.190.142.176 - - [14/Aug/2025:07:58:12 +0200] "GET /wp-includes/ID3/02.php HTTP/1.1" 404 1181 "-" "-"
172.190.142.176 - - [14/Aug/2025:07:58:13 +0200] "GET /wp-includes/fonts/inputs.php HTTP/1.1" 404 1181 "-" "-"
172.190.142.176 - - [14/Aug/2025:07:58:13 +0200] "GET /wp-includes/widgets/alfa.php HTTP/1.1" 404 1181 "-" "-"
172.190.142.176 - - [14/Aug/2025:07:58:13 +0200] "GET /wp-includes/style-engine/13.php HTTP/1.1" 404 1181 "-" "-"
172.190.142.176 - - [14/Aug/2025:07:58:13 +0200] "GET /modules/mod_simplefileuploadv1.3/elements/xp.php HTTP/1.1" 404 1181 "-" "-"
172.190.142.176 - - [14/Aug/2025:07:58:13 +0200] "GET /wp-content/uploads/2024/item.php HTTP/1.1" 404 1181 "-" "-"
172.190.142.176 - - [14/Aug/2025:07:58:13 +0200] "GET /js/about.php HTTP/1.1" 404 1181 "-" "-"
172.190.142.176 - - [14/Aug/2025:07:58:13 +0200] "GET /wp-includes/block-patterns/gecko-litespeed.php HTTP/1.1" 404 1181 "-" "-"
172.190.142.176 - - [14/Aug/2025:07:58:13 +0200] "GET /wp-content/wp-damin.php HTTP/1.1" 404 1181 "-" "-"
172.190.142.176 - - [14/Aug/2025:07:58:13 +0200] "GET /wp-includes/images/wlw/setup-config.php HTTP/1.1" 404 1181 "-" "-"
172.190.142.176 - - [14/Aug/2025:07:58:14 +0200] "GET /uploads/mail.php HTTP/1.1" 404 1181 "-" "-"
172.190.142.176 - - [14/Aug/2025:07:58:14 +0200] "GET /wp-includes/js/hehe.php HTTP/1.1" 404 1181 "-" "-"
172.190.142.176 - - [14/Aug/2025:07:58:14 +0200] "GET /wp-includes/sodium_compat/wp-damin.php HTTP/1.1" 404 1181 "-" "-"
172.190.142.176 - - [14/Aug/2025:07:58:14 +0200] "GET /wp-mail.php/wp-includes/ID3/up.php HTTP/1.1" 404 37 "-" "-"
172.190.142.176 - - [14/Aug/2025:07:58:14 +0200] "GET /wp-includes/style-engine/file.php HTTP/1.1" 404 1181 "-" "-"
172.190.142.176 - - [14/Aug/2025:07:58:14 +0200] "GET /wp-includes/js/mpvloi.php HTTP/1.1" 404 1181 "-" "-"
172.190.142.176 - - [14/Aug/2025:07:58:14 +0200] "GET /wp-includes/images/smilies/wp-2019.php HTTP/1.1" 404 1181 "-" "-"
172.190.142.176 - - [14/Aug/2025:07:58:14 +0200] "GET /wp-admin/user/up HTTP/1.1" 404 1181 "-" "-"
172.190.142.176 - - [14/Aug/2025:07:58:15 +0200] "GET /wp-includes/html-api/link.php HTTP/1.1" 404 1181 "-" "-"
172.190.142.176 - - [14/Aug/2025:07:58:15 +0200] "GET /wp-content/themes/aahana/up.php HTTP/1.1" 404 1181 "-" "-"
172.190.142.176 - - [14/Aug/2025:07:58:15 +0200] "GET /function/test.php HTTP/1.1" 404 1181 "-" "-"
172.190.142.176 - - [14/Aug/2025:07:58:15 +0200] "GET /wp-content/themes/seotheme/xp.php HTTP/1.1" 404 1181 "-" "-"
172.190.142.176 - - [14/Aug/2025:07:58:15 +0200] "GET /wp-admin/css/colors/blue/setup-config.php HTTP/1.1" 404 1181 "-" "-"
172.190.142.176 - - [14/Aug/2025:07:58:15 +0200] "GET /wp-content/themes/simple.php HTTP/1.1" 404 1181 "-" "-"
172.190.142.176 - - [14/Aug/2025:07:58:15 +0200] "GET /wp-includes/Text/Diff/Engine/test.php HTTP/1.1" 404 1181 "-" "-"
172.190.142.176 - - [14/Aug/2025:07:58:15 +0200] "GET /wp-includes/Text/Diff/Engine/readme.php HTTP/1.1" 404 1181 "-" "-"
172.190.142.176 - - [14/Aug/2025:07:58:16 +0200] "GET /wp-includes/images/smilies/bless.php HTTP/1.1" 404 1181 "-" "-"
172.190.142.176 - - [14/Aug/2025:07:58:16 +0200] "GET /wp-includes/images/wlw/fm.php HTTP/1.1" 404 1181 "-" "-"
172.190.142.176 - - [14/Aug/2025:07:58:16 +0200] "GET /wp-includes/widgets/goat1.php HTTP/1.1" 404 1181 "-" "-"
172.190.142.176 - - [14/Aug/2025:07:58:16 +0200] "GET /wp-includes/fonts/makeasmtp.php HTTP/1.1" 404 1181 "-" "-"
172.190.142.176 - - [14/Aug/2025:07:58:16 +0200] "GET /wp-includes/blocks/wp-damin.php HTTP/1.1" 404 1181 "-" "-"
172.190.142.176 - - [14/Aug/2025:07:58:16 +0200] "GET /wp-admin/js/widgets/system_log.php HTTP/1.1" 404 1181 "-" "-"
172.190.142.176 - - [14/Aug/2025:07:58:16 +0200] "GET /wp-includes/images/smilies/go.php HTTP/1.1" 404 1181 "-" "-"
172.190.142.176 - - [14/Aug/2025:07:58:16 +0200] "GET /wp-content/plugins/hellopress/setup-config.php HTTP/1.1" 404 1181 "-" "-"
172.190.142.176 - - [14/Aug/2025:07:58:16 +0200] "GET /.well-known/acme-challenge/admin.php HTTP/1.1" 404 1181 "-" "-"
172.190.142.176 - - [14/Aug/2025:07:58:17 +0200] "GET /cgi-bin/cgi-bin/about.php HTTP/1.1" 404 1181 "-" "-"
172.190.142.176 - - [14/Aug/2025:07:58:17 +0200] "GET /cgi-bin/lock360.php HTTP/1.1" 404 37 "-" "-"
172.190.142.176 - - [14/Aug/2025:07:58:17 +0200] "GET /wp-admin/css/colors/coffee/getid3s.php HTTP/1.1" 404 1181 "-" "-"
172.190.142.176 - - [14/Aug/2025:07:58:17 +0200] "GET /wp-admin/buy.php HTTP/1.1" 404 1181 "-" "-"
172.190.142.176 - - [14/Aug/2025:07:58:17 +0200] "GET /cgi-bin/wp-login.php HTTP/1.1" 404 37 "-" "-"
172.190.142.176 - - [14/Aug/2025:07:58:17 +0200] "GET /wp-admin/css/colors/coffee/as.php HTTP/1.1" 404 1181 "-" "-"
172.190.142.176 - - [14/Aug/2025:07:58:17 +0200] "GET /cgi-bin/cgi-bin/install.php HTTP/1.1" 404 1181 "-" "-"
172.190.142.176 - - [14/Aug/2025:07:58:17 +0200] "GET /wp-includes/block-patterns/alfa.php HTTP/1.1" 404 1181 "-" "-"
172.190.142.176 - - [14/Aug/2025:07:58:18 +0200] "GET /wp-includes/pomo/02.php HTTP/1.1" 404 1181 "-" "-"
172.190.142.176 - - [14/Aug/2025:07:58:18 +0200] "GET /wp-admin/css/colors/coffee/link.php HTTP/1.1" 404 1181 "-" "-"
172.190.142.176 - - [14/Aug/2025:07:58:18 +0200] "GET /wp-includes/php-compat/webadmin.php HTTP/1.1" 404 1181 "-" "-"
172.190.142.176 - - [14/Aug/2025:07:58:18 +0200] "GET /wp-includes/pomo/file.php HTTP/1.1" 404 1181 "-" "-"
172.190.142.176 - - [14/Aug/2025:07:58:18 +0200] "GET /wp-content/themes/aahana/cc.php HTTP/1.1" 404 1181 "-" "-"
172.190.142.176 - - [14/Aug/2025:07:58:18 +0200] "GET /wp-includes/Text/Diff/Engine/class.php HTTP/1.1" 404 1181 "-" "-"
172.190.142.176 - - [14/Aug/2025:07:58:18 +0200] "GET /wp-content/uploads/2024/wp-configs.php HTTP/1.1" 404 1181 "-" "-"
172.190.142.176 - - [14/Aug/2025:07:58:18 +0200] "GET /wp-includes/js/codemirror/admin.php HTTP/1.1" 404 1181 "-" "-"
172.190.142.176 - - [14/Aug/2025:07:58:19 +0200] "GET /wp-includes/assets/wp-trackback.php HTTP/1.1" 404 1181 "-" "-"
172.190.142.176 - - [14/Aug/2025:07:58:19 +0200] "GET /wp-admin/css/colors/coffee/jp.php HTTP/1.1" 404 1181 "-" "-"
172.190.142.176 - - [14/Aug/2025:07:58:19 +0200] "GET /wp-includes/rest-api/endpoints/wp-mail.php HTTP/1.1" 404 1181 "-" "-"
172.190.142.176 - - [14/Aug/2025:07:58:19 +0200] "GET /.well-known/acme-challenge/link.php HTTP/1.1" 404 1181 "-" "-"
172.190.142.176 - - [14/Aug/2025:07:58:19 +0200] "GET /wp-includes/rest-api/endpoints/wp.php HTTP/1.1" 404 1181 "-" "-"
172.190.142.176 - - [14/Aug/2025:07:58:19 +0200] "GET /wp-includes/assets/02.php HTTP/1.1" 404 1181 "-" "-"
172.190.142.176 - - [14/Aug/2025:07:58:19 +0200] "GET /wp-content/plugins/linkpreview/media.php.INFECTED.php HTTP/1.1" 404 1181 "-" "-"
172.190.142.176 - - [14/Aug/2025:07:58:19 +0200] "GET /wp-includes/ID3/link.php HTTP/1.1" 404 1181 "-" "-"
172.190.142.176 - - [14/Aug/2025:07:58:19 +0200] "GET /wp-includes/images/smilies/wp-mail.php HTTP/1.1" 404 1181 "-" "-"
172.190.142.176 - - [14/Aug/2025:07:58:20 +0200] "GET /js/wp-2019.php HTTP/1.1" 404 1181 "-" "-"
172.190.142.176 - - [14/Aug/2025:07:58:20 +0200] "GET /wp-includes/block-patterns/ty.php HTTP/1.1" 404 1181 "-" "-"
172.190.142.176 - - [14/Aug/2025:07:58:20 +0200] "GET /wp-admin/wp-configs.php HTTP/1.1" 404 1181 "-" "-"
172.190.142.176 - - [14/Aug/2025:07:58:20 +0200] "GET /wp-includes/Text/Diff/Engine/defaults.php HTTP/1.1" 404 1181 "-" "-"
172.190.142.176 - - [14/Aug/2025:07:58:20 +0200] "GET /wp-includes/block-supports/network.php HTTP/1.1" 404 1181 "-" "-"
172.190.142.176 - - [14/Aug/2025:07:58:20 +0200] "GET /wp-content/plugins/wp-help/goat1.php HTTP/1.1" 404 1181 "-" "-"
172.190.142.176 - - [14/Aug/2025:07:58:20 +0200] "GET /.well-known/getid3s.php HTTP/1.1" 404 1181 "-" "-"
172.190.142.176 - - [14/Aug/2025:07:58:20 +0200] "GET /wp-content/themes/seotheme/13.php HTTP/1.1" 404 1181 "-" "-"
172.190.142.176 - - [14/Aug/2025:07:58:21 +0200] "GET /js/rk2.php HTTP/1.1" 404 1181 "-" "-"
172.190.142.176 - - [14/Aug/2025:07:58:21 +0200] "GET /wp-content/themes/seotheme/network.php HTTP/1.1" 404 1181 "-" "-"
142.132.180.39 - - [14/Aug/2025:07:58:30 +0200] "HEAD / HTTP/1.1" 200 0 "http://nagybistvan.hu" "Mozilla/5.0+(compatible; UptimeRobot/2.0; http://www.uptimerobot.com/)"
159.69.158.189 - - [14/Aug/2025:08:03:34 +0200] "HEAD / HTTP/1.1" 200 0 "http://nagybistvan.hu" "Mozilla/5.0+(compatible; UptimeRobot/2.0; http://www.uptimerobot.com/)"
128.140.106.114 - - [14/Aug/2025:08:08:38 +0200] "HEAD / HTTP/1.1" 200 0 "http://nagybistvan.hu" "Mozilla/5.0+(compatible; UptimeRobot/2.0; http://www.uptimerobot.com/)"
78.47.98.55 - - [14/Aug/2025:08:13:42 +0200] "HEAD / HTTP/1.1" 200 0 "http://nagybistvan.hu" "Mozilla/5.0+(compatible; UptimeRobot/2.0; http://www.uptimerobot.com/)"
51.68.111.203 - - [14/Aug/2025:08:18:25 +0200] "GET /robots.txt HTTP/1.1" 404 1181 "-" "Mozilla/5.0 (compatible; MJ12bot/v2.0.4; http://mj12bot.com/)"
51.68.111.203 - - [14/Aug/2025:08:18:25 +0200] "GET / HTTP/1.1" 200 6746 "-" "Mozilla/5.0 (compatible; MJ12bot/v2.0.4; http://mj12bot.com/)"
168.119.53.160 - - [14/Aug/2025:08:18:45 +0200] "HEAD / HTTP/1.1" 200 0 "http://nagybistvan.hu" "Mozilla/5.0+(compatible; UptimeRobot/2.0; http://www.uptimerobot.com/)"
66.249.64.105 - - [14/Aug/2025:08:19:13 +0200] "GET /media/image/24.110.059.jpg HTTP/1.1" 200 128284 "-" "Googlebot-Image/1.0"
168.119.123.75 - - [14/Aug/2025:08:23:50 +0200] "HEAD / HTTP/1.1" 200 0 "http://nagybistvan.hu" "Mozilla/5.0+(compatible; UptimeRobot/2.0; http://www.uptimerobot.com/)"
78.47.98.55 - - [14/Aug/2025:08:28:56 +0200] "HEAD / HTTP/1.1" 200 0 "http://nagybistvan.hu" "Mozilla/5.0+(compatible; UptimeRobot/2.0; http://www.uptimerobot.com/)"
66.249.64.106 - - [14/Aug/2025:08:32:20 +0200] "GET /media/image/21.226.002.jpg HTTP/1.1" 200 200028 "-" "Googlebot-Image/1.0"
128.140.41.193 - - [14/Aug/2025:08:34:01 +0200] "HEAD / HTTP/1.1" 200 0 "http://nagybistvan.hu" "Mozilla/5.0+(compatible; UptimeRobot/2.0; http://www.uptimerobot.com/)"
157.90.155.240 - - [14/Aug/2025:08:39:05 +0200] "HEAD / HTTP/1.1" 200 0 "http://nagybistvan.hu" "Mozilla/5.0+(compatible; UptimeRobot/2.0; http://www.uptimerobot.com/)"
88.99.80.227 - - [14/Aug/2025:08:44:10 +0200] "HEAD / HTTP/1.1" 200 0 "http://nagybistvan.hu" "Mozilla/5.0+(compatible; UptimeRobot/2.0; http://www.uptimerobot.com/)"
168.119.96.239 - - [14/Aug/2025:08:49:14 +0200] "HEAD / HTTP/1.1" 200 0 "http://nagybistvan.hu" "Mozilla/5.0+(compatible; UptimeRobot/2.0; http://www.uptimerobot.com/)"
66.249.64.130 - - [14/Aug/2025:08:52:20 +0200] "GET /media/image/23.333.001.jpg HTTP/1.1" 200 199821 "-" "Googlebot-Image/1.0"
128.140.106.114 - - [14/Aug/2025:08:54:18 +0200] "HEAD / HTTP/1.1" 200 0 "http://nagybistvan.hu" "Mozilla/5.0+(compatible; UptimeRobot/2.0; http://www.uptimerobot.com/)"
167.253.34.3 - - [14/Aug/2025:08:58:12 +0200] "GET /robots.txt HTTP/1.0" 404 1181 "-" "Mozilla/4.0 (compatible; fluid/0.0; +http://www.leak.info/bot.html)"
168.119.53.160 - - [14/Aug/2025:08:59:22 +0200] "HEAD / HTTP/1.1" 200 0 "http://nagybistvan.hu" "Mozilla/5.0+(compatible; UptimeRobot/2.0; http://www.uptimerobot.com/)"
49.13.134.145 - - [14/Aug/2025:09:04:25 +0200] "HEAD / HTTP/1.1" 200 0 "http://nagybistvan.hu" "Mozilla/5.0+(compatible; UptimeRobot/2.0; http://www.uptimerobot.com/)"
168.119.123.75 - - [14/Aug/2025:09:09:29 +0200] "HEAD / HTTP/1.1" 200 0 "http://nagybistvan.hu" "Mozilla/5.0+(compatible; UptimeRobot/2.0; http://www.uptimerobot.com/)"
66.249.64.107 - - [14/Aug/2025:09:12:20 +0200] "GET /media/image/07.110.037.jpg HTTP/1.1" 200 150058 "-" "Googlebot-Image/1.0"
66.249.64.105 - - [14/Aug/2025:09:14:16 +0200] "GET /media/image/07.110.060.jpg HTTP/1.1" 200 112174 "-" "Googlebot-Image/1.0"
49.13.164.148 - - [14/Aug/2025:09:14:33 +0200] "HEAD / HTTP/1.1" 200 0 "http://nagybistvan.hu" "Mozilla/5.0+(compatible; UptimeRobot/2.0; http://www.uptimerobot.com/)"
49.13.167.123 - - [14/Aug/2025:09:19:36 +0200] "HEAD / HTTP/1.1" 200 0 "http://nagybistvan.hu" "Mozilla/5.0+(compatible; UptimeRobot/2.0; http://www.uptimerobot.com/)"
49.13.24.81 - - [14/Aug/2025:09:24:42 +0200] "HEAD / HTTP/1.1" 200 0 "http://nagybistvan.hu" "Mozilla/5.0+(compatible; UptimeRobot/2.0; http://www.uptimerobot.com/)"
157.90.155.240 - - [14/Aug/2025:09:29:48 +0200] "HEAD / HTTP/1.1" 200 0 "http://nagybistvan.hu" "Mozilla/5.0+(compatible; UptimeRobot/2.0; http://www.uptimerobot.com/)"
43.130.57.46 - - [14/Aug/2025:09:29:53 +0200] "GET / HTTP/1.1" 200 6680 "-" "Mozilla/5.0 (iPhone; CPU iPhone OS 13_2_3 like Mac OS X) AppleWebKit/605.1.15 (KHTML, like Gecko) Version/13.0.3 Mobile/15E148 Safari/604.1"
78.46.190.63 - - [14/Aug/2025:09:34:53 +0200] "HEAD / HTTP/1.1" 200 0 "http://nagybistvan.hu" "Mozilla/5.0+(compatible; UptimeRobot/2.0; http://www.uptimerobot.com/)"
142.132.180.39 - - [14/Aug/2025:09:39:58 +0200] "HEAD / HTTP/1.1" 200 0 "http://nagybistvan.hu" "Mozilla/5.0+(compatible; UptimeRobot/2.0; http://www.uptimerobot.com/)"
168.119.123.75 - - [14/Aug/2025:09:45:02 +0200] "HEAD / HTTP/1.1" 200 0 "http://nagybistvan.hu" "Mozilla/5.0+(compatible; UptimeRobot/2.0; http://www.uptimerobot.com/)"
213.180.203.168 - - [14/Aug/2025:09:46:22 +0200] "GET /robots.txt HTTP/1.1" 404 1181 "-" "Mozilla/5.0 (compatible; YandexBot/3.0; +http://yandex.com/bots)"
213.180.203.80 - - [14/Aug/2025:09:46:22 +0200] "GET /korai/pages/Zsamb%E9ki%20hajnal.html HTTP/1.1" 200 1254 "-" "Mozilla/5.0 (compatible; YandexBot/3.0; +http://yandex.com/bots)"
159.69.158.189 - - [14/Aug/2025:09:50:06 +0200] "HEAD / HTTP/1.1" 200 0 "http://nagybistvan.hu" "Mozilla/5.0+(compatible; UptimeRobot/2.0; http://www.uptimerobot.com/)"
142.132.180.39 - - [14/Aug/2025:09:55:10 +0200] "HEAD / HTTP/1.1" 200 0 "http://nagybistvan.hu" "Mozilla/5.0+(compatible; UptimeRobot/2.0; http://www.uptimerobot.com/)"
168.119.123.75 - - [14/Aug/2025:10:00:14 +0200] "HEAD / HTTP/1.1" 200 0 "http://nagybistvan.hu" "Mozilla/5.0+(compatible; UptimeRobot/2.0; http://www.uptimerobot.com/)"
168.119.123.75 - - [14/Aug/2025:10:05:18 +0200] "HEAD / HTTP/1.1" 200 0 "http://nagybistvan.hu" "Mozilla/5.0+(compatible; UptimeRobot/2.0; http://www.uptimerobot.com/)"
88.99.80.227 - - [14/Aug/2025:10:10:22 +0200] "HEAD / HTTP/1.1" 200 0 "http://nagybistvan.hu" "Mozilla/5.0+(compatible; UptimeRobot/2.0; http://www.uptimerobot.com/)"
66.249.64.106 - - [14/Aug/2025:10:12:20 +0200] "GET /media/image/21.341.002.jpg HTTP/1.1" 200 81636 "-" "Googlebot-Image/1.0"
142.132.180.39 - - [14/Aug/2025:10:15:26 +0200] "HEAD / HTTP/1.1" 200 0 "http://nagybistvan.hu" "Mozilla/5.0+(compatible; UptimeRobot/2.0; http://www.uptimerobot.com/)"
128.140.41.193 - - [14/Aug/2025:10:20:29 +0200] "HEAD / HTTP/1.1" 200 0 "http://nagybistvan.hu" "Mozilla/5.0+(compatible; UptimeRobot/2.0; http://www.uptimerobot.com/)"
85.204.251.165 - - [14/Aug/2025:10:23:13 +0200] "GET /media/document/Nagy_B_album_szoro.pdf HTTP/1.1" 304 - "-" "Mozilla/5.0 (Windows NT 10.0; Win64; x64) AppleWebKit/537.36 (KHTML, like Gecko) Chrome/107.0.0.0 Safari/537.3"
128.140.41.193 - - [14/Aug/2025:10:25:34 +0200] "HEAD / HTTP/1.1" 200 0 "http://nagybistvan.hu" "Mozilla/5.0+(compatible; UptimeRobot/2.0; http://www.uptimerobot.com/)"
42.236.12.210 - - [14/Aug/2025:10:29:35 +0200] "GET / HTTP/1.1" 200 6826 "http://www.nagybistvan.hu/" "Mozilla/5.0 (Windows NT 6.1; WOW64) AppleWebKit/537.36 (KHTML, like Gecko) Chrome/50.0.2661.102 Safari/537.36; 360Spider"
66.249.64.105 - - [14/Aug/2025:10:30:20 +0200] "GET /media/image/07.056.001.jpg HTTP/1.1" 200 130400 "-" "Googlebot-Image/1.0"
78.47.98.55 - - [14/Aug/2025:10:30:38 +0200] "HEAD / HTTP/1.1" 200 0 "http://nagybistvan.hu" "Mozilla/5.0+(compatible; UptimeRobot/2.0; http://www.uptimerobot.com/)"
157.90.156.63 - - [14/Aug/2025:10:35:41 +0200] "HEAD / HTTP/1.1" 200 0 "http://nagybistvan.hu" "Mozilla/5.0+(compatible; UptimeRobot/2.0; http://www.uptimerobot.com/)"
78.46.190.63 - - [14/Aug/2025:10:40:47 +0200] "HEAD / HTTP/1.1" 200 0 "http://nagybistvan.hu" "Mozilla/5.0+(compatible; UptimeRobot/2.0; http://www.uptimerobot.com/)"
3.101.216.100 - - [14/Aug/2025:10:43:53 +0200] "HEAD / HTTP/1.1" 200 0 "-" "bitdiscovery"
3.101.216.100 - - [14/Aug/2025:10:43:53 +0200] "GET / HTTP/1.1" 200 6838 "-" "bitdiscovery"
3.101.216.100 - - [14/Aug/2025:10:43:54 +0200] "GET /lib/jq.fancybox-1.3.4/jquery.fancybox-1.3.4.pack.js HTTP/1.1" 200 15624 "http://nagybistvan.hu/" "bitdiscovery"
3.101.216.100 - - [14/Aug/2025:10:43:54 +0200] "GET /lib/jq.contextmenu/jquery.contextmenu.js HTTP/1.1" 200 10507 "http://nagybistvan.hu/" "bitdiscovery"
3.101.216.100 - - [14/Aug/2025:10:43:54 +0200] "GET /lib/jq.fancybox-1.3.4/jquery.easing-1.3.pack.js HTTP/1.1" 200 6717 "http://nagybistvan.hu/" "bitdiscovery"
3.101.216.100 - - [14/Aug/2025:10:43:54 +0200] "GET /lib/jq.fancybox-1.3.4/jquery.mousewheel-3.0.4.pack.js HTTP/1.1" 200 1279 "http://nagybistvan.hu/" "bitdiscovery"
3.101.216.100 - - [14/Aug/2025:10:43:54 +0200] "GET /lib/thickbox-3.1.custom/thickbox.js HTTP/1.1" 200 13058 "http://nagybistvan.hu/" "bitdiscovery"
3.101.216.100 - - [14/Aug/2025:10:43:54 +0200] "GET /lib/jquery-1.3.2/jquery-1.3.2.min.js HTTP/1.1" 200 57254 "http://nagybistvan.hu/" "bitdiscovery"
157.90.155.240 - - [14/Aug/2025:10:45:50 +0200] "HEAD / HTTP/1.1" 200 0 "http://nagybistvan.hu" "Mozilla/5.0+(compatible; UptimeRobot/2.0; http://www.uptimerobot.com/)"
157.90.156.63 - - [14/Aug/2025:10:50:54 +0200] "HEAD / HTTP/1.1" 200 0 "http://nagybistvan.hu" "Mozilla/5.0+(compatible; UptimeRobot/2.0; http://www.uptimerobot.com/)"
49.13.164.148 - - [14/Aug/2025:10:55:58 +0200] "HEAD / HTTP/1.1" 200 0 "http://nagybistvan.hu" "Mozilla/5.0+(compatible; UptimeRobot/2.0; http://www.uptimerobot.com/)"
157.90.155.240 - - [14/Aug/2025:11:01:02 +0200] "HEAD / HTTP/1.1" 200 0 "http://nagybistvan.hu" "Mozilla/5.0+(compatible; UptimeRobot/2.0; http://www.uptimerobot.com/)"
128.140.41.193 - - [14/Aug/2025:11:06:05 +0200] "HEAD / HTTP/1.1" 200 0 "http://nagybistvan.hu" "Mozilla/5.0+(compatible; UptimeRobot/2.0; http://www.uptimerobot.com/)"
128.140.106.114 - - [14/Aug/2025:11:11:08 +0200] "HEAD / HTTP/1.1" 200 0 "http://nagybistvan.hu" "Mozilla/5.0+(compatible; UptimeRobot/2.0; http://www.uptimerobot.com/)"
168.119.96.239 - - [14/Aug/2025:11:16:12 +0200] "HEAD / HTTP/1.1" 200 0 "http://nagybistvan.hu" "Mozilla/5.0+(compatible; UptimeRobot/2.0; http://www.uptimerobot.com/)"
49.13.134.145 - - [14/Aug/2025:11:21:16 +0200] "HEAD / HTTP/1.1" 200 0 "http://nagybistvan.hu" "Mozilla/5.0+(compatible; UptimeRobot/2.0; http://www.uptimerobot.com/)"
66.249.64.106 - - [14/Aug/2025:11:24:20 +0200] "GET /media/image/24.110.063.jpg HTTP/1.1" 200 131333 "-" "Googlebot-Image/1.0"
49.13.167.123 - - [14/Aug/2025:11:26:21 +0200] "HEAD / HTTP/1.1" 200 0 "http://nagybistvan.hu" "Mozilla/5.0+(compatible; UptimeRobot/2.0; http://www.uptimerobot.com/)"
66.249.64.105 - - [14/Aug/2025:11:30:43 +0200] "GET / HTTP/1.1" 200 6736 "-" "Mozilla/5.0 (compatible; Googlebot/2.1; +http://www.google.com/bot.html)"
66.249.64.106 - - [14/Aug/2025:11:30:44 +0200] "GET / HTTP/1.1" 200 6790 "-" "Mozilla/5.0 (Linux; Android 6.0.1; Nexus 5X Build/MMB29P) AppleWebKit/537.36 (KHTML, like Gecko) Chrome/99.0.4844.84 Mobile Safari/537.36 (compatible; Googlebot/2.1; +http://www.google.com/bot.html)"
66.249.64.106 - - [14/Aug/2025:11:30:45 +0200] "GET /lib/jq.fancybox-1.3.4/jquery.fancybox-1.3.4.pack.js HTTP/1.1" 200 15624 "http://www.nagybistvan.hu/" "Mozilla/5.0 (Linux; Android 6.0.1; Nexus 5X Build/MMB29P) AppleWebKit/537.36 (KHTML, like Gecko) Chrome/138.0.7204.183 Mobile Safari/537.36 (compatible; Googlebot/2.1; +http://www.google.com/bot.html)"
66.249.64.105 - - [14/Aug/2025:11:30:45 +0200] "GET /lib/jq.contextmenu/jquery.contextmenu.js HTTP/1.1" 200 10507 "http://www.nagybistvan.hu/" "Mozilla/5.0 (Linux; Android 6.0.1; Nexus 5X Build/MMB29P) AppleWebKit/537.36 (KHTML, like Gecko) Chrome/138.0.7204.183 Mobile Safari/537.36 (compatible; Googlebot/2.1; +http://www.google.com/bot.html)"
66.249.64.107 - - [14/Aug/2025:11:30:46 +0200] "GET /lib/jq.fancybox-1.3.4/jquery.mousewheel-3.0.4.pack.js HTTP/1.1" 200 1279 "http://www.nagybistvan.hu/" "Mozilla/5.0 AppleWebKit/537.36 (KHTML, like Gecko; compatible; Googlebot/2.1; +http://www.google.com/bot.html) Chrome/138.0.7204.183 Safari/537.36"
66.249.64.105 - - [14/Aug/2025:11:30:46 +0200] "GET /lib/jq.contextmenu/jquery.contextmenu.js HTTP/1.1" 200 10507 "http://www.nagybistvan.hu/" "Mozilla/5.0 AppleWebKit/537.36 (KHTML, like Gecko; compatible; Googlebot/2.1; +http://www.google.com/bot.html) Chrome/138.0.7204.183 Safari/537.36"
66.249.64.106 - - [14/Aug/2025:11:30:47 +0200] "GET /lib/jq.fancybox-1.3.4/jquery.mousewheel-3.0.4.pack.js HTTP/1.1" 200 1279 "http://www.nagybistvan.hu/" "Mozilla/5.0 (Linux; Android 6.0.1; Nexus 5X Build/MMB29P) AppleWebKit/537.36 (KHTML, like Gecko) Chrome/138.0.7204.183 Mobile Safari/537.36 (compatible; Googlebot/2.1; +http://www.google.com/bot.html)"
66.249.64.107 - - [14/Aug/2025:11:30:47 +0200] "GET /lib/jq.fancybox-1.3.4/jquery.fancybox-1.3.4.pack.js HTTP/1.1" 200 15624 "http://www.nagybistvan.hu/" "Mozilla/5.0 AppleWebKit/537.36 (KHTML, like Gecko; compatible; Googlebot/2.1; +http://www.google.com/bot.html) Chrome/138.0.7204.183 Safari/537.36"
66.249.64.106 - - [14/Aug/2025:11:30:48 +0200] "GET /favicon.ico HTTP/1.1" 404 1181 "-" "Googlebot-Image/1.0"
157.90.155.240 - - [14/Aug/2025:11:31:25 +0200] "HEAD / HTTP/1.1" 200 0 "http://nagybistvan.hu" "Mozilla/5.0+(compatible; UptimeRobot/2.0; http://www.uptimerobot.com/)"
157.90.155.240 - - [14/Aug/2025:11:36:29 +0200] "HEAD / HTTP/1.1" 200 0 "http://nagybistvan.hu" "Mozilla/5.0+(compatible; UptimeRobot/2.0; http://www.uptimerobot.com/)"
159.69.158.189 - - [14/Aug/2025:11:41:35 +0200] "HEAD / HTTP/1.1" 200 0 "http://nagybistvan.hu" "Mozilla/5.0+(compatible; UptimeRobot/2.0; http://www.uptimerobot.com/)"
157.90.155.240 - - [14/Aug/2025:11:46:43 +0200] "HEAD / HTTP/1.1" 200 0 "http://nagybistvan.hu" "Mozilla/5.0+(compatible; UptimeRobot/2.0; http://www.uptimerobot.com/)"
17.241.227.167 - - [14/Aug/2025:11:48:11 +0200] "GET /robots.txt HTTP/1.1" 404 1181 "-" "Mozilla/5.0 (Macintosh; Intel Mac OS X 10_15_7) AppleWebKit/605.1.15 (KHTML, like Gecko) Version/17.4 Safari/605.1.15 (Applebot/0.1; +http://www.apple.com/go/applebot)"
17.241.227.167 - - [14/Aug/2025:11:48:11 +0200] "GET /favicon.ico HTTP/1.1" 404 1181 "-" "Mozilla/5.0 (Macintosh; Intel Mac OS X 10_15_7) AppleWebKit/605.1.15 (KHTML, like Gecko) Version/17.4 Safari/605.1.15 (Applebot/0.1; +http://www.apple.com/go/applebot)"
88.99.80.227 - - [14/Aug/2025:11:51:47 +0200] "HEAD / HTTP/1.1" 200 0 "http://nagybistvan.hu" "Mozilla/5.0+(compatible; UptimeRobot/2.0; http://www.uptimerobot.com/)"
78.47.98.55 - - [14/Aug/2025:11:56:50 +0200] "HEAD / HTTP/1.1" 200 0 "http://nagybistvan.hu" "Mozilla/5.0+(compatible; UptimeRobot/2.0; http://www.uptimerobot.com/)"
66.249.64.131 - - [14/Aug/2025:12:00:20 +0200] "GET /zsambek/Julika%20Zsambekon_t.jpg HTTP/1.1" 304 - "-" "Googlebot-Image/1.0"
157.90.155.240 - - [14/Aug/2025:12:01:54 +0200] "HEAD / HTTP/1.1" 200 0 "http://nagybistvan.hu" "Mozilla/5.0+(compatible; UptimeRobot/2.0; http://www.uptimerobot.com/)"
49.13.167.123 - - [14/Aug/2025:12:06:58 +0200] "HEAD / HTTP/1.1" 200 0 "http://nagybistvan.hu" "Mozilla/5.0+(compatible; UptimeRobot/2.0; http://www.uptimerobot.com/)"
159.69.158.189 - - [14/Aug/2025:12:12:01 +0200] "HEAD / HTTP/1.1" 200 0 "http://nagybistvan.hu" "Mozilla/5.0+(compatible; UptimeRobot/2.0; http://www.uptimerobot.com/)"
142.132.180.39 - - [14/Aug/2025:12:17:05 +0200] "HEAD / HTTP/1.1" 200 0 "http://nagybistvan.hu" "Mozilla/5.0+(compatible; UptimeRobot/2.0; http://www.uptimerobot.com/)"
66.249.64.107 - - [14/Aug/2025:12:18:20 +0200] "GET /media/image/21.413.001.jpg HTTP/1.1" 200 97215 "-" "Googlebot-Image/1.0"
168.119.123.75 - - [14/Aug/2025:12:22:09 +0200] "HEAD / HTTP/1.1" 200 0 "http://nagybistvan.hu" "Mozilla/5.0+(compatible; UptimeRobot/2.0; http://www.uptimerobot.com/)"
78.47.98.55 - - [14/Aug/2025:12:27:13 +0200] "HEAD / HTTP/1.1" 200 0 "http://nagybistvan.hu" "Mozilla/5.0+(compatible; UptimeRobot/2.0; http://www.uptimerobot.com/)"
66.249.64.107 - - [14/Aug/2025:12:32:11 +0200] "GET /media/image/30.351.001.jpg HTTP/1.1" 200 220391 "-" "Googlebot-Image/1.0"
159.69.158.189 - - [14/Aug/2025:12:32:17 +0200] "HEAD / HTTP/1.1" 200 0 "http://nagybistvan.hu" "Mozilla/5.0+(compatible; UptimeRobot/2.0; http://www.uptimerobot.com/)"
128.140.106.114 - - [14/Aug/2025:12:37:20 +0200] "HEAD / HTTP/1.1" 200 0 "http://nagybistvan.hu" "Mozilla/5.0+(compatible; UptimeRobot/2.0; http://www.uptimerobot.com/)"
128.140.41.193 - - [14/Aug/2025:12:42:25 +0200] "HEAD / HTTP/1.1" 200 0 "http://nagybistvan.hu" "Mozilla/5.0+(compatible; UptimeRobot/2.0; http://www.uptimerobot.com/)"
66.249.64.106 - - [14/Aug/2025:12:44:24 +0200] "GET /media/image/24.110.088.jpg HTTP/1.1" 200 118368 "-" "Googlebot-Image/1.0"
78.47.173.76 - - [14/Aug/2025:12:47:29 +0200] "HEAD / HTTP/1.1" 200 0 "http://nagybistvan.hu" "Mozilla/5.0+(compatible; UptimeRobot/2.0; http://www.uptimerobot.com/)"
66.249.64.106 - - [14/Aug/2025:12:51:18 +0200] "GET /index.php/media/image/07.055.001.jpg HTTP/1.1" 200 6622 "-" "Googlebot-Image/1.0"
157.90.155.240 - - [14/Aug/2025:12:52:32 +0200] "HEAD / HTTP/1.1" 200 0 "http://nagybistvan.hu" "Mozilla/5.0+(compatible; UptimeRobot/2.0; http://www.uptimerobot.com/)"
159.69.158.189 - - [14/Aug/2025:12:57:36 +0200] "HEAD / HTTP/1.1" 200 0 "http://nagybistvan.hu" "Mozilla/5.0+(compatible; UptimeRobot/2.0; http://www.uptimerobot.com/)"
66.249.64.106 - - [14/Aug/2025:12:58:14 +0200] "GET /media/image/30.356.001.jpg HTTP/1.1" 200 200262 "-" "Googlebot-Image/1.0"
78.46.190.63 - - [14/Aug/2025:13:02:40 +0200] "HEAD / HTTP/1.1" 200 0 "http://nagybistvan.hu" "Mozilla/5.0+(compatible; UptimeRobot/2.0; http://www.uptimerobot.com/)"
66.249.64.106 - - [14/Aug/2025:13:05:10 +0200] "GET /media/image/22.311.001.jpg HTTP/1.1" 200 136588 "-" "Googlebot-Image/1.0"
49.13.167.123 - - [14/Aug/2025:13:07:44 +0200] "HEAD / HTTP/1.1" 200 0 "http://nagybistvan.hu" "Mozilla/5.0+(compatible; UptimeRobot/2.0; http://www.uptimerobot.com/)"
54.183.89.122 - - [14/Aug/2025:13:11:20 +0200] "GET / HTTP/1.1" 200 6868 "-" "bitdiscovery-suggestions"
66.249.64.106 - - [14/Aug/2025:13:12:05 +0200] "GET /media/image/30.353.001.jpg HTTP/1.1" 200 220257 "-" "Googlebot-Image/1.0"
88.99.80.227 - - [14/Aug/2025:13:12:48 +0200] "HEAD / HTTP/1.1" 200 0 "http://nagybistvan.hu" "Mozilla/5.0+(compatible; UptimeRobot/2.0; http://www.uptimerobot.com/)"
49.13.164.148 - - [14/Aug/2025:13:17:52 +0200] "HEAD / HTTP/1.1" 200 0 "http://nagybistvan.hu" "Mozilla/5.0+(compatible; UptimeRobot/2.0; http://www.uptimerobot.com/)"
66.249.64.106 - - [14/Aug/2025:13:19:00 +0200] "GET /media/image/21.289.001.jpg HTTP/1.1" 200 151132 "-" "Googlebot-Image/1.0"
168.119.123.75 - - [14/Aug/2025:13:22:57 +0200] "HEAD / HTTP/1.1" 200 0 "http://nagybistvan.hu" "Mozilla/5.0+(compatible; UptimeRobot/2.0; http://www.uptimerobot.com/)"
182.22.28.106 - - [14/Aug/2025:13:25:45 +0200] "GET /robots.txt HTTP/1.1" 404 1181 "-" "Y!J-DLC/1.0 (https://support.yahoo-net.jp/PccSearch/s/article/H000007955)"
182.22.28.122 - - [14/Aug/2025:13:25:45 +0200] "GET /favicon.ico HTTP/1.1" 404 1181 "-" "Y!J-DLC/1.0 (https://support.yahoo-net.jp/PccSearch/s/article/H000007955)"
128.140.41.193 - - [14/Aug/2025:13:28:01 +0200] "HEAD / HTTP/1.1" 200 0 "http://nagybistvan.hu" "Mozilla/5.0+(compatible; UptimeRobot/2.0; http://www.uptimerobot.com/)"
167.235.143.113 - - [14/Aug/2025:13:33:05 +0200] "HEAD / HTTP/1.1" 200 0 "http://nagybistvan.hu" "Mozilla/5.0+(compatible; UptimeRobot/2.0; http://www.uptimerobot.com/)"
88.99.80.227 - - [14/Aug/2025:13:38:08 +0200] "HEAD / HTTP/1.1" 200 0 "http://nagybistvan.hu" "Mozilla/5.0+(compatible; UptimeRobot/2.0; http://www.uptimerobot.com/)"
66.249.64.107 - - [14/Aug/2025:13:39:47 +0200] "GET /media/image/07.110.058.jpg HTTP/1.1" 200 130240 "-" "Googlebot-Image/1.0"
88.99.80.227 - - [14/Aug/2025:13:43:12 +0200] "HEAD / HTTP/1.1" 200 0 "http://nagybistvan.hu" "Mozilla/5.0+(compatible; UptimeRobot/2.0; http://www.uptimerobot.com/)"
78.47.173.76 - - [14/Aug/2025:13:48:16 +0200] "HEAD / HTTP/1.1" 200 0 "http://nagybistvan.hu" "Mozilla/5.0+(compatible; UptimeRobot/2.0; http://www.uptimerobot.com/)"
49.13.164.148 - - [14/Aug/2025:13:53:20 +0200] "HEAD / HTTP/1.1" 200 0 "http://nagybistvan.hu" "Mozilla/5.0+(compatible; UptimeRobot/2.0; http://www.uptimerobot.com/)"
128.140.106.114 - - [14/Aug/2025:13:58:23 +0200] "HEAD / HTTP/1.1" 200 0 "http://nagybistvan.hu" "Mozilla/5.0+(compatible; UptimeRobot/2.0; http://www.uptimerobot.com/)"
168.119.96.239 - - [14/Aug/2025:14:03:27 +0200] "HEAD / HTTP/1.1" 200 0 "http://nagybistvan.hu" "Mozilla/5.0+(compatible; UptimeRobot/2.0; http://www.uptimerobot.com/)"
66.249.64.131 - - [14/Aug/2025:14:07:28 +0200] "GET /robots.txt HTTP/1.1" 404 1181 "-" "Mozilla/5.0 (compatible; Googlebot/2.1; +http://www.google.com/bot.html)"
66.249.64.130 - - [14/Aug/2025:14:07:28 +0200] "GET /zsambek/Zsambek%20LXIII.jpg HTTP/1.1" 304 - "-" "Googlebot-Image/1.0"
157.90.156.63 - - [14/Aug/2025:14:08:31 +0200] "HEAD / HTTP/1.1" 200 0 "http://nagybistvan.hu" "Mozilla/5.0+(compatible; UptimeRobot/2.0; http://www.uptimerobot.com/)"
49.13.134.145 - - [14/Aug/2025:14:13:35 +0200] "HEAD / HTTP/1.1" 200 0 "http://nagybistvan.hu" "Mozilla/5.0+(compatible; UptimeRobot/2.0; http://www.uptimerobot.com/)"
49.13.134.145 - - [14/Aug/2025:14:18:39 +0200] "HEAD / HTTP/1.1" 200 0 "http://nagybistvan.hu" "Mozilla/5.0+(compatible; UptimeRobot/2.0; http://www.uptimerobot.com/)"
