13.74.48.173 - - [11/Aug/2025:12:27:55 +0200] "GET /wp-signin.php HTTP/1.1" 404 37 "-" "-"
13.74.48.173 - - [11/Aug/2025:12:27:55 +0200] "GET /wp-wso.php HTTP/1.1" 404 37 "-" "-"
13.74.48.173 - - [11/Aug/2025:12:27:55 +0200] "GET /wp.php HTTP/1.1" 404 37 "-" "-"
13.74.48.173 - - [11/Aug/2025:12:27:56 +0200] "GET /wp_wrong_datlib.php HTTP/1.1" 404 37 "-" "-"
13.74.48.173 - - [11/Aug/2025:12:27:56 +0200] "GET /wsa.php HTTP/1.1" 404 37 "-" "-"
13.74.48.173 - - [11/Aug/2025:12:27:56 +0200] "GET /wso.php HTTP/1.1" 404 37 "-" "-"
13.74.48.173 - - [11/Aug/2025:12:27:56 +0200] "GET /y.php HTTP/1.1" 404 37 "-" "-"
13.74.48.173 - - [11/Aug/2025:12:27:56 +0200] "GET /zwso.php HTTP/1.1" 404 37 "-" "-"
159.69.158.189 - - [11/Aug/2025:12:29:25 +0200] "HEAD / HTTP/1.1" 200 0 "http://nagybistvan.hu" "Mozilla/5.0+(compatible; UptimeRobot/2.0; http://www.uptimerobot.com/)"
128.140.41.193 - - [11/Aug/2025:12:34:28 +0200] "HEAD / HTTP/1.1" 200 0 "http://nagybistvan.hu" "Mozilla/5.0+(compatible; UptimeRobot/2.0; http://www.uptimerobot.com/)"
78.46.190.63 - - [11/Aug/2025:12:39:32 +0200] "HEAD / HTTP/1.1" 200 0 "http://nagybistvan.hu" "Mozilla/5.0+(compatible; UptimeRobot/2.0; http://www.uptimerobot.com/)"
78.47.173.76 - - [11/Aug/2025:12:44:36 +0200] "HEAD / HTTP/1.1" 200 0 "http://nagybistvan.hu" "Mozilla/5.0+(compatible; UptimeRobot/2.0; http://www.uptimerobot.com/)"
192.42.116.200 - - [11/Aug/2025:12:47:28 +0200] "GET / HTTP/1.1" 200 6778 "nagybistvan.hu" "Mozilla/5.0 (Linux; Android 7.1.1; CPH1801 Build/NMF26F; wv) AppleWebKit/537.36 (KHTML, like Gecko) Version/4.0 Chrome/80.0.3987.162 Mobile Safari/537.36"
192.42.116.200 - - [11/Aug/2025:12:47:29 +0200] "GET /bio HTTP/1.1" 301 313 "http://nagybistvan.hu/bio" "Mozilla/5.0 (Linux; Android 7.1.1; CPH1801 Build/NMF26F; wv) AppleWebKit/537.36 (KHTML, like Gecko) Version/4.0 Chrome/80.0.3987.162 Mobile Safari/537.36"
192.42.116.200 - - [11/Aug/2025:12:47:30 +0200] "GET /bio/ HTTP/1.1" 302 5 "http://nagybistvan.hu/bio" "Mozilla/5.0 (Linux; Android 7.1.1; CPH1801 Build/NMF26F; wv) AppleWebKit/537.36 (KHTML, like Gecko) Version/4.0 Chrome/80.0.3987.162 Mobile Safari/537.36"
192.42.116.200 - - [11/Aug/2025:12:47:30 +0200] "GET /index.php?c=bio HTTP/1.1" 200 13214 "http://nagybistvan.hu/bio" "Mozilla/5.0 (Linux; Android 7.1.1; CPH1801 Build/NMF26F; wv) AppleWebKit/537.36 (KHTML, like Gecko) Version/4.0 Chrome/80.0.3987.162 Mobile Safari/537.36"
192.42.116.200 - - [11/Aug/2025:12:47:31 +0200] "GET /csoportos HTTP/1.1" 301 319 "http://nagybistvan.hu/csoportos" "Mozilla/5.0 (Linux; Android 7.1.1; CPH1801 Build/NMF26F; wv) AppleWebKit/537.36 (KHTML, like Gecko) Version/4.0 Chrome/80.0.3987.162 Mobile Safari/537.36"
192.42.116.200 - - [11/Aug/2025:12:47:31 +0200] "GET /csoportos/ HTTP/1.1" 302 5 "http://nagybistvan.hu/csoportos" "Mozilla/5.0 (Linux; Android 7.1.1; CPH1801 Build/NMF26F; wv) AppleWebKit/537.36 (KHTML, like Gecko) Version/4.0 Chrome/80.0.3987.162 Mobile Safari/537.36"
192.42.116.200 - - [11/Aug/2025:12:47:31 +0200] "GET /index.php?c=csoportos HTTP/1.1" 200 13185 "http://nagybistvan.hu/csoportos" "Mozilla/5.0 (Linux; Android 7.1.1; CPH1801 Build/NMF26F; wv) AppleWebKit/537.36 (KHTML, like Gecko) Version/4.0 Chrome/80.0.3987.162 Mobile Safari/537.36"
179.43.159.199 - - [11/Aug/2025:12:47:33 +0200] "GET /dijai HTTP/1.1" 301 315 "http://nagybistvan.hu/dijai" "Mozilla/5.0 (Linux; Android 7.1.1; CPH1801 Build/NMF26F; wv) AppleWebKit/537.36 (KHTML, like Gecko) Version/4.0 Chrome/80.0.3987.162 Mobile Safari/537.36"
179.43.159.199 - - [11/Aug/2025:12:47:33 +0200] "GET /dijai/ HTTP/1.1" 302 5 "http://nagybistvan.hu/dijai" "Mozilla/5.0 (Linux; Android 7.1.1; CPH1801 Build/NMF26F; wv) AppleWebKit/537.36 (KHTML, like Gecko) Version/4.0 Chrome/80.0.3987.162 Mobile Safari/537.36"
179.43.159.199 - - [11/Aug/2025:12:47:33 +0200] "GET /index.php?c=dijai HTTP/1.1" 200 7030 "http://nagybistvan.hu/dijai" "Mozilla/5.0 (Linux; Android 7.1.1; CPH1801 Build/NMF26F; wv) AppleWebKit/537.36 (KHTML, like Gecko) Version/4.0 Chrome/80.0.3987.162 Mobile Safari/537.36"
179.43.159.199 - - [11/Aug/2025:12:47:34 +0200] "GET /egyeni HTTP/1.1" 301 316 "http://nagybistvan.hu/egyeni" "Mozilla/5.0 (Linux; Android 7.1.1; CPH1801 Build/NMF26F; wv) AppleWebKit/537.36 (KHTML, like Gecko) Version/4.0 Chrome/80.0.3987.162 Mobile Safari/537.36"
179.43.159.199 - - [11/Aug/2025:12:47:34 +0200] "GET /egyeni/ HTTP/1.1" 302 5 "http://nagybistvan.hu/egyeni" "Mozilla/5.0 (Linux; Android 7.1.1; CPH1801 Build/NMF26F; wv) AppleWebKit/537.36 (KHTML, like Gecko) Version/4.0 Chrome/80.0.3987.162 Mobile Safari/537.36"
179.43.159.199 - - [11/Aug/2025:12:47:34 +0200] "GET /index.php?c=egyeni HTTP/1.1" 200 8244 "http://nagybistvan.hu/egyeni" "Mozilla/5.0 (Linux; Android 7.1.1; CPH1801 Build/NMF26F; wv) AppleWebKit/537.36 (KHTML, like Gecko) Version/4.0 Chrome/80.0.3987.162 Mobile Safari/537.36"
179.43.159.199 - - [11/Aug/2025:12:47:34 +0200] "GET /index.php HTTP/1.1" 200 6704 "http://nagybistvan.hu/index.php" "Mozilla/5.0 (Linux; Android 7.1.1; CPH1801 Build/NMF26F; wv) AppleWebKit/537.36 (KHTML, like Gecko) Version/4.0 Chrome/80.0.3987.162 Mobile Safari/537.36"
179.43.159.199 - - [11/Aug/2025:12:47:36 +0200] "GET /irasai HTTP/1.1" 301 316 "http://nagybistvan.hu/irasai" "Mozilla/5.0 (Linux; Android 7.1.1; CPH1801 Build/NMF26F; wv) AppleWebKit/537.36 (KHTML, like Gecko) Version/4.0 Chrome/80.0.3987.162 Mobile Safari/537.36"
179.43.159.199 - - [11/Aug/2025:12:47:36 +0200] "GET /irasai/ HTTP/1.1" 302 5 "http://nagybistvan.hu/irasai" "Mozilla/5.0 (Linux; Android 7.1.1; CPH1801 Build/NMF26F; wv) AppleWebKit/537.36 (KHTML, like Gecko) Version/4.0 Chrome/80.0.3987.162 Mobile Safari/537.36"
179.43.159.199 - - [11/Aug/2025:12:47:36 +0200] "GET /index.php?c=irasai HTTP/1.1" 200 7512 "http://nagybistvan.hu/irasai" "Mozilla/5.0 (Linux; Android 7.1.1; CPH1801 Build/NMF26F; wv) AppleWebKit/537.36 (KHTML, like Gecko) Version/4.0 Chrome/80.0.3987.162 Mobile Safari/537.36"
179.43.159.199 - - [11/Aug/2025:12:47:37 +0200] "GET /kepek HTTP/1.1" 301 315 "http://nagybistvan.hu/kepek" "Mozilla/5.0 (Linux; Android 7.1.1; CPH1801 Build/NMF26F; wv) AppleWebKit/537.36 (KHTML, like Gecko) Version/4.0 Chrome/80.0.3987.162 Mobile Safari/537.36"
179.43.159.199 - - [11/Aug/2025:12:47:37 +0200] "GET /kepek/ HTTP/1.1" 302 5 "http://nagybistvan.hu/kepek" "Mozilla/5.0 (Linux; Android 7.1.1; CPH1801 Build/NMF26F; wv) AppleWebKit/537.36 (KHTML, like Gecko) Version/4.0 Chrome/80.0.3987.162 Mobile Safari/537.36"
179.43.159.199 - - [11/Aug/2025:12:47:37 +0200] "GET /index.php?c=kepek HTTP/1.1" 200 10177 "http://nagybistvan.hu/kepek" "Mozilla/5.0 (Linux; Android 7.1.1; CPH1801 Build/NMF26F; wv) AppleWebKit/537.36 (KHTML, like Gecko) Version/4.0 Chrome/80.0.3987.162 Mobile Safari/537.36"
179.43.159.199 - - [11/Aug/2025:12:47:38 +0200] "GET /rolairtak HTTP/1.1" 301 319 "http://nagybistvan.hu/rolairtak" "Mozilla/5.0 (Linux; Android 7.1.1; CPH1801 Build/NMF26F; wv) AppleWebKit/537.36 (KHTML, like Gecko) Version/4.0 Chrome/80.0.3987.162 Mobile Safari/537.36"
179.43.159.199 - - [11/Aug/2025:12:47:38 +0200] "GET /rolairtak/ HTTP/1.1" 302 5 "http://nagybistvan.hu/rolairtak" "Mozilla/5.0 (Linux; Android 7.1.1; CPH1801 Build/NMF26F; wv) AppleWebKit/537.36 (KHTML, like Gecko) Version/4.0 Chrome/80.0.3987.162 Mobile Safari/537.36"
179.43.159.199 - - [11/Aug/2025:12:47:38 +0200] "GET /index.php?c=rolairtak HTTP/1.1" 200 7920 "http://nagybistvan.hu/rolairtak" "Mozilla/5.0 (Linux; Android 7.1.1; CPH1801 Build/NMF26F; wv) AppleWebKit/537.36 (KHTML, like Gecko) Version/4.0 Chrome/80.0.3987.162 Mobile Safari/537.36"
49.13.164.148 - - [11/Aug/2025:12:49:42 +0200] "HEAD / HTTP/1.1" 200 0 "http://nagybistvan.hu" "Mozilla/5.0+(compatible; UptimeRobot/2.0; http://www.uptimerobot.com/)"
128.140.106.114 - - [11/Aug/2025:12:54:45 +0200] "HEAD / HTTP/1.1" 200 0 "http://nagybistvan.hu" "Mozilla/5.0+(compatible; UptimeRobot/2.0; http://www.uptimerobot.com/)"
49.13.164.148 - - [11/Aug/2025:12:59:49 +0200] "HEAD / HTTP/1.1" 200 0 "http://nagybistvan.hu" "Mozilla/5.0+(compatible; UptimeRobot/2.0; http://www.uptimerobot.com/)"
66.249.64.107 - - [11/Aug/2025:13:01:11 +0200] "GET /media/image/07.007.001.jpg HTTP/1.1" 200 262340 "-" "Googlebot-Image/1.0"
128.140.41.193 - - [11/Aug/2025:13:04:54 +0200] "HEAD / HTTP/1.1" 200 0 "http://nagybistvan.hu" "Mozilla/5.0+(compatible; UptimeRobot/2.0; http://www.uptimerobot.com/)"
157.90.155.240 - - [11/Aug/2025:13:09:58 +0200] "HEAD / HTTP/1.1" 200 0 "http://nagybistvan.hu" "Mozilla/5.0+(compatible; UptimeRobot/2.0; http://www.uptimerobot.com/)"
78.47.98.55 - - [11/Aug/2025:13:15:01 +0200] "HEAD / HTTP/1.1" 200 0 "http://nagybistvan.hu" "Mozilla/5.0+(compatible; UptimeRobot/2.0; http://www.uptimerobot.com/)"
66.249.64.106 - - [11/Aug/2025:13:19:10 +0200] "GET /media/image/07.110.065.jpg HTTP/1.1" 200 72854 "-" "Googlebot-Image/1.0"
78.46.190.63 - - [11/Aug/2025:13:20:05 +0200] "HEAD / HTTP/1.1" 200 0 "http://nagybistvan.hu" "Mozilla/5.0+(compatible; UptimeRobot/2.0; http://www.uptimerobot.com/)"
159.69.158.189 - - [11/Aug/2025:13:25:09 +0200] "HEAD / HTTP/1.1" 200 0 "http://nagybistvan.hu" "Mozilla/5.0+(compatible; UptimeRobot/2.0; http://www.uptimerobot.com/)"
49.13.164.148 - - [11/Aug/2025:13:30:13 +0200] "HEAD / HTTP/1.1" 200 0 "http://nagybistvan.hu" "Mozilla/5.0+(compatible; UptimeRobot/2.0; http://www.uptimerobot.com/)"
49.13.164.148 - - [11/Aug/2025:13:35:17 +0200] "HEAD / HTTP/1.1" 200 0 "http://nagybistvan.hu" "Mozilla/5.0+(compatible; UptimeRobot/2.0; http://www.uptimerobot.com/)"
66.249.64.107 - - [11/Aug/2025:13:37:11 +0200] "GET /media/image/07.110.081.jpg HTTP/1.1" 200 109105 "-" "Googlebot-Image/1.0"
168.119.123.75 - - [11/Aug/2025:13:40:21 +0200] "HEAD / HTTP/1.1" 200 0 "http://nagybistvan.hu" "Mozilla/5.0+(compatible; UptimeRobot/2.0; http://www.uptimerobot.com/)"
157.90.156.63 - - [11/Aug/2025:13:45:25 +0200] "HEAD / HTTP/1.1" 200 0 "http://nagybistvan.hu" "Mozilla/5.0+(compatible; UptimeRobot/2.0; http://www.uptimerobot.com/)"
157.90.155.240 - - [11/Aug/2025:13:50:29 +0200] "HEAD / HTTP/1.1" 200 0 "http://nagybistvan.hu" "Mozilla/5.0+(compatible; UptimeRobot/2.0; http://www.uptimerobot.com/)"
167.235.143.113 - - [11/Aug/2025:13:55:35 +0200] "HEAD / HTTP/1.1" 200 0 "http://nagybistvan.hu" "Mozilla/5.0+(compatible; UptimeRobot/2.0; http://www.uptimerobot.com/)"
78.47.173.76 - - [11/Aug/2025:14:00:38 +0200] "HEAD / HTTP/1.1" 200 0 "http://nagybistvan.hu" "Mozilla/5.0+(compatible; UptimeRobot/2.0; http://www.uptimerobot.com/)"
78.46.190.63 - - [11/Aug/2025:14:05:42 +0200] "HEAD / HTTP/1.1" 200 0 "http://nagybistvan.hu" "Mozilla/5.0+(compatible; UptimeRobot/2.0; http://www.uptimerobot.com/)"
142.132.180.39 - - [11/Aug/2025:14:10:48 +0200] "HEAD / HTTP/1.1" 200 0 "http://nagybistvan.hu" "Mozilla/5.0+(compatible; UptimeRobot/2.0; http://www.uptimerobot.com/)"
78.46.190.63 - - [11/Aug/2025:14:15:53 +0200] "HEAD / HTTP/1.1" 200 0 "http://nagybistvan.hu" "Mozilla/5.0+(compatible; UptimeRobot/2.0; http://www.uptimerobot.com/)"
49.13.134.145 - - [11/Aug/2025:14:20:58 +0200] "HEAD / HTTP/1.1" 200 0 "http://nagybistvan.hu" "Mozilla/5.0+(compatible; UptimeRobot/2.0; http://www.uptimerobot.com/)"
142.132.180.39 - - [11/Aug/2025:14:26:02 +0200] "HEAD / HTTP/1.1" 200 0 "http://nagybistvan.hu" "Mozilla/5.0+(compatible; UptimeRobot/2.0; http://www.uptimerobot.com/)"
49.13.167.123 - - [11/Aug/2025:14:31:06 +0200] "HEAD / HTTP/1.1" 200 0 "http://nagybistvan.hu" "Mozilla/5.0+(compatible; UptimeRobot/2.0; http://www.uptimerobot.com/)"
66.249.64.105 - - [11/Aug/2025:14:32:11 +0200] "GET /robots.txt HTTP/1.1" 404 1181 "-" "Mozilla/5.0 (compatible; Googlebot/2.1; +http://www.google.com/bot.html)"
66.249.64.106 - - [11/Aug/2025:14:32:11 +0200] "GET /media/image/07.033.001.jpg HTTP/1.1" 200 107347 "-" "Googlebot-Image/1.0"
157.90.155.240 - - [11/Aug/2025:14:36:10 +0200] "HEAD / HTTP/1.1" 200 0 "http://nagybistvan.hu" "Mozilla/5.0+(compatible; UptimeRobot/2.0; http://www.uptimerobot.com/)"
49.13.130.29 - - [11/Aug/2025:14:41:14 +0200] "HEAD / HTTP/1.1" 200 0 "http://nagybistvan.hu" "Mozilla/5.0+(compatible; UptimeRobot/2.0; http://www.uptimerobot.com/)"
88.99.80.227 - - [11/Aug/2025:14:46:18 +0200] "HEAD / HTTP/1.1" 200 0 "http://nagybistvan.hu" "Mozilla/5.0+(compatible; UptimeRobot/2.0; http://www.uptimerobot.com/)"
66.249.64.132 - - [11/Aug/2025:14:50:10 +0200] "GET /robots.txt HTTP/1.1" 404 1181 "-" "Mozilla/5.0 (compatible; Googlebot/2.1; +http://www.google.com/bot.html)"
66.249.64.131 - - [11/Aug/2025:14:50:11 +0200] "GET /mozaik/Mozaik_r7_t.jpg HTTP/1.1" 304 - "-" "Googlebot-Image/1.0"
128.140.41.193 - - [11/Aug/2025:14:51:22 +0200] "HEAD / HTTP/1.1" 200 0 "http://nagybistvan.hu" "Mozilla/5.0+(compatible; UptimeRobot/2.0; http://www.uptimerobot.com/)"
51.222.253.9 - - [11/Aug/2025:14:53:52 +0200] "GET /robots.txt HTTP/1.1" 404 1181 "-" "Mozilla/5.0 (compatible; AhrefsBot/7.0; +http://ahrefs.com/robot/)"
51.222.253.13 - - [11/Aug/2025:14:53:53 +0200] "GET / HTTP/1.1" 200 6714 "-" "Mozilla/5.0 (compatible; AhrefsBot/7.0; +http://ahrefs.com/robot/)"
128.140.41.193 - - [11/Aug/2025:14:56:28 +0200] "HEAD / HTTP/1.1" 200 0 "http://nagybistvan.hu" "Mozilla/5.0+(compatible; UptimeRobot/2.0; http://www.uptimerobot.com/)"
128.140.41.193 - - [11/Aug/2025:15:01:31 +0200] "HEAD / HTTP/1.1" 200 0 "http://nagybistvan.hu" "Mozilla/5.0+(compatible; UptimeRobot/2.0; http://www.uptimerobot.com/)"
159.69.158.189 - - [11/Aug/2025:15:06:35 +0200] "HEAD / HTTP/1.1" 200 0 "http://nagybistvan.hu" "Mozilla/5.0+(compatible; UptimeRobot/2.0; http://www.uptimerobot.com/)"
49.13.167.123 - - [11/Aug/2025:15:11:39 +0200] "HEAD / HTTP/1.1" 200 0 "http://nagybistvan.hu" "Mozilla/5.0+(compatible; UptimeRobot/2.0; http://www.uptimerobot.com/)"
128.140.41.193 - - [11/Aug/2025:15:16:43 +0200] "HEAD / HTTP/1.1" 200 0 "http://nagybistvan.hu" "Mozilla/5.0+(compatible; UptimeRobot/2.0; http://www.uptimerobot.com/)"
157.90.155.240 - - [11/Aug/2025:15:21:46 +0200] "HEAD / HTTP/1.1" 200 0 "http://nagybistvan.hu" "Mozilla/5.0+(compatible; UptimeRobot/2.0; http://www.uptimerobot.com/)"
49.13.130.29 - - [11/Aug/2025:15:26:51 +0200] "HEAD / HTTP/1.1" 200 0 "http://nagybistvan.hu" "Mozilla/5.0+(compatible; UptimeRobot/2.0; http://www.uptimerobot.com/)"
49.13.24.81 - - [11/Aug/2025:15:31:55 +0200] "HEAD / HTTP/1.1" 200 0 "http://nagybistvan.hu" "Mozilla/5.0+(compatible; UptimeRobot/2.0; http://www.uptimerobot.com/)"
159.69.158.189 - - [11/Aug/2025:15:36:59 +0200] "HEAD / HTTP/1.1" 200 0 "http://nagybistvan.hu" "Mozilla/5.0+(compatible; UptimeRobot/2.0; http://www.uptimerobot.com/)"
128.140.41.193 - - [11/Aug/2025:15:42:03 +0200] "HEAD / HTTP/1.1" 200 0 "http://nagybistvan.hu" "Mozilla/5.0+(compatible; UptimeRobot/2.0; http://www.uptimerobot.com/)"
157.90.155.240 - - [11/Aug/2025:15:47:07 +0200] "HEAD / HTTP/1.1" 200 0 "http://nagybistvan.hu" "Mozilla/5.0+(compatible; UptimeRobot/2.0; http://www.uptimerobot.com/)"
49.13.134.145 - - [11/Aug/2025:15:52:11 +0200] "HEAD / HTTP/1.1" 200 0 "http://nagybistvan.hu" "Mozilla/5.0+(compatible; UptimeRobot/2.0; http://www.uptimerobot.com/)"
78.46.190.63 - - [11/Aug/2025:15:57:14 +0200] "HEAD / HTTP/1.1" 200 0 "http://nagybistvan.hu" "Mozilla/5.0+(compatible; UptimeRobot/2.0; http://www.uptimerobot.com/)"
66.249.64.106 - - [11/Aug/2025:16:01:11 +0200] "GET /media/image/07.195.001.jpg HTTP/1.1" 200 204057 "-" "Googlebot-Image/1.0"
43.131.36.84 - - [11/Aug/2025:16:02:08 +0200] "GET / HTTP/1.1" 200 6678 "-" "Mozilla/5.0 (iPhone; CPU iPhone OS 13_2_3 like Mac OS X) AppleWebKit/605.1.15 (KHTML, like Gecko) Version/13.0.3 Mobile/15E148 Safari/604.1"
78.47.98.55 - - [11/Aug/2025:16:02:18 +0200] "HEAD / HTTP/1.1" 200 0 "http://nagybistvan.hu" "Mozilla/5.0+(compatible; UptimeRobot/2.0; http://www.uptimerobot.com/)"
78.47.173.76 - - [11/Aug/2025:16:07:22 +0200] "HEAD / HTTP/1.1" 200 0 "http://nagybistvan.hu" "Mozilla/5.0+(compatible; UptimeRobot/2.0; http://www.uptimerobot.com/)"
168.119.53.160 - - [11/Aug/2025:16:12:26 +0200] "HEAD / HTTP/1.1" 200 0 "http://nagybistvan.hu" "Mozilla/5.0+(compatible; UptimeRobot/2.0; http://www.uptimerobot.com/)"
168.119.53.160 - - [11/Aug/2025:16:17:30 +0200] "HEAD / HTTP/1.1" 200 0 "http://nagybistvan.hu" "Mozilla/5.0+(compatible; UptimeRobot/2.0; http://www.uptimerobot.com/)"
78.47.98.55 - - [11/Aug/2025:16:22:34 +0200] "HEAD / HTTP/1.1" 200 0 "http://nagybistvan.hu" "Mozilla/5.0+(compatible; UptimeRobot/2.0; http://www.uptimerobot.com/)"
216.244.66.227 - - [11/Aug/2025:16:24:44 +0200] "GET /robots.txt HTTP/1.1" 404 1181 "-" "Mozilla/5.0 (compatible; DotBot/1.2; +https://opensiteexplorer.org/dotbot; help@moz.com)"
157.90.155.240 - - [11/Aug/2025:16:27:39 +0200] "HEAD / HTTP/1.1" 200 0 "http://nagybistvan.hu" "Mozilla/5.0+(compatible; UptimeRobot/2.0; http://www.uptimerobot.com/)"
216.244.66.227 - - [11/Aug/2025:16:31:20 +0200] "GET /media/image/07.072.001.jpg HTTP/1.1" 200 77921 "-" "Mozilla/5.0 (compatible; DotBot/1.2; +https://opensiteexplorer.org/dotbot; help@moz.com)"
167.235.143.113 - - [11/Aug/2025:16:32:43 +0200] "HEAD / HTTP/1.1" 200 0 "http://nagybistvan.hu" "Mozilla/5.0+(compatible; UptimeRobot/2.0; http://www.uptimerobot.com/)"
51.222.253.9 - - [11/Aug/2025:16:35:41 +0200] "GET /robots.txt HTTP/1.1" 404 1181 "-" "Mozilla/5.0 (compatible; AhrefsBot/7.0; +http://ahrefs.com/robot/)"
54.36.149.17 - - [11/Aug/2025:16:35:42 +0200] "GET / HTTP/1.1" 200 6646 "-" "Mozilla/5.0 (compatible; AhrefsBot/7.0; +http://ahrefs.com/robot/)"
49.13.130.29 - - [11/Aug/2025:16:37:47 +0200] "HEAD / HTTP/1.1" 200 0 "http://nagybistvan.hu" "Mozilla/5.0+(compatible; UptimeRobot/2.0; http://www.uptimerobot.com/)"
45.156.130.43 - - [11/Aug/2025:16:38:23 +0200] "GET / HTTP/1.1" 200 6740 "-" "Mozilla/5.0 (Windows NT 10.0; Win64; x64) AppleWebKit/537.36 (KHTML, like Gecko) Chrome/60.0.3112.113 Safari/537.36"
45.156.130.40 - - [11/Aug/2025:16:38:42 +0200] "GET /favicon.ico HTTP/1.1" 404 1181 "-" "Mozilla/5.0 (Windows NT 10.0; WOW64) AppleWebKit/537.36 (KHTML, like Gecko) Chrome/66.0.3359.117 Safari/537.36"
45.156.130.41 - - [11/Aug/2025:16:38:43 +0200] "GET /license.txt HTTP/1.1" 404 1181 "-" "Mozilla/5.0 (Windows NT 10.0; Win64; x64) AppleWebKit/537.36 (KHTML, like Gecko) Chrome/60.0.3112.113 Safari/537.36"
45.156.130.43 - - [11/Aug/2025:16:39:04 +0200] "GET /wp-json HTTP/1.1" 404 1181 "-" "Mozilla/5.0 (Windows NT 10.0; Win64; x64) AppleWebKit/537.36 (KHTML, like Gecko) Chrome/60.0.3112.113 Safari/537.36"
45.156.130.41 - - [11/Aug/2025:16:39:23 +0200] "GET / HTTP/1.1" 200 6648 "-" "Mozilla/5.0 (Windows NT 10.0; Win64; x64) AppleWebKit/537.36 (KHTML, like Gecko) Chrome/60.0.3112.113 Safari/537.36"
45.156.130.40 - - [11/Aug/2025:16:39:24 +0200] "GET /aspera/faspex/ HTTP/1.1" 404 1181 "-" "Mozilla/5.0 (Windows NT 10.0; Win64; x64) AppleWebKit/537.36 (KHTML, like Gecko) Chrome/60.0.3112.113 Safari/537.36"
49.13.134.145 - - [11/Aug/2025:16:42:51 +0200] "HEAD / HTTP/1.1" 200 0 "http://nagybistvan.hu" "Mozilla/5.0+(compatible; UptimeRobot/2.0; http://www.uptimerobot.com/)"
142.132.180.39 - - [11/Aug/2025:16:47:55 +0200] "HEAD / HTTP/1.1" 200 0 "http://nagybistvan.hu" "Mozilla/5.0+(compatible; UptimeRobot/2.0; http://www.uptimerobot.com/)"
128.140.106.114 - - [11/Aug/2025:16:52:59 +0200] "HEAD / HTTP/1.1" 200 0 "http://nagybistvan.hu" "Mozilla/5.0+(compatible; UptimeRobot/2.0; http://www.uptimerobot.com/)"
168.119.123.75 - - [11/Aug/2025:16:58:03 +0200] "HEAD / HTTP/1.1" 200 0 "http://nagybistvan.hu" "Mozilla/5.0+(compatible; UptimeRobot/2.0; http://www.uptimerobot.com/)"
49.13.130.29 - - [11/Aug/2025:17:03:07 +0200] "HEAD / HTTP/1.1" 200 0 "http://nagybistvan.hu" "Mozilla/5.0+(compatible; UptimeRobot/2.0; http://www.uptimerobot.com/)"
49.13.24.81 - - [11/Aug/2025:17:08:11 +0200] "HEAD / HTTP/1.1" 200 0 "http://nagybistvan.hu" "Mozilla/5.0+(compatible; UptimeRobot/2.0; http://www.uptimerobot.com/)"
78.47.173.76 - - [11/Aug/2025:17:13:15 +0200] "HEAD / HTTP/1.1" 200 0 "http://nagybistvan.hu" "Mozilla/5.0+(compatible; UptimeRobot/2.0; http://www.uptimerobot.com/)"
66.249.64.106 - - [11/Aug/2025:17:13:19 +0200] "GET /media/image/30.295.001.jpg HTTP/1.1" 200 212341 "-" "Googlebot-Image/1.0"
49.13.167.123 - - [11/Aug/2025:17:18:19 +0200] "HEAD / HTTP/1.1" 200 0 "http://nagybistvan.hu" "Mozilla/5.0+(compatible; UptimeRobot/2.0; http://www.uptimerobot.com/)"
157.90.155.240 - - [11/Aug/2025:17:23:24 +0200] "HEAD / HTTP/1.1" 200 0 "http://nagybistvan.hu" "Mozilla/5.0+(compatible; UptimeRobot/2.0; http://www.uptimerobot.com/)"
168.119.123.75 - - [11/Aug/2025:17:28:28 +0200] "HEAD / HTTP/1.1" 200 0 "http://nagybistvan.hu" "Mozilla/5.0+(compatible; UptimeRobot/2.0; http://www.uptimerobot.com/)"
66.249.64.106 - - [11/Aug/2025:17:31:21 +0200] "GET /media/image/07.110.060.jpg HTTP/1.1" 200 112174 "-" "Googlebot-Image/1.0"
49.13.130.29 - - [11/Aug/2025:17:33:32 +0200] "HEAD / HTTP/1.1" 200 0 "http://nagybistvan.hu" "Mozilla/5.0+(compatible; UptimeRobot/2.0; http://www.uptimerobot.com/)"
157.90.155.240 - - [11/Aug/2025:17:38:36 +0200] "HEAD / HTTP/1.1" 200 0 "http://nagybistvan.hu" "Mozilla/5.0+(compatible; UptimeRobot/2.0; http://www.uptimerobot.com/)"
128.140.41.193 - - [11/Aug/2025:17:43:40 +0200] "HEAD / HTTP/1.1" 200 0 "http://nagybistvan.hu" "Mozilla/5.0+(compatible; UptimeRobot/2.0; http://www.uptimerobot.com/)"
128.140.41.193 - - [11/Aug/2025:17:48:44 +0200] "HEAD / HTTP/1.1" 200 0 "http://nagybistvan.hu" "Mozilla/5.0+(compatible; UptimeRobot/2.0; http://www.uptimerobot.com/)"
168.119.123.75 - - [11/Aug/2025:17:53:48 +0200] "HEAD / HTTP/1.1" 200 0 "http://nagybistvan.hu" "Mozilla/5.0+(compatible; UptimeRobot/2.0; http://www.uptimerobot.com/)"
157.90.156.63 - - [11/Aug/2025:17:58:52 +0200] "HEAD / HTTP/1.1" 200 0 "http://nagybistvan.hu" "Mozilla/5.0+(compatible; UptimeRobot/2.0; http://www.uptimerobot.com/)"
49.13.130.29 - - [11/Aug/2025:18:03:58 +0200] "HEAD / HTTP/1.1" 200 0 "http://nagybistvan.hu" "Mozilla/5.0+(compatible; UptimeRobot/2.0; http://www.uptimerobot.com/)"
159.69.158.189 - - [11/Aug/2025:18:09:01 +0200] "HEAD / HTTP/1.1" 200 0 "http://nagybistvan.hu" "Mozilla/5.0+(compatible; UptimeRobot/2.0; http://www.uptimerobot.com/)"
168.119.53.160 - - [11/Aug/2025:18:14:05 +0200] "HEAD / HTTP/1.1" 200 0 "http://nagybistvan.hu" "Mozilla/5.0+(compatible; UptimeRobot/2.0; http://www.uptimerobot.com/)"
49.13.164.148 - - [11/Aug/2025:18:19:08 +0200] "HEAD / HTTP/1.1" 200 0 "http://nagybistvan.hu" "Mozilla/5.0+(compatible; UptimeRobot/2.0; http://www.uptimerobot.com/)"
168.119.53.160 - - [11/Aug/2025:18:24:13 +0200] "HEAD / HTTP/1.1" 200 0 "http://nagybistvan.hu" "Mozilla/5.0+(compatible; UptimeRobot/2.0; http://www.uptimerobot.com/)"
66.249.64.105 - - [11/Aug/2025:18:25:15 +0200] "GET /media/image/07.110.037.jpg HTTP/1.1" 200 150058 "-" "Googlebot-Image/1.0"
168.119.96.239 - - [11/Aug/2025:18:29:16 +0200] "HEAD / HTTP/1.1" 200 0 "http://nagybistvan.hu" "Mozilla/5.0+(compatible; UptimeRobot/2.0; http://www.uptimerobot.com/)"
168.119.123.75 - - [11/Aug/2025:18:34:20 +0200] "HEAD / HTTP/1.1" 200 0 "http://nagybistvan.hu" "Mozilla/5.0+(compatible; UptimeRobot/2.0; http://www.uptimerobot.com/)"
54.36.149.37 - - [11/Aug/2025:18:34:38 +0200] "GET /index.php?c=ironikus&cp=5 HTTP/1.1" 200 17768 "-" "Mozilla/5.0 (compatible; AhrefsBot/7.0; +http://ahrefs.com/robot/)"
168.119.96.239 - - [11/Aug/2025:18:39:24 +0200] "HEAD / HTTP/1.1" 200 0 "http://nagybistvan.hu" "Mozilla/5.0+(compatible; UptimeRobot/2.0; http://www.uptimerobot.com/)"
66.249.64.132 - - [11/Aug/2025:18:43:10 +0200] "GET /korai/images/Utcar%E9szlet.jpg HTTP/1.1" 304 - "-" "Googlebot-Image/1.0"
49.13.167.123 - - [11/Aug/2025:18:44:28 +0200] "HEAD / HTTP/1.1" 200 0 "http://nagybistvan.hu" "Mozilla/5.0+(compatible; UptimeRobot/2.0; http://www.uptimerobot.com/)"
54.36.148.110 - - [11/Aug/2025:18:47:35 +0200] "GET /index.php?c=ironikus&cp=2 HTTP/1.1" 200 16630 "-" "Mozilla/5.0 (compatible; AhrefsBot/7.0; +http://ahrefs.com/robot/)"
78.47.173.76 - - [11/Aug/2025:18:49:32 +0200] "HEAD / HTTP/1.1" 200 0 "http://nagybistvan.hu" "Mozilla/5.0+(compatible; UptimeRobot/2.0; http://www.uptimerobot.com/)"
159.69.158.189 - - [11/Aug/2025:18:54:36 +0200] "HEAD / HTTP/1.1" 200 0 "http://nagybistvan.hu" "Mozilla/5.0+(compatible; UptimeRobot/2.0; http://www.uptimerobot.com/)"
49.13.130.29 - - [11/Aug/2025:18:59:40 +0200] "HEAD / HTTP/1.1" 200 0 "http://nagybistvan.hu" "Mozilla/5.0+(compatible; UptimeRobot/2.0; http://www.uptimerobot.com/)"
54.36.148.30 - - [11/Aug/2025:19:00:52 +0200] "GET /index.php?c=ironikus&cp=4 HTTP/1.1" 200 17936 "-" "Mozilla/5.0 (compatible; AhrefsBot/7.0; +http://ahrefs.com/robot/)"
66.249.64.107 - - [11/Aug/2025:19:01:11 +0200] "GET /media/image/21.413.001.jpg HTTP/1.1" 200 97215 "-" "Googlebot-Image/1.0"
128.140.106.114 - - [11/Aug/2025:19:04:44 +0200] "HEAD / HTTP/1.1" 200 0 "http://nagybistvan.hu" "Mozilla/5.0+(compatible; UptimeRobot/2.0; http://www.uptimerobot.com/)"
168.119.53.160 - - [11/Aug/2025:19:09:48 +0200] "HEAD / HTTP/1.1" 200 0 "http://nagybistvan.hu" "Mozilla/5.0+(compatible; UptimeRobot/2.0; http://www.uptimerobot.com/)"
49.13.130.29 - - [11/Aug/2025:19:14:51 +0200] "HEAD / HTTP/1.1" 200 0 "http://nagybistvan.hu" "Mozilla/5.0+(compatible; UptimeRobot/2.0; http://www.uptimerobot.com/)"
54.36.149.17 - - [11/Aug/2025:19:15:10 +0200] "GET /index.php?c=ironikus&cp=3 HTTP/1.1" 200 18340 "-" "Mozilla/5.0 (compatible; AhrefsBot/7.0; +http://ahrefs.com/robot/)"
128.140.106.114 - - [11/Aug/2025:19:19:55 +0200] "HEAD / HTTP/1.1" 200 0 "http://nagybistvan.hu" "Mozilla/5.0+(compatible; UptimeRobot/2.0; http://www.uptimerobot.com/)"
157.90.155.240 - - [11/Aug/2025:19:25:00 +0200] "HEAD / HTTP/1.1" 200 0 "http://nagybistvan.hu" "Mozilla/5.0+(compatible; UptimeRobot/2.0; http://www.uptimerobot.com/)"
168.119.96.239 - - [11/Aug/2025:19:30:04 +0200] "HEAD / HTTP/1.1" 200 0 "http://nagybistvan.hu" "Mozilla/5.0+(compatible; UptimeRobot/2.0; http://www.uptimerobot.com/)"
34.75.47.18 - - [11/Aug/2025:19:32:01 +0200] "HEAD /wordpress HTTP/1.1" 404 0 "-" "Mozilla/5.0 (Windows NT 10.0; Win64; x64) AppleWebKit/537.36 (KHTML, like Gecko) Chrome/74.0.3729.169 Safari/537.36"
34.75.47.18 - - [11/Aug/2025:19:32:01 +0200] "HEAD / HTTP/1.1" 200 0 "-" "Mozilla/5.0 (Windows NT 10.0; Win64; x64) AppleWebKit/537.36 (KHTML, like Gecko) Chrome/74.0.3729.169 Safari/537.36"
34.75.47.18 - - [11/Aug/2025:19:32:01 +0200] "HEAD /wp HTTP/1.1" 404 0 "-" "Mozilla/5.0 (Windows NT 10.0; Win64; x64) AppleWebKit/537.36 (KHTML, like Gecko) Chrome/74.0.3729.169 Safari/537.36"
34.75.47.18 - - [11/Aug/2025:19:32:02 +0200] "HEAD /bc HTTP/1.1" 404 0 "-" "Mozilla/5.0 (Windows NT 10.0; Win64; x64) AppleWebKit/537.36 (KHTML, like Gecko) Chrome/74.0.3729.169 Safari/537.36"
34.75.47.18 - - [11/Aug/2025:19:32:02 +0200] "HEAD /bk HTTP/1.1" 404 0 "-" "Mozilla/5.0 (Windows NT 10.0; Win64; x64) AppleWebKit/537.36 (KHTML, like Gecko) Chrome/74.0.3729.169 Safari/537.36"
34.75.47.18 - - [11/Aug/2025:19:32:02 +0200] "HEAD /backup HTTP/1.1" 404 0 "-" "Mozilla/5.0 (Windows NT 10.0; Win64; x64) AppleWebKit/537.36 (KHTML, like Gecko) Chrome/74.0.3729.169 Safari/537.36"
34.75.47.18 - - [11/Aug/2025:19:32:02 +0200] "HEAD /old HTTP/1.1" 404 0 "-" "Mozilla/5.0 (Windows NT 10.0; Win64; x64) AppleWebKit/537.36 (KHTML, like Gecko) Chrome/74.0.3729.169 Safari/537.36"
34.75.47.18 - - [11/Aug/2025:19:32:02 +0200] "HEAD /new HTTP/1.1" 404 0 "-" "Mozilla/5.0 (Windows NT 10.0; Win64; x64) AppleWebKit/537.36 (KHTML, like Gecko) Chrome/74.0.3729.169 Safari/537.36"
34.75.47.18 - - [11/Aug/2025:19:32:02 +0200] "HEAD /main HTTP/1.1" 404 0 "-" "Mozilla/5.0 (Windows NT 10.0; Win64; x64) AppleWebKit/537.36 (KHTML, like Gecko) Chrome/74.0.3729.169 Safari/537.36"
34.75.47.18 - - [11/Aug/2025:19:32:02 +0200] "HEAD /home HTTP/1.1" 404 0 "-" "Mozilla/5.0 (Windows NT 10.0; Win64; x64) AppleWebKit/537.36 (KHTML, like Gecko) Chrome/74.0.3729.169 Safari/537.36"
168.119.123.75 - - [11/Aug/2025:19:35:08 +0200] "HEAD / HTTP/1.1" 200 0 "http://nagybistvan.hu" "Mozilla/5.0+(compatible; UptimeRobot/2.0; http://www.uptimerobot.com/)"
51.222.253.9 - - [11/Aug/2025:19:36:30 +0200] "GET /index.php?c=csoportos HTTP/1.1" 200 13225 "-" "Mozilla/5.0 (compatible; AhrefsBot/7.0; +http://ahrefs.com/robot/)"
51.222.253.16 - - [11/Aug/2025:19:37:18 +0200] "GET /media/image/24.324.001.jpg HTTP/1.1" 200 116165 "-" "Mozilla/5.0 (compatible; AhrefsBot/7.0; +http://ahrefs.com/robot/)"
49.13.164.148 - - [11/Aug/2025:19:40:12 +0200] "HEAD / HTTP/1.1" 200 0 "http://nagybistvan.hu" "Mozilla/5.0+(compatible; UptimeRobot/2.0; http://www.uptimerobot.com/)"
142.132.180.39 - - [11/Aug/2025:19:45:16 +0200] "HEAD / HTTP/1.1" 200 0 "http://nagybistvan.hu" "Mozilla/5.0+(compatible; UptimeRobot/2.0; http://www.uptimerobot.com/)"
128.140.41.193 - - [11/Aug/2025:19:50:22 +0200] "HEAD / HTTP/1.1" 200 0 "http://nagybistvan.hu" "Mozilla/5.0+(compatible; UptimeRobot/2.0; http://www.uptimerobot.com/)"
54.36.148.145 - - [11/Aug/2025:19:51:14 +0200] "GET /index.php?c=ironikus&cp=6 HTTP/1.1" 200 12179 "-" "Mozilla/5.0 (compatible; AhrefsBot/7.0; +http://ahrefs.com/robot/)"
54.36.148.238 - - [11/Aug/2025:19:52:26 +0200] "GET /media/image/07.197.001.jpg HTTP/1.1" 200 92251 "-" "Mozilla/5.0 (compatible; AhrefsBot/7.0; +http://ahrefs.com/robot/)"
54.36.148.164 - - [11/Aug/2025:19:52:28 +0200] "GET /media/image/07.195.001.jpg HTTP/1.1" 200 204057 "-" "Mozilla/5.0 (compatible; AhrefsBot/7.0; +http://ahrefs.com/robot/)"
128.140.106.114 - - [11/Aug/2025:19:55:27 +0200] "HEAD / HTTP/1.1" 200 0 "http://nagybistvan.hu" "Mozilla/5.0+(compatible; UptimeRobot/2.0; http://www.uptimerobot.com/)"
54.36.148.14 - - [11/Aug/2025:20:00:07 +0200] "GET /index.php?c=szemely&cp=4 HTTP/1.1" 200 16984 "-" "Mozilla/5.0 (compatible; AhrefsBot/7.0; +http://ahrefs.com/robot/)"
78.47.173.76 - - [11/Aug/2025:20:00:30 +0200] "HEAD / HTTP/1.1" 200 0 "http://nagybistvan.hu" "Mozilla/5.0+(compatible; UptimeRobot/2.0; http://www.uptimerobot.com/)"
49.13.130.29 - - [11/Aug/2025:20:05:34 +0200] "HEAD / HTTP/1.1" 200 0 "http://nagybistvan.hu" "Mozilla/5.0+(compatible; UptimeRobot/2.0; http://www.uptimerobot.com/)"
54.36.148.30 - - [11/Aug/2025:20:07:55 +0200] "GET /index.php?c=szemely&cp=3 HTTP/1.1" 200 17032 "-" "Mozilla/5.0 (compatible; AhrefsBot/7.0; +http://ahrefs.com/robot/)"
128.140.106.114 - - [11/Aug/2025:20:10:38 +0200] "HEAD / HTTP/1.1" 200 0 "http://nagybistvan.hu" "Mozilla/5.0+(compatible; UptimeRobot/2.0; http://www.uptimerobot.com/)"
168.119.96.239 - - [11/Aug/2025:20:15:43 +0200] "HEAD / HTTP/1.1" 200 0 "http://nagybistvan.hu" "Mozilla/5.0+(compatible; UptimeRobot/2.0; http://www.uptimerobot.com/)"
51.222.253.3 - - [11/Aug/2025:20:15:55 +0200] "GET /index.php?c=bio HTTP/1.1" 200 13190 "-" "Mozilla/5.0 (compatible; AhrefsBot/7.0; +http://ahrefs.com/robot/)"
51.222.253.6 - - [11/Aug/2025:20:16:48 +0200] "GET /media/image/21.341.002.jpg HTTP/1.1" 200 81636 "-" "Mozilla/5.0 (compatible; AhrefsBot/7.0; +http://ahrefs.com/robot/)"
78.46.190.63 - - [11/Aug/2025:20:20:48 +0200] "HEAD / HTTP/1.1" 200 0 "http://nagybistvan.hu" "Mozilla/5.0+(compatible; UptimeRobot/2.0; http://www.uptimerobot.com/)"
54.36.148.102 - - [11/Aug/2025:20:23:02 +0200] "GET /index.php?c=zsambek&cp=2 HTTP/1.1" 200 17136 "-" "Mozilla/5.0 (compatible; AhrefsBot/7.0; +http://ahrefs.com/robot/)"
54.36.148.208 - - [11/Aug/2025:20:24:00 +0200] "GET /media/image/30.110.137.jpg HTTP/1.1" 200 56193 "-" "Mozilla/5.0 (compatible; AhrefsBot/7.0; +http://ahrefs.com/robot/)"
54.36.148.182 - - [11/Aug/2025:20:24:01 +0200] "GET /media/image/21.110.130.jpg HTTP/1.1" 200 244534 "-" "Mozilla/5.0 (compatible; AhrefsBot/7.0; +http://ahrefs.com/robot/)"
54.36.148.26 - - [11/Aug/2025:20:24:02 +0200] "GET /media/image/30.110.128.jpg HTTP/1.1" 200 170731 "-" "Mozilla/5.0 (compatible; AhrefsBot/7.0; +http://ahrefs.com/robot/)"
54.36.148.172 - - [11/Aug/2025:20:24:04 +0200] "GET /media/image/22.110.104.jpg HTTP/1.1" 200 237121 "-" "Mozilla/5.0 (compatible; AhrefsBot/7.0; +http://ahrefs.com/robot/)"
54.36.148.214 - - [11/Aug/2025:20:24:05 +0200] "GET /media/image/23.110.030.jpg HTTP/1.1" 200 120328 "-" "Mozilla/5.0 (compatible; AhrefsBot/7.0; +http://ahrefs.com/robot/)"
54.36.149.73 - - [11/Aug/2025:20:24:07 +0200] "GET /media/image/07.110.121.jpg HTTP/1.1" 200 140671 "-" "Mozilla/5.0 (compatible; AhrefsBot/7.0; +http://ahrefs.com/robot/)"
54.36.148.242 - - [11/Aug/2025:20:24:08 +0200] "GET /media/image/07.110.123.jpg HTTP/1.1" 200 121538 "-" "Mozilla/5.0 (compatible; AhrefsBot/7.0; +http://ahrefs.com/robot/)"
54.36.148.60 - - [11/Aug/2025:20:24:09 +0200] "GET /media/image/23.110.049.jpg HTTP/1.1" 200 121170 "-" "Mozilla/5.0 (compatible; AhrefsBot/7.0; +http://ahrefs.com/robot/)"
54.36.148.160 - - [11/Aug/2025:20:24:10 +0200] "GET /media/image/21.110.002.jpg HTTP/1.1" 200 161563 "-" "Mozilla/5.0 (compatible; AhrefsBot/7.0; +http://ahrefs.com/robot/)"
54.36.149.72 - - [11/Aug/2025:20:24:12 +0200] "GET /media/image/07.110.040.jpg HTTP/1.1" 200 98380 "-" "Mozilla/5.0 (compatible; AhrefsBot/7.0; +http://ahrefs.com/robot/)"
54.36.148.116 - - [11/Aug/2025:20:24:13 +0200] "GET /media/image/07.110.037.jpg HTTP/1.1" 200 150058 "-" "Mozilla/5.0 (compatible; AhrefsBot/7.0; +http://ahrefs.com/robot/)"
54.36.148.53 - - [11/Aug/2025:20:24:14 +0200] "GET /media/image/07.110.046.jpg HTTP/1.1" 200 122600 "-" "Mozilla/5.0 (compatible; AhrefsBot/7.0; +http://ahrefs.com/robot/)"
168.119.53.160 - - [11/Aug/2025:20:25:52 +0200] "HEAD / HTTP/1.1" 200 0 "http://nagybistvan.hu" "Mozilla/5.0+(compatible; UptimeRobot/2.0; http://www.uptimerobot.com/)"
66.249.64.132 - - [11/Aug/2025:20:29:16 +0200] "GET /media/image/07.038.001.jpg HTTP/1.1" 200 94036 "-" "Googlebot-Image/1.0"
54.36.148.177 - - [11/Aug/2025:20:30:10 +0200] "GET /index.php?c=szemely&cp=2 HTTP/1.1" 200 18508 "-" "Mozilla/5.0 (compatible; AhrefsBot/7.0; +http://ahrefs.com/robot/)"
49.13.167.123 - - [11/Aug/2025:20:30:56 +0200] "HEAD / HTTP/1.1" 200 0 "http://nagybistvan.hu" "Mozilla/5.0+(compatible; UptimeRobot/2.0; http://www.uptimerobot.com/)"
167.235.143.113 - - [11/Aug/2025:20:36:00 +0200] "HEAD / HTTP/1.1" 200 0 "http://nagybistvan.hu" "Mozilla/5.0+(compatible; UptimeRobot/2.0; http://www.uptimerobot.com/)"
54.36.149.88 - - [11/Aug/2025:20:37:03 +0200] "GET /index.php?c=zsambek&cp=3 HTTP/1.1" 200 17077 "-" "Mozilla/5.0 (compatible; AhrefsBot/7.0; +http://ahrefs.com/robot/)"
157.90.155.240 - - [11/Aug/2025:20:41:04 +0200] "HEAD / HTTP/1.1" 200 0 "http://nagybistvan.hu" "Mozilla/5.0+(compatible; UptimeRobot/2.0; http://www.uptimerobot.com/)"
54.36.148.51 - - [11/Aug/2025:20:44:59 +0200] "GET /index.php?c=zsambek&cp=4 HTTP/1.1" 200 17406 "-" "Mozilla/5.0 (compatible; AhrefsBot/7.0; +http://ahrefs.com/robot/)"
172.192.59.58 - - [11/Aug/2025:20:45:40 +0200] "GET /wp-content/plugins/hellopress/wp_filemanager.php HTTP/1.1" 404 1181 "-" "-"
172.192.59.58 - - [11/Aug/2025:20:45:40 +0200] "GET /.trash7309/index.php HTTP/1.1" 404 1181 "-" "-"
172.192.59.58 - - [11/Aug/2025:20:45:40 +0200] "GET /deployment.php HTTP/1.1" 404 37 "-" "-"
172.192.59.58 - - [11/Aug/2025:20:45:40 +0200] "GET /goat.php HTTP/1.1" 404 37 "-" "-"
172.192.59.58 - - [11/Aug/2025:20:45:40 +0200] "GET /sHS.php HTTP/1.1" 404 37 "-" "-"
172.192.59.58 - - [11/Aug/2025:20:45:41 +0200] "GET /checkbox.php HTTP/1.1" 404 37 "-" "-"
172.192.59.58 - - [11/Aug/2025:20:45:41 +0200] "GET /suu.php HTTP/1.1" 404 37 "-" "-"
172.192.59.58 - - [11/Aug/2025:20:45:41 +0200] "GET /debug.php HTTP/1.1" 404 37 "-" "-"
172.192.59.58 - - [11/Aug/2025:20:45:41 +0200] "GET /6.php HTTP/1.1" 404 37 "-" "-"
172.192.59.58 - - [11/Aug/2025:20:45:42 +0200] "GET /header.php HTTP/1.1" 404 37 "-" "-"
172.192.59.58 - - [11/Aug/2025:20:45:42 +0200] "GET /5index.php HTTP/1.1" 404 37 "-" "-"
172.192.59.58 - - [11/Aug/2025:20:45:42 +0200] "GET /staging.php HTTP/1.1" 404 37 "-" "-"
172.192.59.58 - - [11/Aug/2025:20:45:42 +0200] "GET /faq.php HTTP/1.1" 404 37 "-" "-"
172.192.59.58 - - [11/Aug/2025:20:45:43 +0200] "GET /wp-includes/ID3/index.php HTTP/1.1" 404 1181 "-" "-"
172.192.59.58 - - [11/Aug/2025:20:45:43 +0200] "GET /filemanager.php HTTP/1.1" 404 37 "-" "-"
172.192.59.58 - - [11/Aug/2025:20:45:43 +0200] "GET /403.php HTTP/1.1" 404 37 "-" "-"
172.192.59.58 - - [11/Aug/2025:20:45:43 +0200] "GET /404.php HTTP/1.1" 404 37 "-" "-"
172.192.59.58 - - [11/Aug/2025:20:45:44 +0200] "GET /wp-content/wp-conflg.php HTTP/1.1" 404 1181 "-" "-"
88.99.80.227 - - [11/Aug/2025:20:46:09 +0200] "HEAD / HTTP/1.1" 200 0 "http://nagybistvan.hu" "Mozilla/5.0+(compatible; UptimeRobot/2.0; http://www.uptimerobot.com/)"
49.13.134.145 - - [11/Aug/2025:20:51:13 +0200] "HEAD / HTTP/1.1" 200 0 "http://nagybistvan.hu" "Mozilla/5.0+(compatible; UptimeRobot/2.0; http://www.uptimerobot.com/)"
54.36.148.27 - - [11/Aug/2025:20:52:24 +0200] "GET /index.php?c=szemely&cp=5 HTTP/1.1" 200 12841 "-" "Mozilla/5.0 (compatible; AhrefsBot/7.0; +http://ahrefs.com/robot/)"
49.13.167.123 - - [11/Aug/2025:20:56:17 +0200] "HEAD / HTTP/1.1" 200 0 "http://nagybistvan.hu" "Mozilla/5.0+(compatible; UptimeRobot/2.0; http://www.uptimerobot.com/)"
54.36.148.248 - - [11/Aug/2025:20:59:34 +0200] "GET /index.php?c=korai&cp=3 HTTP/1.1" 200 16331 "-" "Mozilla/5.0 (compatible; AhrefsBot/7.0; +http://ahrefs.com/robot/)"
157.90.156.63 - - [11/Aug/2025:21:01:21 +0200] "HEAD / HTTP/1.1" 200 0 "http://nagybistvan.hu" "Mozilla/5.0+(compatible; UptimeRobot/2.0; http://www.uptimerobot.com/)"
49.13.167.123 - - [11/Aug/2025:21:06:25 +0200] "HEAD / HTTP/1.1" 200 0 "http://nagybistvan.hu" "Mozilla/5.0+(compatible; UptimeRobot/2.0; http://www.uptimerobot.com/)"
54.36.148.232 - - [11/Aug/2025:21:06:39 +0200] "GET /index.php?c=korai&cp=2 HTTP/1.1" 200 16428 "-" "Mozilla/5.0 (compatible; AhrefsBot/7.0; +http://ahrefs.com/robot/)"
168.119.53.160 - - [11/Aug/2025:21:11:29 +0200] "HEAD / HTTP/1.1" 200 0 "http://nagybistvan.hu" "Mozilla/5.0+(compatible; UptimeRobot/2.0; http://www.uptimerobot.com/)"
54.36.148.98 - - [11/Aug/2025:21:14:06 +0200] "GET /index.php?c=zsambek&cp=5 HTTP/1.1" 200 12903 "-" "Mozilla/5.0 (compatible; AhrefsBot/7.0; +http://ahrefs.com/robot/)"
168.119.123.75 - - [11/Aug/2025:21:16:33 +0200] "HEAD / HTTP/1.1" 200 0 "http://nagybistvan.hu" "Mozilla/5.0+(compatible; UptimeRobot/2.0; http://www.uptimerobot.com/)"
54.36.149.14 - - [11/Aug/2025:21:20:46 +0200] "GET /index.php?c=Nagy_B_I_07 HTTP/1.1" 200 18337 "-" "Mozilla/5.0 (compatible; AhrefsBot/7.0; +http://ahrefs.com/robot/)"
157.90.156.63 - - [11/Aug/2025:21:21:37 +0200] "HEAD / HTTP/1.1" 200 0 "http://nagybistvan.hu" "Mozilla/5.0+(compatible; UptimeRobot/2.0; http://www.uptimerobot.com/)"
128.140.41.193 - - [11/Aug/2025:21:26:42 +0200] "HEAD / HTTP/1.1" 200 0 "http://nagybistvan.hu" "Mozilla/5.0+(compatible; UptimeRobot/2.0; http://www.uptimerobot.com/)"
54.36.148.133 - - [11/Aug/2025:21:27:25 +0200] "GET /index.php?c=korai&cp=4 HTTP/1.1" 200 15779 "-" "Mozilla/5.0 (compatible; AhrefsBot/7.0; +http://ahrefs.com/robot/)"
66.249.64.107 - - [11/Aug/2025:21:31:11 +0200] "GET /media/image/21.341.002.jpg HTTP/1.1" 200 81636 "-" "Googlebot-Image/1.0"
49.13.134.145 - - [11/Aug/2025:21:31:46 +0200] "HEAD / HTTP/1.1" 200 0 "http://nagybistvan.hu" "Mozilla/5.0+(compatible; UptimeRobot/2.0; http://www.uptimerobot.com/)"
54.36.148.209 - - [11/Aug/2025:21:34:58 +0200] "GET /index.php?c=Nagy_B_I_04 HTTP/1.1" 200 7363 "-" "Mozilla/5.0 (compatible; AhrefsBot/7.0; +http://ahrefs.com/robot/)"
168.119.53.160 - - [11/Aug/2025:21:36:50 +0200] "HEAD / HTTP/1.1" 200 0 "http://nagybistvan.hu" "Mozilla/5.0+(compatible; UptimeRobot/2.0; http://www.uptimerobot.com/)"
168.119.96.239 - - [11/Aug/2025:21:41:54 +0200] "HEAD / HTTP/1.1" 200 0 "http://nagybistvan.hu" "Mozilla/5.0+(compatible; UptimeRobot/2.0; http://www.uptimerobot.com/)"
54.36.149.89 - - [11/Aug/2025:21:42:38 +0200] "GET /index.php?c=Nagy_B_I_11 HTTP/1.1" 200 11617 "-" "Mozilla/5.0 (compatible; AhrefsBot/7.0; +http://ahrefs.com/robot/)"
78.46.190.63 - - [11/Aug/2025:21:46:57 +0200] "HEAD / HTTP/1.1" 200 0 "http://nagybistvan.hu" "Mozilla/5.0+(compatible; UptimeRobot/2.0; http://www.uptimerobot.com/)"
128.140.106.114 - - [11/Aug/2025:21:52:01 +0200] "HEAD / HTTP/1.1" 200 0 "http://nagybistvan.hu" "Mozilla/5.0+(compatible; UptimeRobot/2.0; http://www.uptimerobot.com/)"
66.249.64.132 - - [11/Aug/2025:21:54:25 +0200] "GET /media/image/07.076.001.jpg HTTP/1.1" 200 146917 "-" "Googlebot-Image/1.0"
54.36.149.1 - - [11/Aug/2025:21:55:09 +0200] "GET /index.php?c=estv HTTP/1.1" 200 5969 "-" "Mozilla/5.0 (compatible; AhrefsBot/7.0; +http://ahrefs.com/robot/)"
78.47.98.55 - - [11/Aug/2025:21:57:05 +0200] "HEAD / HTTP/1.1" 200 0 "http://nagybistvan.hu" "Mozilla/5.0+(compatible; UptimeRobot/2.0; http://www.uptimerobot.com/)"
51.222.253.9 - - [11/Aug/2025:21:59:27 +0200] "GET /index.php?c=Nagy_B_I_11 HTTP/1.1" 200 11509 "-" "Mozilla/5.0 (compatible; AhrefsBot/7.0; +http://ahrefs.com/robot/)"
51.222.253.13 - - [11/Aug/2025:22:00:00 +0200] "GET /media/image/07.007.001.jpg HTTP/1.1" 200 262340 "-" "Mozilla/5.0 (compatible; AhrefsBot/7.0; +http://ahrefs.com/robot/)"
49.13.134.145 - - [11/Aug/2025:22:02:09 +0200] "HEAD / HTTP/1.1" 200 0 "http://nagybistvan.hu" "Mozilla/5.0+(compatible; UptimeRobot/2.0; http://www.uptimerobot.com/)"
54.36.149.73 - - [11/Aug/2025:22:04:34 +0200] "GET /index.php?c=Nagy_B_I_versek HTTP/1.1" 200 7187 "-" "Mozilla/5.0 (compatible; AhrefsBot/7.0; +http://ahrefs.com/robot/)"
54.36.148.212 - - [11/Aug/2025:22:05:13 +0200] "GET /media/image/21.340.001.jpg HTTP/1.1" 200 217074 "-" "Mozilla/5.0 (compatible; AhrefsBot/7.0; +http://ahrefs.com/robot/)"
49.13.164.148 - - [11/Aug/2025:22:07:14 +0200] "HEAD / HTTP/1.1" 200 0 "http://nagybistvan.hu" "Mozilla/5.0+(compatible; UptimeRobot/2.0; http://www.uptimerobot.com/)"
54.36.149.3 - - [11/Aug/2025:22:09:27 +0200] "GET /index.php?c=veroce060708 HTTP/1.1" 200 31732 "-" "Mozilla/5.0 (compatible; AhrefsBot/7.0; +http://ahrefs.com/robot/)"
54.36.149.10 - - [11/Aug/2025:22:10:09 +0200] "GET /media/image/21.290.001.jpg HTTP/1.1" 200 90777 "-" "Mozilla/5.0 (compatible; AhrefsBot/7.0; +http://ahrefs.com/robot/)"
43.130.12.107 - - [11/Aug/2025:22:11:53 +0200] "GET / HTTP/1.1" 200 6750 "-" "Mozilla/5.0 (Windows NT 10.0; Win64; x64)"
43.130.12.107 - - [11/Aug/2025:22:11:53 +0200] "GET /irasai HTTP/1.1" 301 316 "-" "Mozilla/5.0 (Windows NT 10.0; Win64; x64)"
43.130.12.107 - - [11/Aug/2025:22:11:54 +0200] "GET /irasai/ HTTP/1.1" 302 5 "-" "Mozilla/5.0 (Windows NT 10.0; Win64; x64)"
43.130.12.107 - - [11/Aug/2025:22:11:54 +0200] "GET /index.php?c=irasai HTTP/1.1" 200 7366 "-" "Mozilla/5.0 (Windows NT 10.0; Win64; x64)"
43.130.12.107 - - [11/Aug/2025:22:11:54 +0200] "GET /bio HTTP/1.1" 301 313 "-" "Mozilla/5.0 (Windows NT 10.0; Win64; x64)"
43.130.12.107 - - [11/Aug/2025:22:11:55 +0200] "GET /bio/ HTTP/1.1" 302 5 "-" "Mozilla/5.0 (Windows NT 10.0; Win64; x64)"
43.130.12.107 - - [11/Aug/2025:22:11:55 +0200] "GET /index.php?c=bio HTTP/1.1" 200 13186 "-" "Mozilla/5.0 (Windows NT 10.0; Win64; x64)"
43.130.12.107 - - [11/Aug/2025:22:11:56 +0200] "GET /dijai HTTP/1.1" 301 315 "-" "Mozilla/5.0 (Windows NT 10.0; Win64; x64)"
43.130.12.107 - - [11/Aug/2025:22:11:56 +0200] "GET /dijai/ HTTP/1.1" 302 5 "-" "Mozilla/5.0 (Windows NT 10.0; Win64; x64)"
43.130.12.107 - - [11/Aug/2025:22:11:56 +0200] "GET /index.php?c=dijai HTTP/1.1" 200 7022 "-" "Mozilla/5.0 (Windows NT 10.0; Win64; x64)"
43.130.12.107 - - [11/Aug/2025:22:11:57 +0200] "GET /egyeni HTTP/1.1" 301 316 "-" "Mozilla/5.0 (Windows NT 10.0; Win64; x64)"
43.130.12.107 - - [11/Aug/2025:22:11:57 +0200] "GET /egyeni/ HTTP/1.1" 302 5 "-" "Mozilla/5.0 (Windows NT 10.0; Win64; x64)"
43.130.12.107 - - [11/Aug/2025:22:11:57 +0200] "GET /index.php?c=egyeni HTTP/1.1" 200 8268 "-" "Mozilla/5.0 (Windows NT 10.0; Win64; x64)"
43.130.12.107 - - [11/Aug/2025:22:11:58 +0200] "GET /csoportos HTTP/1.1" 301 319 "-" "Mozilla/5.0 (Windows NT 10.0; Win64; x64)"
43.130.12.107 - - [11/Aug/2025:22:11:58 +0200] "GET /csoportos/ HTTP/1.1" 302 5 "-" "Mozilla/5.0 (Windows NT 10.0; Win64; x64)"
43.130.12.107 - - [11/Aug/2025:22:11:58 +0200] "GET /index.php?c=csoportos HTTP/1.1" 200 13239 "-" "Mozilla/5.0 (Windows NT 10.0; Win64; x64)"
49.13.130.29 - - [11/Aug/2025:22:12:18 +0200] "HEAD / HTTP/1.1" 200 0 "http://nagybistvan.hu" "Mozilla/5.0+(compatible; UptimeRobot/2.0; http://www.uptimerobot.com/)"
54.36.148.232 - - [11/Aug/2025:22:13:48 +0200] "GET /index.php?c=Nagy_B_I_09 HTTP/1.1" 200 16461 "-" "Mozilla/5.0 (compatible; AhrefsBot/7.0; +http://ahrefs.com/robot/)"
159.69.158.189 - - [11/Aug/2025:22:17:22 +0200] "HEAD / HTTP/1.1" 200 0 "http://nagybistvan.hu" "Mozilla/5.0+(compatible; UptimeRobot/2.0; http://www.uptimerobot.com/)"
54.36.148.112 - - [11/Aug/2025:22:18:26 +0200] "GET /index.php?c=Nagy_B_I_06 HTTP/1.1" 200 9070 "-" "Mozilla/5.0 (compatible; AhrefsBot/7.0; +http://ahrefs.com/robot/)"
213.180.203.4 - - [11/Aug/2025:22:19:08 +0200] "GET /robots.txt HTTP/1.1" 404 1181 "-" "Mozilla/5.0 (compatible; YandexBot/3.0; +http://yandex.com/bots)"
87.250.224.97 - - [11/Aug/2025:22:19:08 +0200] "GET /tarskrit/pages/Aquarius.html HTTP/1.1" 200 1222 "-" "Mozilla/5.0 (compatible; YandexBot/3.0; +http://yandex.com/bots)"
157.90.156.63 - - [11/Aug/2025:22:22:26 +0200] "HEAD / HTTP/1.1" 200 0 "http://nagybistvan.hu" "Mozilla/5.0+(compatible; UptimeRobot/2.0; http://www.uptimerobot.com/)"
54.36.148.201 - - [11/Aug/2025:22:23:13 +0200] "GET /index.php?c=Nagy_B_I_13 HTTP/1.1" 200 26371 "-" "Mozilla/5.0 (compatible; AhrefsBot/7.0; +http://ahrefs.com/robot/)"
54.36.148.9 - - [11/Aug/2025:22:23:48 +0200] "GET /media/image/07.155.001.jpg HTTP/1.1" 200 129006 "-" "Mozilla/5.0 (compatible; AhrefsBot/7.0; +http://ahrefs.com/robot/)"
66.249.64.132 - - [11/Aug/2025:22:24:25 +0200] "GET /media/image/07.016.001.jpg HTTP/1.1" 200 139964 "-" "Googlebot-Image/1.0"
49.13.130.29 - - [11/Aug/2025:22:27:30 +0200] "HEAD / HTTP/1.1" 200 0 "http://nagybistvan.hu" "Mozilla/5.0+(compatible; UptimeRobot/2.0; http://www.uptimerobot.com/)"
49.13.130.29 - - [11/Aug/2025:22:32:33 +0200] "HEAD / HTTP/1.1" 200 0 "http://nagybistvan.hu" "Mozilla/5.0+(compatible; UptimeRobot/2.0; http://www.uptimerobot.com/)"
54.36.149.8 - - [11/Aug/2025:22:37:09 +0200] "GET /index.php?c=Nagy_B_I_05 HTTP/1.1" 200 6350 "-" "Mozilla/5.0 (compatible; AhrefsBot/7.0; +http://ahrefs.com/robot/)"
54.36.148.245 - - [11/Aug/2025:22:37:20 +0200] "GET /media/image/24.336.005.jpg HTTP/1.1" 200 226279 "-" "Mozilla/5.0 (compatible; AhrefsBot/7.0; +http://ahrefs.com/robot/)"
168.119.53.160 - - [11/Aug/2025:22:37:37 +0200] "HEAD / HTTP/1.1" 200 0 "http://nagybistvan.hu" "Mozilla/5.0+(compatible; UptimeRobot/2.0; http://www.uptimerobot.com/)"
66.249.64.105 - - [11/Aug/2025:22:39:25 +0200] "GET /media/image/24.110.063.jpg HTTP/1.1" 200 131333 "-" "Googlebot-Image/1.0"
49.13.24.81 - - [11/Aug/2025:22:42:41 +0200] "HEAD / HTTP/1.1" 200 0 "http://nagybistvan.hu" "Mozilla/5.0+(compatible; UptimeRobot/2.0; http://www.uptimerobot.com/)"
78.47.173.76 - - [11/Aug/2025:22:47:46 +0200] "HEAD / HTTP/1.1" 200 0 "http://nagybistvan.hu" "Mozilla/5.0+(compatible; UptimeRobot/2.0; http://www.uptimerobot.com/)"
78.47.98.55 - - [11/Aug/2025:22:52:50 +0200] "HEAD / HTTP/1.1" 200 0 "http://nagybistvan.hu" "Mozilla/5.0+(compatible; UptimeRobot/2.0; http://www.uptimerobot.com/)"
54.36.148.193 - - [11/Aug/2025:22:53:33 +0200] "GET /index.php?c=Nagy_B_I_08 HTTP/1.1" 200 27888 "-" "Mozilla/5.0 (compatible; AhrefsBot/7.0; +http://ahrefs.com/robot/)"
54.36.148.72 - - [11/Aug/2025:22:53:43 +0200] "GET /media/image/07.110.125.jpg HTTP/1.1" 200 204953 "-" "Mozilla/5.0 (compatible; AhrefsBot/7.0; +http://ahrefs.com/robot/)"
49.13.167.123 - - [11/Aug/2025:22:58:03 +0200] "HEAD / HTTP/1.1" 200 0 "http://nagybistvan.hu" "Mozilla/5.0+(compatible; UptimeRobot/2.0; http://www.uptimerobot.com/)"
49.13.130.29 - - [11/Aug/2025:23:03:10 +0200] "HEAD / HTTP/1.1" 200 0 "http://nagybistvan.hu" "Mozilla/5.0+(compatible; UptimeRobot/2.0; http://www.uptimerobot.com/)"
49.13.130.29 - - [11/Aug/2025:23:08:13 +0200] "HEAD / HTTP/1.1" 200 0 "http://nagybistvan.hu" "Mozilla/5.0+(compatible; UptimeRobot/2.0; http://www.uptimerobot.com/)"
43.128.149.102 - - [11/Aug/2025:23:09:57 +0200] "GET / HTTP/1.1" 200 6776 "-" "Mozilla/5.0 (iPhone; CPU iPhone OS 13_2_3 like Mac OS X) AppleWebKit/605.1.15 (KHTML, like Gecko) Version/13.0.3 Mobile/15E148 Safari/604.1"
51.222.253.10 - - [11/Aug/2025:23:11:10 +0200] "GET /index.php?c=Nagy_B_I_01 HTTP/1.1" 200 12883 "-" "Mozilla/5.0 (compatible; AhrefsBot/7.0; +http://ahrefs.com/robot/)"
51.222.253.7 - - [11/Aug/2025:23:11:57 +0200] "GET /media/image/07.054.001.jpg HTTP/1.1" 200 153249 "-" "Mozilla/5.0 (compatible; AhrefsBot/7.0; +http://ahrefs.com/robot/)"
128.140.41.193 - - [11/Aug/2025:23:13:16 +0200] "HEAD / HTTP/1.1" 200 0 "http://nagybistvan.hu" "Mozilla/5.0+(compatible; UptimeRobot/2.0; http://www.uptimerobot.com/)"
66.249.64.130 - - [11/Aug/2025:23:15:22 +0200] "GET /media/image/07.058.001.jpg HTTP/1.1" 200 126440 "-" "Googlebot-Image/1.0"
49.13.167.123 - - [11/Aug/2025:23:18:20 +0200] "HEAD / HTTP/1.1" 200 0 "http://nagybistvan.hu" "Mozilla/5.0+(compatible; UptimeRobot/2.0; http://www.uptimerobot.com/)"
78.46.190.63 - - [11/Aug/2025:23:23:25 +0200] "HEAD / HTTP/1.1" 200 0 "http://nagybistvan.hu" "Mozilla/5.0+(compatible; UptimeRobot/2.0; http://www.uptimerobot.com/)"
43.130.102.7 - - [11/Aug/2025:23:24:03 +0200] "GET /kepek HTTP/1.1" 301 315 "-" "Mozilla/5.0 (iPhone; CPU iPhone OS 13_2_3 like Mac OS X) AppleWebKit/605.1.15 (KHTML, like Gecko) Version/13.0.3 Mobile/15E148 Safari/604.1"
43.130.102.7 - - [11/Aug/2025:23:24:05 +0200] "GET /kepek/ HTTP/1.1" 302 5 "http://nagybistvan.hu/kepek" "Mozilla/5.0 (iPhone; CPU iPhone OS 13_2_3 like Mac OS X) AppleWebKit/605.1.15 (KHTML, like Gecko) Version/13.0.3 Mobile/15E148 Safari/604.1"
43.130.102.7 - - [11/Aug/2025:23:24:08 +0200] "GET /index.php?c=kepek HTTP/1.1" 200 10177 "http://nagybistvan.hu/kepek/" "Mozilla/5.0 (iPhone; CPU iPhone OS 13_2_3 like Mac OS X) AppleWebKit/605.1.15 (KHTML, like Gecko) Version/13.0.3 Mobile/15E148 Safari/604.1"
