23.100.100.51 - - [10/Feb/2026:01:57:36 +0100] "GET /wp-cron.php HTTP/1.1" 404 37 "-" "-"
23.100.100.51 - - [10/Feb/2026:01:57:37 +0100] "GET /wp-admin/js/widgets/ HTTP/1.1" 404 1181 "-" "-"
23.100.100.51 - - [10/Feb/2026:01:57:37 +0100] "GET /css/index.php HTTP/1.1" 404 1181 "-" "-"
23.100.100.51 - - [10/Feb/2026:01:57:37 +0100] "GET /wp-content/wp-conflg.php HTTP/1.1" 404 1181 "-" "-"
23.100.100.51 - - [10/Feb/2026:01:57:37 +0100] "GET /wp-admin/user/index.php HTTP/1.1" 404 1181 "-" "-"
23.100.100.51 - - [10/Feb/2026:01:57:38 +0100] "GET /wp-includes/css/index.php HTTP/1.1" 404 1181 "-" "-"
23.100.100.51 - - [10/Feb/2026:01:57:38 +0100] "GET /backup.php HTTP/1.1" 404 37 "-" "-"
23.100.100.51 - - [10/Feb/2026:01:57:38 +0100] "GET /images/class-config.php HTTP/1.1" 404 1181 "-" "-"
23.100.100.51 - - [10/Feb/2026:01:57:49 +0100] "GET /wp-admin.php HTTP/1.1" 404 37 "-" "-"
23.100.100.51 - - [10/Feb/2026:01:57:49 +0100] "GET /akc.php HTTP/1.1" 404 37 "-" "-"
23.100.100.51 - - [10/Feb/2026:01:57:49 +0100] "GET /wp-includes/block-bindings/ HTTP/1.1" 404 1181 "-" "-"
23.100.100.51 - - [10/Feb/2026:01:57:50 +0100] "GET /wp-content/themes/sky-pro/js.php HTTP/1.1" 404 1181 "-" "-"
23.100.100.51 - - [10/Feb/2026:01:57:50 +0100] "GET /test1.php HTTP/1.1" 404 37 "-" "-"
23.100.100.51 - - [10/Feb/2026:01:57:50 +0100] "GET /bolt.php HTTP/1.1" 404 37 "-" "-"
23.100.100.51 - - [10/Feb/2026:01:57:50 +0100] "GET /help.php HTTP/1.1" 404 37 "-" "-"
23.100.100.51 - - [10/Feb/2026:01:57:51 +0100] "GET /atomlib.php HTTP/1.1" 404 37 "-" "-"
23.100.100.51 - - [10/Feb/2026:01:57:51 +0100] "GET /wp-good.php HTTP/1.1" 404 37 "-" "-"
23.100.100.51 - - [10/Feb/2026:01:58:01 +0100] "GET /gecko.php HTTP/1.1" 404 37 "-" "-"
23.100.100.51 - - [10/Feb/2026:01:58:01 +0100] "GET /wp-content/et-cache/ HTTP/1.1" 404 1181 "-" "-"
23.100.100.51 - - [10/Feb/2026:01:58:02 +0100] "GET /news.php HTTP/1.1" 404 37 "-" "-"
23.100.100.51 - - [10/Feb/2026:01:58:02 +0100] "GET /xmlrpc.php HTTP/1.1" 404 37 "-" "-"
23.100.100.51 - - [10/Feb/2026:01:58:02 +0100] "GET /new.php HTTP/1.1" 404 37 "-" "-"
23.100.100.51 - - [10/Feb/2026:01:58:02 +0100] "GET /wp-admin/css/colors/light/about.php HTTP/1.1" 404 1181 "-" "-"
23.100.100.51 - - [10/Feb/2026:01:58:03 +0100] "GET /wp-admin/maint/about.php HTTP/1.1" 404 1181 "-" "-"
23.100.100.51 - - [10/Feb/2026:01:58:03 +0100] "GET /css/admin.php HTTP/1.1" 404 1181 "-" "-"
23.100.100.51 - - [10/Feb/2026:01:58:17 +0100] "GET /wp-admin/images/file.php HTTP/1.1" 404 1181 "-" "-"
23.100.100.51 - - [10/Feb/2026:01:58:17 +0100] "GET /server.php HTTP/1.1" 404 37 "-" "-"
23.100.100.51 - - [10/Feb/2026:01:58:17 +0100] "GET /wp-signin.php HTTP/1.1" 404 37 "-" "-"
23.100.100.51 - - [10/Feb/2026:01:58:17 +0100] "GET /wp-admin/file.php HTTP/1.1" 404 1181 "-" "-"
23.100.100.51 - - [10/Feb/2026:01:58:18 +0100] "GET /wp-admin/includes/index.php HTTP/1.1" 404 1181 "-" "-"
23.100.100.51 - - [10/Feb/2026:01:58:18 +0100] "GET /wp-includes/block-supports/index.php HTTP/1.1" 404 1181 "-" "-"
23.100.100.51 - - [10/Feb/2026:01:58:18 +0100] "GET /class.php HTTP/1.1" 404 37 "-" "-"
23.100.100.51 - - [10/Feb/2026:01:58:19 +0100] "GET /wp.php HTTP/1.1" 404 37 "-" "-"
23.100.100.51 - - [10/Feb/2026:01:58:19 +0100] "GET /wp-includes/js/tinymce/skins/wordpress/images/index.php HTTP/1.1" 404 1181 "-" "-"
78.46.190.63 - - [10/Feb/2026:01:58:39 +0100] "HEAD / HTTP/1.1" 200 0 "http://nagybistvan.hu" "Mozilla/5.0+(compatible; UptimeRobot/2.0; http://www.uptimerobot.com/)"
23.100.100.51 - - [10/Feb/2026:01:59:10 +0100] "GET /wp-content/shell20211028.php HTTP/1.1" 404 1181 "-" "-"
23.100.100.51 - - [10/Feb/2026:01:59:10 +0100] "GET /wp-admin/images/index.php HTTP/1.1" 404 1181 "-" "-"
23.100.100.51 - - [10/Feb/2026:01:59:10 +0100] "GET /special.php HTTP/1.1" 404 37 "-" "-"
23.100.100.51 - - [10/Feb/2026:01:59:10 +0100] "GET /wp-includes/js/index.php HTTP/1.1" 404 1181 "-" "-"
168.119.123.75 - - [10/Feb/2026:02:03:42 +0100] "HEAD / HTTP/1.1" 200 0 "http://nagybistvan.hu" "Mozilla/5.0+(compatible; UptimeRobot/2.0; http://www.uptimerobot.com/)"
54.37.118.91 - - [10/Feb/2026:02:05:13 +0100] "GET /index.php?c=szilasi_01 HTTP/1.1" 200 7440 "-" "Mozilla/5.0 (compatible; AhrefsBot/7.0; +http://ahrefs.com/robot/)"
49.13.130.29 - - [10/Feb/2026:02:08:47 +0100] "HEAD / HTTP/1.1" 200 0 "http://nagybistvan.hu" "Mozilla/5.0+(compatible; UptimeRobot/2.0; http://www.uptimerobot.com/)"
88.99.80.227 - - [10/Feb/2026:02:13:50 +0100] "HEAD / HTTP/1.1" 200 0 "http://nagybistvan.hu" "Mozilla/5.0+(compatible; UptimeRobot/2.0; http://www.uptimerobot.com/)"
52.28.162.93 - - [10/Feb/2026:02:18:55 +0100] "HEAD / HTTP/1.1" 200 0 "http://nagybistvan.hu" "Mozilla/5.0+(compatible; UptimeRobot/2.0; http://www.uptimerobot.com/)"
176.31.139.15 - - [10/Feb/2026:02:19:53 +0100] "GET /index.php?c=losonci HTTP/1.1" 200 6787 "-" "Mozilla/5.0 (compatible; AhrefsBot/7.0; +http://ahrefs.com/robot/)"
78.47.173.76 - - [10/Feb/2026:02:24:01 +0100] "HEAD / HTTP/1.1" 200 0 "http://nagybistvan.hu" "Mozilla/5.0+(compatible; UptimeRobot/2.0; http://www.uptimerobot.com/)"
91.98.86.116 - - [10/Feb/2026:02:28:58 +0100] "HEAD / HTTP/1.1" 200 0 "-" "Mozilla/5.0 (Windows NT 10.0; Win64; x64) AppleWebKit/537.36 (KHTML, like Gecko) Chrome/143.0.7499.110 Safari/537.36"
91.98.86.116 - - [10/Feb/2026:02:28:58 +0100] "GET / HTTP/1.1" 200 6740 "-" "Mozilla/5.0 (Windows NT 10.0; Win64; x64) AppleWebKit/537.36 (KHTML, like Gecko) Chrome/143.0.7499.110 Safari/537.36"
128.140.41.193 - - [10/Feb/2026:02:29:04 +0100] "HEAD / HTTP/1.1" 200 0 "http://nagybistvan.hu" "Mozilla/5.0+(compatible; UptimeRobot/2.0; http://www.uptimerobot.com/)"
49.13.134.145 - - [10/Feb/2026:02:34:10 +0100] "HEAD / HTTP/1.1" 200 0 "http://nagybistvan.hu" "Mozilla/5.0+(compatible; UptimeRobot/2.0; http://www.uptimerobot.com/)"
168.119.123.75 - - [10/Feb/2026:02:39:14 +0100] "HEAD / HTTP/1.1" 200 0 "http://nagybistvan.hu" "Mozilla/5.0+(compatible; UptimeRobot/2.0; http://www.uptimerobot.com/)"
168.119.96.239 - - [10/Feb/2026:02:44:18 +0100] "HEAD / HTTP/1.1" 200 0 "http://nagybistvan.hu" "Mozilla/5.0+(compatible; UptimeRobot/2.0; http://www.uptimerobot.com/)"
52.28.162.93 - - [10/Feb/2026:02:49:23 +0100] "HEAD / HTTP/1.1" 200 0 "http://nagybistvan.hu" "Mozilla/5.0+(compatible; UptimeRobot/2.0; http://www.uptimerobot.com/)"
51.75.236.135 - - [10/Feb/2026:02:54:23 +0100] "GET /index.php?c=bio HTTP/1.1" 200 13208 "-" "Mozilla/5.0 (compatible; AhrefsBot/7.0; +http://ahrefs.com/robot/)"
78.46.190.63 - - [10/Feb/2026:02:54:27 +0100] "HEAD / HTTP/1.1" 200 0 "http://nagybistvan.hu" "Mozilla/5.0+(compatible; UptimeRobot/2.0; http://www.uptimerobot.com/)"
18.192.166.72 - - [10/Feb/2026:02:59:30 +0100] "HEAD / HTTP/1.1" 200 0 "http://nagybistvan.hu" "Mozilla/5.0+(compatible; UptimeRobot/2.0; http://www.uptimerobot.com/)"
157.90.155.240 - - [10/Feb/2026:03:04:34 +0100] "HEAD / HTTP/1.1" 200 0 "http://nagybistvan.hu" "Mozilla/5.0+(compatible; UptimeRobot/2.0; http://www.uptimerobot.com/)"
49.13.130.29 - - [10/Feb/2026:03:09:38 +0100] "HEAD / HTTP/1.1" 200 0 "http://nagybistvan.hu" "Mozilla/5.0+(compatible; UptimeRobot/2.0; http://www.uptimerobot.com/)"
128.140.106.114 - - [10/Feb/2026:03:14:42 +0100] "HEAD / HTTP/1.1" 200 0 "http://nagybistvan.hu" "Mozilla/5.0+(compatible; UptimeRobot/2.0; http://www.uptimerobot.com/)"
92.222.108.98 - - [10/Feb/2026:03:15:02 +0100] "GET /index.php?c=festmenyekbarsonyfeszekben HTTP/1.1" 200 11403 "-" "Mozilla/5.0 (compatible; AhrefsBot/7.0; +http://ahrefs.com/robot/)"
157.90.155.240 - - [10/Feb/2026:03:19:47 +0100] "HEAD / HTTP/1.1" 200 0 "http://nagybistvan.hu" "Mozilla/5.0+(compatible; UptimeRobot/2.0; http://www.uptimerobot.com/)"
18.192.166.72 - - [10/Feb/2026:03:24:52 +0100] "HEAD / HTTP/1.1" 200 0 "http://nagybistvan.hu" "Mozilla/5.0+(compatible; UptimeRobot/2.0; http://www.uptimerobot.com/)"
87.121.84.30 - - [10/Feb/2026:03:25:01 +0100] "GET /plugins/jquery-file-upload/server/php/index.php?file=tf2rghf.jpg HTTP/1.1" 404 1181 "-" "ALittle Client"
159.69.158.189 - - [10/Feb/2026:03:29:56 +0100] "HEAD / HTTP/1.1" 200 0 "http://nagybistvan.hu" "Mozilla/5.0+(compatible; UptimeRobot/2.0; http://www.uptimerobot.com/)"
18.192.166.72 - - [10/Feb/2026:03:35:02 +0100] "HEAD / HTTP/1.1" 200 0 "http://nagybistvan.hu" "Mozilla/5.0+(compatible; UptimeRobot/2.0; http://www.uptimerobot.com/)"
92.222.104.202 - - [10/Feb/2026:03:35:11 +0100] "GET /index.php?c=mozaik&cp=1 HTTP/1.1" 200 17372 "-" "Mozilla/5.0 (compatible; AhrefsBot/7.0; +http://ahrefs.com/robot/)"
176.31.139.14 - - [10/Feb/2026:03:38:56 +0100] "GET /media/image/24.336.004.jpg HTTP/1.1" 200 119884 "-" "Mozilla/5.0 (compatible; AhrefsBot/7.0; +http://ahrefs.com/robot/)"
52.28.162.93 - - [10/Feb/2026:03:40:06 +0100] "HEAD / HTTP/1.1" 200 0 "http://nagybistvan.hu" "Mozilla/5.0+(compatible; UptimeRobot/2.0; http://www.uptimerobot.com/)"
45.148.10.124 - - [10/Feb/2026:03:45:00 +0100] "GET /.git/config HTTP/1.1" 404 1181 "-" "Nokia3230/2.0 (5.0614.0) SymbianOS/7.0s Series60/2.1 Profile/MIDP-2.0 Configuration/CLDC-1.0"
128.140.41.193 - - [10/Feb/2026:03:45:10 +0100] "HEAD / HTTP/1.1" 200 0 "http://nagybistvan.hu" "Mozilla/5.0+(compatible; UptimeRobot/2.0; http://www.uptimerobot.com/)"
17.241.227.47 - - [10/Feb/2026:03:48:16 +0100] "GET /robots.txt HTTP/1.1" 404 1181 "-" "Mozilla/5.0 (Macintosh; Intel Mac OS X 10_15_7) AppleWebKit/605.1.15 (KHTML, like Gecko) Version/17.4 Safari/605.1.15 (Applebot/0.1; +http://www.apple.com/go/applebot)"
17.241.227.47 - - [10/Feb/2026:03:48:16 +0100] "GET / HTTP/1.1" 200 6646 "-" "Mozilla/5.0 (Macintosh; Intel Mac OS X 10_15_7) AppleWebKit/605.1.15 (KHTML, like Gecko) Version/17.4 Safari/605.1.15 (Applebot/0.1; +http://www.apple.com/go/applebot)"
78.46.190.63 - - [10/Feb/2026:03:50:14 +0100] "HEAD / HTTP/1.1" 200 0 "http://nagybistvan.hu" "Mozilla/5.0+(compatible; UptimeRobot/2.0; http://www.uptimerobot.com/)"
17.241.75.159 - - [10/Feb/2026:03:50:24 +0100] "GET /lib/jquery-1.3.2/jquery-1.3.2.min.js HTTP/1.1" 200 57254 "http://www.nagybistvan.hu/" "Mozilla/5.0 (Macintosh; Intel Mac OS X 10_15_7) AppleWebKit/605.1.15 (KHTML, like Gecko) Version/17.4 Safari/605.1.15 (Applebot/0.1; +http://www.apple.com/go/applebot)"
17.241.219.248 - - [10/Feb/2026:03:50:25 +0100] "GET /lib/jq.fancybox-1.3.4/jquery.mousewheel-3.0.4.pack.js HTTP/1.1" 200 1279 "http://www.nagybistvan.hu/" "Mozilla/5.0 (Macintosh; Intel Mac OS X 10_15_7) AppleWebKit/605.1.15 (KHTML, like Gecko) Version/17.4 Safari/605.1.15 (Applebot/0.1; +http://www.apple.com/go/applebot)"
17.241.75.243 - - [10/Feb/2026:03:50:26 +0100] "GET /lib/jq.fancybox-1.3.4/jquery.fancybox-1.3.4.pack.js HTTP/1.1" 200 15624 "http://www.nagybistvan.hu/" "Mozilla/5.0 (Macintosh; Intel Mac OS X 10_15_7) AppleWebKit/605.1.15 (KHTML, like Gecko) Version/17.4 Safari/605.1.15 (Applebot/0.1; +http://www.apple.com/go/applebot)"
17.241.227.237 - - [10/Feb/2026:03:50:28 +0100] "GET /lib/jq.fancybox-1.3.4/jquery.fancybox-1.3.4.css HTTP/1.1" 200 8498 "http://www.nagybistvan.hu/" "Mozilla/5.0 (Macintosh; Intel Mac OS X 10_15_7) AppleWebKit/605.1.15 (KHTML, like Gecko) Version/17.4 Safari/605.1.15 (Applebot/0.1; +http://www.apple.com/go/applebot)"
17.241.75.161 - - [10/Feb/2026:03:50:29 +0100] "GET /lib/jq.fancybox-1.3.4/jquery.easing-1.3.pack.js HTTP/1.1" 200 6717 "http://www.nagybistvan.hu/" "Mozilla/5.0 (Macintosh; Intel Mac OS X 10_15_7) AppleWebKit/605.1.15 (KHTML, like Gecko) Version/17.4 Safari/605.1.15 (Applebot/0.1; +http://www.apple.com/go/applebot)"
17.241.227.251 - - [10/Feb/2026:03:50:31 +0100] "GET /lib/thickbox-3.1.custom/thickbox.js HTTP/1.1" 200 13058 "http://www.nagybistvan.hu/" "Mozilla/5.0 (Macintosh; Intel Mac OS X 10_15_7) AppleWebKit/605.1.15 (KHTML, like Gecko) Version/17.4 Safari/605.1.15 (Applebot/0.1; +http://www.apple.com/go/applebot)"
17.241.227.239 - - [10/Feb/2026:03:50:32 +0100] "GET /lib/thickbox-3.1.custom/thickbox.css HTTP/1.1" 200 4175 "http://www.nagybistvan.hu/" "Mozilla/5.0 (Macintosh; Intel Mac OS X 10_15_7) AppleWebKit/605.1.15 (KHTML, like Gecko) Version/17.4 Safari/605.1.15 (Applebot/0.1; +http://www.apple.com/go/applebot)"
17.241.219.112 - - [10/Feb/2026:03:50:34 +0100] "GET /lib/jq.contextmenu/jquery.contextmenu.js HTTP/1.1" 200 10507 "http://www.nagybistvan.hu/" "Mozilla/5.0 (Macintosh; Intel Mac OS X 10_15_7) AppleWebKit/605.1.15 (KHTML, like Gecko) Version/17.4 Safari/605.1.15 (Applebot/0.1; +http://www.apple.com/go/applebot)"
17.241.75.54 - - [10/Feb/2026:03:50:35 +0100] "GET /skin/master.css HTTP/1.1" 200 6842 "http://www.nagybistvan.hu/" "Mozilla/5.0 (Macintosh; Intel Mac OS X 10_15_7) AppleWebKit/605.1.15 (KHTML, like Gecko) Version/17.4 Safari/605.1.15 (Applebot/0.1; +http://www.apple.com/go/applebot)"
51.75.236.140 - - [10/Feb/2026:03:55:01 +0100] "GET /index.php?c=Nagy_B_Jul_02 HTTP/1.1" 200 7260 "-" "Mozilla/5.0 (compatible; AhrefsBot/7.0; +http://ahrefs.com/robot/)"
52.28.162.93 - - [10/Feb/2026:03:55:21 +0100] "HEAD / HTTP/1.1" 200 0 "http://nagybistvan.hu" "Mozilla/5.0+(compatible; UptimeRobot/2.0; http://www.uptimerobot.com/)"
49.13.134.145 - - [10/Feb/2026:04:00:25 +0100] "HEAD / HTTP/1.1" 200 0 "http://nagybistvan.hu" "Mozilla/5.0+(compatible; UptimeRobot/2.0; http://www.uptimerobot.com/)"
87.121.84.30 - - [10/Feb/2026:04:03:42 +0100] "GET /plugins/jquery-file-upload/server/php/index.php?file=tf2rghf.jpg HTTP/1.1" 404 1181 "-" "ALittle Client"
52.59.43.236 - - [10/Feb/2026:04:05:29 +0100] "HEAD / HTTP/1.1" 200 0 "http://nagybistvan.hu" "Mozilla/5.0+(compatible; UptimeRobot/2.0; http://www.uptimerobot.com/)"
128.140.106.114 - - [10/Feb/2026:04:10:34 +0100] "HEAD / HTTP/1.1" 200 0 "http://nagybistvan.hu" "Mozilla/5.0+(compatible; UptimeRobot/2.0; http://www.uptimerobot.com/)"
92.222.104.221 - - [10/Feb/2026:04:15:07 +0100] "GET /index.php?c=marikovszky HTTP/1.1" 200 27517 "-" "Mozilla/5.0 (compatible; AhrefsBot/7.0; +http://ahrefs.com/robot/)"
128.140.106.114 - - [10/Feb/2026:04:15:39 +0100] "HEAD / HTTP/1.1" 200 0 "http://nagybistvan.hu" "Mozilla/5.0+(compatible; UptimeRobot/2.0; http://www.uptimerobot.com/)"
63.178.84.147 - - [10/Feb/2026:04:20:43 +0100] "HEAD / HTTP/1.1" 200 0 "http://nagybistvan.hu" "Mozilla/5.0+(compatible; UptimeRobot/2.0; http://www.uptimerobot.com/)"
78.46.190.63 - - [10/Feb/2026:04:25:48 +0100] "HEAD / HTTP/1.1" 200 0 "http://nagybistvan.hu" "Mozilla/5.0+(compatible; UptimeRobot/2.0; http://www.uptimerobot.com/)"
49.13.134.145 - - [10/Feb/2026:04:30:52 +0100] "HEAD / HTTP/1.1" 200 0 "http://nagybistvan.hu" "Mozilla/5.0+(compatible; UptimeRobot/2.0; http://www.uptimerobot.com/)"
5.39.1.255 - - [10/Feb/2026:04:32:37 +0100] "GET /index.php?c=irasai HTTP/1.1" 200 7386 "-" "Mozilla/5.0 (compatible; AhrefsBot/7.0; +http://ahrefs.com/robot/)"
49.51.203.164 - - [10/Feb/2026:04:34:19 +0100] "GET / HTTP/1.1" 200 6838 "-" "Mozilla/5.0 (iPhone; CPU iPhone OS 13_2_3 like Mac OS X) AppleWebKit/605.1.15 (KHTML, like Gecko) Version/13.0.3 Mobile/15E148 Safari/604.1"
157.90.156.63 - - [10/Feb/2026:04:35:57 +0100] "HEAD / HTTP/1.1" 200 0 "http://nagybistvan.hu" "Mozilla/5.0+(compatible; UptimeRobot/2.0; http://www.uptimerobot.com/)"
49.13.134.145 - - [10/Feb/2026:04:41:03 +0100] "HEAD / HTTP/1.1" 200 0 "http://nagybistvan.hu" "Mozilla/5.0+(compatible; UptimeRobot/2.0; http://www.uptimerobot.com/)"
78.47.98.55 - - [10/Feb/2026:04:46:07 +0100] "HEAD / HTTP/1.1" 200 0 "http://nagybistvan.hu" "Mozilla/5.0+(compatible; UptimeRobot/2.0; http://www.uptimerobot.com/)"
37.59.204.144 - - [10/Feb/2026:04:46:20 +0100] "GET /index.php?c=zsambek&cp=4 HTTP/1.1" 200 17406 "-" "Mozilla/5.0 (compatible; AhrefsBot/7.0; +http://ahrefs.com/robot/)"
37.59.204.146 - - [10/Feb/2026:04:48:57 +0100] "GET /media/image/23.110.075.jpg HTTP/1.1" 200 150486 "-" "Mozilla/5.0 (compatible; AhrefsBot/7.0; +http://ahrefs.com/robot/)"
88.99.80.227 - - [10/Feb/2026:04:51:11 +0100] "HEAD / HTTP/1.1" 200 0 "http://nagybistvan.hu" "Mozilla/5.0+(compatible; UptimeRobot/2.0; http://www.uptimerobot.com/)"
157.90.155.240 - - [10/Feb/2026:04:56:15 +0100] "HEAD / HTTP/1.1" 200 0 "http://nagybistvan.hu" "Mozilla/5.0+(compatible; UptimeRobot/2.0; http://www.uptimerobot.com/)"
15.235.96.95 - - [10/Feb/2026:04:58:56 +0100] "GET /robots.txt HTTP/1.1" 404 1181 "-" "Mozilla/5.0 (compatible; AhrefsBot/7.0; +http://ahrefs.com/robot/)"
51.75.236.155 - - [10/Feb/2026:04:58:59 +0100] "GET /index.php?c=bucsubeszed060901 HTTP/1.1" 200 11470 "-" "Mozilla/5.0 (compatible; AhrefsBot/7.0; +http://ahrefs.com/robot/)"
49.13.24.81 - - [10/Feb/2026:05:01:19 +0100] "HEAD / HTTP/1.1" 200 0 "http://nagybistvan.hu" "Mozilla/5.0+(compatible; UptimeRobot/2.0; http://www.uptimerobot.com/)"
168.119.53.160 - - [10/Feb/2026:05:06:23 +0100] "HEAD / HTTP/1.1" 200 0 "http://nagybistvan.hu" "Mozilla/5.0+(compatible; UptimeRobot/2.0; http://www.uptimerobot.com/)"
92.222.104.216 - - [10/Feb/2026:05:10:46 +0100] "GET /index.php?c=greco&cp=3 HTTP/1.1" 200 13707 "-" "Mozilla/5.0 (compatible; AhrefsBot/7.0; +http://ahrefs.com/robot/)"
49.13.24.81 - - [10/Feb/2026:05:11:26 +0100] "HEAD / HTTP/1.1" 200 0 "http://nagybistvan.hu" "Mozilla/5.0+(compatible; UptimeRobot/2.0; http://www.uptimerobot.com/)"
221.5.40.68 - - [10/Feb/2026:05:12:10 +0100] "GET / HTTP/1.1" 200 6646 "http://nagybistvan.hu/" "User-Agent:Mozilla/5.0 (Windows NT 6.1; WOW64) AppleWebKit/537.36 (KHTML, like Gecko) Chrome/50.0.2661.102 Safari/537.36"
49.13.24.81 - - [10/Feb/2026:05:16:29 +0100] "HEAD / HTTP/1.1" 200 0 "http://nagybistvan.hu" "Mozilla/5.0+(compatible; UptimeRobot/2.0; http://www.uptimerobot.com/)"
168.119.123.75 - - [10/Feb/2026:05:21:33 +0100] "HEAD / HTTP/1.1" 200 0 "http://nagybistvan.hu" "Mozilla/5.0+(compatible; UptimeRobot/2.0; http://www.uptimerobot.com/)"
176.31.139.8 - - [10/Feb/2026:05:21:52 +0100] "GET /index.php?c=7080s&cp=1 HTTP/1.1" 200 17062 "-" "Mozilla/5.0 (compatible; AhrefsBot/7.0; +http://ahrefs.com/robot/)"
43.154.140.188 - - [10/Feb/2026:05:23:32 +0100] "GET / HTTP/1.1" 200 6994 "-" "Mozilla/5.0 (iPhone; CPU iPhone OS 13_2_3 like Mac OS X) AppleWebKit/605.1.15 (KHTML, like Gecko) Version/13.0.3 Mobile/15E148 Safari/604.1"
5.39.1.244 - - [10/Feb/2026:05:23:59 +0100] "GET /media/image/22.110.104.jpg HTTP/1.1" 200 237121 "-" "Mozilla/5.0 (compatible; AhrefsBot/7.0; +http://ahrefs.com/robot/)"
167.235.143.113 - - [10/Feb/2026:05:26:38 +0100] "HEAD / HTTP/1.1" 200 0 "http://nagybistvan.hu" "Mozilla/5.0+(compatible; UptimeRobot/2.0; http://www.uptimerobot.com/)"
159.69.158.189 - - [10/Feb/2026:05:31:43 +0100] "HEAD / HTTP/1.1" 200 0 "http://nagybistvan.hu" "Mozilla/5.0+(compatible; UptimeRobot/2.0; http://www.uptimerobot.com/)"
54.37.118.74 - - [10/Feb/2026:05:33:11 +0100] "GET /index.php?c=szilasi_03 HTTP/1.1" 200 5052 "-" "Mozilla/5.0 (compatible; AhrefsBot/7.0; +http://ahrefs.com/robot/)"
157.90.156.63 - - [10/Feb/2026:05:36:48 +0100] "HEAD / HTTP/1.1" 200 0 "http://nagybistvan.hu" "Mozilla/5.0+(compatible; UptimeRobot/2.0; http://www.uptimerobot.com/)"
52.59.43.236 - - [10/Feb/2026:05:41:54 +0100] "HEAD / HTTP/1.1" 200 0 "http://nagybistvan.hu" "Mozilla/5.0+(compatible; UptimeRobot/2.0; http://www.uptimerobot.com/)"
51.68.247.208 - - [10/Feb/2026:05:46:26 +0100] "GET /index.php?c=gyorgy_csaba HTTP/1.1" 200 5962 "-" "Mozilla/5.0 (compatible; AhrefsBot/7.0; +http://ahrefs.com/robot/)"
49.13.164.148 - - [10/Feb/2026:05:47:00 +0100] "HEAD / HTTP/1.1" 200 0 "http://nagybistvan.hu" "Mozilla/5.0+(compatible; UptimeRobot/2.0; http://www.uptimerobot.com/)"
18.192.166.72 - - [10/Feb/2026:05:52:04 +0100] "HEAD / HTTP/1.1" 200 0 "http://nagybistvan.hu" "Mozilla/5.0+(compatible; UptimeRobot/2.0; http://www.uptimerobot.com/)"
88.99.80.227 - - [10/Feb/2026:05:57:09 +0100] "HEAD / HTTP/1.1" 200 0 "http://nagybistvan.hu" "Mozilla/5.0+(compatible; UptimeRobot/2.0; http://www.uptimerobot.com/)"
176.31.139.18 - - [10/Feb/2026:06:00:22 +0100] "GET /index.php?c=rolairtak HTTP/1.1" 200 7947 "-" "Mozilla/5.0 (compatible; AhrefsBot/7.0; +http://ahrefs.com/robot/)"
78.46.190.63 - - [10/Feb/2026:06:02:14 +0100] "HEAD / HTTP/1.1" 200 0 "http://nagybistvan.hu" "Mozilla/5.0+(compatible; UptimeRobot/2.0; http://www.uptimerobot.com/)"
168.119.96.239 - - [10/Feb/2026:06:07:18 +0100] "HEAD / HTTP/1.1" 200 0 "http://nagybistvan.hu" "Mozilla/5.0+(compatible; UptimeRobot/2.0; http://www.uptimerobot.com/)"
142.132.180.39 - - [10/Feb/2026:06:12:22 +0100] "HEAD / HTTP/1.1" 200 0 "http://nagybistvan.hu" "Mozilla/5.0+(compatible; UptimeRobot/2.0; http://www.uptimerobot.com/)"
49.13.164.148 - - [10/Feb/2026:06:17:25 +0100] "HEAD / HTTP/1.1" 200 0 "http://nagybistvan.hu" "Mozilla/5.0+(compatible; UptimeRobot/2.0; http://www.uptimerobot.com/)"
49.13.130.29 - - [10/Feb/2026:06:22:30 +0100] "HEAD / HTTP/1.1" 200 0 "http://nagybistvan.hu" "Mozilla/5.0+(compatible; UptimeRobot/2.0; http://www.uptimerobot.com/)"
167.253.34.3 - - [10/Feb/2026:06:26:56 +0100] "GET /robots.txt HTTP/1.0" 404 1181 "-" "Mozilla/4.0 (compatible; fluid/0.0; +http://www.leak.info/bot.html)"
78.46.190.63 - - [10/Feb/2026:06:27:33 +0100] "HEAD / HTTP/1.1" 200 0 "http://nagybistvan.hu" "Mozilla/5.0+(compatible; UptimeRobot/2.0; http://www.uptimerobot.com/)"
78.46.215.1 - - [10/Feb/2026:06:32:38 +0100] "HEAD / HTTP/1.1" 200 0 "http://nagybistvan.hu" "Mozilla/5.0+(compatible; UptimeRobot/2.0; http://www.uptimerobot.com/)"
142.132.180.39 - - [10/Feb/2026:06:37:46 +0100] "HEAD / HTTP/1.1" 200 0 "http://nagybistvan.hu" "Mozilla/5.0+(compatible; UptimeRobot/2.0; http://www.uptimerobot.com/)"
122.51.236.174 - - [10/Feb/2026:06:39:48 +0100] "GET / HTTP/1.1" 200 6764 "-" "Mozilla/5.0 (iPhone; CPU iPhone OS 13_2_3 like Mac OS X) AppleWebKit/605.1.15 (KHTML, like Gecko) Version/13.0.3 Mobile/15E148 Safari/604.1"
49.13.167.123 - - [10/Feb/2026:06:42:50 +0100] "HEAD / HTTP/1.1" 200 0 "http://nagybistvan.hu" "Mozilla/5.0+(compatible; UptimeRobot/2.0; http://www.uptimerobot.com/)"
92.222.104.207 - - [10/Feb/2026:06:45:56 +0100] "GET / HTTP/1.1" 200 6684 "-" "Mozilla/5.0 (compatible; AhrefsBot/7.0; +http://ahrefs.com/robot/)"
88.99.80.227 - - [10/Feb/2026:06:47:53 +0100] "HEAD / HTTP/1.1" 200 0 "http://nagybistvan.hu" "Mozilla/5.0+(compatible; UptimeRobot/2.0; http://www.uptimerobot.com/)"
88.99.80.227 - - [10/Feb/2026:06:52:58 +0100] "HEAD / HTTP/1.1" 200 0 "http://nagybistvan.hu" "Mozilla/5.0+(compatible; UptimeRobot/2.0; http://www.uptimerobot.com/)"
18.193.252.127 - - [10/Feb/2026:06:58:03 +0100] "HEAD / HTTP/1.1" 200 0 "http://nagybistvan.hu" "Mozilla/5.0+(compatible; UptimeRobot/2.0; http://www.uptimerobot.com/)"
88.99.80.227 - - [10/Feb/2026:07:03:07 +0100] "HEAD / HTTP/1.1" 200 0 "http://nagybistvan.hu" "Mozilla/5.0+(compatible; UptimeRobot/2.0; http://www.uptimerobot.com/)"
159.69.158.189 - - [10/Feb/2026:07:08:11 +0100] "HEAD / HTTP/1.1" 200 0 "http://nagybistvan.hu" "Mozilla/5.0+(compatible; UptimeRobot/2.0; http://www.uptimerobot.com/)"
168.119.96.239 - - [10/Feb/2026:07:13:15 +0100] "HEAD / HTTP/1.1" 200 0 "http://nagybistvan.hu" "Mozilla/5.0+(compatible; UptimeRobot/2.0; http://www.uptimerobot.com/)"
160.187.210.79 - - [10/Feb/2026:07:13:20 +0100] "GET /admin.php?520 HTTP/1.1" 404 37 "-" "Mozlila/5.0 (Linux; Android 7.0; SM-G892A Bulid/NRD90M; wv) AppleWebKit/537.36 (KHTML, like Gecko) Version/4.0 Chrome/60.0.3112.107 Moblie Safari/537.36"
160.187.210.79 - - [10/Feb/2026:07:13:25 +0100] "GET /about.php?520 HTTP/1.1" 404 37 "-" "Mozlila/5.0 (Linux; Android 7.0; SM-G892A Bulid/NRD90M; wv) AppleWebKit/537.36 (KHTML, like Gecko) Version/4.0 Chrome/60.0.3112.107 Moblie Safari/537.36"
18.193.252.127 - - [10/Feb/2026:07:18:20 +0100] "HEAD / HTTP/1.1" 200 0 "http://nagybistvan.hu" "Mozilla/5.0+(compatible; UptimeRobot/2.0; http://www.uptimerobot.com/)"
5.39.109.188 - - [10/Feb/2026:07:18:39 +0100] "GET /index.php?c=wehner HTTP/1.1" 200 25940 "-" "Mozilla/5.0 (compatible; AhrefsBot/7.0; +http://ahrefs.com/robot/)"
3.77.67.4 - - [10/Feb/2026:07:23:27 +0100] "HEAD / HTTP/1.1" 200 0 "http://nagybistvan.hu" "Mozilla/5.0+(compatible; UptimeRobot/2.0; http://www.uptimerobot.com/)"
168.119.53.160 - - [10/Feb/2026:07:28:31 +0100] "HEAD / HTTP/1.1" 200 0 "http://nagybistvan.hu" "Mozilla/5.0+(compatible; UptimeRobot/2.0; http://www.uptimerobot.com/)"
78.47.173.76 - - [10/Feb/2026:07:33:35 +0100] "HEAD / HTTP/1.1" 200 0 "http://nagybistvan.hu" "Mozilla/5.0+(compatible; UptimeRobot/2.0; http://www.uptimerobot.com/)"
78.47.98.55 - - [10/Feb/2026:07:38:40 +0100] "HEAD / HTTP/1.1" 200 0 "http://nagybistvan.hu" "Mozilla/5.0+(compatible; UptimeRobot/2.0; http://www.uptimerobot.com/)"
78.46.215.1 - - [10/Feb/2026:07:43:46 +0100] "HEAD / HTTP/1.1" 200 0 "http://nagybistvan.hu" "Mozilla/5.0+(compatible; UptimeRobot/2.0; http://www.uptimerobot.com/)"
5.39.1.227 - - [10/Feb/2026:07:44:54 +0100] "GET /index.php?c=veszelszky HTTP/1.1" 200 5915 "-" "Mozilla/5.0 (compatible; AhrefsBot/7.0; +http://ahrefs.com/robot/)"
20.215.184.141 - - [10/Feb/2026:07:44:57 +0100] "GET /wp-content/plugins/hellopress/wp_filemanager.php HTTP/1.1" 404 1181 "-" "-"
20.215.184.141 - - [10/Feb/2026:07:44:57 +0100] "GET /166.php HTTP/1.1" 404 37 "-" "-"
20.215.184.141 - - [10/Feb/2026:07:44:57 +0100] "GET /reze.php HTTP/1.1" 404 37 "-" "-"
20.215.184.141 - - [10/Feb/2026:07:44:57 +0100] "GET /lib.php HTTP/1.1" 404 37 "-" "-"
20.215.184.141 - - [10/Feb/2026:07:44:57 +0100] "GET /x.php HTTP/1.1" 404 37 "-" "-"
20.215.184.141 - - [10/Feb/2026:07:44:57 +0100] "GET /k.php HTTP/1.1" 404 37 "-" "-"
20.215.184.141 - - [10/Feb/2026:07:44:57 +0100] "GET /jga.php HTTP/1.1" 404 37 "-" "-"
20.215.184.141 - - [10/Feb/2026:07:44:58 +0100] "GET /past1.php HTTP/1.1" 404 37 "-" "-"
20.215.184.141 - - [10/Feb/2026:07:44:58 +0100] "GET /8xyz.php HTTP/1.1" 404 37 "-" "-"
20.215.184.141 - - [10/Feb/2026:07:44:58 +0100] "GET /ol.php HTTP/1.1" 404 37 "-" "-"
20.215.184.141 - - [10/Feb/2026:07:44:58 +0100] "GET /bk.php HTTP/1.1" 404 37 "-" "-"
20.215.184.141 - - [10/Feb/2026:07:44:58 +0100] "GET /vx.php HTTP/1.1" 404 37 "-" "-"
20.215.184.141 - - [10/Feb/2026:07:44:58 +0100] "GET /sx.php HTTP/1.1" 404 37 "-" "-"
49.13.134.145 - - [10/Feb/2026:07:48:52 +0100] "HEAD / HTTP/1.1" 200 0 "http://nagybistvan.hu" "Mozilla/5.0+(compatible; UptimeRobot/2.0; http://www.uptimerobot.com/)"
78.47.98.55 - - [10/Feb/2026:07:53:57 +0100] "HEAD / HTTP/1.1" 200 0 "http://nagybistvan.hu" "Mozilla/5.0+(compatible; UptimeRobot/2.0; http://www.uptimerobot.com/)"
167.235.143.113 - - [10/Feb/2026:07:59:01 +0100] "HEAD / HTTP/1.1" 200 0 "http://nagybistvan.hu" "Mozilla/5.0+(compatible; UptimeRobot/2.0; http://www.uptimerobot.com/)"
63.178.84.147 - - [10/Feb/2026:08:04:06 +0100] "HEAD / HTTP/1.1" 200 0 "http://nagybistvan.hu" "Mozilla/5.0+(compatible; UptimeRobot/2.0; http://www.uptimerobot.com/)"
49.13.134.145 - - [10/Feb/2026:08:09:11 +0100] "HEAD / HTTP/1.1" 200 0 "http://nagybistvan.hu" "Mozilla/5.0+(compatible; UptimeRobot/2.0; http://www.uptimerobot.com/)"
51.222.168.229 - - [10/Feb/2026:08:11:31 +0100] "GET /robots.txt HTTP/1.1" 404 1181 "-" "Mozilla/5.0 (compatible; AhrefsBot/7.0; +http://ahrefs.com/robot/)"
37.59.204.133 - - [10/Feb/2026:08:11:35 +0100] "GET /index.php?c=apostolok&cp=2 HTTP/1.1" 200 16750 "-" "Mozilla/5.0 (compatible; AhrefsBot/7.0; +http://ahrefs.com/robot/)"
3.77.67.4 - - [10/Feb/2026:08:14:16 +0100] "HEAD / HTTP/1.1" 200 0 "http://nagybistvan.hu" "Mozilla/5.0+(compatible; UptimeRobot/2.0; http://www.uptimerobot.com/)"
49.13.134.145 - - [10/Feb/2026:08:19:20 +0100] "HEAD / HTTP/1.1" 200 0 "http://nagybistvan.hu" "Mozilla/5.0+(compatible; UptimeRobot/2.0; http://www.uptimerobot.com/)"
49.13.24.81 - - [10/Feb/2026:08:24:27 +0100] "HEAD / HTTP/1.1" 200 0 "http://nagybistvan.hu" "Mozilla/5.0+(compatible; UptimeRobot/2.0; http://www.uptimerobot.com/)"
49.13.134.145 - - [10/Feb/2026:08:29:32 +0100] "HEAD / HTTP/1.1" 200 0 "http://nagybistvan.hu" "Mozilla/5.0+(compatible; UptimeRobot/2.0; http://www.uptimerobot.com/)"
66.249.64.130 - - [10/Feb/2026:08:31:38 +0100] "GET /robots.txt HTTP/1.1" 404 1181 "-" "Mozilla/5.0 (compatible; Googlebot/2.1; +http://www.google.com/bot.html)"
66.249.64.131 - - [10/Feb/2026:08:31:38 +0100] "GET /mozaik/Mozaik_r1_t.jpg HTTP/1.1" 304 - "-" "Googlebot-Image/1.0"
49.13.24.81 - - [10/Feb/2026:08:34:36 +0100] "HEAD / HTTP/1.1" 200 0 "http://nagybistvan.hu" "Mozilla/5.0+(compatible; UptimeRobot/2.0; http://www.uptimerobot.com/)"
168.119.123.75 - - [10/Feb/2026:08:39:42 +0100] "HEAD / HTTP/1.1" 200 0 "http://nagybistvan.hu" "Mozilla/5.0+(compatible; UptimeRobot/2.0; http://www.uptimerobot.com/)"
18.192.166.72 - - [10/Feb/2026:08:44:47 +0100] "HEAD / HTTP/1.1" 200 0 "http://nagybistvan.hu" "Mozilla/5.0+(compatible; UptimeRobot/2.0; http://www.uptimerobot.com/)"
49.13.164.148 - - [10/Feb/2026:08:49:52 +0100] "HEAD / HTTP/1.1" 200 0 "http://nagybistvan.hu" "Mozilla/5.0+(compatible; UptimeRobot/2.0; http://www.uptimerobot.com/)"
49.13.24.81 - - [10/Feb/2026:08:54:57 +0100] "HEAD / HTTP/1.1" 200 0 "http://nagybistvan.hu" "Mozilla/5.0+(compatible; UptimeRobot/2.0; http://www.uptimerobot.com/)"
128.140.41.193 - - [10/Feb/2026:09:00:03 +0100] "HEAD / HTTP/1.1" 200 0 "http://nagybistvan.hu" "Mozilla/5.0+(compatible; UptimeRobot/2.0; http://www.uptimerobot.com/)"
121.37.101.52 - - [10/Feb/2026:09:01:57 +0100] "GET /index.php?c=losonci HTTP/1.1" 200 6979 "http://nagybistvan.hu/index.php?c=losonci" "Mozilla/5.0 (Windows NT 10.0; Win64; x64) AppleWebKit/537.36 (KHTML, like Gecko) Chrome/101.0.4951.64 Safari/537.36 Edg/101.0.1210.47"
63.178.84.147 - - [10/Feb/2026:09:05:08 +0100] "HEAD / HTTP/1.1" 200 0 "http://nagybistvan.hu" "Mozilla/5.0+(compatible; UptimeRobot/2.0; http://www.uptimerobot.com/)"
157.90.155.240 - - [10/Feb/2026:09:10:13 +0100] "HEAD / HTTP/1.1" 200 0 "http://nagybistvan.hu" "Mozilla/5.0+(compatible; UptimeRobot/2.0; http://www.uptimerobot.com/)"
63.178.84.147 - - [10/Feb/2026:09:15:18 +0100] "HEAD / HTTP/1.1" 200 0 "http://nagybistvan.hu" "Mozilla/5.0+(compatible; UptimeRobot/2.0; http://www.uptimerobot.com/)"
49.13.164.148 - - [10/Feb/2026:09:20:22 +0100] "HEAD / HTTP/1.1" 200 0 "http://nagybistvan.hu" "Mozilla/5.0+(compatible; UptimeRobot/2.0; http://www.uptimerobot.com/)"
78.46.190.63 - - [10/Feb/2026:09:25:27 +0100] "HEAD / HTTP/1.1" 200 0 "http://nagybistvan.hu" "Mozilla/5.0+(compatible; UptimeRobot/2.0; http://www.uptimerobot.com/)"
49.13.130.29 - - [10/Feb/2026:09:30:32 +0100] "HEAD / HTTP/1.1" 200 0 "http://nagybistvan.hu" "Mozilla/5.0+(compatible; UptimeRobot/2.0; http://www.uptimerobot.com/)"
3.77.67.4 - - [10/Feb/2026:09:35:36 +0100] "HEAD / HTTP/1.1" 200 0 "http://nagybistvan.hu" "Mozilla/5.0+(compatible; UptimeRobot/2.0; http://www.uptimerobot.com/)"
195.201.199.99 - - [10/Feb/2026:09:39:09 +0100] "GET /robots.txt HTTP/1.1" 404 1181 "-" "Mozilla/5.0 (compatible; MJ12bot/v1.4.8; http://mj12bot.com/)"
195.201.199.99 - - [10/Feb/2026:09:39:12 +0100] "GET /index.php HTTP/1.1" 200 6643 "-" "Mozilla/5.0 (compatible; MJ12bot/v1.4.8; http://mj12bot.com/)"
3.79.134.69 - - [10/Feb/2026:09:40:40 +0100] "HEAD / HTTP/1.1" 200 0 "http://nagybistvan.hu" "Mozilla/5.0+(compatible; UptimeRobot/2.0; http://www.uptimerobot.com/)"
147.185.132.135 - - [10/Feb/2026:09:41:14 +0100] "GET / HTTP/1.1" 200 6714 "-" "Hello from Palo Alto Networks, find out more about our scans in https://docs-cortex.paloaltonetworks.com/r/1/Cortex-Xpanse/Scanning-activity"
49.13.167.123 - - [10/Feb/2026:09:45:44 +0100] "HEAD / HTTP/1.1" 200 0 "http://nagybistvan.hu" "Mozilla/5.0+(compatible; UptimeRobot/2.0; http://www.uptimerobot.com/)"
49.13.134.145 - - [10/Feb/2026:09:50:48 +0100] "HEAD / HTTP/1.1" 200 0 "http://nagybistvan.hu" "Mozilla/5.0+(compatible; UptimeRobot/2.0; http://www.uptimerobot.com/)"
157.90.155.240 - - [10/Feb/2026:09:55:54 +0100] "HEAD / HTTP/1.1" 200 0 "http://nagybistvan.hu" "Mozilla/5.0+(compatible; UptimeRobot/2.0; http://www.uptimerobot.com/)"
3.79.134.69 - - [10/Feb/2026:10:00:59 +0100] "HEAD / HTTP/1.1" 200 0 "http://nagybistvan.hu" "Mozilla/5.0+(compatible; UptimeRobot/2.0; http://www.uptimerobot.com/)"
43.157.38.131 - - [10/Feb/2026:10:01:29 +0100] "GET / HTTP/1.1" 200 6750 "-" "Mozilla/5.0 (iPhone; CPU iPhone OS 13_2_3 like Mac OS X) AppleWebKit/605.1.15 (KHTML, like Gecko) Version/13.0.3 Mobile/15E148 Safari/604.1"
192.121.136.190 - - [10/Feb/2026:10:04:07 +0100] "GET / HTTP/1.1" 200 6712 "-" "Mozilla/5.0 (Linux; Android 12; SAMSUNG SM-A415F) AppleWebKit/537.36 (KHTML, like Gecko) SamsungBrowser/23.0 Chrome/115.0.0.0 Mobile Safari/537.3"
88.99.80.227 - - [10/Feb/2026:10:06:04 +0100] "HEAD / HTTP/1.1" 200 0 "http://nagybistvan.hu" "Mozilla/5.0+(compatible; UptimeRobot/2.0; http://www.uptimerobot.com/)"
49.13.134.145 - - [10/Feb/2026:10:11:09 +0100] "HEAD / HTTP/1.1" 200 0 "http://nagybistvan.hu" "Mozilla/5.0+(compatible; UptimeRobot/2.0; http://www.uptimerobot.com/)"
157.90.155.240 - - [10/Feb/2026:10:16:14 +0100] "HEAD / HTTP/1.1" 200 0 "http://nagybistvan.hu" "Mozilla/5.0+(compatible; UptimeRobot/2.0; http://www.uptimerobot.com/)"
52.28.162.93 - - [10/Feb/2026:10:21:19 +0100] "HEAD / HTTP/1.1" 200 0 "http://nagybistvan.hu" "Mozilla/5.0+(compatible; UptimeRobot/2.0; http://www.uptimerobot.com/)"
63.178.84.147 - - [10/Feb/2026:10:26:25 +0100] "HEAD / HTTP/1.1" 200 0 "http://nagybistvan.hu" "Mozilla/5.0+(compatible; UptimeRobot/2.0; http://www.uptimerobot.com/)"
128.140.106.114 - - [10/Feb/2026:10:31:30 +0100] "HEAD / HTTP/1.1" 200 0 "http://nagybistvan.hu" "Mozilla/5.0+(compatible; UptimeRobot/2.0; http://www.uptimerobot.com/)"
78.47.98.55 - - [10/Feb/2026:10:36:35 +0100] "HEAD / HTTP/1.1" 200 0 "http://nagybistvan.hu" "Mozilla/5.0+(compatible; UptimeRobot/2.0; http://www.uptimerobot.com/)"
157.90.155.240 - - [10/Feb/2026:10:41:40 +0100] "HEAD / HTTP/1.1" 200 0 "http://nagybistvan.hu" "Mozilla/5.0+(compatible; UptimeRobot/2.0; http://www.uptimerobot.com/)"
49.13.167.123 - - [10/Feb/2026:10:46:43 +0100] "HEAD / HTTP/1.1" 200 0 "http://nagybistvan.hu" "Mozilla/5.0+(compatible; UptimeRobot/2.0; http://www.uptimerobot.com/)"
78.46.215.1 - - [10/Feb/2026:10:51:47 +0100] "HEAD / HTTP/1.1" 200 0 "http://nagybistvan.hu" "Mozilla/5.0+(compatible; UptimeRobot/2.0; http://www.uptimerobot.com/)"
43.153.74.75 - - [10/Feb/2026:10:52:46 +0100] "GET / HTTP/1.1" 200 6716 "-" "Mozilla/5.0 (iPhone; CPU iPhone OS 13_2_3 like Mac OS X) AppleWebKit/605.1.15 (KHTML, like Gecko) Version/13.0.3 Mobile/15E148 Safari/604.1"
49.13.164.148 - - [10/Feb/2026:10:56:51 +0100] "HEAD / HTTP/1.1" 200 0 "http://nagybistvan.hu" "Mozilla/5.0+(compatible; UptimeRobot/2.0; http://www.uptimerobot.com/)"
54.37.118.77 - - [10/Feb/2026:10:56:57 +0100] "GET /index.php?c=apostolok&cp=3 HTTP/1.1" 200 11051 "-" "Mozilla/5.0 (compatible; AhrefsBot/7.0; +http://ahrefs.com/robot/)"
66.249.64.131 - - [10/Feb/2026:11:01:38 +0100] "GET /zsambek/Fekete%20Zsambek.jpg HTTP/1.1" 304 - "-" "Googlebot-Image/1.0"
159.69.158.189 - - [10/Feb/2026:11:01:55 +0100] "HEAD / HTTP/1.1" 200 0 "http://nagybistvan.hu" "Mozilla/5.0+(compatible; UptimeRobot/2.0; http://www.uptimerobot.com/)"
52.59.43.236 - - [10/Feb/2026:11:06:59 +0100] "HEAD / HTTP/1.1" 200 0 "http://nagybistvan.hu" "Mozilla/5.0+(compatible; UptimeRobot/2.0; http://www.uptimerobot.com/)"
141.94.76.134 - - [10/Feb/2026:11:09:14 +0100] "GET /index.php?c=ironikus&cp=1 HTTP/1.1" 200 16384 "-" "Mozilla/5.0 (Windows NT 10.0; Win64; x64) AppleWebKit/537.36 (KHTML, like Gecko) Chrome/139.0.0.0 Safari/537.36"
57.129.69.52 - - [10/Feb/2026:11:09:22 +0100] "GET /index.php?c=tarskrit&cp=1 HTTP/1.1" 200 16367 "-" "Mozilla/5.0 (Windows NT 10.0; Win64; x64) AppleWebKit/537.36 (KHTML, like Gecko) Chrome/139.0.0.0 Safari/537.36"
168.119.53.160 - - [10/Feb/2026:11:12:06 +0100] "HEAD / HTTP/1.1" 200 0 "http://nagybistvan.hu" "Mozilla/5.0+(compatible; UptimeRobot/2.0; http://www.uptimerobot.com/)"
157.90.155.240 - - [10/Feb/2026:11:17:10 +0100] "HEAD / HTTP/1.1" 200 0 "http://nagybistvan.hu" "Mozilla/5.0+(compatible; UptimeRobot/2.0; http://www.uptimerobot.com/)"
49.13.130.29 - - [10/Feb/2026:11:22:17 +0100] "HEAD / HTTP/1.1" 200 0 "http://nagybistvan.hu" "Mozilla/5.0+(compatible; UptimeRobot/2.0; http://www.uptimerobot.com/)"
49.13.24.81 - - [10/Feb/2026:11:27:20 +0100] "HEAD / HTTP/1.1" 200 0 "http://nagybistvan.hu" "Mozilla/5.0+(compatible; UptimeRobot/2.0; http://www.uptimerobot.com/)"
98.83.89.105 - - [10/Feb/2026:11:28:47 +0100] "GET / HTTP/1.1" 200 6642 "-" "Mozilla/5.0 (X11; Linux x86_64) AppleWebKit/537.36 (KHTML, like Gecko) Chrome/124.0.0.0 Safari/537.36"
98.83.89.105 - - [10/Feb/2026:11:28:47 +0100] "GET /skin/master.css HTTP/1.1" 200 6842 "http://nagybistvan.hu/" "Mozilla/5.0 (X11; Linux x86_64) AppleWebKit/537.36 (KHTML, like Gecko) Chrome/124.0.0.0 Safari/537.36"
98.83.89.105 - - [10/Feb/2026:11:28:47 +0100] "GET /lib/jq.fancybox-1.3.4/jquery.fancybox-1.3.4.css HTTP/1.1" 200 8498 "http://nagybistvan.hu/" "Mozilla/5.0 (X11; Linux x86_64) AppleWebKit/537.36 (KHTML, like Gecko) Chrome/124.0.0.0 Safari/537.36"
98.83.89.105 - - [10/Feb/2026:11:28:47 +0100] "GET /lib/thickbox-3.1.custom/thickbox.css HTTP/1.1" 200 4175 "http://nagybistvan.hu/" "Mozilla/5.0 (X11; Linux x86_64) AppleWebKit/537.36 (KHTML, like Gecko) Chrome/124.0.0.0 Safari/537.36"
98.83.89.105 - - [10/Feb/2026:11:28:47 +0100] "GET /lib/jq.fancybox-1.3.4/jquery.easing-1.3.pack.js HTTP/1.1" 200 6717 "http://nagybistvan.hu/" "Mozilla/5.0 (X11; Linux x86_64) AppleWebKit/537.36 (KHTML, like Gecko) Chrome/124.0.0.0 Safari/537.36"
98.83.89.105 - - [10/Feb/2026:11:28:47 +0100] "GET /lib/jq.fancybox-1.3.4/jquery.fancybox-1.3.4.pack.js HTTP/1.1" 200 15624 "http://nagybistvan.hu/" "Mozilla/5.0 (X11; Linux x86_64) AppleWebKit/537.36 (KHTML, like Gecko) Chrome/124.0.0.0 Safari/537.36"
98.83.89.105 - - [10/Feb/2026:11:28:48 +0100] "GET /lib/jq.fancybox-1.3.4/jquery.mousewheel-3.0.4.pack.js HTTP/1.1" 200 1279 "http://nagybistvan.hu/" "Mozilla/5.0 (X11; Linux x86_64) AppleWebKit/537.36 (KHTML, like Gecko) Chrome/124.0.0.0 Safari/537.36"
98.83.89.105 - - [10/Feb/2026:11:28:48 +0100] "GET /lib/thickbox-3.1.custom/thickbox.js HTTP/1.1" 200 13058 "http://nagybistvan.hu/" "Mozilla/5.0 (X11; Linux x86_64) AppleWebKit/537.36 (KHTML, like Gecko) Chrome/124.0.0.0 Safari/537.36"
98.83.89.105 - - [10/Feb/2026:11:28:48 +0100] "GET /lib/jq.contextmenu/jquery.contextmenu.js HTTP/1.1" 200 10507 "http://nagybistvan.hu/" "Mozilla/5.0 (X11; Linux x86_64) AppleWebKit/537.36 (KHTML, like Gecko) Chrome/124.0.0.0 Safari/537.36"
98.83.89.105 - - [10/Feb/2026:11:28:48 +0100] "GET /img/spacer.gif HTTP/1.1" 200 43 "http://nagybistvan.hu/" "Mozilla/5.0 (X11; Linux x86_64) AppleWebKit/537.36 (KHTML, like Gecko) Chrome/124.0.0.0 Safari/537.36"
98.83.89.105 - - [10/Feb/2026:11:28:48 +0100] "GET /lib/jquery-1.3.2/jquery-1.3.2.min.js HTTP/1.1" 200 57254 "http://nagybistvan.hu/" "Mozilla/5.0 (X11; Linux x86_64) AppleWebKit/537.36 (KHTML, like Gecko) Chrome/124.0.0.0 Safari/537.36"
98.83.89.105 - - [10/Feb/2026:11:28:48 +0100] "GET /img/nagy_b_90_meghivo_400.jpg HTTP/1.1" 200 42212 "http://nagybistvan.hu/" "Mozilla/5.0 (X11; Linux x86_64) AppleWebKit/537.36 (KHTML, like Gecko) Chrome/124.0.0.0 Safari/537.36"
98.83.89.105 - - [10/Feb/2026:11:28:48 +0100] "GET /img/Nagy_B_album_szoro2_130.jpg HTTP/1.1" 200 53095 "http://nagybistvan.hu/" "Mozilla/5.0 (X11; Linux x86_64) AppleWebKit/537.36 (KHTML, like Gecko) Chrome/124.0.0.0 Safari/537.36"
98.83.89.105 - - [10/Feb/2026:11:28:48 +0100] "GET /lib/thickbox-3.1.custom/loadingAnimation.gif HTTP/1.1" 200 4178 "http://nagybistvan.hu/" "Mozilla/5.0 (X11; Linux x86_64) AppleWebKit/537.36 (KHTML, like Gecko) Chrome/124.0.0.0 Safari/537.36"
98.83.89.105 - - [10/Feb/2026:11:28:48 +0100] "GET /skin/diszsav9.jpg HTTP/1.1" 200 147136 "http://nagybistvan.hu/skin/master.css" "Mozilla/5.0 (X11; Linux x86_64) AppleWebKit/537.36 (KHTML, like Gecko) Chrome/124.0.0.0 Safari/537.36"
98.83.89.105 - - [10/Feb/2026:11:28:49 +0100] "GET /media/image/07.007.001.jpg HTTP/1.1" 200 262340 "http://nagybistvan.hu/" "Mozilla/5.0 (X11; Linux x86_64) AppleWebKit/537.36 (KHTML, like Gecko) Chrome/124.0.0.0 Safari/537.36"
98.83.89.105 - - [10/Feb/2026:11:28:49 +0100] "GET /favicon.ico HTTP/1.1" 404 1181 "http://nagybistvan.hu/" "Mozilla/5.0 (X11; Linux x86_64) AppleWebKit/537.36 (KHTML, like Gecko) Chrome/124.0.0.0 Safari/537.36"
98.83.89.105 - - [10/Feb/2026:11:28:51 +0100] "GET /favicon.ico HTTP/1.1" 404 1181 "-" "Mozilla/5.0 (X11; Linux x86_64) AppleWebKit/537.36 (KHTML, like Gecko) Chrome/124.0.0.0 Safari/537.36"
23.82.131.18 - - [10/Feb/2026:11:29:47 +0100] "GET / HTTP/1.1" 200 6994 "-" "Mozilla/5.0 (Windows NT 10.0; Win64; x64) AppleWebKit/537.36 (KHTML, like Gecko) Chrome/139.0.0.0 Safari/537.36"
23.82.131.18 - - [10/Feb/2026:11:29:48 +0100] "GET /lib/jquery-1.3.2/jquery-1.3.2.min.js HTTP/1.1" 200 57254 "http://nagybistvan.hu/" "Mozilla/5.0 (Windows NT 10.0; Win64; x64) AppleWebKit/537.36 (KHTML, like Gecko) Chrome/139.0.0.0 Safari/537.36"
23.82.131.18 - - [10/Feb/2026:11:29:48 +0100] "GET /lib/thickbox-3.1.custom/thickbox.css HTTP/1.1" 200 4175 "http://nagybistvan.hu/" "Mozilla/5.0 (Windows NT 10.0; Win64; x64) AppleWebKit/537.36 (KHTML, like Gecko) Chrome/139.0.0.0 Safari/537.36"
23.82.131.18 - - [10/Feb/2026:11:29:48 +0100] "GET /lib/jq.fancybox-1.3.4/jquery.easing-1.3.pack.js HTTP/1.1" 200 6717 "http://nagybistvan.hu/" "Mozilla/5.0 (Windows NT 10.0; Win64; x64) AppleWebKit/537.36 (KHTML, like Gecko) Chrome/139.0.0.0 Safari/537.36"
23.82.131.18 - - [10/Feb/2026:11:29:48 +0100] "GET /lib/jq.fancybox-1.3.4/jquery.mousewheel-3.0.4.pack.js HTTP/1.1" 200 1279 "http://nagybistvan.hu/" "Mozilla/5.0 (Windows NT 10.0; Win64; x64) AppleWebKit/537.36 (KHTML, like Gecko) Chrome/139.0.0.0 Safari/537.36"
23.82.131.18 - - [10/Feb/2026:11:29:48 +0100] "GET /lib/thickbox-3.1.custom/thickbox.js HTTP/1.1" 200 13058 "http://nagybistvan.hu/" "Mozilla/5.0 (Windows NT 10.0; Win64; x64) AppleWebKit/537.36 (KHTML, like Gecko) Chrome/139.0.0.0 Safari/537.36"
23.82.131.18 - - [10/Feb/2026:11:29:48 +0100] "GET /lib/jq.contextmenu/jquery.contextmenu.js HTTP/1.1" 200 10507 "http://nagybistvan.hu/" "Mozilla/5.0 (Windows NT 10.0; Win64; x64) AppleWebKit/537.36 (KHTML, like Gecko) Chrome/139.0.0.0 Safari/537.36"
23.82.131.18 - - [10/Feb/2026:11:29:48 +0100] "GET /lib/jq.fancybox-1.3.4/jquery.fancybox-1.3.4.pack.js HTTP/1.1" 200 15624 "http://nagybistvan.hu/" "Mozilla/5.0 (Windows NT 10.0; Win64; x64) AppleWebKit/537.36 (KHTML, like Gecko) Chrome/139.0.0.0 Safari/537.36"
23.82.131.18 - - [10/Feb/2026:11:29:49 +0100] "GET /lib/jq.fancybox-1.3.4/jquery.fancybox-1.3.4.css HTTP/1.1" 200 8498 "http://nagybistvan.hu/" "Mozilla/5.0 (Windows NT 10.0; Win64; x64) AppleWebKit/537.36 (KHTML, like Gecko) Chrome/139.0.0.0 Safari/537.36"
23.82.131.18 - - [10/Feb/2026:11:29:49 +0100] "GET /skin/master.css HTTP/1.1" 200 6842 "http://nagybistvan.hu/" "Mozilla/5.0 (Windows NT 10.0; Win64; x64) AppleWebKit/537.36 (KHTML, like Gecko) Chrome/139.0.0.0 Safari/537.36"
23.82.131.18 - - [10/Feb/2026:11:29:49 +0100] "GET /img/nagy_b_90_meghivo_400.jpg HTTP/1.1" 200 42212 "http://nagybistvan.hu/" "Mozilla/5.0 (Windows NT 10.0; Win64; x64) AppleWebKit/537.36 (KHTML, like Gecko) Chrome/139.0.0.0 Safari/537.36"
23.82.131.18 - - [10/Feb/2026:11:29:49 +0100] "GET /img/spacer.gif HTTP/1.1" 200 43 "http://nagybistvan.hu/" "Mozilla/5.0 (Windows NT 10.0; Win64; x64) AppleWebKit/537.36 (KHTML, like Gecko) Chrome/139.0.0.0 Safari/537.36"
23.82.131.18 - - [10/Feb/2026:11:29:51 +0100] "GET /lib/thickbox-3.1.custom/loadingAnimation.gif HTTP/1.1" 200 4178 "http://nagybistvan.hu/" "Mozilla/5.0 (Windows NT 10.0; Win64; x64) AppleWebKit/537.36 (KHTML, like Gecko) Chrome/139.0.0.0 Safari/537.36"
23.82.131.18 - - [10/Feb/2026:11:29:51 +0100] "GET /skin/diszsav9.jpg HTTP/1.1" 200 147136 "http://nagybistvan.hu/skin/master.css" "Mozilla/5.0 (Windows NT 10.0; Win64; x64) AppleWebKit/537.36 (KHTML, like Gecko) Chrome/139.0.0.0 Safari/537.36"
23.82.131.18 - - [10/Feb/2026:11:29:51 +0100] "GET /img/Nagy_B_album_szoro2_130.jpg HTTP/1.1" 200 53095 "http://nagybistvan.hu/" "Mozilla/5.0 (Windows NT 10.0; Win64; x64) AppleWebKit/537.36 (KHTML, like Gecko) Chrome/139.0.0.0 Safari/537.36"
23.82.131.18 - - [10/Feb/2026:11:30:08 +0100] "GET /media/image/07.194.001.jpg HTTP/1.1" 200 239310 "http://nagybistvan.hu/" "Mozilla/5.0 (Windows NT 10.0; Win64; x64) AppleWebKit/537.36 (KHTML, like Gecko) Chrome/139.0.0.0 Safari/537.36"
108.62.50.45 - - [10/Feb/2026:11:30:27 +0100] "GET /favicon.ico HTTP/1.1" 404 1181 "http://nagybistvan.hu/" "Mozilla/5.0 (Windows NT 10.0; Win64; x64) AppleWebKit/537.36 (KHTML, like Gecko) Chrome/139.0.0.0 Safari/537.36"
18.192.166.72 - - [10/Feb/2026:11:32:24 +0100] "HEAD / HTTP/1.1" 200 0 "http://nagybistvan.hu" "Mozilla/5.0+(compatible; UptimeRobot/2.0; http://www.uptimerobot.com/)"
57.129.69.77 - - [10/Feb/2026:11:32:50 +0100] "GET /index.php?c=apostolok&cp=1 HTTP/1.1" 200 16700 "-" "Mozilla/5.0 (Windows NT 10.0; Win64; x64) AppleWebKit/537.36 (KHTML, like Gecko) Chrome/139.0.0.0 Safari/537.36"
57.129.69.52 - - [10/Feb/2026:11:32:57 +0100] "GET /index.php?c=szemely&cp=1 HTTP/1.1" 200 16698 "-" "Mozilla/5.0 (Windows NT 10.0; Win64; x64) AppleWebKit/537.36 (KHTML, like Gecko) Chrome/139.0.0.0 Safari/537.36"
49.13.167.123 - - [10/Feb/2026:11:37:28 +0100] "HEAD / HTTP/1.1" 200 0 "http://nagybistvan.hu" "Mozilla/5.0+(compatible; UptimeRobot/2.0; http://www.uptimerobot.com/)"
92.222.104.203 - - [10/Feb/2026:11:41:10 +0100] "GET /index.php?c=kepek HTTP/1.1" 200 10177 "-" "Mozilla/5.0 (compatible; AhrefsBot/7.0; +http://ahrefs.com/robot/)"
157.90.156.63 - - [10/Feb/2026:11:42:33 +0100] "HEAD / HTTP/1.1" 200 0 "http://nagybistvan.hu" "Mozilla/5.0+(compatible; UptimeRobot/2.0; http://www.uptimerobot.com/)"
63.178.84.147 - - [10/Feb/2026:11:47:39 +0100] "HEAD / HTTP/1.1" 200 0 "http://nagybistvan.hu" "Mozilla/5.0+(compatible; UptimeRobot/2.0; http://www.uptimerobot.com/)"
52.28.162.93 - - [10/Feb/2026:11:52:44 +0100] "HEAD / HTTP/1.1" 200 0 "http://nagybistvan.hu" "Mozilla/5.0+(compatible; UptimeRobot/2.0; http://www.uptimerobot.com/)"
49.13.134.145 - - [10/Feb/2026:11:57:51 +0100] "HEAD / HTTP/1.1" 200 0 "http://nagybistvan.hu" "Mozilla/5.0+(compatible; UptimeRobot/2.0; http://www.uptimerobot.com/)"
78.46.190.63 - - [10/Feb/2026:12:02:56 +0100] "HEAD / HTTP/1.1" 200 0 "http://nagybistvan.hu" "Mozilla/5.0+(compatible; UptimeRobot/2.0; http://www.uptimerobot.com/)"
159.69.158.189 - - [10/Feb/2026:12:08:00 +0100] "HEAD / HTTP/1.1" 200 0 "http://nagybistvan.hu" "Mozilla/5.0+(compatible; UptimeRobot/2.0; http://www.uptimerobot.com/)"
49.13.164.148 - - [10/Feb/2026:12:13:05 +0100] "HEAD / HTTP/1.1" 200 0 "http://nagybistvan.hu" "Mozilla/5.0+(compatible; UptimeRobot/2.0; http://www.uptimerobot.com/)"
168.119.53.160 - - [10/Feb/2026:12:18:08 +0100] "HEAD / HTTP/1.1" 200 0 "http://nagybistvan.hu" "Mozilla/5.0+(compatible; UptimeRobot/2.0; http://www.uptimerobot.com/)"
18.192.166.72 - - [10/Feb/2026:12:23:13 +0100] "HEAD / HTTP/1.1" 200 0 "http://nagybistvan.hu" "Mozilla/5.0+(compatible; UptimeRobot/2.0; http://www.uptimerobot.com/)"
18.193.252.127 - - [10/Feb/2026:12:28:18 +0100] "HEAD / HTTP/1.1" 200 0 "http://nagybistvan.hu" "Mozilla/5.0+(compatible; UptimeRobot/2.0; http://www.uptimerobot.com/)"
100.30.5.6 - - [10/Feb/2026:12:29:30 +0100] "GET /robots.txt HTTP/1.1" 404 1181 "-" "Mozilla/5.0 (Macintosh; Intel Mac OS X 10_10_1) AppleWebKit/600.2.5 (KHTML, like Gecko) Version/8.0.2 Safari/600.2.5 (TestUserAgent)"
168.119.123.75 - - [10/Feb/2026:12:33:22 +0100] "HEAD / HTTP/1.1" 200 0 "http://nagybistvan.hu" "Mozilla/5.0+(compatible; UptimeRobot/2.0; http://www.uptimerobot.com/)"
142.132.180.39 - - [10/Feb/2026:12:38:26 +0100] "HEAD / HTTP/1.1" 200 0 "http://nagybistvan.hu" "Mozilla/5.0+(compatible; UptimeRobot/2.0; http://www.uptimerobot.com/)"
52.59.43.236 - - [10/Feb/2026:12:43:31 +0100] "HEAD / HTTP/1.1" 200 0 "http://nagybistvan.hu" "Mozilla/5.0+(compatible; UptimeRobot/2.0; http://www.uptimerobot.com/)"
78.47.173.76 - - [10/Feb/2026:12:48:35 +0100] "HEAD / HTTP/1.1" 200 0 "http://nagybistvan.hu" "Mozilla/5.0+(compatible; UptimeRobot/2.0; http://www.uptimerobot.com/)"
78.46.190.63 - - [10/Feb/2026:12:53:38 +0100] "HEAD / HTTP/1.1" 200 0 "http://nagybistvan.hu" "Mozilla/5.0+(compatible; UptimeRobot/2.0; http://www.uptimerobot.com/)"
94.23.188.202 - - [10/Feb/2026:12:54:39 +0100] "GET / HTTP/1.1" 200 6630 "-" "Mozilla/5.0 (compatible; AhrefsBot/7.0; +http://ahrefs.com/robot/)"
49.13.164.148 - - [10/Feb/2026:12:58:45 +0100] "HEAD / HTTP/1.1" 200 0 "http://nagybistvan.hu" "Mozilla/5.0+(compatible; UptimeRobot/2.0; http://www.uptimerobot.com/)"
176.31.139.14 - - [10/Feb/2026:12:59:09 +0100] "GET /robots.txt HTTP/1.1" 404 1181 "-" "Mozilla/5.0 (compatible; AhrefsBot/7.0; +http://ahrefs.com/robot/)"
37.59.204.132 - - [10/Feb/2026:12:59:09 +0100] "GET /img/Nagy_B_album_szoro2_130.jpg HTTP/1.1" 200 53095 "-" "Mozilla/5.0 (compatible; AhrefsBot/7.0; +http://ahrefs.com/robot/)"
51.75.236.133 - - [10/Feb/2026:12:59:10 +0100] "GET /img/nagy_b_90_meghivo_400.jpg HTTP/1.1" 200 42212 "-" "Mozilla/5.0 (compatible; AhrefsBot/7.0; +http://ahrefs.com/robot/)"
52.59.43.236 - - [10/Feb/2026:13:03:50 +0100] "HEAD / HTTP/1.1" 200 0 "http://nagybistvan.hu" "Mozilla/5.0+(compatible; UptimeRobot/2.0; http://www.uptimerobot.com/)"
167.235.143.113 - - [10/Feb/2026:13:08:56 +0100] "HEAD / HTTP/1.1" 200 0 "http://nagybistvan.hu" "Mozilla/5.0+(compatible; UptimeRobot/2.0; http://www.uptimerobot.com/)"
51.68.247.204 - - [10/Feb/2026:13:09:44 +0100] "GET /egyeni/ HTTP/1.1" 302 5 "-" "Mozilla/5.0 (compatible; AhrefsBot/7.0; +http://ahrefs.com/robot/)"
49.13.164.148 - - [10/Feb/2026:13:14:02 +0100] "HEAD / HTTP/1.1" 200 0 "http://nagybistvan.hu" "Mozilla/5.0+(compatible; UptimeRobot/2.0; http://www.uptimerobot.com/)"
1.15.52.154 - - [10/Feb/2026:13:18:03 +0100] "GET / HTTP/1.1" 200 6680 "-" "Mozilla/5.0 (iPhone; CPU iPhone OS 13_2_3 like Mac OS X) AppleWebKit/605.1.15 (KHTML, like Gecko) Version/13.0.3 Mobile/15E148 Safari/604.1"
34.142.251.255 - - [10/Feb/2026:13:18:59 +0100] "GET / HTTP/1.1" 200 6756 "-" "Mozilla/5.0 (Windows NT 10.0; Win64; x64) AppleWebKit/537.36 (KHTML, like Gecko) Chrome/58.0.3029.110 Safari/537.3"
