78.46.215.1 - - [01/Feb/2026:00:01:05 +0100] "HEAD / HTTP/1.1" 200 0 "http://nagybistvan.hu" "Mozilla/5.0+(compatible; UptimeRobot/2.0; http://www.uptimerobot.com/)"
157.90.156.63 - - [01/Feb/2026:00:06:12 +0100] "HEAD / HTTP/1.1" 200 0 "http://nagybistvan.hu" "Mozilla/5.0+(compatible; UptimeRobot/2.0; http://www.uptimerobot.com/)"
49.13.24.81 - - [01/Feb/2026:00:11:17 +0100] "HEAD / HTTP/1.1" 200 0 "http://nagybistvan.hu" "Mozilla/5.0+(compatible; UptimeRobot/2.0; http://www.uptimerobot.com/)"
172.190.142.176 - - [01/Feb/2026:00:12:25 +0100] "GET /wp-content/plugins/hellopress/wp_filemanager.php HTTP/1.1" 404 1181 "-" "-"
172.190.142.176 - - [01/Feb/2026:00:12:25 +0100] "GET /166.php HTTP/1.1" 404 37 "-" "-"
172.190.142.176 - - [01/Feb/2026:00:12:25 +0100] "GET /2026.php HTTP/1.1" 404 37 "-" "-"
172.190.142.176 - - [01/Feb/2026:00:12:25 +0100] "GET /muzu.php HTTP/1.1" 404 37 "-" "-"
172.190.142.176 - - [01/Feb/2026:00:12:25 +0100] "GET /reze.php HTTP/1.1" 404 37 "-" "-"
172.190.142.176 - - [01/Feb/2026:00:12:25 +0100] "GET /jsond.php HTTP/1.1" 404 37 "-" "-"
172.190.142.176 - - [01/Feb/2026:00:12:26 +0100] "GET /x7.php HTTP/1.1" 404 37 "-" "-"
172.190.142.176 - - [01/Feb/2026:00:12:26 +0100] "GET /bgymj.php HTTP/1.1" 404 37 "-" "-"
172.190.142.176 - - [01/Feb/2026:00:12:26 +0100] "GET //lala.php HTTP/1.1" 404 37 "-" "-"
172.190.142.176 - - [01/Feb/2026:00:12:27 +0100] "GET /8xyz.php HTTP/1.1" 404 37 "-" "-"
172.190.142.176 - - [01/Feb/2026:00:12:27 +0100] "GET /wsd.php HTTP/1.1" 404 37 "-" "-"
172.190.142.176 - - [01/Feb/2026:00:12:27 +0100] "GET /Update/f35.php HTTP/1.1" 404 1181 "-" "-"
172.190.142.176 - - [01/Feb/2026:00:12:27 +0100] "GET /la.php HTTP/1.1" 404 37 "-" "-"
172.190.142.176 - - [01/Feb/2026:00:12:27 +0100] "GET /Wp-good.php HTTP/1.1" 404 37 "-" "-"
172.190.142.176 - - [01/Feb/2026:00:12:27 +0100] "GET /tphp.php HTTP/1.1" 404 37 "-" "-"
172.190.142.176 - - [01/Feb/2026:00:12:27 +0100] "GET /a1.php HTTP/1.1" 404 37 "-" "-"
172.190.142.176 - - [01/Feb/2026:00:12:27 +0100] "GET /nyan.php HTTP/1.1" 404 37 "-" "-"
172.190.142.176 - - [01/Feb/2026:00:12:27 +0100] "GET //autoload_classmap.php HTTP/1.1" 404 37 "-" "-"
172.190.142.176 - - [01/Feb/2026:00:12:28 +0100] "GET //alfa.php HTTP/1.1" 404 37 "-" "-"
172.190.142.176 - - [01/Feb/2026:00:12:28 +0100] "GET //wp-includes/assets/index.php HTTP/1.1" 404 1181 "-" "-"
172.190.142.176 - - [01/Feb/2026:00:12:28 +0100] "GET /luxe.php HTTP/1.1" 404 37 "-" "-"
172.190.142.176 - - [01/Feb/2026:00:12:28 +0100] "GET /update/wpupex.php/ HTTP/1.1" 404 1181 "-" "-"
172.190.142.176 - - [01/Feb/2026:00:12:28 +0100] "GET /rezor.php HTTP/1.1" 404 37 "-" "-"
172.190.142.176 - - [01/Feb/2026:00:12:29 +0100] "GET //doc.php HTTP/1.1" 404 37 "-" "-"
172.190.142.176 - - [01/Feb/2026:00:12:29 +0100] "GET //wp-admin/user/index.php HTTP/1.1" 404 1181 "-" "-"
172.190.142.176 - - [01/Feb/2026:00:12:29 +0100] "GET //wp-includes/css/about.php HTTP/1.1" 404 1181 "-" "-"
172.190.142.176 - - [01/Feb/2026:00:12:29 +0100] "GET //install.php HTTP/1.1" 404 37 "-" "-"
172.190.142.176 - - [01/Feb/2026:00:12:30 +0100] "GET /~norapump/hah.php HTTP/1.1" 404 1181 "-" "-"
172.190.142.176 - - [01/Feb/2026:00:12:30 +0100] "GET /sto.php HTTP/1.1" 404 37 "-" "-"
172.190.142.176 - - [01/Feb/2026:00:12:30 +0100] "GET //x.php HTTP/1.1" 404 37 "-" "-"
172.190.142.176 - - [01/Feb/2026:00:12:30 +0100] "GET //test.php HTTP/1.1" 404 37 "-" "-"
172.190.142.176 - - [01/Feb/2026:00:12:30 +0100] "GET /wp-includes/blocks/ HTTP/1.1" 404 1181 "-" "-"
172.190.142.176 - - [01/Feb/2026:00:12:30 +0100] "GET /n3.php HTTP/1.1" 404 37 "-" "-"
172.190.142.176 - - [01/Feb/2026:00:12:30 +0100] "GET /wp-admin/install.php HTTP/1.1" 404 1181 "-" "-"
172.190.142.176 - - [01/Feb/2026:00:12:31 +0100] "GET /o.php HTTP/1.1" 404 37 "-" "-"
172.190.142.176 - - [01/Feb/2026:00:12:31 +0100] "GET //wp-includes/ID3/index.php HTTP/1.1" 404 1181 "-" "-"
172.190.142.176 - - [01/Feb/2026:00:12:31 +0100] "GET /class-t.api.php HTTP/1.1" 404 37 "-" "-"
172.190.142.176 - - [01/Feb/2026:00:12:31 +0100] "GET /.trash7309/f/ HTTP/1.1" 404 1181 "-" "-"
172.190.142.176 - - [01/Feb/2026:00:12:31 +0100] "GET //wp.php HTTP/1.1" 404 37 "-" "-"
172.190.142.176 - - [01/Feb/2026:00:12:31 +0100] "GET //wp-includes/customize/index.php HTTP/1.1" 404 1181 "-" "-"
172.190.142.176 - - [01/Feb/2026:00:12:31 +0100] "GET //wp-content/themes/seotheme/mar.php HTTP/1.1" 404 1181 "-" "-"
172.190.142.176 - - [01/Feb/2026:00:12:32 +0100] "GET //h.php HTTP/1.1" 404 37 "-" "-"
172.190.142.176 - - [01/Feb/2026:00:12:32 +0100] "GET //skin/install/default/security.php HTTP/1.1" 404 1181 "-" "-"
172.190.142.176 - - [01/Feb/2026:00:12:32 +0100] "GET /wrt.php HTTP/1.1" 404 37 "-" "-"
172.190.142.176 - - [01/Feb/2026:00:12:32 +0100] "GET //wp-content/plugins/Core-EconX/up.php HTTP/1.1" 404 1181 "-" "-"
172.190.142.176 - - [01/Feb/2026:00:12:32 +0100] "GET /wp-includes/css/ HTTP/1.1" 404 1181 "-" "-"
172.190.142.176 - - [01/Feb/2026:00:12:32 +0100] "GET /images/c99.php HTTP/1.1" 404 1181 "-" "-"
172.190.142.176 - - [01/Feb/2026:00:12:33 +0100] "GET /png.php HTTP/1.1" 404 37 "-" "-"
172.190.142.176 - - [01/Feb/2026:00:12:33 +0100] "GET //wp-includes/ID3/index.php HTTP/1.1" 404 1181 "-" "-"
172.190.142.176 - - [01/Feb/2026:00:12:33 +0100] "GET //zwso.php HTTP/1.1" 404 37 "-" "-"
172.190.142.176 - - [01/Feb/2026:00:12:33 +0100] "GET //wp-content/languages/index.php HTTP/1.1" 404 1181 "-" "-"
172.190.142.176 - - [01/Feb/2026:00:12:33 +0100] "GET //wp-content/ HTTP/1.1" 404 1181 "-" "-"
172.190.142.176 - - [01/Feb/2026:00:12:33 +0100] "GET /wp/wp-includes//index.php HTTP/1.1" 404 1181 "-" "-"
172.190.142.176 - - [01/Feb/2026:00:12:33 +0100] "GET /ton.php HTTP/1.1" 404 37 "-" "-"
172.190.142.176 - - [01/Feb/2026:00:12:33 +0100] "GET //wso.php HTTP/1.1" 404 37 "-" "-"
172.190.142.176 - - [01/Feb/2026:00:12:34 +0100] "GET /images/fk2e3/ HTTP/1.1" 404 1181 "-" "-"
172.190.142.176 - - [01/Feb/2026:00:12:34 +0100] "GET /a2.php HTTP/1.1" 404 37 "-" "-"
172.190.142.176 - - [01/Feb/2026:00:12:34 +0100] "GET /shell.php HTTP/1.1" 404 37 "-" "-"
172.190.142.176 - - [01/Feb/2026:00:12:34 +0100] "GET /wp-includes/IXR/moon.php HTTP/1.1" 404 1181 "-" "-"
172.190.142.176 - - [01/Feb/2026:00:12:34 +0100] "GET /sxo.php HTTP/1.1" 404 37 "-" "-"
172.190.142.176 - - [01/Feb/2026:00:12:34 +0100] "GET //admin.php HTTP/1.1" 404 37 "-" "-"
172.190.142.176 - - [01/Feb/2026:00:12:35 +0100] "GET /wp-admin/ HTTP/1.1" 404 1181 "-" "-"
172.190.142.176 - - [01/Feb/2026:00:12:35 +0100] "GET //wp-content/ HTTP/1.1" 404 1181 "-" "-"
172.190.142.176 - - [01/Feb/2026:00:12:35 +0100] "GET /mans.php HTTP/1.1" 404 37 "-" "-"
172.190.142.176 - - [01/Feb/2026:00:12:35 +0100] "GET //dropdown.php HTTP/1.1" 404 37 "-" "-"
172.190.142.176 - - [01/Feb/2026:00:12:35 +0100] "GET /WordPress/x/ HTTP/1.1" 404 1181 "-" "-"
172.190.142.176 - - [01/Feb/2026:00:12:35 +0100] "GET /ze.php HTTP/1.1" 404 37 "-" "-"
172.190.142.176 - - [01/Feb/2026:00:12:35 +0100] "GET //geck.php HTTP/1.1" 404 37 "-" "-"
172.190.142.176 - - [01/Feb/2026:00:12:36 +0100] "GET /menu.php HTTP/1.1" 404 37 "-" "-"
172.190.142.176 - - [01/Feb/2026:00:12:36 +0100] "GET //admin/function.php HTTP/1.1" 404 1181 "-" "-"
172.190.142.176 - - [01/Feb/2026:00:12:36 +0100] "GET //index/function.php HTTP/1.1" 200 6728 "-" "-"
172.190.142.176 - - [01/Feb/2026:00:12:37 +0100] "GET /flower.php HTTP/1.1" 404 37 "-" "-"
172.190.142.176 - - [01/Feb/2026:00:12:37 +0100] "GET /ftp.php HTTP/1.1" 404 37 "-" "-"
172.190.142.176 - - [01/Feb/2026:00:12:37 +0100] "GET /mds.php HTTP/1.1" 404 37 "-" "-"
172.190.142.176 - - [01/Feb/2026:00:12:37 +0100] "GET /ahax.php HTTP/1.1" 404 37 "-" "-"
172.190.142.176 - - [01/Feb/2026:00:12:37 +0100] "GET //wp-admin/class-db.php HTTP/1.1" 404 1181 "-" "-"
172.190.142.176 - - [01/Feb/2026:00:12:38 +0100] "GET /cool.php HTTP/1.1" 404 37 "-" "-"
172.190.142.176 - - [01/Feb/2026:00:12:38 +0100] "GET /gm.php HTTP/1.1" 404 37 "-" "-"
172.190.142.176 - - [01/Feb/2026:00:12:38 +0100] "GET //simple.php HTTP/1.1" 404 37 "-" "-"
172.190.142.176 - - [01/Feb/2026:00:12:38 +0100] "GET //elp.php HTTP/1.1" 404 37 "-" "-"
172.190.142.176 - - [01/Feb/2026:00:12:38 +0100] "GET /bolt.php HTTP/1.1" 404 37 "-" "-"
172.190.142.176 - - [01/Feb/2026:00:12:38 +0100] "GET //wp-content/uploads/index.php HTTP/1.1" 404 1181 "-" "-"
172.190.142.176 - - [01/Feb/2026:00:12:39 +0100] "GET //inputs.php HTTP/1.1" 404 37 "-" "-"
172.190.142.176 - - [01/Feb/2026:00:12:39 +0100] "GET /.trash7309/fafa/ HTTP/1.1" 404 1181 "-" "-"
172.190.142.176 - - [01/Feb/2026:00:12:39 +0100] "GET /system.php HTTP/1.1" 404 37 "-" "-"
172.190.142.176 - - [01/Feb/2026:00:12:39 +0100] "GET /wp-admin/maint/ HTTP/1.1" 404 1181 "-" "-"
172.190.142.176 - - [01/Feb/2026:00:12:39 +0100] "GET /wp-admin/network/ HTTP/1.1" 404 1181 "-" "-"
172.190.142.176 - - [01/Feb/2026:00:12:39 +0100] "GET /museu/yhweq.php HTTP/1.1" 404 1181 "-" "-"
172.190.142.176 - - [01/Feb/2026:00:12:39 +0100] "GET /an.php HTTP/1.1" 404 37 "-" "-"
172.190.142.176 - - [01/Feb/2026:00:12:40 +0100] "GET //w.php HTTP/1.1" 404 37 "-" "-"
172.190.142.176 - - [01/Feb/2026:00:12:40 +0100] "GET /gmo.php HTTP/1.1" 404 37 "-" "-"
172.190.142.176 - - [01/Feb/2026:00:12:40 +0100] "GET /gib.php HTTP/1.1" 404 37 "-" "-"
172.190.142.176 - - [01/Feb/2026:00:12:40 +0100] "GET /wp-miiss.php.php HTTP/1.1" 404 37 "-" "-"
172.190.142.176 - - [01/Feb/2026:00:12:40 +0100] "GET /ho/wpup.php HTTP/1.1" 404 1181 "-" "-"
172.190.142.176 - - [01/Feb/2026:00:12:40 +0100] "GET //moon.php HTTP/1.1" 404 37 "-" "-"
172.190.142.176 - - [01/Feb/2026:00:12:41 +0100] "GET /filesss.php HTTP/1.1" 404 37 "-" "-"
172.190.142.176 - - [01/Feb/2026:00:12:41 +0100] "GET /hey.php HTTP/1.1" 404 37 "-" "-"
172.190.142.176 - - [01/Feb/2026:00:12:41 +0100] "GET //wp-content/themes/seotheme/mar.php HTTP/1.1" 404 1181 "-" "-"
172.190.142.176 - - [01/Feb/2026:00:12:41 +0100] "GET //1337.php HTTP/1.1" 404 37 "-" "-"
172.190.142.176 - - [01/Feb/2026:00:12:41 +0100] "GET //buy.php HTTP/1.1" 404 37 "-" "-"
172.190.142.176 - - [01/Feb/2026:00:12:41 +0100] "GET /apsarasarts/okk.php HTTP/1.1" 404 1181 "-" "-"
172.190.142.176 - - [01/Feb/2026:00:12:42 +0100] "GET /m.php HTTP/1.1" 404 37 "-" "-"
172.190.142.176 - - [01/Feb/2026:00:12:42 +0100] "GET /wp-is.php HTTP/1.1" 404 37 "-" "-"
172.190.142.176 - - [01/Feb/2026:00:12:42 +0100] "GET /jmfi2.php HTTP/1.1" 404 37 "-" "-"
172.190.142.176 - - [01/Feb/2026:00:12:42 +0100] "GET //about/function.php HTTP/1.1" 404 1181 "-" "-"
172.190.142.176 - - [01/Feb/2026:00:12:42 +0100] "GET /bnn_.php HTTP/1.1" 404 37 "-" "-"
172.190.142.176 - - [01/Feb/2026:00:12:42 +0100] "GET //wp-content/json.php HTTP/1.1" 404 1181 "-" "-"
172.190.142.176 - - [01/Feb/2026:00:12:43 +0100] "GET /hzz.php HTTP/1.1" 404 37 "-" "-"
172.190.142.176 - - [01/Feb/2026:00:12:43 +0100] "GET //shell20211028.php HTTP/1.1" 404 37 "-" "-"
172.190.142.176 - - [01/Feb/2026:00:12:43 +0100] "GET //content.php HTTP/1.1" 404 37 "-" "-"
172.190.142.176 - - [01/Feb/2026:00:12:43 +0100] "GET /wp-content/ HTTP/1.1" 404 1181 "-" "-"
172.190.142.176 - - [01/Feb/2026:00:12:43 +0100] "GET /ps.php HTTP/1.1" 404 37 "-" "-"
172.190.142.176 - - [01/Feb/2026:00:12:44 +0100] "GET //wp-content/themes/about.php HTTP/1.1" 404 1181 "-" "-"
172.190.142.176 - - [01/Feb/2026:00:12:44 +0100] "GET /.trash7309/dd/ HTTP/1.1" 404 1181 "-" "-"
172.190.142.176 - - [01/Feb/2026:00:12:44 +0100] "GET /cache.php HTTP/1.1" 404 37 "-" "-"
172.190.142.176 - - [01/Feb/2026:00:12:44 +0100] "GET /ss.php HTTP/1.1" 404 37 "-" "-"
172.190.142.176 - - [01/Feb/2026:00:12:44 +0100] "GET /p.php HTTP/1.1" 404 37 "-" "-"
172.190.142.176 - - [01/Feb/2026:00:12:44 +0100] "GET //wp-content/plugins/achdxhv/languages/admin.php HTTP/1.1" 404 1181 "-" "-"
172.190.142.176 - - [01/Feb/2026:00:12:45 +0100] "GET //user.php HTTP/1.1" 404 37 "-" "-"
172.190.142.176 - - [01/Feb/2026:00:12:45 +0100] "GET /wp-includes/block-patterns/ HTTP/1.1" 404 1181 "-" "-"
172.190.142.176 - - [01/Feb/2026:00:12:45 +0100] "GET //index/function.php HTTP/1.1" 200 6678 "-" "-"
172.190.142.176 - - [01/Feb/2026:00:12:45 +0100] "GET /wp.php HTTP/1.1" 404 37 "-" "-"
172.190.142.176 - - [01/Feb/2026:00:12:46 +0100] "GET /rip.php HTTP/1.1" 404 37 "-" "-"
172.190.142.176 - - [01/Feb/2026:00:12:46 +0100] "GET /wp4.php HTTP/1.1" 404 37 "-" "-"
172.190.142.176 - - [01/Feb/2026:00:12:46 +0100] "GET //403.php HTTP/1.1" 404 37 "-" "-"
172.190.142.176 - - [01/Feb/2026:00:12:46 +0100] "GET //wp-admin/maint/index.php HTTP/1.1" 404 1181 "-" "-"
172.190.142.176 - - [01/Feb/2026:00:12:47 +0100] "GET /asd67.php HTTP/1.1" 404 37 "-" "-"
172.190.142.176 - - [01/Feb/2026:00:12:47 +0100] "GET //sad/about.php HTTP/1.1" 404 1181 "-" "-"
172.190.142.176 - - [01/Feb/2026:00:12:47 +0100] "GET /oivcl.php HTTP/1.1" 404 37 "-" "-"
172.190.142.176 - - [01/Feb/2026:00:12:47 +0100] "GET //about.php HTTP/1.1" 404 37 "-" "-"
172.190.142.176 - - [01/Feb/2026:00:12:47 +0100] "GET //wp-content/themes/deeto/login.php HTTP/1.1" 404 1181 "-" "-"
172.190.142.176 - - [01/Feb/2026:00:12:47 +0100] "GET /v2.php HTTP/1.1" 404 37 "-" "-"
172.190.142.176 - - [01/Feb/2026:00:12:47 +0100] "GET //wp-content/themes/hideo/network.php HTTP/1.1" 404 1181 "-" "-"
172.190.142.176 - - [01/Feb/2026:00:12:47 +0100] "GET /x/ HTTP/1.1" 404 1181 "-" "-"
172.190.142.176 - - [01/Feb/2026:00:12:48 +0100] "GET //.cache/x.php HTTP/1.1" 404 1181 "-" "-"
172.190.142.176 - - [01/Feb/2026:00:12:48 +0100] "GET /dr.php HTTP/1.1" 404 37 "-" "-"
172.190.142.176 - - [01/Feb/2026:00:12:48 +0100] "GET /raw.php HTTP/1.1" 404 37 "-" "-"
172.190.142.176 - - [01/Feb/2026:00:12:48 +0100] "GET //wp-includes/css/about.php HTTP/1.1" 404 1181 "-" "-"
172.190.142.176 - - [01/Feb/2026:00:12:48 +0100] "GET //wp-content/index.php HTTP/1.1" 404 1181 "-" "-"
172.190.142.176 - - [01/Feb/2026:00:12:48 +0100] "GET /ioxi-o2.php HTTP/1.1" 404 37 "-" "-"
172.190.142.176 - - [01/Feb/2026:00:12:49 +0100] "GET /dropdown.php HTTP/1.1" 404 37 "-" "-"
172.190.142.176 - - [01/Feb/2026:00:12:49 +0100] "GET /dlu.php HTTP/1.1" 404 37 "-" "-"
172.190.142.176 - - [01/Feb/2026:00:12:49 +0100] "GET //wp-content/about.php HTTP/1.1" 404 1181 "-" "-"
172.190.142.176 - - [01/Feb/2026:00:12:49 +0100] "GET /db.php HTTP/1.1" 404 37 "-" "-"
172.190.142.176 - - [01/Feb/2026:00:12:49 +0100] "GET /packed.php HTTP/1.1" 404 37 "-" "-"
172.190.142.176 - - [01/Feb/2026:00:12:49 +0100] "GET /wp-configs.php HTTP/1.1" 404 37 "-" "-"
172.190.142.176 - - [01/Feb/2026:00:12:50 +0100] "GET //404.php HTTP/1.1" 404 37 "-" "-"
172.190.142.176 - - [01/Feb/2026:00:12:50 +0100] "GET /des.php HTTP/1.1" 404 37 "-" "-"
172.190.142.176 - - [01/Feb/2026:00:12:50 +0100] "GET /.well-known/content.php HTTP/1.1" 404 1181 "-" "-"
172.190.142.176 - - [01/Feb/2026:00:12:50 +0100] "GET //lufix.php HTTP/1.1" 404 37 "-" "-"
66.249.64.132 - - [01/Feb/2026:00:12:51 +0100] "GET /media/image/30.351.001.jpg HTTP/1.1" 200 220391 "-" "Googlebot-Image/1.0"
52.28.162.93 - - [01/Feb/2026:00:16:21 +0100] "HEAD / HTTP/1.1" 200 0 "http://nagybistvan.hu" "Mozilla/5.0+(compatible; UptimeRobot/2.0; http://www.uptimerobot.com/)"
51.89.129.97 - - [01/Feb/2026:00:18:06 +0100] "GET /index.php?c=apostolok HTTP/1.1" 200 16700 "-" "Mozilla/5.0 (compatible; AhrefsBot/7.0; +http://ahrefs.com/robot/)"
92.255.85.75 - - [01/Feb/2026:00:21:09 +0100] "GET / HTTP/1.0" 200 6761 "http://nagybistvan.hu/" "Mozilla/5.0 (Windows NT 10.0; Win64; x64) AppleWebKit/537.36 (KHTML, like Gecko) Chrome/130.0.0.0 Safari/537.36"
18.193.252.127 - - [01/Feb/2026:00:21:28 +0100] "HEAD / HTTP/1.1" 200 0 "http://nagybistvan.hu" "Mozilla/5.0+(compatible; UptimeRobot/2.0; http://www.uptimerobot.com/)"
52.59.43.236 - - [01/Feb/2026:00:26:32 +0100] "HEAD / HTTP/1.1" 200 0 "http://nagybistvan.hu" "Mozilla/5.0+(compatible; UptimeRobot/2.0; http://www.uptimerobot.com/)"
168.119.123.75 - - [01/Feb/2026:00:31:36 +0100] "HEAD / HTTP/1.1" 200 0 "http://nagybistvan.hu" "Mozilla/5.0+(compatible; UptimeRobot/2.0; http://www.uptimerobot.com/)"
49.13.134.145 - - [01/Feb/2026:00:36:42 +0100] "HEAD / HTTP/1.1" 200 0 "http://nagybistvan.hu" "Mozilla/5.0+(compatible; UptimeRobot/2.0; http://www.uptimerobot.com/)"
128.140.106.114 - - [01/Feb/2026:00:41:46 +0100] "HEAD / HTTP/1.1" 200 0 "http://nagybistvan.hu" "Mozilla/5.0+(compatible; UptimeRobot/2.0; http://www.uptimerobot.com/)"
78.47.173.76 - - [01/Feb/2026:00:46:49 +0100] "HEAD / HTTP/1.1" 200 0 "http://nagybistvan.hu" "Mozilla/5.0+(compatible; UptimeRobot/2.0; http://www.uptimerobot.com/)"
52.59.43.236 - - [01/Feb/2026:00:51:53 +0100] "HEAD / HTTP/1.1" 200 0 "http://nagybistvan.hu" "Mozilla/5.0+(compatible; UptimeRobot/2.0; http://www.uptimerobot.com/)"
3.77.67.4 - - [01/Feb/2026:00:56:58 +0100] "HEAD / HTTP/1.1" 200 0 "http://nagybistvan.hu" "Mozilla/5.0+(compatible; UptimeRobot/2.0; http://www.uptimerobot.com/)"
51.89.129.118 - - [01/Feb/2026:00:59:09 +0100] "GET /index.php?c=korai&cp=3 HTTP/1.1" 200 16331 "-" "Mozilla/5.0 (compatible; AhrefsBot/7.0; +http://ahrefs.com/robot/)"
3.77.67.4 - - [01/Feb/2026:01:02:02 +0100] "HEAD / HTTP/1.1" 200 0 "http://nagybistvan.hu" "Mozilla/5.0+(compatible; UptimeRobot/2.0; http://www.uptimerobot.com/)"
18.193.252.127 - - [01/Feb/2026:01:07:09 +0100] "HEAD / HTTP/1.1" 200 0 "http://nagybistvan.hu" "Mozilla/5.0+(compatible; UptimeRobot/2.0; http://www.uptimerobot.com/)"
157.90.156.63 - - [01/Feb/2026:01:12:13 +0100] "HEAD / HTTP/1.1" 200 0 "http://nagybistvan.hu" "Mozilla/5.0+(compatible; UptimeRobot/2.0; http://www.uptimerobot.com/)"
157.90.155.240 - - [01/Feb/2026:01:17:19 +0100] "HEAD / HTTP/1.1" 200 0 "http://nagybistvan.hu" "Mozilla/5.0+(compatible; UptimeRobot/2.0; http://www.uptimerobot.com/)"
49.13.130.29 - - [01/Feb/2026:01:22:24 +0100] "HEAD / HTTP/1.1" 200 0 "http://nagybistvan.hu" "Mozilla/5.0+(compatible; UptimeRobot/2.0; http://www.uptimerobot.com/)"
128.140.106.114 - - [01/Feb/2026:01:27:28 +0100] "HEAD / HTTP/1.1" 200 0 "http://nagybistvan.hu" "Mozilla/5.0+(compatible; UptimeRobot/2.0; http://www.uptimerobot.com/)"
78.47.98.55 - - [01/Feb/2026:01:32:33 +0100] "HEAD / HTTP/1.1" 200 0 "http://nagybistvan.hu" "Mozilla/5.0+(compatible; UptimeRobot/2.0; http://www.uptimerobot.com/)"
78.47.173.76 - - [01/Feb/2026:01:37:37 +0100] "HEAD / HTTP/1.1" 200 0 "http://nagybistvan.hu" "Mozilla/5.0+(compatible; UptimeRobot/2.0; http://www.uptimerobot.com/)"
168.119.53.160 - - [01/Feb/2026:01:42:41 +0100] "HEAD / HTTP/1.1" 200 0 "http://nagybistvan.hu" "Mozilla/5.0+(compatible; UptimeRobot/2.0; http://www.uptimerobot.com/)"
78.46.190.63 - - [01/Feb/2026:01:47:46 +0100] "HEAD / HTTP/1.1" 200 0 "http://nagybistvan.hu" "Mozilla/5.0+(compatible; UptimeRobot/2.0; http://www.uptimerobot.com/)"
66.249.64.105 - - [01/Feb/2026:01:49:55 +0100] "GET /media/image/30.110.128.jpg HTTP/1.1" 200 170731 "-" "Googlebot-Image/1.0"
168.119.123.75 - - [01/Feb/2026:01:52:51 +0100] "HEAD / HTTP/1.1" 200 0 "http://nagybistvan.hu" "Mozilla/5.0+(compatible; UptimeRobot/2.0; http://www.uptimerobot.com/)"
18.192.166.72 - - [01/Feb/2026:01:58:01 +0100] "HEAD / HTTP/1.1" 200 0 "http://nagybistvan.hu" "Mozilla/5.0+(compatible; UptimeRobot/2.0; http://www.uptimerobot.com/)"
148.113.130.84 - - [01/Feb/2026:02:00:02 +0100] "GET /robots.txt HTTP/1.1" 404 1181 "-" "Mozilla/5.0 (compatible; AhrefsBot/7.0; +http://ahrefs.com/robot/)"
198.244.226.176 - - [01/Feb/2026:02:00:06 +0100] "GET /index.php?c=korai&cp=2 HTTP/1.1" 200 16428 "-" "Mozilla/5.0 (compatible; AhrefsBot/7.0; +http://ahrefs.com/robot/)"
3.79.134.69 - - [01/Feb/2026:02:03:07 +0100] "HEAD / HTTP/1.1" 200 0 "http://nagybistvan.hu" "Mozilla/5.0+(compatible; UptimeRobot/2.0; http://www.uptimerobot.com/)"
168.119.96.239 - - [01/Feb/2026:02:08:11 +0100] "HEAD / HTTP/1.1" 200 0 "http://nagybistvan.hu" "Mozilla/5.0+(compatible; UptimeRobot/2.0; http://www.uptimerobot.com/)"
168.119.96.239 - - [01/Feb/2026:02:13:16 +0100] "HEAD / HTTP/1.1" 200 0 "http://nagybistvan.hu" "Mozilla/5.0+(compatible; UptimeRobot/2.0; http://www.uptimerobot.com/)"
128.140.41.193 - - [01/Feb/2026:02:18:21 +0100] "HEAD / HTTP/1.1" 200 0 "http://nagybistvan.hu" "Mozilla/5.0+(compatible; UptimeRobot/2.0; http://www.uptimerobot.com/)"
3.101.230.180 - - [01/Feb/2026:02:18:51 +0100] "HEAD / HTTP/1.1" 200 0 "-" "bitdiscovery"
3.101.230.180 - - [01/Feb/2026:02:18:52 +0100] "GET / HTTP/1.1" 200 6696 "-" "bitdiscovery"
3.101.230.180 - - [01/Feb/2026:02:18:53 +0100] "GET /lib/jq.fancybox-1.3.4/jquery.mousewheel-3.0.4.pack.js HTTP/1.1" 200 1279 "http://nagybistvan.hu/" "bitdiscovery"
3.101.230.180 - - [01/Feb/2026:02:18:53 +0100] "GET /lib/jq.fancybox-1.3.4/jquery.fancybox-1.3.4.css HTTP/1.1" 200 8498 "http://nagybistvan.hu/" "bitdiscovery"
3.101.230.180 - - [01/Feb/2026:02:18:53 +0100] "GET /lib/thickbox-3.1.custom/thickbox.js HTTP/1.1" 200 13058 "http://nagybistvan.hu/" "bitdiscovery"
3.101.230.180 - - [01/Feb/2026:02:18:53 +0100] "GET /lib/jq.fancybox-1.3.4/jquery.easing-1.3.pack.js HTTP/1.1" 200 6717 "http://nagybistvan.hu/" "bitdiscovery"
3.101.230.180 - - [01/Feb/2026:02:18:53 +0100] "GET /lib/jq.fancybox-1.3.4/jquery.fancybox-1.3.4.pack.js HTTP/1.1" 200 15624 "http://nagybistvan.hu/" "bitdiscovery"
3.101.230.180 - - [01/Feb/2026:02:18:53 +0100] "GET /lib/jquery-1.3.2/jquery-1.3.2.min.js HTTP/1.1" 200 57254 "http://nagybistvan.hu/" "bitdiscovery"
3.101.230.180 - - [01/Feb/2026:02:18:53 +0100] "GET /lib/thickbox-3.1.custom/thickbox.css HTTP/1.1" 200 4175 "http://nagybistvan.hu/" "bitdiscovery"
3.101.230.180 - - [01/Feb/2026:02:18:55 +0100] "GET /lib/jq.contextmenu/jquery.contextmenu.js HTTP/1.1" 200 10507 "http://nagybistvan.hu/" "bitdiscovery"
3.101.230.180 - - [01/Feb/2026:02:18:55 +0100] "GET /img/nagy_b_90_meghivo_400.jpg HTTP/1.1" 200 42212 "http://nagybistvan.hu/" "bitdiscovery"
3.101.230.180 - - [01/Feb/2026:02:18:55 +0100] "GET /img/spacer.gif HTTP/1.1" 200 43 "http://nagybistvan.hu/" "bitdiscovery"
3.101.230.180 - - [01/Feb/2026:02:18:55 +0100] "GET /skin/master.css HTTP/1.1" 200 6842 "http://nagybistvan.hu/" "bitdiscovery"
3.101.230.180 - - [01/Feb/2026:02:18:55 +0100] "GET /img/Nagy_B_album_szoro2_130.jpg HTTP/1.1" 200 53095 "http://nagybistvan.hu/" "bitdiscovery"
3.101.230.180 - - [01/Feb/2026:02:18:55 +0100] "GET /lib/thickbox-3.1.custom/loadingAnimation.gif HTTP/1.1" 200 4178 "http://nagybistvan.hu/" "bitdiscovery"
3.101.230.180 - - [01/Feb/2026:02:18:56 +0100] "GET /skin/diszsav9.jpg HTTP/1.1" 200 147136 "http://nagybistvan.hu/skin/master.css" "bitdiscovery"
3.101.230.180 - - [01/Feb/2026:02:18:56 +0100] "GET /media/image/07.047.001.jpg HTTP/1.1" 200 110454 "http://nagybistvan.hu/" "bitdiscovery"
3.101.230.180 - - [01/Feb/2026:02:18:57 +0100] "GET /favicon.ico HTTP/1.1" 404 1181 "http://nagybistvan.hu/" "bitdiscovery"
3.101.230.180 - - [01/Feb/2026:02:18:56 +0100] "HEAD / HTTP/1.1" 200 0 "-" "axios/1.13.1"
88.99.80.227 - - [01/Feb/2026:02:23:32 +0100] "HEAD / HTTP/1.1" 200 0 "http://nagybistvan.hu" "Mozilla/5.0+(compatible; UptimeRobot/2.0; http://www.uptimerobot.com/)"
78.46.215.1 - - [01/Feb/2026:02:28:36 +0100] "HEAD / HTTP/1.1" 200 0 "http://nagybistvan.hu" "Mozilla/5.0+(compatible; UptimeRobot/2.0; http://www.uptimerobot.com/)"
49.13.164.148 - - [01/Feb/2026:02:33:41 +0100] "HEAD / HTTP/1.1" 200 0 "http://nagybistvan.hu" "Mozilla/5.0+(compatible; UptimeRobot/2.0; http://www.uptimerobot.com/)"
168.119.96.239 - - [01/Feb/2026:02:38:45 +0100] "HEAD / HTTP/1.1" 200 0 "http://nagybistvan.hu" "Mozilla/5.0+(compatible; UptimeRobot/2.0; http://www.uptimerobot.com/)"
51.89.129.86 - - [01/Feb/2026:02:41:35 +0100] "GET /index.php?c=greco HTTP/1.1" 200 17734 "-" "Mozilla/5.0 (compatible; AhrefsBot/7.0; +http://ahrefs.com/robot/)"
43.153.62.161 - - [01/Feb/2026:02:41:38 +0100] "GET / HTTP/1.1" 200 6630 "-" "Mozilla/5.0 (iPhone; CPU iPhone OS 13_2_3 like Mac OS X) AppleWebKit/605.1.15 (KHTML, like Gecko) Version/13.0.3 Mobile/15E148 Safari/604.1"
167.235.143.113 - - [01/Feb/2026:02:43:50 +0100] "HEAD / HTTP/1.1" 200 0 "http://nagybistvan.hu" "Mozilla/5.0+(compatible; UptimeRobot/2.0; http://www.uptimerobot.com/)"
167.235.143.113 - - [01/Feb/2026:02:48:53 +0100] "HEAD / HTTP/1.1" 200 0 "http://nagybistvan.hu" "Mozilla/5.0+(compatible; UptimeRobot/2.0; http://www.uptimerobot.com/)"
142.132.180.39 - - [01/Feb/2026:02:53:58 +0100] "HEAD / HTTP/1.1" 200 0 "http://nagybistvan.hu" "Mozilla/5.0+(compatible; UptimeRobot/2.0; http://www.uptimerobot.com/)"
157.90.156.63 - - [01/Feb/2026:02:59:03 +0100] "HEAD / HTTP/1.1" 200 0 "http://nagybistvan.hu" "Mozilla/5.0+(compatible; UptimeRobot/2.0; http://www.uptimerobot.com/)"
216.244.66.227 - - [01/Feb/2026:03:02:51 +0100] "GET /robots.txt HTTP/1.1" 404 1181 "-" "Mozilla/5.0 (compatible; DotBot/1.2; +https://opensiteexplorer.org/dotbot; help@moz.com)"
216.244.66.227 - - [01/Feb/2026:03:02:51 +0100] "GET /robots.txt HTTP/1.1" 404 1181 "-" "Mozilla/5.0 (compatible; DotBot/1.2; +https://opensiteexplorer.org/dotbot; help@moz.com)"
49.13.24.81 - - [01/Feb/2026:03:04:09 +0100] "HEAD / HTTP/1.1" 200 0 "http://nagybistvan.hu" "Mozilla/5.0+(compatible; UptimeRobot/2.0; http://www.uptimerobot.com/)"
216.244.66.227 - - [01/Feb/2026:03:08:03 +0100] "GET /zsambek/Zsambek%20zoldben.html HTTP/1.1" 200 693 "-" "Mozilla/5.0 (compatible; DotBot/1.2; +https://opensiteexplorer.org/dotbot; help@moz.com)"
216.244.66.227 - - [01/Feb/2026:03:08:36 +0100] "GET /media/image/23.110.001.jpg HTTP/1.1" 200 194336 "-" "Mozilla/5.0 (compatible; DotBot/1.2; +https://opensiteexplorer.org/dotbot; help@moz.com)"
128.140.106.114 - - [01/Feb/2026:03:09:13 +0100] "HEAD / HTTP/1.1" 200 0 "http://nagybistvan.hu" "Mozilla/5.0+(compatible; UptimeRobot/2.0; http://www.uptimerobot.com/)"
49.13.24.81 - - [01/Feb/2026:03:14:18 +0100] "HEAD / HTTP/1.1" 200 0 "http://nagybistvan.hu" "Mozilla/5.0+(compatible; UptimeRobot/2.0; http://www.uptimerobot.com/)"
142.132.180.39 - - [01/Feb/2026:03:19:21 +0100] "HEAD / HTTP/1.1" 200 0 "http://nagybistvan.hu" "Mozilla/5.0+(compatible; UptimeRobot/2.0; http://www.uptimerobot.com/)"
128.140.41.193 - - [01/Feb/2026:03:24:29 +0100] "HEAD / HTTP/1.1" 200 0 "http://nagybistvan.hu" "Mozilla/5.0+(compatible; UptimeRobot/2.0; http://www.uptimerobot.com/)"
198.244.226.125 - - [01/Feb/2026:03:26:05 +0100] "GET /index.php?c=korai&cp=4 HTTP/1.1" 200 15779 "-" "Mozilla/5.0 (compatible; AhrefsBot/7.0; +http://ahrefs.com/robot/)"
78.46.190.63 - - [01/Feb/2026:03:29:35 +0100] "HEAD / HTTP/1.1" 200 0 "http://nagybistvan.hu" "Mozilla/5.0+(compatible; UptimeRobot/2.0; http://www.uptimerobot.com/)"
49.13.167.123 - - [01/Feb/2026:03:34:40 +0100] "HEAD / HTTP/1.1" 200 0 "http://nagybistvan.hu" "Mozilla/5.0+(compatible; UptimeRobot/2.0; http://www.uptimerobot.com/)"
18.193.252.127 - - [01/Feb/2026:03:39:44 +0100] "HEAD / HTTP/1.1" 200 0 "http://nagybistvan.hu" "Mozilla/5.0+(compatible; UptimeRobot/2.0; http://www.uptimerobot.com/)"
103.141.144.222 - - [01/Feb/2026:03:43:39 +0100] "GET /wp-login.php HTTP/1.1" 404 37 "https://www.google.com" "Mozilla/5.0 (X11; Linux x86_64) AppleWebKit/537.36 (KHTML, like Gecko) Chrome/140.0.0.0 Safari/537.36"
3.77.67.4 - - [01/Feb/2026:03:44:48 +0100] "HEAD / HTTP/1.1" 200 0 "http://nagybistvan.hu" "Mozilla/5.0+(compatible; UptimeRobot/2.0; http://www.uptimerobot.com/)"
216.244.66.227 - - [01/Feb/2026:03:46:14 +0100] "GET /robots.txt HTTP/1.1" 404 1181 "-" "Mozilla/5.0 (compatible; DotBot/1.2; +https://opensiteexplorer.org/dotbot; help@moz.com)"
168.119.96.239 - - [01/Feb/2026:03:49:54 +0100] "HEAD / HTTP/1.1" 200 0 "http://nagybistvan.hu" "Mozilla/5.0+(compatible; UptimeRobot/2.0; http://www.uptimerobot.com/)"
216.244.66.227 - - [01/Feb/2026:03:52:43 +0100] "GET /zsambek/Julika%20Zsambekon.html HTTP/1.1" 200 699 "-" "Mozilla/5.0 (compatible; DotBot/1.2; +https://opensiteexplorer.org/dotbot; help@moz.com)"
216.244.66.227 - - [01/Feb/2026:03:52:48 +0100] "GET /zsambek/Zsambek%20No136.html HTTP/1.1" 200 687 "-" "Mozilla/5.0 (compatible; DotBot/1.2; +https://opensiteexplorer.org/dotbot; help@moz.com)"
216.244.66.227 - - [01/Feb/2026:03:54:06 +0100] "GET /media/image/07.234.001.jpg HTTP/1.1" 200 182755 "-" "Mozilla/5.0 (compatible; DotBot/1.2; +https://opensiteexplorer.org/dotbot; help@moz.com)"
78.47.98.55 - - [01/Feb/2026:03:55:02 +0100] "HEAD / HTTP/1.1" 200 0 "http://nagybistvan.hu" "Mozilla/5.0+(compatible; UptimeRobot/2.0; http://www.uptimerobot.com/)"
216.244.66.227 - - [01/Feb/2026:03:55:16 +0100] "GET /media/image/07.075.001.jpg HTTP/1.1" 200 133070 "-" "Mozilla/5.0 (compatible; DotBot/1.2; +https://opensiteexplorer.org/dotbot; help@moz.com)"
51.195.215.214 - - [01/Feb/2026:03:57:34 +0100] "GET /index.php?c=mozaik HTTP/1.1" 200 17372 "-" "Mozilla/5.0 (compatible; AhrefsBot/7.0; +http://ahrefs.com/robot/)"
170.106.73.216 - - [01/Feb/2026:03:58:02 +0100] "GET / HTTP/1.1" 200 6642 "-" "Mozilla/5.0 (iPhone; CPU iPhone OS 13_2_3 like Mac OS X) AppleWebKit/605.1.15 (KHTML, like Gecko) Version/13.0.3 Mobile/15E148 Safari/604.1"
52.28.162.93 - - [01/Feb/2026:04:00:06 +0100] "HEAD / HTTP/1.1" 200 0 "http://nagybistvan.hu" "Mozilla/5.0+(compatible; UptimeRobot/2.0; http://www.uptimerobot.com/)"
49.13.164.148 - - [01/Feb/2026:04:05:17 +0100] "HEAD / HTTP/1.1" 200 0 "http://nagybistvan.hu" "Mozilla/5.0+(compatible; UptimeRobot/2.0; http://www.uptimerobot.com/)"
103.141.144.222 - - [01/Feb/2026:04:10:01 +0100] "GET /wp/wp-login.php HTTP/1.1" 404 1181 "https://www.google.com" "Mozilla/5.0 (X11; Linux x86_64) AppleWebKit/537.36 (KHTML, like Gecko) Chrome/140.0.0.0 Safari/537.36"
78.46.190.63 - - [01/Feb/2026:04:10:25 +0100] "HEAD / HTTP/1.1" 200 0 "http://nagybistvan.hu" "Mozilla/5.0+(compatible; UptimeRobot/2.0; http://www.uptimerobot.com/)"
63.178.84.147 - - [01/Feb/2026:04:15:29 +0100] "HEAD / HTTP/1.1" 200 0 "http://nagybistvan.hu" "Mozilla/5.0+(compatible; UptimeRobot/2.0; http://www.uptimerobot.com/)"
3.77.67.4 - - [01/Feb/2026:04:20:34 +0100] "HEAD / HTTP/1.1" 200 0 "http://nagybistvan.hu" "Mozilla/5.0+(compatible; UptimeRobot/2.0; http://www.uptimerobot.com/)"
49.13.167.123 - - [01/Feb/2026:04:25:38 +0100] "HEAD / HTTP/1.1" 200 0 "http://nagybistvan.hu" "Mozilla/5.0+(compatible; UptimeRobot/2.0; http://www.uptimerobot.com/)"
51.89.129.214 - - [01/Feb/2026:04:27:51 +0100] "GET /index.php?c=greco&cp=1 HTTP/1.1" 200 17734 "-" "Mozilla/5.0 (compatible; AhrefsBot/7.0; +http://ahrefs.com/robot/)"
49.13.130.29 - - [01/Feb/2026:04:30:49 +0100] "HEAD / HTTP/1.1" 200 0 "http://nagybistvan.hu" "Mozilla/5.0+(compatible; UptimeRobot/2.0; http://www.uptimerobot.com/)"
103.141.144.222 - - [01/Feb/2026:04:36:04 +0100] "GET /wordpress/wp-login.php HTTP/1.1" 404 1181 "https://www.google.com" "Mozilla/5.0 (X11; Linux x86_64) AppleWebKit/537.36 (KHTML, like Gecko) Chrome/140.0.0.0 Safari/537.36"
52.28.162.93 - - [01/Feb/2026:04:36:09 +0100] "HEAD / HTTP/1.1" 200 0 "http://nagybistvan.hu" "Mozilla/5.0+(compatible; UptimeRobot/2.0; http://www.uptimerobot.com/)"
78.46.190.63 - - [01/Feb/2026:04:41:16 +0100] "HEAD / HTTP/1.1" 200 0 "http://nagybistvan.hu" "Mozilla/5.0+(compatible; UptimeRobot/2.0; http://www.uptimerobot.com/)"
66.249.64.132 - - [01/Feb/2026:04:42:53 +0100] "GET /mozaik/Mozaik_r1_t.jpg HTTP/1.1" 304 - "-" "Googlebot-Image/1.0"
78.47.173.76 - - [01/Feb/2026:04:46:21 +0100] "HEAD / HTTP/1.1" 200 0 "http://nagybistvan.hu" "Mozilla/5.0+(compatible; UptimeRobot/2.0; http://www.uptimerobot.com/)"
168.119.123.75 - - [01/Feb/2026:04:51:26 +0100] "HEAD / HTTP/1.1" 200 0 "http://nagybistvan.hu" "Mozilla/5.0+(compatible; UptimeRobot/2.0; http://www.uptimerobot.com/)"
63.178.84.147 - - [01/Feb/2026:04:56:32 +0100] "HEAD / HTTP/1.1" 200 0 "http://nagybistvan.hu" "Mozilla/5.0+(compatible; UptimeRobot/2.0; http://www.uptimerobot.com/)"
198.244.226.73 - - [01/Feb/2026:04:57:49 +0100] "GET /index.php?c=arckepcsarnok&cp=1 HTTP/1.1" 200 17518 "-" "Mozilla/5.0 (compatible; AhrefsBot/7.0; +http://ahrefs.com/robot/)"
182.42.110.255 - - [01/Feb/2026:04:59:21 +0100] "GET / HTTP/1.1" 200 6640 "-" "Mozilla/5.0 (iPhone; CPU iPhone OS 13_2_3 like Mac OS X) AppleWebKit/605.1.15 (KHTML, like Gecko) Version/13.0.3 Mobile/15E148 Safari/604.1"
98.89.254.180 - - [01/Feb/2026:05:00:31 +0100] "GET /robots.txt HTTP/1.1" 404 1181 "-" "Mozilla/5.0 (Macintosh; Intel Mac OS X 10_10_1) AppleWebKit/600.2.5 (KHTML, like Gecko) Version/8.0.2 Safari/600.2.5 (TestUserAgent)"
88.99.80.227 - - [01/Feb/2026:05:01:37 +0100] "HEAD / HTTP/1.1" 200 0 "http://nagybistvan.hu" "Mozilla/5.0+(compatible; UptimeRobot/2.0; http://www.uptimerobot.com/)"
173.252.70.13 - - [01/Feb/2026:05:04:03 +0100] "GET /robots.txt HTTP/1.1" 404 1181 "-" "facebookexternalhit/1.1 (+http://www.facebook.com/externalhit_uatext.php)"
168.119.53.160 - - [01/Feb/2026:05:06:40 +0100] "HEAD / HTTP/1.1" 200 0 "http://nagybistvan.hu" "Mozilla/5.0+(compatible; UptimeRobot/2.0; http://www.uptimerobot.com/)"
49.13.167.123 - - [01/Feb/2026:05:11:50 +0100] "HEAD / HTTP/1.1" 200 0 "http://nagybistvan.hu" "Mozilla/5.0+(compatible; UptimeRobot/2.0; http://www.uptimerobot.com/)"
216.244.66.227 - - [01/Feb/2026:05:14:55 +0100] "GET /robots.txt HTTP/1.1" 404 1181 "-" "Mozilla/5.0 (compatible; DotBot/1.2; +https://opensiteexplorer.org/dotbot; help@moz.com)"
216.244.66.227 - - [01/Feb/2026:05:14:56 +0100] "GET /robots.txt HTTP/1.1" 404 1181 "-" "Mozilla/5.0 (compatible; DotBot/1.2; +https://opensiteexplorer.org/dotbot; help@moz.com)"
18.193.252.127 - - [01/Feb/2026:05:16:54 +0100] "HEAD / HTTP/1.1" 200 0 "http://nagybistvan.hu" "Mozilla/5.0+(compatible; UptimeRobot/2.0; http://www.uptimerobot.com/)"
18.193.252.127 - - [01/Feb/2026:05:22:00 +0100] "HEAD / HTTP/1.1" 200 0 "http://nagybistvan.hu" "Mozilla/5.0+(compatible; UptimeRobot/2.0; http://www.uptimerobot.com/)"
216.244.66.227 - - [01/Feb/2026:05:22:17 +0100] "GET /media/image/07.230.001.jpg HTTP/1.1" 200 121837 "-" "Mozilla/5.0 (compatible; DotBot/1.2; +https://opensiteexplorer.org/dotbot; help@moz.com)"
216.244.66.227 - - [01/Feb/2026:05:22:50 +0100] "GET /media/image/23.110.093.jpg HTTP/1.1" 200 162983 "-" "Mozilla/5.0 (compatible; DotBot/1.2; +https://opensiteexplorer.org/dotbot; help@moz.com)"
216.244.66.227 - - [01/Feb/2026:05:23:21 +0100] "GET /media/image/07.035.001.jpg HTTP/1.1" 200 94619 "-" "Mozilla/5.0 (compatible; DotBot/1.2; +https://opensiteexplorer.org/dotbot; help@moz.com)"
216.244.66.227 - - [01/Feb/2026:05:23:51 +0100] "GET /media/image/07.110.037.jpg HTTP/1.1" 200 150058 "-" "Mozilla/5.0 (compatible; DotBot/1.2; +https://opensiteexplorer.org/dotbot; help@moz.com)"
216.244.66.227 - - [01/Feb/2026:05:24:20 +0100] "GET /media/image/07.152.001.jpg HTTP/1.1" 200 136699 "-" "Mozilla/5.0 (compatible; DotBot/1.2; +https://opensiteexplorer.org/dotbot; help@moz.com)"
78.47.173.76 - - [01/Feb/2026:05:27:05 +0100] "HEAD / HTTP/1.1" 200 0 "http://nagybistvan.hu" "Mozilla/5.0+(compatible; UptimeRobot/2.0; http://www.uptimerobot.com/)"
3.79.134.69 - - [01/Feb/2026:05:32:11 +0100] "HEAD / HTTP/1.1" 200 0 "http://nagybistvan.hu" "Mozilla/5.0+(compatible; UptimeRobot/2.0; http://www.uptimerobot.com/)"
205.210.31.195 - - [01/Feb/2026:05:32:24 +0100] "GET /.well-known/security.txt HTTP/1.1" 404 1181 "-" "Hello from Palo Alto Networks, find out more about our scans in https://docs-cortex.paloaltonetworks.com/r/1/Cortex-Xpanse/Scanning-activity"
168.119.96.239 - - [01/Feb/2026:05:37:15 +0100] "HEAD / HTTP/1.1" 200 0 "http://nagybistvan.hu" "Mozilla/5.0+(compatible; UptimeRobot/2.0; http://www.uptimerobot.com/)"
198.244.242.2 - - [01/Feb/2026:05:40:50 +0100] "GET /index.php?c=beszeloszob HTTP/1.1" 200 16063 "-" "Mozilla/5.0 (compatible; AhrefsBot/7.0; +http://ahrefs.com/robot/)"
49.13.164.148 - - [01/Feb/2026:05:42:23 +0100] "HEAD / HTTP/1.1" 200 0 "http://nagybistvan.hu" "Mozilla/5.0+(compatible; UptimeRobot/2.0; http://www.uptimerobot.com/)"
157.90.155.240 - - [01/Feb/2026:05:47:28 +0100] "HEAD / HTTP/1.1" 200 0 "http://nagybistvan.hu" "Mozilla/5.0+(compatible; UptimeRobot/2.0; http://www.uptimerobot.com/)"
78.46.215.1 - - [01/Feb/2026:05:52:33 +0100] "HEAD / HTTP/1.1" 200 0 "http://nagybistvan.hu" "Mozilla/5.0+(compatible; UptimeRobot/2.0; http://www.uptimerobot.com/)"
168.119.53.160 - - [01/Feb/2026:05:57:38 +0100] "HEAD / HTTP/1.1" 200 0 "http://nagybistvan.hu" "Mozilla/5.0+(compatible; UptimeRobot/2.0; http://www.uptimerobot.com/)"
216.244.66.227 - - [01/Feb/2026:06:00:48 +0100] "GET /robots.txt HTTP/1.1" 404 1181 "-" "Mozilla/5.0 (compatible; DotBot/1.2; +https://opensiteexplorer.org/dotbot; help@moz.com)"
168.119.53.160 - - [01/Feb/2026:06:02:48 +0100] "HEAD / HTTP/1.1" 200 0 "http://nagybistvan.hu" "Mozilla/5.0+(compatible; UptimeRobot/2.0; http://www.uptimerobot.com/)"
216.244.66.227 - - [01/Feb/2026:06:05:12 +0100] "GET /media/image/21.337.001.jpg HTTP/1.1" 200 145448 "-" "Mozilla/5.0 (compatible; DotBot/1.2; +https://opensiteexplorer.org/dotbot; help@moz.com)"
216.244.66.227 - - [01/Feb/2026:06:06:03 +0100] "GET /mozaik/Mozaik_r5.html HTTP/1.1" 200 711 "-" "Mozilla/5.0 (compatible; DotBot/1.2; +https://opensiteexplorer.org/dotbot; help@moz.com)"
216.244.66.227 - - [01/Feb/2026:06:06:07 +0100] "GET /zsambek/Zsambek%20No124.html HTTP/1.1" 200 687 "-" "Mozilla/5.0 (compatible; DotBot/1.2; +https://opensiteexplorer.org/dotbot; help@moz.com)"
49.13.167.123 - - [01/Feb/2026:06:07:52 +0100] "HEAD / HTTP/1.1" 200 0 "http://nagybistvan.hu" "Mozilla/5.0+(compatible; UptimeRobot/2.0; http://www.uptimerobot.com/)"
216.244.66.227 - - [01/Feb/2026:06:08:23 +0100] "GET /index.php?c=wehner HTTP/1.1" 200 26096 "-" "Mozilla/5.0 (compatible; DotBot/1.2; +https://opensiteexplorer.org/dotbot; help@moz.com)"
78.47.173.76 - - [01/Feb/2026:06:12:56 +0100] "HEAD / HTTP/1.1" 200 0 "http://nagybistvan.hu" "Mozilla/5.0+(compatible; UptimeRobot/2.0; http://www.uptimerobot.com/)"
49.13.167.123 - - [01/Feb/2026:06:18:01 +0100] "HEAD / HTTP/1.1" 200 0 "http://nagybistvan.hu" "Mozilla/5.0+(compatible; UptimeRobot/2.0; http://www.uptimerobot.com/)"
49.13.134.145 - - [01/Feb/2026:06:23:08 +0100] "HEAD / HTTP/1.1" 200 0 "http://nagybistvan.hu" "Mozilla/5.0+(compatible; UptimeRobot/2.0; http://www.uptimerobot.com/)"
168.119.96.239 - - [01/Feb/2026:06:28:12 +0100] "HEAD / HTTP/1.1" 200 0 "http://nagybistvan.hu" "Mozilla/5.0+(compatible; UptimeRobot/2.0; http://www.uptimerobot.com/)"
49.13.167.123 - - [01/Feb/2026:06:33:17 +0100] "HEAD / HTTP/1.1" 200 0 "http://nagybistvan.hu" "Mozilla/5.0+(compatible; UptimeRobot/2.0; http://www.uptimerobot.com/)"
78.47.98.55 - - [01/Feb/2026:06:38:24 +0100] "HEAD / HTTP/1.1" 200 0 "http://nagybistvan.hu" "Mozilla/5.0+(compatible; UptimeRobot/2.0; http://www.uptimerobot.com/)"
128.140.41.193 - - [01/Feb/2026:06:43:29 +0100] "HEAD / HTTP/1.1" 200 0 "http://nagybistvan.hu" "Mozilla/5.0+(compatible; UptimeRobot/2.0; http://www.uptimerobot.com/)"
216.244.66.227 - - [01/Feb/2026:06:48:05 +0100] "GET /robots.txt HTTP/1.1" 404 1181 "-" "Mozilla/5.0 (compatible; DotBot/1.2; +https://opensiteexplorer.org/dotbot; help@moz.com)"
216.244.66.227 - - [01/Feb/2026:06:48:05 +0100] "GET /robots.txt HTTP/1.1" 404 1181 "-" "Mozilla/5.0 (compatible; DotBot/1.2; +https://opensiteexplorer.org/dotbot; help@moz.com)"
3.79.134.69 - - [01/Feb/2026:06:48:38 +0100] "HEAD / HTTP/1.1" 200 0 "http://nagybistvan.hu" "Mozilla/5.0+(compatible; UptimeRobot/2.0; http://www.uptimerobot.com/)"
49.13.134.145 - - [01/Feb/2026:06:53:48 +0100] "HEAD / HTTP/1.1" 200 0 "http://nagybistvan.hu" "Mozilla/5.0+(compatible; UptimeRobot/2.0; http://www.uptimerobot.com/)"
216.244.66.227 - - [01/Feb/2026:06:58:31 +0100] "GET /media/image/22.320.001.jpg HTTP/1.1" 200 152172 "-" "Mozilla/5.0 (compatible; DotBot/1.2; +https://opensiteexplorer.org/dotbot; help@moz.com)"
18.192.166.72 - - [01/Feb/2026:06:59:00 +0100] "HEAD / HTTP/1.1" 200 0 "http://nagybistvan.hu" "Mozilla/5.0+(compatible; UptimeRobot/2.0; http://www.uptimerobot.com/)"
216.244.66.227 - - [01/Feb/2026:06:59:06 +0100] "GET /zsambek/Zsambek%20XLIX.html HTTP/1.1" 200 682 "-" "Mozilla/5.0 (compatible; DotBot/1.2; +https://opensiteexplorer.org/dotbot; help@moz.com)"
216.244.66.227 - - [01/Feb/2026:07:02:45 +0100] "GET /media/image/07.234.001.jpg HTTP/1.1" 200 182755 "-" "Mozilla/5.0 (compatible; DotBot/1.2; +https://opensiteexplorer.org/dotbot; help@moz.com)"
216.244.66.227 - - [01/Feb/2026:07:02:56 +0100] "GET /media/image/24.336.009.jpg HTTP/1.1" 200 113887 "-" "Mozilla/5.0 (compatible; DotBot/1.2; +https://opensiteexplorer.org/dotbot; help@moz.com)"
216.244.66.227 - - [01/Feb/2026:07:03:07 +0100] "GET /media/image/30.295.001.jpg HTTP/1.1" 200 212341 "-" "Mozilla/5.0 (compatible; DotBot/1.2; +https://opensiteexplorer.org/dotbot; help@moz.com)"
216.244.66.227 - - [01/Feb/2026:07:03:56 +0100] "GET /index.php?c=losonci HTTP/1.1" 200 6879 "-" "Mozilla/5.0 (compatible; DotBot/1.2; +https://opensiteexplorer.org/dotbot; help@moz.com)"
216.244.66.227 - - [01/Feb/2026:07:04:04 +0100] "GET /media/image/21.338.001.jpg HTTP/1.1" 200 218200 "-" "Mozilla/5.0 (compatible; DotBot/1.2; +https://opensiteexplorer.org/dotbot; help@moz.com)"
216.244.66.227 - - [01/Feb/2026:07:04:11 +0100] "GET /media/image/30.110.137.jpg HTTP/1.1" 200 56193 "-" "Mozilla/5.0 (compatible; DotBot/1.2; +https://opensiteexplorer.org/dotbot; help@moz.com)"
78.46.190.63 - - [01/Feb/2026:07:04:13 +0100] "HEAD / HTTP/1.1" 200 0 "http://nagybistvan.hu" "Mozilla/5.0+(compatible; UptimeRobot/2.0; http://www.uptimerobot.com/)"
216.244.66.227 - - [01/Feb/2026:07:05:13 +0100] "GET /media/image/30.110.128.jpg HTTP/1.1" 200 170731 "-" "Mozilla/5.0 (compatible; DotBot/1.2; +https://opensiteexplorer.org/dotbot; help@moz.com)"
216.244.66.227 - - [01/Feb/2026:07:09:05 +0100] "GET /media/image/21.575.001.jpg HTTP/1.1" 200 158112 "-" "Mozilla/5.0 (compatible; DotBot/1.2; +https://opensiteexplorer.org/dotbot; help@moz.com)"
63.178.84.147 - - [01/Feb/2026:07:09:18 +0100] "HEAD / HTTP/1.1" 200 0 "http://nagybistvan.hu" "Mozilla/5.0+(compatible; UptimeRobot/2.0; http://www.uptimerobot.com/)"
216.244.66.227 - - [01/Feb/2026:07:10:05 +0100] "GET /index.php?c=7080s&cp=5 HTTP/1.1" 200 17889 "-" "Mozilla/5.0 (compatible; DotBot/1.2; +https://opensiteexplorer.org/dotbot; help@moz.com)"
40.77.167.85 - - [01/Feb/2026:07:12:59 +0100] "GET /robots.txt HTTP/1.1" 404 1181 "-" "Mozilla/5.0 AppleWebKit/537.36 (KHTML, like Gecko; compatible; bingbot/2.0; +http://www.bing.com/bingbot.htm) Chrome/116.0.1938.76 Safari/537.36"
52.167.144.20 - - [01/Feb/2026:07:13:07 +0100] "GET /tanitvanyiemlszonyi.html HTTP/1.1" 200 12916 "-" "Mozilla/5.0 AppleWebKit/537.36 (KHTML, like Gecko; compatible; bingbot/2.0; +http://www.bing.com/bingbot.htm) Chrome/116.0.1938.76 Safari/537.36"
128.140.106.114 - - [01/Feb/2026:07:14:23 +0100] "HEAD / HTTP/1.1" 200 0 "http://nagybistvan.hu" "Mozilla/5.0+(compatible; UptimeRobot/2.0; http://www.uptimerobot.com/)"
49.13.164.148 - - [01/Feb/2026:07:19:34 +0100] "HEAD / HTTP/1.1" 200 0 "http://nagybistvan.hu" "Mozilla/5.0+(compatible; UptimeRobot/2.0; http://www.uptimerobot.com/)"
3.79.134.69 - - [01/Feb/2026:07:24:40 +0100] "HEAD / HTTP/1.1" 200 0 "http://nagybistvan.hu" "Mozilla/5.0+(compatible; UptimeRobot/2.0; http://www.uptimerobot.com/)"
180.153.236.107 - - [01/Feb/2026:07:25:06 +0100] "GET /robots.txt HTTP/1.1" 404 1181 "http://nagybistvan.hu/robots.txt" "Mozilla/5.0 (Windows NT 10.0; Win64; x64) AppleWebKit/537.36 (KHTML, like Gecko) Chrome/140.0.0.0 Safari/537.36 Edg/140.0.0.0; 360Spider"
167.235.143.113 - - [01/Feb/2026:07:29:44 +0100] "HEAD / HTTP/1.1" 200 0 "http://nagybistvan.hu" "Mozilla/5.0+(compatible; UptimeRobot/2.0; http://www.uptimerobot.com/)"
3.77.67.4 - - [01/Feb/2026:07:34:49 +0100] "HEAD / HTTP/1.1" 200 0 "http://nagybistvan.hu" "Mozilla/5.0+(compatible; UptimeRobot/2.0; http://www.uptimerobot.com/)"
216.244.66.227 - - [01/Feb/2026:07:34:59 +0100] "GET /robots.txt HTTP/1.1" 404 1181 "-" "Mozilla/5.0 (compatible; DotBot/1.2; +https://opensiteexplorer.org/dotbot; help@moz.com)"
216.244.66.227 - - [01/Feb/2026:07:34:59 +0100] "GET /robots.txt HTTP/1.1" 404 1181 "-" "Mozilla/5.0 (compatible; DotBot/1.2; +https://opensiteexplorer.org/dotbot; help@moz.com)"
159.69.158.189 - - [01/Feb/2026:07:39:53 +0100] "HEAD / HTTP/1.1" 200 0 "http://nagybistvan.hu" "Mozilla/5.0+(compatible; UptimeRobot/2.0; http://www.uptimerobot.com/)"
157.90.155.240 - - [01/Feb/2026:07:45:02 +0100] "HEAD / HTTP/1.1" 200 0 "http://nagybistvan.hu" "Mozilla/5.0+(compatible; UptimeRobot/2.0; http://www.uptimerobot.com/)"
78.47.98.55 - - [01/Feb/2026:07:50:07 +0100] "HEAD / HTTP/1.1" 200 0 "http://nagybistvan.hu" "Mozilla/5.0+(compatible; UptimeRobot/2.0; http://www.uptimerobot.com/)"
216.244.66.227 - - [01/Feb/2026:07:54:01 +0100] "GET /media/image/09.347.001.jpg HTTP/1.1" 200 116817 "-" "Mozilla/5.0 (compatible; DotBot/1.2; +https://opensiteexplorer.org/dotbot; help@moz.com)"
168.119.96.239 - - [01/Feb/2026:07:55:12 +0100] "HEAD / HTTP/1.1" 200 0 "http://nagybistvan.hu" "Mozilla/5.0+(compatible; UptimeRobot/2.0; http://www.uptimerobot.com/)"
216.244.66.227 - - [01/Feb/2026:07:55:23 +0100] "GET /korai/pages/Zs%E1mb%E9k%20I.html HTTP/1.1" 200 1295 "-" "Mozilla/5.0 (compatible; DotBot/1.2; +https://opensiteexplorer.org/dotbot; help@moz.com)"
216.244.66.227 - - [01/Feb/2026:07:55:28 +0100] "GET /media/image/30.359.001.jpg HTTP/1.1" 200 184659 "-" "Mozilla/5.0 (compatible; DotBot/1.2; +https://opensiteexplorer.org/dotbot; help@moz.com)"
216.244.66.227 - - [01/Feb/2026:07:56:33 +0100] "GET /media/image/07.084.001.jpg HTTP/1.1" 200 151117 "-" "Mozilla/5.0 (compatible; DotBot/1.2; +https://opensiteexplorer.org/dotbot; help@moz.com)"
216.244.66.227 - - [01/Feb/2026:07:57:31 +0100] "GET /media/image/07.013.001.jpg HTTP/1.1" 200 100307 "-" "Mozilla/5.0 (compatible; DotBot/1.2; +https://opensiteexplorer.org/dotbot; help@moz.com)"
216.244.66.227 - - [01/Feb/2026:07:58:00 +0100] "GET /media/image/07.075.001.jpg HTTP/1.1" 200 133070 "-" "Mozilla/5.0 (compatible; DotBot/1.2; +https://opensiteexplorer.org/dotbot; help@moz.com)"
52.28.162.93 - - [01/Feb/2026:08:00:16 +0100] "HEAD / HTTP/1.1" 200 0 "http://nagybistvan.hu" "Mozilla/5.0+(compatible; UptimeRobot/2.0; http://www.uptimerobot.com/)"
78.46.190.63 - - [01/Feb/2026:08:05:26 +0100] "HEAD / HTTP/1.1" 200 0 "http://nagybistvan.hu" "Mozilla/5.0+(compatible; UptimeRobot/2.0; http://www.uptimerobot.com/)"
52.28.162.93 - - [01/Feb/2026:08:10:30 +0100] "HEAD / HTTP/1.1" 200 0 "http://nagybistvan.hu" "Mozilla/5.0+(compatible; UptimeRobot/2.0; http://www.uptimerobot.com/)"
128.140.41.193 - - [01/Feb/2026:08:15:35 +0100] "HEAD / HTTP/1.1" 200 0 "http://nagybistvan.hu" "Mozilla/5.0+(compatible; UptimeRobot/2.0; http://www.uptimerobot.com/)"
47.128.40.4 - - [01/Feb/2026:08:16:12 +0100] "GET /robots.txt HTTP/1.1" 404 1181 "-" "Mozilla/5.0 (Linux; Android 5.0) AppleWebKit/537.36 (KHTML, like Gecko) Mobile Safari/537.36 (compatible; Bytespider; spider-feedback@bytedance.com)"
47.128.49.110 - - [01/Feb/2026:08:20:10 +0100] "GET /robots.txt HTTP/1.1" 404 1181 "-" "Mozilla/5.0 (Linux; Android 5.0) AppleWebKit/537.36 (KHTML, like Gecko) Mobile Safari/537.36 (compatible; Bytespider; spider-feedback@bytedance.com)"
128.140.41.193 - - [01/Feb/2026:08:20:39 +0100] "HEAD / HTTP/1.1" 200 0 "http://nagybistvan.hu" "Mozilla/5.0+(compatible; UptimeRobot/2.0; http://www.uptimerobot.com/)"
216.244.66.227 - - [01/Feb/2026:08:23:00 +0100] "GET /robots.txt HTTP/1.1" 404 1181 "-" "Mozilla/5.0 (compatible; DotBot/1.2; +https://opensiteexplorer.org/dotbot; help@moz.com)"
216.244.66.227 - - [01/Feb/2026:08:23:02 +0100] "GET /robots.txt HTTP/1.1" 404 1181 "-" "Mozilla/5.0 (compatible; DotBot/1.2; +https://opensiteexplorer.org/dotbot; help@moz.com)"
47.128.51.222 - - [01/Feb/2026:08:24:14 +0100] "GET /robots.txt HTTP/1.1" 404 1181 "-" "Mozilla/5.0 (Linux; Android 5.0) AppleWebKit/537.36 (KHTML, like Gecko) Mobile Safari/537.36 (compatible; Bytespider; spider-feedback@bytedance.com)"
49.13.24.81 - - [01/Feb/2026:08:25:44 +0100] "HEAD / HTTP/1.1" 200 0 "http://nagybistvan.hu" "Mozilla/5.0+(compatible; UptimeRobot/2.0; http://www.uptimerobot.com/)"
47.128.16.101 - - [01/Feb/2026:08:28:16 +0100] "GET /robots.txt HTTP/1.1" 404 1181 "-" "Mozilla/5.0 (Linux; Android 5.0) AppleWebKit/537.36 (KHTML, like Gecko) Mobile Safari/537.36 (compatible; Bytespider; spider-feedback@bytedance.com)"
128.140.41.193 - - [01/Feb/2026:08:30:48 +0100] "HEAD / HTTP/1.1" 200 0 "http://nagybistvan.hu" "Mozilla/5.0+(compatible; UptimeRobot/2.0; http://www.uptimerobot.com/)"
216.244.66.227 - - [01/Feb/2026:08:32:42 +0100] "GET /media/image/21.583.001_3.jpg HTTP/1.1" 200 117082 "-" "Mozilla/5.0 (compatible; DotBot/1.2; +https://opensiteexplorer.org/dotbot; help@moz.com)"
216.244.66.227 - - [01/Feb/2026:08:35:14 +0100] "GET /media/image/30.348.001.jpg HTTP/1.1" 200 191530 "-" "Mozilla/5.0 (compatible; DotBot/1.2; +https://opensiteexplorer.org/dotbot; help@moz.com)"
78.46.215.1 - - [01/Feb/2026:08:35:52 +0100] "HEAD / HTTP/1.1" 200 0 "http://nagybistvan.hu" "Mozilla/5.0+(compatible; UptimeRobot/2.0; http://www.uptimerobot.com/)"
216.244.66.227 - - [01/Feb/2026:08:36:35 +0100] "GET /media/image/24.336.003.jpg HTTP/1.1" 200 111752 "-" "Mozilla/5.0 (compatible; DotBot/1.2; +https://opensiteexplorer.org/dotbot; help@moz.com)"
216.244.66.227 - - [01/Feb/2026:08:36:39 +0100] "GET /media/image/30.356.001.jpg HTTP/1.1" 200 200262 "-" "Mozilla/5.0 (compatible; DotBot/1.2; +https://opensiteexplorer.org/dotbot; help@moz.com)"
216.244.66.227 - - [01/Feb/2026:08:38:24 +0100] "GET /media/image/24.110.085.jpg HTTP/1.1" 200 138651 "-" "Mozilla/5.0 (compatible; DotBot/1.2; +https://opensiteexplorer.org/dotbot; help@moz.com)"
216.244.66.227 - - [01/Feb/2026:08:40:03 +0100] "GET /media/image/07.236.003.jpg HTTP/1.1" 200 96757 "-" "Mozilla/5.0 (compatible; DotBot/1.2; +https://opensiteexplorer.org/dotbot; help@moz.com)"
216.244.66.227 - - [01/Feb/2026:08:40:07 +0100] "GET /media/image/24.304.001.jpg HTTP/1.1" 200 106825 "-" "Mozilla/5.0 (compatible; DotBot/1.2; +https://opensiteexplorer.org/dotbot; help@moz.com)"
49.13.134.145 - - [01/Feb/2026:08:41:07 +0100] "HEAD / HTTP/1.1" 200 0 "http://nagybistvan.hu" "Mozilla/5.0+(compatible; UptimeRobot/2.0; http://www.uptimerobot.com/)"
