20.205.96.233 - - [04/Feb/2026:10:09:12 +0100] "GET /cool.php HTTP/1.1" 404 37 "-" "-"
20.205.96.233 - - [04/Feb/2026:10:09:12 +0100] "GET /gm.php HTTP/1.1" 404 37 "-" "-"
20.205.96.233 - - [04/Feb/2026:10:09:13 +0100] "GET //simple.php HTTP/1.1" 404 37 "-" "-"
20.205.96.233 - - [04/Feb/2026:10:09:13 +0100] "GET //elp.php HTTP/1.1" 404 37 "-" "-"
20.205.96.233 - - [04/Feb/2026:10:09:13 +0100] "GET /bolt.php HTTP/1.1" 404 37 "-" "-"
20.205.96.233 - - [04/Feb/2026:10:09:13 +0100] "GET //wp-content/uploads/index.php HTTP/1.1" 404 1181 "-" "-"
20.205.96.233 - - [04/Feb/2026:10:09:13 +0100] "GET //inputs.php HTTP/1.1" 404 37 "-" "-"
20.205.96.233 - - [04/Feb/2026:10:09:14 +0100] "GET /.trash7309/fafa/ HTTP/1.1" 404 1181 "-" "-"
20.205.96.233 - - [04/Feb/2026:10:09:14 +0100] "GET /system.php HTTP/1.1" 404 37 "-" "-"
20.205.96.233 - - [04/Feb/2026:10:09:14 +0100] "GET /wp-admin/maint/ HTTP/1.1" 404 1181 "-" "-"
20.205.96.233 - - [04/Feb/2026:10:09:14 +0100] "GET /wp-admin/network/ HTTP/1.1" 404 1181 "-" "-"
20.205.96.233 - - [04/Feb/2026:10:09:15 +0100] "GET /museu/yhweq.php HTTP/1.1" 404 1181 "-" "-"
20.205.96.233 - - [04/Feb/2026:10:09:15 +0100] "GET /an.php HTTP/1.1" 404 37 "-" "-"
20.205.96.233 - - [04/Feb/2026:10:09:15 +0100] "GET //w.php HTTP/1.1" 404 37 "-" "-"
20.205.96.233 - - [04/Feb/2026:10:09:15 +0100] "GET /gmo.php HTTP/1.1" 404 37 "-" "-"
20.205.96.233 - - [04/Feb/2026:10:09:15 +0100] "GET /gib.php HTTP/1.1" 404 37 "-" "-"
20.205.96.233 - - [04/Feb/2026:10:09:16 +0100] "GET /wp-miiss.php.php HTTP/1.1" 404 37 "-" "-"
20.205.96.233 - - [04/Feb/2026:10:09:16 +0100] "GET /ho/wpup.php HTTP/1.1" 404 1181 "-" "-"
20.205.96.233 - - [04/Feb/2026:10:09:16 +0100] "GET //moon.php HTTP/1.1" 404 37 "-" "-"
20.205.96.233 - - [04/Feb/2026:10:09:16 +0100] "GET /filesss.php HTTP/1.1" 404 37 "-" "-"
20.205.96.233 - - [04/Feb/2026:10:09:17 +0100] "GET /hey.php HTTP/1.1" 404 37 "-" "-"
20.205.96.233 - - [04/Feb/2026:10:09:17 +0100] "GET //wp-content/themes/seotheme/mar.php HTTP/1.1" 404 1181 "-" "-"
20.205.96.233 - - [04/Feb/2026:10:09:17 +0100] "GET //1337.php HTTP/1.1" 404 37 "-" "-"
20.205.96.233 - - [04/Feb/2026:10:09:17 +0100] "GET //buy.php HTTP/1.1" 404 37 "-" "-"
20.205.96.233 - - [04/Feb/2026:10:09:17 +0100] "GET /apsarasarts/okk.php HTTP/1.1" 404 1181 "-" "-"
20.205.96.233 - - [04/Feb/2026:10:09:18 +0100] "GET /m.php HTTP/1.1" 404 37 "-" "-"
20.205.96.233 - - [04/Feb/2026:10:09:18 +0100] "GET /wp-is.php HTTP/1.1" 404 37 "-" "-"
20.205.96.233 - - [04/Feb/2026:10:09:18 +0100] "GET /jmfi2.php HTTP/1.1" 404 37 "-" "-"
20.205.96.233 - - [04/Feb/2026:10:09:18 +0100] "GET //about/function.php HTTP/1.1" 404 1181 "-" "-"
20.205.96.233 - - [04/Feb/2026:10:09:19 +0100] "GET /bnn_.php HTTP/1.1" 404 37 "-" "-"
20.205.96.233 - - [04/Feb/2026:10:09:19 +0100] "GET //wp-content/json.php HTTP/1.1" 404 1181 "-" "-"
20.205.96.233 - - [04/Feb/2026:10:09:19 +0100] "GET /hzz.php HTTP/1.1" 404 37 "-" "-"
20.205.96.233 - - [04/Feb/2026:10:09:19 +0100] "GET //shell20211028.php HTTP/1.1" 404 37 "-" "-"
20.205.96.233 - - [04/Feb/2026:10:09:19 +0100] "GET //content.php HTTP/1.1" 404 37 "-" "-"
20.205.96.233 - - [04/Feb/2026:10:09:20 +0100] "GET /wp-content/ HTTP/1.1" 404 1181 "-" "-"
20.205.96.233 - - [04/Feb/2026:10:09:20 +0100] "GET /ps.php HTTP/1.1" 404 37 "-" "-"
20.205.96.233 - - [04/Feb/2026:10:09:20 +0100] "GET //wp-content/themes/about.php HTTP/1.1" 404 1181 "-" "-"
20.205.96.233 - - [04/Feb/2026:10:09:20 +0100] "GET /.trash7309/dd/ HTTP/1.1" 404 1181 "-" "-"
20.205.96.233 - - [04/Feb/2026:10:09:21 +0100] "GET /cache.php HTTP/1.1" 404 37 "-" "-"
20.205.96.233 - - [04/Feb/2026:10:09:21 +0100] "GET /ss.php HTTP/1.1" 404 37 "-" "-"
20.205.96.233 - - [04/Feb/2026:10:09:21 +0100] "GET /p.php HTTP/1.1" 404 37 "-" "-"
20.205.96.233 - - [04/Feb/2026:10:09:21 +0100] "GET //wp-content/plugins/achdxhv/languages/admin.php HTTP/1.1" 404 1181 "-" "-"
20.205.96.233 - - [04/Feb/2026:10:09:21 +0100] "GET //user.php HTTP/1.1" 404 37 "-" "-"
20.205.96.233 - - [04/Feb/2026:10:09:22 +0100] "GET /wp-includes/block-patterns/ HTTP/1.1" 404 1181 "-" "-"
20.205.96.233 - - [04/Feb/2026:10:09:22 +0100] "GET //index/function.php HTTP/1.1" 200 6866 "-" "-"
20.205.96.233 - - [04/Feb/2026:10:09:23 +0100] "GET /wp.php HTTP/1.1" 404 37 "-" "-"
20.205.96.233 - - [04/Feb/2026:10:09:23 +0100] "GET /rip.php HTTP/1.1" 404 37 "-" "-"
20.205.96.233 - - [04/Feb/2026:10:09:23 +0100] "GET /wp4.php HTTP/1.1" 404 37 "-" "-"
20.205.96.233 - - [04/Feb/2026:10:09:23 +0100] "GET //403.php HTTP/1.1" 404 37 "-" "-"
20.205.96.233 - - [04/Feb/2026:10:09:23 +0100] "GET //wp-admin/maint/index.php HTTP/1.1" 404 1181 "-" "-"
20.205.96.233 - - [04/Feb/2026:10:09:24 +0100] "GET /asd67.php HTTP/1.1" 404 37 "-" "-"
20.205.96.233 - - [04/Feb/2026:10:09:24 +0100] "GET //sad/about.php HTTP/1.1" 404 1181 "-" "-"
20.205.96.233 - - [04/Feb/2026:10:09:24 +0100] "GET /oivcl.php HTTP/1.1" 404 37 "-" "-"
20.205.96.233 - - [04/Feb/2026:10:09:24 +0100] "GET //about.php HTTP/1.1" 404 37 "-" "-"
20.205.96.233 - - [04/Feb/2026:10:09:25 +0100] "GET //wp-content/themes/deeto/login.php HTTP/1.1" 404 1181 "-" "-"
20.205.96.233 - - [04/Feb/2026:10:09:25 +0100] "GET /v2.php HTTP/1.1" 404 37 "-" "-"
20.205.96.233 - - [04/Feb/2026:10:09:25 +0100] "GET //wp-content/themes/hideo/network.php HTTP/1.1" 404 1181 "-" "-"
20.205.96.233 - - [04/Feb/2026:10:09:25 +0100] "GET /x/ HTTP/1.1" 404 1181 "-" "-"
20.205.96.233 - - [04/Feb/2026:10:09:25 +0100] "GET //.cache/x.php HTTP/1.1" 404 1181 "-" "-"
20.205.96.233 - - [04/Feb/2026:10:09:26 +0100] "GET /dr.php HTTP/1.1" 404 37 "-" "-"
20.205.96.233 - - [04/Feb/2026:10:09:26 +0100] "GET /raw.php HTTP/1.1" 404 37 "-" "-"
20.205.96.233 - - [04/Feb/2026:10:09:26 +0100] "GET //wp-includes/css/about.php HTTP/1.1" 404 1181 "-" "-"
20.205.96.233 - - [04/Feb/2026:10:09:26 +0100] "GET //wp-content/index.php HTTP/1.1" 404 1181 "-" "-"
20.205.96.233 - - [04/Feb/2026:10:09:27 +0100] "GET /ioxi-o2.php HTTP/1.1" 404 37 "-" "-"
20.205.96.233 - - [04/Feb/2026:10:09:27 +0100] "GET /dropdown.php HTTP/1.1" 404 37 "-" "-"
20.205.96.233 - - [04/Feb/2026:10:09:27 +0100] "GET /dlu.php HTTP/1.1" 404 37 "-" "-"
20.205.96.233 - - [04/Feb/2026:10:09:27 +0100] "GET //wp-content/about.php HTTP/1.1" 404 1181 "-" "-"
20.205.96.233 - - [04/Feb/2026:10:09:27 +0100] "GET /db.php HTTP/1.1" 404 37 "-" "-"
20.205.96.233 - - [04/Feb/2026:10:09:28 +0100] "GET /packed.php HTTP/1.1" 404 37 "-" "-"
20.205.96.233 - - [04/Feb/2026:10:09:28 +0100] "GET /wp-configs.php HTTP/1.1" 404 37 "-" "-"
20.205.96.233 - - [04/Feb/2026:10:09:28 +0100] "GET //404.php HTTP/1.1" 404 37 "-" "-"
20.205.96.233 - - [04/Feb/2026:10:09:28 +0100] "GET /des.php HTTP/1.1" 404 37 "-" "-"
20.205.96.233 - - [04/Feb/2026:10:09:29 +0100] "GET /.well-known/content.php HTTP/1.1" 404 1181 "-" "-"
20.205.96.233 - - [04/Feb/2026:10:09:29 +0100] "GET //lufix.php HTTP/1.1" 404 37 "-" "-"
157.90.156.63 - - [04/Feb/2026:10:13:02 +0100] "HEAD / HTTP/1.1" 200 0 "http://nagybistvan.hu" "Mozilla/5.0+(compatible; UptimeRobot/2.0; http://www.uptimerobot.com/)"
18.193.252.127 - - [04/Feb/2026:10:18:06 +0100] "HEAD / HTTP/1.1" 200 0 "http://nagybistvan.hu" "Mozilla/5.0+(compatible; UptimeRobot/2.0; http://www.uptimerobot.com/)"
78.47.173.76 - - [04/Feb/2026:10:23:12 +0100] "HEAD / HTTP/1.1" 200 0 "http://nagybistvan.hu" "Mozilla/5.0+(compatible; UptimeRobot/2.0; http://www.uptimerobot.com/)"
52.28.162.93 - - [04/Feb/2026:10:28:17 +0100] "HEAD / HTTP/1.1" 200 0 "http://nagybistvan.hu" "Mozilla/5.0+(compatible; UptimeRobot/2.0; http://www.uptimerobot.com/)"
216.244.66.227 - - [04/Feb/2026:10:30:05 +0100] "GET /robots.txt HTTP/1.1" 404 1181 "-" "Mozilla/5.0 (compatible; DotBot/1.2; +https://opensiteexplorer.org/dotbot; help@moz.com)"
216.244.66.227 - - [04/Feb/2026:10:30:05 +0100] "GET /robots.txt HTTP/1.1" 404 1181 "-" "Mozilla/5.0 (compatible; DotBot/1.2; +https://opensiteexplorer.org/dotbot; help@moz.com)"
49.13.134.145 - - [04/Feb/2026:10:33:22 +0100] "HEAD / HTTP/1.1" 200 0 "http://nagybistvan.hu" "Mozilla/5.0+(compatible; UptimeRobot/2.0; http://www.uptimerobot.com/)"
121.37.85.125 - - [04/Feb/2026:10:36:16 +0100] "GET /index.php?c=szabadszaloneger HTTP/1.1" 200 10348 "http://nagybistvan.hu/index.php?c=szabadszaloneger" "Mozilla/5.0 (Windows NT 10.0; Win64; x64) AppleWebKit/537.36 (KHTML, like Gecko) Chrome/101.0.4951.64 Safari/537.36 Edg/101.0.1210.47"
216.244.66.227 - - [04/Feb/2026:10:37:03 +0100] "GET /media/image/23.110.093.jpg HTTP/1.1" 200 162983 "-" "Mozilla/5.0 (compatible; DotBot/1.2; +https://opensiteexplorer.org/dotbot; help@moz.com)"
216.244.66.227 - - [04/Feb/2026:10:38:19 +0100] "GET /media/image/07.230.001.jpg HTTP/1.1" 200 121837 "-" "Mozilla/5.0 (compatible; DotBot/1.2; +https://opensiteexplorer.org/dotbot; help@moz.com)"
88.99.80.227 - - [04/Feb/2026:10:38:26 +0100] "HEAD / HTTP/1.1" 200 0 "http://nagybistvan.hu" "Mozilla/5.0+(compatible; UptimeRobot/2.0; http://www.uptimerobot.com/)"
216.244.66.227 - - [04/Feb/2026:10:39:15 +0100] "GET /media/image/07.035.001.jpg HTTP/1.1" 200 94619 "-" "Mozilla/5.0 (compatible; DotBot/1.2; +https://opensiteexplorer.org/dotbot; help@moz.com)"
216.244.66.227 - - [04/Feb/2026:10:39:47 +0100] "GET /media/image/07.110.037.jpg HTTP/1.1" 200 150058 "-" "Mozilla/5.0 (compatible; DotBot/1.2; +https://opensiteexplorer.org/dotbot; help@moz.com)"
216.244.66.227 - - [04/Feb/2026:10:40:21 +0100] "GET /media/image/07.152.001.jpg HTTP/1.1" 200 136699 "-" "Mozilla/5.0 (compatible; DotBot/1.2; +https://opensiteexplorer.org/dotbot; help@moz.com)"
52.28.162.93 - - [04/Feb/2026:10:43:31 +0100] "HEAD / HTTP/1.1" 200 0 "http://nagybistvan.hu" "Mozilla/5.0+(compatible; UptimeRobot/2.0; http://www.uptimerobot.com/)"
198.244.183.234 - - [04/Feb/2026:10:47:05 +0100] "GET /index.php?c=szilasi_02 HTTP/1.1" 200 10394 "-" "Mozilla/5.0 (compatible; AhrefsBot/7.0; +http://ahrefs.com/robot/)"
168.119.123.75 - - [04/Feb/2026:10:48:35 +0100] "HEAD / HTTP/1.1" 200 0 "http://nagybistvan.hu" "Mozilla/5.0+(compatible; UptimeRobot/2.0; http://www.uptimerobot.com/)"
63.178.84.147 - - [04/Feb/2026:10:53:39 +0100] "HEAD / HTTP/1.1" 200 0 "http://nagybistvan.hu" "Mozilla/5.0+(compatible; UptimeRobot/2.0; http://www.uptimerobot.com/)"
168.119.96.239 - - [04/Feb/2026:10:58:43 +0100] "HEAD / HTTP/1.1" 200 0 "http://nagybistvan.hu" "Mozilla/5.0+(compatible; UptimeRobot/2.0; http://www.uptimerobot.com/)"
142.132.180.39 - - [04/Feb/2026:11:03:48 +0100] "HEAD / HTTP/1.1" 200 0 "http://nagybistvan.hu" "Mozilla/5.0+(compatible; UptimeRobot/2.0; http://www.uptimerobot.com/)"
78.47.98.55 - - [04/Feb/2026:11:08:52 +0100] "HEAD / HTTP/1.1" 200 0 "http://nagybistvan.hu" "Mozilla/5.0+(compatible; UptimeRobot/2.0; http://www.uptimerobot.com/)"
17.246.23.95 - - [04/Feb/2026:11:12:20 +0100] "GET /robots.txt HTTP/1.1" 404 1181 "-" "Mozilla/5.0 (Macintosh; Intel Mac OS X 10_15_7) AppleWebKit/605.1.15 (KHTML, like Gecko) Version/17.4 Safari/605.1.15 (Applebot/0.1; +http://www.apple.com/go/applebot)"
17.246.23.95 - - [04/Feb/2026:11:12:20 +0100] "GET /index.php?c=gyarmati HTTP/1.1" 200 7137 "-" "Mozilla/5.0 (Macintosh; Intel Mac OS X 10_15_7) AppleWebKit/605.1.15 (KHTML, like Gecko) Version/17.4 Safari/605.1.15 (Applebot/0.1; +http://www.apple.com/go/applebot)"
49.13.24.81 - - [04/Feb/2026:11:13:57 +0100] "HEAD / HTTP/1.1" 200 0 "http://nagybistvan.hu" "Mozilla/5.0+(compatible; UptimeRobot/2.0; http://www.uptimerobot.com/)"
216.244.66.227 - - [04/Feb/2026:11:18:57 +0100] "GET /robots.txt HTTP/1.1" 404 1181 "-" "Mozilla/5.0 (compatible; DotBot/1.2; +https://opensiteexplorer.org/dotbot; help@moz.com)"
78.46.215.1 - - [04/Feb/2026:11:19:01 +0100] "HEAD / HTTP/1.1" 200 0 "http://nagybistvan.hu" "Mozilla/5.0+(compatible; UptimeRobot/2.0; http://www.uptimerobot.com/)"
49.13.167.123 - - [04/Feb/2026:11:24:07 +0100] "HEAD / HTTP/1.1" 200 0 "http://nagybistvan.hu" "Mozilla/5.0+(compatible; UptimeRobot/2.0; http://www.uptimerobot.com/)"
216.244.66.227 - - [04/Feb/2026:11:25:22 +0100] "GET /media/image/21.337.001.jpg HTTP/1.1" 200 145448 "-" "Mozilla/5.0 (compatible; DotBot/1.2; +https://opensiteexplorer.org/dotbot; help@moz.com)"
216.244.66.227 - - [04/Feb/2026:11:25:31 +0100] "GET /mozaik/Mozaik_r5.html HTTP/1.1" 200 711 "-" "Mozilla/5.0 (compatible; DotBot/1.2; +https://opensiteexplorer.org/dotbot; help@moz.com)"
216.244.66.227 - - [04/Feb/2026:11:25:39 +0100] "GET /zsambek/Zsambek%20No124.html HTTP/1.1" 200 687 "-" "Mozilla/5.0 (compatible; DotBot/1.2; +https://opensiteexplorer.org/dotbot; help@moz.com)"
216.244.66.227 - - [04/Feb/2026:11:29:00 +0100] "GET /index.php?c=wehner HTTP/1.1" 200 25894 "-" "Mozilla/5.0 (compatible; DotBot/1.2; +https://opensiteexplorer.org/dotbot; help@moz.com)"
18.192.166.72 - - [04/Feb/2026:11:29:13 +0100] "HEAD / HTTP/1.1" 200 0 "http://nagybistvan.hu" "Mozilla/5.0+(compatible; UptimeRobot/2.0; http://www.uptimerobot.com/)"
51.89.129.80 - - [04/Feb/2026:11:29:40 +0100] "GET /index.php?c=foldi_peter HTTP/1.1" 200 17350 "-" "Mozilla/5.0 (compatible; AhrefsBot/7.0; +http://ahrefs.com/robot/)"
168.119.123.75 - - [04/Feb/2026:11:34:19 +0100] "HEAD / HTTP/1.1" 200 0 "http://nagybistvan.hu" "Mozilla/5.0+(compatible; UptimeRobot/2.0; http://www.uptimerobot.com/)"
49.13.24.81 - - [04/Feb/2026:11:39:24 +0100] "HEAD / HTTP/1.1" 200 0 "http://nagybistvan.hu" "Mozilla/5.0+(compatible; UptimeRobot/2.0; http://www.uptimerobot.com/)"
3.79.134.69 - - [04/Feb/2026:11:44:29 +0100] "HEAD / HTTP/1.1" 200 0 "http://nagybistvan.hu" "Mozilla/5.0+(compatible; UptimeRobot/2.0; http://www.uptimerobot.com/)"
49.13.134.145 - - [04/Feb/2026:11:49:34 +0100] "HEAD / HTTP/1.1" 200 0 "http://nagybistvan.hu" "Mozilla/5.0+(compatible; UptimeRobot/2.0; http://www.uptimerobot.com/)"
198.244.168.5 - - [04/Feb/2026:11:52:37 +0100] "GET /index.php?c=szeifert HTTP/1.1" 200 18437 "-" "Mozilla/5.0 (compatible; AhrefsBot/7.0; +http://ahrefs.com/robot/)"
3.79.134.69 - - [04/Feb/2026:11:54:37 +0100] "HEAD / HTTP/1.1" 200 0 "http://nagybistvan.hu" "Mozilla/5.0+(compatible; UptimeRobot/2.0; http://www.uptimerobot.com/)"
49.13.130.29 - - [04/Feb/2026:11:59:42 +0100] "HEAD / HTTP/1.1" 200 0 "http://nagybistvan.hu" "Mozilla/5.0+(compatible; UptimeRobot/2.0; http://www.uptimerobot.com/)"
157.90.155.240 - - [04/Feb/2026:12:04:48 +0100] "HEAD / HTTP/1.1" 200 0 "http://nagybistvan.hu" "Mozilla/5.0+(compatible; UptimeRobot/2.0; http://www.uptimerobot.com/)"
216.244.66.227 - - [04/Feb/2026:12:08:18 +0100] "GET /robots.txt HTTP/1.1" 404 1181 "-" "Mozilla/5.0 (compatible; DotBot/1.2; +https://opensiteexplorer.org/dotbot; help@moz.com)"
216.244.66.227 - - [04/Feb/2026:12:08:18 +0100] "GET /robots.txt HTTP/1.1" 404 1181 "-" "Mozilla/5.0 (compatible; DotBot/1.2; +https://opensiteexplorer.org/dotbot; help@moz.com)"
17.241.219.198 - - [04/Feb/2026:12:08:56 +0100] "GET /robots.txt HTTP/1.1" 404 1181 "-" "Mozilla/5.0 (Macintosh; Intel Mac OS X 10_15_7) AppleWebKit/605.1.15 (KHTML, like Gecko) Version/17.4 Safari/605.1.15 (Applebot/0.1; +http://www.apple.com/go/applebot)"
17.241.219.198 - - [04/Feb/2026:12:08:56 +0100] "GET /index.php?c=foldi_peter HTTP/1.1" 200 17564 "-" "Mozilla/5.0 (Macintosh; Intel Mac OS X 10_15_7) AppleWebKit/605.1.15 (KHTML, like Gecko) Version/17.4 Safari/605.1.15 (Applebot/0.1; +http://www.apple.com/go/applebot)"
78.47.173.76 - - [04/Feb/2026:12:09:53 +0100] "HEAD / HTTP/1.1" 200 0 "http://nagybistvan.hu" "Mozilla/5.0+(compatible; UptimeRobot/2.0; http://www.uptimerobot.com/)"
101.42.138.230 - - [04/Feb/2026:12:14:47 +0100] "GET /index.php?c=korai HTTP/1.1" 200 16279 "http://www.nagybistvan.hu/index.php?c=korai" "Mozilla/5.0 (Macintosh; Intel Mac OS X 10_15_7) AppleWebKit/537.36 (KHTML, like Gecko) Chrome/123.0.0.0 Safari/537.36"
52.59.43.236 - - [04/Feb/2026:12:14:57 +0100] "HEAD / HTTP/1.1" 200 0 "http://nagybistvan.hu" "Mozilla/5.0+(compatible; UptimeRobot/2.0; http://www.uptimerobot.com/)"
51.75.236.129 - - [04/Feb/2026:12:16:34 +0100] "GET /robots.txt HTTP/1.1" 404 1181 "-" "Mozilla/5.0 (compatible; AhrefsBot/7.0; +http://ahrefs.com/robot/)"
198.244.226.123 - - [04/Feb/2026:12:16:38 +0100] "GET /index.php?c=szilasi_01 HTTP/1.1" 200 7338 "-" "Mozilla/5.0 (compatible; AhrefsBot/7.0; +http://ahrefs.com/robot/)"
216.244.66.227 - - [04/Feb/2026:12:18:42 +0100] "GET /media/image/07.234.001.jpg HTTP/1.1" 200 182755 "-" "Mozilla/5.0 (compatible; DotBot/1.2; +https://opensiteexplorer.org/dotbot; help@moz.com)"
216.244.66.227 - - [04/Feb/2026:12:19:17 +0100] "GET /media/image/24.336.009.jpg HTTP/1.1" 200 113887 "-" "Mozilla/5.0 (compatible; DotBot/1.2; +https://opensiteexplorer.org/dotbot; help@moz.com)"
216.244.66.227 - - [04/Feb/2026:12:19:50 +0100] "GET /media/image/30.295.001.jpg HTTP/1.1" 200 212341 "-" "Mozilla/5.0 (compatible; DotBot/1.2; +https://opensiteexplorer.org/dotbot; help@moz.com)"
78.47.173.76 - - [04/Feb/2026:12:20:02 +0100] "HEAD / HTTP/1.1" 200 0 "http://nagybistvan.hu" "Mozilla/5.0+(compatible; UptimeRobot/2.0; http://www.uptimerobot.com/)"
216.244.66.227 - - [04/Feb/2026:12:20:18 +0100] "GET /index.php?c=losonci HTTP/1.1" 200 6854 "-" "Mozilla/5.0 (compatible; DotBot/1.2; +https://opensiteexplorer.org/dotbot; help@moz.com)"
216.244.66.227 - - [04/Feb/2026:12:20:48 +0100] "GET /media/image/21.338.001.jpg HTTP/1.1" 200 218200 "-" "Mozilla/5.0 (compatible; DotBot/1.2; +https://opensiteexplorer.org/dotbot; help@moz.com)"
216.244.66.227 - - [04/Feb/2026:12:21:15 +0100] "GET /media/image/30.110.137.jpg HTTP/1.1" 200 56193 "-" "Mozilla/5.0 (compatible; DotBot/1.2; +https://opensiteexplorer.org/dotbot; help@moz.com)"
216.244.66.227 - - [04/Feb/2026:12:21:42 +0100] "GET /media/image/30.110.128.jpg HTTP/1.1" 200 170731 "-" "Mozilla/5.0 (compatible; DotBot/1.2; +https://opensiteexplorer.org/dotbot; help@moz.com)"
18.193.252.127 - - [04/Feb/2026:12:25:07 +0100] "HEAD / HTTP/1.1" 200 0 "http://nagybistvan.hu" "Mozilla/5.0+(compatible; UptimeRobot/2.0; http://www.uptimerobot.com/)"
216.244.66.227 - - [04/Feb/2026:12:25:49 +0100] "GET /media/image/21.575.001.jpg HTTP/1.1" 200 158112 "-" "Mozilla/5.0 (compatible; DotBot/1.2; +https://opensiteexplorer.org/dotbot; help@moz.com)"
216.244.66.227 - - [04/Feb/2026:12:26:55 +0100] "GET /index.php?c=7080s&cp=5 HTTP/1.1" 200 17889 "-" "Mozilla/5.0 (compatible; DotBot/1.2; +https://opensiteexplorer.org/dotbot; help@moz.com)"
52.28.162.93 - - [04/Feb/2026:12:30:11 +0100] "HEAD / HTTP/1.1" 200 0 "http://nagybistvan.hu" "Mozilla/5.0+(compatible; UptimeRobot/2.0; http://www.uptimerobot.com/)"
78.47.98.55 - - [04/Feb/2026:12:35:15 +0100] "HEAD / HTTP/1.1" 200 0 "http://nagybistvan.hu" "Mozilla/5.0+(compatible; UptimeRobot/2.0; http://www.uptimerobot.com/)"
78.46.190.63 - - [04/Feb/2026:12:40:19 +0100] "HEAD / HTTP/1.1" 200 0 "http://nagybistvan.hu" "Mozilla/5.0+(compatible; UptimeRobot/2.0; http://www.uptimerobot.com/)"
198.244.183.218 - - [04/Feb/2026:12:41:05 +0100] "GET /index.php?c=losonci HTTP/1.1" 200 6829 "-" "Mozilla/5.0 (compatible; AhrefsBot/7.0; +http://ahrefs.com/robot/)"
145.239.83.37 - - [04/Feb/2026:12:43:03 +0100] "GET /csoportos/ HTTP/1.1" 302 5 "-" "Mozilla/5.0 (Windows NT 10.0; Win64; x64) AppleWebKit/537.36 (KHTML, like Gecko) Chrome/139.0.0.0 Safari/537.36"
51.75.24.242 - - [04/Feb/2026:12:43:14 +0100] "GET /kepek/ HTTP/1.1" 302 5 "-" "Mozilla/5.0 (Windows NT 10.0; Win64; x64) AppleWebKit/537.36 (KHTML, like Gecko) Chrome/139.0.0.0 Safari/537.36"
78.47.173.76 - - [04/Feb/2026:12:45:24 +0100] "HEAD / HTTP/1.1" 200 0 "http://nagybistvan.hu" "Mozilla/5.0+(compatible; UptimeRobot/2.0; http://www.uptimerobot.com/)"
157.90.156.63 - - [04/Feb/2026:12:50:29 +0100] "HEAD / HTTP/1.1" 200 0 "http://nagybistvan.hu" "Mozilla/5.0+(compatible; UptimeRobot/2.0; http://www.uptimerobot.com/)"
78.47.173.76 - - [04/Feb/2026:12:55:33 +0100] "HEAD / HTTP/1.1" 200 0 "http://nagybistvan.hu" "Mozilla/5.0+(compatible; UptimeRobot/2.0; http://www.uptimerobot.com/)"
216.244.66.227 - - [04/Feb/2026:12:57:35 +0100] "GET /robots.txt HTTP/1.1" 404 1181 "-" "Mozilla/5.0 (compatible; DotBot/1.2; +https://opensiteexplorer.org/dotbot; help@moz.com)"
216.244.66.227 - - [04/Feb/2026:12:57:35 +0100] "GET /robots.txt HTTP/1.1" 404 1181 "-" "Mozilla/5.0 (compatible; DotBot/1.2; +https://opensiteexplorer.org/dotbot; help@moz.com)"
43.128.67.187 - - [04/Feb/2026:12:59:09 +0100] "GET / HTTP/1.1" 200 6726 "-" "Mozilla/5.0 (iPhone; CPU iPhone OS 13_2_3 like Mac OS X) AppleWebKit/605.1.15 (KHTML, like Gecko) Version/13.0.3 Mobile/15E148 Safari/604.1"
78.47.173.76 - - [04/Feb/2026:13:00:37 +0100] "HEAD / HTTP/1.1" 200 0 "http://nagybistvan.hu" "Mozilla/5.0+(compatible; UptimeRobot/2.0; http://www.uptimerobot.com/)"
157.90.156.63 - - [04/Feb/2026:13:05:44 +0100] "HEAD / HTTP/1.1" 200 0 "http://nagybistvan.hu" "Mozilla/5.0+(compatible; UptimeRobot/2.0; http://www.uptimerobot.com/)"
216.244.66.227 - - [04/Feb/2026:13:10:26 +0100] "GET /media/image/09.347.001.jpg HTTP/1.1" 200 116817 "-" "Mozilla/5.0 (compatible; DotBot/1.2; +https://opensiteexplorer.org/dotbot; help@moz.com)"
168.119.96.239 - - [04/Feb/2026:13:10:51 +0100] "HEAD / HTTP/1.1" 200 0 "http://nagybistvan.hu" "Mozilla/5.0+(compatible; UptimeRobot/2.0; http://www.uptimerobot.com/)"
216.244.66.227 - - [04/Feb/2026:13:11:29 +0100] "GET /korai/pages/Zs%E1mb%E9k%20I.html HTTP/1.1" 200 1295 "-" "Mozilla/5.0 (compatible; DotBot/1.2; +https://opensiteexplorer.org/dotbot; help@moz.com)"
216.244.66.227 - - [04/Feb/2026:13:11:38 +0100] "GET /media/image/07.013.001.jpg HTTP/1.1" 200 100307 "-" "Mozilla/5.0 (compatible; DotBot/1.2; +https://opensiteexplorer.org/dotbot; help@moz.com)"
216.244.66.227 - - [04/Feb/2026:13:11:48 +0100] "GET /media/image/30.359.001.jpg HTTP/1.1" 200 184659 "-" "Mozilla/5.0 (compatible; DotBot/1.2; +https://opensiteexplorer.org/dotbot; help@moz.com)"
216.244.66.227 - - [04/Feb/2026:13:12:35 +0100] "GET /media/image/07.084.001.jpg HTTP/1.1" 200 151117 "-" "Mozilla/5.0 (compatible; DotBot/1.2; +https://opensiteexplorer.org/dotbot; help@moz.com)"
66.249.64.130 - - [04/Feb/2026:13:14:26 +0100] "GET /robots.txt HTTP/1.1" 404 1181 "-" "Mozilla/5.0 (compatible; Googlebot/2.1; +http://www.google.com/bot.html)"
66.249.64.130 - - [04/Feb/2026:13:14:26 +0100] "GET / HTTP/1.1" 200 6773 "-" "Mozilla/5.0 (compatible; Googlebot/2.1; +http://www.google.com/bot.html)"
66.249.64.130 - - [04/Feb/2026:13:14:27 +0100] "GET / HTTP/1.1" 200 6708 "-" "Mozilla/5.0 (Linux; Android 6.0.1; Nexus 5X Build/MMB29P) AppleWebKit/537.36 (KHTML, like Gecko) Chrome/99.0.4844.84 Mobile Safari/537.36 (compatible; Googlebot/2.1; +http://www.google.com/bot.html)"
66.249.64.130 - - [04/Feb/2026:13:14:28 +0100] "GET /lib/thickbox-3.1.custom/thickbox.css HTTP/1.1" 200 4175 "http://nagybistvan.hu/" "Mozilla/5.0 AppleWebKit/537.36 (KHTML, like Gecko; compatible; Googlebot/2.1; +http://www.google.com/bot.html) Chrome/143.0.7499.192 Safari/537.36"
66.249.64.130 - - [04/Feb/2026:13:14:28 +0100] "GET /lib/jq.fancybox-1.3.4/jquery.fancybox-1.3.4.pack.js HTTP/1.1" 200 15624 "http://nagybistvan.hu/" "Mozilla/5.0 AppleWebKit/537.36 (KHTML, like Gecko; compatible; Googlebot/2.1; +http://www.google.com/bot.html) Chrome/143.0.7499.192 Safari/537.36"
66.249.64.130 - - [04/Feb/2026:13:14:29 +0100] "GET /lib/jq.fancybox-1.3.4/jquery.fancybox-1.3.4.pack.js HTTP/1.1" 200 15624 "http://nagybistvan.hu/" "Mozilla/5.0 (Linux; Android 6.0.1; Nexus 5X Build/MMB29P) AppleWebKit/537.36 (KHTML, like Gecko) Chrome/143.0.7499.192 Mobile Safari/537.36 (compatible; Googlebot/2.1; +http://www.google.com/bot.html)"
66.249.64.132 - - [04/Feb/2026:13:14:29 +0100] "GET /lib/thickbox-3.1.custom/thickbox.css HTTP/1.1" 200 4175 "http://nagybistvan.hu/" "Mozilla/5.0 (Linux; Android 6.0.1; Nexus 5X Build/MMB29P) AppleWebKit/537.36 (KHTML, like Gecko) Chrome/143.0.7499.192 Mobile Safari/537.36 (compatible; Googlebot/2.1; +http://www.google.com/bot.html)"
66.249.64.130 - - [04/Feb/2026:13:14:30 +0100] "GET /favicon.ico HTTP/1.1" 404 1181 "-" "Googlebot-Image/1.0"
216.244.66.227 - - [04/Feb/2026:13:14:39 +0100] "GET /media/image/07.075.001.jpg HTTP/1.1" 200 133070 "-" "Mozilla/5.0 (compatible; DotBot/1.2; +https://opensiteexplorer.org/dotbot; help@moz.com)"
88.99.80.227 - - [04/Feb/2026:13:15:56 +0100] "HEAD / HTTP/1.1" 200 0 "http://nagybistvan.hu" "Mozilla/5.0+(compatible; UptimeRobot/2.0; http://www.uptimerobot.com/)"
17.241.75.93 - - [04/Feb/2026:13:20:38 +0100] "GET /index.php?c=szilasi_02 HTTP/1.1" 200 10420 "-" "Mozilla/5.0 (Macintosh; Intel Mac OS X 10_15_7) AppleWebKit/605.1.15 (KHTML, like Gecko) Version/17.4 Safari/605.1.15 (Applebot/0.1; +http://www.apple.com/go/applebot)"
18.193.252.127 - - [04/Feb/2026:13:21:07 +0100] "HEAD / HTTP/1.1" 200 0 "http://nagybistvan.hu" "Mozilla/5.0+(compatible; UptimeRobot/2.0; http://www.uptimerobot.com/)"
198.244.168.83 - - [04/Feb/2026:13:22:55 +0100] "GET /index.php?c=festmenyekbarsonyfeszekben HTTP/1.1" 200 11251 "-" "Mozilla/5.0 (compatible; AhrefsBot/7.0; +http://ahrefs.com/robot/)"
52.59.43.236 - - [04/Feb/2026:13:26:11 +0100] "HEAD / HTTP/1.1" 200 0 "http://nagybistvan.hu" "Mozilla/5.0+(compatible; UptimeRobot/2.0; http://www.uptimerobot.com/)"
157.90.155.240 - - [04/Feb/2026:13:31:16 +0100] "HEAD / HTTP/1.1" 200 0 "http://nagybistvan.hu" "Mozilla/5.0+(compatible; UptimeRobot/2.0; http://www.uptimerobot.com/)"
78.47.173.76 - - [04/Feb/2026:13:36:23 +0100] "HEAD / HTTP/1.1" 200 0 "http://nagybistvan.hu" "Mozilla/5.0+(compatible; UptimeRobot/2.0; http://www.uptimerobot.com/)"
142.132.180.39 - - [04/Feb/2026:13:41:30 +0100] "HEAD / HTTP/1.1" 200 0 "http://nagybistvan.hu" "Mozilla/5.0+(compatible; UptimeRobot/2.0; http://www.uptimerobot.com/)"
17.246.15.114 - - [04/Feb/2026:13:43:00 +0100] "GET /index.php?c=szeifert HTTP/1.1" 200 18593 "-" "Mozilla/5.0 (Macintosh; Intel Mac OS X 10_15_7) AppleWebKit/605.1.15 (KHTML, like Gecko) Version/17.4 Safari/605.1.15 (Applebot/0.1; +http://www.apple.com/go/applebot)"
3.77.67.4 - - [04/Feb/2026:13:46:37 +0100] "HEAD / HTTP/1.1" 200 0 "http://nagybistvan.hu" "Mozilla/5.0+(compatible; UptimeRobot/2.0; http://www.uptimerobot.com/)"
51.195.244.89 - - [04/Feb/2026:13:47:24 +0100] "GET /index.php?c=zsambek&cp=4 HTTP/1.1" 200 17406 "-" "Mozilla/5.0 (compatible; AhrefsBot/7.0; +http://ahrefs.com/robot/)"
66.249.64.105 - - [04/Feb/2026:13:47:39 +0100] "GET /robots.txt HTTP/1.1" 404 1181 "-" "Mozilla/5.0 (compatible; Googlebot/2.1; +http://www.google.com/bot.html)"
66.249.64.106 - - [04/Feb/2026:13:47:40 +0100] "GET /media/image/24.325.001.jpg HTTP/1.1" 200 247988 "-" "Googlebot-Image/1.0"
216.244.66.227 - - [04/Feb/2026:13:48:31 +0100] "GET /robots.txt HTTP/1.1" 404 1181 "-" "Mozilla/5.0 (compatible; DotBot/1.2; +https://opensiteexplorer.org/dotbot; help@moz.com)"
216.244.66.227 - - [04/Feb/2026:13:48:34 +0100] "GET /robots.txt HTTP/1.1" 404 1181 "-" "Mozilla/5.0 (compatible; DotBot/1.2; +https://opensiteexplorer.org/dotbot; help@moz.com)"
101.42.251.52 - - [04/Feb/2026:13:48:46 +0100] "GET /index.php?c=ogorogmenza HTTP/1.1" 200 5217 "http://nagybistvan.hu/index.php?c=ogorogmenza" "Mozilla/5.0 (Macintosh; Intel Mac OS X 10_15_7) AppleWebKit/537.36 (KHTML, like Gecko) Chrome/119.0.0.0 Safari/537.36"
168.119.123.75 - - [04/Feb/2026:13:51:44 +0100] "HEAD / HTTP/1.1" 200 0 "http://nagybistvan.hu" "Mozilla/5.0+(compatible; UptimeRobot/2.0; http://www.uptimerobot.com/)"
43.166.238.12 - - [04/Feb/2026:13:56:31 +0100] "GET / HTTP/1.1" 200 6708 "-" "Mozilla/5.0 (iPhone; CPU iPhone OS 13_2_3 like Mac OS X) AppleWebKit/605.1.15 (KHTML, like Gecko) Version/13.0.3 Mobile/15E148 Safari/604.1"
78.46.215.1 - - [04/Feb/2026:13:56:50 +0100] "HEAD / HTTP/1.1" 200 0 "http://nagybistvan.hu" "Mozilla/5.0+(compatible; UptimeRobot/2.0; http://www.uptimerobot.com/)"
216.244.66.227 - - [04/Feb/2026:13:58:55 +0100] "GET /media/image/07.236.003.jpg HTTP/1.1" 200 96757 "-" "Mozilla/5.0 (compatible; DotBot/1.2; +https://opensiteexplorer.org/dotbot; help@moz.com)"
216.244.66.227 - - [04/Feb/2026:13:59:02 +0100] "GET /media/image/24.304.001.jpg HTTP/1.1" 200 106825 "-" "Mozilla/5.0 (compatible; DotBot/1.2; +https://opensiteexplorer.org/dotbot; help@moz.com)"
88.99.80.227 - - [04/Feb/2026:14:02:06 +0100] "HEAD / HTTP/1.1" 200 0 "http://nagybistvan.hu" "Mozilla/5.0+(compatible; UptimeRobot/2.0; http://www.uptimerobot.com/)"
216.244.66.227 - - [04/Feb/2026:14:02:23 +0100] "GET /media/image/07.042.001.jpg HTTP/1.1" 200 188931 "-" "Mozilla/5.0 (compatible; DotBot/1.2; +https://opensiteexplorer.org/dotbot; help@moz.com)"
20.238.87.60 - - [04/Feb/2026:14:03:00 +0100] "GET /wp-content/plugins/hellopress/wp_filemanager.php HTTP/1.1" 404 1181 "-" "-"
20.238.87.60 - - [04/Feb/2026:14:03:00 +0100] "GET /RIP.php HTTP/1.1" 404 37 "-" "-"
216.244.66.227 - - [04/Feb/2026:14:03:30 +0100] "GET /index.php?c=7080s&cp=1 HTTP/1.1" 200 17062 "-" "Mozilla/5.0 (compatible; DotBot/1.2; +https://opensiteexplorer.org/dotbot; help@moz.com)"
216.244.66.227 - - [04/Feb/2026:14:05:39 +0100] "GET /index.php?c=bucsubeszed060901 HTTP/1.1" 200 11406 "-" "Mozilla/5.0 (compatible; DotBot/1.2; +https://opensiteexplorer.org/dotbot; help@moz.com)"
142.132.180.39 - - [04/Feb/2026:14:07:21 +0100] "HEAD / HTTP/1.1" 200 0 "http://nagybistvan.hu" "Mozilla/5.0+(compatible; UptimeRobot/2.0; http://www.uptimerobot.com/)"
78.47.173.76 - - [04/Feb/2026:14:12:28 +0100] "HEAD / HTTP/1.1" 200 0 "http://nagybistvan.hu" "Mozilla/5.0+(compatible; UptimeRobot/2.0; http://www.uptimerobot.com/)"
198.244.168.158 - - [04/Feb/2026:14:14:22 +0100] "GET /index.php?c=Nagy_B_Jul_02 HTTP/1.1" 200 7294 "-" "Mozilla/5.0 (compatible; AhrefsBot/7.0; +http://ahrefs.com/robot/)"
49.233.45.47 - - [04/Feb/2026:14:15:31 +0100] "GET / HTTP/1.1" 200 6578 "-" "Mozilla/5.0 (iPhone; CPU iPhone OS 13_2_3 like Mac OS X) AppleWebKit/605.1.15 (KHTML, like Gecko) Version/13.0.3 Mobile/15E148 Safari/604.1"
88.99.80.227 - - [04/Feb/2026:14:17:39 +0100] "HEAD / HTTP/1.1" 200 0 "http://nagybistvan.hu" "Mozilla/5.0+(compatible; UptimeRobot/2.0; http://www.uptimerobot.com/)"
3.77.67.4 - - [04/Feb/2026:14:22:50 +0100] "HEAD / HTTP/1.1" 200 0 "http://nagybistvan.hu" "Mozilla/5.0+(compatible; UptimeRobot/2.0; http://www.uptimerobot.com/)"
63.178.84.147 - - [04/Feb/2026:14:27:54 +0100] "HEAD / HTTP/1.1" 200 0 "http://nagybistvan.hu" "Mozilla/5.0+(compatible; UptimeRobot/2.0; http://www.uptimerobot.com/)"
168.119.53.160 - - [04/Feb/2026:14:32:59 +0100] "HEAD / HTTP/1.1" 200 0 "http://nagybistvan.hu" "Mozilla/5.0+(compatible; UptimeRobot/2.0; http://www.uptimerobot.com/)"
49.13.134.145 - - [04/Feb/2026:14:38:05 +0100] "HEAD / HTTP/1.1" 200 0 "http://nagybistvan.hu" "Mozilla/5.0+(compatible; UptimeRobot/2.0; http://www.uptimerobot.com/)"
145.239.89.234 - - [04/Feb/2026:14:38:09 +0100] "GET /rolairtak/ HTTP/1.1" 302 5 "-" "Mozilla/5.0 (Windows NT 10.0; Win64; x64) AppleWebKit/537.36 (KHTML, like Gecko) Chrome/139.0.0.0 Safari/537.36"
57.129.69.52 - - [04/Feb/2026:14:38:09 +0100] "GET /irasai/ HTTP/1.1" 302 5 "-" "Mozilla/5.0 (Windows NT 10.0; Win64; x64) AppleWebKit/537.36 (KHTML, like Gecko) Chrome/139.0.0.0 Safari/537.36"
57.129.139.80 - - [04/Feb/2026:14:38:46 +0100] "GET /bio/ HTTP/1.1" 302 5 "-" "Mozilla/5.0 (Windows NT 10.0; Win64; x64) AppleWebKit/537.36 (KHTML, like Gecko) Chrome/139.0.0.0 Safari/537.36"
145.239.89.234 - - [04/Feb/2026:14:39:04 +0100] "GET /index.php?c=egyeni HTTP/1.1" 200 8354 "-" "Mozilla/5.0 (Windows NT 10.0; Win64; x64) AppleWebKit/537.36 (KHTML, like Gecko) Chrome/139.0.0.0 Safari/537.36"
57.129.81.226 - - [04/Feb/2026:14:39:04 +0100] "GET /index.php?c=egyeni HTTP/1.1" 200 8337 "-" "Mozilla/5.0 (Windows NT 10.0; Win64; x64) AppleWebKit/537.36 (KHTML, like Gecko) Chrome/139.0.0.0 Safari/537.36"
216.244.66.227 - - [04/Feb/2026:14:39:32 +0100] "GET /robots.txt HTTP/1.1" 404 1181 "-" "Mozilla/5.0 (compatible; DotBot/1.2; +https://opensiteexplorer.org/dotbot; help@moz.com)"
198.244.183.87 - - [04/Feb/2026:14:39:56 +0100] "GET /index.php?c=marikovszky HTTP/1.1" 200 27537 "-" "Mozilla/5.0 (compatible; AhrefsBot/7.0; +http://ahrefs.com/robot/)"
167.235.143.113 - - [04/Feb/2026:14:43:20 +0100] "HEAD / HTTP/1.1" 200 0 "http://nagybistvan.hu" "Mozilla/5.0+(compatible; UptimeRobot/2.0; http://www.uptimerobot.com/)"
216.244.66.227 - - [04/Feb/2026:14:47:50 +0100] "GET /korai/pages/N.%20Tan%E1rn%F5.html HTTP/1.1" 200 1296 "-" "Mozilla/5.0 (compatible; DotBot/1.2; +https://opensiteexplorer.org/dotbot; help@moz.com)"
216.244.66.227 - - [04/Feb/2026:14:47:56 +0100] "GET /media/image/22.110.104.jpg HTTP/1.1" 200 237121 "-" "Mozilla/5.0 (compatible; DotBot/1.2; +https://opensiteexplorer.org/dotbot; help@moz.com)"
216.244.66.227 - - [04/Feb/2026:14:48:01 +0100] "GET /media/image/30.350.001.jpg HTTP/1.1" 200 198213 "-" "Mozilla/5.0 (compatible; DotBot/1.2; +https://opensiteexplorer.org/dotbot; help@moz.com)"
128.140.41.193 - - [04/Feb/2026:14:48:25 +0100] "HEAD / HTTP/1.1" 200 0 "http://nagybistvan.hu" "Mozilla/5.0+(compatible; UptimeRobot/2.0; http://www.uptimerobot.com/)"
78.46.190.63 - - [04/Feb/2026:14:53:29 +0100] "HEAD / HTTP/1.1" 200 0 "http://nagybistvan.hu" "Mozilla/5.0+(compatible; UptimeRobot/2.0; http://www.uptimerobot.com/)"
157.90.156.63 - - [04/Feb/2026:14:58:35 +0100] "HEAD / HTTP/1.1" 200 0 "http://nagybistvan.hu" "Mozilla/5.0+(compatible; UptimeRobot/2.0; http://www.uptimerobot.com/)"
66.249.64.106 - - [04/Feb/2026:15:02:41 +0100] "GET /media/image/07.233.001.jpg HTTP/1.1" 200 99635 "-" "Googlebot-Image/1.0"
78.47.98.55 - - [04/Feb/2026:15:03:40 +0100] "HEAD / HTTP/1.1" 200 0 "http://nagybistvan.hu" "Mozilla/5.0+(compatible; UptimeRobot/2.0; http://www.uptimerobot.com/)"
49.13.167.123 - - [04/Feb/2026:15:08:49 +0100] "HEAD / HTTP/1.1" 200 0 "http://nagybistvan.hu" "Mozilla/5.0+(compatible; UptimeRobot/2.0; http://www.uptimerobot.com/)"
17.246.23.138 - - [04/Feb/2026:15:09:26 +0100] "GET /index.php?c=Nagy_B_Jul_02 HTTP/1.1" 200 7322 "-" "Mozilla/5.0 (Macintosh; Intel Mac OS X 10_15_7) AppleWebKit/605.1.15 (KHTML, like Gecko) Version/17.4 Safari/605.1.15 (Applebot/0.1; +http://www.apple.com/go/applebot)"
57.129.69.77 - - [04/Feb/2026:15:13:39 +0100] "GET /index.php?c=kepek HTTP/1.1" 200 10177 "-" "Mozilla/5.0 (Windows NT 10.0; Win64; x64) AppleWebKit/537.36 (KHTML, like Gecko) Chrome/139.0.0.0 Safari/537.36"
51.38.185.131 - - [04/Feb/2026:15:13:42 +0100] "GET /index.php?c=dijai HTTP/1.1" 200 7084 "-" "Mozilla/5.0 (Windows NT 10.0; Win64; x64) AppleWebKit/537.36 (KHTML, like Gecko) Chrome/139.0.0.0 Safari/537.36"
57.129.135.175 - - [04/Feb/2026:15:13:42 +0100] "GET /media/image/21.583.001.jpg HTTP/1.1" 200 59639 "-" "Mozilla/5.0 (Windows NT 10.0; Win64; x64) AppleWebKit/537.36 (KHTML, like Gecko) Chrome/139.0.0.0 Safari/537.36"
78.47.173.76 - - [04/Feb/2026:15:13:57 +0100] "HEAD / HTTP/1.1" 200 0 "http://nagybistvan.hu" "Mozilla/5.0+(compatible; UptimeRobot/2.0; http://www.uptimerobot.com/)"
66.249.64.130 - - [04/Feb/2026:15:18:40 +0100] "GET /media/image/06.069.001.jpg HTTP/1.1" 200 92566 "-" "Googlebot-Image/1.0"
49.13.24.81 - - [04/Feb/2026:15:19:06 +0100] "HEAD / HTTP/1.1" 200 0 "http://nagybistvan.hu" "Mozilla/5.0+(compatible; UptimeRobot/2.0; http://www.uptimerobot.com/)"
198.244.240.159 - - [04/Feb/2026:15:23:00 +0100] "GET /index.php?c=bucsubeszed060901 HTTP/1.1" 200 11356 "-" "Mozilla/5.0 (compatible; AhrefsBot/7.0; +http://ahrefs.com/robot/)"
168.119.123.75 - - [04/Feb/2026:15:24:17 +0100] "HEAD / HTTP/1.1" 200 0 "http://nagybistvan.hu" "Mozilla/5.0+(compatible; UptimeRobot/2.0; http://www.uptimerobot.com/)"
116.204.17.180 - - [04/Feb/2026:15:24:46 +0100] "GET /index.php?c=ironikus&cp=4 HTTP/1.1" 200 17936 "http://www.nagybistvan.hu/index.php?c=ironikus&cp=4" "Mozilla/5.0 (Macintosh; Intel Mac OS X 10_15_7) AppleWebKit/537.36 (KHTML, like Gecko) Chrome/120.0.0.0 Safari/537.36"
216.244.66.227 - - [04/Feb/2026:15:25:52 +0100] "GET /robots.txt HTTP/1.1" 404 1181 "-" "Mozilla/5.0 (compatible; DotBot/1.2; +https://opensiteexplorer.org/dotbot; help@moz.com)"
216.244.66.227 - - [04/Feb/2026:15:25:52 +0100] "GET /robots.txt HTTP/1.1" 404 1181 "-" "Mozilla/5.0 (compatible; DotBot/1.2; +https://opensiteexplorer.org/dotbot; help@moz.com)"
3.79.134.69 - - [04/Feb/2026:15:29:21 +0100] "HEAD / HTTP/1.1" 200 0 "http://nagybistvan.hu" "Mozilla/5.0+(compatible; UptimeRobot/2.0; http://www.uptimerobot.com/)"
216.244.66.227 - - [04/Feb/2026:15:32:56 +0100] "GET /media/image/07.012.001.jpg HTTP/1.1" 200 150095 "-" "Mozilla/5.0 (compatible; DotBot/1.2; +https://opensiteexplorer.org/dotbot; help@moz.com)"
66.249.64.132 - - [04/Feb/2026:15:33:41 +0100] "GET /media/image/30.294.001.jpg HTTP/1.1" 200 122708 "-" "Googlebot-Image/1.0"
157.90.156.63 - - [04/Feb/2026:15:34:26 +0100] "HEAD / HTTP/1.1" 200 0 "http://nagybistvan.hu" "Mozilla/5.0+(compatible; UptimeRobot/2.0; http://www.uptimerobot.com/)"
216.244.66.227 - - [04/Feb/2026:15:37:00 +0100] "GET /media/image/07.236.002.jpg HTTP/1.1" 200 128937 "-" "Mozilla/5.0 (compatible; DotBot/1.2; +https://opensiteexplorer.org/dotbot; help@moz.com)"
216.244.66.227 - - [04/Feb/2026:15:37:32 +0100] "GET /media/image/24.305.001.jpg HTTP/1.1" 200 225392 "-" "Mozilla/5.0 (compatible; DotBot/1.2; +https://opensiteexplorer.org/dotbot; help@moz.com)"
63.178.84.147 - - [04/Feb/2026:15:39:30 +0100] "HEAD / HTTP/1.1" 200 0 "http://nagybistvan.hu" "Mozilla/5.0+(compatible; UptimeRobot/2.0; http://www.uptimerobot.com/)"
49.13.167.123 - - [04/Feb/2026:15:44:35 +0100] "HEAD / HTTP/1.1" 200 0 "http://nagybistvan.hu" "Mozilla/5.0+(compatible; UptimeRobot/2.0; http://www.uptimerobot.com/)"
66.249.64.132 - - [04/Feb/2026:15:48:41 +0100] "GET /mozaik/Mozaik_banya_t.jpg HTTP/1.1" 304 - "-" "Googlebot-Image/1.0"
51.195.215.190 - - [04/Feb/2026:15:49:40 +0100] "GET /index.php?c=szilasi_03 HTTP/1.1" 200 4852 "-" "Mozilla/5.0 (compatible; AhrefsBot/7.0; +http://ahrefs.com/robot/)"
88.99.80.227 - - [04/Feb/2026:15:49:43 +0100] "HEAD / HTTP/1.1" 200 0 "http://nagybistvan.hu" "Mozilla/5.0+(compatible; UptimeRobot/2.0; http://www.uptimerobot.com/)"
157.90.155.240 - - [04/Feb/2026:15:54:51 +0100] "HEAD / HTTP/1.1" 200 0 "http://nagybistvan.hu" "Mozilla/5.0+(compatible; UptimeRobot/2.0; http://www.uptimerobot.com/)"
159.69.158.189 - - [04/Feb/2026:15:59:59 +0100] "HEAD / HTTP/1.1" 200 0 "http://nagybistvan.hu" "Mozilla/5.0+(compatible; UptimeRobot/2.0; http://www.uptimerobot.com/)"
78.46.215.1 - - [04/Feb/2026:16:05:11 +0100] "HEAD / HTTP/1.1" 200 0 "http://nagybistvan.hu" "Mozilla/5.0+(compatible; UptimeRobot/2.0; http://www.uptimerobot.com/)"
18.193.252.127 - - [04/Feb/2026:16:10:21 +0100] "HEAD / HTTP/1.1" 200 0 "http://nagybistvan.hu" "Mozilla/5.0+(compatible; UptimeRobot/2.0; http://www.uptimerobot.com/)"
49.13.130.29 - - [04/Feb/2026:16:15:26 +0100] "HEAD / HTTP/1.1" 200 0 "http://nagybistvan.hu" "Mozilla/5.0+(compatible; UptimeRobot/2.0; http://www.uptimerobot.com/)"
51.195.215.32 - - [04/Feb/2026:16:17:36 +0100] "GET /index.php?c=gyorgy_csaba HTTP/1.1" 200 5860 "-" "Mozilla/5.0 (compatible; AhrefsBot/7.0; +http://ahrefs.com/robot/)"
63.178.84.147 - - [04/Feb/2026:16:20:30 +0100] "HEAD / HTTP/1.1" 200 0 "http://nagybistvan.hu" "Mozilla/5.0+(compatible; UptimeRobot/2.0; http://www.uptimerobot.com/)"
49.13.24.81 - - [04/Feb/2026:16:25:35 +0100] "HEAD / HTTP/1.1" 200 0 "http://nagybistvan.hu" "Mozilla/5.0+(compatible; UptimeRobot/2.0; http://www.uptimerobot.com/)"
49.13.130.29 - - [04/Feb/2026:16:30:41 +0100] "HEAD / HTTP/1.1" 200 0 "http://nagybistvan.hu" "Mozilla/5.0+(compatible; UptimeRobot/2.0; http://www.uptimerobot.com/)"
18.192.166.72 - - [04/Feb/2026:16:35:55 +0100] "HEAD / HTTP/1.1" 200 0 "http://nagybistvan.hu" "Mozilla/5.0+(compatible; UptimeRobot/2.0; http://www.uptimerobot.com/)"
128.140.41.193 - - [04/Feb/2026:16:41:01 +0100] "HEAD / HTTP/1.1" 200 0 "http://nagybistvan.hu" "Mozilla/5.0+(compatible; UptimeRobot/2.0; http://www.uptimerobot.com/)"
51.89.129.92 - - [04/Feb/2026:16:44:56 +0100] "GET /index.php?c=wehner HTTP/1.1" 200 26132 "-" "Mozilla/5.0 (compatible; AhrefsBot/7.0; +http://ahrefs.com/robot/)"
78.47.173.76 - - [04/Feb/2026:16:46:06 +0100] "HEAD / HTTP/1.1" 200 0 "http://nagybistvan.hu" "Mozilla/5.0+(compatible; UptimeRobot/2.0; http://www.uptimerobot.com/)"
128.140.41.193 - - [04/Feb/2026:16:51:11 +0100] "HEAD / HTTP/1.1" 200 0 "http://nagybistvan.hu" "Mozilla/5.0+(compatible; UptimeRobot/2.0; http://www.uptimerobot.com/)"
159.69.158.189 - - [04/Feb/2026:16:56:17 +0100] "HEAD / HTTP/1.1" 200 0 "http://nagybistvan.hu" "Mozilla/5.0+(compatible; UptimeRobot/2.0; http://www.uptimerobot.com/)"
52.28.162.93 - - [04/Feb/2026:17:01:25 +0100] "HEAD / HTTP/1.1" 200 0 "http://nagybistvan.hu" "Mozilla/5.0+(compatible; UptimeRobot/2.0; http://www.uptimerobot.com/)"
78.47.98.55 - - [04/Feb/2026:17:06:29 +0100] "HEAD / HTTP/1.1" 200 0 "http://nagybistvan.hu" "Mozilla/5.0+(compatible; UptimeRobot/2.0; http://www.uptimerobot.com/)"
142.132.180.39 - - [04/Feb/2026:17:11:34 +0100] "HEAD / HTTP/1.1" 200 0 "http://nagybistvan.hu" "Mozilla/5.0+(compatible; UptimeRobot/2.0; http://www.uptimerobot.com/)"
66.249.64.107 - - [04/Feb/2026:17:12:42 +0100] "GET /index.php/index.php HTTP/1.1" 200 6884 "-" "Mozilla/5.0 (Linux; Android 6.0.1; Nexus 5X Build/MMB29P) AppleWebKit/537.36 (KHTML, like Gecko) Chrome/144.0.7559.109 Mobile Safari/537.36 (compatible; Googlebot/2.1; +http://www.google.com/bot.html)"
66.249.64.107 - - [04/Feb/2026:17:12:44 +0100] "GET /index.php/lib/thickbox-3.1.custom/thickbox.css HTTP/1.1" 200 6774 "http://www.nagybistvan.hu/index.php/index.php" "Mozilla/5.0 (Linux; Android 6.0.1; Nexus 5X Build/MMB29P) AppleWebKit/537.36 (KHTML, like Gecko) Chrome/143.0.7499.192 Mobile Safari/537.36 (compatible; Googlebot/2.1; +http://www.google.com/bot.html)"
66.249.64.107 - - [04/Feb/2026:17:12:45 +0100] "GET /index.php/lib/jq.fancybox-1.3.4/jquery.fancybox-1.3.4.css HTTP/1.1" 200 6665 "http://www.nagybistvan.hu/index.php/index.php" "Mozilla/5.0 (Linux; Android 6.0.1; Nexus 5X Build/MMB29P) AppleWebKit/537.36 (KHTML, like Gecko) Chrome/143.0.7499.192 Mobile Safari/537.36 (compatible; Googlebot/2.1; +http://www.google.com/bot.html)"
66.249.64.106 - - [04/Feb/2026:17:12:45 +0100] "GET /index.php/lib/jq.fancybox-1.3.4/jquery.easing-1.3.pack.js HTTP/1.1" 200 6693 "http://www.nagybistvan.hu/index.php/index.php" "Mozilla/5.0 (Linux; Android 6.0.1; Nexus 5X Build/MMB29P) AppleWebKit/537.36 (KHTML, like Gecko) Chrome/143.0.7499.192 Mobile Safari/537.36 (compatible; Googlebot/2.1; +http://www.google.com/bot.html)"
66.249.64.106 - - [04/Feb/2026:17:12:46 +0100] "GET /index.php/skin/master.css HTTP/1.1" 200 6713 "http://www.nagybistvan.hu/index.php/index.php" "Mozilla/5.0 (Linux; Android 6.0.1; Nexus 5X Build/MMB29P) AppleWebKit/537.36 (KHTML, like Gecko) Chrome/143.0.7499.192 Mobile Safari/537.36 (compatible; Googlebot/2.1; +http://www.google.com/bot.html)"
66.249.64.107 - - [04/Feb/2026:17:12:46 +0100] "GET /index.php/lib/thickbox-3.1.custom/thickbox.js HTTP/1.1" 200 6769 "http://www.nagybistvan.hu/index.php/index.php" "Mozilla/5.0 (Linux; Android 6.0.1; Nexus 5X Build/MMB29P) AppleWebKit/537.36 (KHTML, like Gecko) Chrome/143.0.7499.192 Mobile Safari/537.36 (compatible; Googlebot/2.1; +http://www.google.com/bot.html)"
66.249.64.105 - - [04/Feb/2026:17:12:47 +0100] "GET /index.php/lib/jq.fancybox-1.3.4/jquery.mousewheel-3.0.4.pack.js HTTP/1.1" 200 6665 "http://www.nagybistvan.hu/index.php/index.php" "Mozilla/5.0 (Linux; Android 6.0.1; Nexus 5X Build/MMB29P) AppleWebKit/537.36 (KHTML, like Gecko) Chrome/143.0.7499.192 Mobile Safari/537.36 (compatible; Googlebot/2.1; +http://www.google.com/bot.html)"
66.249.64.105 - - [04/Feb/2026:17:12:47 +0100] "GET /index.php/lib/jq.fancybox-1.3.4/jquery.fancybox-1.3.4.pack.js HTTP/1.1" 200 6821 "http://www.nagybistvan.hu/index.php/index.php" "Mozilla/5.0 (Linux; Android 6.0.1; Nexus 5X Build/MMB29P) AppleWebKit/537.36 (KHTML, like Gecko) Chrome/143.0.7499.192 Mobile Safari/537.36 (compatible; Googlebot/2.1; +http://www.google.com/bot.html)"
66.249.64.105 - - [04/Feb/2026:17:12:47 +0100] "GET /index.php/lib/jquery-1.3.2/jquery-1.3.2.min.js HTTP/1.1" 200 6625 "http://www.nagybistvan.hu/index.php/index.php" "Mozilla/5.0 (Linux; Android 6.0.1; Nexus 5X Build/MMB29P) AppleWebKit/537.36 (KHTML, like Gecko) Chrome/143.0.7499.192 Mobile Safari/537.36 (compatible; Googlebot/2.1; +http://www.google.com/bot.html)"
66.249.64.105 - - [04/Feb/2026:17:12:48 +0100] "GET /index.php/lib/jq.contextmenu/jquery.contextmenu.js HTTP/1.1" 200 6817 "http://www.nagybistvan.hu/index.php/index.php" "Mozilla/5.0 (Linux; Android 6.0.1; Nexus 5X Build/MMB29P) AppleWebKit/537.36 (KHTML, like Gecko) Chrome/143.0.7499.192 Mobile Safari/537.36 (compatible; Googlebot/2.1; +http://www.google.com/bot.html)"
168.119.96.239 - - [04/Feb/2026:17:16:47 +0100] "HEAD / HTTP/1.1" 200 0 "http://nagybistvan.hu" "Mozilla/5.0+(compatible; UptimeRobot/2.0; http://www.uptimerobot.com/)"
141.94.78.40 - - [04/Feb/2026:17:19:26 +0100] "GET /index.php?c=irasai HTTP/1.1" 200 7487 "-" "Mozilla/5.0 (Windows NT 10.0; Win64; x64) AppleWebKit/537.36 (KHTML, like Gecko) Chrome/139.0.0.0 Safari/537.36"
145.239.89.234 - - [04/Feb/2026:17:19:26 +0100] "GET /media/image/24.336.004.jpg HTTP/1.1" 200 119884 "-" "Mozilla/5.0 (Windows NT 10.0; Win64; x64) AppleWebKit/537.36 (KHTML, like Gecko) Chrome/139.0.0.0 Safari/537.36"
141.94.78.40 - - [04/Feb/2026:17:19:34 +0100] "GET /index.php?c=csoportos HTTP/1.1" 200 13239 "-" "Mozilla/5.0 (Windows NT 10.0; Win64; x64) AppleWebKit/537.36 (KHTML, like Gecko) Chrome/139.0.0.0 Safari/537.36"
57.129.139.80 - - [04/Feb/2026:17:19:35 +0100] "GET /media/image/07.110.081.jpg HTTP/1.1" 200 109105 "-" "Mozilla/5.0 (Windows NT 10.0; Win64; x64) AppleWebKit/537.36 (KHTML, like Gecko) Chrome/139.0.0.0 Safari/537.36"
88.99.80.227 - - [04/Feb/2026:17:21:53 +0100] "HEAD / HTTP/1.1" 200 0 "http://nagybistvan.hu" "Mozilla/5.0+(compatible; UptimeRobot/2.0; http://www.uptimerobot.com/)"
78.46.190.63 - - [04/Feb/2026:17:26:58 +0100] "HEAD / HTTP/1.1" 200 0 "http://nagybistvan.hu" "Mozilla/5.0+(compatible; UptimeRobot/2.0; http://www.uptimerobot.com/)"
167.235.143.113 - - [04/Feb/2026:17:32:03 +0100] "HEAD / HTTP/1.1" 200 0 "http://nagybistvan.hu" "Mozilla/5.0+(compatible; UptimeRobot/2.0; http://www.uptimerobot.com/)"
52.59.43.236 - - [04/Feb/2026:17:37:06 +0100] "HEAD / HTTP/1.1" 200 0 "http://nagybistvan.hu" "Mozilla/5.0+(compatible; UptimeRobot/2.0; http://www.uptimerobot.com/)"
51.89.129.8 - - [04/Feb/2026:17:40:08 +0100] "GET /index.php?c=veszelszky HTTP/1.1" 200 5987 "-" "Mozilla/5.0 (compatible; AhrefsBot/7.0; +http://ahrefs.com/robot/)"
52.59.43.236 - - [04/Feb/2026:17:42:10 +0100] "HEAD / HTTP/1.1" 200 0 "http://nagybistvan.hu" "Mozilla/5.0+(compatible; UptimeRobot/2.0; http://www.uptimerobot.com/)"
168.119.53.160 - - [04/Feb/2026:17:47:14 +0100] "HEAD / HTTP/1.1" 200 0 "http://nagybistvan.hu" "Mozilla/5.0+(compatible; UptimeRobot/2.0; http://www.uptimerobot.com/)"
167.235.143.113 - - [04/Feb/2026:17:52:18 +0100] "HEAD / HTTP/1.1" 200 0 "http://nagybistvan.hu" "Mozilla/5.0+(compatible; UptimeRobot/2.0; http://www.uptimerobot.com/)"
78.46.215.1 - - [04/Feb/2026:17:57:24 +0100] "HEAD / HTTP/1.1" 200 0 "http://nagybistvan.hu" "Mozilla/5.0+(compatible; UptimeRobot/2.0; http://www.uptimerobot.com/)"
168.119.96.239 - - [04/Feb/2026:18:02:31 +0100] "HEAD / HTTP/1.1" 200 0 "http://nagybistvan.hu" "Mozilla/5.0+(compatible; UptimeRobot/2.0; http://www.uptimerobot.com/)"
157.90.155.240 - - [04/Feb/2026:18:07:36 +0100] "HEAD / HTTP/1.1" 200 0 "http://nagybistvan.hu" "Mozilla/5.0+(compatible; UptimeRobot/2.0; http://www.uptimerobot.com/)"
49.13.134.145 - - [04/Feb/2026:18:12:42 +0100] "HEAD / HTTP/1.1" 200 0 "http://nagybistvan.hu" "Mozilla/5.0+(compatible; UptimeRobot/2.0; http://www.uptimerobot.com/)"
52.59.43.236 - - [04/Feb/2026:18:17:54 +0100] "HEAD / HTTP/1.1" 200 0 "http://nagybistvan.hu" "Mozilla/5.0+(compatible; UptimeRobot/2.0; http://www.uptimerobot.com/)"
17.22.245.176 - - [04/Feb/2026:18:22:14 +0100] "GET /robots.txt HTTP/1.1" 404 1181 "-" "Mozilla/5.0 (Macintosh; Intel Mac OS X 10_15_7) AppleWebKit/605.1.15 (KHTML, like Gecko) Version/17.4 Safari/605.1.15 (Applebot/0.1; +http://www.apple.com/go/applebot)"
17.22.245.176 - - [04/Feb/2026:18:22:15 +0100] "GET /media/image/07.025.001.jpg HTTP/1.1" 200 209677 "-" "Mozilla/5.0 (Macintosh; Intel Mac OS X 10_15_7) AppleWebKit/605.1.15 (KHTML, like Gecko) Version/17.4 Safari/605.1.15 (Applebot/0.1; +http://www.apple.com/go/applebot)"
49.13.24.81 - - [04/Feb/2026:18:23:01 +0100] "HEAD / HTTP/1.1" 200 0 "http://nagybistvan.hu" "Mozilla/5.0+(compatible; UptimeRobot/2.0; http://www.uptimerobot.com/)"
3.77.67.4 - - [04/Feb/2026:18:28:12 +0100] "HEAD / HTTP/1.1" 200 0 "http://nagybistvan.hu" "Mozilla/5.0+(compatible; UptimeRobot/2.0; http://www.uptimerobot.com/)"
18.193.252.127 - - [04/Feb/2026:18:33:15 +0100] "HEAD / HTTP/1.1" 200 0 "http://nagybistvan.hu" "Mozilla/5.0+(compatible; UptimeRobot/2.0; http://www.uptimerobot.com/)"
198.244.240.10 - - [04/Feb/2026:18:33:29 +0100] "GET /index.php?c=tarskrit&cp=2 HTTP/1.1" 200 18194 "-" "Mozilla/5.0 (compatible; AhrefsBot/7.0; +http://ahrefs.com/robot/)"
66.249.64.105 - - [04/Feb/2026:18:35:43 +0100] "GET /main.php HTTP/1.1" 404 37 "-" "Mozilla/5.0 (Linux; Android 6.0.1; Nexus 5X Build/MMB29P) AppleWebKit/537.36 (KHTML, like Gecko) Chrome/144.0.7559.109 Mobile Safari/537.36 (compatible; Googlebot/2.1; +http://www.google.com/bot.html)"
18.193.252.127 - - [04/Feb/2026:18:38:20 +0100] "HEAD / HTTP/1.1" 200 0 "http://nagybistvan.hu" "Mozilla/5.0+(compatible; UptimeRobot/2.0; http://www.uptimerobot.com/)"
43.166.251.233 - - [04/Feb/2026:18:39:14 +0100] "GET / HTTP/1.1" 200 6736 "-" "Mozilla/5.0 (iPhone; CPU iPhone OS 13_2_3 like Mac OS X) AppleWebKit/605.1.15 (KHTML, like Gecko) Version/13.0.3 Mobile/15E148 Safari/604.1"
18.192.166.72 - - [04/Feb/2026:18:43:32 +0100] "HEAD / HTTP/1.1" 200 0 "http://nagybistvan.hu" "Mozilla/5.0+(compatible; UptimeRobot/2.0; http://www.uptimerobot.com/)"
128.140.41.193 - - [04/Feb/2026:18:48:36 +0100] "HEAD / HTTP/1.1" 200 0 "http://nagybistvan.hu" "Mozilla/5.0+(compatible; UptimeRobot/2.0; http://www.uptimerobot.com/)"
