5.10.83.82 - - [01/Jan/2014:00:04:26 +0100] "GET /magunkrol_elemei/kozhasznu.html HTTP/1.1" 200 48365 "-" "Mozilla/5.0 (compatible; AhrefsBot/5.0; +http://ahrefs.com/robot/)"
66.249.78.57 - - [01/Jan/2014:00:16:37 +0100] "GET /aktualis_elemei/bekamentes.html HTTP/1.1" 304 - "-" "Mozilla/5.0 (iPhone; CPU iPhone OS 6_0 like Mac OS X) AppleWebKit/536.26 (KHTML, like Gecko) Version/6.0 Mobile/10A5376e Safari/8536.25 (compatible; Googlebot-Mobile/2.1; +http://www.google.com/bot.html)"
66.249.78.57 - - [01/Jan/2014:00:31:50 +0100] "GET /aktualis_elemei/fnhv.html HTTP/1.1" 304 - "-" "Mozilla/5.0 (compatible; Googlebot/2.1; +http://www.google.com/bot.html)"
199.30.20.25 - - [01/Jan/2014:00:38:07 +0100] "GET /robots.txt HTTP/1.1" 404 1181 "-" "msnbot-media/1.1 (+http://search.msn.com/msnbot.htm)"
199.30.20.25 - - [01/Jan/2014:00:38:07 +0100] "GET /aktualis_elemei/katonai_elemei/image002.jpg HTTP/1.1" 200 34104 "-" "msnbot-media/1.1 (+http://search.msn.com/msnbot.htm)"
157.55.35.47 - - [01/Jan/2014:01:03:19 +0100] "GET /robots.txt HTTP/1.1" 404 1181 "-" "Mozilla/5.0 (compatible; bingbot/2.0; +http://www.bing.com/bingbot.htm)"
66.249.78.57 - - [01/Jan/2014:01:22:11 +0100] "GET /aktualis_elemei/katonai.html HTTP/1.1" 304 - "-" "Mozilla/5.0 (compatible; Googlebot/2.1; +http://www.google.com/bot.html)"
157.55.35.47 - - [01/Jan/2014:01:26:01 +0100] "GET / HTTP/1.1" 200 884 "-" "Mozilla/5.0 (compatible; bingbot/2.0; +http://www.bing.com/bingbot.htm)"
199.30.24.57 - - [01/Jan/2014:01:26:04 +0100] "GET /esemenynaptar/SparkEventsCalendar_loadVars.txt HTTP/1.1" 200 72712 "http://www.greenaction.hu/zoldakcio.swf" "Mozilla/5.0 (Windows NT 6.1; WOW64) AppleWebKit/534+ (KHTML, like Gecko) BingPreview/1.0b"
199.30.24.57 - - [01/Jan/2014:01:26:04 +0100] "GET /hirek/hirek.txt HTTP/1.1" 200 96857 "http://www.greenaction.hu/zoldakcio.swf" "Mozilla/5.0 (Windows NT 6.1; WOW64) AppleWebKit/534+ (KHTML, like Gecko) BingPreview/1.0b"
157.55.35.47 - - [01/Jan/2014:01:26:04 +0100] "GET /zoldakcio.swf HTTP/1.1" 200 840351 "-" "Mozilla/5.0 (compatible; bingbot/2.0; +http://www.bing.com/bingbot.htm)"
199.30.24.57 - - [01/Jan/2014:01:26:05 +0100] "GET /hirek/hirek.txt HTTP/1.1" 200 96857 "http://www.greenaction.hu/zoldakcio.swf" "Mozilla/5.0 (Windows NT 6.1; WOW64) AppleWebKit/534+ (KHTML, like Gecko) BingPreview/1.0b"
199.30.24.57 - - [01/Jan/2014:01:26:05 +0100] "GET /esemenynaptar/SparkEventsCalendar_loadVars.txt HTTP/1.1" 200 72712 "http://www.greenaction.hu/zoldakcio.swf" "Mozilla/5.0 (Windows NT 6.1; WOW64) AppleWebKit/534+ (KHTML, like Gecko) BingPreview/1.0b"
199.30.24.57 - - [01/Jan/2014:01:26:06 +0100] "GET /hirek/biomassza_forum.jpg HTTP/1.1" 200 6616 "http://www.greenaction.hu/zoldakcio.swf" "Mozilla/5.0 (Windows NT 6.1; WOW64) AppleWebKit/534+ (KHTML, like Gecko) BingPreview/1.0b"
199.30.24.57 - - [01/Jan/2014:01:26:07 +0100] "GET /hirek/kocsonyabeka.jpg HTTP/1.1" 200 4334 "http://www.greenaction.hu/zoldakcio.swf" "Mozilla/5.0 (Windows NT 6.1; WOW64) AppleWebKit/534+ (KHTML, like Gecko) BingPreview/1.0b"
199.30.24.57 - - [01/Jan/2014:01:26:07 +0100] "GET /hirek/helyivedett.jpg HTTP/1.1" 404 1181 "http://www.greenaction.hu/zoldakcio.swf" "Mozilla/5.0 (Windows NT 6.1; WOW64) AppleWebKit/534+ (KHTML, like Gecko) BingPreview/1.0b"
199.30.24.57 - - [01/Jan/2014:01:26:07 +0100] "GET /hirek/biomassza2.jpg HTTP/1.1" 404 1181 "http://www.greenaction.hu/zoldakcio.swf" "Mozilla/5.0 (Windows NT 6.1; WOW64) AppleWebKit/534+ (KHTML, like Gecko) BingPreview/1.0b"
199.30.24.57 - - [01/Jan/2014:01:26:07 +0100] "GET /hirek/programindito.jpg HTTP/1.1" 200 6594 "http://www.greenaction.hu/zoldakcio.swf" "Mozilla/5.0 (Windows NT 6.1; WOW64) AppleWebKit/534+ (KHTML, like Gecko) BingPreview/1.0b"
199.30.24.57 - - [01/Jan/2014:01:26:07 +0100] "GET /hirek/gmokrumpli.jpg HTTP/1.1" 200 9110 "http://www.greenaction.hu/zoldakcio.swf" "Mozilla/5.0 (Windows NT 6.1; WOW64) AppleWebKit/534+ (KHTML, like Gecko) BingPreview/1.0b"
199.30.24.57 - - [01/Jan/2014:01:26:07 +0100] "GET /hirek/nullahullakovesd%20011.jpg HTTP/1.1" 200 8674 "http://www.greenaction.hu/zoldakcio.swf" "Mozilla/5.0 (Windows NT 6.1; WOW64) AppleWebKit/534+ (KHTML, like Gecko) BingPreview/1.0b"
199.30.24.57 - - [01/Jan/2014:01:26:07 +0100] "GET /hirek/beno.jpg HTTP/1.1" 200 2623 "http://www.greenaction.hu/zoldakcio.swf" "Mozilla/5.0 (Windows NT 6.1; WOW64) AppleWebKit/534+ (KHTML, like Gecko) BingPreview/1.0b"
199.30.24.57 - - [01/Jan/2014:01:26:08 +0100] "GET /hirek/foldnapja.jpg HTTP/1.1" 200 4081 "http://www.greenaction.hu/zoldakcio.swf" "Mozilla/5.0 (Windows NT 6.1; WOW64) AppleWebKit/534+ (KHTML, like Gecko) BingPreview/1.0b"
199.30.24.57 - - [01/Jan/2014:01:26:08 +0100] "GET /hirek/helyivedett.jpg HTTP/1.1" 404 1181 "http://www.greenaction.hu/zoldakcio.swf" "Mozilla/5.0 (Windows NT 6.1; WOW64) AppleWebKit/534+ (KHTML, like Gecko) BingPreview/1.0b"
199.30.24.57 - - [01/Jan/2014:01:26:08 +0100] "GET /hirek/foldnap2010.jpg HTTP/1.1" 200 7191 "http://www.greenaction.hu/zoldakcio.swf" "Mozilla/5.0 (Windows NT 6.1; WOW64) AppleWebKit/534+ (KHTML, like Gecko) BingPreview/1.0b"
199.30.24.57 - - [01/Jan/2014:01:26:08 +0100] "GET /hirek/biomassza2.jpg HTTP/1.1" 404 1181 "http://www.greenaction.hu/zoldakcio.swf" "Mozilla/5.0 (Windows NT 6.1; WOW64) AppleWebKit/534+ (KHTML, like Gecko) BingPreview/1.0b"
199.30.24.57 - - [01/Jan/2014:01:26:08 +0100] "GET /hirek/gmofree.gif HTTP/1.1" 404 1181 "http://www.greenaction.hu/zoldakcio.swf" "Mozilla/5.0 (Windows NT 6.1; WOW64) AppleWebKit/534+ (KHTML, like Gecko) BingPreview/1.0b"
199.30.24.57 - - [01/Jan/2014:01:26:08 +0100] "GET /hirek/gmoevo.jpg HTTP/1.1" 200 2951 "http://www.greenaction.hu/zoldakcio.swf" "Mozilla/5.0 (Windows NT 6.1; WOW64) AppleWebKit/534+ (KHTML, like Gecko) BingPreview/1.0b"
199.30.24.57 - - [01/Jan/2014:01:26:08 +0100] "GET /hirek/torta.jpg HTTP/1.1" 404 1181 "http://www.greenaction.hu/zoldakcio.swf" "Mozilla/5.0 (Windows NT 6.1; WOW64) AppleWebKit/534+ (KHTML, like Gecko) BingPreview/1.0b"
199.30.24.57 - - [01/Jan/2014:01:26:08 +0100] "GET /hirek/paprika.jpg HTTP/1.1" 404 1181 "http://www.greenaction.hu/zoldakcio.swf" "Mozilla/5.0 (Windows NT 6.1; WOW64) AppleWebKit/534+ (KHTML, like Gecko) BingPreview/1.0b"
199.30.24.57 - - [01/Jan/2014:01:26:09 +0100] "GET /hirek/abauji.jpg HTTP/1.1" 200 21716 "http://www.greenaction.hu/zoldakcio.swf" "Mozilla/5.0 (Windows NT 6.1; WOW64) AppleWebKit/534+ (KHTML, like Gecko) BingPreview/1.0b"
199.30.24.57 - - [01/Jan/2014:01:26:09 +0100] "GET /hirek/benzinpisztoly.jpg HTTP/1.1" 200 2317 "http://www.greenaction.hu/zoldakcio.swf" "Mozilla/5.0 (Windows NT 6.1; WOW64) AppleWebKit/534+ (KHTML, like Gecko) BingPreview/1.0b"
199.30.24.57 - - [01/Jan/2014:01:26:09 +0100] "GET /hirek/marhafej.jpg HTTP/1.1" 200 3545 "http://www.greenaction.hu/zoldakcio.swf" "Mozilla/5.0 (Windows NT 6.1; WOW64) AppleWebKit/534+ (KHTML, like Gecko) BingPreview/1.0b"
199.30.24.57 - - [01/Jan/2014:01:26:09 +0100] "GET /hirek/zoldseg.jpg HTTP/1.1" 404 1181 "http://www.greenaction.hu/zoldakcio.swf" "Mozilla/5.0 (Windows NT 6.1; WOW64) AppleWebKit/534+ (KHTML, like Gecko) BingPreview/1.0b"
199.30.24.57 - - [01/Jan/2014:01:26:09 +0100] "GET /hirek/citrom.jpg HTTP/1.1" 200 11781 "http://www.greenaction.hu/zoldakcio.swf" "Mozilla/5.0 (Windows NT 6.1; WOW64) AppleWebKit/534+ (KHTML, like Gecko) BingPreview/1.0b"
199.30.24.57 - - [01/Jan/2014:01:26:09 +0100] "GET /hirek/gmofree.gif HTTP/1.1" 404 1181 "http://www.greenaction.hu/zoldakcio.swf" "Mozilla/5.0 (Windows NT 6.1; WOW64) AppleWebKit/534+ (KHTML, like Gecko) BingPreview/1.0b"
199.30.24.57 - - [01/Jan/2014:01:26:09 +0100] "GET /hirek/torta.jpg HTTP/1.1" 404 1181 "http://www.greenaction.hu/zoldakcio.swf" "Mozilla/5.0 (Windows NT 6.1; WOW64) AppleWebKit/534+ (KHTML, like Gecko) BingPreview/1.0b"
199.30.24.57 - - [01/Jan/2014:01:26:09 +0100] "GET /hirek/paprika.jpg HTTP/1.1" 404 1181 "http://www.greenaction.hu/zoldakcio.swf" "Mozilla/5.0 (Windows NT 6.1; WOW64) AppleWebKit/534+ (KHTML, like Gecko) BingPreview/1.0b"
199.30.24.57 - - [01/Jan/2014:01:26:09 +0100] "GET /hirek/abauji.jpg HTTP/1.1" 200 21716 "http://www.greenaction.hu/zoldakcio.swf" "Mozilla/5.0 (Windows NT 6.1; WOW64) AppleWebKit/534+ (KHTML, like Gecko) BingPreview/1.0b"
199.30.24.57 - - [01/Jan/2014:01:26:09 +0100] "GET /hirek/adventikoszoru.jpg HTTP/1.1" 200 5581 "http://www.greenaction.hu/zoldakcio.swf" "Mozilla/5.0 (Windows NT 6.1; WOW64) AppleWebKit/534+ (KHTML, like Gecko) BingPreview/1.0b"
199.30.24.57 - - [01/Jan/2014:01:26:09 +0100] "GET /hirek/naposoldal.jpg HTTP/1.1" 200 10106 "http://www.greenaction.hu/zoldakcio.swf" "Mozilla/5.0 (Windows NT 6.1; WOW64) AppleWebKit/534+ (KHTML, like Gecko) BingPreview/1.0b"
199.30.24.57 - - [01/Jan/2014:01:26:10 +0100] "GET /hirek/encsgyumi.jpg HTTP/1.1" 200 13077 "http://www.greenaction.hu/zoldakcio.swf" "Mozilla/5.0 (Windows NT 6.1; WOW64) AppleWebKit/534+ (KHTML, like Gecko) BingPreview/1.0b"
199.30.24.57 - - [01/Jan/2014:01:26:10 +0100] "GET /hirek/encs.jpg HTTP/1.1" 200 12831 "http://www.greenaction.hu/zoldakcio.swf" "Mozilla/5.0 (Windows NT 6.1; WOW64) AppleWebKit/534+ (KHTML, like Gecko) BingPreview/1.0b"
199.30.24.57 - - [01/Jan/2014:01:26:10 +0100] "GET /hirek/gyurgyalag.jpg HTTP/1.1" 200 2435 "http://www.greenaction.hu/zoldakcio.swf" "Mozilla/5.0 (Windows NT 6.1; WOW64) AppleWebKit/534+ (KHTML, like Gecko) BingPreview/1.0b"
199.30.24.57 - - [01/Jan/2014:01:26:10 +0100] "GET /hirek/zoldseg.jpg HTTP/1.1" 404 1181 "http://www.greenaction.hu/zoldakcio.swf" "Mozilla/5.0 (Windows NT 6.1; WOW64) AppleWebKit/534+ (KHTML, like Gecko) BingPreview/1.0b"
199.30.24.57 - - [01/Jan/2014:01:26:10 +0100] "GET /hirek/terelo.jpg HTTP/1.1" 200 10975 "http://www.greenaction.hu/zoldakcio.swf" "Mozilla/5.0 (Windows NT 6.1; WOW64) AppleWebKit/534+ (KHTML, like Gecko) BingPreview/1.0b"
199.30.24.57 - - [01/Jan/2014:01:26:11 +0100] "GET /hirek/encsgyumi.jpg HTTP/1.1" 200 13077 "http://www.greenaction.hu/zoldakcio.swf" "Mozilla/5.0 (Windows NT 6.1; WOW64) AppleWebKit/534+ (KHTML, like Gecko) BingPreview/1.0b"
199.30.24.57 - - [01/Jan/2014:01:26:11 +0100] "GET /hirek/varboibekak2011.jpg HTTP/1.1" 200 9200 "http://www.greenaction.hu/zoldakcio.swf" "Mozilla/5.0 (Windows NT 6.1; WOW64) AppleWebKit/534+ (KHTML, like Gecko) BingPreview/1.0b"
199.30.24.57 - - [01/Jan/2014:01:26:11 +0100] "GET /hirek/mctermeloipiac.jpg HTTP/1.1" 200 3752 "http://www.greenaction.hu/zoldakcio.swf" "Mozilla/5.0 (Windows NT 6.1; WOW64) AppleWebKit/534+ (KHTML, like Gecko) BingPreview/1.0b"
199.30.24.57 - - [01/Jan/2014:01:26:11 +0100] "GET /hirek/bioszulinap2011.jpg HTTP/1.1" 200 17649 "http://www.greenaction.hu/zoldakcio.swf" "Mozilla/5.0 (Windows NT 6.1; WOW64) AppleWebKit/534+ (KHTML, like Gecko) BingPreview/1.0b"
199.30.24.57 - - [01/Jan/2014:01:26:11 +0100] "GET /hirek/1%20szazalek.jpg HTTP/1.1" 200 16636 "http://www.greenaction.hu/zoldakcio.swf" "Mozilla/5.0 (Windows NT 6.1; WOW64) AppleWebKit/534+ (KHTML, like Gecko) BingPreview/1.0b"
199.30.24.57 - - [01/Jan/2014:01:26:11 +0100] "GET /hirek/viz.jpg HTTP/1.1" 200 2622 "http://www.greenaction.hu/zoldakcio.swf" "Mozilla/5.0 (Windows NT 6.1; WOW64) AppleWebKit/534+ (KHTML, like Gecko) BingPreview/1.0b"
199.30.24.57 - - [01/Jan/2014:01:26:11 +0100] "GET /hirek/terelo.jpg HTTP/1.1" 200 10975 "http://www.greenaction.hu/zoldakcio.swf" "Mozilla/5.0 (Windows NT 6.1; WOW64) AppleWebKit/534+ (KHTML, like Gecko) BingPreview/1.0b"
199.30.24.57 - - [01/Jan/2014:01:26:12 +0100] "GET /hirek/1%20szazalek.jpg HTTP/1.1" 200 16636 "http://www.greenaction.hu/zoldakcio.swf" "Mozilla/5.0 (Windows NT 6.1; WOW64) AppleWebKit/534+ (KHTML, like Gecko) BingPreview/1.0b"
199.30.24.57 - - [01/Jan/2014:01:26:12 +0100] "GET /hirek/mctermeloipiac.jpg HTTP/1.1" 200 3752 "http://www.greenaction.hu/zoldakcio.swf" "Mozilla/5.0 (Windows NT 6.1; WOW64) AppleWebKit/534+ (KHTML, like Gecko) BingPreview/1.0b"
199.30.24.57 - - [01/Jan/2014:01:26:12 +0100] "GET /hirek/bioszulinap2011.jpg HTTP/1.1" 200 17649 "http://www.greenaction.hu/zoldakcio.swf" "Mozilla/5.0 (Windows NT 6.1; WOW64) AppleWebKit/534+ (KHTML, like Gecko) BingPreview/1.0b"
157.55.32.117 - - [01/Jan/2014:01:40:10 +0100] "GET /robots.txt HTTP/1.1" 404 1181 "-" "Mozilla/5.0 (compatible; bingbot/2.0; +http://www.bing.com/bingbot.htm)"
5.10.83.54 - - [01/Jan/2014:01:41:16 +0100] "GET /aktualis_elemei/kakcionap.html HTTP/1.1" 200 9027 "-" "Mozilla/5.0 (compatible; AhrefsBot/5.0; +http://ahrefs.com/robot/)"
66.249.78.57 - - [01/Jan/2014:01:47:03 +0100] "GET / HTTP/1.1" 200 884 "-" "Mozilla/5.0 (compatible; Googlebot/2.1; +http://www.google.com/bot.html)"
157.55.32.117 - - [01/Jan/2014:01:54:45 +0100] "GET /aktualis_elemei/belvarosi%20biovasar%20arai%202007.%20tel.doc HTTP/1.1" 200 324608 "-" "Mozilla/5.0 (compatible; bingbot/2.0; +http://www.bing.com/bingbot.htm)"
199.30.20.63 - - [01/Jan/2014:02:05:09 +0100] "GET /robots.txt HTTP/1.1" 404 1181 "-" "msnbot-media/1.1 (+http://search.msn.com/msnbot.htm)"
199.30.20.63 - - [01/Jan/2014:02:05:09 +0100] "GET /aktualis_elemei/bbbekagyar.html HTTP/1.1" 200 11951 "-" "msnbot-media/1.1 (+http://search.msn.com/msnbot.htm)"
86.101.156.51 - - [01/Jan/2014:02:07:15 +0100] "GET /robots.txt HTTP/1.1" 404 1181 "-" "Mozilla/5.0 (compatible; JobKeresoBot; http://www.jobkereso.com/help.jsp)"
86.101.156.51 - - [01/Jan/2014:02:07:15 +0100] "GET / HTTP/1.1" 200 884 "-" "Mozilla/5.0 (compatible; JobKeresoBot; http://www.jobkereso.com/help.jsp)"
199.30.20.97 - - [01/Jan/2014:02:15:10 +0100] "GET /robots.txt HTTP/1.1" 404 1181 "-" "msnbot-media/1.1 (+http://search.msn.com/msnbot.htm)"
199.30.20.97 - - [01/Jan/2014:02:15:11 +0100] "GET /aktualis_elemei/katonai_elemei/image003.jpg HTTP/1.1" 200 88392 "-" "msnbot-media/1.1 (+http://search.msn.com/msnbot.htm)"
5.10.83.103 - - [01/Jan/2014:02:15:41 +0100] "GET /aktualis_elemei/lazadasatanyerodban.html HTTP/1.1" 200 14406 "-" "Mozilla/5.0 (compatible; AhrefsBot/5.0; +http://ahrefs.com/robot/)"
5.10.83.78 - - [01/Jan/2014:02:15:47 +0100] "GET /archiv_elemei/acitc.html HTTP/1.1" 200 13312 "-" "Mozilla/5.0 (compatible; AhrefsBot/5.0; +http://ahrefs.com/robot/)"
208.115.111.72 - - [01/Jan/2014:02:26:23 +0100] "GET /robots.txt HTTP/1.1" 404 1181 "-" "Mozilla/5.0 (compatible; Ezooms/1.0; help@moz.com)"
66.249.78.57 - - [01/Jan/2014:02:29:42 +0100] "GET /aktualis_elemei/bio2szulinap.html HTTP/1.1" 304 - "-" "Mozilla/5.0 (compatible; Googlebot/2.1; +http://www.google.com/bot.html)"
208.115.111.72 - - [01/Jan/2014:02:49:10 +0100] "GET / HTTP/1.1" 200 884 "-" "Mozilla/5.0 (compatible; Ezooms/1.0; help@moz.com)"
199.30.20.87 - - [01/Jan/2014:03:10:45 +0100] "GET /robots.txt HTTP/1.1" 404 1181 "-" "msnbot-media/1.1 (+http://search.msn.com/msnbot.htm)"
199.30.20.87 - - [01/Jan/2014:03:10:45 +0100] "GET /aktualis_elemei/bio2szulinap_elemei/image132.jpg HTTP/1.1" 200 8237 "-" "msnbot-media/1.1 (+http://search.msn.com/msnbot.htm)"
66.249.78.57 - - [01/Jan/2014:03:12:09 +0100] "GET /robots.txt HTTP/1.1" 404 1181 "-" "Mozilla/5.0 (compatible; Googlebot/2.1; +http://www.google.com/bot.html)"
66.249.78.57 - - [01/Jan/2014:03:12:09 +0100] "GET /aktualis_elemei/bekamentes.html HTTP/1.1" 304 - "-" "Mozilla/5.0 (compatible; Googlebot/2.1; +http://www.google.com/bot.html)"
5.10.83.85 - - [01/Jan/2014:03:16:22 +0100] "GET /aktualis_elemei/biokutatas.html HTTP/1.1" 200 6334 "-" "Mozilla/5.0 (compatible; AhrefsBot/5.0; +http://ahrefs.com/robot/)"
5.10.83.85 - - [01/Jan/2014:03:40:54 +0100] "GET /aktualis_elemei/ktavmuhely.html HTTP/1.1" 200 22398 "-" "Mozilla/5.0 (compatible; AhrefsBot/5.0; +http://ahrefs.com/robot/)"
199.30.20.47 - - [01/Jan/2014:03:44:09 +0100] "GET /robots.txt HTTP/1.1" 404 1181 "-" "msnbot-media/1.1 (+http://search.msn.com/msnbot.htm)"
199.30.20.47 - - [01/Jan/2014:03:44:10 +0100] "GET /program.html HTTP/1.1" 200 12857 "-" "msnbot-media/1.1 (+http://search.msn.com/msnbot.htm)"
66.249.74.125 - - [01/Jan/2014:04:06:33 +0100] "GET / HTTP/1.1" 200 884 "-" "DoCoMo/2.0 N905i(c100;TB;W24H16) (compatible; Googlebot-Mobile/2.1; +http://www.google.com/bot.html)"
157.55.35.47 - - [01/Jan/2014:04:07:27 +0100] "GET /robots.txt HTTP/1.1" 404 1181 "-" "Mozilla/5.0 (compatible; bingbot/2.0; +http://www.bing.com/bingbot.htm)"
199.30.20.63 - - [01/Jan/2014:04:09:50 +0100] "GET /robots.txt HTTP/1.1" 404 1181 "-" "msnbot-media/1.1 (+http://search.msn.com/msnbot.htm)"
199.30.20.63 - - [01/Jan/2014:04:09:50 +0100] "GET /aktualis_elemei/bbbekagyart%20elozetes.html HTTP/1.1" 200 9699 "-" "msnbot-media/1.1 (+http://search.msn.com/msnbot.htm)"
5.10.83.41 - - [01/Jan/2014:04:13:07 +0100] "GET /aktualis_elemei/mszforum.html HTTP/1.1" 200 7326 "-" "Mozilla/5.0 (compatible; AhrefsBot/5.0; +http://ahrefs.com/robot/)"
66.249.78.74 - - [01/Jan/2014:04:15:04 +0100] "GET /robots.txt HTTP/1.1" 404 1181 "-" "Mozilla/5.0 (compatible; Googlebot/2.1; +http://www.google.com/bot.html)"
157.55.35.47 - - [01/Jan/2014:04:15:07 +0100] "GET /aktualis_elemei/hk2006.html HTTP/1.1" 304 - "-" "Mozilla/5.0 (compatible; bingbot/2.0; +http://www.bing.com/bingbot.htm)"
65.55.215.89 - - [01/Jan/2014:04:37:50 +0100] "GET /robots.txt HTTP/1.1" 404 1181 "-" "msnbot-media/1.1 (+http://search.msn.com/msnbot.htm)"
65.55.215.89 - - [01/Jan/2014:04:37:51 +0100] "GET /aktualis_elemei/bio2szulinap_elemei/image118.jpg HTTP/1.1" 200 9292 "-" "msnbot-media/1.1 (+http://search.msn.com/msnbot.htm)"
199.30.20.63 - - [01/Jan/2014:05:06:42 +0100] "GET /aktualis_elemei/ujgyoritc.html HTTP/1.1" 200 14418 "-" "msnbot-media/1.1 (+http://search.msn.com/msnbot.htm)"
199.30.20.44 - - [01/Jan/2014:05:08:05 +0100] "GET /robots.txt HTTP/1.1" 404 1181 "-" "msnbot-media/1.1 (+http://search.msn.com/msnbot.htm)"
199.30.20.44 - - [01/Jan/2014:05:08:06 +0100] "GET /aktualis_elemei/klimaorjaratp.html HTTP/1.1" 200 9683 "-" "msnbot-media/1.1 (+http://search.msn.com/msnbot.htm)"
199.30.20.44 - - [01/Jan/2014:05:11:20 +0100] "GET /aktualis_elemei/baloghjanos.html HTTP/1.1" 200 15294 "-" "msnbot-media/1.1 (+http://search.msn.com/msnbot.htm)"
157.55.35.47 - - [01/Jan/2014:05:17:11 +0100] "GET /robots.txt HTTP/1.1" 404 1181 "-" "Mozilla/5.0 (compatible; bingbot/2.0; +http://www.bing.com/bingbot.htm)"
157.55.35.47 - - [01/Jan/2014:05:25:49 +0100] "GET /aktualis_elemei/hk2006.html HTTP/1.1" 304 - "-" "Mozilla/5.0 (compatible; bingbot/2.0; +http://www.bing.com/bingbot.htm)"
157.55.35.47 - - [01/Jan/2014:05:25:52 +0100] "GET /aktualis_elemei/bioarak%2009.07.html HTTP/1.1" 200 504057 "-" "Mozilla/5.0 (compatible; bingbot/2.0; +http://www.bing.com/bingbot.htm)"
5.10.83.78 - - [01/Jan/2014:05:30:56 +0100] "GET /aktualis_elemei/baloghjanos.html HTTP/1.1" 200 15294 "-" "Mozilla/5.0 (compatible; AhrefsBot/5.0; +http://ahrefs.com/robot/)"
157.55.35.88 - - [01/Jan/2014:05:46:14 +0100] "GET /aktualis_elemei/biovasarszombat.html HTTP/1.1" 200 12258 "-" "Mozilla/5.0 (compatible; bingbot/2.0; +http://www.bing.com/bingbot.htm)"
86.101.156.51 - - [01/Jan/2014:06:12:41 +0100] "GET /robots.txt HTTP/1.1" 404 1181 "-" "Mozilla/5.0 (compatible; JobKeresoBot; http://www.jobkereso.com/help.jsp)"
86.101.156.51 - - [01/Jan/2014:06:12:41 +0100] "GET / HTTP/1.1" 200 884 "-" "Mozilla/5.0 (compatible; JobKeresoBot; http://www.jobkereso.com/help.jsp)"
5.10.83.103 - - [01/Jan/2014:07:00:30 +0100] "GET /aktualis_elemei/feleslegesaruk.html HTTP/1.1" 200 36259 "-" "Mozilla/5.0 (compatible; AhrefsBot/5.0; +http://ahrefs.com/robot/)"
84.236.116.233 - - [01/Jan/2014:07:07:44 +0100] "GET /aktualis_elemei/bio2szulinap_elemei/image132.jpg HTTP/1.1" 200 8237 "-" "Mozilla/5.0 (Windows NT 6.1; rv:26.0) Gecko/20100101 Firefox/26.0"
199.30.20.99 - - [01/Jan/2014:07:42:03 +0100] "GET /robots.txt HTTP/1.1" 404 1181 "-" "msnbot-media/1.1 (+http://search.msn.com/msnbot.htm)"
199.30.20.99 - - [01/Jan/2014:07:42:04 +0100] "GET /aktualis_elemei/bio2szulinap_elemei/image128.jpg HTTP/1.1" 200 8653 "-" "msnbot-media/1.1 (+http://search.msn.com/msnbot.htm)"
65.55.215.107 - - [01/Jan/2014:07:45:00 +0100] "GET /robots.txt HTTP/1.1" 404 1181 "-" "msnbot-media/1.1 (+http://search.msn.com/msnbot.htm)"
65.55.215.107 - - [01/Jan/2014:07:45:00 +0100] "GET /aktualis_elemei/bio2szulinap_elemei/image144.jpg HTTP/1.1" 200 9920 "-" "msnbot-media/1.1 (+http://search.msn.com/msnbot.htm)"
199.30.20.46 - - [01/Jan/2014:08:13:28 +0100] "GET /robots.txt HTTP/1.1" 404 1181 "-" "msnbot-media/1.1 (+http://search.msn.com/msnbot.htm)"
199.30.20.46 - - [01/Jan/2014:08:13:29 +0100] "GET /aktualis_elemei/hk2006.html HTTP/1.1" 200 16289 "-" "msnbot-media/1.1 (+http://search.msn.com/msnbot.htm)"
193.6.201.253 - - [01/Jan/2014:08:25:39 +0100] "GET / HTTP/1.1" 200 884 "-" "Python-urllib/2.7"
66.249.74.125 - - [01/Jan/2014:08:40:09 +0100] "GET /hirek/fn_reszletes.pdf HTTP/1.1" 304 - "-" "DoCoMo/2.0 N905i(c100;TB;W24H16) (compatible; Googlebot-Mobile/2.1; +http://www.google.com/bot.html)"
199.30.20.78 - - [01/Jan/2014:08:46:42 +0100] "GET /robots.txt HTTP/1.1" 404 1181 "-" "msnbot-media/1.1 (+http://search.msn.com/msnbot.htm)"
199.30.20.78 - - [01/Jan/2014:08:46:42 +0100] "GET /aktualis_elemei/fnhv_elemei/image017.jpg HTTP/1.1" 200 11115 "-" "msnbot-media/1.1 (+http://search.msn.com/msnbot.htm)"
66.249.74.125 - - [01/Jan/2014:09:05:44 +0100] "GET / HTTP/1.1" 200 884 "-" "Mozilla/5.0 (iPhone; CPU iPhone OS 6_0 like Mac OS X) AppleWebKit/536.26 (KHTML, like Gecko) Version/6.0 Mobile/10A5376e Safari/8536.25 (compatible; Googlebot-Mobile/2.1; +http://www.google.com/bot.html)"
66.249.78.57 - - [01/Jan/2014:09:07:03 +0100] "GET /archiv.html HTTP/1.1" 304 - "-" "Mozilla/5.0 (iPhone; CPU iPhone OS 6_0 like Mac OS X) AppleWebKit/536.26 (KHTML, like Gecko) Version/6.0 Mobile/10A5376e Safari/8536.25 (compatible; Googlebot-Mobile/2.1; +http://www.google.com/bot.html)"
66.249.78.57 - - [01/Jan/2014:09:08:23 +0100] "GET /zoldakcio.swf HTTP/1.1" 200 840351 "-" "Mozilla/5.0 (iPhone; CPU iPhone OS 6_0 like Mac OS X) AppleWebKit/536.26 (KHTML, like Gecko) Version/6.0 Mobile/10A5376e Safari/8536.25 (compatible; Googlebot-Mobile/2.1; +http://www.google.com/bot.html)"
5.10.83.99 - - [01/Jan/2014:09:10:53 +0100] "GET /aktualis_elemei/fnh2008.html HTTP/1.1" 200 41031 "-" "Mozilla/5.0 (compatible; AhrefsBot/5.0; +http://ahrefs.com/robot/)"
180.76.6.137 - - [01/Jan/2014:09:25:21 +0100] "GET /hirek/fn_reszletes.pdf HTTP/1.1" 200 195567 "-" "Mozilla/5.0 (Windows NT 5.1; rv:6.0.2) Gecko/20100101 Firefox/6.0.2"
199.30.20.49 - - [01/Jan/2014:09:53:54 +0100] "GET /robots.txt HTTP/1.1" 404 1181 "-" "msnbot-media/1.1 (+http://search.msn.com/msnbot.htm)"
199.30.20.49 - - [01/Jan/2014:09:53:54 +0100] "GET /aktualis_elemei/bparak0908.html HTTP/1.1" 200 63132 "-" "msnbot-media/1.1 (+http://search.msn.com/msnbot.htm)"
199.30.20.38 - - [01/Jan/2014:10:23:55 +0100] "GET /robots.txt HTTP/1.1" 404 1181 "-" "msnbot-media/1.1 (+http://search.msn.com/msnbot.htm)"
199.30.20.38 - - [01/Jan/2014:10:23:56 +0100] "GET /aktualis_elemei/feleslegesaruk.html HTTP/1.1" 200 36259 "-" "msnbot-media/1.1 (+http://search.msn.com/msnbot.htm)"
199.30.20.63 - - [01/Jan/2014:10:51:51 +0100] "GET /robots.txt HTTP/1.1" 404 1181 "-" "msnbot-media/1.1 (+http://search.msn.com/msnbot.htm)"
199.30.20.63 - - [01/Jan/2014:10:51:52 +0100] "GET /aktualis_elemei/loverecycling.html HTTP/1.1" 200 11087 "-" "msnbot-media/1.1 (+http://search.msn.com/msnbot.htm)"
199.30.20.38 - - [01/Jan/2014:10:59:06 +0100] "GET /robots.txt HTTP/1.1" 404 1181 "-" "msnbot-media/1.1 (+http://search.msn.com/msnbot.htm)"
199.30.20.38 - - [01/Jan/2014:10:59:06 +0100] "GET /aktualis_elemei/upfuzet.html HTTP/1.1" 200 13137 "-" "msnbot-media/1.1 (+http://search.msn.com/msnbot.htm)"
216.107.155.114 - - [01/Jan/2014:11:01:32 +0100] "GET /robots.txt HTTP/1.0" 404 1181 "-" "Mozilla/5.0 (compatible; MJ12bot/v1.4.4; http://www.majestic12.co.uk/bot.php?+)"
216.107.155.114 - - [01/Jan/2014:11:01:34 +0100] "GET / HTTP/1.0" 200 884 "-" "Mozilla/5.0 (compatible; MJ12bot/v1.4.4; http://www.majestic12.co.uk/bot.php?+)"
220.181.89.144 - - [01/Jan/2014:11:10:17 +0100] "GET /robots.txt HTTP/1.1" 404 1181 "-" "Sogou web spider/4.0(+http://www.sogou.com/docs/help/webmasters.htm#07)"
220.181.89.144 - - [01/Jan/2014:11:10:36 +0100] "GET / HTTP/1.1" 200 884 "-" "Sogou web spider/4.0(+http://www.sogou.com/docs/help/webmasters.htm#07)"
5.10.83.41 - - [01/Jan/2014:11:13:27 +0100] "GET /aktualis_elemei/megelozes-humusz.html HTTP/1.1" 200 20947 "-" "Mozilla/5.0 (compatible; AhrefsBot/5.0; +http://ahrefs.com/robot/)"
5.10.83.89 - - [01/Jan/2014:11:43:15 +0100] "GET / HTTP/1.1" 200 884 "-" "Mozilla/5.0 (compatible; AhrefsBot/5.0; +http://ahrefs.com/robot/)"
66.249.78.57 - - [01/Jan/2014:11:51:58 +0100] "GET /aktualis_elemei/bio2szulinap_elemei/image118.jpg HTTP/1.1" 200 9292 "-" "Googlebot-Image/1.0"
66.249.78.57 - - [01/Jan/2014:11:53:47 +0100] "GET /aktualis_elemei/bio2szulinap_elemei/image014.jpg HTTP/1.1" 200 10796 "-" "Googlebot-Image/1.0"
199.30.20.43 - - [01/Jan/2014:12:19:36 +0100] "GET /robots.txt HTTP/1.1" 404 1181 "-" "msnbot-media/1.1 (+http://search.msn.com/msnbot.htm)"
199.30.20.43 - - [01/Jan/2014:12:19:37 +0100] "GET /aktualis_elemei/hktetemvar.html HTTP/1.1" 200 16033 "-" "msnbot-media/1.1 (+http://search.msn.com/msnbot.htm)"
84.1.111.202 - - [01/Jan/2014:12:36:04 +0100] "GET /aktualis_elemei/bekamentes_elemei/image003.jpg HTTP/1.1" 200 18979 "-" "Mozilla/5.0 (Windows NT 6.1; rv:26.0) Gecko/20100101 Firefox/26.0"
65.55.215.98 - - [01/Jan/2014:12:54:48 +0100] "GET /robots.txt HTTP/1.1" 404 1181 "-" "msnbot-media/1.1 (+http://search.msn.com/msnbot.htm)"
65.55.215.98 - - [01/Jan/2014:12:54:49 +0100] "GET /aktualis_elemei/fnhv_elemei/image004.jpg HTTP/1.1" 200 8820 "-" "msnbot-media/1.1 (+http://search.msn.com/msnbot.htm)"
199.30.20.49 - - [01/Jan/2014:13:11:01 +0100] "GET /robots.txt HTTP/1.1" 404 1181 "-" "msnbot-media/1.1 (+http://search.msn.com/msnbot.htm)"
199.30.20.49 - - [01/Jan/2014:13:11:02 +0100] "GET /aktualis_elemei/biovasarszombat.html HTTP/1.1" 200 12258 "-" "msnbot-media/1.1 (+http://search.msn.com/msnbot.htm)"
199.30.20.30 - - [01/Jan/2014:13:11:34 +0100] "GET /robots.txt HTTP/1.1" 404 1181 "-" "msnbot-media/1.1 (+http://search.msn.com/msnbot.htm)"
199.30.20.30 - - [01/Jan/2014:13:11:35 +0100] "GET /aktualis_elemei/humuszkotelhuzo.html HTTP/1.1" 200 14947 "-" "msnbot-media/1.1 (+http://search.msn.com/msnbot.htm)"
5.10.83.96 - - [01/Jan/2014:13:17:18 +0100] "GET /robots.txt HTTP/1.1" 404 1181 "-" "Mozilla/5.0 (compatible; AhrefsBot/5.0; +http://ahrefs.com/robot/)"
5.10.83.96 - - [01/Jan/2014:13:17:18 +0100] "GET /robots.txt HTTP/1.1" 404 1181 "-" "Mozilla/5.0 (compatible; AhrefsBot/5.0; +http://ahrefs.com/robot/)"
5.10.83.54 - - [01/Jan/2014:13:28:32 +0100] "GET /aktualis_elemei/ausztriaut.html HTTP/1.1" 200 73702 "-" "Mozilla/5.0 (compatible; AhrefsBot/5.0; +http://ahrefs.com/robot/)"
199.30.20.20 - - [01/Jan/2014:13:51:17 +0100] "GET /robots.txt HTTP/1.1" 404 1181 "-" "msnbot-media/1.1 (+http://search.msn.com/msnbot.htm)"
199.30.20.20 - - [01/Jan/2014:13:51:17 +0100] "GET /aktualis_elemei/bio2szulinap_elemei/image142.jpg HTTP/1.1" 200 9654 "-" "msnbot-media/1.1 (+http://search.msn.com/msnbot.htm)"
199.30.20.83 - - [01/Jan/2014:13:51:54 +0100] "GET /robots.txt HTTP/1.1" 404 1181 "-" "msnbot-media/1.1 (+http://search.msn.com/msnbot.htm)"
199.30.20.83 - - [01/Jan/2014:13:51:54 +0100] "GET /aktualis_elemei/ausztriaut_elemei/image003.jpg HTTP/1.1" 200 3278 "-" "msnbot-media/1.1 (+http://search.msn.com/msnbot.htm)"
84.3.113.247 - - [01/Jan/2014:14:19:11 +0100] "GET /aktualis_elemei/katonai_elemei/image004.jpg HTTP/1.1" 200 56554 "-" "Mozilla/5.0 (Windows NT 6.1) AppleWebKit/537.36 (KHTML, like Gecko) Chrome/31.0.1650.63 Safari/537.36"
80.98.61.117 - - [01/Jan/2014:14:27:37 +0100] "GET /aktualis_elemei/katonai_elemei/image003.jpg HTTP/1.1" 200 88392 "-" "Mozilla/5.0 (Windows NT 6.1; WOW64) AppleWebKit/537.36 (KHTML, like Gecko) Chrome/31.0.1650.63 Safari/537.36"
199.30.16.23 - - [01/Jan/2014:14:31:55 +0100] "GET /robots.txt HTTP/1.1" 404 1181 "-" "msnbot-media/1.1 (+http://search.msn.com/msnbot.htm)"
199.30.16.23 - - [01/Jan/2014:14:31:55 +0100] "GET /aktualis_elemei/bio2szulinap_elemei/image114.jpg HTTP/1.1" 200 6950 "-" "msnbot-media/1.1 (+http://search.msn.com/msnbot.htm)"
5.10.83.23 - - [01/Jan/2014:14:47:35 +0100] "GET /aktualis_elemei/upfuzet.html HTTP/1.1" 200 13137 "-" "Mozilla/5.0 (compatible; AhrefsBot/5.0; +http://ahrefs.com/robot/)"
199.30.20.99 - - [01/Jan/2014:15:16:42 +0100] "GET /robots.txt HTTP/1.1" 404 1181 "-" "msnbot-media/1.1 (+http://search.msn.com/msnbot.htm)"
199.30.20.99 - - [01/Jan/2014:15:16:42 +0100] "GET /aktualis_elemei/bio2szulinap_elemei/image128.jpg HTTP/1.1" 200 8653 "-" "msnbot-media/1.1 (+http://search.msn.com/msnbot.htm)"
65.55.213.69 - - [01/Jan/2014:15:40:40 +0100] "GET /robots.txt HTTP/1.1" 404 1181 "-" "msnbot/2.0b (+http://search.msn.com/msnbot.htm)"
65.55.213.69 - - [01/Jan/2014:15:40:40 +0100] "GET / HTTP/1.1" 200 884 "-" "msnbot/2.0b (+http://search.msn.com/msnbot.htm)"
199.30.20.38 - - [01/Jan/2014:15:54:48 +0100] "GET /robots.txt HTTP/1.1" 404 1181 "-" "msnbot-media/1.1 (+http://search.msn.com/msnbot.htm)"
199.30.20.38 - - [01/Jan/2014:15:54:49 +0100] "GET /aktualis_elemei/megelozes-humusz.html HTTP/1.1" 200 20947 "-" "msnbot-media/1.1 (+http://search.msn.com/msnbot.htm)"
205.237.88.158 - - [01/Jan/2014:16:24:29 +0100] "GET / HTTP/1.0" 200 884 "-" "=Mozilla/5.0 (Windows; U; Windows NT 6.1; en-US) AppleWebKit/534.16 (KHTML, like Gecko) Chrome/10.0.648.204 Safari/534.16"
81.182.150.166 - - [01/Jan/2014:16:37:25 +0100] "GET /kiadvany/miabio.pdf HTTP/1.1" 200 282750 "http://kereso.startlap.hu/index.php?q=nemesbodza%20termeszt%C3%A9s&sise=a&search=google&nhash=startlap_919ade49dc499192046f9077341b196d_TlRRek5qQXhNVFV3TVRJd01UUTBNRE01TVRVd016RTVOemMxTlRVeE9ERXlNemsyTkRFME9URXhOVFExT1RjeU5EZzFPRFU9&page=1&abt=59" "Mozilla/5.0 (Windows NT 6.1; WOW64; rv:26.0) Gecko/20100101 Firefox/26.0"
81.182.150.166 - - [01/Jan/2014:16:37:25 +0100] "GET /favicon.ico HTTP/1.1" 404 1181 "-" "Mozilla/5.0 (Windows NT 6.1; WOW64; rv:26.0) Gecko/20100101 Firefox/26.0"
81.182.150.166 - - [01/Jan/2014:16:37:25 +0100] "GET /kiadvany/miabio.pdf HTTP/1.1" 206 65536 "http://kereso.startlap.hu/index.php?q=nemesbodza%20termeszt%C3%A9s&sise=a&search=google&nhash=startlap_919ade49dc499192046f9077341b196d_TlRRek5qQXhNVFV3TVRJd01UUTBNRE01TVRVd016RTVOemMxTlRVeE9ERXlNemsyTkRFME9URXhOVFExT1RjeU5EZzFPRFU9&page=1&abt=59" "Mozilla/5.0 (Windows NT 6.1; WOW64; rv:26.0) Gecko/20100101 Firefox/26.0"
81.182.150.166 - - [01/Jan/2014:16:37:25 +0100] "GET /kiadvany/miabio.pdf HTTP/1.1" 206 19594 "http://kereso.startlap.hu/index.php?q=nemesbodza%20termeszt%C3%A9s&sise=a&search=google&nhash=startlap_919ade49dc499192046f9077341b196d_TlRRek5qQXhNVFV3TVRJd01UUTBNRE01TVRVd016RTVOemMxTlRVeE9ERXlNemsyTkRFME9URXhOVFExT1RjeU5EZzFPRFU9&page=1&abt=59" "Mozilla/5.0 (Windows NT 6.1; WOW64; rv:26.0) Gecko/20100101 Firefox/26.0"
81.182.150.166 - - [01/Jan/2014:16:37:25 +0100] "GET /kiadvany/miabio.pdf HTTP/1.1" 206 65536 "http://kereso.startlap.hu/index.php?q=nemesbodza%20termeszt%C3%A9s&sise=a&search=google&nhash=startlap_919ade49dc499192046f9077341b196d_TlRRek5qQXhNVFV3TVRJd01UUTBNRE01TVRVd016RTVOemMxTlRVeE9ERXlNemsyTkRFME9URXhOVFExT1RjeU5EZzFPRFU9&page=1&abt=59" "Mozilla/5.0 (Windows NT 6.1; WOW64; rv:26.0) Gecko/20100101 Firefox/26.0"
81.182.150.166 - - [01/Jan/2014:16:37:26 +0100] "GET /kiadvany/miabio.pdf HTTP/1.1" 206 65536 "http://kereso.startlap.hu/index.php?q=nemesbodza%20termeszt%C3%A9s&sise=a&search=google&nhash=startlap_919ade49dc499192046f9077341b196d_TlRRek5qQXhNVFV3TVRJd01UUTBNRE01TVRVd016RTVOemMxTlRVeE9ERXlNemsyTkRFME9URXhOVFExT1RjeU5EZzFPRFU9&page=1&abt=59" "Mozilla/5.0 (Windows NT 6.1; WOW64; rv:26.0) Gecko/20100101 Firefox/26.0"
81.182.150.166 - - [01/Jan/2014:16:37:26 +0100] "GET /kiadvany/miabio.pdf HTTP/1.1" 206 65536 "http://kereso.startlap.hu/index.php?q=nemesbodza%20termeszt%C3%A9s&sise=a&search=google&nhash=startlap_919ade49dc499192046f9077341b196d_TlRRek5qQXhNVFV3TVRJd01UUTBNRE01TVRVd016RTVOemMxTlRVeE9ERXlNemsyTkRFME9URXhOVFExT1RjeU5EZzFPRFU9&page=1&abt=59" "Mozilla/5.0 (Windows NT 6.1; WOW64; rv:26.0) Gecko/20100101 Firefox/26.0"
81.182.150.166 - - [01/Jan/2014:16:37:26 +0100] "GET /kiadvany/miabio.pdf HTTP/1.1" 206 65536 "http://kereso.startlap.hu/index.php?q=nemesbodza%20termeszt%C3%A9s&sise=a&search=google&nhash=startlap_919ade49dc499192046f9077341b196d_TlRRek5qQXhNVFV3TVRJd01UUTBNRE01TVRVd016RTVOemMxTlRVeE9ERXlNemsyTkRFME9URXhOVFExT1RjeU5EZzFPRFU9&page=1&abt=59" "Mozilla/5.0 (Windows NT 6.1; WOW64; rv:26.0) Gecko/20100101 Firefox/26.0"
81.182.150.166 - - [01/Jan/2014:16:37:26 +0100] "GET /kiadvany/miabio.pdf HTTP/1.1" 206 65536 "http://kereso.startlap.hu/index.php?q=nemesbodza%20termeszt%C3%A9s&sise=a&search=google&nhash=startlap_919ade49dc499192046f9077341b196d_TlRRek5qQXhNVFV3TVRJd01UUTBNRE01TVRVd016RTVOemMxTlRVeE9ERXlNemsyTkRFME9URXhOVFExT1RjeU5EZzFPRFU9&page=1&abt=59" "Mozilla/5.0 (Windows NT 6.1; WOW64; rv:26.0) Gecko/20100101 Firefox/26.0"
81.182.150.166 - - [01/Jan/2014:16:37:26 +0100] "GET /kiadvany/miabio.pdf HTTP/1.1" 206 65536 "http://kereso.startlap.hu/index.php?q=nemesbodza%20termeszt%C3%A9s&sise=a&search=google&nhash=startlap_919ade49dc499192046f9077341b196d_TlRRek5qQXhNVFV3TVRJd01UUTBNRE01TVRVd016RTVOemMxTlRVeE9ERXlNemsyTkRFME9URXhOVFExT1RjeU5EZzFPRFU9&page=1&abt=59" "Mozilla/5.0 (Windows NT 6.1; WOW64; rv:26.0) Gecko/20100101 Firefox/26.0"
81.182.150.166 - - [01/Jan/2014:16:37:26 +0100] "GET /kiadvany/miabio.pdf HTTP/1.1" 206 458752 "http://kereso.startlap.hu/index.php?q=nemesbodza%20termeszt%C3%A9s&sise=a&search=google&nhash=startlap_919ade49dc499192046f9077341b196d_TlRRek5qQXhNVFV3TVRJd01UUTBNRE01TVRVd016RTVOemMxTlRVeE9ERXlNemsyTkRFME9URXhOVFExT1RjeU5EZzFPRFU9&page=1&abt=59" "Mozilla/5.0 (Windows NT 6.1; WOW64; rv:26.0) Gecko/20100101 Firefox/26.0"
81.182.150.166 - - [01/Jan/2014:16:37:26 +0100] "GET /kiadvany/miabio.pdf HTTP/1.1" 206 65536 "http://kereso.startlap.hu/index.php?q=nemesbodza%20termeszt%C3%A9s&sise=a&search=google&nhash=startlap_919ade49dc499192046f9077341b196d_TlRRek5qQXhNVFV3TVRJd01UUTBNRE01TVRVd016RTVOemMxTlRVeE9ERXlNemsyTkRFME9URXhOVFExT1RjeU5EZzFPRFU9&page=1&abt=59" "Mozilla/5.0 (Windows NT 6.1; WOW64; rv:26.0) Gecko/20100101 Firefox/26.0"
81.182.150.166 - - [01/Jan/2014:16:37:26 +0100] "GET /kiadvany/miabio.pdf HTTP/1.1" 206 65536 "http://kereso.startlap.hu/index.php?q=nemesbodza%20termeszt%C3%A9s&sise=a&search=google&nhash=startlap_919ade49dc499192046f9077341b196d_TlRRek5qQXhNVFV3TVRJd01UUTBNRE01TVRVd016RTVOemMxTlRVeE9ERXlNemsyTkRFME9URXhOVFExT1RjeU5EZzFPRFU9&page=1&abt=59" "Mozilla/5.0 (Windows NT 6.1; WOW64; rv:26.0) Gecko/20100101 Firefox/26.0"
81.182.150.166 - - [01/Jan/2014:16:37:29 +0100] "GET /kiadvany/miabio.pdf HTTP/1.1" 206 65536 "http://kereso.startlap.hu/index.php?q=nemesbodza%20termeszt%C3%A9s&sise=a&search=google&nhash=startlap_919ade49dc499192046f9077341b196d_TlRRek5qQXhNVFV3TVRJd01UUTBNRE01TVRVd016RTVOemMxTlRVeE9ERXlNemsyTkRFME9URXhOVFExT1RjeU5EZzFPRFU9&page=1&abt=59" "Mozilla/5.0 (Windows NT 6.1; WOW64; rv:26.0) Gecko/20100101 Firefox/26.0"
81.182.150.166 - - [01/Jan/2014:16:37:29 +0100] "GET /kiadvany/miabio.pdf HTTP/1.1" 206 65536 "http://kereso.startlap.hu/index.php?q=nemesbodza%20termeszt%C3%A9s&sise=a&search=google&nhash=startlap_919ade49dc499192046f9077341b196d_TlRRek5qQXhNVFV3TVRJd01UUTBNRE01TVRVd016RTVOemMxTlRVeE9ERXlNemsyTkRFME9URXhOVFExT1RjeU5EZzFPRFU9&page=1&abt=59" "Mozilla/5.0 (Windows NT 6.1; WOW64; rv:26.0) Gecko/20100101 Firefox/26.0"
81.182.150.166 - - [01/Jan/2014:16:37:29 +0100] "GET /kiadvany/miabio.pdf HTTP/1.1" 206 65536 "http://kereso.startlap.hu/index.php?q=nemesbodza%20termeszt%C3%A9s&sise=a&search=google&nhash=startlap_919ade49dc499192046f9077341b196d_TlRRek5qQXhNVFV3TVRJd01UUTBNRE01TVRVd016RTVOemMxTlRVeE9ERXlNemsyTkRFME9URXhOVFExT1RjeU5EZzFPRFU9&page=1&abt=59" "Mozilla/5.0 (Windows NT 6.1; WOW64; rv:26.0) Gecko/20100101 Firefox/26.0"
81.182.150.166 - - [01/Jan/2014:16:37:29 +0100] "GET /kiadvany/miabio.pdf HTTP/1.1" 206 65536 "http://kereso.startlap.hu/index.php?q=nemesbodza%20termeszt%C3%A9s&sise=a&search=google&nhash=startlap_919ade49dc499192046f9077341b196d_TlRRek5qQXhNVFV3TVRJd01UUTBNRE01TVRVd016RTVOemMxTlRVeE9ERXlNemsyTkRFME9URXhOVFExT1RjeU5EZzFPRFU9&page=1&abt=59" "Mozilla/5.0 (Windows NT 6.1; WOW64; rv:26.0) Gecko/20100101 Firefox/26.0"
81.182.150.166 - - [01/Jan/2014:16:37:29 +0100] "GET /kiadvany/miabio.pdf HTTP/1.1" 206 196608 "http://kereso.startlap.hu/index.php?q=nemesbodza%20termeszt%C3%A9s&sise=a&search=google&nhash=startlap_919ade49dc499192046f9077341b196d_TlRRek5qQXhNVFV3TVRJd01UUTBNRE01TVRVd016RTVOemMxTlRVeE9ERXlNemsyTkRFME9URXhOVFExT1RjeU5EZzFPRFU9&page=1&abt=59" "Mozilla/5.0 (Windows NT 6.1; WOW64; rv:26.0) Gecko/20100101 Firefox/26.0"
81.182.150.166 - - [01/Jan/2014:16:37:29 +0100] "GET /kiadvany/miabio.pdf HTTP/1.1" 206 65536 "http://kereso.startlap.hu/index.php?q=nemesbodza%20termeszt%C3%A9s&sise=a&search=google&nhash=startlap_919ade49dc499192046f9077341b196d_TlRRek5qQXhNVFV3TVRJd01UUTBNRE01TVRVd016RTVOemMxTlRVeE9ERXlNemsyTkRFME9URXhOVFExT1RjeU5EZzFPRFU9&page=1&abt=59" "Mozilla/5.0 (Windows NT 6.1; WOW64; rv:26.0) Gecko/20100101 Firefox/26.0"
81.182.150.166 - - [01/Jan/2014:16:37:29 +0100] "GET /kiadvany/miabio.pdf HTTP/1.1" 206 65536 "http://kereso.startlap.hu/index.php?q=nemesbodza%20termeszt%C3%A9s&sise=a&search=google&nhash=startlap_919ade49dc499192046f9077341b196d_TlRRek5qQXhNVFV3TVRJd01UUTBNRE01TVRVd016RTVOemMxTlRVeE9ERXlNemsyTkRFME9URXhOVFExT1RjeU5EZzFPRFU9&page=1&abt=59" "Mozilla/5.0 (Windows NT 6.1; WOW64; rv:26.0) Gecko/20100101 Firefox/26.0"
81.182.150.166 - - [01/Jan/2014:16:37:29 +0100] "GET /kiadvany/miabio.pdf HTTP/1.1" 206 65536 "http://kereso.startlap.hu/index.php?q=nemesbodza%20termeszt%C3%A9s&sise=a&search=google&nhash=startlap_919ade49dc499192046f9077341b196d_TlRRek5qQXhNVFV3TVRJd01UUTBNRE01TVRVd016RTVOemMxTlRVeE9ERXlNemsyTkRFME9URXhOVFExT1RjeU5EZzFPRFU9&page=1&abt=59" "Mozilla/5.0 (Windows NT 6.1; WOW64; rv:26.0) Gecko/20100101 Firefox/26.0"
81.182.150.166 - - [01/Jan/2014:16:37:29 +0100] "GET /kiadvany/miabio.pdf HTTP/1.1" 206 458752 "http://kereso.startlap.hu/index.php?q=nemesbodza%20termeszt%C3%A9s&sise=a&search=google&nhash=startlap_919ade49dc499192046f9077341b196d_TlRRek5qQXhNVFV3TVRJd01UUTBNRE01TVRVd016RTVOemMxTlRVeE9ERXlNemsyTkRFME9URXhOVFExT1RjeU5EZzFPRFU9&page=1&abt=59" "Mozilla/5.0 (Windows NT 6.1; WOW64; rv:26.0) Gecko/20100101 Firefox/26.0"
81.182.150.166 - - [01/Jan/2014:16:37:30 +0100] "GET /kiadvany/miabio.pdf HTTP/1.1" 206 65536 "http://kereso.startlap.hu/index.php?q=nemesbodza%20termeszt%C3%A9s&sise=a&search=google&nhash=startlap_919ade49dc499192046f9077341b196d_TlRRek5qQXhNVFV3TVRJd01UUTBNRE01TVRVd016RTVOemMxTlRVeE9ERXlNemsyTkRFME9URXhOVFExT1RjeU5EZzFPRFU9&page=1&abt=59" "Mozilla/5.0 (Windows NT 6.1; WOW64; rv:26.0) Gecko/20100101 Firefox/26.0"
81.182.150.166 - - [01/Jan/2014:16:37:32 +0100] "GET /kiadvany/miabio.pdf HTTP/1.1" 206 65536 "http://kereso.startlap.hu/index.php?q=nemesbodza%20termeszt%C3%A9s&sise=a&search=google&nhash=startlap_919ade49dc499192046f9077341b196d_TlRRek5qQXhNVFV3TVRJd01UUTBNRE01TVRVd016RTVOemMxTlRVeE9ERXlNemsyTkRFME9URXhOVFExT1RjeU5EZzFPRFU9&page=1&abt=59" "Mozilla/5.0 (Windows NT 6.1; WOW64; rv:26.0) Gecko/20100101 Firefox/26.0"
81.182.150.166 - - [01/Jan/2014:16:37:32 +0100] "GET /kiadvany/miabio.pdf HTTP/1.1" 206 65536 "http://kereso.startlap.hu/index.php?q=nemesbodza%20termeszt%C3%A9s&sise=a&search=google&nhash=startlap_919ade49dc499192046f9077341b196d_TlRRek5qQXhNVFV3TVRJd01UUTBNRE01TVRVd016RTVOemMxTlRVeE9ERXlNemsyTkRFME9URXhOVFExT1RjeU5EZzFPRFU9&page=1&abt=59" "Mozilla/5.0 (Windows NT 6.1; WOW64; rv:26.0) Gecko/20100101 Firefox/26.0"
81.182.150.166 - - [01/Jan/2014:16:37:33 +0100] "GET /kiadvany/miabio.pdf HTTP/1.1" 206 65536 "http://kereso.startlap.hu/index.php?q=nemesbodza%20termeszt%C3%A9s&sise=a&search=google&nhash=startlap_919ade49dc499192046f9077341b196d_TlRRek5qQXhNVFV3TVRJd01UUTBNRE01TVRVd016RTVOemMxTlRVeE9ERXlNemsyTkRFME9URXhOVFExT1RjeU5EZzFPRFU9&page=1&abt=59" "Mozilla/5.0 (Windows NT 6.1; WOW64; rv:26.0) Gecko/20100101 Firefox/26.0"
81.182.150.166 - - [01/Jan/2014:16:37:33 +0100] "GET /kiadvany/miabio.pdf HTTP/1.1" 206 65536 "http://kereso.startlap.hu/index.php?q=nemesbodza%20termeszt%C3%A9s&sise=a&search=google&nhash=startlap_919ade49dc499192046f9077341b196d_TlRRek5qQXhNVFV3TVRJd01UUTBNRE01TVRVd016RTVOemMxTlRVeE9ERXlNemsyTkRFME9URXhOVFExT1RjeU5EZzFPRFU9&page=1&abt=59" "Mozilla/5.0 (Windows NT 6.1; WOW64; rv:26.0) Gecko/20100101 Firefox/26.0"
81.182.150.166 - - [01/Jan/2014:16:37:33 +0100] "GET /kiadvany/miabio.pdf HTTP/1.1" 206 65536 "http://kereso.startlap.hu/index.php?q=nemesbodza%20termeszt%C3%A9s&sise=a&search=google&nhash=startlap_919ade49dc499192046f9077341b196d_TlRRek5qQXhNVFV3TVRJd01UUTBNRE01TVRVd016RTVOemMxTlRVeE9ERXlNemsyTkRFME9URXhOVFExT1RjeU5EZzFPRFU9&page=1&abt=59" "Mozilla/5.0 (Windows NT 6.1; WOW64; rv:26.0) Gecko/20100101 Firefox/26.0"
81.182.150.166 - - [01/Jan/2014:16:37:33 +0100] "GET /kiadvany/miabio.pdf HTTP/1.1" 206 65536 "http://kereso.startlap.hu/index.php?q=nemesbodza%20termeszt%C3%A9s&sise=a&search=google&nhash=startlap_919ade49dc499192046f9077341b196d_TlRRek5qQXhNVFV3TVRJd01UUTBNRE01TVRVd016RTVOemMxTlRVeE9ERXlNemsyTkRFME9URXhOVFExT1RjeU5EZzFPRFU9&page=1&abt=59" "Mozilla/5.0 (Windows NT 6.1; WOW64; rv:26.0) Gecko/20100101 Firefox/26.0"
81.182.150.166 - - [01/Jan/2014:16:37:33 +0100] "GET /kiadvany/miabio.pdf HTTP/1.1" 206 65536 "http://kereso.startlap.hu/index.php?q=nemesbodza%20termeszt%C3%A9s&sise=a&search=google&nhash=startlap_919ade49dc499192046f9077341b196d_TlRRek5qQXhNVFV3TVRJd01UUTBNRE01TVRVd016RTVOemMxTlRVeE9ERXlNemsyTkRFME9URXhOVFExT1RjeU5EZzFPRFU9&page=1&abt=59" "Mozilla/5.0 (Windows NT 6.1; WOW64; rv:26.0) Gecko/20100101 Firefox/26.0"
81.182.150.166 - - [01/Jan/2014:16:37:33 +0100] "GET /kiadvany/miabio.pdf HTTP/1.1" 206 65536 "http://kereso.startlap.hu/index.php?q=nemesbodza%20termeszt%C3%A9s&sise=a&search=google&nhash=startlap_919ade49dc499192046f9077341b196d_TlRRek5qQXhNVFV3TVRJd01UUTBNRE01TVRVd016RTVOemMxTlRVeE9ERXlNemsyTkRFME9URXhOVFExT1RjeU5EZzFPRFU9&page=1&abt=59" "Mozilla/5.0 (Windows NT 6.1; WOW64; rv:26.0) Gecko/20100101 Firefox/26.0"
81.182.150.166 - - [01/Jan/2014:16:37:33 +0100] "GET /kiadvany/miabio.pdf HTTP/1.1" 206 65536 "http://kereso.startlap.hu/index.php?q=nemesbodza%20termeszt%C3%A9s&sise=a&search=google&nhash=startlap_919ade49dc499192046f9077341b196d_TlRRek5qQXhNVFV3TVRJd01UUTBNRE01TVRVd016RTVOemMxTlRVeE9ERXlNemsyTkRFME9URXhOVFExT1RjeU5EZzFPRFU9&page=1&abt=59" "Mozilla/5.0 (Windows NT 6.1; WOW64; rv:26.0) Gecko/20100101 Firefox/26.0"
81.182.150.166 - - [01/Jan/2014:16:37:33 +0100] "GET /kiadvany/miabio.pdf HTTP/1.1" 206 65536 "http://kereso.startlap.hu/index.php?q=nemesbodza%20termeszt%C3%A9s&sise=a&search=google&nhash=startlap_919ade49dc499192046f9077341b196d_TlRRek5qQXhNVFV3TVRJd01UUTBNRE01TVRVd016RTVOemMxTlRVeE9ERXlNemsyTkRFME9URXhOVFExT1RjeU5EZzFPRFU9&page=1&abt=59" "Mozilla/5.0 (Windows NT 6.1; WOW64; rv:26.0) Gecko/20100101 Firefox/26.0"
81.182.150.166 - - [01/Jan/2014:16:37:33 +0100] "GET /kiadvany/miabio.pdf HTTP/1.1" 206 65536 "http://kereso.startlap.hu/index.php?q=nemesbodza%20termeszt%C3%A9s&sise=a&search=google&nhash=startlap_919ade49dc499192046f9077341b196d_TlRRek5qQXhNVFV3TVRJd01UUTBNRE01TVRVd016RTVOemMxTlRVeE9ERXlNemsyTkRFME9URXhOVFExT1RjeU5EZzFPRFU9&page=1&abt=59" "Mozilla/5.0 (Windows NT 6.1; WOW64; rv:26.0) Gecko/20100101 Firefox/26.0"
81.182.150.166 - - [01/Jan/2014:16:37:33 +0100] "GET /kiadvany/miabio.pdf HTTP/1.1" 206 65536 "http://kereso.startlap.hu/index.php?q=nemesbodza%20termeszt%C3%A9s&sise=a&search=google&nhash=startlap_919ade49dc499192046f9077341b196d_TlRRek5qQXhNVFV3TVRJd01UUTBNRE01TVRVd016RTVOemMxTlRVeE9ERXlNemsyTkRFME9URXhOVFExT1RjeU5EZzFPRFU9&page=1&abt=59" "Mozilla/5.0 (Windows NT 6.1; WOW64; rv:26.0) Gecko/20100101 Firefox/26.0"
81.182.150.166 - - [01/Jan/2014:16:37:34 +0100] "GET /kiadvany/miabio.pdf HTTP/1.1" 206 65536 "http://kereso.startlap.hu/index.php?q=nemesbodza%20termeszt%C3%A9s&sise=a&search=google&nhash=startlap_919ade49dc499192046f9077341b196d_TlRRek5qQXhNVFV3TVRJd01UUTBNRE01TVRVd016RTVOemMxTlRVeE9ERXlNemsyTkRFME9URXhOVFExT1RjeU5EZzFPRFU9&page=1&abt=59" "Mozilla/5.0 (Windows NT 6.1; WOW64; rv:26.0) Gecko/20100101 Firefox/26.0"
81.182.150.166 - - [01/Jan/2014:16:37:34 +0100] "GET /kiadvany/miabio.pdf HTTP/1.1" 206 65536 "http://kereso.startlap.hu/index.php?q=nemesbodza%20termeszt%C3%A9s&sise=a&search=google&nhash=startlap_919ade49dc499192046f9077341b196d_TlRRek5qQXhNVFV3TVRJd01UUTBNRE01TVRVd016RTVOemMxTlRVeE9ERXlNemsyTkRFME9URXhOVFExT1RjeU5EZzFPRFU9&page=1&abt=59" "Mozilla/5.0 (Windows NT 6.1; WOW64; rv:26.0) Gecko/20100101 Firefox/26.0"
81.182.150.166 - - [01/Jan/2014:16:37:34 +0100] "GET /kiadvany/miabio.pdf HTTP/1.1" 206 65536 "http://kereso.startlap.hu/index.php?q=nemesbodza%20termeszt%C3%A9s&sise=a&search=google&nhash=startlap_919ade49dc499192046f9077341b196d_TlRRek5qQXhNVFV3TVRJd01UUTBNRE01TVRVd016RTVOemMxTlRVeE9ERXlNemsyTkRFME9URXhOVFExT1RjeU5EZzFPRFU9&page=1&abt=59" "Mozilla/5.0 (Windows NT 6.1; WOW64; rv:26.0) Gecko/20100101 Firefox/26.0"
81.182.150.166 - - [01/Jan/2014:16:37:34 +0100] "GET /kiadvany/miabio.pdf HTTP/1.1" 206 65536 "http://kereso.startlap.hu/index.php?q=nemesbodza%20termeszt%C3%A9s&sise=a&search=google&nhash=startlap_919ade49dc499192046f9077341b196d_TlRRek5qQXhNVFV3TVRJd01UUTBNRE01TVRVd016RTVOemMxTlRVeE9ERXlNemsyTkRFME9URXhOVFExT1RjeU5EZzFPRFU9&page=1&abt=59" "Mozilla/5.0 (Windows NT 6.1; WOW64; rv:26.0) Gecko/20100101 Firefox/26.0"
81.182.150.166 - - [01/Jan/2014:16:37:34 +0100] "GET /kiadvany/miabio.pdf HTTP/1.1" 206 65536 "http://kereso.startlap.hu/index.php?q=nemesbodza%20termeszt%C3%A9s&sise=a&search=google&nhash=startlap_919ade49dc499192046f9077341b196d_TlRRek5qQXhNVFV3TVRJd01UUTBNRE01TVRVd016RTVOemMxTlRVeE9ERXlNemsyTkRFME9URXhOVFExT1RjeU5EZzFPRFU9&page=1&abt=59" "Mozilla/5.0 (Windows NT 6.1; WOW64; rv:26.0) Gecko/20100101 Firefox/26.0"
81.182.150.166 - - [01/Jan/2014:16:37:34 +0100] "GET /kiadvany/miabio.pdf HTTP/1.1" 206 65536 "http://kereso.startlap.hu/index.php?q=nemesbodza%20termeszt%C3%A9s&sise=a&search=google&nhash=startlap_919ade49dc499192046f9077341b196d_TlRRek5qQXhNVFV3TVRJd01UUTBNRE01TVRVd016RTVOemMxTlRVeE9ERXlNemsyTkRFME9URXhOVFExT1RjeU5EZzFPRFU9&page=1&abt=59" "Mozilla/5.0 (Windows NT 6.1; WOW64; rv:26.0) Gecko/20100101 Firefox/26.0"
81.182.150.166 - - [01/Jan/2014:16:37:35 +0100] "GET /kiadvany/miabio.pdf HTTP/1.1" 206 65536 "http://kereso.startlap.hu/index.php?q=nemesbodza%20termeszt%C3%A9s&sise=a&search=google&nhash=startlap_919ade49dc499192046f9077341b196d_TlRRek5qQXhNVFV3TVRJd01UUTBNRE01TVRVd016RTVOemMxTlRVeE9ERXlNemsyTkRFME9URXhOVFExT1RjeU5EZzFPRFU9&page=1&abt=59" "Mozilla/5.0 (Windows NT 6.1; WOW64; rv:26.0) Gecko/20100101 Firefox/26.0"
81.182.150.166 - - [01/Jan/2014:16:37:35 +0100] "GET /kiadvany/miabio.pdf HTTP/1.1" 206 65536 "http://kereso.startlap.hu/index.php?q=nemesbodza%20termeszt%C3%A9s&sise=a&search=google&nhash=startlap_919ade49dc499192046f9077341b196d_TlRRek5qQXhNVFV3TVRJd01UUTBNRE01TVRVd016RTVOemMxTlRVeE9ERXlNemsyTkRFME9URXhOVFExT1RjeU5EZzFPRFU9&page=1&abt=59" "Mozilla/5.0 (Windows NT 6.1; WOW64; rv:26.0) Gecko/20100101 Firefox/26.0"
81.182.150.166 - - [01/Jan/2014:16:37:35 +0100] "GET /kiadvany/miabio.pdf HTTP/1.1" 206 65536 "http://kereso.startlap.hu/index.php?q=nemesbodza%20termeszt%C3%A9s&sise=a&search=google&nhash=startlap_919ade49dc499192046f9077341b196d_TlRRek5qQXhNVFV3TVRJd01UUTBNRE01TVRVd016RTVOemMxTlRVeE9ERXlNemsyTkRFME9URXhOVFExT1RjeU5EZzFPRFU9&page=1&abt=59" "Mozilla/5.0 (Windows NT 6.1; WOW64; rv:26.0) Gecko/20100101 Firefox/26.0"
81.182.150.166 - - [01/Jan/2014:16:37:35 +0100] "GET /kiadvany/miabio.pdf HTTP/1.1" 206 65536 "http://kereso.startlap.hu/index.php?q=nemesbodza%20termeszt%C3%A9s&sise=a&search=google&nhash=startlap_919ade49dc499192046f9077341b196d_TlRRek5qQXhNVFV3TVRJd01UUTBNRE01TVRVd016RTVOemMxTlRVeE9ERXlNemsyTkRFME9URXhOVFExT1RjeU5EZzFPRFU9&page=1&abt=59" "Mozilla/5.0 (Windows NT 6.1; WOW64; rv:26.0) Gecko/20100101 Firefox/26.0"
81.182.150.166 - - [01/Jan/2014:16:37:35 +0100] "GET /kiadvany/miabio.pdf HTTP/1.1" 206 65536 "http://kereso.startlap.hu/index.php?q=nemesbodza%20termeszt%C3%A9s&sise=a&search=google&nhash=startlap_919ade49dc499192046f9077341b196d_TlRRek5qQXhNVFV3TVRJd01UUTBNRE01TVRVd016RTVOemMxTlRVeE9ERXlNemsyTkRFME9URXhOVFExT1RjeU5EZzFPRFU9&page=1&abt=59" "Mozilla/5.0 (Windows NT 6.1; WOW64; rv:26.0) Gecko/20100101 Firefox/26.0"
81.182.150.166 - - [01/Jan/2014:16:37:35 +0100] "GET /kiadvany/miabio.pdf HTTP/1.1" 206 65536 "http://kereso.startlap.hu/index.php?q=nemesbodza%20termeszt%C3%A9s&sise=a&search=google&nhash=startlap_919ade49dc499192046f9077341b196d_TlRRek5qQXhNVFV3TVRJd01UUTBNRE01TVRVd016RTVOemMxTlRVeE9ERXlNemsyTkRFME9URXhOVFExT1RjeU5EZzFPRFU9&page=1&abt=59" "Mozilla/5.0 (Windows NT 6.1; WOW64; rv:26.0) Gecko/20100101 Firefox/26.0"
81.182.150.166 - - [01/Jan/2014:16:37:35 +0100] "GET /kiadvany/miabio.pdf HTTP/1.1" 206 65536 "http://kereso.startlap.hu/index.php?q=nemesbodza%20termeszt%C3%A9s&sise=a&search=google&nhash=startlap_919ade49dc499192046f9077341b196d_TlRRek5qQXhNVFV3TVRJd01UUTBNRE01TVRVd016RTVOemMxTlRVeE9ERXlNemsyTkRFME9URXhOVFExT1RjeU5EZzFPRFU9&page=1&abt=59" "Mozilla/5.0 (Windows NT 6.1; WOW64; rv:26.0) Gecko/20100101 Firefox/26.0"
81.182.150.166 - - [01/Jan/2014:16:37:35 +0100] "GET /kiadvany/miabio.pdf HTTP/1.1" 206 65536 "http://kereso.startlap.hu/index.php?q=nemesbodza%20termeszt%C3%A9s&sise=a&search=google&nhash=startlap_919ade49dc499192046f9077341b196d_TlRRek5qQXhNVFV3TVRJd01UUTBNRE01TVRVd016RTVOemMxTlRVeE9ERXlNemsyTkRFME9URXhOVFExT1RjeU5EZzFPRFU9&page=1&abt=59" "Mozilla/5.0 (Windows NT 6.1; WOW64; rv:26.0) Gecko/20100101 Firefox/26.0"
81.182.150.166 - - [01/Jan/2014:16:37:35 +0100] "GET /kiadvany/miabio.pdf HTTP/1.1" 206 65536 "http://kereso.startlap.hu/index.php?q=nemesbodza%20termeszt%C3%A9s&sise=a&search=google&nhash=startlap_919ade49dc499192046f9077341b196d_TlRRek5qQXhNVFV3TVRJd01UUTBNRE01TVRVd016RTVOemMxTlRVeE9ERXlNemsyTkRFME9URXhOVFExT1RjeU5EZzFPRFU9&page=1&abt=59" "Mozilla/5.0 (Windows NT 6.1; WOW64; rv:26.0) Gecko/20100101 Firefox/26.0"
