31.46.4.241 - - [18/Jan/2015:17:01:06 +0100] "GET /dok/kozhasznu2007.pdf HTTP/1.1" 206 65536 "http://www.greenaction.hu/" "Mozilla/5.0 (Windows NT 6.1; WOW64; rv:34.0) Gecko/20100101 Firefox/34.0"
31.46.4.241 - - [18/Jan/2015:17:01:06 +0100] "GET /dok/kozhasznu2007.pdf HTTP/1.1" 206 65536 "http://www.greenaction.hu/" "Mozilla/5.0 (Windows NT 6.1; WOW64; rv:34.0) Gecko/20100101 Firefox/34.0"
31.46.4.241 - - [18/Jan/2015:17:01:06 +0100] "GET /dok/kozhasznu2007.pdf HTTP/1.1" 206 65536 "http://www.greenaction.hu/" "Mozilla/5.0 (Windows NT 6.1; WOW64; rv:34.0) Gecko/20100101 Firefox/34.0"
31.46.4.241 - - [18/Jan/2015:17:01:06 +0100] "GET /dok/kozhasznu2007.pdf HTTP/1.1" 206 65536 "http://www.greenaction.hu/" "Mozilla/5.0 (Windows NT 6.1; WOW64; rv:34.0) Gecko/20100101 Firefox/34.0"
31.46.4.241 - - [18/Jan/2015:17:01:07 +0100] "GET /dok/kozhasznu2007.pdf HTTP/1.1" 206 65536 "http://www.greenaction.hu/" "Mozilla/5.0 (Windows NT 6.1; WOW64; rv:34.0) Gecko/20100101 Firefox/34.0"
31.46.4.241 - - [18/Jan/2015:17:01:07 +0100] "GET /dok/kozhasznu2007.pdf HTTP/1.1" 206 65536 "http://www.greenaction.hu/" "Mozilla/5.0 (Windows NT 6.1; WOW64; rv:34.0) Gecko/20100101 Firefox/34.0"
31.46.4.241 - - [18/Jan/2015:17:01:07 +0100] "GET /dok/kozhasznu2007.pdf HTTP/1.1" 206 65536 "http://www.greenaction.hu/" "Mozilla/5.0 (Windows NT 6.1; WOW64; rv:34.0) Gecko/20100101 Firefox/34.0"
31.46.4.241 - - [18/Jan/2015:17:01:07 +0100] "GET /dok/kozhasznu2007.pdf HTTP/1.1" 206 65536 "http://www.greenaction.hu/" "Mozilla/5.0 (Windows NT 6.1; WOW64; rv:34.0) Gecko/20100101 Firefox/34.0"
31.46.4.241 - - [18/Jan/2015:17:01:07 +0100] "GET /dok/kozhasznu2007.pdf HTTP/1.1" 206 65536 "http://www.greenaction.hu/" "Mozilla/5.0 (Windows NT 6.1; WOW64; rv:34.0) Gecko/20100101 Firefox/34.0"
31.46.4.241 - - [18/Jan/2015:17:01:08 +0100] "GET /dok/kozhasznu2007.pdf HTTP/1.1" 206 65536 "http://www.greenaction.hu/" "Mozilla/5.0 (Windows NT 6.1; WOW64; rv:34.0) Gecko/20100101 Firefox/34.0"
31.46.4.241 - - [18/Jan/2015:17:01:08 +0100] "GET /dok/kozhasznu2007.pdf HTTP/1.1" 206 65536 "http://www.greenaction.hu/" "Mozilla/5.0 (Windows NT 6.1; WOW64; rv:34.0) Gecko/20100101 Firefox/34.0"
31.46.4.241 - - [18/Jan/2015:17:01:08 +0100] "GET /dok/kozhasznu2007.pdf HTTP/1.1" 206 65536 "http://www.greenaction.hu/" "Mozilla/5.0 (Windows NT 6.1; WOW64; rv:34.0) Gecko/20100101 Firefox/34.0"
31.46.4.241 - - [18/Jan/2015:17:01:08 +0100] "GET /dok/kozhasznu2007.pdf HTTP/1.1" 206 65536 "http://www.greenaction.hu/" "Mozilla/5.0 (Windows NT 6.1; WOW64; rv:34.0) Gecko/20100101 Firefox/34.0"
31.46.4.241 - - [18/Jan/2015:17:01:08 +0100] "GET /dok/kozhasznu2007.pdf HTTP/1.1" 206 65536 "http://www.greenaction.hu/" "Mozilla/5.0 (Windows NT 6.1; WOW64; rv:34.0) Gecko/20100101 Firefox/34.0"
31.46.4.241 - - [18/Jan/2015:17:01:09 +0100] "GET /dok/kozhasznu2007.pdf HTTP/1.1" 206 65536 "http://www.greenaction.hu/" "Mozilla/5.0 (Windows NT 6.1; WOW64; rv:34.0) Gecko/20100101 Firefox/34.0"
31.46.4.241 - - [18/Jan/2015:17:01:09 +0100] "GET /dok/kozhasznu2007.pdf HTTP/1.1" 206 65536 "http://www.greenaction.hu/" "Mozilla/5.0 (Windows NT 6.1; WOW64; rv:34.0) Gecko/20100101 Firefox/34.0"
31.46.4.241 - - [18/Jan/2015:17:01:09 +0100] "GET /dok/kozhasznu2007.pdf HTTP/1.1" 206 65536 "http://www.greenaction.hu/" "Mozilla/5.0 (Windows NT 6.1; WOW64; rv:34.0) Gecko/20100101 Firefox/34.0"
31.46.4.241 - - [18/Jan/2015:17:01:09 +0100] "GET /dok/kozhasznu2007.pdf HTTP/1.1" 206 65536 "http://www.greenaction.hu/" "Mozilla/5.0 (Windows NT 6.1; WOW64; rv:34.0) Gecko/20100101 Firefox/34.0"
31.46.4.241 - - [18/Jan/2015:17:01:09 +0100] "GET /dok/kozhasznu2007.pdf HTTP/1.1" 206 65536 "http://www.greenaction.hu/" "Mozilla/5.0 (Windows NT 6.1; WOW64; rv:34.0) Gecko/20100101 Firefox/34.0"
31.46.4.241 - - [18/Jan/2015:17:01:09 +0100] "GET /dok/kozhasznu2007.pdf HTTP/1.1" 206 65536 "http://www.greenaction.hu/" "Mozilla/5.0 (Windows NT 6.1; WOW64; rv:34.0) Gecko/20100101 Firefox/34.0"
31.46.4.241 - - [18/Jan/2015:17:01:09 +0100] "GET /dok/kozhasznu2007.pdf HTTP/1.1" 206 65536 "http://www.greenaction.hu/" "Mozilla/5.0 (Windows NT 6.1; WOW64; rv:34.0) Gecko/20100101 Firefox/34.0"
31.46.4.241 - - [18/Jan/2015:17:01:10 +0100] "GET /dok/kozhasznu2007.pdf HTTP/1.1" 206 65536 "http://www.greenaction.hu/" "Mozilla/5.0 (Windows NT 6.1; WOW64; rv:34.0) Gecko/20100101 Firefox/34.0"
31.46.4.241 - - [18/Jan/2015:17:01:10 +0100] "GET /dok/kozhasznu2007.pdf HTTP/1.1" 206 65536 "http://www.greenaction.hu/" "Mozilla/5.0 (Windows NT 6.1; WOW64; rv:34.0) Gecko/20100101 Firefox/34.0"
31.46.4.241 - - [18/Jan/2015:17:01:10 +0100] "GET /dok/kozhasznu2007.pdf HTTP/1.1" 206 65536 "http://www.greenaction.hu/" "Mozilla/5.0 (Windows NT 6.1; WOW64; rv:34.0) Gecko/20100101 Firefox/34.0"
31.46.4.241 - - [18/Jan/2015:17:01:10 +0100] "GET /dok/kozhasznu2007.pdf HTTP/1.1" 206 65536 "http://www.greenaction.hu/" "Mozilla/5.0 (Windows NT 6.1; WOW64; rv:34.0) Gecko/20100101 Firefox/34.0"
31.46.4.241 - - [18/Jan/2015:17:01:10 +0100] "GET /dok/kozhasznu2007.pdf HTTP/1.1" 206 65536 "http://www.greenaction.hu/" "Mozilla/5.0 (Windows NT 6.1; WOW64; rv:34.0) Gecko/20100101 Firefox/34.0"
31.46.4.241 - - [18/Jan/2015:17:01:10 +0100] "GET /dok/kozhasznu2007.pdf HTTP/1.1" 206 65536 "http://www.greenaction.hu/" "Mozilla/5.0 (Windows NT 6.1; WOW64; rv:34.0) Gecko/20100101 Firefox/34.0"
31.46.4.241 - - [18/Jan/2015:17:01:10 +0100] "GET /dok/kozhasznu2007.pdf HTTP/1.1" 206 65536 "http://www.greenaction.hu/" "Mozilla/5.0 (Windows NT 6.1; WOW64; rv:34.0) Gecko/20100101 Firefox/34.0"
80.98.64.76 - - [18/Jan/2015:17:57:18 +0100] "GET /aktualis_elemei/bio2szulinap_elemei/image056.jpg HTTP/1.1" 200 10317 "-" "Mozilla/5.0 (Windows NT 6.1; rv:35.0) Gecko/20100101 Firefox/35.0"
83.218.176.71 - - [18/Jan/2015:18:27:50 +0100] "GET /aktualis_elemei/katonai_elemei/image004.jpg HTTP/1.1" 200 56554 "https://www.google.hu/" "Mozilla/5.0 (Windows NT 6.3; WOW64) AppleWebKit/537.36 (KHTML, like Gecko) Chrome/39.0.2171.95 Safari/537.36"
182.118.20.249 - - [18/Jan/2015:18:55:48 +0100] "GET / HTTP/1.1" 200 884 "http://www.greenaction.hu/" "Mozilla/5.0 (compatible; MSIE 9.0; Windows NT 6.1; Trident/5.0); 360Spider"
182.118.45.53 - - [18/Jan/2015:18:55:50 +0100] "GET / HTTP/1.1" 200 884 "-" "Mozilla/4.0 (compatible; MSIE 8.0; Windows NT 6.1; Trident/4.0; SLCC2; .NET CLR 2.0.50727; .NET CLR 3.5.30729; .NET CLR 3.0.30729; Media Center PC 6.0)"
66.249.67.23 - - [18/Jan/2015:19:19:09 +0100] "GET / HTTP/1.1" 200 884 "-" "Mozilla/5.0 (compatible; Googlebot/2.1; +http://www.google.com/bot.html)"
192.99.149.88 - - [18/Jan/2015:19:24:22 +0100] "GET /robots.txt HTTP/1.1" 404 1181 "-" "Mozilla/5.0 (compatible; TrueBot/1.0)"
192.99.149.88 - - [18/Jan/2015:19:24:22 +0100] "GET / HTTP/1.1" 200 884 "-" "Mozilla/5.0 (compatible; TrueBot/1.0)"
180.76.5.22 - - [18/Jan/2015:19:50:46 +0100] "GET /robots.txt HTTP/1.1" 404 1181 "-" "Mozilla/5.0 (Windows NT 5.1; rv:6.0.2) Gecko/20100101 Firefox/6.0.2"
180.76.5.193 - - [18/Jan/2015:19:53:22 +0100] "GET /kiadvany/delbukk.pdf HTTP/1.1" 200 573426 "-" "Mozilla/5.0 (compatible; Baiduspider/2.0; +http://www.baidu.com/search/spider.html)"
212.7.218.95 - - [18/Jan/2015:20:29:01 +0100] "GET /wp-login.php HTTP/1.1" 404 1181 "-" "Mozilla/5.0 (Windows NT 5.1) AppleWebKit/537.1 (KHTML, like Gecko) Chrome/23.0.1271.17 Safari/537.11"
212.7.218.95 - - [18/Jan/2015:20:29:01 +0100] "GET /administrator/ HTTP/1.1" 404 1181 "-" "Mozilla/5.0 (Windows NT 5.1) AppleWebKit/537.1 (KHTML, like Gecko) Chrome/23.0.1271.17 Safari/537.11"
212.7.218.95 - - [18/Jan/2015:20:29:01 +0100] "GET /admin.php HTTP/1.1" 404 1181 "-" "Mozilla/5.0 (Windows NT 5.1) AppleWebKit/537.1 (KHTML, like Gecko) Chrome/23.0.1271.17 Safari/537.11"
217.197.181.154 - - [18/Jan/2015:20:59:56 +0100] "GET /kiadvany/miabio.pdf HTTP/1.1" 200 782016 "https://www.google.hu/" "Mozilla/5.0 (Windows NT 6.1; WOW64) AppleWebKit/537.36 (KHTML, like Gecko) Chrome/39.0.2171.99 Safari/537.36"
217.197.181.154 - - [18/Jan/2015:20:59:56 +0100] "GET /kiadvany/miabio.pdf HTTP/1.1" 206 32768 "http://www.greenaction.hu/kiadvany/miabio.pdf" "Mozilla/5.0 (Windows NT 6.1; WOW64) AppleWebKit/537.36 (KHTML, like Gecko) Chrome/39.0.2171.99 Safari/537.36"
217.197.181.154 - - [18/Jan/2015:20:59:57 +0100] "GET /kiadvany/miabio.pdf HTTP/1.1" 206 562718 "http://www.greenaction.hu/kiadvany/miabio.pdf" "Mozilla/5.0 (Windows NT 6.1; WOW64) AppleWebKit/537.36 (KHTML, like Gecko) Chrome/39.0.2171.99 Safari/537.36"
217.197.181.154 - - [18/Jan/2015:20:59:57 +0100] "GET /kiadvany/miabio.pdf HTTP/1.1" 206 32768 "http://www.greenaction.hu/kiadvany/miabio.pdf" "Mozilla/5.0 (Windows NT 6.1; WOW64) AppleWebKit/537.36 (KHTML, like Gecko) Chrome/39.0.2171.99 Safari/537.36"
217.197.181.154 - - [18/Jan/2015:20:59:57 +0100] "GET /kiadvany/miabio.pdf HTTP/1.1" 206 32768 "http://www.greenaction.hu/kiadvany/miabio.pdf" "Mozilla/5.0 (Windows NT 6.1; WOW64) AppleWebKit/537.36 (KHTML, like Gecko) Chrome/39.0.2171.99 Safari/537.36"
217.197.181.154 - - [18/Jan/2015:20:59:57 +0100] "GET /kiadvany/miabio.pdf HTTP/1.1" 206 32768 "http://www.greenaction.hu/kiadvany/miabio.pdf" "Mozilla/5.0 (Windows NT 6.1; WOW64) AppleWebKit/537.36 (KHTML, like Gecko) Chrome/39.0.2171.99 Safari/537.36"
217.197.181.154 - - [18/Jan/2015:20:59:57 +0100] "GET /kiadvany/miabio.pdf HTTP/1.1" 206 32768 "http://www.greenaction.hu/kiadvany/miabio.pdf" "Mozilla/5.0 (Windows NT 6.1; WOW64) AppleWebKit/537.36 (KHTML, like Gecko) Chrome/39.0.2171.99 Safari/537.36"
217.197.181.154 - - [18/Jan/2015:20:59:57 +0100] "GET /kiadvany/miabio.pdf HTTP/1.1" 206 32768 "http://www.greenaction.hu/kiadvany/miabio.pdf" "Mozilla/5.0 (Windows NT 6.1; WOW64) AppleWebKit/537.36 (KHTML, like Gecko) Chrome/39.0.2171.99 Safari/537.36"
217.197.181.154 - - [18/Jan/2015:20:59:57 +0100] "GET /kiadvany/miabio.pdf HTTP/1.1" 206 32768 "http://www.greenaction.hu/kiadvany/miabio.pdf" "Mozilla/5.0 (Windows NT 6.1; WOW64) AppleWebKit/537.36 (KHTML, like Gecko) Chrome/39.0.2171.99 Safari/537.36"
217.197.181.154 - - [18/Jan/2015:20:59:57 +0100] "GET /kiadvany/miabio.pdf HTTP/1.1" 206 32768 "http://www.greenaction.hu/kiadvany/miabio.pdf" "Mozilla/5.0 (Windows NT 6.1; WOW64) AppleWebKit/537.36 (KHTML, like Gecko) Chrome/39.0.2171.99 Safari/537.36"
217.197.181.154 - - [18/Jan/2015:20:59:57 +0100] "GET /kiadvany/miabio.pdf HTTP/1.1" 206 32768 "http://www.greenaction.hu/kiadvany/miabio.pdf" "Mozilla/5.0 (Windows NT 6.1; WOW64) AppleWebKit/537.36 (KHTML, like Gecko) Chrome/39.0.2171.99 Safari/537.36"
217.197.181.154 - - [18/Jan/2015:20:59:57 +0100] "GET /kiadvany/miabio.pdf HTTP/1.1" 206 32768 "http://www.greenaction.hu/kiadvany/miabio.pdf" "Mozilla/5.0 (Windows NT 6.1; WOW64) AppleWebKit/537.36 (KHTML, like Gecko) Chrome/39.0.2171.99 Safari/537.36"
217.197.181.154 - - [18/Jan/2015:20:59:57 +0100] "GET /kiadvany/miabio.pdf HTTP/1.1" 206 65536 "http://www.greenaction.hu/kiadvany/miabio.pdf" "Mozilla/5.0 (Windows NT 6.1; WOW64) AppleWebKit/537.36 (KHTML, like Gecko) Chrome/39.0.2171.99 Safari/537.36"
217.197.181.154 - - [18/Jan/2015:20:59:57 +0100] "GET /kiadvany/miabio.pdf HTTP/1.1" 206 65536 "http://www.greenaction.hu/kiadvany/miabio.pdf" "Mozilla/5.0 (Windows NT 6.1; WOW64) AppleWebKit/537.36 (KHTML, like Gecko) Chrome/39.0.2171.99 Safari/537.36"
217.197.181.154 - - [18/Jan/2015:20:59:57 +0100] "GET /kiadvany/miabio.pdf HTTP/1.1" 206 65536 "http://www.greenaction.hu/kiadvany/miabio.pdf" "Mozilla/5.0 (Windows NT 6.1; WOW64) AppleWebKit/537.36 (KHTML, like Gecko) Chrome/39.0.2171.99 Safari/537.36"
217.197.181.154 - - [18/Jan/2015:20:59:57 +0100] "GET /kiadvany/miabio.pdf HTTP/1.1" 206 65536 "http://www.greenaction.hu/kiadvany/miabio.pdf" "Mozilla/5.0 (Windows NT 6.1; WOW64) AppleWebKit/537.36 (KHTML, like Gecko) Chrome/39.0.2171.99 Safari/537.36"
217.197.181.154 - - [18/Jan/2015:20:59:57 +0100] "GET /kiadvany/miabio.pdf HTTP/1.1" 206 65536 "http://www.greenaction.hu/kiadvany/miabio.pdf" "Mozilla/5.0 (Windows NT 6.1; WOW64) AppleWebKit/537.36 (KHTML, like Gecko) Chrome/39.0.2171.99 Safari/537.36"
217.197.181.154 - - [18/Jan/2015:20:59:58 +0100] "GET /kiadvany/miabio.pdf HTTP/1.1" 206 65536 "http://www.greenaction.hu/kiadvany/miabio.pdf" "Mozilla/5.0 (Windows NT 6.1; WOW64) AppleWebKit/537.36 (KHTML, like Gecko) Chrome/39.0.2171.99 Safari/537.36"
217.197.181.154 - - [18/Jan/2015:20:59:58 +0100] "GET /kiadvany/miabio.pdf HTTP/1.1" 206 65536 "http://www.greenaction.hu/kiadvany/miabio.pdf" "Mozilla/5.0 (Windows NT 6.1; WOW64) AppleWebKit/537.36 (KHTML, like Gecko) Chrome/39.0.2171.99 Safari/537.36"
217.197.181.154 - - [18/Jan/2015:20:59:58 +0100] "GET /kiadvany/miabio.pdf HTTP/1.1" 206 65536 "http://www.greenaction.hu/kiadvany/miabio.pdf" "Mozilla/5.0 (Windows NT 6.1; WOW64) AppleWebKit/537.36 (KHTML, like Gecko) Chrome/39.0.2171.99 Safari/537.36"
217.197.181.154 - - [18/Jan/2015:20:59:58 +0100] "GET /kiadvany/miabio.pdf HTTP/1.1" 206 65536 "http://www.greenaction.hu/kiadvany/miabio.pdf" "Mozilla/5.0 (Windows NT 6.1; WOW64) AppleWebKit/537.36 (KHTML, like Gecko) Chrome/39.0.2171.99 Safari/537.36"
217.197.181.154 - - [18/Jan/2015:20:59:58 +0100] "GET /kiadvany/miabio.pdf HTTP/1.1" 206 65536 "http://www.greenaction.hu/kiadvany/miabio.pdf" "Mozilla/5.0 (Windows NT 6.1; WOW64) AppleWebKit/537.36 (KHTML, like Gecko) Chrome/39.0.2171.99 Safari/537.36"
217.197.181.154 - - [18/Jan/2015:20:59:58 +0100] "GET /kiadvany/miabio.pdf HTTP/1.1" 206 131072 "http://www.greenaction.hu/kiadvany/miabio.pdf" "Mozilla/5.0 (Windows NT 6.1; WOW64) AppleWebKit/537.36 (KHTML, like Gecko) Chrome/39.0.2171.99 Safari/537.36"
217.197.181.154 - - [18/Jan/2015:20:59:58 +0100] "GET /kiadvany/miabio.pdf HTTP/1.1" 206 131072 "http://www.greenaction.hu/kiadvany/miabio.pdf" "Mozilla/5.0 (Windows NT 6.1; WOW64) AppleWebKit/537.36 (KHTML, like Gecko) Chrome/39.0.2171.99 Safari/537.36"
217.197.181.154 - - [18/Jan/2015:20:59:58 +0100] "GET /kiadvany/miabio.pdf HTTP/1.1" 206 131072 "http://www.greenaction.hu/kiadvany/miabio.pdf" "Mozilla/5.0 (Windows NT 6.1; WOW64) AppleWebKit/537.36 (KHTML, like Gecko) Chrome/39.0.2171.99 Safari/537.36"
217.197.181.154 - - [18/Jan/2015:20:59:58 +0100] "GET /kiadvany/miabio.pdf HTTP/1.1" 206 131072 "http://www.greenaction.hu/kiadvany/miabio.pdf" "Mozilla/5.0 (Windows NT 6.1; WOW64) AppleWebKit/537.36 (KHTML, like Gecko) Chrome/39.0.2171.99 Safari/537.36"
217.197.181.154 - - [18/Jan/2015:20:59:58 +0100] "GET /kiadvany/miabio.pdf HTTP/1.1" 206 131072 "http://www.greenaction.hu/kiadvany/miabio.pdf" "Mozilla/5.0 (Windows NT 6.1; WOW64) AppleWebKit/537.36 (KHTML, like Gecko) Chrome/39.0.2171.99 Safari/537.36"
217.197.181.154 - - [18/Jan/2015:20:59:58 +0100] "GET /kiadvany/miabio.pdf HTTP/1.1" 206 131072 "http://www.greenaction.hu/kiadvany/miabio.pdf" "Mozilla/5.0 (Windows NT 6.1; WOW64) AppleWebKit/537.36 (KHTML, like Gecko) Chrome/39.0.2171.99 Safari/537.36"
217.197.181.154 - - [18/Jan/2015:20:59:58 +0100] "GET /kiadvany/miabio.pdf HTTP/1.1" 206 131072 "http://www.greenaction.hu/kiadvany/miabio.pdf" "Mozilla/5.0 (Windows NT 6.1; WOW64) AppleWebKit/537.36 (KHTML, like Gecko) Chrome/39.0.2171.99 Safari/537.36"
217.197.181.154 - - [18/Jan/2015:20:59:58 +0100] "GET /kiadvany/miabio.pdf HTTP/1.1" 206 131072 "http://www.greenaction.hu/kiadvany/miabio.pdf" "Mozilla/5.0 (Windows NT 6.1; WOW64) AppleWebKit/537.36 (KHTML, like Gecko) Chrome/39.0.2171.99 Safari/537.36"
217.197.181.154 - - [18/Jan/2015:20:59:58 +0100] "GET /kiadvany/miabio.pdf HTTP/1.1" 206 131072 "http://www.greenaction.hu/kiadvany/miabio.pdf" "Mozilla/5.0 (Windows NT 6.1; WOW64) AppleWebKit/537.36 (KHTML, like Gecko) Chrome/39.0.2171.99 Safari/537.36"
217.197.181.154 - - [18/Jan/2015:20:59:58 +0100] "GET /kiadvany/miabio.pdf HTTP/1.1" 206 131072 "http://www.greenaction.hu/kiadvany/miabio.pdf" "Mozilla/5.0 (Windows NT 6.1; WOW64) AppleWebKit/537.36 (KHTML, like Gecko) Chrome/39.0.2171.99 Safari/537.36"
217.197.181.154 - - [18/Jan/2015:20:59:58 +0100] "GET /kiadvany/miabio.pdf HTTP/1.1" 206 262144 "http://www.greenaction.hu/kiadvany/miabio.pdf" "Mozilla/5.0 (Windows NT 6.1; WOW64) AppleWebKit/537.36 (KHTML, like Gecko) Chrome/39.0.2171.99 Safari/537.36"
217.197.181.154 - - [18/Jan/2015:20:59:58 +0100] "GET /kiadvany/miabio.pdf HTTP/1.1" 206 262144 "http://www.greenaction.hu/kiadvany/miabio.pdf" "Mozilla/5.0 (Windows NT 6.1; WOW64) AppleWebKit/537.36 (KHTML, like Gecko) Chrome/39.0.2171.99 Safari/537.36"
217.197.181.154 - - [18/Jan/2015:20:59:58 +0100] "GET /kiadvany/miabio.pdf HTTP/1.1" 206 262144 "http://www.greenaction.hu/kiadvany/miabio.pdf" "Mozilla/5.0 (Windows NT 6.1; WOW64) AppleWebKit/537.36 (KHTML, like Gecko) Chrome/39.0.2171.99 Safari/537.36"
217.197.181.154 - - [18/Jan/2015:20:59:59 +0100] "GET /kiadvany/miabio.pdf HTTP/1.1" 206 262144 "http://www.greenaction.hu/kiadvany/miabio.pdf" "Mozilla/5.0 (Windows NT 6.1; WOW64) AppleWebKit/537.36 (KHTML, like Gecko) Chrome/39.0.2171.99 Safari/537.36"
217.197.181.154 - - [18/Jan/2015:20:59:59 +0100] "GET /kiadvany/miabio.pdf HTTP/1.1" 206 262144 "http://www.greenaction.hu/kiadvany/miabio.pdf" "Mozilla/5.0 (Windows NT 6.1; WOW64) AppleWebKit/537.36 (KHTML, like Gecko) Chrome/39.0.2171.99 Safari/537.36"
217.197.181.154 - - [18/Jan/2015:20:59:59 +0100] "GET /kiadvany/miabio.pdf HTTP/1.1" 206 262144 "http://www.greenaction.hu/kiadvany/miabio.pdf" "Mozilla/5.0 (Windows NT 6.1; WOW64) AppleWebKit/537.36 (KHTML, like Gecko) Chrome/39.0.2171.99 Safari/537.36"
217.197.181.154 - - [18/Jan/2015:20:59:59 +0100] "GET /kiadvany/miabio.pdf HTTP/1.1" 206 262144 "http://www.greenaction.hu/kiadvany/miabio.pdf" "Mozilla/5.0 (Windows NT 6.1; WOW64) AppleWebKit/537.36 (KHTML, like Gecko) Chrome/39.0.2171.99 Safari/537.36"
217.197.181.154 - - [18/Jan/2015:20:59:59 +0100] "GET /kiadvany/miabio.pdf HTTP/1.1" 206 262144 "http://www.greenaction.hu/kiadvany/miabio.pdf" "Mozilla/5.0 (Windows NT 6.1; WOW64) AppleWebKit/537.36 (KHTML, like Gecko) Chrome/39.0.2171.99 Safari/537.36"
217.197.181.154 - - [18/Jan/2015:20:59:59 +0100] "GET /kiadvany/miabio.pdf HTTP/1.1" 206 262144 "http://www.greenaction.hu/kiadvany/miabio.pdf" "Mozilla/5.0 (Windows NT 6.1; WOW64) AppleWebKit/537.36 (KHTML, like Gecko) Chrome/39.0.2171.99 Safari/537.36"
217.197.181.154 - - [18/Jan/2015:20:59:59 +0100] "GET /kiadvany/miabio.pdf HTTP/1.1" 206 262144 "http://www.greenaction.hu/kiadvany/miabio.pdf" "Mozilla/5.0 (Windows NT 6.1; WOW64) AppleWebKit/537.36 (KHTML, like Gecko) Chrome/39.0.2171.99 Safari/537.36"
217.197.181.154 - - [18/Jan/2015:20:59:59 +0100] "GET /kiadvany/miabio.pdf HTTP/1.1" 206 524288 "http://www.greenaction.hu/kiadvany/miabio.pdf" "Mozilla/5.0 (Windows NT 6.1; WOW64) AppleWebKit/537.36 (KHTML, like Gecko) Chrome/39.0.2171.99 Safari/537.36"
217.197.181.154 - - [18/Jan/2015:20:59:59 +0100] "GET /kiadvany/miabio.pdf HTTP/1.1" 206 524288 "http://www.greenaction.hu/kiadvany/miabio.pdf" "Mozilla/5.0 (Windows NT 6.1; WOW64) AppleWebKit/537.36 (KHTML, like Gecko) Chrome/39.0.2171.99 Safari/537.36"
217.197.181.154 - - [18/Jan/2015:20:59:59 +0100] "GET /kiadvany/miabio.pdf HTTP/1.1" 206 524288 "http://www.greenaction.hu/kiadvany/miabio.pdf" "Mozilla/5.0 (Windows NT 6.1; WOW64) AppleWebKit/537.36 (KHTML, like Gecko) Chrome/39.0.2171.99 Safari/537.36"
217.197.181.154 - - [18/Jan/2015:20:59:59 +0100] "GET /kiadvany/miabio.pdf HTTP/1.1" 206 524288 "http://www.greenaction.hu/kiadvany/miabio.pdf" "Mozilla/5.0 (Windows NT 6.1; WOW64) AppleWebKit/537.36 (KHTML, like Gecko) Chrome/39.0.2171.99 Safari/537.36"
217.197.181.154 - - [18/Jan/2015:21:00:00 +0100] "GET /kiadvany/miabio.pdf HTTP/1.1" 206 524288 "http://www.greenaction.hu/kiadvany/miabio.pdf" "Mozilla/5.0 (Windows NT 6.1; WOW64) AppleWebKit/537.36 (KHTML, like Gecko) Chrome/39.0.2171.99 Safari/537.36"
217.197.181.154 - - [18/Jan/2015:21:00:00 +0100] "GET /kiadvany/miabio.pdf HTTP/1.1" 206 524288 "http://www.greenaction.hu/kiadvany/miabio.pdf" "Mozilla/5.0 (Windows NT 6.1; WOW64) AppleWebKit/537.36 (KHTML, like Gecko) Chrome/39.0.2171.99 Safari/537.36"
217.197.181.154 - - [18/Jan/2015:21:00:00 +0100] "GET /kiadvany/miabio.pdf HTTP/1.1" 206 524288 "http://www.greenaction.hu/kiadvany/miabio.pdf" "Mozilla/5.0 (Windows NT 6.1; WOW64) AppleWebKit/537.36 (KHTML, like Gecko) Chrome/39.0.2171.99 Safari/537.36"
217.197.181.154 - - [18/Jan/2015:21:00:00 +0100] "GET /kiadvany/miabio.pdf HTTP/1.1" 206 524288 "http://www.greenaction.hu/kiadvany/miabio.pdf" "Mozilla/5.0 (Windows NT 6.1; WOW64) AppleWebKit/537.36 (KHTML, like Gecko) Chrome/39.0.2171.99 Safari/537.36"
217.197.181.154 - - [18/Jan/2015:21:00:00 +0100] "GET /kiadvany/miabio.pdf HTTP/1.1" 206 524288 "http://www.greenaction.hu/kiadvany/miabio.pdf" "Mozilla/5.0 (Windows NT 6.1; WOW64) AppleWebKit/537.36 (KHTML, like Gecko) Chrome/39.0.2171.99 Safari/537.36"
217.197.181.154 - - [18/Jan/2015:21:00:00 +0100] "GET /kiadvany/miabio.pdf HTTP/1.1" 206 524288 "http://www.greenaction.hu/kiadvany/miabio.pdf" "Mozilla/5.0 (Windows NT 6.1; WOW64) AppleWebKit/537.36 (KHTML, like Gecko) Chrome/39.0.2171.99 Safari/537.36"
217.197.181.154 - - [18/Jan/2015:21:00:01 +0100] "GET /kiadvany/miabio.pdf HTTP/1.1" 206 570988 "http://www.greenaction.hu/kiadvany/miabio.pdf" "Mozilla/5.0 (Windows NT 6.1; WOW64) AppleWebKit/537.36 (KHTML, like Gecko) Chrome/39.0.2171.99 Safari/537.36"
217.197.181.154 - - [18/Jan/2015:21:00:01 +0100] "GET /favicon.ico HTTP/1.1" 404 1181 "-" "Mozilla/5.0 (Windows NT 6.1; WOW64) AppleWebKit/537.36 (KHTML, like Gecko) Chrome/39.0.2171.99 Safari/537.36"
77.111.90.197 - - [18/Jan/2015:21:01:13 +0100] "GET / HTTP/1.1" 200 884 "-" "Mozilla/5.0 (X11; U; Linux i686; en-US; rv:1.9.0.4) Gecko/2008111318 Ubuntu/8.10 (intrepid) Firefox/3.0.4"
207.46.13.35 - - [18/Jan/2015:21:23:33 +0100] "GET / HTTP/1.1" 200 884 "-" "Mozilla/5.0 (compatible; bingbot/2.0; +http://www.bing.com/bingbot.htm)"
66.249.67.31 - - [18/Jan/2015:21:29:32 +0100] "GET / HTTP/1.1" 200 884 "-" "Mozilla/5.0 (compatible; Googlebot/2.1; +http://www.google.com/bot.html)"
213.162.68.38 - - [18/Jan/2015:22:04:31 +0100] "GET /aktualis_elemei/bio2szulinap_elemei/image056.jpg HTTP/1.1" 200 10317 "https://www.google.at/" "Mozilla/5.0 (Linux; Android 4.4.2; hu-hu; SAMSUNG GT-I9505 Build/KOT49H) AppleWebKit/537.36 (KHTML, like Gecko) Version/1.5 Chrome/28.0.1500.94 Mobile Safari/537.36"
213.162.68.38 - - [18/Jan/2015:22:05:21 +0100] "GET /aktualis_elemei/bio2szulinap_elemei/image052.jpg HTTP/1.1" 200 11533 "https://www.google.at/" "Mozilla/5.0 (Linux; Android 4.4.2; hu-hu; SAMSUNG GT-I9505 Build/KOT49H) AppleWebKit/537.36 (KHTML, like Gecko) Version/1.5 Chrome/28.0.1500.94 Mobile Safari/537.36"
157.55.39.119 - - [18/Jan/2015:22:16:55 +0100] "GET /robots.txt HTTP/1.1" 404 1181 "-" "Mozilla/5.0 (compatible; bingbot/2.0; +http://www.bing.com/bingbot.htm)"
157.55.39.119 - - [18/Jan/2015:22:17:01 +0100] "GET /aktualis_elemei/ktavmuhely_elemei/image007.jpg HTTP/1.1" 200 10171 "-" "Mozilla/5.0 (compatible; bingbot/2.0; +http://www.bing.com/bingbot.htm)"
207.46.13.35 - - [18/Jan/2015:22:40:07 +0100] "GET /aktualis_elemei/ktavmuhely_elemei/image004.jpg HTTP/1.1" 200 9516 "-" "Mozilla/5.0 (compatible; bingbot/2.0; +http://www.bing.com/bingbot.htm)"
157.55.39.115 - - [18/Jan/2015:23:16:21 +0100] "GET /aktualis_elemei/hulladek-klima.humusz_elemei/image006.jpg HTTP/1.1" 200 15684 "-" "Mozilla/5.0 (compatible; bingbot/2.0; +http://www.bing.com/bingbot.htm)"
130.43.228.43 - - [18/Jan/2015:23:19:30 +0100] "GET /aktualis_elemei/katonai_elemei/image004.jpg HTTP/1.1" 200 56554 "https://www.google.hu/" "Mozilla/5.0 (Linux; Android 4.4.2; M450 Build/KOT49H) AppleWebKit/537.36 (KHTML, like Gecko) Version/4.0 Chrome/30.0.0.0 Mobile Safari/537.36"
157.55.39.119 - - [18/Jan/2015:23:29:07 +0100] "GET /aktualis_elemei/belefulladunk_elemei/image001.jpg HTTP/1.1" 200 32088 "-" "Mozilla/5.0 (compatible; bingbot/2.0; +http://www.bing.com/bingbot.htm)"
54.154.149.141 - - [18/Jan/2015:23:31:30 +0100] "GET /robots.txt HTTP/1.1" 404 1181 "-" "Mozilla/5.0 (compatible; JobKeresoBot; http://www.kozvetlen-allasok.hu/help.jsp jobkereso at gmail dot com)"
54.154.149.141 - - [18/Jan/2015:23:31:30 +0100] "GET / HTTP/1.1" 200 884 "-" "Mozilla/5.0 (compatible; JobKeresoBot; http://www.kozvetlen-allasok.hu/help.jsp jobkereso at gmail dot com)"
54.154.108.111 - - [18/Jan/2015:23:41:13 +0100] "GET /robots.txt HTTP/1.1" 404 1181 "-" "Mozilla/5.0 (compatible; JobKeresoBot; http://www.kozvetlen-allasok.hu/help.jsp jobkereso at gmail dot com)"
54.154.108.111 - - [18/Jan/2015:23:41:13 +0100] "GET / HTTP/1.1" 200 884 "-" "Mozilla/5.0 (compatible; JobKeresoBot; http://www.kozvetlen-allasok.hu/help.jsp jobkereso at gmail dot com)"
95.108.158.230 - - [18/Jan/2015:23:59:57 +0100] "GET /robots.txt HTTP/1.1" 404 1181 "-" "Mozilla/5.0 (compatible; YandexBot/3.0; +http://yandex.com/bots)"
95.108.158.230 - - [18/Jan/2015:23:59:57 +0100] "GET /robots.txt HTTP/1.1" 404 1181 "-" "Mozilla/5.0 (compatible; YandexBot/3.0; +http://yandex.com/bots)"
141.8.189.105 - - [18/Jan/2015:23:59:59 +0100] "GET / HTTP/1.1" 200 884 "-" "Mozilla/5.0 (compatible; YandexBot/3.0; +http://yandex.com/bots)"
95.108.158.230 - - [18/Jan/2015:23:59:59 +0100] "GET / HTTP/1.1" 200 884 "-" "Mozilla/5.0 (compatible; YandexBot/3.0; +http://yandex.com/bots)"
141.8.189.106 - - [19/Jan/2015:00:00:02 +0100] "GET /zoldakcio.swf HTTP/1.1" 200 840351 "-" "Mozilla/5.0 (compatible; YandexBot/3.0; +http://yandex.com/bots)"
95.108.158.230 - - [19/Jan/2015:00:00:04 +0100] "GET / HTTP/1.1" 200 884 "-" "Mozilla/5.0 (compatible; YandexBot/3.0; +http://yandex.com/bots)"
95.108.158.230 - - [19/Jan/2015:00:00:04 +0100] "GET /zoldakcio.swf HTTP/1.1" 200 840351 "-" "Mozilla/5.0 (compatible; YandexBot/3.0; +http://yandex.com/bots)"
95.108.158.230 - - [19/Jan/2015:00:00:06 +0100] "GET / HTTP/1.1" 200 884 "-" "Mozilla/5.0 (compatible; YandexBot/3.0; +http://yandex.com/bots)"
95.108.158.230 - - [19/Jan/2015:00:00:07 +0100] "GET /zoldakcio.swf HTTP/1.1" 200 840351 "-" "Mozilla/5.0 (compatible; YandexBot/3.0; +http://yandex.com/bots)"
5.255.195.3 - - [19/Jan/2015:00:00:09 +0100] "GET / HTTP/1.1" 200 884 "-" "Mozilla/5.0 (compatible; YandexBot/3.0; +http://yandex.com/bots)"
5.255.195.4 - - [19/Jan/2015:00:00:12 +0100] "GET /zoldakcio.swf HTTP/1.1" 200 840351 "-" "Mozilla/5.0 (compatible; YandexBot/3.0; +http://yandex.com/bots)"
100.43.81.149 - - [19/Jan/2015:00:00:15 +0100] "GET / HTTP/1.1" 200 884 "-" "Mozilla/5.0 (compatible; YandexBot/3.0; +http://yandex.com/bots)"
100.43.85.1 - - [19/Jan/2015:00:00:20 +0100] "GET /zoldakcio.swf HTTP/1.1" 200 840351 "-" "Mozilla/5.0 (compatible; YandexBot/3.0; +http://yandex.com/bots)"
141.8.189.119 - - [19/Jan/2015:00:00:22 +0100] "GET / HTTP/1.1" 200 884 "-" "Mozilla/5.0 (compatible; YandexBot/3.0; +http://yandex.com/bots)"
95.108.158.230 - - [19/Jan/2015:00:00:24 +0100] "GET / HTTP/1.1" 200 884 "-" "Mozilla/5.0 (compatible; YandexBot/3.0; +http://yandex.com/bots)"
178.154.255.129 - - [19/Jan/2015:00:00:26 +0100] "GET / HTTP/1.1" 200 884 "-" "Mozilla/5.0 (compatible; YandexBot/3.0; +http://yandex.com/bots)"
66.249.67.57 - - [19/Jan/2015:00:12:20 +0100] "GET /kiadvany/delbukk.pdf HTTP/1.1" 304 - "-" "Mozilla/5.0 (iPhone; CPU iPhone OS 6_0 like Mac OS X) AppleWebKit/536.26 (KHTML, like Gecko) Version/6.0 Mobile/10A5376e Safari/8536.25 (compatible; Googlebot/2.1; +http://www.google.com/bot.html)"
66.249.67.65 - - [19/Jan/2015:00:24:49 +0100] "GET /aktualis_elemei/ausztriaut_elemei/image041.jpg HTTP/1.1" 404 1181 "-" "Googlebot-Image/1.0"
66.249.67.73 - - [19/Jan/2015:00:26:34 +0100] "GET /aktualis_elemei/ausztriaut_elemei/image037.jpg HTTP/1.1" 404 1181 "-" "Googlebot-Image/1.0"
66.249.67.65 - - [19/Jan/2015:00:28:21 +0100] "GET /aktualis_elemei/ausztriaut_elemei/image033.jpg HTTP/1.1" 404 1181 "-" "Googlebot-Image/1.0"
66.249.67.73 - - [19/Jan/2015:00:30:07 +0100] "GET /aktualis_elemei/ausztriaut_elemei/image029.jpg HTTP/1.1" 404 1181 "-" "Googlebot-Image/1.0"
66.249.67.57 - - [19/Jan/2015:00:31:53 +0100] "GET /aktualis_elemei/katonai_elemei/image001.jpg HTTP/1.1" 200 35821 "-" "Googlebot-Image/1.0"
66.249.67.65 - - [19/Jan/2015:00:33:40 +0100] "GET /aktualis_elemei/ktavmuhely_elemei/image005.jpg HTTP/1.1" 200 8180 "-" "Googlebot-Image/1.0"
66.249.67.73 - - [19/Jan/2015:00:35:26 +0100] "GET /aktualis_elemei/fnhv_elemei/image013.jpg HTTP/1.1" 200 12875 "-" "Googlebot-Image/1.0"
157.55.39.236 - - [19/Jan/2015:00:37:10 +0100] "GET / HTTP/1.1" 200 884 "-" "Mozilla/5.0 (compatible; bingbot/2.0; +http://www.bing.com/bingbot.htm)"
66.249.67.57 - - [19/Jan/2015:00:37:12 +0100] "GET /aktualis_elemei/ktavmuhely_elemei/image006.jpg HTTP/1.1" 200 10895 "-" "Googlebot-Image/1.0"
66.249.67.57 - - [19/Jan/2015:00:38:58 +0100] "GET /aktualis_elemei/lazadasatanyerodban_elemei/image003.jpg HTTP/1.1" 200 7230 "-" "Googlebot-Image/1.0"
66.249.67.65 - - [19/Jan/2015:00:40:43 +0100] "GET /aktualis_elemei/ausztriaut_elemei/image011.jpg HTTP/1.1" 200 4367 "-" "Googlebot-Image/1.0"
66.249.67.73 - - [19/Jan/2015:00:42:30 +0100] "GET /aktualis_elemei/fnhv_elemei/image003.jpg HTTP/1.1" 200 7360 "-" "Googlebot-Image/1.0"
66.249.67.65 - - [19/Jan/2015:00:44:16 +0100] "GET /aktualis_elemei/upfuzet.tml_elemei/image002.jpg HTTP/1.1" 200 11918 "-" "Googlebot-Image/1.0"
66.249.67.57 - - [19/Jan/2015:00:46:03 +0100] "GET /aktualis_elemei/belefulladunk_elemei/image001.jpg HTTP/1.1" 200 32088 "-" "Googlebot-Image/1.0"
66.249.67.65 - - [19/Jan/2015:00:49:35 +0100] "GET /aktualis_elemei/3.%20bioszulinap_elemei/image014.jpg HTTP/1.1" 200 8534 "-" "Googlebot-Image/1.0"
66.249.67.65 - - [19/Jan/2015:00:51:20 +0100] "GET /aktualis_elemei/fnhv_elemei/image021.jpg HTTP/1.1" 200 8966 "-" "Googlebot-Image/1.0"
66.249.67.57 - - [19/Jan/2015:00:53:07 +0100] "GET /aktualis_elemei/ausztriaut_elemei/image010.jpg HTTP/1.1" 304 - "-" "Googlebot-Image/1.0"
66.249.67.65 - - [19/Jan/2015:00:54:53 +0100] "GET /aktualis_elemei/ktavmuhely_elemei/image003.jpg HTTP/1.1" 304 - "-" "Googlebot-Image/1.0"
66.249.67.65 - - [19/Jan/2015:00:56:39 +0100] "GET /aktualis_elemei/ausztriaut_elemei/image017.jpg HTTP/1.1" 404 1181 "-" "Googlebot-Image/1.0"
66.249.67.65 - - [19/Jan/2015:00:58:25 +0100] "GET /aktualis_elemei/fnhv_elemei/image022.jpg HTTP/1.1" 200 9202 "-" "Googlebot-Image/1.0"
66.249.67.73 - - [19/Jan/2015:01:00:11 +0100] "GET /aktualis_elemei/biovasarszombat_elemei/image008.jpg HTTP/1.1" 200 8893 "-" "Googlebot-Image/1.0"
66.249.67.39 - - [19/Jan/2015:01:00:12 +0100] "GET / HTTP/1.1" 200 884 "-" "Mozilla/5.0 (compatible; Googlebot/2.1; +http://www.google.com/bot.html)"
66.249.67.57 - - [19/Jan/2015:01:01:57 +0100] "GET /aktualis_elemei/3.%20bioszulinap_elemei/image022.jpg HTTP/1.1" 200 10190 "-" "Googlebot-Image/1.0"
123.125.71.50 - - [19/Jan/2015:01:06:22 +0100] "GET / HTTP/1.1" 200 884 "-" "Mozilla/5.0 (compatible; Baiduspider/2.0; +http://www.baidu.com/search/spider.html)"
220.181.108.107 - - [19/Jan/2015:01:07:18 +0100] "GET / HTTP/1.1" 200 884 "-" "Mozilla/5.0 (compatible; Baiduspider/2.0; +http://www.baidu.com/search/spider.html)"
157.55.39.236 - - [19/Jan/2015:01:08:31 +0100] "GET / HTTP/1.1" 200 884 "-" "Mozilla/5.0 (compatible; bingbot/2.0; +http://www.bing.com/bingbot.htm)"
66.249.67.73 - - [19/Jan/2015:01:10:49 +0100] "GET /aktualis_elemei/szulinap2_elemei/image002.jpg HTTP/1.1" 304 - "-" "Googlebot-Image/1.0"
66.249.67.73 - - [19/Jan/2015:01:12:36 +0100] "GET /aktualis_elemei/fnhv_elemei/image015.jpg HTTP/1.1" 304 - "-" "Googlebot-Image/1.0"
157.55.39.119 - - [19/Jan/2015:01:13:49 +0100] "GET /aktualis_elemei/bbbekagyar_elemei/image004.jpg HTTP/1.1" 200 7186 "-" "Mozilla/5.0 (compatible; bingbot/2.0; +http://www.bing.com/bingbot.htm)"
66.249.67.57 - - [19/Jan/2015:01:14:22 +0100] "GET /aktualis_elemei/fnhv_elemei/image011.jpg HTTP/1.1" 304 - "-" "Googlebot-Image/1.0"
66.249.67.57 - - [19/Jan/2015:01:16:07 +0100] "GET /aktualis_elemei/lazadasatanyerodban_elemei/image001.jpg HTTP/1.1" 304 - "-" "Googlebot-Image/1.0"
66.249.67.65 - - [19/Jan/2015:01:17:54 +0100] "GET /aktualis_elemei/fnhv_elemei/image019.jpg HTTP/1.1" 304 - "-" "Googlebot-Image/1.0"
66.249.67.65 - - [19/Jan/2015:01:19:38 +0100] "GET /aktualis_elemei/bekamentes_elemei/image003.jpg HTTP/1.1" 304 - "-" "Googlebot-Image/1.0"
66.249.67.57 - - [19/Jan/2015:01:24:59 +0100] "GET /aktualis_elemei/ktavmuhely_elemei/image008.jpg HTTP/1.1" 304 - "-" "Googlebot-Image/1.0"
66.249.67.65 - - [19/Jan/2015:01:33:47 +0100] "GET /aktualis_elemei/upfuzet.tml_elemei/image004.jpg HTTP/1.1" 304 - "-" "Googlebot-Image/1.0"
216.38.216.197 - - [19/Jan/2015:02:30:00 +0100] "GET / HTTP/1.1" 200 884 "http://greenaction.hu/" "Mozilla/5.0 (Macintosh; Intel Mac OS X 10_7_1) AppleWebKit/535.1 (KHTML, like Gecko) Chrome/13.0.782.215 Safari/535.1"
216.38.216.197 - - [19/Jan/2015:02:30:01 +0100] "GET / HTTP/1.1" 200 884 "http://www.greenaction.hu/" "Mozilla/5.0 (Macintosh; Intel Mac OS X 10_7_1) AppleWebKit/535.1 (KHTML, like Gecko) Chrome/13.0.782.215 Safari/535.1"
216.38.216.197 - - [19/Jan/2015:02:30:03 +0100] "GET /zoldakcio.swf HTTP/1.1" 200 840351 "-" "Mozilla/5.0 (Macintosh; Intel Mac OS X 10_7_1) AppleWebKit/535.1 (KHTML, like Gecko) Chrome/13.0.782.215 Safari/535.1"
216.38.216.197 - - [19/Jan/2015:02:30:05 +0100] "GET /zoldakcio.swf HTTP/1.1" 200 840351 "-" "Mozilla/5.0 (Macintosh; Intel Mac OS X 10_7_1) AppleWebKit/535.1 (KHTML, like Gecko) Chrome/13.0.782.215 Safari/535.1"
216.38.216.197 - - [19/Jan/2015:02:30:12 +0100] "GET / HTTP/1.1" 200 884 "-" "Mozilla/5.0 (Macintosh; Intel Mac OS X 10_7_1) AppleWebkit/535.1 (KHTML, like Gecko) Chrome/13.0.782.215 Safari/535.1"
85.114.139.54 - - [19/Jan/2015:02:42:34 +0100] "GET /robots.txt HTTP/1.1" 404 1181 "-" "Mozilla/5.0 (compatible; publiclibraryarchive.org/1.0; +crawl@publiclibraryarchive.org)"
85.114.139.54 - - [19/Jan/2015:02:42:35 +0100] "GET /kiadvany/delbukk.pdf HTTP/1.1" 200 1540585 "-" "Mozilla/5.0 (compatible; publiclibraryarchive.org/1.0; +crawl@publiclibraryarchive.org)"
66.249.67.65 - - [19/Jan/2015:02:57:24 +0100] "GET /robots.txt HTTP/1.1" 404 1181 "-" "Mozilla/5.0 (compatible; Googlebot/2.1; +http://www.google.com/bot.html)"
66.249.67.57 - - [19/Jan/2015:02:57:24 +0100] "GET /archiv.html HTTP/1.1" 304 - "-" "Mozilla/5.0 (iPhone; CPU iPhone OS 6_0 like Mac OS X) AppleWebKit/536.26 (KHTML, like Gecko) Version/6.0 Mobile/10A5376e Safari/8536.25 (compatible; Googlebot/2.1; +http://www.google.com/bot.html)"
66.249.67.65 - - [19/Jan/2015:02:58:41 +0100] "GET /aktualis_elemei/fnhv_elemei/image001.jpg HTTP/1.1" 304 - "-" "Googlebot-Image/1.0"
66.249.67.65 - - [19/Jan/2015:04:07:40 +0100] "GET /aktualis_elemei/fnhv_elemei/image004.jpg HTTP/1.1" 304 - "-" "Googlebot-Image/1.0"
66.249.67.73 - - [19/Jan/2015:04:09:26 +0100] "GET /aktualis_elemei/3.%20bioszulinap_elemei/image018.jpg HTTP/1.1" 304 - "-" "Googlebot-Image/1.0"
66.249.67.23 - - [19/Jan/2015:04:14:34 +0100] "GET / HTTP/1.1" 200 884 "-" "Mozilla/5.0 (compatible; Googlebot/2.1; +http://www.google.com/bot.html)"
180.76.4.49 - - [19/Jan/2015:05:38:12 +0100] "GET / HTTP/1.1" 200 884 "-" "Mozilla/4.0 (compatible; MSIE 7.0; Windows NT 6.0)"
157.55.39.80 - - [19/Jan/2015:07:04:03 +0100] "GET /aktualis_elemei/fnhv.html HTTP/1.1" 200 48118 "-" "Mozilla/5.0 (compatible; bingbot/2.0; +http://www.bing.com/bingbot.htm)"
66.249.67.65 - - [19/Jan/2015:07:40:27 +0100] "GET /aktualis_elemei/katonai_elemei/image003.jpg HTTP/1.1" 304 - "-" "Googlebot-Image/1.0"
66.249.67.65 - - [19/Jan/2015:08:14:08 +0100] "GET /aktualis_elemei/biovasarszombat_elemei/image002.jpg HTTP/1.1" 304 - "-" "Googlebot-Image/1.0"
66.249.67.65 - - [19/Jan/2015:08:15:42 +0100] "GET /aktualis_elemei/bio2szulinap_elemei/image014.jpg HTTP/1.1" 304 - "-" "Googlebot-Image/1.0"
66.249.67.57 - - [19/Jan/2015:08:17:18 +0100] "GET /aktualis_elemei/fnhv_elemei/image026.jpg HTTP/1.1" 304 - "-" "Googlebot-Image/1.0"
66.249.67.65 - - [19/Jan/2015:08:18:55 +0100] "GET /aktualis_elemei/3.%20bioszulinap_elemei/image016.jpg HTTP/1.1" 304 - "-" "Googlebot-Image/1.0"
66.249.67.57 - - [19/Jan/2015:08:25:19 +0100] "GET /aktualis_elemei/fnhv_elemei/image007.jpg HTTP/1.1" 304 - "-" "Googlebot-Image/1.0"
180.76.5.74 - - [19/Jan/2015:08:39:25 +0100] "GET /aktualis_elemei/belvarosi%20biovasar%20arai%202007.%20tel.doc HTTP/1.1" 200 324608 "-" "Mozilla/5.0 (compatible; Baiduspider/2.0; +http://www.baidu.com/search/spider.html)"
66.249.67.57 - - [19/Jan/2015:08:39:44 +0100] "GET /aktualis_elemei/ausztriaut_elemei/image009.jpg HTTP/1.1" 304 - "-" "Googlebot-Image/1.0"
66.249.67.57 - - [19/Jan/2015:08:41:20 +0100] "GET /aktualis_elemei/mszforum_elemei/image002.jpg HTTP/1.1" 304 - "-" "Googlebot-Image/1.0"
66.249.67.23 - - [19/Jan/2015:09:31:15 +0100] "GET /robots.txt HTTP/1.1" 404 1181 "-" "Mozilla/5.0 (compatible; Googlebot/2.1; +http://www.google.com/bot.html)"
66.249.67.39 - - [19/Jan/2015:09:31:15 +0100] "GET / HTTP/1.1" 200 884 "-" "Mozilla/5.0 (compatible; Googlebot/2.1; +http://www.google.com/bot.html)"
66.249.67.65 - - [19/Jan/2015:09:32:15 +0100] "GET /aktualis_elemei/bio2szulinap.html HTTP/1.1" 304 - "-" "Mozilla/5.0 (compatible; Googlebot/2.1; +http://www.google.com/bot.html)"
78.131.88.34 - - [19/Jan/2015:09:42:43 +0100] "GET /visszatekint.html HTTP/1.1" 200 36767 "https://www.google.hu/" "Mozilla/5.0 (Windows NT 5.1) AppleWebKit/537.36 (KHTML, like Gecko) Chrome/39.0.2171.95 Safari/537.36 OPR/26.0.1656.60"
78.131.88.34 - - [19/Jan/2015:09:42:44 +0100] "GET /1greenaction.hu/vissza_files/vissza.css HTTP/1.1" 404 1181 "http://www.greenaction.hu/visszatekint.html" "Mozilla/5.0 (Windows NT 5.1) AppleWebKit/537.36 (KHTML, like Gecko) Chrome/39.0.2171.95 Safari/537.36 OPR/26.0.1656.60"
78.131.88.34 - - [19/Jan/2015:09:42:44 +0100] "GET /favicon.ico HTTP/1.1" 404 1181 "-" "Mozilla/5.0 (Windows NT 5.1) AppleWebKit/537.36 (KHTML, like Gecko) Chrome/39.0.2171.95 Safari/537.36 OPR/26.0.1656.60"
27.153.161.8 - - [19/Jan/2015:09:48:34 +0100] "GET / HTTP/1.1" 200 884 "-" "Mozilla/4.0 (compatible; MSIE 8.0; Windows NT 6.1)"
66.249.67.57 - - [19/Jan/2015:09:54:48 +0100] "GET / HTTP/1.1" 200 884 "-" "Mozilla/5.0 (compatible; Googlebot/2.1; +http://www.google.com/bot.html)"
66.249.67.65 - - [19/Jan/2015:09:56:41 +0100] "GET /aktualis_elemei/biovasarszombat_elemei/image006.jpg HTTP/1.1" 304 - "-" "Googlebot-Image/1.0"
199.58.86.206 - - [19/Jan/2015:10:04:05 +0100] "GET /robots.txt HTTP/1.0" 404 1181 "-" "Mozilla/5.0 (compatible; MJ12bot/v1.4.5; http://www.majestic12.co.uk/bot.php?+)"
199.58.86.206 - - [19/Jan/2015:10:04:07 +0100] "GET / HTTP/1.0" 200 884 "-" "Mozilla/5.0 (compatible; MJ12bot/v1.4.5; http://www.majestic12.co.uk/bot.php?+)"
66.249.67.57 - - [19/Jan/2015:10:07:52 +0100] "GET /aktualis_elemei/hktetemvar_elemei/image002.jpg HTTP/1.1" 304 - "-" "Googlebot-Image/1.0"
66.249.67.57 - - [19/Jan/2015:10:12:40 +0100] "GET /aktualis_elemei/lazadasatanyerodban_elemei/image004.jpg HTTP/1.1" 304 - "-" "Googlebot-Image/1.0"
66.249.67.57 - - [19/Jan/2015:10:19:05 +0100] "GET /aktualis_elemei/3.%20bioszulinap_elemei/image020.jpg HTTP/1.1" 304 - "-" "Googlebot-Image/1.0"
66.249.67.65 - - [19/Jan/2015:10:20:40 +0100] "GET /aktualis_elemei/3.%20bioszulinap_elemei/image024.jpg HTTP/1.1" 304 - "-" "Googlebot-Image/1.0"
212.96.58.83 - - [19/Jan/2015:10:20:44 +0100] "GET /favicon.ico HTTP/1.1" 404 1181 "-" "Mozilla/5.0 (X11; Ubuntu; Linux x86_64; rv:35.0) Gecko/20100101 Firefox/35.0"
66.249.67.73 - - [19/Jan/2015:10:28:32 +0100] "GET /aktualis_elemei/katonai.html HTTP/1.1" 304 - "-" "Mozilla/5.0 (compatible; Googlebot/2.1; +http://www.google.com/bot.html)"
66.249.67.57 - - [19/Jan/2015:10:28:41 +0100] "GET /aktualis_elemei/knavastc_elemei/image002.jpg HTTP/1.1" 304 - "-" "Googlebot-Image/1.0"
66.249.67.57 - - [19/Jan/2015:10:30:18 +0100] "GET /aktualis_elemei/katonai_elemei/image002.jpg HTTP/1.1" 304 - "-" "Googlebot-Image/1.0"
66.249.67.65 - - [19/Jan/2015:10:37:14 +0100] "GET /kiadvany/miabio.pdf HTTP/1.1" 304 - "-" "Mozilla/5.0 (compatible; Googlebot/2.1; +http://www.google.com/bot.html)"
66.249.67.65 - - [19/Jan/2015:11:10:27 +0100] "GET /aktualis_elemei/katonai_elemei/image004.jpg HTTP/1.1" 200 56554 "-" "Googlebot-Image/1.0"
66.249.67.57 - - [19/Jan/2015:11:29:26 +0100] "GET /kiadvanyaink.html HTTP/1.1" 304 - "-" "Mozilla/5.0 (compatible; Googlebot/2.1; +http://www.google.com/bot.html)"
66.249.67.73 - - [19/Jan/2015:11:31:23 +0100] "GET /aktualis_elemei/katonai_elemei/image003.jpg HTTP/1.1" 200 88392 "-" "Googlebot-Image/1.0"
81.93.200.20 - - [19/Jan/2015:11:34:39 +0100] "GET / HTTP/1.1" 200 884 "-" "Mozilla/5.0 (Windows NT 5.1; rv:17.0) Gecko/20100101 Firefox/17.0"
81.93.200.20 - - [19/Jan/2015:11:34:40 +0100] "GET /pattern.jpg HTTP/1.1" 200 13798 "http://www.greenaction.hu/pattern.jpg" "Mozilla/5.0 (Windows NT 5.1; rv:17.0) Gecko/20100101 Firefox/17.0"
81.93.200.20 - - [19/Jan/2015:11:34:41 +0100] "GET /favicon.ico HTTP/1.1" 404 1181 "-" "Mozilla/5.0 (Windows NT 5.1; rv:17.0) Gecko/20100101 Firefox/17.0"
81.93.200.20 - - [19/Jan/2015:11:34:41 +0100] "GET /favicon.ico HTTP/1.1" 404 1181 "-" "Mozilla/5.0 (Windows NT 5.1; rv:17.0) Gecko/20100101 Firefox/17.0"
66.249.67.73 - - [19/Jan/2015:11:43:59 +0100] "GET /aktualis_elemei/hkszirmamtp_elemei/image002.jpg HTTP/1.1" 304 - "-" "Googlebot-Image/1.0"
157.55.39.236 - - [19/Jan/2015:12:02:17 +0100] "GET /robots.txt HTTP/1.1" 404 1181 "-" "Mozilla/5.0 (compatible; bingbot/2.0; +http://www.bing.com/bingbot.htm)"
157.55.39.236 - - [19/Jan/2015:12:02:22 +0100] "GET /aktualis_elemei/bioarak%2009.07.html HTTP/1.1" 200 504057 "-" "Mozilla/5.0 (compatible; bingbot/2.0; +http://www.bing.com/bingbot.htm)"
66.249.67.57 - - [19/Jan/2015:12:06:17 +0100] "GET /aktualis_elemei/bekamentes.html HTTP/1.1" 304 - "-" "Mozilla/5.0 (compatible; Googlebot/2.1; +http://www.google.com/bot.html)"
195.138.88.238 - - [19/Jan/2015:12:08:02 +0100] "GET /wp-login.php HTTP/1.1" 404 1181 "http://greenaction.hu/wp-login.php" "Mozilla/4.0 (compatible; MSIE 6.0; Windows NT 5.1; SV1)"
66.249.67.57 - - [19/Jan/2015:12:08:06 +0100] "GET /aktualis_elemei/katonai_elemei/image002.jpg HTTP/1.1" 200 34104 "-" "Googlebot-Image/1.0"
66.249.67.57 - - [19/Jan/2015:12:35:15 +0100] "GET /aktualis_elemei/ausztriaut_elemei/image008.jpg HTTP/1.1" 304 - "-" "Googlebot-Image/1.0"
66.249.67.65 - - [19/Jan/2015:12:36:52 +0100] "GET /aktualis_elemei/ausztriaut_elemei/image003.jpg HTTP/1.1" 304 - "-" "Googlebot-Image/1.0"
66.249.67.73 - - [19/Jan/2015:12:38:28 +0100] "GET /aktualis_elemei/fnhv_elemei/image008.jpg HTTP/1.1" 304 - "-" "Googlebot-Image/1.0"
66.249.67.73 - - [19/Jan/2015:12:40:06 +0100] "GET /aktualis_elemei/fnhv_elemei/image020.jpg HTTP/1.1" 304 - "-" "Googlebot-Image/1.0"
66.249.67.57 - - [19/Jan/2015:12:41:36 +0100] "GET /aktualis_elemei/fnhv.html HTTP/1.1" 304 - "-" "Mozilla/5.0 (compatible; Googlebot/2.1; +http://www.google.com/bot.html)"
86.101.14.28 - - [19/Jan/2015:12:48:49 +0100] "GET /kiadvany/delbukk.pdf HTTP/1.1" 200 1540585 "http://kereso.startlap.hu/?q=lecsapolt+h%C3%A1mori+t%C3%B3&page=1&sise=a&search=google&nhash=startlap_1a10099fcfd25c99b895f76c4dbe126e_TWpBeE5UUXlNVGt3T0RBeE1USTVOREkzT0RJNU1UazNNemd3TWpFNU1ERTJOVGcwTlRFek56VTJOakkwT1RJNE9UUXdNQT09" "Mozilla/5.0 (Windows NT 5.1; rv:35.0) Gecko/20100101 Firefox/35.0"
86.101.14.28 - - [19/Jan/2015:12:48:50 +0100] "GET /favicon.ico HTTP/1.1" 404 1181 "-" "Mozilla/5.0 (Windows NT 5.1; rv:35.0) Gecko/20100101 Firefox/35.0"
157.55.39.236 - - [19/Jan/2015:12:51:53 +0100] "GET /aktualis_elemei/bio2szulinap_elemei/image112.jpg HTTP/1.1" 200 8269 "-" "Mozilla/5.0 (compatible; bingbot/2.0; +http://www.bing.com/bingbot.htm)"
66.249.64.145 - - [19/Jan/2015:12:52:53 +0100] "GET /robots.txt HTTP/1.1" 404 1181 "-" "Mozilla/5.0 (compatible; Googlebot/2.1; +http://www.google.com/bot.html)"
66.249.64.137 - - [19/Jan/2015:12:52:53 +0100] "GET /aktualis_elemei/fnhv_elemei/image017.jpg HTTP/1.1" 304 - "-" "Googlebot-Image/1.0"
66.249.78.81 - - [19/Jan/2015:12:54:29 +0100] "GET /aktualis_elemei/fnhv_elemei/image023.jpg HTTP/1.1" 304 - "-" "Googlebot-Image/1.0"
66.249.78.67 - - [19/Jan/2015:12:55:10 +0100] "GET /zoldakcio.swf HTTP/1.1" 200 840351 "-" "Mozilla/5.0 (compatible; Googlebot/2.1; +http://www.google.com/bot.html)"
157.55.39.119 - - [19/Jan/2015:12:55:40 +0100] "GET /aktualis_elemei/bio2szulinap_elemei/image036.jpg HTTP/1.1" 200 13931 "-" "Mozilla/5.0 (compatible; bingbot/2.0; +http://www.bing.com/bingbot.htm)"
66.249.78.67 - - [19/Jan/2015:12:55:59 +0100] "GET /aktualis_elemei/bio2szulinap.html HTTP/1.1" 304 - "-" "Mozilla/5.0 (iPhone; CPU iPhone OS 6_0 like Mac OS X) AppleWebKit/536.26 (KHTML, like Gecko) Version/6.0 Mobile/10A5376e Safari/8536.25 (compatible; Googlebot/2.1; +http://www.google.com/bot.html)"
157.55.39.119 - - [19/Jan/2015:13:02:42 +0100] "GET /aktualis_elemei/bio2szulinap_elemei/image062.jpg HTTP/1.1" 200 10742 "-" "Mozilla/5.0 (compatible; bingbot/2.0; +http://www.bing.com/bingbot.htm)"
106.120.173.119 - - [19/Jan/2015:13:11:03 +0100] "GET /robots.txt HTTP/1.1" 404 1181 "-" "Sogou web spider/4.0(+http://www.sogou.com/docs/help/webmasters.htm#07)"
106.120.173.119 - - [19/Jan/2015:13:11:04 +0100] "GET / HTTP/1.1" 200 884 "-" "Sogou web spider/4.0(+http://www.sogou.com/docs/help/webmasters.htm#07)"
208.43.245.104 - - [19/Jan/2015:13:14:04 +0100] "GET /robots.txt HTTP/1.1" 404 1181 "-" "Mozilla/5.0 (compatible; SiteExplorer/1.0b; +http://siteexplorer.info/)"
208.43.245.104 - - [19/Jan/2015:13:14:08 +0100] "GET / HTTP/1.1" 200 884 "-" "Mozilla/5.0 (compatible; SiteExplorer/1.0b; +http://siteexplorer.info/)"
66.249.78.74 - - [19/Jan/2015:13:17:30 +0100] "GET / HTTP/1.1" 200 884 "-" "Mozilla/5.0 (iPhone; CPU iPhone OS 6_0 like Mac OS X) AppleWebKit/536.26 (KHTML, like Gecko) Version/6.0 Mobile/10A5376e Safari/8536.25 (compatible; Googlebot/2.1; +http://www.google.com/bot.html)"
195.228.41.130 - - [19/Jan/2015:13:19:23 +0100] "GET /aktualis_elemei/bio2szulinap_elemei/image132.jpg HTTP/1.1" 200 8237 "-" "Mozilla/5.0 (compatible; MSIE 10.0; Windows NT 6.2; WOW64; Trident/6.0)"
66.249.64.141 - - [19/Jan/2015:13:21:43 +0100] "GET /aktualis_elemei/ausztriaut_elemei/image002.jpg HTTP/1.1" 304 - "-" "Googlebot-Image/1.0"
66.249.67.57 - - [19/Jan/2015:13:39:26 +0100] "GET /hirek/fn_reszletes.pdf HTTP/1.1" 304 - "-" "Mozilla/5.0 (compatible; Googlebot/2.1; +http://www.google.com/bot.html)"
157.55.39.236 - - [19/Jan/2015:13:40:03 +0100] "GET / HTTP/1.1" 200 884 "-" "Mozilla/5.0 (compatible; bingbot/2.0; +http://www.bing.com/bingbot.htm)"
5.39.89.222 - - [19/Jan/2015:13:44:45 +0100] "GET / HTTP/1.1" 200 884 "http://www.loadtime.net/website/www.greenaction.hu" "Mozilla/5.0 (compatible; LoadTimeBot/0.9; +http://www.loadtime.net/bot.html)"
176.63.11.44 - - [19/Jan/2015:13:49:41 +0100] "GET /aktualis_elemei/bio2szulinap_elemei/image052.jpg HTTP/1.1" 200 11533 "-" "Mozilla/5.0 (Windows NT 5.1; rv:34.0) Gecko/20100101 Firefox/34.0"
157.55.39.236 - - [19/Jan/2015:13:50:09 +0100] "GET /aktualis_elemei/bio2szulinap_elemei/image024.jpg HTTP/1.1" 200 12405 "-" "Mozilla/5.0 (compatible; bingbot/2.0; +http://www.bing.com/bingbot.htm)"
66.249.78.81 - - [19/Jan/2015:13:52:10 +0100] "GET /aktualis_elemei/katonai_elemei/image004.jpg HTTP/1.1" 304 - "-" "Googlebot-Image/1.0"
66.249.78.74 - - [19/Jan/2015:14:00:40 +0100] "GET /archiv.html HTTP/1.1" 304 - "-" "Mozilla/5.0 (compatible; Googlebot/2.1; +http://www.google.com/bot.html)"
157.55.39.235 - - [19/Jan/2015:14:01:49 +0100] "GET / HTTP/1.1" 200 884 "-" "Mozilla/5.0 (compatible; bingbot/2.0; +http://www.bing.com/bingbot.htm)"
193.225.34.7 - - [19/Jan/2015:14:29:38 +0100] "GET /aktualis_elemei/katonai_elemei/image002.jpg HTTP/1.1" 200 34104 "-" "Mozilla/5.0 (Linux; U; Android 2.3.6; hu-hu; GT-S5570I Build/GINGERBREAD) AppleWebKit/533.1 (KHTML, like Gecko) Version/4.0 Mobile Safari/533.1"
157.55.39.80 - - [19/Jan/2015:14:32:46 +0100] "GET /aktualis_elemei/bio2szulinap_elemei/image102.jpg HTTP/1.1" 200 8017 "-" "Mozilla/5.0 (compatible; bingbot/2.0; +http://www.bing.com/bingbot.htm)"
80.98.173.106 - - [19/Jan/2015:14:37:23 +0100] "GET /hirek/fn_reszletes.pdf HTTP/1.1" 200 25677 "-" "Mozilla/5.0 (Linux; U; Android 4.2.2; hu-hu; HTC_Desire_310 Build/JDQ39) AppleWebKit/534.30 (KHTML, like Gecko) Version/4.0 Mobile Safari/534.30"
80.98.173.106 - - [19/Jan/2015:14:37:24 +0100] "GET /hirek/fn_reszletes.pdf HTTP/1.1" 200 195567 "" "Mozilla/5.0 (Linux; U; Android 4.2.2; hu-hu; HTC_Desire_310 Build/JDQ39) AppleWebKit/534.30 (KHTML, like Gecko) Version/4.0 Mobile Safari/534.30"
66.249.78.74 - - [19/Jan/2015:14:37:29 +0100] "GET /favicon.ico HTTP/1.1" 404 1181 "-" "Googlebot-Image/1.0"
66.249.78.81 - - [19/Jan/2015:14:39:41 +0100] "GET /archiv_elemei/acitc_elemei/image002.jpg HTTP/1.1" 304 - "-" "Googlebot-Image/1.0"
66.249.78.81 - - [19/Jan/2015:14:40:44 +0100] "GET /archiv_elemei/acitc_elemei/image004.jpg HTTP/1.1" 304 - "-" "Googlebot-Image/1.0"
66.249.64.145 - - [19/Jan/2015:14:55:36 +0100] "GET /aktualis_elemei/bio2szulinap.html HTTP/1.1" 304 - "-" "Mozilla/5.0 (compatible; Googlebot/2.1; +http://www.google.com/bot.html)"
66.249.78.94 - - [19/Jan/2015:14:58:09 +0100] "GET /robots.txt HTTP/1.1" 404 1181 "-" "Mozilla/5.0 (compatible; Googlebot/2.1; +http://www.google.com/bot.html)"
66.249.78.108 - - [19/Jan/2015:14:58:10 +0100] "GET / HTTP/1.1" 200 884 "-" "Mozilla/5.0 (compatible; Googlebot/2.1; +http://www.google.com/bot.html)"
66.249.78.74 - - [19/Jan/2015:14:58:24 +0100] "GET / HTTP/1.1" 200 884 "-" "Mozilla/5.0 (compatible; Googlebot/2.1; +http://www.google.com/bot.html)"
66.249.78.74 - - [19/Jan/2015:15:25:32 +0100] "GET /aktualis_elemei/katonai.html HTTP/1.1" 304 - "-" "Mozilla/5.0 (compatible; Googlebot/2.1; +http://www.google.com/bot.html)"
157.55.39.80 - - [19/Jan/2015:15:45:51 +0100] "GET /aktualis_elemei/bio2szulinap_elemei/image032.jpg HTTP/1.1" 200 16073 "-" "Mozilla/5.0 (compatible; bingbot/2.0; +http://www.bing.com/bingbot.htm)"
66.249.64.145 - - [19/Jan/2015:15:46:00 +0100] "GET /kiadvany/miabio.pdf HTTP/1.1" 304 - "-" "Mozilla/5.0 (compatible; Googlebot/2.1; +http://www.google.com/bot.html)"
84.236.9.19 - - [19/Jan/2015:15:50:49 +0100] "GET / HTTP/1.1" 200 884 "http://i.maxthon.com/" "Mozilla/5.0 (Windows NT 6.1; WOW64) AppleWebKit/537.36 (KHTML, like Gecko) Maxthon/4.4.3.4000 Chrome/30.0.1599.101 Safari/537.36"
