188.27.51.224 - - [13/Jan/2015:09:58:51 +0100] "GET /kiadvany/miskolchvte.pdf HTTP/1.1" 206 61553 "http://www.google.hu/url?sa=t&rct=j&q=&esrc=s&source=web&cd=6&ved=0CEEQFjAF&url=http%3A%2F%2Fwww.greenaction.hu%2Fkiadvany%2Fmiskolchvte.pdf&ei=IN60VJCvO8n_UKORgNgO&usg=AFQjCNGWIUxRGMcucacVLAINQMqYg1HESA" "Mozilla/5.0 (Windows NT 6.1; WOW64; rv:34.0) Gecko/20100101 Firefox/34.0"
188.27.51.224 - - [13/Jan/2015:09:58:51 +0100] "GET /kiadvany/miskolchvte.pdf HTTP/1.1" 206 65536 "http://www.google.hu/url?sa=t&rct=j&q=&esrc=s&source=web&cd=6&ved=0CEEQFjAF&url=http%3A%2F%2Fwww.greenaction.hu%2Fkiadvany%2Fmiskolchvte.pdf&ei=IN60VJCvO8n_UKORgNgO&usg=AFQjCNGWIUxRGMcucacVLAINQMqYg1HESA" "Mozilla/5.0 (Windows NT 6.1; WOW64; rv:34.0) Gecko/20100101 Firefox/34.0"
188.27.51.224 - - [13/Jan/2015:09:58:52 +0100] "GET /kiadvany/miskolchvte.pdf HTTP/1.1" 206 65536 "http://www.google.hu/url?sa=t&rct=j&q=&esrc=s&source=web&cd=6&ved=0CEEQFjAF&url=http%3A%2F%2Fwww.greenaction.hu%2Fkiadvany%2Fmiskolchvte.pdf&ei=IN60VJCvO8n_UKORgNgO&usg=AFQjCNGWIUxRGMcucacVLAINQMqYg1HESA" "Mozilla/5.0 (Windows NT 6.1; WOW64; rv:34.0) Gecko/20100101 Firefox/34.0"
188.27.51.224 - - [13/Jan/2015:09:58:52 +0100] "GET /kiadvany/miskolchvte.pdf HTTP/1.1" 206 65536 "http://www.google.hu/url?sa=t&rct=j&q=&esrc=s&source=web&cd=6&ved=0CEEQFjAF&url=http%3A%2F%2Fwww.greenaction.hu%2Fkiadvany%2Fmiskolchvte.pdf&ei=IN60VJCvO8n_UKORgNgO&usg=AFQjCNGWIUxRGMcucacVLAINQMqYg1HESA" "Mozilla/5.0 (Windows NT 6.1; WOW64; rv:34.0) Gecko/20100101 Firefox/34.0"
188.27.51.224 - - [13/Jan/2015:09:58:52 +0100] "GET /kiadvany/miskolchvte.pdf HTTP/1.1" 206 131072 "http://www.google.hu/url?sa=t&rct=j&q=&esrc=s&source=web&cd=6&ved=0CEEQFjAF&url=http%3A%2F%2Fwww.greenaction.hu%2Fkiadvany%2Fmiskolchvte.pdf&ei=IN60VJCvO8n_UKORgNgO&usg=AFQjCNGWIUxRGMcucacVLAINQMqYg1HESA" "Mozilla/5.0 (Windows NT 6.1; WOW64; rv:34.0) Gecko/20100101 Firefox/34.0"
188.27.51.224 - - [13/Jan/2015:09:58:52 +0100] "GET /kiadvany/miskolchvte.pdf HTTP/1.1" 206 65536 "http://www.google.hu/url?sa=t&rct=j&q=&esrc=s&source=web&cd=6&ved=0CEEQFjAF&url=http%3A%2F%2Fwww.greenaction.hu%2Fkiadvany%2Fmiskolchvte.pdf&ei=IN60VJCvO8n_UKORgNgO&usg=AFQjCNGWIUxRGMcucacVLAINQMqYg1HESA" "Mozilla/5.0 (Windows NT 6.1; WOW64; rv:34.0) Gecko/20100101 Firefox/34.0"
188.27.51.224 - - [13/Jan/2015:09:58:52 +0100] "GET /kiadvany/miskolchvte.pdf HTTP/1.1" 206 65536 "http://www.google.hu/url?sa=t&rct=j&q=&esrc=s&source=web&cd=6&ved=0CEEQFjAF&url=http%3A%2F%2Fwww.greenaction.hu%2Fkiadvany%2Fmiskolchvte.pdf&ei=IN60VJCvO8n_UKORgNgO&usg=AFQjCNGWIUxRGMcucacVLAINQMqYg1HESA" "Mozilla/5.0 (Windows NT 6.1; WOW64; rv:34.0) Gecko/20100101 Firefox/34.0"
188.27.51.224 - - [13/Jan/2015:09:58:52 +0100] "GET /kiadvany/miskolchvte.pdf HTTP/1.1" 206 65536 "http://www.google.hu/url?sa=t&rct=j&q=&esrc=s&source=web&cd=6&ved=0CEEQFjAF&url=http%3A%2F%2Fwww.greenaction.hu%2Fkiadvany%2Fmiskolchvte.pdf&ei=IN60VJCvO8n_UKORgNgO&usg=AFQjCNGWIUxRGMcucacVLAINQMqYg1HESA" "Mozilla/5.0 (Windows NT 6.1; WOW64; rv:34.0) Gecko/20100101 Firefox/34.0"
188.27.51.224 - - [13/Jan/2015:09:58:52 +0100] "GET /kiadvany/miskolchvte.pdf HTTP/1.1" 206 65536 "http://www.google.hu/url?sa=t&rct=j&q=&esrc=s&source=web&cd=6&ved=0CEEQFjAF&url=http%3A%2F%2Fwww.greenaction.hu%2Fkiadvany%2Fmiskolchvte.pdf&ei=IN60VJCvO8n_UKORgNgO&usg=AFQjCNGWIUxRGMcucacVLAINQMqYg1HESA" "Mozilla/5.0 (Windows NT 6.1; WOW64; rv:34.0) Gecko/20100101 Firefox/34.0"
188.27.51.224 - - [13/Jan/2015:09:58:52 +0100] "GET /kiadvany/miskolchvte.pdf HTTP/1.1" 206 65536 "http://www.google.hu/url?sa=t&rct=j&q=&esrc=s&source=web&cd=6&ved=0CEEQFjAF&url=http%3A%2F%2Fwww.greenaction.hu%2Fkiadvany%2Fmiskolchvte.pdf&ei=IN60VJCvO8n_UKORgNgO&usg=AFQjCNGWIUxRGMcucacVLAINQMqYg1HESA" "Mozilla/5.0 (Windows NT 6.1; WOW64; rv:34.0) Gecko/20100101 Firefox/34.0"
188.27.51.224 - - [13/Jan/2015:09:58:52 +0100] "GET /kiadvany/miskolchvte.pdf HTTP/1.1" 206 65536 "http://www.google.hu/url?sa=t&rct=j&q=&esrc=s&source=web&cd=6&ved=0CEEQFjAF&url=http%3A%2F%2Fwww.greenaction.hu%2Fkiadvany%2Fmiskolchvte.pdf&ei=IN60VJCvO8n_UKORgNgO&usg=AFQjCNGWIUxRGMcucacVLAINQMqYg1HESA" "Mozilla/5.0 (Windows NT 6.1; WOW64; rv:34.0) Gecko/20100101 Firefox/34.0"
188.27.51.224 - - [13/Jan/2015:09:58:52 +0100] "GET /kiadvany/miskolchvte.pdf HTTP/1.1" 206 65536 "http://www.google.hu/url?sa=t&rct=j&q=&esrc=s&source=web&cd=6&ved=0CEEQFjAF&url=http%3A%2F%2Fwww.greenaction.hu%2Fkiadvany%2Fmiskolchvte.pdf&ei=IN60VJCvO8n_UKORgNgO&usg=AFQjCNGWIUxRGMcucacVLAINQMqYg1HESA" "Mozilla/5.0 (Windows NT 6.1; WOW64; rv:34.0) Gecko/20100101 Firefox/34.0"
188.27.51.224 - - [13/Jan/2015:09:58:52 +0100] "GET /kiadvany/miskolchvte.pdf HTTP/1.1" 206 65536 "http://www.google.hu/url?sa=t&rct=j&q=&esrc=s&source=web&cd=6&ved=0CEEQFjAF&url=http%3A%2F%2Fwww.greenaction.hu%2Fkiadvany%2Fmiskolchvte.pdf&ei=IN60VJCvO8n_UKORgNgO&usg=AFQjCNGWIUxRGMcucacVLAINQMqYg1HESA" "Mozilla/5.0 (Windows NT 6.1; WOW64; rv:34.0) Gecko/20100101 Firefox/34.0"
188.27.51.224 - - [13/Jan/2015:09:58:52 +0100] "GET /kiadvany/miskolchvte.pdf HTTP/1.1" 206 65536 "http://www.google.hu/url?sa=t&rct=j&q=&esrc=s&source=web&cd=6&ved=0CEEQFjAF&url=http%3A%2F%2Fwww.greenaction.hu%2Fkiadvany%2Fmiskolchvte.pdf&ei=IN60VJCvO8n_UKORgNgO&usg=AFQjCNGWIUxRGMcucacVLAINQMqYg1HESA" "Mozilla/5.0 (Windows NT 6.1; WOW64; rv:34.0) Gecko/20100101 Firefox/34.0"
188.27.51.224 - - [13/Jan/2015:09:58:52 +0100] "GET /kiadvany/miskolchvte.pdf HTTP/1.1" 206 65536 "http://www.google.hu/url?sa=t&rct=j&q=&esrc=s&source=web&cd=6&ved=0CEEQFjAF&url=http%3A%2F%2Fwww.greenaction.hu%2Fkiadvany%2Fmiskolchvte.pdf&ei=IN60VJCvO8n_UKORgNgO&usg=AFQjCNGWIUxRGMcucacVLAINQMqYg1HESA" "Mozilla/5.0 (Windows NT 6.1; WOW64; rv:34.0) Gecko/20100101 Firefox/34.0"
188.27.51.224 - - [13/Jan/2015:09:58:52 +0100] "GET /kiadvany/miskolchvte.pdf HTTP/1.1" 206 65536 "http://www.google.hu/url?sa=t&rct=j&q=&esrc=s&source=web&cd=6&ved=0CEEQFjAF&url=http%3A%2F%2Fwww.greenaction.hu%2Fkiadvany%2Fmiskolchvte.pdf&ei=IN60VJCvO8n_UKORgNgO&usg=AFQjCNGWIUxRGMcucacVLAINQMqYg1HESA" "Mozilla/5.0 (Windows NT 6.1; WOW64; rv:34.0) Gecko/20100101 Firefox/34.0"
188.27.51.224 - - [13/Jan/2015:09:58:52 +0100] "GET /kiadvany/miskolchvte.pdf HTTP/1.1" 206 65536 "http://www.google.hu/url?sa=t&rct=j&q=&esrc=s&source=web&cd=6&ved=0CEEQFjAF&url=http%3A%2F%2Fwww.greenaction.hu%2Fkiadvany%2Fmiskolchvte.pdf&ei=IN60VJCvO8n_UKORgNgO&usg=AFQjCNGWIUxRGMcucacVLAINQMqYg1HESA" "Mozilla/5.0 (Windows NT 6.1; WOW64; rv:34.0) Gecko/20100101 Firefox/34.0"
188.27.51.224 - - [13/Jan/2015:09:58:53 +0100] "GET /kiadvany/miskolchvte.pdf HTTP/1.1" 206 65536 "http://www.google.hu/url?sa=t&rct=j&q=&esrc=s&source=web&cd=6&ved=0CEEQFjAF&url=http%3A%2F%2Fwww.greenaction.hu%2Fkiadvany%2Fmiskolchvte.pdf&ei=IN60VJCvO8n_UKORgNgO&usg=AFQjCNGWIUxRGMcucacVLAINQMqYg1HESA" "Mozilla/5.0 (Windows NT 6.1; WOW64; rv:34.0) Gecko/20100101 Firefox/34.0"
188.27.51.224 - - [13/Jan/2015:09:58:53 +0100] "GET /kiadvany/miskolchvte.pdf HTTP/1.1" 206 65536 "http://www.google.hu/url?sa=t&rct=j&q=&esrc=s&source=web&cd=6&ved=0CEEQFjAF&url=http%3A%2F%2Fwww.greenaction.hu%2Fkiadvany%2Fmiskolchvte.pdf&ei=IN60VJCvO8n_UKORgNgO&usg=AFQjCNGWIUxRGMcucacVLAINQMqYg1HESA" "Mozilla/5.0 (Windows NT 6.1; WOW64; rv:34.0) Gecko/20100101 Firefox/34.0"
188.27.51.224 - - [13/Jan/2015:09:58:53 +0100] "GET /kiadvany/miskolchvte.pdf HTTP/1.1" 206 65536 "http://www.google.hu/url?sa=t&rct=j&q=&esrc=s&source=web&cd=6&ved=0CEEQFjAF&url=http%3A%2F%2Fwww.greenaction.hu%2Fkiadvany%2Fmiskolchvte.pdf&ei=IN60VJCvO8n_UKORgNgO&usg=AFQjCNGWIUxRGMcucacVLAINQMqYg1HESA" "Mozilla/5.0 (Windows NT 6.1; WOW64; rv:34.0) Gecko/20100101 Firefox/34.0"
188.27.51.224 - - [13/Jan/2015:09:58:53 +0100] "GET /kiadvany/miskolchvte.pdf HTTP/1.1" 206 65536 "http://www.google.hu/url?sa=t&rct=j&q=&esrc=s&source=web&cd=6&ved=0CEEQFjAF&url=http%3A%2F%2Fwww.greenaction.hu%2Fkiadvany%2Fmiskolchvte.pdf&ei=IN60VJCvO8n_UKORgNgO&usg=AFQjCNGWIUxRGMcucacVLAINQMqYg1HESA" "Mozilla/5.0 (Windows NT 6.1; WOW64; rv:34.0) Gecko/20100101 Firefox/34.0"
188.27.51.224 - - [13/Jan/2015:09:58:53 +0100] "GET /kiadvany/miskolchvte.pdf HTTP/1.1" 206 65536 "http://www.google.hu/url?sa=t&rct=j&q=&esrc=s&source=web&cd=6&ved=0CEEQFjAF&url=http%3A%2F%2Fwww.greenaction.hu%2Fkiadvany%2Fmiskolchvte.pdf&ei=IN60VJCvO8n_UKORgNgO&usg=AFQjCNGWIUxRGMcucacVLAINQMqYg1HESA" "Mozilla/5.0 (Windows NT 6.1; WOW64; rv:34.0) Gecko/20100101 Firefox/34.0"
188.27.51.224 - - [13/Jan/2015:09:58:53 +0100] "GET /kiadvany/miskolchvte.pdf HTTP/1.1" 206 65536 "http://www.google.hu/url?sa=t&rct=j&q=&esrc=s&source=web&cd=6&ved=0CEEQFjAF&url=http%3A%2F%2Fwww.greenaction.hu%2Fkiadvany%2Fmiskolchvte.pdf&ei=IN60VJCvO8n_UKORgNgO&usg=AFQjCNGWIUxRGMcucacVLAINQMqYg1HESA" "Mozilla/5.0 (Windows NT 6.1; WOW64; rv:34.0) Gecko/20100101 Firefox/34.0"
188.27.51.224 - - [13/Jan/2015:09:58:53 +0100] "GET /kiadvany/miskolchvte.pdf HTTP/1.1" 206 65536 "http://www.google.hu/url?sa=t&rct=j&q=&esrc=s&source=web&cd=6&ved=0CEEQFjAF&url=http%3A%2F%2Fwww.greenaction.hu%2Fkiadvany%2Fmiskolchvte.pdf&ei=IN60VJCvO8n_UKORgNgO&usg=AFQjCNGWIUxRGMcucacVLAINQMqYg1HESA" "Mozilla/5.0 (Windows NT 6.1; WOW64; rv:34.0) Gecko/20100101 Firefox/34.0"
188.27.51.224 - - [13/Jan/2015:09:58:53 +0100] "GET /kiadvany/miskolchvte.pdf HTTP/1.1" 206 65536 "http://www.google.hu/url?sa=t&rct=j&q=&esrc=s&source=web&cd=6&ved=0CEEQFjAF&url=http%3A%2F%2Fwww.greenaction.hu%2Fkiadvany%2Fmiskolchvte.pdf&ei=IN60VJCvO8n_UKORgNgO&usg=AFQjCNGWIUxRGMcucacVLAINQMqYg1HESA" "Mozilla/5.0 (Windows NT 6.1; WOW64; rv:34.0) Gecko/20100101 Firefox/34.0"
188.27.51.224 - - [13/Jan/2015:09:58:53 +0100] "GET /kiadvany/miskolchvte.pdf HTTP/1.1" 206 65536 "http://www.google.hu/url?sa=t&rct=j&q=&esrc=s&source=web&cd=6&ved=0CEEQFjAF&url=http%3A%2F%2Fwww.greenaction.hu%2Fkiadvany%2Fmiskolchvte.pdf&ei=IN60VJCvO8n_UKORgNgO&usg=AFQjCNGWIUxRGMcucacVLAINQMqYg1HESA" "Mozilla/5.0 (Windows NT 6.1; WOW64; rv:34.0) Gecko/20100101 Firefox/34.0"
188.27.51.224 - - [13/Jan/2015:09:58:53 +0100] "GET /kiadvany/miskolchvte.pdf HTTP/1.1" 206 65536 "http://www.google.hu/url?sa=t&rct=j&q=&esrc=s&source=web&cd=6&ved=0CEEQFjAF&url=http%3A%2F%2Fwww.greenaction.hu%2Fkiadvany%2Fmiskolchvte.pdf&ei=IN60VJCvO8n_UKORgNgO&usg=AFQjCNGWIUxRGMcucacVLAINQMqYg1HESA" "Mozilla/5.0 (Windows NT 6.1; WOW64; rv:34.0) Gecko/20100101 Firefox/34.0"
188.27.51.224 - - [13/Jan/2015:09:58:53 +0100] "GET /kiadvany/miskolchvte.pdf HTTP/1.1" 206 65536 "http://www.google.hu/url?sa=t&rct=j&q=&esrc=s&source=web&cd=6&ved=0CEEQFjAF&url=http%3A%2F%2Fwww.greenaction.hu%2Fkiadvany%2Fmiskolchvte.pdf&ei=IN60VJCvO8n_UKORgNgO&usg=AFQjCNGWIUxRGMcucacVLAINQMqYg1HESA" "Mozilla/5.0 (Windows NT 6.1; WOW64; rv:34.0) Gecko/20100101 Firefox/34.0"
188.27.51.224 - - [13/Jan/2015:09:58:53 +0100] "GET /kiadvany/miskolchvte.pdf HTTP/1.1" 206 65536 "http://www.google.hu/url?sa=t&rct=j&q=&esrc=s&source=web&cd=6&ved=0CEEQFjAF&url=http%3A%2F%2Fwww.greenaction.hu%2Fkiadvany%2Fmiskolchvte.pdf&ei=IN60VJCvO8n_UKORgNgO&usg=AFQjCNGWIUxRGMcucacVLAINQMqYg1HESA" "Mozilla/5.0 (Windows NT 6.1; WOW64; rv:34.0) Gecko/20100101 Firefox/34.0"
188.27.51.224 - - [13/Jan/2015:09:58:53 +0100] "GET /kiadvany/miskolchvte.pdf HTTP/1.1" 206 65536 "http://www.google.hu/url?sa=t&rct=j&q=&esrc=s&source=web&cd=6&ved=0CEEQFjAF&url=http%3A%2F%2Fwww.greenaction.hu%2Fkiadvany%2Fmiskolchvte.pdf&ei=IN60VJCvO8n_UKORgNgO&usg=AFQjCNGWIUxRGMcucacVLAINQMqYg1HESA" "Mozilla/5.0 (Windows NT 6.1; WOW64; rv:34.0) Gecko/20100101 Firefox/34.0"
188.27.51.224 - - [13/Jan/2015:09:58:53 +0100] "GET /kiadvany/miskolchvte.pdf HTTP/1.1" 206 65536 "http://www.google.hu/url?sa=t&rct=j&q=&esrc=s&source=web&cd=6&ved=0CEEQFjAF&url=http%3A%2F%2Fwww.greenaction.hu%2Fkiadvany%2Fmiskolchvte.pdf&ei=IN60VJCvO8n_UKORgNgO&usg=AFQjCNGWIUxRGMcucacVLAINQMqYg1HESA" "Mozilla/5.0 (Windows NT 6.1; WOW64; rv:34.0) Gecko/20100101 Firefox/34.0"
188.27.51.224 - - [13/Jan/2015:09:58:53 +0100] "GET /kiadvany/miskolchvte.pdf HTTP/1.1" 206 65536 "http://www.google.hu/url?sa=t&rct=j&q=&esrc=s&source=web&cd=6&ved=0CEEQFjAF&url=http%3A%2F%2Fwww.greenaction.hu%2Fkiadvany%2Fmiskolchvte.pdf&ei=IN60VJCvO8n_UKORgNgO&usg=AFQjCNGWIUxRGMcucacVLAINQMqYg1HESA" "Mozilla/5.0 (Windows NT 6.1; WOW64; rv:34.0) Gecko/20100101 Firefox/34.0"
188.27.51.224 - - [13/Jan/2015:09:58:53 +0100] "GET /kiadvany/miskolchvte.pdf HTTP/1.1" 206 65536 "http://www.google.hu/url?sa=t&rct=j&q=&esrc=s&source=web&cd=6&ved=0CEEQFjAF&url=http%3A%2F%2Fwww.greenaction.hu%2Fkiadvany%2Fmiskolchvte.pdf&ei=IN60VJCvO8n_UKORgNgO&usg=AFQjCNGWIUxRGMcucacVLAINQMqYg1HESA" "Mozilla/5.0 (Windows NT 6.1; WOW64; rv:34.0) Gecko/20100101 Firefox/34.0"
188.27.51.224 - - [13/Jan/2015:09:58:53 +0100] "GET /kiadvany/miskolchvte.pdf HTTP/1.1" 206 65536 "http://www.google.hu/url?sa=t&rct=j&q=&esrc=s&source=web&cd=6&ved=0CEEQFjAF&url=http%3A%2F%2Fwww.greenaction.hu%2Fkiadvany%2Fmiskolchvte.pdf&ei=IN60VJCvO8n_UKORgNgO&usg=AFQjCNGWIUxRGMcucacVLAINQMqYg1HESA" "Mozilla/5.0 (Windows NT 6.1; WOW64; rv:34.0) Gecko/20100101 Firefox/34.0"
188.27.51.224 - - [13/Jan/2015:09:58:53 +0100] "GET /kiadvany/miskolchvte.pdf HTTP/1.1" 206 65536 "http://www.google.hu/url?sa=t&rct=j&q=&esrc=s&source=web&cd=6&ved=0CEEQFjAF&url=http%3A%2F%2Fwww.greenaction.hu%2Fkiadvany%2Fmiskolchvte.pdf&ei=IN60VJCvO8n_UKORgNgO&usg=AFQjCNGWIUxRGMcucacVLAINQMqYg1HESA" "Mozilla/5.0 (Windows NT 6.1; WOW64; rv:34.0) Gecko/20100101 Firefox/34.0"
188.27.51.224 - - [13/Jan/2015:09:58:53 +0100] "GET /kiadvany/miskolchvte.pdf HTTP/1.1" 206 65536 "http://www.google.hu/url?sa=t&rct=j&q=&esrc=s&source=web&cd=6&ved=0CEEQFjAF&url=http%3A%2F%2Fwww.greenaction.hu%2Fkiadvany%2Fmiskolchvte.pdf&ei=IN60VJCvO8n_UKORgNgO&usg=AFQjCNGWIUxRGMcucacVLAINQMqYg1HESA" "Mozilla/5.0 (Windows NT 6.1; WOW64; rv:34.0) Gecko/20100101 Firefox/34.0"
188.27.51.224 - - [13/Jan/2015:09:58:53 +0100] "GET /kiadvany/miskolchvte.pdf HTTP/1.1" 206 65536 "http://www.google.hu/url?sa=t&rct=j&q=&esrc=s&source=web&cd=6&ved=0CEEQFjAF&url=http%3A%2F%2Fwww.greenaction.hu%2Fkiadvany%2Fmiskolchvte.pdf&ei=IN60VJCvO8n_UKORgNgO&usg=AFQjCNGWIUxRGMcucacVLAINQMqYg1HESA" "Mozilla/5.0 (Windows NT 6.1; WOW64; rv:34.0) Gecko/20100101 Firefox/34.0"
188.27.51.224 - - [13/Jan/2015:09:58:53 +0100] "GET /kiadvany/miskolchvte.pdf HTTP/1.1" 206 65536 "http://www.google.hu/url?sa=t&rct=j&q=&esrc=s&source=web&cd=6&ved=0CEEQFjAF&url=http%3A%2F%2Fwww.greenaction.hu%2Fkiadvany%2Fmiskolchvte.pdf&ei=IN60VJCvO8n_UKORgNgO&usg=AFQjCNGWIUxRGMcucacVLAINQMqYg1HESA" "Mozilla/5.0 (Windows NT 6.1; WOW64; rv:34.0) Gecko/20100101 Firefox/34.0"
188.27.51.224 - - [13/Jan/2015:09:58:53 +0100] "GET /kiadvany/miskolchvte.pdf HTTP/1.1" 206 65536 "http://www.google.hu/url?sa=t&rct=j&q=&esrc=s&source=web&cd=6&ved=0CEEQFjAF&url=http%3A%2F%2Fwww.greenaction.hu%2Fkiadvany%2Fmiskolchvte.pdf&ei=IN60VJCvO8n_UKORgNgO&usg=AFQjCNGWIUxRGMcucacVLAINQMqYg1HESA" "Mozilla/5.0 (Windows NT 6.1; WOW64; rv:34.0) Gecko/20100101 Firefox/34.0"
188.27.51.224 - - [13/Jan/2015:09:58:53 +0100] "GET /kiadvany/miskolchvte.pdf HTTP/1.1" 206 65536 "http://www.google.hu/url?sa=t&rct=j&q=&esrc=s&source=web&cd=6&ved=0CEEQFjAF&url=http%3A%2F%2Fwww.greenaction.hu%2Fkiadvany%2Fmiskolchvte.pdf&ei=IN60VJCvO8n_UKORgNgO&usg=AFQjCNGWIUxRGMcucacVLAINQMqYg1HESA" "Mozilla/5.0 (Windows NT 6.1; WOW64; rv:34.0) Gecko/20100101 Firefox/34.0"
188.27.51.224 - - [13/Jan/2015:09:58:53 +0100] "GET /kiadvany/miskolchvte.pdf HTTP/1.1" 206 65536 "http://www.google.hu/url?sa=t&rct=j&q=&esrc=s&source=web&cd=6&ved=0CEEQFjAF&url=http%3A%2F%2Fwww.greenaction.hu%2Fkiadvany%2Fmiskolchvte.pdf&ei=IN60VJCvO8n_UKORgNgO&usg=AFQjCNGWIUxRGMcucacVLAINQMqYg1HESA" "Mozilla/5.0 (Windows NT 6.1; WOW64; rv:34.0) Gecko/20100101 Firefox/34.0"
188.27.51.224 - - [13/Jan/2015:09:58:53 +0100] "GET /kiadvany/miskolchvte.pdf HTTP/1.1" 206 65536 "http://www.google.hu/url?sa=t&rct=j&q=&esrc=s&source=web&cd=6&ved=0CEEQFjAF&url=http%3A%2F%2Fwww.greenaction.hu%2Fkiadvany%2Fmiskolchvte.pdf&ei=IN60VJCvO8n_UKORgNgO&usg=AFQjCNGWIUxRGMcucacVLAINQMqYg1HESA" "Mozilla/5.0 (Windows NT 6.1; WOW64; rv:34.0) Gecko/20100101 Firefox/34.0"
188.27.51.224 - - [13/Jan/2015:09:58:53 +0100] "GET /kiadvany/miskolchvte.pdf HTTP/1.1" 206 65536 "http://www.google.hu/url?sa=t&rct=j&q=&esrc=s&source=web&cd=6&ved=0CEEQFjAF&url=http%3A%2F%2Fwww.greenaction.hu%2Fkiadvany%2Fmiskolchvte.pdf&ei=IN60VJCvO8n_UKORgNgO&usg=AFQjCNGWIUxRGMcucacVLAINQMqYg1HESA" "Mozilla/5.0 (Windows NT 6.1; WOW64; rv:34.0) Gecko/20100101 Firefox/34.0"
188.27.51.224 - - [13/Jan/2015:09:58:53 +0100] "GET /kiadvany/miskolchvte.pdf HTTP/1.1" 206 65536 "http://www.google.hu/url?sa=t&rct=j&q=&esrc=s&source=web&cd=6&ved=0CEEQFjAF&url=http%3A%2F%2Fwww.greenaction.hu%2Fkiadvany%2Fmiskolchvte.pdf&ei=IN60VJCvO8n_UKORgNgO&usg=AFQjCNGWIUxRGMcucacVLAINQMqYg1HESA" "Mozilla/5.0 (Windows NT 6.1; WOW64; rv:34.0) Gecko/20100101 Firefox/34.0"
188.27.51.224 - - [13/Jan/2015:09:58:53 +0100] "GET /kiadvany/miskolchvte.pdf HTTP/1.1" 206 65536 "http://www.google.hu/url?sa=t&rct=j&q=&esrc=s&source=web&cd=6&ved=0CEEQFjAF&url=http%3A%2F%2Fwww.greenaction.hu%2Fkiadvany%2Fmiskolchvte.pdf&ei=IN60VJCvO8n_UKORgNgO&usg=AFQjCNGWIUxRGMcucacVLAINQMqYg1HESA" "Mozilla/5.0 (Windows NT 6.1; WOW64; rv:34.0) Gecko/20100101 Firefox/34.0"
188.27.51.224 - - [13/Jan/2015:09:58:54 +0100] "GET /kiadvany/miskolchvte.pdf HTTP/1.1" 206 65536 "http://www.google.hu/url?sa=t&rct=j&q=&esrc=s&source=web&cd=6&ved=0CEEQFjAF&url=http%3A%2F%2Fwww.greenaction.hu%2Fkiadvany%2Fmiskolchvte.pdf&ei=IN60VJCvO8n_UKORgNgO&usg=AFQjCNGWIUxRGMcucacVLAINQMqYg1HESA" "Mozilla/5.0 (Windows NT 6.1; WOW64; rv:34.0) Gecko/20100101 Firefox/34.0"
188.27.51.224 - - [13/Jan/2015:09:58:54 +0100] "GET /kiadvany/miskolchvte.pdf HTTP/1.1" 206 65536 "http://www.google.hu/url?sa=t&rct=j&q=&esrc=s&source=web&cd=6&ved=0CEEQFjAF&url=http%3A%2F%2Fwww.greenaction.hu%2Fkiadvany%2Fmiskolchvte.pdf&ei=IN60VJCvO8n_UKORgNgO&usg=AFQjCNGWIUxRGMcucacVLAINQMqYg1HESA" "Mozilla/5.0 (Windows NT 6.1; WOW64; rv:34.0) Gecko/20100101 Firefox/34.0"
188.27.51.224 - - [13/Jan/2015:09:58:54 +0100] "GET /kiadvany/miskolchvte.pdf HTTP/1.1" 206 65536 "http://www.google.hu/url?sa=t&rct=j&q=&esrc=s&source=web&cd=6&ved=0CEEQFjAF&url=http%3A%2F%2Fwww.greenaction.hu%2Fkiadvany%2Fmiskolchvte.pdf&ei=IN60VJCvO8n_UKORgNgO&usg=AFQjCNGWIUxRGMcucacVLAINQMqYg1HESA" "Mozilla/5.0 (Windows NT 6.1; WOW64; rv:34.0) Gecko/20100101 Firefox/34.0"
188.27.51.224 - - [13/Jan/2015:09:58:54 +0100] "GET /kiadvany/miskolchvte.pdf HTTP/1.1" 206 65536 "http://www.google.hu/url?sa=t&rct=j&q=&esrc=s&source=web&cd=6&ved=0CEEQFjAF&url=http%3A%2F%2Fwww.greenaction.hu%2Fkiadvany%2Fmiskolchvte.pdf&ei=IN60VJCvO8n_UKORgNgO&usg=AFQjCNGWIUxRGMcucacVLAINQMqYg1HESA" "Mozilla/5.0 (Windows NT 6.1; WOW64; rv:34.0) Gecko/20100101 Firefox/34.0"
188.27.51.224 - - [13/Jan/2015:09:58:54 +0100] "GET /kiadvany/miskolchvte.pdf HTTP/1.1" 206 65536 "http://www.google.hu/url?sa=t&rct=j&q=&esrc=s&source=web&cd=6&ved=0CEEQFjAF&url=http%3A%2F%2Fwww.greenaction.hu%2Fkiadvany%2Fmiskolchvte.pdf&ei=IN60VJCvO8n_UKORgNgO&usg=AFQjCNGWIUxRGMcucacVLAINQMqYg1HESA" "Mozilla/5.0 (Windows NT 6.1; WOW64; rv:34.0) Gecko/20100101 Firefox/34.0"
188.27.51.224 - - [13/Jan/2015:09:58:54 +0100] "GET /kiadvany/miskolchvte.pdf HTTP/1.1" 206 65536 "http://www.google.hu/url?sa=t&rct=j&q=&esrc=s&source=web&cd=6&ved=0CEEQFjAF&url=http%3A%2F%2Fwww.greenaction.hu%2Fkiadvany%2Fmiskolchvte.pdf&ei=IN60VJCvO8n_UKORgNgO&usg=AFQjCNGWIUxRGMcucacVLAINQMqYg1HESA" "Mozilla/5.0 (Windows NT 6.1; WOW64; rv:34.0) Gecko/20100101 Firefox/34.0"
188.27.51.224 - - [13/Jan/2015:09:58:54 +0100] "GET /kiadvany/miskolchvte.pdf HTTP/1.1" 206 65536 "http://www.google.hu/url?sa=t&rct=j&q=&esrc=s&source=web&cd=6&ved=0CEEQFjAF&url=http%3A%2F%2Fwww.greenaction.hu%2Fkiadvany%2Fmiskolchvte.pdf&ei=IN60VJCvO8n_UKORgNgO&usg=AFQjCNGWIUxRGMcucacVLAINQMqYg1HESA" "Mozilla/5.0 (Windows NT 6.1; WOW64; rv:34.0) Gecko/20100101 Firefox/34.0"
188.27.51.224 - - [13/Jan/2015:09:58:54 +0100] "GET /kiadvany/miskolchvte.pdf HTTP/1.1" 206 65536 "http://www.google.hu/url?sa=t&rct=j&q=&esrc=s&source=web&cd=6&ved=0CEEQFjAF&url=http%3A%2F%2Fwww.greenaction.hu%2Fkiadvany%2Fmiskolchvte.pdf&ei=IN60VJCvO8n_UKORgNgO&usg=AFQjCNGWIUxRGMcucacVLAINQMqYg1HESA" "Mozilla/5.0 (Windows NT 6.1; WOW64; rv:34.0) Gecko/20100101 Firefox/34.0"
188.27.51.224 - - [13/Jan/2015:09:58:54 +0100] "GET /kiadvany/miskolchvte.pdf HTTP/1.1" 206 65536 "http://www.google.hu/url?sa=t&rct=j&q=&esrc=s&source=web&cd=6&ved=0CEEQFjAF&url=http%3A%2F%2Fwww.greenaction.hu%2Fkiadvany%2Fmiskolchvte.pdf&ei=IN60VJCvO8n_UKORgNgO&usg=AFQjCNGWIUxRGMcucacVLAINQMqYg1HESA" "Mozilla/5.0 (Windows NT 6.1; WOW64; rv:34.0) Gecko/20100101 Firefox/34.0"
188.27.51.224 - - [13/Jan/2015:09:58:54 +0100] "GET /kiadvany/miskolchvte.pdf HTTP/1.1" 206 65536 "http://www.google.hu/url?sa=t&rct=j&q=&esrc=s&source=web&cd=6&ved=0CEEQFjAF&url=http%3A%2F%2Fwww.greenaction.hu%2Fkiadvany%2Fmiskolchvte.pdf&ei=IN60VJCvO8n_UKORgNgO&usg=AFQjCNGWIUxRGMcucacVLAINQMqYg1HESA" "Mozilla/5.0 (Windows NT 6.1; WOW64; rv:34.0) Gecko/20100101 Firefox/34.0"
188.27.51.224 - - [13/Jan/2015:09:58:54 +0100] "GET /kiadvany/miskolchvte.pdf HTTP/1.1" 206 65536 "http://www.google.hu/url?sa=t&rct=j&q=&esrc=s&source=web&cd=6&ved=0CEEQFjAF&url=http%3A%2F%2Fwww.greenaction.hu%2Fkiadvany%2Fmiskolchvte.pdf&ei=IN60VJCvO8n_UKORgNgO&usg=AFQjCNGWIUxRGMcucacVLAINQMqYg1HESA" "Mozilla/5.0 (Windows NT 6.1; WOW64; rv:34.0) Gecko/20100101 Firefox/34.0"
188.27.51.224 - - [13/Jan/2015:09:58:54 +0100] "GET /kiadvany/miskolchvte.pdf HTTP/1.1" 206 65536 "http://www.google.hu/url?sa=t&rct=j&q=&esrc=s&source=web&cd=6&ved=0CEEQFjAF&url=http%3A%2F%2Fwww.greenaction.hu%2Fkiadvany%2Fmiskolchvte.pdf&ei=IN60VJCvO8n_UKORgNgO&usg=AFQjCNGWIUxRGMcucacVLAINQMqYg1HESA" "Mozilla/5.0 (Windows NT 6.1; WOW64; rv:34.0) Gecko/20100101 Firefox/34.0"
188.27.51.224 - - [13/Jan/2015:09:58:54 +0100] "GET /kiadvany/miskolchvte.pdf HTTP/1.1" 206 65536 "http://www.google.hu/url?sa=t&rct=j&q=&esrc=s&source=web&cd=6&ved=0CEEQFjAF&url=http%3A%2F%2Fwww.greenaction.hu%2Fkiadvany%2Fmiskolchvte.pdf&ei=IN60VJCvO8n_UKORgNgO&usg=AFQjCNGWIUxRGMcucacVLAINQMqYg1HESA" "Mozilla/5.0 (Windows NT 6.1; WOW64; rv:34.0) Gecko/20100101 Firefox/34.0"
66.249.78.81 - - [13/Jan/2015:10:00:01 +0100] "GET /aktualis_elemei/bio2szulinap.html HTTP/1.1" 304 - "-" "Mozilla/5.0 (compatible; Googlebot/2.1; +http://www.google.com/bot.html)"
66.249.78.94 - - [13/Jan/2015:10:03:09 +0100] "GET / HTTP/1.1" 200 884 "-" "Mozilla/5.0 (compatible; Googlebot/2.1; +http://www.google.com/bot.html)"
207.46.13.35 - - [13/Jan/2015:10:16:34 +0100] "GET /robots.txt HTTP/1.1" 404 1181 "-" "Mozilla/5.0 (compatible; bingbot/2.0; +http://www.bing.com/bingbot.htm)"
78.131.88.110 - - [13/Jan/2015:10:39:23 +0100] "GET /aktualis_elemei/fnhv_elemei/image015.jpg HTTP/1.1" 200 11818 "http://www.bing.com/images/search?q=farsang+vet%c3%a9lked%c5%91&qpvt=farsang+vet%c3%a9lked%c5%91&FORM=IGRE&id=691B161D0CB3D9CBFDE9E20AB84E7C6BD86E5D4B&selectedIndex=0" "Mozilla/5.0 (Windows NT 6.1; WOW64; Trident/7.0; rv:11.0) like Gecko"
94.44.252.118 - - [13/Jan/2015:10:43:24 +0100] "GET /kiadvany/miskolchvte.pdf HTTP/1.1" 200 1047976 "https://www.google.hu/" "Mozilla/5.0 (Windows NT 6.1; WOW64) AppleWebKit/537.36 (KHTML, like Gecko) Chrome/39.0.2171.95 Safari/537.36"
66.249.78.67 - - [13/Jan/2015:11:04:31 +0100] "GET /kiadvany/miabio.pdf HTTP/1.1" 304 - "-" "Mozilla/5.0 (compatible; Googlebot/2.1; +http://www.google.com/bot.html)"
107.23.45.196 - - [13/Jan/2015:11:06:44 +0100] "GET / HTTP/1.1" 200 884 "http://greenaction.hu/" "Mozilla/5.0 (compatible; DuckDuckGo-Favicons-Bot/1.0; +http://duckduckgo.com)"
107.23.45.196 - - [13/Jan/2015:11:06:44 +0100] "GET /favicon.ico HTTP/1.1" 404 1181 "http://greenaction.hu/favicon.ico" "Mozilla/5.0 (compatible; DuckDuckGo-Favicons-Bot/1.0; +http://duckduckgo.com)"
212.96.58.83 - - [13/Jan/2015:11:22:27 +0100] "GET /favicon.ico HTTP/1.1" 404 1181 "-" "Mozilla/5.0 (X11; Ubuntu; Linux x86_64; rv:34.0) Gecko/20100101 Firefox/34.0"
212.96.58.83 - - [13/Jan/2015:11:22:27 +0100] "GET /favicon.ico HTTP/1.1" 404 1181 "-" "Mozilla/5.0 (X11; Ubuntu; Linux x86_64; rv:34.0) Gecko/20100101 Firefox/34.0"
66.249.78.67 - - [13/Jan/2015:11:57:05 +0100] "GET /aktualis_elemei/katonai.html HTTP/1.1" 304 - "-" "Mozilla/5.0 (compatible; Googlebot/2.1; +http://www.google.com/bot.html)"
94.21.68.238 - - [13/Jan/2015:12:08:53 +0100] "GET /aktualis_elemei/bio2szulinap_elemei/image126.jpg HTTP/1.1" 200 9363 "https://www.google.hu/" "Mozilla/5.0 (Windows NT 5.1) AppleWebKit/537.36 (KHTML, like Gecko) Chrome/39.0.2171.95 Safari/537.36"
37.57.231.119 - - [13/Jan/2015:12:22:02 +0100] "GET /wp-login.php HTTP/1.1" 404 1181 "-" "Mozilla/5.0 (Windows NT 6.0) AppleWebKit/537.1 (KHTML, like Gecko) Chrome/22.0.1229.79 Safari/537.4"
37.57.231.119 - - [13/Jan/2015:12:22:02 +0100] "GET /administrator/ HTTP/1.1" 404 1181 "-" "Mozilla/5.0 (Windows NT 6.0) AppleWebKit/537.1 (KHTML, like Gecko) Chrome/22.0.1229.79 Safari/537.4"
37.57.231.119 - - [13/Jan/2015:12:22:02 +0100] "GET /admin.php HTTP/1.1" 404 1181 "-" "Mozilla/5.0 (Windows NT 6.0) AppleWebKit/537.1 (KHTML, like Gecko) Chrome/22.0.1229.79 Safari/537.4"
66.249.78.74 - - [13/Jan/2015:12:33:45 +0100] "GET /robots.txt HTTP/1.1" 404 1181 "-" "Mozilla/5.0 (compatible; Googlebot/2.1; +http://www.google.com/bot.html)"
66.249.78.67 - - [13/Jan/2015:12:33:46 +0100] "GET /kiadvany/delbukk.pdf HTTP/1.1" 304 - "-" "Mozilla/5.0 (compatible; Googlebot/2.1; +http://www.google.com/bot.html)"
178.255.215.79 - - [13/Jan/2015:12:39:44 +0100] "GET /robots.txt HTTP/1.1" 404 1181 "-" "Mozilla/5.0 (compatible; Exabot/3.0; +http://www.exabot.com/go/robot)"
178.255.215.79 - - [13/Jan/2015:12:39:45 +0100] "GET / HTTP/1.1" 304 - "-" "Mozilla/5.0 (compatible; Exabot/3.0; +http://www.exabot.com/go/robot)"
66.249.67.65 - - [13/Jan/2015:12:40:55 +0100] "GET / HTTP/1.1" 200 884 "-" "DoCoMo/2.0 N905i(c100;TB;W24H16) (compatible; Googlebot-Mobile/2.1; +http://www.google.com/bot.html)"
66.249.78.74 - - [13/Jan/2015:12:55:39 +0100] "GET / HTTP/1.1" 200 884 "-" "Mozilla/5.0 (compatible; Googlebot/2.1; +http://www.google.com/bot.html)"
66.249.78.101 - - [13/Jan/2015:13:23:38 +0100] "GET /robots.txt HTTP/1.1" 404 1181 "-" "Mozilla/5.0 (compatible; Googlebot/2.1; +http://www.google.com/bot.html)"
66.249.78.108 - - [13/Jan/2015:13:23:38 +0100] "GET / HTTP/1.1" 200 884 "-" "Mozilla/5.0 (compatible; Googlebot/2.1; +http://www.google.com/bot.html)"
66.249.78.67 - - [13/Jan/2015:13:25:39 +0100] "GET /aktualis_elemei/bio2szulinap.html HTTP/1.1" 304 - "-" "Mozilla/5.0 (compatible; Googlebot/2.1; +http://www.google.com/bot.html)"
91.147.207.189 - - [13/Jan/2015:13:43:01 +0100] "GET /aktualis_elemei/bio2szulinap_elemei/image120.jpg HTTP/1.1" 200 9114 "-" "Mozilla/5.0 (Windows NT 6.1; WOW64; rv:34.0) Gecko/20100101 Firefox/34.0"
66.249.78.67 - - [13/Jan/2015:13:45:47 +0100] "GET / HTTP/1.1" 200 884 "-" "SAMSUNG-SGH-E250/1.0 Profile/MIDP-2.0 Configuration/CLDC-1.1 UP.Browser/6.2.3.3.c.1.101 (GUI) MMP/2.0 (compatible; Googlebot-Mobile/2.1; +http://www.google.com/bot.html)"
193.164.132.115 - - [13/Jan/2015:13:51:23 +0100] "GET / HTTP/1.1" 200 884 "http://www.studiofaca.com/" "Mozila/5.0 (compatible; StudioFACA Search; +http://www.studiofaca.com/)"
193.164.132.115 - - [13/Jan/2015:13:51:23 +0100] "GET / HTTP/1.0" 200 884 "-" "StudioFACA (http://www.studiofaca.com/)"
66.249.78.74 - - [13/Jan/2015:13:52:04 +0100] "GET /kiadvany/miabio.pdf HTTP/1.1" 304 - "-" "Mozilla/5.0 (compatible; Googlebot/2.1; +http://www.google.com/bot.html)"
79.117.38.194 - - [13/Jan/2015:14:01:41 +0100] "GET /aktualis_elemei/katonai_elemei/image004.jpg HTTP/1.1" 200 56554 "-" "Dalvik/1.6.0 (Linux; U; Android 4.2.2; Orange Reyo Build/JDQ39)"
198.252.44.15 - - [13/Jan/2015:14:09:51 +0100] "GET / HTTP/1.0" 200 884 "-" "=Mozilla/5.0 (Windows; U; Windows NT 6.1; en-US) AppleWebKit/534.16 (KHTML, like Gecko) Chrome/10.0.648.204 Safari/534.16"
212.96.58.83 - - [13/Jan/2015:14:11:01 +0100] "GET /favicon.ico HTTP/1.1" 404 1181 "-" "Mozilla/5.0 (X11; Ubuntu; Linux x86_64; rv:34.0) Gecko/20100101 Firefox/34.0"
66.249.78.101 - - [13/Jan/2015:14:58:34 +0100] "GET / HTTP/1.1" 200 884 "-" "Mozilla/5.0 (iPhone; CPU iPhone OS 6_0 like Mac OS X) AppleWebKit/536.26 (KHTML, like Gecko) Version/6.0 Mobile/10A5376e Safari/8536.25 (compatible; Googlebot/2.1; +http://www.google.com/bot.html)"
79.122.4.199 - - [13/Jan/2015:14:59:20 +0100] "GET /aktualis_elemei/bio2szulinap_elemei/image092.jpg HTTP/1.1" 200 7352 "-" "Dalvik/1.6.0 (Linux; U; Android 4.1.2; GT-S6310N Build/JZO54K)"
79.122.4.199 - - [13/Jan/2015:14:59:20 +0100] "GET /aktualis_elemei/bio2szulinap_elemei/image092.jpg HTTP/1.1" 200 7352 "-" "Dalvik/1.6.0 (Linux; U; Android 4.1.2; GT-S6310N Build/JZO54K)"
66.249.78.74 - - [13/Jan/2015:15:22:17 +0100] "GET / HTTP/1.1" 200 884 "-" "Mozilla/5.0 (compatible; Googlebot/2.1; +http://www.google.com/bot.html)"
66.249.78.74 - - [13/Jan/2015:15:24:05 +0100] "GET /aktualis_elemei/bio2szulinap.html HTTP/1.1" 304 - "-" "Mozilla/5.0 (compatible; Googlebot/2.1; +http://www.google.com/bot.html)"
207.46.13.35 - - [13/Jan/2015:15:28:36 +0100] "GET /aktualis_elemei/bioarak%2009.07.html HTTP/1.1" 200 504057 "-" "Mozilla/5.0 (compatible; bingbot/2.0; +http://www.bing.com/bingbot.htm)"
66.249.78.74 - - [13/Jan/2015:15:49:49 +0100] "GET / HTTP/1.1" 200 884 "-" "Mozilla/5.0 (iPhone; CPU iPhone OS 6_0 like Mac OS X) AppleWebKit/536.26 (KHTML, like Gecko) Version/6.0 Mobile/10A5376e Safari/8536.25 (compatible; Googlebot/2.1; +http://www.google.com/bot.html)"
68.180.228.124 - - [13/Jan/2015:16:30:32 +0100] "GET /robots.txt HTTP/1.1" 404 1181 "-" "Mozilla/5.0 (compatible; Yahoo! Slurp; http://help.yahoo.com/help/us/ysearch/slurp)"
68.180.228.124 - - [13/Jan/2015:16:30:32 +0100] "GET / HTTP/1.1" 304 - "-" "Mozilla/5.0 (compatible; Yahoo! Slurp; http://help.yahoo.com/help/us/ysearch/slurp)"
68.180.228.124 - - [13/Jan/2015:16:30:35 +0100] "GET /zoldakcio.swf HTTP/1.1" 200 840351 "-" "Mozilla/5.0 (compatible; Yahoo! Slurp; http://help.yahoo.com/help/us/ysearch/slurp)"
207.46.13.35 - - [13/Jan/2015:16:45:05 +0100] "GET / HTTP/1.1" 200 884 "-" "Mozilla/5.0 (compatible; bingbot/2.0; +http://www.bing.com/bingbot.htm)"
207.46.13.35 - - [13/Jan/2015:16:45:08 +0100] "GET /zoldakcio.swf HTTP/1.1" 200 840351 "-" "Mozilla/5.0 (compatible; bingbot/2.0; +http://www.bing.com/bingbot.htm)"
80.98.54.244 - - [13/Jan/2015:17:02:48 +0100] "GET /aktualis_elemei/katonai_elemei/image004.jpg HTTP/1.1" 200 56554 "https://www.google.hu/" "Mozilla/5.0 (Windows NT 6.1; WOW64) AppleWebKit/537.36 (KHTML, like Gecko) Chrome/39.0.2171.95 Safari/537.36"
66.249.78.74 - - [13/Jan/2015:17:04:32 +0100] "GET /kiadvany/miabio.pdf HTTP/1.1" 304 - "-" "Mozilla/5.0 (compatible; Googlebot/2.1; +http://www.google.com/bot.html)"
66.249.78.81 - - [13/Jan/2015:17:17:11 +0100] "GET /aktualis_elemei/bparak0929.html HTTP/1.1" 304 - "-" "Mozilla/5.0 (iPhone; CPU iPhone OS 6_0 like Mac OS X) AppleWebKit/536.26 (KHTML, like Gecko) Version/6.0 Mobile/10A5376e Safari/8536.25 (compatible; Googlebot/2.1; +http://www.google.com/bot.html)"
66.249.78.67 - - [13/Jan/2015:17:56:35 +0100] "GET / HTTP/1.1" 200 884 "-" "Mozilla/5.0 (compatible; Googlebot/2.1; +http://www.google.com/bot.html)"
66.249.78.81 - - [13/Jan/2015:18:10:16 +0100] "GET /archiv_elemei/bparak0915.html HTTP/1.1" 304 - "-" "Mozilla/5.0 (iPhone; CPU iPhone OS 6_0 like Mac OS X) AppleWebKit/536.26 (KHTML, like Gecko) Version/6.0 Mobile/10A5376e Safari/8536.25 (compatible; Googlebot/2.1; +http://www.google.com/bot.html)"
92.87.166.43 - - [13/Jan/2015:18:10:40 +0100] "GET /aktualis_elemei/katonai_elemei/image004.jpg HTTP/1.1" 200 56554 "https://www.google.hu/" "Mozilla/5.0 (Windows NT 5.1) AppleWebKit/537.36 (KHTML, like Gecko) Chrome/39.0.2171.95 Safari/537.36"
66.249.78.74 - - [13/Jan/2015:18:55:51 +0100] "GET /aktualis_elemei/bparak0929.html HTTP/1.1" 304 - "-" "Mozilla/5.0 (iPhone; CPU iPhone OS 6_0 like Mac OS X) AppleWebKit/536.26 (KHTML, like Gecko) Version/6.0 Mobile/10A5376e Safari/8536.25 (compatible; Googlebot/2.1; +http://www.google.com/bot.html)"
66.249.78.81 - - [13/Jan/2015:18:59:11 +0100] "GET /aktualis_elemei/bio2szulinap.html HTTP/1.1" 304 - "-" "Mozilla/5.0 (compatible; Googlebot/2.1; +http://www.google.com/bot.html)"
66.249.78.67 - - [13/Jan/2015:19:56:46 +0100] "GET /kiadvany/miabio.pdf HTTP/1.1" 304 - "-" "Mozilla/5.0 (compatible; Googlebot/2.1; +http://www.google.com/bot.html)"
66.249.78.74 - - [13/Jan/2015:20:38:45 +0100] "GET /aktualis_elemei/katonai.html HTTP/1.1" 304 - "-" "Mozilla/5.0 (compatible; Googlebot/2.1; +http://www.google.com/bot.html)"
66.249.78.67 - - [13/Jan/2015:20:47:47 +0100] "GET / HTTP/1.1" 200 884 "-" "Mozilla/5.0 (compatible; Googlebot/2.1; +http://www.google.com/bot.html)"
192.99.149.88 - - [13/Jan/2015:20:51:57 +0100] "GET / HTTP/1.1" 200 884 "-" "Mozilla/5.0 (Windows NT 6.1; WOW64; Trident/7.0; rv:11.0) like Gecko"
66.249.78.74 - - [13/Jan/2015:21:54:39 +0100] "GET /kiadvany/delbukk.pdf HTTP/1.1" 304 - "-" "Mozilla/5.0 (compatible; Googlebot/2.1; +http://www.google.com/bot.html)"
66.249.78.74 - - [13/Jan/2015:21:58:42 +0100] "GET /aktualis_elemei/bio2szulinap.html HTTP/1.1" 304 - "-" "Mozilla/5.0 (compatible; Googlebot/2.1; +http://www.google.com/bot.html)"
95.108.158.230 - - [13/Jan/2015:22:05:22 +0100] "GET /robots.txt HTTP/1.1" 404 1181 "-" "Mozilla/5.0 (compatible; YandexBot/3.0; +http://yandex.com/bots)"
95.108.158.230 - - [13/Jan/2015:22:05:24 +0100] "GET / HTTP/1.1" 304 - "-" "Mozilla/5.0 (compatible; YandexBot/3.0; +http://yandex.com/bots)"
54.154.88.226 - - [13/Jan/2015:23:33:43 +0100] "GET /robots.txt HTTP/1.1" 404 1181 "-" "Mozilla/5.0 (compatible; JobKeresoBot; http://www.kozvetlen-allasok.hu/help.jsp jobkereso at gmail dot com)"
54.154.88.226 - - [13/Jan/2015:23:33:43 +0100] "GET / HTTP/1.1" 200 884 "-" "Mozilla/5.0 (compatible; JobKeresoBot; http://www.kozvetlen-allasok.hu/help.jsp jobkereso at gmail dot com)"
54.154.105.107 - - [13/Jan/2015:23:43:13 +0100] "GET /robots.txt HTTP/1.1" 404 1181 "-" "Mozilla/5.0 (compatible; JobKeresoBot; http://www.kozvetlen-allasok.hu/help.jsp jobkereso at gmail dot com)"
54.154.105.107 - - [13/Jan/2015:23:43:13 +0100] "GET / HTTP/1.1" 200 884 "-" "Mozilla/5.0 (compatible; JobKeresoBot; http://www.kozvetlen-allasok.hu/help.jsp jobkereso at gmail dot com)"
66.249.78.67 - - [14/Jan/2015:01:07:50 +0100] "GET /robots.txt HTTP/1.1" 404 1181 "-" "Mozilla/5.0 (compatible; Googlebot/2.1; +http://www.google.com/bot.html)"
66.249.78.67 - - [14/Jan/2015:01:07:51 +0100] "GET /aktualis_elemei/loverecycling.html HTTP/1.1" 200 11087 "-" "Mozilla/5.0 (iPhone; CPU iPhone OS 6_0 like Mac OS X) AppleWebKit/536.26 (KHTML, like Gecko) Version/6.0 Mobile/10A5376e Safari/8536.25 (compatible; Googlebot/2.1; +http://www.google.com/bot.html)"
180.76.6.158 - - [14/Jan/2015:01:21:08 +0100] "GET / HTTP/1.1" 200 884 "-" "Mozilla/5.0 (compatible; Baiduspider/2.0; +http://www.baidu.com/search/spider.html)"
207.46.13.35 - - [14/Jan/2015:01:25:04 +0100] "GET /archiv.html HTTP/1.1" 304 - "-" "Mozilla/5.0 (compatible; bingbot/2.0; +http://www.bing.com/bingbot.htm)"
207.46.13.35 - - [14/Jan/2015:01:25:20 +0100] "GET /archiv.html HTTP/1.1" 304 - "-" "Mozilla/5.0 (compatible; bingbot/2.0; +http://www.bing.com/bingbot.htm)"
188.165.15.210 - - [14/Jan/2015:01:52:06 +0100] "GET /robots.txt HTTP/1.1" 404 1181 "-" "Mozilla/5.0 (compatible; AhrefsBot/5.0; +http://ahrefs.com/robot/)"
220.181.108.121 - - [14/Jan/2015:02:07:35 +0100] "GET / HTTP/1.1" 200 884 "-" "Mozilla/5.0 (compatible; Baiduspider/2.0; +http://www.baidu.com/search/spider.html)"
123.125.71.54 - - [14/Jan/2015:02:07:46 +0100] "GET / HTTP/1.1" 200 884 "-" "Mozilla/5.0 (compatible; Baiduspider/2.0; +http://www.baidu.com/search/spider.html)"
157.55.39.229 - - [14/Jan/2015:02:41:37 +0100] "GET /aktualis_elemei/knavastc.html HTTP/1.1" 200 12073 "-" "Mozilla/5.0 (compatible; bingbot/2.0; +http://www.bing.com/bingbot.htm)"
66.249.78.101 - - [14/Jan/2015:03:36:54 +0100] "GET /robots.txt HTTP/1.1" 404 1181 "-" "Mozilla/5.0 (compatible; Googlebot/2.1; +http://www.google.com/bot.html)"
66.249.78.108 - - [14/Jan/2015:03:36:54 +0100] "GET / HTTP/1.1" 200 884 "-" "Mozilla/5.0 (iPhone; CPU iPhone OS 6_0 like Mac OS X) AppleWebKit/536.26 (KHTML, like Gecko) Version/6.0 Mobile/10A5376e Safari/8536.25 (compatible; Googlebot/2.1; +http://www.google.com/bot.html)"
66.249.78.67 - - [14/Jan/2015:03:46:41 +0100] "GET / HTTP/1.1" 200 884 "-" "Mozilla/5.0 (iPhone; CPU iPhone OS 6_0 like Mac OS X) AppleWebKit/536.26 (KHTML, like Gecko) Version/6.0 Mobile/10A5376e Safari/8536.25 (compatible; Googlebot/2.1; +http://www.google.com/bot.html)"
198.252.44.7 - - [14/Jan/2015:04:54:36 +0100] "GET / HTTP/1.0" 200 884 "-" "=Mozilla/5.0 (Windows; U; Windows NT 6.1; en-US) AppleWebKit/534.16 (KHTML, like Gecko) Chrome/10.0.648.204 Safari/534.16"
85.25.210.189 - - [14/Jan/2015:05:34:38 +0100] "GET / HTTP/1.1" 200 884 "-" "Python-urllib/2.7"
207.46.13.133 - - [14/Jan/2015:06:15:48 +0100] "GET /aktualis_elemei/feleslegesaruk.html HTTP/1.1" 200 36259 "-" "Mozilla/5.0 (compatible; bingbot/2.0; +http://www.bing.com/bingbot.htm)"
93.125.115.102 - - [14/Jan/2015:06:43:02 +0100] "GET / HTTP/1.0" 200 884 "-" "-"
93.125.115.102 - - [14/Jan/2015:06:43:02 +0100] "GET /wp-login.php HTTP/1.0" 404 1181 "-" "-"
93.125.115.102 - - [14/Jan/2015:06:43:02 +0100] "GET /administrator/index.php HTTP/1.0" 404 1181 "-" "-"
93.125.115.102 - - [14/Jan/2015:06:43:03 +0100] "GET /user HTTP/1.0" 404 1181 "-" "-"
93.125.115.102 - - [14/Jan/2015:06:43:03 +0100] "GET /admin.php HTTP/1.0" 404 1181 "-" "-"
95.240.234.48 - - [14/Jan/2015:07:45:42 +0100] "GET /index.php?option=com_community&view=frontpage HTTP/1.1" 404 1181 "-" "Mozilla/5.0 (Windows NT 6.2; Win64; x64) AppleWebKit/537.36 (KHTML, like Gecko) Chrome/32.0.1667.0 Safari/537.36"
207.46.13.133 - - [14/Jan/2015:09:31:00 +0100] "GET /aktualis_elemei/fnhv_elemei/image026.jpg HTTP/1.1" 200 11706 "-" "Mozilla/5.0 (compatible; bingbot/2.0; +http://www.bing.com/bingbot.htm)"
207.46.13.35 - - [14/Jan/2015:09:34:04 +0100] "GET /robots.txt HTTP/1.1" 404 1181 "-" "Mozilla/5.0 (compatible; bingbot/2.0; +http://www.bing.com/bingbot.htm)"
207.46.13.35 - - [14/Jan/2015:09:37:31 +0100] "GET /aktualis_elemei/bio2szulinap_elemei/image018.gif HTTP/1.1" 200 41110 "-" "Mozilla/5.0 (compatible; bingbot/2.0; +http://www.bing.com/bingbot.htm)"
157.55.39.41 - - [14/Jan/2015:09:38:40 +0100] "GET /aktualis_elemei/bio2szulinap_elemei/image030.jpg HTTP/1.1" 200 18167 "-" "Mozilla/5.0 (compatible; bingbot/2.0; +http://www.bing.com/bingbot.htm)"
157.55.39.228 - - [14/Jan/2015:09:38:54 +0100] "GET /aktualis_elemei/bio2szulinap_elemei/image032.jpg HTTP/1.1" 200 16073 "-" "Mozilla/5.0 (compatible; bingbot/2.0; +http://www.bing.com/bingbot.htm)"
157.55.39.228 - - [14/Jan/2015:09:41:04 +0100] "GET /aktualis_elemei/bio2szulinap_elemei/image034.jpg HTTP/1.1" 200 17799 "-" "Mozilla/5.0 (compatible; bingbot/2.0; +http://www.bing.com/bingbot.htm)"
157.55.39.41 - - [14/Jan/2015:09:41:48 +0100] "GET /aktualis_elemei/mszforum_elemei/image002.jpg HTTP/1.1" 200 7019 "-" "Mozilla/5.0 (compatible; bingbot/2.0; +http://www.bing.com/bingbot.htm)"
207.46.13.35 - - [14/Jan/2015:09:42:09 +0100] "GET /robots.txt HTTP/1.1" 404 1181 "-" "Mozilla/5.0 (compatible; bingbot/2.0; +http://www.bing.com/bingbot.htm)"
157.55.39.228 - - [14/Jan/2015:09:42:59 +0100] "GET /aktualis_elemei/bio2szulinap_elemei/image010.jpg HTTP/1.1" 200 13442 "-" "Mozilla/5.0 (compatible; bingbot/2.0; +http://www.bing.com/bingbot.htm)"
207.46.13.35 - - [14/Jan/2015:09:43:06 +0100] "GET /aktualis_elemei/fnhv_elemei/image022.jpg HTTP/1.1" 200 9202 "-" "Mozilla/5.0 (compatible; bingbot/2.0; +http://www.bing.com/bingbot.htm)"
157.55.39.229 - - [14/Jan/2015:09:47:24 +0100] "GET /aktualis_elemei/fnhv_elemei/image007.jpg HTTP/1.1" 200 11194 "-" "Mozilla/5.0 (compatible; bingbot/2.0; +http://www.bing.com/bingbot.htm)"
157.55.39.41 - - [14/Jan/2015:09:48:13 +0100] "GET /aktualis_elemei/bio2szulinap_elemei/image106.jpg HTTP/1.1" 200 7697 "-" "Mozilla/5.0 (compatible; bingbot/2.0; +http://www.bing.com/bingbot.htm)"
157.55.39.41 - - [14/Jan/2015:09:49:47 +0100] "GET /aktualis_elemei/fnhv_elemei/image005.jpg HTTP/1.1" 200 9968 "-" "Mozilla/5.0 (compatible; bingbot/2.0; +http://www.bing.com/bingbot.htm)"
207.46.13.35 - - [14/Jan/2015:09:50:49 +0100] "GET /robots.txt HTTP/1.1" 404 1181 "-" "Mozilla/5.0 (compatible; bingbot/2.0; +http://www.bing.com/bingbot.htm)"
157.55.39.41 - - [14/Jan/2015:09:52:17 +0100] "GET /aktualis_elemei/bio2szulinap_elemei/image092.jpg HTTP/1.1" 200 7352 "-" "Mozilla/5.0 (compatible; bingbot/2.0; +http://www.bing.com/bingbot.htm)"
89.186.120.15 - - [14/Jan/2015:09:55:28 +0100] "GET /aktualis_elemei/bio2szulinap_elemei/image056.jpg HTTP/1.1" 200 10317 "-" "Mozilla/5.0 (Windows NT 6.1; WOW64; rv:34.0) Gecko/20100101 Firefox/34.0"
157.55.39.228 - - [14/Jan/2015:09:56:10 +0100] "GET /aktualis_elemei/bio2szulinap_elemei/image016.jpg HTTP/1.1" 200 7778 "-" "Mozilla/5.0 (compatible; bingbot/2.0; +http://www.bing.com/bingbot.htm)"
157.55.39.41 - - [14/Jan/2015:09:58:54 +0100] "GET /aktualis_elemei/fnhv_elemei/image012.jpg HTTP/1.1" 200 6893 "-" "Mozilla/5.0 (compatible; bingbot/2.0; +http://www.bing.com/bingbot.htm)"
157.55.39.40 - - [14/Jan/2015:09:59:19 +0100] "GET /aktualis_elemei/bio2szulinap_elemei/image040.jpg HTTP/1.1" 200 16250 "-" "Mozilla/5.0 (compatible; bingbot/2.0; +http://www.bing.com/bingbot.htm)"
157.55.39.41 - - [14/Jan/2015:10:02:31 +0100] "GET /aktualis_elemei/bio2szulinap_elemei/image012.jpg HTTP/1.1" 200 11039 "-" "Mozilla/5.0 (compatible; bingbot/2.0; +http://www.bing.com/bingbot.htm)"
157.55.39.41 - - [14/Jan/2015:10:02:44 +0100] "GET /aktualis_elemei/bio2szulinap_elemei/image100.jpg HTTP/1.1" 200 7946 "-" "Mozilla/5.0 (compatible; bingbot/2.0; +http://www.bing.com/bingbot.htm)"
157.55.39.228 - - [14/Jan/2015:10:02:48 +0100] "GET /aktualis_elemei/bio2szulinap_elemei/image042.jpg HTTP/1.1" 200 16066 "-" "Mozilla/5.0 (compatible; bingbot/2.0; +http://www.bing.com/bingbot.htm)"
157.55.39.40 - - [14/Jan/2015:10:04:29 +0100] "GET /aktualis_elemei/bio2szulinap_elemei/image062.jpg HTTP/1.1" 200 10742 "-" "Mozilla/5.0 (compatible; bingbot/2.0; +http://www.bing.com/bingbot.htm)"
157.55.39.229 - - [14/Jan/2015:10:06:43 +0100] "GET /aktualis_elemei/bio2szulinap_elemei/image102.jpg HTTP/1.1" 200 8017 "-" "Mozilla/5.0 (compatible; bingbot/2.0; +http://www.bing.com/bingbot.htm)"
157.55.39.229 - - [14/Jan/2015:10:07:33 +0100] "GET /aktualis_elemei/bio2szulinap_elemei/image038.jpg HTTP/1.1" 200 14459 "-" "Mozilla/5.0 (compatible; bingbot/2.0; +http://www.bing.com/bingbot.htm)"
157.55.39.228 - - [14/Jan/2015:10:10:03 +0100] "GET /aktualis_elemei/fnhv_elemei/image025.jpg HTTP/1.1" 200 13871 "-" "Mozilla/5.0 (compatible; bingbot/2.0; +http://www.bing.com/bingbot.htm)"
157.55.39.41 - - [14/Jan/2015:10:10:54 +0100] "GET /aktualis_elemei/bio2szulinap_elemei/image068.jpg HTTP/1.1" 200 7021 "-" "Mozilla/5.0 (compatible; bingbot/2.0; +http://www.bing.com/bingbot.htm)"
207.46.13.133 - - [14/Jan/2015:10:14:20 +0100] "GET /aktualis_elemei/bio2szulinap_elemei/image078.jpg HTTP/1.1" 200 7760 "-" "Mozilla/5.0 (compatible; bingbot/2.0; +http://www.bing.com/bingbot.htm)"
157.55.39.41 - - [14/Jan/2015:10:15:35 +0100] "GET /aktualis_elemei/bio2szulinap_elemei/image122.jpg HTTP/1.1" 200 8543 "-" "Mozilla/5.0 (compatible; bingbot/2.0; +http://www.bing.com/bingbot.htm)"
157.55.39.229 - - [14/Jan/2015:10:15:44 +0100] "GET /aktualis_elemei/bio2szulinap_elemei/image048.jpg HTTP/1.1" 200 13760 "-" "Mozilla/5.0 (compatible; bingbot/2.0; +http://www.bing.com/bingbot.htm)"
157.55.39.229 - - [14/Jan/2015:10:15:46 +0100] "GET /aktualis_elemei/bio2szulinap_elemei/image020.gif HTTP/1.1" 200 44876 "-" "Mozilla/5.0 (compatible; bingbot/2.0; +http://www.bing.com/bingbot.htm)"
157.55.39.41 - - [14/Jan/2015:10:16:15 +0100] "GET /aktualis_elemei/fnhv_elemei/image021.jpg HTTP/1.1" 200 8966 "-" "Mozilla/5.0 (compatible; bingbot/2.0; +http://www.bing.com/bingbot.htm)"
157.55.39.228 - - [14/Jan/2015:10:19:07 +0100] "GET /aktualis_elemei/bio2szulinap_elemei/image044.jpg HTTP/1.1" 200 11923 "-" "Mozilla/5.0 (compatible; bingbot/2.0; +http://www.bing.com/bingbot.htm)"
157.55.39.41 - - [14/Jan/2015:10:19:51 +0100] "GET /aktualis_elemei/bio2szulinap_elemei/image124.jpg HTTP/1.1" 200 8278 "-" "Mozilla/5.0 (compatible; bingbot/2.0; +http://www.bing.com/bingbot.htm)"
157.55.39.41 - - [14/Jan/2015:10:21:01 +0100] "GET /aktualis_elemei/bio2szulinap_elemei/image046.jpg HTTP/1.1" 200 12403 "-" "Mozilla/5.0 (compatible; bingbot/2.0; +http://www.bing.com/bingbot.htm)"
207.46.13.133 - - [14/Jan/2015:10:23:20 +0100] "GET /aktualis_elemei/bio2szulinap_elemei/image026.jpg HTTP/1.1" 200 12161 "-" "Mozilla/5.0 (compatible; bingbot/2.0; +http://www.bing.com/bingbot.htm)"
207.46.13.133 - - [14/Jan/2015:10:23:21 +0100] "GET /aktualis_elemei/bio2szulinap_elemei/image050.jpg HTTP/1.1" 200 12224 "-" "Mozilla/5.0 (compatible; bingbot/2.0; +http://www.bing.com/bingbot.htm)"
157.55.39.229 - - [14/Jan/2015:10:25:14 +0100] "GET /aktualis_elemei/bio2szulinap_elemei/image096.jpg HTTP/1.1" 200 8771 "-" "Mozilla/5.0 (compatible; bingbot/2.0; +http://www.bing.com/bingbot.htm)"
157.55.39.40 - - [14/Jan/2015:10:25:25 +0100] "GET /aktualis_elemei/fnhv_elemei/image014.jpg HTTP/1.1" 200 11092 "-" "Mozilla/5.0 (compatible; bingbot/2.0; +http://www.bing.com/bingbot.htm)"
157.55.39.40 - - [14/Jan/2015:10:25:26 +0100] "GET /aktualis_elemei/fnhv_elemei/image009.jpg HTTP/1.1" 200 8066 "-" "Mozilla/5.0 (compatible; bingbot/2.0; +http://www.bing.com/bingbot.htm)"
157.55.39.41 - - [14/Jan/2015:10:26:10 +0100] "GET /aktualis_elemei/bio2szulinap_elemei/image014.jpg HTTP/1.1" 200 10796 "-" "Mozilla/5.0 (compatible; bingbot/2.0; +http://www.bing.com/bingbot.htm)"
220.181.108.114 - - [14/Jan/2015:10:26:19 +0100] "GET /kiadvany/delbukk.pdf HTTP/1.1" 304 - "-" "Mozilla/5.0 (compatible; Baiduspider/2.0; +http://www.baidu.com/search/spider.html)"
157.55.39.229 - - [14/Jan/2015:10:26:45 +0100] "GET /aktualis_elemei/katonai_elemei/image002.jpg HTTP/1.1" 200 34104 "-" "Mozilla/5.0 (compatible; bingbot/2.0; +http://www.bing.com/bingbot.htm)"
157.55.39.228 - - [14/Jan/2015:10:26:59 +0100] "GET /aktualis_elemei/bio2szulinap_elemei/image060.jpg HTTP/1.1" 200 16684 "-" "Mozilla/5.0 (compatible; bingbot/2.0; +http://www.bing.com/bingbot.htm)"
157.55.39.41 - - [14/Jan/2015:10:27:07 +0100] "GET /robots.txt HTTP/1.1" 404 1181 "-" "Mozilla/5.0 (compatible; bingbot/2.0; +http://www.bing.com/bingbot.htm)"
157.55.39.41 - - [14/Jan/2015:10:27:08 +0100] "GET /aktualis_elemei/fnhv_elemei/image003.jpg HTTP/1.1" 200 7360 "-" "Mozilla/5.0 (compatible; bingbot/2.0; +http://www.bing.com/bingbot.htm)"
207.46.13.133 - - [14/Jan/2015:10:27:32 +0100] "GET /robots.txt HTTP/1.1" 404 1181 "-" "Mozilla/5.0 (compatible; bingbot/2.0; +http://www.bing.com/bingbot.htm)"
207.46.13.133 - - [14/Jan/2015:10:28:01 +0100] "GET /aktualis_elemei/bio2szulinap_elemei/image002.jpg HTTP/1.1" 200 13498 "-" "Mozilla/5.0 (compatible; bingbot/2.0; +http://www.bing.com/bingbot.htm)"
157.55.39.229 - - [14/Jan/2015:10:35:14 +0100] "GET /aktualis_elemei/bio2szulinap_elemei/image120.jpg HTTP/1.1" 200 9114 "-" "Mozilla/5.0 (compatible; bingbot/2.0; +http://www.bing.com/bingbot.htm)"
66.249.78.67 - - [14/Jan/2015:10:36:52 +0100] "GET /aktualis_elemei/kakcionap.html HTTP/1.1" 200 9027 "-" "Mozilla/5.0 (iPhone; CPU iPhone OS 6_0 like Mac OS X) AppleWebKit/536.26 (KHTML, like Gecko) Version/6.0 Mobile/10A5376e Safari/8536.25 (compatible; Googlebot/2.1; +http://www.google.com/bot.html)"
157.55.39.41 - - [14/Jan/2015:10:37:47 +0100] "GET /aktualis_elemei/bio2szulinap_elemei/image098.jpg HTTP/1.1" 200 8855 "-" "Mozilla/5.0 (compatible; bingbot/2.0; +http://www.bing.com/bingbot.htm)"
157.55.39.228 - - [14/Jan/2015:10:37:51 +0100] "GET /aktualis_elemei/fnhv_elemei/image016.jpg HTTP/1.1" 200 12069 "-" "Mozilla/5.0 (compatible; bingbot/2.0; +http://www.bing.com/bingbot.htm)"
157.55.39.41 - - [14/Jan/2015:10:39:02 +0100] "GET /aktualis_elemei/bio2szulinap_elemei/image036.jpg HTTP/1.1" 200 13931 "-" "Mozilla/5.0 (compatible; bingbot/2.0; +http://www.bing.com/bingbot.htm)"
207.46.13.133 - - [14/Jan/2015:10:39:22 +0100] "GET /aktualis_elemei/bio2szulinap_elemei/image004.jpg HTTP/1.1" 200 9638 "-" "Mozilla/5.0 (compatible; bingbot/2.0; +http://www.bing.com/bingbot.htm)"
207.46.13.35 - - [14/Jan/2015:10:46:32 +0100] "GET /aktualis_elemei/bio2szulinap_elemei/image070.jpg HTTP/1.1" 200 9176 "-" "Mozilla/5.0 (compatible; bingbot/2.0; +http://www.bing.com/bingbot.htm)"
207.46.13.35 - - [14/Jan/2015:10:46:34 +0100] "GET /aktualis_elemei/bio2szulinap_elemei/image130.jpg HTTP/1.1" 200 7636 "-" "Mozilla/5.0 (compatible; bingbot/2.0; +http://www.bing.com/bingbot.htm)"
157.55.39.229 - - [14/Jan/2015:10:47:36 +0100] "GET /aktualis_elemei/fnhv_elemei/image010.jpg HTTP/1.1" 200 8890 "-" "Mozilla/5.0 (compatible; bingbot/2.0; +http://www.bing.com/bingbot.htm)"
157.55.39.41 - - [14/Jan/2015:10:47:44 +0100] "GET /aktualis_elemei/fnhv_elemei/image018.jpg HTTP/1.1" 200 11108 "-" "Mozilla/5.0 (compatible; bingbot/2.0; +http://www.bing.com/bingbot.htm)"
207.46.13.133 - - [14/Jan/2015:10:48:57 +0100] "GET /aktualis_elemei/bio2szulinap_elemei/image088.jpg HTTP/1.1" 200 7592 "-" "Mozilla/5.0 (compatible; bingbot/2.0; +http://www.bing.com/bingbot.htm)"
207.46.13.133 - - [14/Jan/2015:10:51:42 +0100] "GET /aktualis_elemei/fnhv_elemei/image020.jpg HTTP/1.1" 200 12922 "-" "Mozilla/5.0 (compatible; bingbot/2.0; +http://www.bing.com/bingbot.htm)"
207.46.13.35 - - [14/Jan/2015:10:54:11 +0100] "GET /aktualis_elemei/bio2szulinap_elemei/image006.jpg HTTP/1.1" 200 9889 "-" "Mozilla/5.0 (compatible; bingbot/2.0; +http://www.bing.com/bingbot.htm)"
207.46.13.35 - - [14/Jan/2015:10:54:13 +0100] "GET /aktualis_elemei/bio2szulinap_elemei/image112.jpg HTTP/1.1" 200 8269 "-" "Mozilla/5.0 (compatible; bingbot/2.0; +http://www.bing.com/bingbot.htm)"
157.55.39.41 - - [14/Jan/2015:10:54:39 +0100] "GET /aktualis_elemei/bio2szulinap_elemei/image064.jpg HTTP/1.1" 200 12049 "-" "Mozilla/5.0 (compatible; bingbot/2.0; +http://www.bing.com/bingbot.htm)"
