94.27.198.142 - - [04/Aug/2015:14:54:39 +0200] "GET /aktualis_elemei/bio2szulinap_elemei/image092.jpg HTTP/1.1" 200 7352 "https://www.google.hu" "Mozilla/5.0 (Windows NT 5.1; rv:39.0) Gecko/20100101 Firefox/39.0"
157.55.39.52 - - [04/Aug/2015:15:48:29 +0200] "GET /robots.txt HTTP/1.1" 404 1181 "-" "Mozilla/5.0 (compatible; bingbot/2.0; +http://www.bing.com/bingbot.htm)"
66.249.75.34 - - [04/Aug/2015:15:59:50 +0200] "GET / HTTP/1.1" 200 884 "-" "Mozilla/5.0 (compatible; Googlebot/2.1; +http://www.google.com/bot.html)"
5.187.142.245 - - [04/Aug/2015:17:50:27 +0200] "GET /aktualis_elemei/bio2szulinap_elemei/image108.jpg HTTP/1.1" 200 9238 "https://www.google.hu/" "Mozilla/5.0 (Windows NT 6.1; WOW64) AppleWebKit/537.36 (KHTML, like Gecko) Chrome/44.0.2403.125 Safari/537.36"
5.187.142.245 - - [04/Aug/2015:17:50:30 +0200] "GET /aktualis_elemei/bio2szulinap_elemei/image106.jpg HTTP/1.1" 200 7697 "https://www.google.hu/" "Mozilla/5.0 (Windows NT 6.1; WOW64) AppleWebKit/537.36 (KHTML, like Gecko) Chrome/44.0.2403.125 Safari/537.36"
207.46.13.139 - - [04/Aug/2015:17:51:11 +0200] "GET /aktualis_elemei/klimaorjaratp.html HTTP/1.1" 200 9683 "-" "Mozilla/5.0 (compatible; bingbot/2.0; +http://www.bing.com/bingbot.htm)"
91.209.114.250 - - [04/Aug/2015:18:46:54 +0200] "GET /aktualis_elemei/bio2szulinap_elemei/image134.jpg HTTP/1.1" 200 10678 "https://www.google.hu/" "Mozilla/5.0 (Windows NT 6.1; WOW64) AppleWebKit/537.36 (KHTML, like Gecko) Chrome/44.0.2403.125 Safari/537.36"
177.64.66.165 - - [04/Aug/2015:19:42:16 +0200] "GET / HTTP/1.1" 200 884 "http://buttons-for-website.com" "Mozilla/5.0 (Windows NT 6.1; WOW64) AppleWebKit/537.36 (KHTML, like Gecko) Chrome/36.0.1985.143 Safari/537.36"
177.64.66.165 - - [04/Aug/2015:19:42:17 +0200] "GET /pattern.jpg HTTP/1.1" 200 13798 "http://greenaction.hu/" "Mozilla/5.0 (Windows NT 6.1; WOW64) AppleWebKit/537.36 (KHTML, like Gecko) Chrome/36.0.1985.143 Safari/537.36"
85.238.79.49 - - [04/Aug/2015:19:46:05 +0200] "GET / HTTP/1.1" 200 884 "https://www.google.hu" "Mozilla/5.0 (Windows NT 6.1; rv:39.0) Gecko/20100101 Firefox/39.0"
85.238.79.49 - - [04/Aug/2015:19:46:05 +0200] "GET /pattern.jpg HTTP/1.1" 200 13798 "http://www.greenaction.hu/" "Mozilla/5.0 (Windows NT 6.1; rv:39.0) Gecko/20100101 Firefox/39.0"
85.238.79.49 - - [04/Aug/2015:19:46:05 +0200] "GET /zoldakcio.swf HTTP/1.1" 200 840351 "http://www.greenaction.hu/" "Mozilla/5.0 (Windows NT 6.1; rv:39.0) Gecko/20100101 Firefox/39.0"
85.238.79.49 - - [04/Aug/2015:19:46:06 +0200] "GET /banner/norway.jpg HTTP/1.1" 200 3191 "http://www.greenaction.hu/zoldakcio.swf" "Mozilla/5.0 (Windows NT 6.1; rv:39.0) Gecko/20100101 Firefox/39.0"
85.238.79.49 - - [04/Aug/2015:19:46:06 +0200] "GET /hirek/hirek.txt HTTP/1.1" 200 96857 "http://www.greenaction.hu/zoldakcio.swf" "Mozilla/5.0 (Windows NT 6.1; rv:39.0) Gecko/20100101 Firefox/39.0"
85.238.79.49 - - [04/Aug/2015:19:46:06 +0200] "GET /esemenynaptar/SparkEventsCalendar_loadVars.txt HTTP/1.1" 200 72712 "http://www.greenaction.hu/zoldakcio.swf" "Mozilla/5.0 (Windows NT 6.1; rv:39.0) Gecko/20100101 Firefox/39.0"
85.238.79.49 - - [04/Aug/2015:19:46:06 +0200] "GET /hirek/biomassza_forum.jpg HTTP/1.1" 200 6616 "http://www.greenaction.hu/zoldakcio.swf" "Mozilla/5.0 (Windows NT 6.1; rv:39.0) Gecko/20100101 Firefox/39.0"
85.238.79.49 - - [04/Aug/2015:19:46:06 +0200] "GET /hirek/kocsonyabeka.jpg HTTP/1.1" 200 4334 "http://www.greenaction.hu/zoldakcio.swf" "Mozilla/5.0 (Windows NT 6.1; rv:39.0) Gecko/20100101 Firefox/39.0"
85.238.79.49 - - [04/Aug/2015:19:46:06 +0200] "GET /hirek/beno.jpg HTTP/1.1" 200 2623 "http://www.greenaction.hu/zoldakcio.swf" "Mozilla/5.0 (Windows NT 6.1; rv:39.0) Gecko/20100101 Firefox/39.0"
85.238.79.49 - - [04/Aug/2015:19:46:06 +0200] "GET /hirek/gmokrumpli.jpg HTTP/1.1" 200 9110 "http://www.greenaction.hu/zoldakcio.swf" "Mozilla/5.0 (Windows NT 6.1; rv:39.0) Gecko/20100101 Firefox/39.0"
85.238.79.49 - - [04/Aug/2015:19:46:06 +0200] "GET /hirek/nullahullakovesd%20011.jpg HTTP/1.1" 200 8674 "http://www.greenaction.hu/zoldakcio.swf" "Mozilla/5.0 (Windows NT 6.1; rv:39.0) Gecko/20100101 Firefox/39.0"
85.238.79.49 - - [04/Aug/2015:19:46:06 +0200] "GET /hirek/biomassza2.jpg HTTP/1.1" 404 1181 "http://www.greenaction.hu/zoldakcio.swf" "Mozilla/5.0 (Windows NT 6.1; rv:39.0) Gecko/20100101 Firefox/39.0"
85.238.79.49 - - [04/Aug/2015:19:46:06 +0200] "GET /hirek/programindito.jpg HTTP/1.1" 200 6594 "http://www.greenaction.hu/zoldakcio.swf" "Mozilla/5.0 (Windows NT 6.1; rv:39.0) Gecko/20100101 Firefox/39.0"
85.238.79.49 - - [04/Aug/2015:19:46:06 +0200] "GET /hirek/helyivedett.jpg HTTP/1.1" 404 1181 "http://www.greenaction.hu/zoldakcio.swf" "Mozilla/5.0 (Windows NT 6.1; rv:39.0) Gecko/20100101 Firefox/39.0"
85.238.79.49 - - [04/Aug/2015:19:46:06 +0200] "GET /hirek/foldnapja.jpg HTTP/1.1" 200 4081 "http://www.greenaction.hu/zoldakcio.swf" "Mozilla/5.0 (Windows NT 6.1; rv:39.0) Gecko/20100101 Firefox/39.0"
85.238.79.49 - - [04/Aug/2015:19:46:06 +0200] "GET /hirek/foldnap2010.jpg HTTP/1.1" 200 7191 "http://www.greenaction.hu/zoldakcio.swf" "Mozilla/5.0 (Windows NT 6.1; rv:39.0) Gecko/20100101 Firefox/39.0"
85.238.79.49 - - [04/Aug/2015:19:46:06 +0200] "GET /hirek/gmoevo.jpg HTTP/1.1" 200 2951 "http://www.greenaction.hu/zoldakcio.swf" "Mozilla/5.0 (Windows NT 6.1; rv:39.0) Gecko/20100101 Firefox/39.0"
85.238.79.49 - - [04/Aug/2015:19:46:06 +0200] "GET /hirek/gmofree.gif HTTP/1.1" 404 1181 "http://www.greenaction.hu/zoldakcio.swf" "Mozilla/5.0 (Windows NT 6.1; rv:39.0) Gecko/20100101 Firefox/39.0"
85.238.79.49 - - [04/Aug/2015:19:46:06 +0200] "GET /hirek/torta.jpg HTTP/1.1" 404 1181 "http://www.greenaction.hu/zoldakcio.swf" "Mozilla/5.0 (Windows NT 6.1; rv:39.0) Gecko/20100101 Firefox/39.0"
85.238.79.49 - - [04/Aug/2015:19:46:06 +0200] "GET /hirek/paprika.jpg HTTP/1.1" 404 1181 "http://www.greenaction.hu/zoldakcio.swf" "Mozilla/5.0 (Windows NT 6.1; rv:39.0) Gecko/20100101 Firefox/39.0"
85.238.79.49 - - [04/Aug/2015:19:46:06 +0200] "GET /hirek/abauji.jpg HTTP/1.1" 200 21716 "http://www.greenaction.hu/zoldakcio.swf" "Mozilla/5.0 (Windows NT 6.1; rv:39.0) Gecko/20100101 Firefox/39.0"
85.238.79.49 - - [04/Aug/2015:19:46:06 +0200] "GET /hirek/benzinpisztoly.jpg HTTP/1.1" 200 2317 "http://www.greenaction.hu/zoldakcio.swf" "Mozilla/5.0 (Windows NT 6.1; rv:39.0) Gecko/20100101 Firefox/39.0"
85.238.79.49 - - [04/Aug/2015:19:46:06 +0200] "GET /hirek/marhafej.jpg HTTP/1.1" 200 3545 "http://www.greenaction.hu/zoldakcio.swf" "Mozilla/5.0 (Windows NT 6.1; rv:39.0) Gecko/20100101 Firefox/39.0"
85.238.79.49 - - [04/Aug/2015:19:46:06 +0200] "GET /hirek/zoldseg.jpg HTTP/1.1" 404 1181 "http://www.greenaction.hu/zoldakcio.swf" "Mozilla/5.0 (Windows NT 6.1; rv:39.0) Gecko/20100101 Firefox/39.0"
85.238.79.49 - - [04/Aug/2015:19:46:06 +0200] "GET /hirek/citrom.jpg HTTP/1.1" 200 11781 "http://www.greenaction.hu/zoldakcio.swf" "Mozilla/5.0 (Windows NT 6.1; rv:39.0) Gecko/20100101 Firefox/39.0"
85.238.79.49 - - [04/Aug/2015:19:46:06 +0200] "GET /hirek/adventikoszoru.jpg HTTP/1.1" 200 5581 "http://www.greenaction.hu/zoldakcio.swf" "Mozilla/5.0 (Windows NT 6.1; rv:39.0) Gecko/20100101 Firefox/39.0"
85.238.79.49 - - [04/Aug/2015:19:46:06 +0200] "GET /hirek/encsgyumi.jpg HTTP/1.1" 200 13077 "http://www.greenaction.hu/zoldakcio.swf" "Mozilla/5.0 (Windows NT 6.1; rv:39.0) Gecko/20100101 Firefox/39.0"
85.238.79.49 - - [04/Aug/2015:19:46:06 +0200] "GET /hirek/naposoldal.jpg HTTP/1.1" 200 10106 "http://www.greenaction.hu/zoldakcio.swf" "Mozilla/5.0 (Windows NT 6.1; rv:39.0) Gecko/20100101 Firefox/39.0"
85.238.79.49 - - [04/Aug/2015:19:46:06 +0200] "GET /hirek/gyurgyalag.jpg HTTP/1.1" 200 2435 "http://www.greenaction.hu/zoldakcio.swf" "Mozilla/5.0 (Windows NT 6.1; rv:39.0) Gecko/20100101 Firefox/39.0"
85.238.79.49 - - [04/Aug/2015:19:46:06 +0200] "GET /hirek/encs.jpg HTTP/1.1" 200 12831 "http://www.greenaction.hu/zoldakcio.swf" "Mozilla/5.0 (Windows NT 6.1; rv:39.0) Gecko/20100101 Firefox/39.0"
85.238.79.49 - - [04/Aug/2015:19:46:06 +0200] "GET /hirek/terelo.jpg HTTP/1.1" 200 10975 "http://www.greenaction.hu/zoldakcio.swf" "Mozilla/5.0 (Windows NT 6.1; rv:39.0) Gecko/20100101 Firefox/39.0"
85.238.79.49 - - [04/Aug/2015:19:46:06 +0200] "GET /hirek/varboibekak2011.jpg HTTP/1.1" 200 9200 "http://www.greenaction.hu/zoldakcio.swf" "Mozilla/5.0 (Windows NT 6.1; rv:39.0) Gecko/20100101 Firefox/39.0"
85.238.79.49 - - [04/Aug/2015:19:46:06 +0200] "GET /hirek/mctermeloipiac.jpg HTTP/1.1" 200 3752 "http://www.greenaction.hu/zoldakcio.swf" "Mozilla/5.0 (Windows NT 6.1; rv:39.0) Gecko/20100101 Firefox/39.0"
85.238.79.49 - - [04/Aug/2015:19:46:06 +0200] "GET /hirek/1%20szazalek.jpg HTTP/1.1" 200 16636 "http://www.greenaction.hu/zoldakcio.swf" "Mozilla/5.0 (Windows NT 6.1; rv:39.0) Gecko/20100101 Firefox/39.0"
85.238.79.49 - - [04/Aug/2015:19:46:06 +0200] "GET /hirek/viz.jpg HTTP/1.1" 200 2622 "http://www.greenaction.hu/zoldakcio.swf" "Mozilla/5.0 (Windows NT 6.1; rv:39.0) Gecko/20100101 Firefox/39.0"
85.238.79.49 - - [04/Aug/2015:19:46:06 +0200] "GET /hirek/bioszulinap2011.jpg HTTP/1.1" 200 17649 "http://www.greenaction.hu/zoldakcio.swf" "Mozilla/5.0 (Windows NT 6.1; rv:39.0) Gecko/20100101 Firefox/39.0"
85.238.79.49 - - [04/Aug/2015:19:46:29 +0200] "GET /kiadvanyok/kiadvanyok.txt HTTP/1.1" 200 3316 "http://www.greenaction.hu/zoldakcio.swf" "Mozilla/5.0 (Windows NT 6.1; rv:39.0) Gecko/20100101 Firefox/39.0"
85.238.79.49 - - [04/Aug/2015:19:46:30 +0200] "GET /kiadvanyok/x HTTP/1.1" 404 1181 "http://www.greenaction.hu/zoldakcio.swf" "Mozilla/5.0 (Windows NT 6.1; rv:39.0) Gecko/20100101 Firefox/39.0"
85.238.79.49 - - [04/Aug/2015:19:46:30 +0200] "GET /kiadvanyok/kiadvany05.jpg HTTP/1.1" 200 11750 "http://www.greenaction.hu/zoldakcio.swf" "Mozilla/5.0 (Windows NT 6.1; rv:39.0) Gecko/20100101 Firefox/39.0"
85.238.79.49 - - [04/Aug/2015:19:46:30 +0200] "GET /kiadvanyok/kiadvany04.jpg HTTP/1.1" 200 4552 "http://www.greenaction.hu/zoldakcio.swf" "Mozilla/5.0 (Windows NT 6.1; rv:39.0) Gecko/20100101 Firefox/39.0"
85.238.79.49 - - [04/Aug/2015:19:46:30 +0200] "GET /kiadvanyok/x HTTP/1.1" 404 1181 "http://www.greenaction.hu/zoldakcio.swf" "Mozilla/5.0 (Windows NT 6.1; rv:39.0) Gecko/20100101 Firefox/39.0"
85.238.79.49 - - [04/Aug/2015:19:46:30 +0200] "GET /kiadvanyok/kiadvany01.jpg HTTP/1.1" 200 10184 "http://www.greenaction.hu/zoldakcio.swf" "Mozilla/5.0 (Windows NT 6.1; rv:39.0) Gecko/20100101 Firefox/39.0"
85.238.79.49 - - [04/Aug/2015:19:46:30 +0200] "GET /kiadvanyok/kiadvany02.jpg HTTP/1.1" 200 11521 "http://www.greenaction.hu/zoldakcio.swf" "Mozilla/5.0 (Windows NT 6.1; rv:39.0) Gecko/20100101 Firefox/39.0"
85.238.79.49 - - [04/Aug/2015:19:46:30 +0200] "GET /kiadvanyok/kiadvany06.jpg HTTP/1.1" 200 8895 "http://www.greenaction.hu/zoldakcio.swf" "Mozilla/5.0 (Windows NT 6.1; rv:39.0) Gecko/20100101 Firefox/39.0"
85.238.79.49 - - [04/Aug/2015:19:46:30 +0200] "GET /kiadvanyok/x HTTP/1.1" 404 1181 "http://www.greenaction.hu/zoldakcio.swf" "Mozilla/5.0 (Windows NT 6.1; rv:39.0) Gecko/20100101 Firefox/39.0"
85.238.79.49 - - [04/Aug/2015:19:46:30 +0200] "GET /kiadvanyok/x HTTP/1.1" 404 1181 "http://www.greenaction.hu/zoldakcio.swf" "Mozilla/5.0 (Windows NT 6.1; rv:39.0) Gecko/20100101 Firefox/39.0"
85.238.79.49 - - [04/Aug/2015:19:46:30 +0200] "GET /kiadvanyok/kiadvany03.jpg HTTP/1.1" 200 5690 "http://www.greenaction.hu/zoldakcio.swf" "Mozilla/5.0 (Windows NT 6.1; rv:39.0) Gecko/20100101 Firefox/39.0"
85.238.79.49 - - [04/Aug/2015:19:46:30 +0200] "GET /kiadvanyok/x HTTP/1.1" 404 1181 "http://www.greenaction.hu/zoldakcio.swf" "Mozilla/5.0 (Windows NT 6.1; rv:39.0) Gecko/20100101 Firefox/39.0"
85.238.79.49 - - [04/Aug/2015:19:46:30 +0200] "GET /kiadvanyok/x HTTP/1.1" 404 1181 "http://www.greenaction.hu/zoldakcio.swf" "Mozilla/5.0 (Windows NT 6.1; rv:39.0) Gecko/20100101 Firefox/39.0"
85.238.79.49 - - [04/Aug/2015:19:46:30 +0200] "GET /kiadvanyok/x HTTP/1.1" 404 1181 "http://www.greenaction.hu/zoldakcio.swf" "Mozilla/5.0 (Windows NT 6.1; rv:39.0) Gecko/20100101 Firefox/39.0"
85.238.79.49 - - [04/Aug/2015:19:46:30 +0200] "GET /kiadvanyok/x HTTP/1.1" 404 1181 "http://www.greenaction.hu/zoldakcio.swf" "Mozilla/5.0 (Windows NT 6.1; rv:39.0) Gecko/20100101 Firefox/39.0"
85.238.79.49 - - [04/Aug/2015:19:46:30 +0200] "GET /kiadvanyok/x HTTP/1.1" 404 1181 "http://www.greenaction.hu/zoldakcio.swf" "Mozilla/5.0 (Windows NT 6.1; rv:39.0) Gecko/20100101 Firefox/39.0"
85.238.79.49 - - [04/Aug/2015:19:46:30 +0200] "GET /kiadvanyok/x HTTP/1.1" 404 1181 "http://www.greenaction.hu/zoldakcio.swf" "Mozilla/5.0 (Windows NT 6.1; rv:39.0) Gecko/20100101 Firefox/39.0"
85.238.79.49 - - [04/Aug/2015:19:46:30 +0200] "GET /kiadvanyok/x HTTP/1.1" 404 1181 "http://www.greenaction.hu/zoldakcio.swf" "Mozilla/5.0 (Windows NT 6.1; rv:39.0) Gecko/20100101 Firefox/39.0"
85.238.79.49 - - [04/Aug/2015:19:46:39 +0200] "GET /kiadvany/miabio_vegleges_norveg.pdf HTTP/1.1" 200 7133146 "http://www.greenaction.hu/" "Mozilla/5.0 (Windows NT 6.1; rv:39.0) Gecko/20100101 Firefox/39.0"
85.238.79.49 - - [04/Aug/2015:19:46:40 +0200] "GET /kiadvany/miabio_vegleges_norveg.pdf HTTP/1.1" 206 55258 "http://www.greenaction.hu/" "Mozilla/5.0 (Windows NT 6.1; rv:39.0) Gecko/20100101 Firefox/39.0"
85.238.79.49 - - [04/Aug/2015:19:46:40 +0200] "GET /kiadvany/miabio_vegleges_norveg.pdf HTTP/1.1" 206 65536 "http://www.greenaction.hu/" "Mozilla/5.0 (Windows NT 6.1; rv:39.0) Gecko/20100101 Firefox/39.0"
85.238.79.49 - - [04/Aug/2015:19:48:36 +0200] "GET /kiadvany/riport.pdf HTTP/1.1" 200 1048785 "http://www.greenaction.hu/" "Mozilla/5.0 (Windows NT 6.1; rv:39.0) Gecko/20100101 Firefox/39.0"
85.238.79.49 - - [04/Aug/2015:19:49:47 +0200] "GET /kiadvany/agrark.pdf HTTP/1.1" 200 3405360 "http://www.greenaction.hu/" "Mozilla/5.0 (Windows NT 6.1; rv:39.0) Gecko/20100101 Firefox/39.0"
85.238.79.49 - - [04/Aug/2015:19:50:00 +0200] "GET /kiadvany/delbukk.pdf HTTP/1.1" 200 1540585 "http://www.greenaction.hu/" "Mozilla/5.0 (Windows NT 6.1; rv:39.0) Gecko/20100101 Firefox/39.0"
85.238.79.49 - - [04/Aug/2015:19:51:17 +0200] "GET /kiadvany/miskolchelyivedett.pdf HTTP/1.1" 200 1345209 "http://www.greenaction.hu/" "Mozilla/5.0 (Windows NT 6.1; rv:39.0) Gecko/20100101 Firefox/39.0"
82.146.36.157 - - [04/Aug/2015:20:20:16 +0200] "GET / HTTP/1.0" 200 884 "http://dialogsearch.com/webmasters" "DialogSearch.com Bot 1.0;http://dialogsearch.com/webmasters"
94.73.155.10 - - [04/Aug/2015:20:41:17 +0200] "GET /wp-content/plugins/dzs-videogallery/admin/upload.php HTTP/1.1" 404 1181 "-" "Mozilla/5.0 (Macintosh; U; Intel Mac OS X 10.6; fr; rv:1.9.2.8) Gecko/20100722 Firefox/3.6.8"
157.55.39.210 - - [04/Aug/2015:20:53:32 +0200] "GET /aktualis_elemei/upfuzet.html HTTP/1.1" 200 13137 "-" "Mozilla/5.0 (compatible; bingbot/2.0; +http://www.bing.com/bingbot.htm)"
94.21.71.232 - - [04/Aug/2015:21:03:22 +0200] "GET / HTTP/1.1" 200 884 "https://www.google.hu/" "Mozilla/5.0 (Windows NT 6.1) AppleWebKit/537.36 (KHTML, like Gecko) Chrome/44.0.2403.125 Safari/537.36"
94.21.71.232 - - [04/Aug/2015:21:03:22 +0200] "GET /pattern.jpg HTTP/1.1" 200 13798 "http://www.greenaction.hu/" "Mozilla/5.0 (Windows NT 6.1) AppleWebKit/537.36 (KHTML, like Gecko) Chrome/44.0.2403.125 Safari/537.36"
94.21.71.232 - - [04/Aug/2015:21:03:22 +0200] "GET /favicon.ico HTTP/1.1" 404 1181 "http://www.greenaction.hu/" "Mozilla/5.0 (Windows NT 6.1) AppleWebKit/537.36 (KHTML, like Gecko) Chrome/44.0.2403.125 Safari/537.36"
94.21.71.232 - - [04/Aug/2015:21:03:23 +0200] "GET /zoldakcio.swf HTTP/1.1" 200 840351 "http://www.greenaction.hu/" "Mozilla/5.0 (Windows NT 6.1) AppleWebKit/537.36 (KHTML, like Gecko) Chrome/44.0.2403.125 Safari/537.36"
94.21.71.232 - - [04/Aug/2015:21:03:24 +0200] "GET /hirek/hirek.txt HTTP/1.1" 200 96857 "http://www.greenaction.hu/" "Mozilla/5.0 (Windows NT 6.1) AppleWebKit/537.36 (KHTML, like Gecko) Chrome/44.0.2403.125 Safari/537.36"
94.21.71.232 - - [04/Aug/2015:21:03:24 +0200] "GET /esemenynaptar/SparkEventsCalendar_loadVars.txt HTTP/1.1" 200 72712 "http://www.greenaction.hu/" "Mozilla/5.0 (Windows NT 6.1) AppleWebKit/537.36 (KHTML, like Gecko) Chrome/44.0.2403.125 Safari/537.36"
94.21.71.232 - - [04/Aug/2015:21:03:25 +0200] "GET /banner/norway.jpg HTTP/1.1" 200 3191 "http://www.greenaction.hu/" "Mozilla/5.0 (Windows NT 6.1) AppleWebKit/537.36 (KHTML, like Gecko) Chrome/44.0.2403.125 Safari/537.36"
94.21.71.232 - - [04/Aug/2015:21:03:25 +0200] "GET /hirek/biomassza_forum.jpg HTTP/1.1" 200 6616 "http://www.greenaction.hu/" "Mozilla/5.0 (Windows NT 6.1) AppleWebKit/537.36 (KHTML, like Gecko) Chrome/44.0.2403.125 Safari/537.36"
94.21.71.232 - - [04/Aug/2015:21:03:25 +0200] "GET /hirek/helyivedett.jpg HTTP/1.1" 404 1181 "http://www.greenaction.hu/" "Mozilla/5.0 (Windows NT 6.1) AppleWebKit/537.36 (KHTML, like Gecko) Chrome/44.0.2403.125 Safari/537.36"
94.21.71.232 - - [04/Aug/2015:21:03:25 +0200] "GET /hirek/kocsonyabeka.jpg HTTP/1.1" 200 4334 "http://www.greenaction.hu/" "Mozilla/5.0 (Windows NT 6.1) AppleWebKit/537.36 (KHTML, like Gecko) Chrome/44.0.2403.125 Safari/537.36"
94.21.71.232 - - [04/Aug/2015:21:03:25 +0200] "GET /hirek/biomassza2.jpg HTTP/1.1" 404 1181 "http://www.greenaction.hu/" "Mozilla/5.0 (Windows NT 6.1) AppleWebKit/537.36 (KHTML, like Gecko) Chrome/44.0.2403.125 Safari/537.36"
94.21.71.232 - - [04/Aug/2015:21:03:25 +0200] "GET /hirek/programindito.jpg HTTP/1.1" 200 6594 "http://www.greenaction.hu/" "Mozilla/5.0 (Windows NT 6.1) AppleWebKit/537.36 (KHTML, like Gecko) Chrome/44.0.2403.125 Safari/537.36"
94.21.71.232 - - [04/Aug/2015:21:03:25 +0200] "GET /hirek/gmokrumpli.jpg HTTP/1.1" 200 9110 "http://www.greenaction.hu/" "Mozilla/5.0 (Windows NT 6.1) AppleWebKit/537.36 (KHTML, like Gecko) Chrome/44.0.2403.125 Safari/537.36"
94.21.71.232 - - [04/Aug/2015:21:03:25 +0200] "GET /hirek/beno.jpg HTTP/1.1" 200 2623 "http://www.greenaction.hu/" "Mozilla/5.0 (Windows NT 6.1) AppleWebKit/537.36 (KHTML, like Gecko) Chrome/44.0.2403.125 Safari/537.36"
94.21.71.232 - - [04/Aug/2015:21:03:25 +0200] "GET /hirek/nullahullakovesd%20011.jpg HTTP/1.1" 200 8674 "http://www.greenaction.hu/" "Mozilla/5.0 (Windows NT 6.1) AppleWebKit/537.36 (KHTML, like Gecko) Chrome/44.0.2403.125 Safari/537.36"
94.21.71.232 - - [04/Aug/2015:21:03:25 +0200] "GET /hirek/foldnapja.jpg HTTP/1.1" 200 4081 "http://www.greenaction.hu/" "Mozilla/5.0 (Windows NT 6.1) AppleWebKit/537.36 (KHTML, like Gecko) Chrome/44.0.2403.125 Safari/537.36"
94.21.71.232 - - [04/Aug/2015:21:03:25 +0200] "GET /hirek/foldnap2010.jpg HTTP/1.1" 200 7191 "http://www.greenaction.hu/" "Mozilla/5.0 (Windows NT 6.1) AppleWebKit/537.36 (KHTML, like Gecko) Chrome/44.0.2403.125 Safari/537.36"
94.21.71.232 - - [04/Aug/2015:21:03:25 +0200] "GET /hirek/gmoevo.jpg HTTP/1.1" 200 2951 "http://www.greenaction.hu/" "Mozilla/5.0 (Windows NT 6.1) AppleWebKit/537.36 (KHTML, like Gecko) Chrome/44.0.2403.125 Safari/537.36"
94.21.71.232 - - [04/Aug/2015:21:03:25 +0200] "GET /hirek/gmofree.gif HTTP/1.1" 404 1181 "http://www.greenaction.hu/" "Mozilla/5.0 (Windows NT 6.1) AppleWebKit/537.36 (KHTML, like Gecko) Chrome/44.0.2403.125 Safari/537.36"
94.21.71.232 - - [04/Aug/2015:21:03:25 +0200] "GET /hirek/torta.jpg HTTP/1.1" 404 1181 "http://www.greenaction.hu/" "Mozilla/5.0 (Windows NT 6.1) AppleWebKit/537.36 (KHTML, like Gecko) Chrome/44.0.2403.125 Safari/537.36"
94.21.71.232 - - [04/Aug/2015:21:03:25 +0200] "GET /hirek/paprika.jpg HTTP/1.1" 404 1181 "http://www.greenaction.hu/" "Mozilla/5.0 (Windows NT 6.1) AppleWebKit/537.36 (KHTML, like Gecko) Chrome/44.0.2403.125 Safari/537.36"
94.21.71.232 - - [04/Aug/2015:21:03:25 +0200] "GET /hirek/abauji.jpg HTTP/1.1" 200 21716 "http://www.greenaction.hu/" "Mozilla/5.0 (Windows NT 6.1) AppleWebKit/537.36 (KHTML, like Gecko) Chrome/44.0.2403.125 Safari/537.36"
94.21.71.232 - - [04/Aug/2015:21:03:25 +0200] "GET /hirek/benzinpisztoly.jpg HTTP/1.1" 200 2317 "http://www.greenaction.hu/" "Mozilla/5.0 (Windows NT 6.1) AppleWebKit/537.36 (KHTML, like Gecko) Chrome/44.0.2403.125 Safari/537.36"
94.21.71.232 - - [04/Aug/2015:21:03:25 +0200] "GET /hirek/marhafej.jpg HTTP/1.1" 200 3545 "http://www.greenaction.hu/" "Mozilla/5.0 (Windows NT 6.1) AppleWebKit/537.36 (KHTML, like Gecko) Chrome/44.0.2403.125 Safari/537.36"
94.21.71.232 - - [04/Aug/2015:21:03:25 +0200] "GET /hirek/zoldseg.jpg HTTP/1.1" 404 1181 "http://www.greenaction.hu/" "Mozilla/5.0 (Windows NT 6.1) AppleWebKit/537.36 (KHTML, like Gecko) Chrome/44.0.2403.125 Safari/537.36"
94.21.71.232 - - [04/Aug/2015:21:03:25 +0200] "GET /hirek/citrom.jpg HTTP/1.1" 200 11781 "http://www.greenaction.hu/" "Mozilla/5.0 (Windows NT 6.1) AppleWebKit/537.36 (KHTML, like Gecko) Chrome/44.0.2403.125 Safari/537.36"
94.21.71.232 - - [04/Aug/2015:21:03:25 +0200] "GET /hirek/adventikoszoru.jpg HTTP/1.1" 200 5581 "http://www.greenaction.hu/" "Mozilla/5.0 (Windows NT 6.1) AppleWebKit/537.36 (KHTML, like Gecko) Chrome/44.0.2403.125 Safari/537.36"
94.21.71.232 - - [04/Aug/2015:21:03:25 +0200] "GET /hirek/naposoldal.jpg HTTP/1.1" 200 10106 "http://www.greenaction.hu/" "Mozilla/5.0 (Windows NT 6.1) AppleWebKit/537.36 (KHTML, like Gecko) Chrome/44.0.2403.125 Safari/537.36"
94.21.71.232 - - [04/Aug/2015:21:03:25 +0200] "GET /hirek/encsgyumi.jpg HTTP/1.1" 200 13077 "http://www.greenaction.hu/" "Mozilla/5.0 (Windows NT 6.1) AppleWebKit/537.36 (KHTML, like Gecko) Chrome/44.0.2403.125 Safari/537.36"
94.21.71.232 - - [04/Aug/2015:21:03:25 +0200] "GET /hirek/gyurgyalag.jpg HTTP/1.1" 200 2435 "http://www.greenaction.hu/" "Mozilla/5.0 (Windows NT 6.1) AppleWebKit/537.36 (KHTML, like Gecko) Chrome/44.0.2403.125 Safari/537.36"
94.21.71.232 - - [04/Aug/2015:21:03:25 +0200] "GET /hirek/encs.jpg HTTP/1.1" 200 12831 "http://www.greenaction.hu/" "Mozilla/5.0 (Windows NT 6.1) AppleWebKit/537.36 (KHTML, like Gecko) Chrome/44.0.2403.125 Safari/537.36"
94.21.71.232 - - [04/Aug/2015:21:03:25 +0200] "GET /hirek/terelo.jpg HTTP/1.1" 200 10975 "http://www.greenaction.hu/" "Mozilla/5.0 (Windows NT 6.1) AppleWebKit/537.36 (KHTML, like Gecko) Chrome/44.0.2403.125 Safari/537.36"
94.21.71.232 - - [04/Aug/2015:21:03:25 +0200] "GET /hirek/varboibekak2011.jpg HTTP/1.1" 200 9200 "http://www.greenaction.hu/" "Mozilla/5.0 (Windows NT 6.1) AppleWebKit/537.36 (KHTML, like Gecko) Chrome/44.0.2403.125 Safari/537.36"
94.21.71.232 - - [04/Aug/2015:21:03:25 +0200] "GET /hirek/mctermeloipiac.jpg HTTP/1.1" 200 3752 "http://www.greenaction.hu/" "Mozilla/5.0 (Windows NT 6.1) AppleWebKit/537.36 (KHTML, like Gecko) Chrome/44.0.2403.125 Safari/537.36"
94.21.71.232 - - [04/Aug/2015:21:03:25 +0200] "GET /hirek/1%20szazalek.jpg HTTP/1.1" 200 16636 "http://www.greenaction.hu/" "Mozilla/5.0 (Windows NT 6.1) AppleWebKit/537.36 (KHTML, like Gecko) Chrome/44.0.2403.125 Safari/537.36"
94.21.71.232 - - [04/Aug/2015:21:03:25 +0200] "GET /hirek/viz.jpg HTTP/1.1" 200 2622 "http://www.greenaction.hu/" "Mozilla/5.0 (Windows NT 6.1) AppleWebKit/537.36 (KHTML, like Gecko) Chrome/44.0.2403.125 Safari/537.36"
94.21.71.232 - - [04/Aug/2015:21:03:25 +0200] "GET /hirek/bioszulinap2011.jpg HTTP/1.1" 200 17649 "http://www.greenaction.hu/" "Mozilla/5.0 (Windows NT 6.1) AppleWebKit/537.36 (KHTML, like Gecko) Chrome/44.0.2403.125 Safari/537.36"
94.21.71.232 - - [04/Aug/2015:21:03:53 +0200] "GET /munkatarsak/munkatarsak.txt HTTP/1.1" 200 5093 "http://www.greenaction.hu/" "Mozilla/5.0 (Windows NT 6.1) AppleWebKit/537.36 (KHTML, like Gecko) Chrome/44.0.2403.125 Safari/537.36"
94.21.71.232 - - [04/Aug/2015:21:03:54 +0200] "GET /munkatarsak/szaszrobi.jpg HTTP/1.1" 404 1181 "http://www.greenaction.hu/" "Mozilla/5.0 (Windows NT 6.1) AppleWebKit/537.36 (KHTML, like Gecko) Chrome/44.0.2403.125 Safari/537.36"
94.21.71.232 - - [04/Aug/2015:21:03:54 +0200] "GET /munkatarsak/somogyikriszta.jpg HTTP/1.1" 200 5673 "http://www.greenaction.hu/" "Mozilla/5.0 (Windows NT 6.1) AppleWebKit/537.36 (KHTML, like Gecko) Chrome/44.0.2403.125 Safari/537.36"
94.21.71.232 - - [04/Aug/2015:21:03:54 +0200] "GET /munkatarsak/demeterzoli.jpg HTTP/1.1" 200 4056 "http://www.greenaction.hu/" "Mozilla/5.0 (Windows NT 6.1) AppleWebKit/537.36 (KHTML, like Gecko) Chrome/44.0.2403.125 Safari/537.36"
94.21.71.232 - - [04/Aug/2015:21:03:54 +0200] "GET /munkatarsak/barati.jpg HTTP/1.1" 200 22724 "http://www.greenaction.hu/" "Mozilla/5.0 (Windows NT 6.1) AppleWebKit/537.36 (KHTML, like Gecko) Chrome/44.0.2403.125 Safari/537.36"
66.249.69.128 - - [04/Aug/2015:21:08:16 +0200] "GET / HTTP/1.1" 200 884 "-" "Mozilla/5.0 (compatible; Googlebot/2.1; +http://www.google.com/bot.html)"
207.46.13.76 - - [04/Aug/2015:21:30:35 +0200] "GET /aktualis_elemei/klimaorjaratp.html HTTP/1.1" 200 9683 "-" "Mozilla/5.0 (compatible; bingbot/2.0; +http://www.bing.com/bingbot.htm)"
77.110.132.54 - - [04/Aug/2015:21:48:31 +0200] "GET /aktualis_elemei/katonai_elemei/image004.jpg HTTP/1.1" 200 56554 "https://www.google.hu" "Mozilla/5.0 (Windows NT 6.1; WOW64; rv:39.0) Gecko/20100101 Firefox/39.0"
37.76.83.159 - - [04/Aug/2015:22:06:33 +0200] "GET /aktualis_elemei/bio2szulinap_elemei/image120.jpg HTTP/1.1" 200 9114 "-" "Mozilla/5.0 (Windows NT 6.1; WOW64; rv:34.0) Gecko/20100101 Firefox/34.0"
52.18.75.88 - - [04/Aug/2015:22:26:02 +0200] "GET /robots.txt HTTP/1.0" 404 1181 "-" "Mozilla/5.0 (compatible; JobKeresoBot; +http://www.kozvetlen-allasok.hu/help.jsp info@kozvetlen-allasok.hu)"
52.18.75.88 - - [04/Aug/2015:22:26:02 +0200] "GET / HTTP/1.0" 200 884 "-" "Mozilla/5.0 (compatible; JobKeresoBot; +http://www.kozvetlen-allasok.hu/help.jsp info@kozvetlen-allasok.hu)"
52.16.212.211 - - [04/Aug/2015:22:31:53 +0200] "GET /robots.txt HTTP/1.0" 404 1181 "-" "Mozilla/5.0 (compatible; JobKeresoBot; +http://www.kozvetlen-allasok.hu/help.jsp info@kozvetlen-allasok.hu)"
52.16.212.211 - - [04/Aug/2015:22:31:53 +0200] "GET / HTTP/1.0" 200 884 "-" "Mozilla/5.0 (compatible; JobKeresoBot; +http://www.kozvetlen-allasok.hu/help.jsp info@kozvetlen-allasok.hu)"
207.46.13.76 - - [04/Aug/2015:23:21:47 +0200] "GET / HTTP/1.1" 200 884 "-" "Mozilla/5.0 (compatible; bingbot/2.0; +http://www.bing.com/bingbot.htm)"
66.249.75.18 - - [05/Aug/2015:00:04:35 +0200] "GET /robots.txt HTTP/1.1" 404 1181 "-" "Mozilla/5.0 (compatible; Googlebot/2.1; +http://www.google.com/bot.html)"
66.249.64.226 - - [05/Aug/2015:00:04:36 +0200] "GET / HTTP/1.1" 200 884 "-" "Mozilla/5.0 (iPhone; CPU iPhone OS 6_0 like Mac OS X) AppleWebKit/536.26 (KHTML, like Gecko) Version/6.0 Mobile/10A5376e Safari/8536.25 (compatible; Googlebot/2.1; +http://www.google.com/bot.html)"
157.55.39.210 - - [05/Aug/2015:00:40:05 +0200] "GET /archiv_elemei/belvaros2.html HTTP/1.1" 304 - "-" "Mozilla/5.0 (compatible; bingbot/2.0; +http://www.bing.com/bingbot.htm)"
157.55.39.230 - - [05/Aug/2015:02:03:24 +0200] "GET /aktualis_elemei/bio2szulinap_elemei/image138.jpg HTTP/1.1" 200 9822 "-" "Mozilla/5.0 (compatible; bingbot/2.0; +http://www.bing.com/bingbot.htm)"
188.138.9.49 - - [05/Aug/2015:02:04:14 +0200] "GET / HTTP/1.1" 200 884 "http://hundejo.com/" "Mozilla/5.0 (X11; Linux x86_64) AppleWebKit/537.36 (KHTML, like Gecko) Chrome/37.0.2062.120 Safari/537.36"
180.76.15.136 - - [05/Aug/2015:02:43:49 +0200] "GET / HTTP/1.1" 200 884 "-" "Mozilla/5.0 (compatible; Baiduspider/2.0; +http://www.baidu.com/search/spider.html)"
188.165.15.21 - - [05/Aug/2015:02:44:53 +0200] "GET /aktualis_elemei/bioarak%2009.07.html HTTP/1.1" 200 504057 "-" "Mozilla/5.0 (compatible; AhrefsBot/5.0; +http://ahrefs.com/robot/)"
180.76.15.145 - - [05/Aug/2015:04:07:14 +0200] "GET / HTTP/1.1" 304 - "-" "Mozilla/5.0 (compatible; Baiduspider/2.0; +http://www.baidu.com/search/spider.html)"
84.24.175.190 - - [05/Aug/2015:05:40:13 +0200] "GET /aktualis_elemei/bio2szulinap_elemei/image122.jpg HTTP/1.1" 200 8543 "https://www.google.nl/" "Mozilla/5.0 (Windows NT 6.1; WOW64) AppleWebKit/537.36 (KHTML, like Gecko) Chrome/44.0.2403.125 Safari/537.36"
66.249.75.18 - - [05/Aug/2015:05:53:52 +0200] "GET / HTTP/1.1" 200 884 "-" "Mozilla/5.0 (compatible; Googlebot/2.1; +http://www.google.com/bot.html)"
104.236.111.203 - - [05/Aug/2015:06:06:18 +0200] "GET / HTTP/1.1" 200 884 "-" "Mozilla/5.0 (Windows NT 6.1; rv:28.0) Gecko/20100101 Firefox/28.0"
157.55.39.52 - - [05/Aug/2015:06:34:35 +0200] "GET /aktualis_elemei/baloghjanos.html HTTP/1.1" 200 15294 "-" "Mozilla/5.0 (compatible; bingbot/2.0; +http://www.bing.com/bingbot.htm)"
180.76.15.141 - - [05/Aug/2015:06:38:58 +0200] "GET / HTTP/1.1" 200 884 "-" "Mozilla/5.0 (compatible; Baiduspider/2.0; +http://www.baidu.com/search/spider.html)"
180.76.15.27 - - [05/Aug/2015:06:39:34 +0200] "GET / HTTP/1.1" 200 884 "-" "Mozilla/5.0 (compatible; Baiduspider/2.0; +http://www.baidu.com/search/spider.html)"
207.46.13.100 - - [05/Aug/2015:06:44:58 +0200] "GET /aktualis_elemei/szulinap2.html HTTP/1.1" 200 10182 "-" "Mozilla/5.0 (compatible; bingbot/2.0; +http://www.bing.com/bingbot.htm)"
66.249.69.120 - - [05/Aug/2015:07:24:20 +0200] "GET /robots.txt HTTP/1.1" 404 1181 "-" "Mozilla/5.0 (compatible; Googlebot/2.1; +http://www.google.com/bot.html)"
66.249.69.8 - - [05/Aug/2015:07:24:20 +0200] "GET / HTTP/1.1" 200 884 "-" "Mozilla/5.0 (compatible; Googlebot/2.1; +http://www.google.com/bot.html)"
123.30.175.225 - - [05/Aug/2015:07:40:04 +0200] "GET /robots.txt HTTP/1.1" 404 1181 "-" "Mozilla/5.0 (compatible; coccoc/1.0; +http://help.coccoc.com/)"
123.30.175.223 - - [05/Aug/2015:07:40:09 +0200] "GET / HTTP/1.1" 200 884 "-" "Mozilla/5.0 (compatible; coccoc/1.0; +http://help.coccoc.com/)"
123.30.175.230 - - [05/Aug/2015:07:40:13 +0200] "GET /robots.txt HTTP/1.1" 404 1181 "-" "Mozilla/5.0 (compatible; coccoc/1.0; +http://help.coccoc.com/)"
123.30.175.223 - - [05/Aug/2015:07:40:18 +0200] "GET / HTTP/1.1" 200 884 "-" "Mozilla/5.0 (compatible; coccoc/1.0; +http://help.coccoc.com/)"
188.165.15.21 - - [05/Aug/2015:08:24:27 +0200] "GET /aktualis_elemei/kakcionap.html HTTP/1.1" 200 9027 "-" "Mozilla/5.0 (compatible; AhrefsBot/5.0; +http://ahrefs.com/robot/)"
207.46.13.100 - - [05/Aug/2015:10:00:15 +0200] "GET /aktualis_elemei/lazadasatanyerodban.html HTTP/1.1" 200 14406 "-" "Mozilla/5.0 (compatible; bingbot/2.0; +http://www.bing.com/bingbot.htm)"
188.165.15.126 - - [05/Aug/2015:10:10:53 +0200] "GET /robots.txt HTTP/1.1" 404 1181 "-" "Mozilla/5.0 (compatible; AhrefsBot/5.0; +http://ahrefs.com/robot/)"
87.97.41.175 - - [05/Aug/2015:10:24:01 +0200] "GET /aktualis_elemei/bio2szulinap_elemei/image128.jpg HTTP/1.1" 200 8653 "https://www.google.hu/" "Mozilla/5.0 (iPhone; CPU iPhone OS 6_1_6 like Mac OS X) AppleWebKit/536.26 (KHTML, like Gecko) Version/6.0 Mobile/10B500 Safari/8536.25"
180.76.15.162 - - [05/Aug/2015:10:24:02 +0200] "GET / HTTP/1.1" 304 - "-" "Mozilla/5.0 (compatible; Baiduspider/2.0; +http://www.baidu.com/search/spider.html)"
178.255.215.87 - - [05/Aug/2015:10:32:27 +0200] "GET /robots.txt HTTP/1.1" 404 1181 "-" "Mozilla/5.0 (compatible; Exabot/3.0; +http://www.exabot.com/go/robot)"
178.255.215.87 - - [05/Aug/2015:10:32:27 +0200] "GET / HTTP/1.1" 304 - "-" "Mozilla/5.0 (compatible; Exabot/3.0; +http://www.exabot.com/go/robot)"
66.249.69.120 - - [05/Aug/2015:10:38:18 +0200] "GET / HTTP/1.1" 200 884 "-" "Mozilla/5.0 (iPhone; CPU iPhone OS 6_0 like Mac OS X) AppleWebKit/536.26 (KHTML, like Gecko) Version/6.0 Mobile/10A5376e Safari/8536.25 (compatible; Googlebot/2.1; +http://www.google.com/bot.html)"
180.76.15.162 - - [05/Aug/2015:11:25:48 +0200] "GET / HTTP/1.1" 200 884 "-" "Mozilla/5.0 (compatible; Baiduspider/2.0; +http://www.baidu.com/search/spider.html)"
180.76.15.6 - - [05/Aug/2015:11:25:57 +0200] "GET / HTTP/1.1" 200 884 "-" "Mozilla/5.0 (compatible; Baiduspider/2.0; +http://www.baidu.com/search/spider.html)"
66.249.75.114 - - [05/Aug/2015:11:42:11 +0200] "GET / HTTP/1.1" 200 884 "-" "SAMSUNG-SGH-E250/1.0 Profile/MIDP-2.0 Configuration/CLDC-1.1 UP.Browser/6.2.3.3.c.1.101 (GUI) MMP/2.0 (compatible; Googlebot-Mobile/2.1; +http://www.google.com/bot.html)"
157.55.39.52 - - [05/Aug/2015:11:47:01 +0200] "GET / HTTP/1.1" 200 884 "-" "Mozilla/5.0 (compatible; bingbot/2.0; +http://www.bing.com/bingbot.htm)"
157.55.39.142 - - [05/Aug/2015:11:53:14 +0200] "GET /aktualis_elemei/bekamentes_elemei/image007.gif HTTP/1.1" 200 4190 "-" "Mozilla/5.0 (compatible; bingbot/2.0; +http://www.bing.com/bingbot.htm)"
66.249.75.26 - - [05/Aug/2015:12:30:49 +0200] "GET /robots.txt HTTP/1.1" 404 1181 "-" "Mozilla/5.0 (compatible; Googlebot/2.1; +http://www.google.com/bot.html)"
66.249.75.26 - - [05/Aug/2015:12:30:49 +0200] "GET /kiadvany/agrark.jpg HTTP/1.1" 304 - "-" "Googlebot-Image/1.0"
66.249.69.120 - - [05/Aug/2015:12:34:26 +0200] "GET / HTTP/1.1" 200 884 "-" "Mozilla/5.0 (compatible; Googlebot/2.1; +http://www.google.com/bot.html)"
66.249.75.34 - - [05/Aug/2015:12:36:37 +0200] "GET /aktualis_elemei/katonai_elemei/image002.jpg HTTP/1.1" 304 - "-" "Googlebot-Image/1.0"
66.249.75.26 - - [05/Aug/2015:12:42:25 +0200] "GET /aktualis_elemei/katonai_elemei/image001.jpg HTTP/1.1" 304 - "-" "Googlebot-Image/1.0"
66.249.75.18 - - [05/Aug/2015:12:48:14 +0200] "GET /aktualis_elemei/katonai_elemei/image004.jpg HTTP/1.1" 304 - "-" "Googlebot-Image/1.0"
193.224.81.98 - - [05/Aug/2015:13:34:31 +0200] "GET /aktualis_elemei/bio2szulinap_elemei/image108.jpg HTTP/1.1" 200 9238 "https://www.google.hu" "Mozilla/5.0 (Windows NT 6.1; WOW64; rv:39.0) Gecko/20100101 Firefox/39.0"
80.82.65.82 - - [05/Aug/2015:13:37:56 +0200] "GET / HTTP/1.0" 200 884 "http://www.greenaction.hu/" "Mozilla/4.0 (compatible; MSIE 6.0; Windows NT 5.1; SV1; .NET CLR 2.0.50727)"
157.55.39.51 - - [05/Aug/2015:13:48:27 +0200] "GET /aktualis_elemei/hktetemvar.html HTTP/1.1" 200 16033 "-" "Mozilla/5.0 (compatible; bingbot/2.0; +http://www.bing.com/bingbot.htm)"
207.90.2.6 - - [05/Aug/2015:14:13:44 +0200] "GET / HTTP/1.0" 200 884 "-" "=Mozilla/5.0 (Windows; U; Windows NT 6.1; en-US) AppleWebKit/534.16 (KHTML, like Gecko) Chrome/10.0.648.204 Safari/534.16"
66.249.75.26 - - [05/Aug/2015:14:15:00 +0200] "GET / HTTP/1.1" 200 884 "-" "Mozilla/5.0 (compatible; Googlebot/2.1; +http://www.google.com/bot.html)"
195.56.204.4 - - [05/Aug/2015:14:15:33 +0200] "GET /aktualis_elemei/bio2szulinap_elemei/image116.jpg HTTP/1.0" 200 9709 "-" "Mozilla/5.0 (X11; Ubuntu; Linux i686; rv:29.0) Gecko/20100101 Firefox/29.0"
88.132.138.222 - - [05/Aug/2015:14:32:39 +0200] "GET /kiadvany/miabio.pdf HTTP/1.1" 206 65536 "https://www.google.hu" "Mozilla/5.0 (Windows NT 6.3; WOW64; rv:39.0) Gecko/20100101 Firefox/39.0"
88.132.138.222 - - [05/Aug/2015:14:32:39 +0200] "GET /kiadvany/miabio.pdf HTTP/1.1" 206 19594 "https://www.google.hu" "Mozilla/5.0 (Windows NT 6.3; WOW64; rv:39.0) Gecko/20100101 Firefox/39.0"
88.132.138.222 - - [05/Aug/2015:14:32:40 +0200] "GET /kiadvany/miabio.pdf HTTP/1.1" 206 65536 "https://www.google.hu" "Mozilla/5.0 (Windows NT 6.3; WOW64; rv:39.0) Gecko/20100101 Firefox/39.0"
88.132.138.222 - - [05/Aug/2015:14:32:40 +0200] "GET /kiadvany/miabio.pdf HTTP/1.1" 206 65536 "https://www.google.hu" "Mozilla/5.0 (Windows NT 6.3; WOW64; rv:39.0) Gecko/20100101 Firefox/39.0"
88.132.138.222 - - [05/Aug/2015:14:32:40 +0200] "GET /kiadvany/miabio.pdf HTTP/1.1" 200 11291786 "https://www.google.hu" "Mozilla/5.0 (Windows NT 6.3; WOW64; rv:39.0) Gecko/20100101 Firefox/39.0"
88.132.138.222 - - [05/Aug/2015:14:32:40 +0200] "GET /kiadvany/miabio.pdf HTTP/1.1" 206 65536 "https://www.google.hu" "Mozilla/5.0 (Windows NT 6.3; WOW64; rv:39.0) Gecko/20100101 Firefox/39.0"
88.132.138.222 - - [05/Aug/2015:14:32:40 +0200] "GET /favicon.ico HTTP/1.1" 404 1181 "-" "Mozilla/5.0 (Windows NT 6.3; WOW64; rv:39.0) Gecko/20100101 Firefox/39.0"
88.132.138.222 - - [05/Aug/2015:14:32:40 +0200] "GET /kiadvany/miabio.pdf HTTP/1.1" 206 65536 "https://www.google.hu" "Mozilla/5.0 (Windows NT 6.3; WOW64; rv:39.0) Gecko/20100101 Firefox/39.0"
88.132.138.222 - - [05/Aug/2015:14:32:40 +0200] "GET /kiadvany/miabio.pdf HTTP/1.1" 206 65536 "https://www.google.hu" "Mozilla/5.0 (Windows NT 6.3; WOW64; rv:39.0) Gecko/20100101 Firefox/39.0"
88.132.138.222 - - [05/Aug/2015:14:32:40 +0200] "GET /favicon.ico HTTP/1.1" 404 1181 "-" "Mozilla/5.0 (Windows NT 6.3; WOW64; rv:39.0) Gecko/20100101 Firefox/39.0"
88.132.138.222 - - [05/Aug/2015:14:32:40 +0200] "GET /kiadvany/miabio.pdf HTTP/1.1" 206 65536 "https://www.google.hu" "Mozilla/5.0 (Windows NT 6.3; WOW64; rv:39.0) Gecko/20100101 Firefox/39.0"
65.55.218.33 - - [05/Aug/2015:14:37:41 +0200] "GET /aktualis_elemei/bio2szulinap.html HTTP/1.1" 200 71694 "-" "Mozilla/5.0 (compatible; MSIE 9.0; Windows NT 6.0; Trident/5.0; Trident/5.0)"
157.55.39.143 - - [05/Aug/2015:15:00:59 +0200] "GET /hirek/hirek.txt HTTP/1.1" 200 96857 "-" "Mozilla/5.0 (compatible; bingbot/2.0; +http://www.bing.com/bingbot.htm)"
207.46.13.100 - - [05/Aug/2015:15:10:15 +0200] "GET /aktualis_elemei/hk2006.html HTTP/1.1" 200 16289 "-" "Mozilla/5.0 (compatible; bingbot/2.0; +http://www.bing.com/bingbot.htm)"
66.249.69.128 - - [05/Aug/2015:15:18:03 +0200] "GET / HTTP/1.1" 200 884 "-" "Mozilla/5.0 (compatible; Googlebot/2.1; +http://www.google.com/bot.html)"
66.249.75.34 - - [05/Aug/2015:15:32:41 +0200] "GET / HTTP/1.1" 200 884 "-" "DoCoMo/2.0 N905i(c100;TB;W24H16) (compatible; Googlebot-Mobile/2.1; +http://www.google.com/bot.html)"
68.180.229.231 - - [05/Aug/2015:15:36:41 +0200] "GET /robots.txt HTTP/1.1" 404 1181 "-" "Mozilla/5.0 (compatible; Yahoo! Slurp; http://help.yahoo.com/help/us/ysearch/slurp)"
68.180.229.231 - - [05/Aug/2015:15:36:42 +0200] "GET /hirek/F%F6ld%20Napja%20Hete%202011.%20programaj%E1nl%F3.pdf HTTP/1.1" 404 1181 "-" "Mozilla/5.0 (compatible; Yahoo! Slurp; http://help.yahoo.com/help/us/ysearch/slurp)"
94.22.46.23 - - [05/Aug/2015:15:50:55 +0200] "GET /robots.txt HTTP/1.0" 404 1181 "-" "Mozilla/5.0 (compatible; MJ12bot/v1.4.5; http://www.majestic12.co.uk/bot.php?+)"
94.22.46.23 - - [05/Aug/2015:15:50:57 +0200] "GET /archiv_elemei/acitc.html HTTP/1.0" 200 13312 "-" "Mozilla/5.0 (compatible; MJ12bot/v1.4.5; http://www.majestic12.co.uk/bot.php?+)"
188.165.15.21 - - [05/Aug/2015:15:58:54 +0200] "GET /aktualis_elemei/klimaorjaratp.html HTTP/1.1" 200 9683 "-" "Mozilla/5.0 (compatible; AhrefsBot/5.0; +http://ahrefs.com/robot/)"
89.132.85.122 - - [05/Aug/2015:16:22:31 +0200] "GET /aktualis_elemei/bio2szulinap_elemei/image006.jpg HTTP/1.1" 200 9889 "https://www.google.hu/" "Mozilla/5.0 (Windows NT 6.1) AppleWebKit/537.36 (KHTML, like Gecko) Chrome/44.0.2403.125 Safari/537.36"
157.55.39.52 - - [05/Aug/2015:16:46:05 +0200] "GET /robots.txt HTTP/1.1" 404 1181 "-" "Mozilla/5.0 (compatible; bingbot/2.0; +http://www.bing.com/bingbot.htm)"
157.55.39.51 - - [05/Aug/2015:17:03:17 +0200] "GET /kiadvany/delbukk.pdf HTTP/1.1" 200 1540585 "-" "Mozilla/5.0 (iPhone; CPU iPhone OS 7_0 like Mac OS X) AppleWebKit/537.51.1 (KHTML, like Gecko) Version/7.0 Mobile/11A465 Safari/9537.53 (compatible; bingbot/2.0; http://www.bing.com/bingbot.htm)"
192.187.126.162 - - [05/Aug/2015:17:30:45 +0200] "HEAD /admin/fckeditor/editor/ HTTP/1.1" 404 0 "-" "-"
192.187.126.162 - - [05/Aug/2015:17:30:45 +0200] "HEAD /editor/editor/ HTTP/1.1" 404 0 "-" "-"
192.187.126.162 - - [05/Aug/2015:17:30:45 +0200] "HEAD /include/fckeditor/editor/ HTTP/1.1" 404 0 "-" "-"
192.187.126.162 - - [05/Aug/2015:17:30:45 +0200] "HEAD /manage/fckeditor/editor/ HTTP/1.1" 404 0 "-" "-"
192.187.126.162 - - [05/Aug/2015:17:30:45 +0200] "HEAD /common/fckeditor/editor/ HTTP/1.1" 404 0 "-" "-"
192.187.126.162 - - [05/Aug/2015:17:30:45 +0200] "HEAD /fckeditor/editor/ HTTP/1.1" 404 0 "-" "-"
192.187.126.162 - - [05/Aug/2015:17:30:45 +0200] "HEAD /js/fckeditor/editor/ HTTP/1.1" 404 0 "-" "-"
78.131.50.170 - - [05/Aug/2015:17:43:51 +0200] "GET /aktualis_elemei/bio2szulinap_elemei/image108.jpg HTTP/1.1" 200 9238 "https://www.google.hu" "Mozilla/5.0 (Windows NT 6.1; rv:39.0) Gecko/20100101 Firefox/39.0"
78.131.50.170 - - [05/Aug/2015:17:43:52 +0200] "GET /aktualis_elemei/bio2szulinap_elemei/image106.jpg HTTP/1.1" 200 7697 "https://www.google.hu" "Mozilla/5.0 (Windows NT 6.1; rv:39.0) Gecko/20100101 Firefox/39.0"
180.76.15.161 - - [05/Aug/2015:17:56:50 +0200] "GET / HTTP/1.1" 304 - "-" "Mozilla/5.0 (compatible; Baiduspider/2.0; +http://www.baidu.com/search/spider.html)"
220.181.108.142 - - [05/Aug/2015:18:24:09 +0200] "GET /kiadvany/delbukk.pdf HTTP/1.1" 200 1540585 "-" "Mozilla/5.0 (compatible; Baiduspider/2.0; +http://www.baidu.com/search/spider.html)"
66.249.75.34 - - [05/Aug/2015:18:24:15 +0200] "GET / HTTP/1.1" 200 884 "-" "Mozilla/5.0 (compatible; Googlebot/2.1; +http://www.google.com/bot.html)"
207.46.13.100 - - [05/Aug/2015:18:35:27 +0200] "GET /kiadvany/agrark.pdf HTTP/1.1" 200 3405360 "-" "Mozilla/5.0 (compatible; bingbot/2.0; +http://www.bing.com/bingbot.htm)"
66.249.69.128 - - [05/Aug/2015:18:57:23 +0200] "GET / HTTP/1.1" 200 884 "-" "Mozilla/5.0 (compatible; Googlebot/2.1; +http://www.google.com/bot.html)"
89.133.65.18 - - [05/Aug/2015:19:02:50 +0200] "GET /aktualis_elemei/katonai.html HTTP/1.1" 200 22109 "https://www.google.hu/" "Mozilla/5.0 (Windows NT 6.3; WOW64) AppleWebKit/537.36 (KHTML, like Gecko) Chrome/44.0.2403.107 Safari/537.36"
89.133.65.18 - - [05/Aug/2015:19:02:50 +0200] "GET /aktualis_elemei/katonai_elemei/image001.jpg HTTP/1.1" 200 35821 "http://www.greenaction.hu/aktualis_elemei/katonai.html" "Mozilla/5.0 (Windows NT 6.3; WOW64) AppleWebKit/537.36 (KHTML, like Gecko) Chrome/44.0.2403.107 Safari/537.36"
89.133.65.18 - - [05/Aug/2015:19:02:50 +0200] "GET /aktualis_elemei/katonai_elemei/image002.jpg HTTP/1.1" 200 34104 "http://www.greenaction.hu/aktualis_elemei/katonai.html" "Mozilla/5.0 (Windows NT 6.3; WOW64) AppleWebKit/537.36 (KHTML, like Gecko) Chrome/44.0.2403.107 Safari/537.36"
89.133.65.18 - - [05/Aug/2015:19:02:50 +0200] "GET /aktualis_elemei/katonai_elemei/image004.jpg HTTP/1.1" 200 56554 "http://www.greenaction.hu/aktualis_elemei/katonai.html" "Mozilla/5.0 (Windows NT 6.3; WOW64) AppleWebKit/537.36 (KHTML, like Gecko) Chrome/44.0.2403.107 Safari/537.36"
89.133.65.18 - - [05/Aug/2015:19:02:50 +0200] "GET /aktualis_elemei/katonai_elemei/image003.jpg HTTP/1.1" 200 88392 "http://www.greenaction.hu/aktualis_elemei/katonai.html" "Mozilla/5.0 (Windows NT 6.3; WOW64) AppleWebKit/537.36 (KHTML, like Gecko) Chrome/44.0.2403.107 Safari/537.36"
89.133.65.18 - - [05/Aug/2015:19:02:51 +0200] "GET /favicon.ico HTTP/1.1" 404 1181 "http://www.greenaction.hu/aktualis_elemei/katonai.html" "Mozilla/5.0 (Windows NT 6.3; WOW64) AppleWebKit/537.36 (KHTML, like Gecko) Chrome/44.0.2403.107 Safari/537.36"
162.243.17.49 - - [05/Aug/2015:19:20:50 +0200] "GET /robots.txt HTTP/1.1" 404 1181 "-" "Mozilla/5.0 (compatible; spbot/4.4.2; +http://OpenLinkProfiler.org/bot )"
162.243.17.49 - - [05/Aug/2015:19:20:50 +0200] "GET /robots.txt HTTP/1.1" 404 1181 "-" "Mozilla/5.0 (compatible; spbot/4.4.2; +http://OpenLinkProfiler.org/bot )"
162.243.17.49 - - [05/Aug/2015:19:20:56 +0200] "GET / HTTP/1.1" 200 884 "-" "Mozilla/5.0 (compatible; spbot/4.4.2; +http://OpenLinkProfiler.org/bot )"
157.55.39.143 - - [05/Aug/2015:19:53:29 +0200] "GET /aktualis_elemei/bparak0929.html HTTP/1.1" 200 105768 "-" "Mozilla/5.0 (iPhone; CPU iPhone OS 7_0 like Mac OS X) AppleWebKit/537.51.1 (KHTML, like Gecko) Version/7.0 Mobile/11A465 Safari/9537.53 (compatible; bingbot/2.0; http://www.bing.com/bingbot.htm)"
157.55.39.142 - - [05/Aug/2015:19:53:38 +0200] "GET /robots.txt HTTP/1.1" 404 1181 "-" "Mozilla/5.0 (compatible; bingbot/2.0; +http://www.bing.com/bingbot.htm)"
46.107.227.165 - - [05/Aug/2015:21:11:04 +0200] "GET /aktualis_elemei/katonai_elemei/image004.jpg HTTP/1.1" 200 56554 "-" "Mozilla/5.0 (Windows NT 5.1) AppleWebKit/537.1 (KHTML, like Gecko) Maxthon/4.1.0.4000 Chrome/26.0.1410.43 Safari/537.1"
80.82.65.82 - - [05/Aug/2015:21:44:27 +0200] "GET / HTTP/1.0" 200 884 "http://www.greenaction.hu/" "Mozilla/4.0 (compatible; MSIE 6.0; Windows NT 5.1; SV1; .NET CLR 2.0.50727)"
188.127.151.65 - - [05/Aug/2015:21:56:24 +0200] "GET /aktualis_elemei/bio2szulinap_elemei/image130.jpg HTTP/1.1" 200 7636 "https://www.google.hu" "Mozilla/5.0 (Windows NT 6.1; rv:39.0) Gecko/20100101 Firefox/39.0"
66.249.75.18 - - [05/Aug/2015:21:57:23 +0200] "GET / HTTP/1.1" 200 884 "-" "Mozilla/5.0 (compatible; Googlebot/2.1; +http://www.google.com/bot.html)"
66.249.69.120 - - [05/Aug/2015:22:09:14 +0200] "GET /robots.txt HTTP/1.1" 404 1181 "-" "Mozilla/5.0 (compatible; Googlebot/2.1; +http://www.google.com/bot.html)"
66.249.69.8 - - [05/Aug/2015:22:09:14 +0200] "GET / HTTP/1.1" 200 884 "-" "Mozilla/5.0 (compatible; Googlebot/2.1; +http://www.google.com/bot.html)"
52.16.44.52 - - [05/Aug/2015:22:24:32 +0200] "GET /robots.txt HTTP/1.0" 404 1181 "-" "Mozilla/5.0 (compatible; JobKeresoBot; +http://www.kozvetlen-allasok.hu/help.jsp info@kozvetlen-allasok.hu)"
52.16.44.52 - - [05/Aug/2015:22:24:32 +0200] "GET / HTTP/1.0" 200 884 "-" "Mozilla/5.0 (compatible; JobKeresoBot; +http://www.kozvetlen-allasok.hu/help.jsp info@kozvetlen-allasok.hu)"
52.19.7.225 - - [05/Aug/2015:22:30:24 +0200] "GET /robots.txt HTTP/1.0" 404 1181 "-" "Mozilla/5.0 (compatible; JobKeresoBot; +http://www.kozvetlen-allasok.hu/help.jsp info@kozvetlen-allasok.hu)"
52.19.7.225 - - [05/Aug/2015:22:30:24 +0200] "GET / HTTP/1.0" 200 884 "-" "Mozilla/5.0 (compatible; JobKeresoBot; +http://www.kozvetlen-allasok.hu/help.jsp info@kozvetlen-allasok.hu)"
66.249.75.26 - - [05/Aug/2015:22:59:20 +0200] "GET / HTTP/1.1" 200 884 "-" "Mozilla/5.0 (iPhone; CPU iPhone OS 6_0 like Mac OS X) AppleWebKit/536.26 (KHTML, like Gecko) Version/6.0 Mobile/10A5376e Safari/8536.25 (compatible; Googlebot/2.1; +http://www.google.com/bot.html)"
157.55.39.143 - - [05/Aug/2015:23:27:14 +0200] "GET / HTTP/1.1" 200 884 "-" "Mozilla/5.0 (compatible; bingbot/2.0; +http://www.bing.com/bingbot.htm)"
188.138.9.49 - - [06/Aug/2015:01:43:33 +0200] "GET / HTTP/1.1" 200 884 "http://hvd-store.com/" "Mozilla/5.0 (X11; Linux x86_64) AppleWebKit/537.36 (KHTML, like Gecko) Chrome/37.0.2062.120 Safari/537.36"
151.80.31.112 - - [06/Aug/2015:02:55:13 +0200] "GET /robots.txt HTTP/1.1" 404 1181 "-" "Mozilla/5.0 (compatible; AhrefsBot/5.0; +http://ahrefs.com/robot/)"
180.76.15.134 - - [06/Aug/2015:04:33:21 +0200] "GET /magunkrol_elemei/kozhasznu.html HTTP/1.1" 200 48365 "-" "Mozilla/5.0 (compatible; Baiduspider/2.0; +http://www.baidu.com/search/spider.html)"
176.31.126.56 - - [06/Aug/2015:04:46:55 +0200] "GET /robots.txt HTTP/1.0" 404 1181 "-" ""
176.31.126.56 - - [06/Aug/2015:04:46:55 +0200] "GET / HTTP/1.1" 206 884 "-" "Mozilla/5.0 (X11; Linux i686) AppleWebKit/534.30 (KHTML, like Gecko) Slackware/Chrome/12.0.742.100 Safari/534.30"
77.111.90.197 - - [06/Aug/2015:07:08:32 +0200] "GET / HTTP/1.1" 200 884 "-" "Mozilla/5.0 (X11; U; Linux i686; en-US; rv:1.9.0.4) Gecko/2008111318 Ubuntu/8.10 (intrepid) Firefox/3.0.4"
77.111.90.197 - - [06/Aug/2015:07:08:32 +0200] "GET / HTTP/1.0" 200 884 "-" "-"
207.46.13.100 - - [06/Aug/2015:07:26:26 +0200] "GET /zoldakcio.swf HTTP/1.1" 200 840351 "-" "Mozilla/5.0 (compatible; bingbot/2.0; +http://www.bing.com/bingbot.htm)"
213.253.217.218 - - [06/Aug/2015:09:16:21 +0200] "GET /aktualis_elemei/bio2szulinap_elemei/image132.jpg HTTP/1.1" 200 8237 "https://www.google.hu/" "Mozilla/5.0 (Windows NT 6.1; WOW64) AppleWebKit/537.36 (KHTML, like Gecko) Chrome/44.0.2403.125 Safari/537.36"
157.55.39.52 - - [06/Aug/2015:09:25:58 +0200] "GET /robots.txt HTTP/1.1" 404 1181 "-" "Mozilla/5.0 (compatible; bingbot/2.0; +http://www.bing.com/bingbot.htm)"
157.55.39.52 - - [06/Aug/2015:09:26:05 +0200] "GET /aktualis_elemei/fesztivalterkep7.pdf HTTP/1.1" 200 83962 "-" "Mozilla/5.0 (compatible; bingbot/2.0; +http://www.bing.com/bingbot.htm)"
66.249.69.120 - - [06/Aug/2015:09:31:50 +0200] "GET / HTTP/1.1" 200 884 "-" "Mozilla/5.0 (iPhone; CPU iPhone OS 6_0 like Mac OS X) AppleWebKit/536.26 (KHTML, like Gecko) Version/6.0 Mobile/10A5376e Safari/8536.25 (compatible; Googlebot/2.1; +http://www.google.com/bot.html)"
123.125.71.72 - - [06/Aug/2015:10:19:45 +0200] "GET /robots.txt HTTP/1.1" 404 1181 "-" "Mozilla/5.0 (Windows NT 5.1; rv:6.0.2) Gecko/20100101 Firefox/6.0.2"
220.181.108.107 - - [06/Aug/2015:10:20:28 +0200] "GET /aktualis_elemei/belvarosi%20biovasar%20arai%202007.%20tel.doc HTTP/1.1" 304 - "-" "Mozilla/5.0 (compatible; Baiduspider/2.0; +http://www.baidu.com/search/spider.html)"
178.40.131.163 - - [06/Aug/2015:11:08:39 +0200] "GET /aktualis_elemei/katonai_elemei/image004.jpg HTTP/1.1" 200 56554 "-" "Mozilla/5.0 (Windows NT 6.1; Win64; x64; Trident/7.0; rv:11.0) like Gecko"
151.30.87.149 - - [06/Aug/2015:12:30:28 +0200] "GET / HTTP/1.1" 200 884 "http://videos-for-your-business.com" "Mozilla/5.0 (Windows NT 6.1; WOW64) AppleWebKit/537.36 (KHTML, like Gecko) Chrome/36.0.1985.143 Safari/537.36"
151.30.87.149 - - [06/Aug/2015:12:30:29 +0200] "GET /pattern.jpg HTTP/1.1" 200 13798 "http://greenaction.hu/" "Mozilla/5.0 (Windows NT 6.1; WOW64) AppleWebKit/537.36 (KHTML, like Gecko) Chrome/36.0.1985.143 Safari/537.36"
94.21.228.238 - - [06/Aug/2015:12:56:01 +0200] "GET /aktualis_elemei/bio2szulinap_elemei/image120.jpg HTTP/1.1" 200 9114 "https://www.google.hu" "Mozilla/5.0 (Windows NT 6.1; WOW64; rv:39.0) Gecko/20100101 Firefox/39.0"
157.55.39.52 - - [06/Aug/2015:13:01:17 +0200] "GET /robots.txt HTTP/1.1" 404 1181 "-" "Mozilla/5.0 (compatible; bingbot/2.0; +http://www.bing.com/bingbot.htm)"
157.55.39.52 - - [06/Aug/2015:13:01:23 +0200] "GET / HTTP/1.1" 200 884 "-" "Mozilla/5.0 (compatible; bingbot/2.0; +http://www.bing.com/bingbot.htm)"
176.77.142.91 - - [06/Aug/2015:13:01:23 +0200] "GET /aktualis_elemei/bekamentes_elemei/image003.jpg HTTP/1.1" 200 18979 "https://www.google.hu/" "Mozilla/5.0 (Windows NT 5.1) AppleWebKit/537.36 (KHTML, like Gecko) Chrome/44.0.2403.107 Safari/537.36"
157.55.2.130 - - [06/Aug/2015:13:01:24 +0200] "GET /pattern.jpg HTTP/1.1" 200 13798 "http://www.greenaction.hu/" "Mozilla/5.0 (Windows NT 6.1; WOW64) AppleWebKit/534+ (KHTML, like Gecko) BingPreview/1.0b"
157.55.2.130 - - [06/Aug/2015:13:01:27 +0200] "GET /zoldakcio.swf HTTP/1.1" 200 840351 "http://www.greenaction.hu/zoldakcio.swf" "Mozilla/5.0 (Windows NT 6.1; WOW64) AppleWebKit/534+ (KHTML, like Gecko) BingPreview/1.0b"
157.55.2.130 - - [06/Aug/2015:13:01:29 +0200] "GET /esemenynaptar/SparkEventsCalendar_loadVars.txt HTTP/1.1" 200 72712 "http://www.greenaction.hu/zoldakcio.swf" "Mozilla/5.0 (Windows NT 6.1; WOW64) AppleWebKit/534+ (KHTML, like Gecko) BingPreview/1.0b"
