98.139.144.72 - - [24/Dec/2015:14:10:05 +0100] "GET /aktualis_elemei/bio2szulinap_elemei/image094.jpg HTTP/1.1" 200 7635 "https://search.yahoo.com/yhs/search?hspart=avg&hsimp=yhs-fh_lsonswrow&type=ch.47.xp.hp.04-02.hu.avg._.1215tb¶m1=rVJNb5wwFPwrveAbyJ_YPvjA7rJVpaiK0jTJLTK2WTYNLLVZ0vz7Plhtc6t6qITw2J73HjODO3qTyUZta6Hpvsx5Lauc8x3LtaxUrmpMK7Wp9b4sM-mR60coIJSIqUEAOJOUM004xhj5ZKqHz-jVDgfTnVEPzNDqUjHBGw086bylmnsirBZSK9k0OS5d4K0rmVaYWRqYAEipIIoo5lXQHCvlGo2WuW_TGY3RtBHNhhe0IIUWBG3PMYZhurWH8P3uxnTTNGbMZrSFp39PwUbXFXY-FO7Uw9EIvATr9SKNvzLWrsIy5i_SMlr-hM3X94yKLYNXReIxo82Pj_1r_4EHuIKSZGGw70aAiweAAfVr2__mA3R0a0cYLDf_FBsQd1A2Q9Ef02DvExxAXgsERDEROZY5USCGYKhiFRXrQjhwxgikNi4yB3-VCYqfrVtULx3d5NYPW7y4uAmBLazFCvQtxDnELztzv6H5TfWUP-5rQtFdaAPkF6_Rpb9lB0HFeVrGoeNoeFkQLAvCVKEIOiXzeBz86S19erpFjdl28dQH1MCvIguMXDD38RzQS7qA3w2¶m2=browser_homepage¶m3=ch.47.xp.hp.04-02.hu.avg._.1215tb&p=Ny%c3%a1ri+k%c3%a1lm%c3%a1n" "YahooCacheSystem; YahooWebServiceClient"
198.27.80.144 - - [24/Dec/2015:14:10:33 +0100] "GET /robots.txt HTTP/1.0" 404 1181 "-" ""
198.27.80.144 - - [24/Dec/2015:14:10:33 +0100] "GET / HTTP/1.1" 206 884 "-" "Mozilla/5.0 (X11; Linux x86_64) AppleWebKit/534.30 (KHTML, like Gecko) Ubuntu/11.04 Chromium/12.0.742.112 Chrome/12.0.742.112 Safari/534.30"
62.212.73.49 - - [24/Dec/2015:14:11:31 +0100] "GET / HTTP/1.1" 200 884 "http://greenaction.hu/" "Mozilla/5.0 (Windows NT 6.1; WOW64) AppleWebKit/537.36 (KHTML, like Gecko) Chrome/44.0.2403.125 Safari/537.36"
5.187.208.95 - - [24/Dec/2015:14:14:47 +0100] "GET /aktualis_elemei/bio2szulinap_elemei/image138.jpg HTTP/1.1" 200 9822 "https://www.bing.com/" "Mozilla/5.0 (Windows NT 10.0; Win64; x64) AppleWebKit/537.36 (KHTML, like Gecko) Chrome/42.0.2311.135 Safari/537.36 Edge/12.10240"
5.187.208.95 - - [24/Dec/2015:14:14:47 +0100] "GET /aktualis_elemei/bio2szulinap_elemei/image144.jpg HTTP/1.1" 200 9920 "https://www.bing.com/" "Mozilla/5.0 (Windows NT 10.0; Win64; x64) AppleWebKit/537.36 (KHTML, like Gecko) Chrome/42.0.2311.135 Safari/537.36 Edge/12.10240"
66.249.64.89 - - [24/Dec/2015:14:21:40 +0100] "GET /aktualis_elemei/bio2szulinap_elemei/image002.jpg HTTP/1.1" 304 - "-" "Googlebot-Image/1.0"
66.249.64.99 - - [24/Dec/2015:14:21:40 +0100] "GET /robots.txt HTTP/1.1" 404 1181 "-" "Mozilla/5.0 (compatible; Googlebot/2.1; +http://www.google.com/bot.html)"
66.249.64.17 - - [24/Dec/2015:14:29:40 +0100] "GET /robots.txt HTTP/1.1" 404 1181 "-" "Mozilla/5.0 (compatible; Googlebot/2.1; +http://www.google.com/bot.html)"
66.249.64.17 - - [24/Dec/2015:14:29:40 +0100] "GET / HTTP/1.1" 200 884 "-" "Mozilla/5.0 (iPhone; CPU iPhone OS 8_3 like Mac OS X) AppleWebKit/600.1.4 (KHTML, like Gecko) Version/8.0 Mobile/12F70 Safari/600.1.4 (compatible; Googlebot/2.1; +http://www.google.com/bot.html)"
66.249.64.99 - - [24/Dec/2015:14:34:28 +0100] "GET /aktualis_elemei/bio2szulinap_elemei/image084.jpg HTTP/1.1" 200 7747 "-" "Googlebot-Image/1.0"
66.249.64.99 - - [24/Dec/2015:14:47:08 +0100] "GET /aktualis_elemei/bio2szulinap_elemei/image086.jpg HTTP/1.1" 304 - "-" "Googlebot-Image/1.0"
78.139.10.42 - - [24/Dec/2015:14:49:35 +0100] "GET /aktualis_elemei/katonai_elemei/image004.jpg HTTP/1.1" 200 56554 "https://www.google.hu/" "Mozilla/5.0 (Linux; Android 4.4.2; VF695 Build/KOT49H) AppleWebKit/537.36 (KHTML, like Gecko) Chrome/39.0.2171.93 Mobile Safari/537.36"
66.249.64.89 - - [24/Dec/2015:14:59:57 +0100] "GET /aktualis_elemei/bio2szulinap_elemei/image060.jpg HTTP/1.1" 304 - "-" "Googlebot-Image/1.0"
66.249.64.89 - - [24/Dec/2015:15:12:35 +0100] "GET /aktualis_elemei/bio2szulinap_elemei/image100.jpg HTTP/1.1" 304 - "-" "Googlebot-Image/1.0"
157.55.39.38 - - [24/Dec/2015:15:24:33 +0100] "GET /robots.txt HTTP/1.1" 404 1181 "-" "Mozilla/5.0 (compatible; bingbot/2.0; +http://www.bing.com/bingbot.htm)"
157.55.39.38 - - [24/Dec/2015:15:24:52 +0100] "GET /kiadvany/miskolchvte.pdf HTTP/1.1" 200 4059249 "-" "Mozilla/5.0 (compatible; bingbot/2.0; +http://www.bing.com/bingbot.htm)"
66.249.64.89 - - [24/Dec/2015:15:25:25 +0100] "GET /aktualis_elemei/bio2szulinap_elemei/image038.jpg HTTP/1.1" 304 - "-" "Googlebot-Image/1.0"
66.249.64.94 - - [24/Dec/2015:15:38:05 +0100] "GET /aktualis_elemei/bio2szulinap_elemei/image018.gif HTTP/1.1" 200 41110 "-" "Googlebot-Image/1.0"
66.249.64.89 - - [24/Dec/2015:15:50:44 +0100] "GET /aktualis_elemei/bio2szulinap_elemei/image092.jpg HTTP/1.1" 304 - "-" "Googlebot-Image/1.0"
66.249.64.89 - - [24/Dec/2015:16:03:34 +0100] "GET /aktualis_elemei/bio2szulinap_elemei/image096.jpg HTTP/1.1" 304 - "-" "Googlebot-Image/1.0"
66.249.64.94 - - [24/Dec/2015:16:16:11 +0100] "GET /aktualis_elemei/bio2szulinap_elemei/image074.jpg HTTP/1.1" 304 - "-" "Googlebot-Image/1.0"
188.143.232.13 - - [24/Dec/2015:16:16:46 +0100] "GET /kiadvanyok/kiadvanyok.txt HTTP/1.1" 200 3316 "-" "Mozilla/4.0 (compatible; MSIE 6.0; Windows NT 5.1; SV1)"
188.143.232.13 - - [24/Dec/2015:16:16:46 +0100] "GET /humusz.txt HTTP/1.1" 200 3359 "-" "Mozilla/4.0 (compatible; MSIE 6.0; Windows NT 5.1; SV1)"
188.143.232.13 - - [24/Dec/2015:16:16:55 +0100] "GET /hirek/hirek.txt HTTP/1.1" 200 96857 "-" "Mozilla/4.0 (compatible; MSIE 6.0; Windows NT 5.1; SV1)"
188.143.232.19 - - [24/Dec/2015:16:20:21 +0100] "GET /kiadvanyok/kiadvanyok.txt HTTP/1.1" 200 3316 "-" "Mozilla/4.0 (compatible; MSIE 6.0; Windows NT 5.1; SV1)"
188.143.232.19 - - [24/Dec/2015:16:20:21 +0100] "GET /humusz.txt HTTP/1.1" 200 3359 "-" "Mozilla/4.0 (compatible; MSIE 6.0; Windows NT 5.1; SV1)"
188.143.232.19 - - [24/Dec/2015:16:20:22 +0100] "GET /hirek/hirek.txt HTTP/1.1" 200 96857 "-" "Mozilla/4.0 (compatible; MSIE 6.0; Windows NT 5.1; SV1)"
178.24.113.152 - - [24/Dec/2015:16:37:44 +0100] "GET /robots.txt HTTP/1.0" 404 1181 "-" "Mozilla/5.0 (compatible; MJ12bot/v1.4.5; http://www.majestic12.co.uk/bot.php?+)"
178.24.113.152 - - [24/Dec/2015:16:37:46 +0100] "GET /magunkrol_elemei/kozhasznu.html HTTP/1.0" 200 48365 "-" "Mozilla/5.0 (compatible; MJ12bot/v1.4.5; http://www.majestic12.co.uk/bot.php?+)"
81.94.252.164 - - [24/Dec/2015:16:41:54 +0100] "GET /aktualis_elemei/bio2szulinap_elemei/image116.jpg HTTP/1.1" 200 9709 "https://www.google.hu" "Mozilla/5.0 (Windows NT 6.1; rv:41.0) Gecko/20100101 Firefox/41.0"
157.55.39.230 - - [24/Dec/2015:16:58:02 +0100] "GET /robots.txt HTTP/1.1" 404 1181 "-" "Mozilla/5.0 (compatible; bingbot/2.0; +http://www.bing.com/bingbot.htm)"
157.55.39.229 - - [24/Dec/2015:16:58:42 +0100] "GET /kiadvany/miskolchvte.pdf HTTP/1.1" 304 - "-" "Mozilla/5.0 (compatible; bingbot/2.0; +http://www.bing.com/bingbot.htm)"
157.55.39.191 - - [24/Dec/2015:18:09:33 +0100] "GET /robots.txt HTTP/1.1" 404 1181 "-" "Mozilla/5.0 (compatible; bingbot/2.0; +http://www.bing.com/bingbot.htm)"
157.55.39.192 - - [24/Dec/2015:18:09:44 +0100] "GET / HTTP/1.1" 200 884 "-" "Mozilla/5.0 (compatible; bingbot/2.0; +http://www.bing.com/bingbot.htm)"
66.249.66.149 - - [24/Dec/2015:18:12:51 +0100] "GET / HTTP/1.1" 200 884 "-" "DoCoMo/2.0 N905i(c100;TB;W24H16) (compatible; Googlebot-Mobile/2.1; +http://www.google.com/bot.html)"
66.249.66.16 - - [24/Dec/2015:19:05:18 +0100] "GET / HTTP/1.1" 200 884 "-" "Mozilla/5.0 (compatible; Googlebot/2.1; +http://www.google.com/bot.html)"
66.249.66.139 - - [24/Dec/2015:19:05:57 +0100] "GET / HTTP/1.1" 200 884 "-" "SAMSUNG-SGH-E250/1.0 Profile/MIDP-2.0 Configuration/CLDC-1.1 UP.Browser/6.2.3.3.c.1.101 (GUI) MMP/2.0 (compatible; Googlebot-Mobile/2.1; +http://www.google.com/bot.html)"
66.249.66.16 - - [24/Dec/2015:21:03:33 +0100] "GET / HTTP/1.1" 200 884 "-" "Mozilla/5.0 (compatible; Googlebot/2.1; +http://www.google.com/bot.html)"
157.55.39.88 - - [24/Dec/2015:22:28:28 +0100] "GET /aktualis_elemei/fnhv_elemei/image015.jpg HTTP/1.1" 200 11818 "-" "Mozilla/5.0 (compatible; bingbot/2.0; +http://www.bing.com/bingbot.htm)"
91.82.82.86 - - [24/Dec/2015:22:30:48 +0100] "GET /kiadvany/miabio.pdf HTTP/1.1" 200 25472 "https://www.google.hu/" "Mozilla/5.0 (Linux; Android 4.3; K01A Build/JSS15Q) AppleWebKit/537.36 (KHTML, like Gecko) Chrome/47.0.2526.83 Safari/537.36"
91.82.82.86 - - [24/Dec/2015:22:31:14 +0100] "GET /kiadvany/miabio.pdf HTTP/1.1" 200 11291786 "https://www.google.hu/" "Mozilla/5.0 (Linux; Android 4.3; K01A Build/JSS15Q) AppleWebKit/537.36 (KHTML, like Gecko) Chrome/47.0.2526.83 Safari/537.36"
207.46.13.168 - - [24/Dec/2015:22:35:41 +0100] "GET /robots.txt HTTP/1.1" 404 1181 "-" "Mozilla/5.0 (compatible; bingbot/2.0; +http://www.bing.com/bingbot.htm)"
207.46.13.168 - - [24/Dec/2015:22:35:45 +0100] "GET /aktualis_elemei/bio2szulinap_elemei/image126.jpg HTTP/1.1" 200 9363 "-" "Mozilla/5.0 (compatible; bingbot/2.0; +http://www.bing.com/bingbot.htm)"
157.55.39.88 - - [24/Dec/2015:22:38:41 +0100] "GET /robots.txt HTTP/1.1" 404 1181 "-" "Mozilla/5.0 (compatible; bingbot/2.0; +http://www.bing.com/bingbot.htm)"
157.55.39.88 - - [24/Dec/2015:22:38:50 +0100] "GET /aktualis_elemei/bio2szulinap_elemei/image110.jpg HTTP/1.1" 200 8760 "-" "Mozilla/5.0 (compatible; bingbot/2.0; +http://www.bing.com/bingbot.htm)"
157.55.39.192 - - [24/Dec/2015:22:38:53 +0100] "GET /robots.txt HTTP/1.1" 404 1181 "-" "Mozilla/5.0 (compatible; bingbot/2.0; +http://www.bing.com/bingbot.htm)"
157.55.39.192 - - [24/Dec/2015:22:39:03 +0100] "GET /aktualis_elemei/fnhv_elemei/image011.jpg HTTP/1.1" 200 8196 "-" "Mozilla/5.0 (compatible; bingbot/2.0; +http://www.bing.com/bingbot.htm)"
157.55.39.13 - - [24/Dec/2015:22:41:25 +0100] "GET /robots.txt HTTP/1.1" 404 1181 "-" "Mozilla/5.0 (compatible; bingbot/2.0; +http://www.bing.com/bingbot.htm)"
157.55.39.13 - - [24/Dec/2015:22:43:38 +0100] "GET /aktualis_elemei/bio2szulinap_elemei/image106.jpg HTTP/1.1" 200 7697 "-" "Mozilla/5.0 (compatible; bingbot/2.0; +http://www.bing.com/bingbot.htm)"
157.55.39.88 - - [24/Dec/2015:22:48:50 +0100] "GET /robots.txt HTTP/1.1" 404 1181 "-" "Mozilla/5.0 (compatible; bingbot/2.0; +http://www.bing.com/bingbot.htm)"
157.55.39.88 - - [24/Dec/2015:22:48:57 +0100] "GET /aktualis_elemei/bio2szulinap_elemei/image056.jpg HTTP/1.1" 200 10317 "-" "Mozilla/5.0 (compatible; bingbot/2.0; +http://www.bing.com/bingbot.htm)"
82.37.141.127 - - [25/Dec/2015:00:39:08 +0100] "GET /aktualis_elemei/bio2szulinap_elemei/image112.jpg HTTP/1.1" 200 8269 "https://www.google.com/" "Mozilla/5.0 (Linux; Android 4.4.2; GT-I9195 Build/KOT49H) AppleWebKit/537.36 (KHTML, like Gecko) Chrome/47.0.2526.83 Mobile Safari/537.36"
130.193.51.56 - - [25/Dec/2015:01:06:10 +0100] "GET /robots.txt HTTP/1.1" 404 1181 "-" "Mozilla/5.0 (compatible; YandexBot/3.0; +http://yandex.com/bots)"
130.193.51.56 - - [25/Dec/2015:01:22:18 +0100] "GET /robots.txt HTTP/1.1" 404 1181 "-" "Mozilla/5.0 (compatible; YandexBot/3.0; +http://yandex.com/bots)"
130.193.51.50 - - [25/Dec/2015:01:22:22 +0100] "GET /kiadvany/miskolchvte.pdf HTTP/1.1" 200 4059249 "-" "Mozilla/5.0 (compatible; YandexBot/3.0; +http://yandex.com/bots)"
130.193.51.50 - - [25/Dec/2015:01:22:22 +0100] "GET / HTTP/1.1" 200 884 "-" "Mozilla/5.0 (compatible; YandexBot/3.0; +http://yandex.com/bots)"
5.255.253.88 - - [25/Dec/2015:01:22:23 +0100] "GET / HTTP/1.1" 200 884 "-" "Mozilla/5.0 (compatible; YandexBot/3.0; +http://yandex.com/bots)"
5.255.253.69 - - [25/Dec/2015:01:22:27 +0100] "GET /zoldakcio.swf HTTP/1.1" 200 840351 "-" "Mozilla/5.0 (compatible; YandexBot/3.0; +http://yandex.com/bots)"
130.193.51.56 - - [25/Dec/2015:01:22:28 +0100] "GET /zoldakcio.swf HTTP/1.1" 200 840351 "-" "Mozilla/5.0 (compatible; YandexBot/3.0; +http://yandex.com/bots)"
95.108.132.163 - - [25/Dec/2015:01:22:30 +0100] "GET / HTTP/1.1" 200 884 "-" "Mozilla/5.0 (compatible; YandexBot/3.0; +http://yandex.com/bots)"
130.193.51.50 - - [25/Dec/2015:01:22:31 +0100] "GET / HTTP/1.1" 200 884 "-" "Mozilla/5.0 (compatible; YandexBot/3.0; +http://yandex.com/bots)"
207.46.13.168 - - [25/Dec/2015:01:40:13 +0100] "GET /robots.txt HTTP/1.1" 404 1181 "-" "Mozilla/5.0 (compatible; bingbot/2.0; +http://www.bing.com/bingbot.htm)"
207.46.13.168 - - [25/Dec/2015:01:40:37 +0100] "GET /kiadvany/miskolchvte.pdf HTTP/1.1" 200 4059249 "-" "Mozilla/5.0 (iPhone; CPU iPhone OS 7_0 like Mac OS X) AppleWebKit/537.51.1 (KHTML, like Gecko) Version/7.0 Mobile/11A465 Safari/9537.53 (compatible; bingbot/2.0; http://www.bing.com/bingbot.htm)"
182.118.22.247 - - [25/Dec/2015:02:59:51 +0100] "GET / HTTP/1.1" 200 884 "http://www.greenaction.hu/" "Mozilla/5.0 (compatible; MSIE 9.0; Windows NT 6.1; Trident/5.0); 360Spider(compatible; HaosouSpider; http://www.haosou.com/help/help_3_2.html)"
182.118.54.43 - - [25/Dec/2015:02:59:54 +0100] "GET / HTTP/1.1" 200 884 "-" "Mozilla/4.0 (compatible; MSIE 8.0; Windows NT 6.1; Trident/4.0; SLCC2; .NET CLR 2.0.50727; .NET CLR 3.5.30729; .NET CLR 3.0.30729; Media Center PC 6.0)"
74.91.26.114 - - [25/Dec/2015:04:20:07 +0100] "GET / HTTP/1.1" 200 884 "http://www.greenaction.hu" "Mozilla/5.0 (Windows NT 6.1; WOW64; rv:34.0) Gecko/20100101 Firefox/34.0"
66.249.66.144 - - [25/Dec/2015:05:17:32 +0100] "GET /robots.txt HTTP/1.1" 404 1181 "-" "Mozilla/5.0 (compatible; Googlebot/2.1; +http://www.google.com/bot.html)"
66.249.66.139 - - [25/Dec/2015:05:17:33 +0100] "GET /archiv_elemei/martintc.html HTTP/1.1" 200 15741 "-" "Mozilla/5.0 (iPhone; CPU iPhone OS 8_3 like Mac OS X) AppleWebKit/600.1.4 (KHTML, like Gecko) Version/8.0 Mobile/12F70 Safari/600.1.4 (compatible; Googlebot/2.1; +http://www.google.com/bot.html)"
157.55.39.192 - - [25/Dec/2015:05:46:14 +0100] "GET /robots.txt HTTP/1.1" 404 1181 "-" "Mozilla/5.0 (compatible; bingbot/2.0; +http://www.bing.com/bingbot.htm)"
157.55.39.192 - - [25/Dec/2015:05:46:18 +0100] "GET /aktualis_elemei/1000szel_elemei/oledata.mso HTTP/1.1" 200 70765 "-" "Mozilla/5.0 (compatible; bingbot/2.0; +http://www.bing.com/bingbot.htm)"
207.46.13.168 - - [25/Dec/2015:06:27:45 +0100] "GET /robots.txt HTTP/1.1" 404 1181 "-" "Mozilla/5.0 (compatible; bingbot/2.0; +http://www.bing.com/bingbot.htm)"
207.46.13.168 - - [25/Dec/2015:06:28:09 +0100] "GET /aktualis_elemei/ausztriaut.html HTTP/1.1" 200 73702 "-" "Mozilla/5.0 (compatible; bingbot/2.0; +http://www.bing.com/bingbot.htm)"
157.55.39.191 - - [25/Dec/2015:06:28:37 +0100] "GET /robots.txt HTTP/1.1" 404 1181 "-" "Mozilla/5.0 (compatible; bingbot/2.0; +http://www.bing.com/bingbot.htm)"
157.55.39.191 - - [25/Dec/2015:06:28:44 +0100] "GET / HTTP/1.1" 200 884 "-" "Mozilla/5.0 (compatible; bingbot/2.0; +http://www.bing.com/bingbot.htm)"
66.249.66.12 - - [25/Dec/2015:06:37:48 +0100] "GET /robots.txt HTTP/1.1" 404 1181 "-" "Mozilla/5.0 (compatible; Googlebot/2.1; +http://www.google.com/bot.html)"
66.249.66.13 - - [25/Dec/2015:06:37:48 +0100] "GET / HTTP/1.1" 200 884 "-" "Mozilla/5.0 (compatible; Googlebot/2.1; +http://www.google.com/bot.html)"
198.27.65.39 - - [25/Dec/2015:06:51:58 +0100] "GET /robots.txt HTTP/1.0" 404 1181 "-" "Mozilla/5.0 (compatible; MJ12bot/v1.4.5; http://www.majestic12.co.uk/bot.php?+)"
198.27.65.39 - - [25/Dec/2015:06:52:00 +0100] "GET /aktualis_elemei/bio2szulinap.html HTTP/1.0" 200 71694 "-" "Mozilla/5.0 (compatible; MJ12bot/v1.4.5; http://www.majestic12.co.uk/bot.php?+)"
198.27.65.39 - - [25/Dec/2015:06:52:02 +0100] "GET /partnereink.html HTTP/1.0" 200 1822 "-" "Mozilla/5.0 (compatible; MJ12bot/v1.4.5; http://www.majestic12.co.uk/bot.php?+)"
45.33.104.237 - - [25/Dec/2015:07:22:46 +0100] "HEAD / HTTP/1.1" 200 0 "http://uptimechecker.com/greenaction.hu" "Mozilla/5.0 (Windows NT 6.1; rv:41.0) Gecko/20100101 Firefox/41.0"
194.150.75.9 - - [25/Dec/2015:09:21:40 +0100] "GET /admin.php HTTP/1.0" 404 1181 "-" "Opera/9.80 (Windows NT 6.1; U; ru) Presto/2.8.131 Version/11.10"
194.150.75.9 - - [25/Dec/2015:09:21:40 +0100] "GET /administrator/index.php HTTP/1.0" 404 1181 "-" "Opera/9.80 (Windows NT 6.1; U; ru) Presto/2.8.131 Version/11.10"
194.150.75.9 - - [25/Dec/2015:09:21:40 +0100] "GET /wp-login.php HTTP/1.0" 404 1181 "-" "Opera/9.80 (Windows NT 6.1; U; ru) Presto/2.8.131 Version/11.10"
66.249.66.149 - - [25/Dec/2015:10:55:07 +0100] "GET /aktualis_elemei/fnhv_elemei/image010.jpg HTTP/1.1" 304 - "-" "Googlebot-Image/1.0"
66.249.66.144 - - [25/Dec/2015:12:25:13 +0100] "GET / HTTP/1.1" 200 884 "-" "Mozilla/5.0 (compatible; Googlebot/2.1; +http://www.google.com/bot.html)"
68.180.229.159 - - [25/Dec/2015:14:25:30 +0100] "GET /robots.txt HTTP/1.1" 404 1181 "-" "Mozilla/5.0 (compatible; Yahoo! Slurp; http://help.yahoo.com/help/us/ysearch/slurp)"
68.180.229.159 - - [25/Dec/2015:14:25:31 +0100] "GET / HTTP/1.1" 304 - "-" "Mozilla/5.0 (compatible; Yahoo! Slurp; http://help.yahoo.com/help/us/ysearch/slurp)"
68.180.229.159 - - [25/Dec/2015:14:25:36 +0100] "GET /zoldakcio.swf HTTP/1.1" 200 840351 "-" "Mozilla/5.0 (compatible; Yahoo! Slurp; http://help.yahoo.com/help/us/ysearch/slurp)"
188.143.232.15 - - [25/Dec/2015:14:57:49 +0100] "GET /kiadvanyok/kiadvanyok.txt HTTP/1.1" 200 3316 "-" "Mozilla/4.0 (compatible; MSIE 6.0; Windows NT 5.1; SV1)"
188.143.232.15 - - [25/Dec/2015:14:57:49 +0100] "GET /humusz.txt HTTP/1.1" 200 3359 "-" "Mozilla/4.0 (compatible; MSIE 6.0; Windows NT 5.1; SV1)"
188.143.232.15 - - [25/Dec/2015:14:57:52 +0100] "GET /hirek/hirek.txt HTTP/1.1" 200 96857 "-" "Mozilla/4.0 (compatible; MSIE 6.0; Windows NT 5.1; SV1)"
66.249.66.149 - - [25/Dec/2015:15:13:36 +0100] "GET / HTTP/1.1" 200 884 "-" "Mozilla/5.0 (compatible; Googlebot/2.1; +http://www.google.com/bot.html)"
31.46.246.136 - - [25/Dec/2015:17:18:41 +0100] "GET /aktualis_elemei/bio2szulinap_elemei/image086.jpg HTTP/1.1" 200 7670 "https://www.google.hu/" "Mozilla/5.0 (Windows NT 5.1) AppleWebKit/537.36 (KHTML, like Gecko) Chrome/34.0.1847.137 Safari/537.36"
66.249.66.12 - - [25/Dec/2015:17:22:10 +0100] "GET / HTTP/1.1" 200 884 "-" "Mozilla/5.0 (compatible; Googlebot/2.1; +http://www.google.com/bot.html)"
157.55.39.191 - - [25/Dec/2015:18:22:40 +0100] "GET /robots.txt HTTP/1.1" 404 1181 "-" "Mozilla/5.0 (compatible; bingbot/2.0; +http://www.bing.com/bingbot.htm)"
157.55.39.191 - - [25/Dec/2015:18:23:32 +0100] "GET / HTTP/1.1" 200 884 "-" "Mozilla/5.0 (compatible; bingbot/2.0; +http://www.bing.com/bingbot.htm)"
5.206.140.154 - - [25/Dec/2015:18:35:24 +0100] "GET /aktualis_elemei/bio2szulinap_elemei/image134.jpg HTTP/1.1" 200 10678 "-" "Mozilla/5.0 (iPhone; CPU iPhone OS 9_1 like Mac OS X) AppleWebKit/600.1.4 (KHTML, like Gecko) GSA/6.0.51363 Mobile/13B143 Safari/600.1.4"
180.76.15.20 - - [25/Dec/2015:19:44:44 +0100] "GET /robots.txt HTTP/1.1" 404 1181 "-" "Mozilla/5.0 (Windows NT 5.1; rv:6.0.2) Gecko/20100101 Firefox/6.0.2"
180.76.15.146 - - [25/Dec/2015:19:46:13 +0100] "GET /archiv_elemei/acitc.html HTTP/1.1" 200 13312 "-" "Mozilla/5.0 (compatible; Baiduspider/2.0; +http://www.baidu.com/search/spider.html)"
188.142.193.14 - - [25/Dec/2015:22:07:40 +0100] "GET /aktualis_elemei/bio2szulinap_elemei/image138.jpg HTTP/1.1" 200 9822 "https://www.google.hu/" "Mozilla/5.0 (Windows NT 6.1; WOW64) AppleWebKit/537.36 (KHTML, like Gecko) Chrome/47.0.2526.106 Safari/537.36"
188.142.193.14 - - [25/Dec/2015:22:07:43 +0100] "GET /aktualis_elemei/bio2szulinap_elemei/image134.jpg HTTP/1.1" 200 10678 "https://www.google.hu/" "Mozilla/5.0 (Windows NT 6.1; WOW64) AppleWebKit/537.36 (KHTML, like Gecko) Chrome/47.0.2526.106 Safari/537.36"
188.142.193.14 - - [25/Dec/2015:22:07:45 +0100] "GET /aktualis_elemei/bio2szulinap_elemei/image136.jpg HTTP/1.1" 200 7982 "https://www.google.hu/" "Mozilla/5.0 (Windows NT 6.1; WOW64) AppleWebKit/537.36 (KHTML, like Gecko) Chrome/47.0.2526.106 Safari/537.36"
45.79.87.95 - - [25/Dec/2015:22:09:48 +0100] "HEAD / HTTP/1.1" 200 0 "http://uptimebot.net/greenaction.hu" "Mozilla/5.0 (Windows NT 6.1) AppleWebKit/537.36 (KHTML, like Gecko) Chrome/46.0.2490.86 Safari/537.36"
62.210.143.245 - - [25/Dec/2015:23:45:15 +0100] "GET /robots.txt HTTP/1.0" 404 1181 "-" "Mozilla/5.0 (compatible; MJ12bot/v1.4.5; http://www.majestic12.co.uk/bot.php?+)"
62.210.143.245 - - [25/Dec/2015:23:45:17 +0100] "GET /archiv_elemei/acitc.html HTTP/1.0" 200 13312 "-" "Mozilla/5.0 (compatible; MJ12bot/v1.4.5; http://www.majestic12.co.uk/bot.php?+)"
62.210.143.245 - - [25/Dec/2015:23:45:18 +0100] "GET /program.html HTTP/1.0" 200 12857 "-" "Mozilla/5.0 (compatible; MJ12bot/v1.4.5; http://www.majestic12.co.uk/bot.php?+)"
157.55.39.212 - - [26/Dec/2015:00:04:27 +0100] "GET /robots.txt HTTP/1.1" 404 1181 "-" "Mozilla/5.0 (compatible; bingbot/2.0; +http://www.bing.com/bingbot.htm)"
157.55.39.212 - - [26/Dec/2015:00:04:32 +0100] "GET /aktualis_elemei/biovasarszombat.html HTTP/1.1" 304 - "-" "Mozilla/5.0 (compatible; bingbot/2.0; +http://www.bing.com/bingbot.htm)"
66.249.64.17 - - [26/Dec/2015:00:04:56 +0100] "GET /robots.txt HTTP/1.1" 404 1181 "-" "Mozilla/5.0 (compatible; Googlebot/2.1; +http://www.google.com/bot.html)"
66.249.64.17 - - [26/Dec/2015:00:04:57 +0100] "GET / HTTP/1.1" 200 884 "-" "Mozilla/5.0 (iPhone; CPU iPhone OS 8_3 like Mac OS X) AppleWebKit/600.1.4 (KHTML, like Gecko) Version/8.0 Mobile/12F70 Safari/600.1.4 (compatible; Googlebot/2.1; +http://www.google.com/bot.html)"
40.77.167.72 - - [26/Dec/2015:00:09:28 +0100] "GET /aktualis_elemei/bio2szulinap_elemei/image104.jpg HTTP/1.1" 200 8372 "-" "Mozilla/5.0 (compatible; bingbot/2.0; +http://www.bing.com/bingbot.htm)"
66.249.64.94 - - [26/Dec/2015:00:16:48 +0100] "GET /robots.txt HTTP/1.1" 404 1181 "-" "Mozilla/5.0 (compatible; Googlebot/2.1; +http://www.google.com/bot.html)"
66.249.64.89 - - [26/Dec/2015:00:16:48 +0100] "GET / HTTP/1.1" 200 884 "-" "Mozilla/5.0 (iPhone; CPU iPhone OS 8_3 like Mac OS X) AppleWebKit/600.1.4 (KHTML, like Gecko) Version/8.0 Mobile/12F70 Safari/600.1.4 (compatible; Googlebot/2.1; +http://www.google.com/bot.html)"
77.111.91.57 - - [26/Dec/2015:02:38:56 +0100] "GET / HTTP/1.1" 200 884 "-" "Mozilla/5.0 (Macintosh; Intel Mac OS X 10_7_4) AppleWebKit/534.57.2 (KHTML, like Gecko) Version/5.1.7 Safari/534.57.2"
157.55.39.191 - - [26/Dec/2015:02:48:25 +0100] "GET / HTTP/1.1" 200 884 "-" "Mozilla/5.0 (compatible; bingbot/2.0; +http://www.bing.com/bingbot.htm)"
212.115.224.115 - - [26/Dec/2015:03:10:22 +0100] "GET /robots.txt HTTP/1.1" 404 1181 "-" "Mozilla/5.0 (compatible; HyperCrawl/0.2; +http://www.seograph.net/bot.html)"
66.249.64.99 - - [26/Dec/2015:03:35:33 +0100] "GET /aktualis_elemei/fnhv_elemei/image025.jpg HTTP/1.1" 304 - "-" "Googlebot-Image/1.0"
130.193.51.56 - - [26/Dec/2015:04:04:03 +0100] "GET /robots.txt HTTP/1.1" 404 1181 "-" "Mozilla/5.0 (compatible; YandexBot/3.0; +http://yandex.com/bots)"
176.97.116.171 - - [26/Dec/2015:04:15:26 +0100] "GET / HTTP/1.1" 200 884 "-" "-"
176.97.116.171 - - [26/Dec/2015:04:15:26 +0100] "GET //xmlrpc.php HTTP/1.1" 404 1181 "-" "-"
176.97.116.171 - - [26/Dec/2015:04:15:27 +0100] "HEAD //wp-login.php HTTP/1.1" 404 0 "-" "-"
144.76.4.148 - - [26/Dec/2015:06:16:34 +0100] "GET /robots.txt HTTP/1.0" 404 1181 "-" "Mozilla/5.0 (compatible; MJ12bot/v1.4.5; http://www.majestic12.co.uk/bot.php?+)"
144.76.4.148 - - [26/Dec/2015:06:16:35 +0100] "GET /aktualis_elemei/belvarosk.html HTTP/1.0" 200 4904 "-" "Mozilla/5.0 (compatible; MJ12bot/v1.4.5; http://www.majestic12.co.uk/bot.php?+)"
144.76.4.148 - - [26/Dec/2015:06:16:37 +0100] "GET /archiv_elemei/acitc.html HTTP/1.0" 200 13312 "-" "Mozilla/5.0 (compatible; MJ12bot/v1.4.5; http://www.majestic12.co.uk/bot.php?+)"
144.76.4.148 - - [26/Dec/2015:06:16:38 +0100] "GET /program.html HTTP/1.0" 200 12857 "-" "Mozilla/5.0 (compatible; MJ12bot/v1.4.5; http://www.majestic12.co.uk/bot.php?+)"
40.77.167.72 - - [26/Dec/2015:06:30:26 +0100] "GET /aktualis_elemei/ktavmuhely.html HTTP/1.1" 304 - "-" "Mozilla/5.0 (compatible; bingbot/2.0; +http://www.bing.com/bingbot.htm)"
188.40.95.70 - - [26/Dec/2015:08:40:27 +0100] "GET /robots.txt HTTP/1.0" 404 1181 "-" "Mozilla/5.0 (compatible; MJ12bot/v1.4.5; http://www.majestic12.co.uk/bot.php?+)"
188.40.95.70 - - [26/Dec/2015:08:40:28 +0100] "GET /aktualis_elemei/deneverdani.html HTTP/1.0" 200 7036 "-" "Mozilla/5.0 (compatible; MJ12bot/v1.4.5; http://www.majestic12.co.uk/bot.php?+)"
188.40.95.70 - - [26/Dec/2015:08:40:29 +0100] "GET /aktualis_elemei/loverecycling.html HTTP/1.0" 200 11087 "-" "Mozilla/5.0 (compatible; MJ12bot/v1.4.5; http://www.majestic12.co.uk/bot.php?+)"
188.40.95.70 - - [26/Dec/2015:08:40:31 +0100] "GET /archiv.html HTTP/1.0" 200 100991 "-" "Mozilla/5.0 (compatible; MJ12bot/v1.4.5; http://www.majestic12.co.uk/bot.php?+)"
130.193.51.56 - - [26/Dec/2015:08:49:08 +0100] "GET /kiadvany/miskolchvte.pdf HTTP/1.1" 200 4059249 "-" "Mozilla/5.0 (compatible; YandexBot/3.0; +http://yandex.com/bots)"
178.164.238.77 - - [26/Dec/2015:09:33:45 +0100] "GET /aktualis_elemei/bio2szulinap_elemei/image110.jpg HTTP/1.1" 200 8760 "https://www.google.hu/" "Mozilla/5.0 (Windows NT 6.1; WOW64) AppleWebKit/537.36 (KHTML, like Gecko) Chrome/47.0.2526.106 Safari/537.36"
94.21.164.156 - - [26/Dec/2015:09:58:15 +0100] "GET /favicon.ico HTTP/1.1" 404 1181 "http://www.greenaction.hu/kiadvany/miabio.pdf" "Mozilla/5.0 (Windows NT 6.1) AppleWebKit/537.36 (KHTML, like Gecko) Chrome/47.0.2526.106 Safari/537.36"
94.21.164.156 - - [26/Dec/2015:09:58:16 +0100] "GET /kiadvany/miabio.pdf HTTP/1.1" 200 2068608 "https://www.google.hu/" "Mozilla/5.0 (Windows NT 6.1) AppleWebKit/537.36 (KHTML, like Gecko) Chrome/47.0.2526.106 Safari/537.36"
94.21.164.156 - - [26/Dec/2015:09:58:16 +0100] "GET /kiadvany/miabio.pdf HTTP/1.1" 206 32768 "http://www.greenaction.hu/kiadvany/miabio.pdf" "Mozilla/5.0 (Windows NT 6.1) AppleWebKit/537.36 (KHTML, like Gecko) Chrome/47.0.2526.106 Safari/537.36"
94.21.164.156 - - [26/Dec/2015:09:58:16 +0100] "GET /kiadvany/miabio.pdf HTTP/1.1" 206 562718 "http://www.greenaction.hu/kiadvany/miabio.pdf" "Mozilla/5.0 (Windows NT 6.1) AppleWebKit/537.36 (KHTML, like Gecko) Chrome/47.0.2526.106 Safari/537.36"
94.21.164.156 - - [26/Dec/2015:09:58:16 +0100] "GET /kiadvany/miabio.pdf HTTP/1.1" 206 32768 "http://www.greenaction.hu/kiadvany/miabio.pdf" "Mozilla/5.0 (Windows NT 6.1) AppleWebKit/537.36 (KHTML, like Gecko) Chrome/47.0.2526.106 Safari/537.36"
94.21.164.156 - - [26/Dec/2015:09:58:16 +0100] "GET /kiadvany/miabio.pdf HTTP/1.1" 206 32768 "http://www.greenaction.hu/kiadvany/miabio.pdf" "Mozilla/5.0 (Windows NT 6.1) AppleWebKit/537.36 (KHTML, like Gecko) Chrome/47.0.2526.106 Safari/537.36"
94.21.164.156 - - [26/Dec/2015:09:58:17 +0100] "GET /kiadvany/miabio.pdf HTTP/1.1" 206 32768 "http://www.greenaction.hu/kiadvany/miabio.pdf" "Mozilla/5.0 (Windows NT 6.1) AppleWebKit/537.36 (KHTML, like Gecko) Chrome/47.0.2526.106 Safari/537.36"
94.21.164.156 - - [26/Dec/2015:09:58:17 +0100] "GET /kiadvany/miabio.pdf HTTP/1.1" 206 609496 "http://www.greenaction.hu/kiadvany/miabio.pdf" "Mozilla/5.0 (Windows NT 6.1) AppleWebKit/537.36 (KHTML, like Gecko) Chrome/47.0.2526.106 Safari/537.36"
94.21.164.156 - - [26/Dec/2015:09:58:17 +0100] "GET /kiadvany/miabio.pdf HTTP/1.1" 206 41014 "http://www.greenaction.hu/kiadvany/miabio.pdf" "Mozilla/5.0 (Windows NT 6.1) AppleWebKit/537.36 (KHTML, like Gecko) Chrome/47.0.2526.106 Safari/537.36"
94.21.164.156 - - [26/Dec/2015:09:58:17 +0100] "GET /kiadvany/miabio.pdf HTTP/1.1" 206 88215 "http://www.greenaction.hu/kiadvany/miabio.pdf" "Mozilla/5.0 (Windows NT 6.1) AppleWebKit/537.36 (KHTML, like Gecko) Chrome/47.0.2526.106 Safari/537.36"
94.21.164.156 - - [26/Dec/2015:09:58:17 +0100] "GET /kiadvany/miabio.pdf HTTP/1.1" 206 36590 "http://www.greenaction.hu/kiadvany/miabio.pdf" "Mozilla/5.0 (Windows NT 6.1) AppleWebKit/537.36 (KHTML, like Gecko) Chrome/47.0.2526.106 Safari/537.36"
94.21.164.156 - - [26/Dec/2015:09:58:17 +0100] "GET /kiadvany/miabio.pdf HTTP/1.1" 206 32768 "http://www.greenaction.hu/kiadvany/miabio.pdf" "Mozilla/5.0 (Windows NT 6.1) AppleWebKit/537.36 (KHTML, like Gecko) Chrome/47.0.2526.106 Safari/537.36"
94.21.164.156 - - [26/Dec/2015:09:58:17 +0100] "GET /kiadvany/miabio.pdf HTTP/1.1" 206 37094 "http://www.greenaction.hu/kiadvany/miabio.pdf" "Mozilla/5.0 (Windows NT 6.1) AppleWebKit/537.36 (KHTML, like Gecko) Chrome/47.0.2526.106 Safari/537.36"
94.21.164.156 - - [26/Dec/2015:09:58:17 +0100] "GET /kiadvany/miabio.pdf HTTP/1.1" 206 65536 "http://www.greenaction.hu/kiadvany/miabio.pdf" "Mozilla/5.0 (Windows NT 6.1) AppleWebKit/537.36 (KHTML, like Gecko) Chrome/47.0.2526.106 Safari/537.36"
94.21.164.156 - - [26/Dec/2015:09:58:17 +0100] "GET /kiadvany/miabio.pdf HTTP/1.1" 206 65536 "http://www.greenaction.hu/kiadvany/miabio.pdf" "Mozilla/5.0 (Windows NT 6.1) AppleWebKit/537.36 (KHTML, like Gecko) Chrome/47.0.2526.106 Safari/537.36"
94.21.164.156 - - [26/Dec/2015:09:58:17 +0100] "GET /kiadvany/miabio.pdf HTTP/1.1" 206 65536 "http://www.greenaction.hu/kiadvany/miabio.pdf" "Mozilla/5.0 (Windows NT 6.1) AppleWebKit/537.36 (KHTML, like Gecko) Chrome/47.0.2526.106 Safari/537.36"
94.21.164.156 - - [26/Dec/2015:09:58:17 +0100] "GET /kiadvany/miabio.pdf HTTP/1.1" 206 65536 "http://www.greenaction.hu/kiadvany/miabio.pdf" "Mozilla/5.0 (Windows NT 6.1) AppleWebKit/537.36 (KHTML, like Gecko) Chrome/47.0.2526.106 Safari/537.36"
94.21.164.156 - - [26/Dec/2015:09:58:17 +0100] "GET /kiadvany/miabio.pdf HTTP/1.1" 206 65536 "http://www.greenaction.hu/kiadvany/miabio.pdf" "Mozilla/5.0 (Windows NT 6.1) AppleWebKit/537.36 (KHTML, like Gecko) Chrome/47.0.2526.106 Safari/537.36"
94.21.164.156 - - [26/Dec/2015:09:58:17 +0100] "GET /kiadvany/miabio.pdf HTTP/1.1" 206 65536 "http://www.greenaction.hu/kiadvany/miabio.pdf" "Mozilla/5.0 (Windows NT 6.1) AppleWebKit/537.36 (KHTML, like Gecko) Chrome/47.0.2526.106 Safari/537.36"
94.21.164.156 - - [26/Dec/2015:09:58:17 +0100] "GET /kiadvany/miabio.pdf HTTP/1.1" 206 65536 "http://www.greenaction.hu/kiadvany/miabio.pdf" "Mozilla/5.0 (Windows NT 6.1) AppleWebKit/537.36 (KHTML, like Gecko) Chrome/47.0.2526.106 Safari/537.36"
94.21.164.156 - - [26/Dec/2015:09:58:17 +0100] "GET /kiadvany/miabio.pdf HTTP/1.1" 206 65536 "http://www.greenaction.hu/kiadvany/miabio.pdf" "Mozilla/5.0 (Windows NT 6.1) AppleWebKit/537.36 (KHTML, like Gecko) Chrome/47.0.2526.106 Safari/537.36"
94.21.164.156 - - [26/Dec/2015:09:58:17 +0100] "GET /kiadvany/miabio.pdf HTTP/1.1" 206 65536 "http://www.greenaction.hu/kiadvany/miabio.pdf" "Mozilla/5.0 (Windows NT 6.1) AppleWebKit/537.36 (KHTML, like Gecko) Chrome/47.0.2526.106 Safari/537.36"
94.21.164.156 - - [26/Dec/2015:09:58:17 +0100] "GET /kiadvany/miabio.pdf HTTP/1.1" 206 65536 "http://www.greenaction.hu/kiadvany/miabio.pdf" "Mozilla/5.0 (Windows NT 6.1) AppleWebKit/537.36 (KHTML, like Gecko) Chrome/47.0.2526.106 Safari/537.36"
94.21.164.156 - - [26/Dec/2015:09:58:17 +0100] "GET /kiadvany/miabio.pdf HTTP/1.1" 206 131072 "http://www.greenaction.hu/kiadvany/miabio.pdf" "Mozilla/5.0 (Windows NT 6.1) AppleWebKit/537.36 (KHTML, like Gecko) Chrome/47.0.2526.106 Safari/537.36"
94.21.164.156 - - [26/Dec/2015:09:58:17 +0100] "GET /kiadvany/miabio.pdf HTTP/1.1" 206 131072 "http://www.greenaction.hu/kiadvany/miabio.pdf" "Mozilla/5.0 (Windows NT 6.1) AppleWebKit/537.36 (KHTML, like Gecko) Chrome/47.0.2526.106 Safari/537.36"
94.21.164.156 - - [26/Dec/2015:09:58:17 +0100] "GET /kiadvany/miabio.pdf HTTP/1.1" 206 131072 "http://www.greenaction.hu/kiadvany/miabio.pdf" "Mozilla/5.0 (Windows NT 6.1) AppleWebKit/537.36 (KHTML, like Gecko) Chrome/47.0.2526.106 Safari/537.36"
94.21.164.156 - - [26/Dec/2015:09:58:17 +0100] "GET /kiadvany/miabio.pdf HTTP/1.1" 206 131072 "http://www.greenaction.hu/kiadvany/miabio.pdf" "Mozilla/5.0 (Windows NT 6.1) AppleWebKit/537.36 (KHTML, like Gecko) Chrome/47.0.2526.106 Safari/537.36"
94.21.164.156 - - [26/Dec/2015:09:58:18 +0100] "GET /kiadvany/miabio.pdf HTTP/1.1" 206 131072 "http://www.greenaction.hu/kiadvany/miabio.pdf" "Mozilla/5.0 (Windows NT 6.1) AppleWebKit/537.36 (KHTML, like Gecko) Chrome/47.0.2526.106 Safari/537.36"
94.21.164.156 - - [26/Dec/2015:09:58:18 +0100] "GET /kiadvany/miabio.pdf HTTP/1.1" 206 131072 "http://www.greenaction.hu/kiadvany/miabio.pdf" "Mozilla/5.0 (Windows NT 6.1) AppleWebKit/537.36 (KHTML, like Gecko) Chrome/47.0.2526.106 Safari/537.36"
94.21.164.156 - - [26/Dec/2015:09:58:18 +0100] "GET /kiadvany/miabio.pdf HTTP/1.1" 206 131072 "http://www.greenaction.hu/kiadvany/miabio.pdf" "Mozilla/5.0 (Windows NT 6.1) AppleWebKit/537.36 (KHTML, like Gecko) Chrome/47.0.2526.106 Safari/537.36"
94.21.164.156 - - [26/Dec/2015:09:58:18 +0100] "GET /kiadvany/miabio.pdf HTTP/1.1" 206 131072 "http://www.greenaction.hu/kiadvany/miabio.pdf" "Mozilla/5.0 (Windows NT 6.1) AppleWebKit/537.36 (KHTML, like Gecko) Chrome/47.0.2526.106 Safari/537.36"
94.21.164.156 - - [26/Dec/2015:09:58:18 +0100] "GET /kiadvany/miabio.pdf HTTP/1.1" 206 131072 "http://www.greenaction.hu/kiadvany/miabio.pdf" "Mozilla/5.0 (Windows NT 6.1) AppleWebKit/537.36 (KHTML, like Gecko) Chrome/47.0.2526.106 Safari/537.36"
94.21.164.156 - - [26/Dec/2015:09:58:18 +0100] "GET /kiadvany/miabio.pdf HTTP/1.1" 206 131072 "http://www.greenaction.hu/kiadvany/miabio.pdf" "Mozilla/5.0 (Windows NT 6.1) AppleWebKit/537.36 (KHTML, like Gecko) Chrome/47.0.2526.106 Safari/537.36"
94.21.164.156 - - [26/Dec/2015:09:58:18 +0100] "GET /kiadvany/miabio.pdf HTTP/1.1" 206 262144 "http://www.greenaction.hu/kiadvany/miabio.pdf" "Mozilla/5.0 (Windows NT 6.1) AppleWebKit/537.36 (KHTML, like Gecko) Chrome/47.0.2526.106 Safari/537.36"
94.21.164.156 - - [26/Dec/2015:09:58:18 +0100] "GET /kiadvany/miabio.pdf HTTP/1.1" 206 262144 "http://www.greenaction.hu/kiadvany/miabio.pdf" "Mozilla/5.0 (Windows NT 6.1) AppleWebKit/537.36 (KHTML, like Gecko) Chrome/47.0.2526.106 Safari/537.36"
94.21.164.156 - - [26/Dec/2015:09:58:18 +0100] "GET /kiadvany/miabio.pdf HTTP/1.1" 206 262144 "http://www.greenaction.hu/kiadvany/miabio.pdf" "Mozilla/5.0 (Windows NT 6.1) AppleWebKit/537.36 (KHTML, like Gecko) Chrome/47.0.2526.106 Safari/537.36"
94.21.164.156 - - [26/Dec/2015:09:58:18 +0100] "GET /kiadvany/miabio.pdf HTTP/1.1" 206 262144 "http://www.greenaction.hu/kiadvany/miabio.pdf" "Mozilla/5.0 (Windows NT 6.1) AppleWebKit/537.36 (KHTML, like Gecko) Chrome/47.0.2526.106 Safari/537.36"
94.21.164.156 - - [26/Dec/2015:09:58:18 +0100] "GET /kiadvany/miabio.pdf HTTP/1.1" 206 262144 "http://www.greenaction.hu/kiadvany/miabio.pdf" "Mozilla/5.0 (Windows NT 6.1) AppleWebKit/537.36 (KHTML, like Gecko) Chrome/47.0.2526.106 Safari/537.36"
94.21.164.156 - - [26/Dec/2015:09:58:18 +0100] "GET /kiadvany/miabio.pdf HTTP/1.1" 206 262144 "http://www.greenaction.hu/kiadvany/miabio.pdf" "Mozilla/5.0 (Windows NT 6.1) AppleWebKit/537.36 (KHTML, like Gecko) Chrome/47.0.2526.106 Safari/537.36"
94.21.164.156 - - [26/Dec/2015:09:58:18 +0100] "GET /kiadvany/miabio.pdf HTTP/1.1" 206 262144 "http://www.greenaction.hu/kiadvany/miabio.pdf" "Mozilla/5.0 (Windows NT 6.1) AppleWebKit/537.36 (KHTML, like Gecko) Chrome/47.0.2526.106 Safari/537.36"
94.21.164.156 - - [26/Dec/2015:09:58:18 +0100] "GET /kiadvany/miabio.pdf HTTP/1.1" 206 262144 "http://www.greenaction.hu/kiadvany/miabio.pdf" "Mozilla/5.0 (Windows NT 6.1) AppleWebKit/537.36 (KHTML, like Gecko) Chrome/47.0.2526.106 Safari/537.36"
94.21.164.156 - - [26/Dec/2015:09:58:18 +0100] "GET /kiadvany/miabio.pdf HTTP/1.1" 206 262144 "http://www.greenaction.hu/kiadvany/miabio.pdf" "Mozilla/5.0 (Windows NT 6.1) AppleWebKit/537.36 (KHTML, like Gecko) Chrome/47.0.2526.106 Safari/537.36"
94.21.164.156 - - [26/Dec/2015:09:58:18 +0100] "GET /kiadvany/miabio.pdf HTTP/1.1" 206 262144 "http://www.greenaction.hu/kiadvany/miabio.pdf" "Mozilla/5.0 (Windows NT 6.1) AppleWebKit/537.36 (KHTML, like Gecko) Chrome/47.0.2526.106 Safari/537.36"
94.21.164.156 - - [26/Dec/2015:09:58:18 +0100] "GET /kiadvany/miabio.pdf HTTP/1.1" 206 524288 "http://www.greenaction.hu/kiadvany/miabio.pdf" "Mozilla/5.0 (Windows NT 6.1) AppleWebKit/537.36 (KHTML, like Gecko) Chrome/47.0.2526.106 Safari/537.36"
94.21.164.156 - - [26/Dec/2015:09:58:18 +0100] "GET /kiadvany/miabio.pdf HTTP/1.1" 206 524288 "http://www.greenaction.hu/kiadvany/miabio.pdf" "Mozilla/5.0 (Windows NT 6.1) AppleWebKit/537.36 (KHTML, like Gecko) Chrome/47.0.2526.106 Safari/537.36"
94.21.164.156 - - [26/Dec/2015:09:58:19 +0100] "GET /kiadvany/miabio.pdf HTTP/1.1" 206 524288 "http://www.greenaction.hu/kiadvany/miabio.pdf" "Mozilla/5.0 (Windows NT 6.1) AppleWebKit/537.36 (KHTML, like Gecko) Chrome/47.0.2526.106 Safari/537.36"
94.21.164.156 - - [26/Dec/2015:09:58:19 +0100] "GET /kiadvany/miabio.pdf HTTP/1.1" 206 524288 "http://www.greenaction.hu/kiadvany/miabio.pdf" "Mozilla/5.0 (Windows NT 6.1) AppleWebKit/537.36 (KHTML, like Gecko) Chrome/47.0.2526.106 Safari/537.36"
94.21.164.156 - - [26/Dec/2015:09:58:19 +0100] "GET /kiadvany/miabio.pdf HTTP/1.1" 206 524288 "http://www.greenaction.hu/kiadvany/miabio.pdf" "Mozilla/5.0 (Windows NT 6.1) AppleWebKit/537.36 (KHTML, like Gecko) Chrome/47.0.2526.106 Safari/537.36"
94.21.164.156 - - [26/Dec/2015:09:58:19 +0100] "GET /kiadvany/miabio.pdf HTTP/1.1" 206 524288 "http://www.greenaction.hu/kiadvany/miabio.pdf" "Mozilla/5.0 (Windows NT 6.1) AppleWebKit/537.36 (KHTML, like Gecko) Chrome/47.0.2526.106 Safari/537.36"
94.21.164.156 - - [26/Dec/2015:09:58:19 +0100] "GET /kiadvany/miabio.pdf HTTP/1.1" 206 524288 "http://www.greenaction.hu/kiadvany/miabio.pdf" "Mozilla/5.0 (Windows NT 6.1) AppleWebKit/537.36 (KHTML, like Gecko) Chrome/47.0.2526.106 Safari/537.36"
94.21.164.156 - - [26/Dec/2015:09:58:19 +0100] "GET /kiadvany/miabio.pdf HTTP/1.1" 206 949295 "http://www.greenaction.hu/kiadvany/miabio.pdf" "Mozilla/5.0 (Windows NT 6.1) AppleWebKit/537.36 (KHTML, like Gecko) Chrome/47.0.2526.106 Safari/537.36"
94.21.164.156 - - [26/Dec/2015:09:58:19 +0100] "GET /kiadvany/miabio.pdf HTTP/1.1" 206 545988 "http://www.greenaction.hu/kiadvany/miabio.pdf" "Mozilla/5.0 (Windows NT 6.1) AppleWebKit/537.36 (KHTML, like Gecko) Chrome/47.0.2526.106 Safari/537.36"
68.180.228.162 - - [26/Dec/2015:10:28:23 +0100] "GET /robots.txt HTTP/1.1" 404 1181 "-" "Mozilla/5.0 (compatible; Yahoo! Slurp; http://help.yahoo.com/help/us/ysearch/slurp)"
87.229.87.255 - - [26/Dec/2015:10:29:00 +0100] "GET /aktualis_elemei/bio2szulinap_elemei/image120.jpg HTTP/1.1" 200 9114 "https://www.google.hu/" "Mozilla/5.0 (Windows NT 6.1; WOW64) AppleWebKit/537.36 (KHTML, like Gecko) Chrome/47.0.2526.106 Safari/537.36"
66.249.64.94 - - [26/Dec/2015:11:23:21 +0100] "GET /aktualis_elemei/bio2szulinap_elemei/image036.jpg HTTP/1.1" 304 - "-" "Googlebot-Image/1.0"
188.142.247.5 - - [26/Dec/2015:11:37:42 +0100] "GET /aktualis_elemei/bio2szulinap_elemei/image104.jpg HTTP/1.1" 200 8372 "https://www.google.hu" "Mozilla/5.0 (Windows NT 6.1; WOW64; rv:43.0) Gecko/20100101 Firefox/43.0"
66.249.64.99 - - [26/Dec/2015:11:41:01 +0100] "GET /kiadvany/miabio.jpg HTTP/1.1" 304 - "-" "Googlebot-Image/1.0"
66.249.64.89 - - [26/Dec/2015:11:53:38 +0100] "GET /kiadvany/riport.jpg HTTP/1.1" 304 - "-" "Googlebot-Image/1.0"
66.249.64.27 - - [26/Dec/2015:12:08:52 +0100] "GET / HTTP/1.1" 200 884 "-" "Mozilla/5.0 (iPhone; CPU iPhone OS 8_3 like Mac OS X) AppleWebKit/600.1.4 (KHTML, like Gecko) Version/8.0 Mobile/12F70 Safari/600.1.4 (compatible; Googlebot/2.1; +http://www.google.com/bot.html)"
66.249.64.17 - - [26/Dec/2015:12:08:52 +0100] "GET /robots.txt HTTP/1.1" 404 1181 "-" "Mozilla/5.0 (compatible; Googlebot/2.1; +http://www.google.com/bot.html)"
198.50.212.193 - - [26/Dec/2015:12:14:12 +0100] "GET /robots.txt HTTP/1.0" 404 1181 "-" "Mozilla/5.0 (compatible; MJ12bot/v1.4.5; http://www.majestic12.co.uk/bot.php?+)"
198.50.212.193 - - [26/Dec/2015:12:14:21 +0100] "GET /aktualis_elemei/3.%20bioszulinap.html HTTP/1.1" 200 19660 "-" "Mozilla/5.0 (compatible; MJ12bot/v1.4.5; http://www.majestic12.co.uk/bot.php?+)"
198.50.212.193 - - [26/Dec/2015:12:14:23 +0100] "GET /aktualis_elemei/bparak0908.html HTTP/1.1" 200 63132 "-" "Mozilla/5.0 (compatible; MJ12bot/v1.4.5; http://www.majestic12.co.uk/bot.php?+)"
198.50.212.193 - - [26/Dec/2015:12:14:39 +0100] "GET /robots.txt HTTP/1.0" 404 1181 "-" "Mozilla/5.0 (compatible; MJ12bot/v1.4.5; http://www.majestic12.co.uk/bot.php?+)"
198.50.212.193 - - [26/Dec/2015:12:14:41 +0100] "GET /aktualis_elemei/egetestc.html HTTP/1.1" 200 15875 "-" "Mozilla/5.0 (compatible; MJ12bot/v1.4.5; http://www.majestic12.co.uk/bot.php?+)"
66.249.64.94 - - [26/Dec/2015:12:32:27 +0100] "GET /robots.txt HTTP/1.1" 404 1181 "-" "Mozilla/5.0 (compatible; Googlebot/2.1; +http://www.google.com/bot.html)"
66.249.64.94 - - [26/Dec/2015:12:32:27 +0100] "GET / HTTP/1.1" 200 884 "-" "Mozilla/5.0 (iPhone; CPU iPhone OS 8_3 like Mac OS X) AppleWebKit/600.1.4 (KHTML, like Gecko) Version/8.0 Mobile/12F70 Safari/600.1.4 (compatible; Googlebot/2.1; +http://www.google.com/bot.html)"
66.249.64.89 - - [26/Dec/2015:12:38:09 +0100] "GET /aktualis_elemei/bio2szulinap_elemei/image080.jpg HTTP/1.1" 304 - "-" "Googlebot-Image/1.0"
144.76.4.148 - - [26/Dec/2015:13:18:19 +0100] "GET /robots.txt HTTP/1.0" 404 1181 "-" "Mozilla/5.0 (compatible; MJ12bot/v1.4.5; http://www.majestic12.co.uk/bot.php?+)"
144.76.4.148 - - [26/Dec/2015:13:18:20 +0100] "GET /aktualis_elemei/bparak0929.html HTTP/1.0" 200 105768 "-" "Mozilla/5.0 (compatible; MJ12bot/v1.4.5; http://www.majestic12.co.uk/bot.php?+)"
144.76.4.148 - - [26/Dec/2015:13:18:22 +0100] "GET /aktualis_elemei/ujgyoritc.html HTTP/1.0" 200 14418 "-" "Mozilla/5.0 (compatible; MJ12bot/v1.4.5; http://www.majestic12.co.uk/bot.php?+)"
144.76.4.148 - - [26/Dec/2015:13:18:23 +0100] "GET /archiv_elemei/acitc.html HTTP/1.0" 200 13312 "-" "Mozilla/5.0 (compatible; MJ12bot/v1.4.5; http://www.majestic12.co.uk/bot.php?+)"
144.76.4.148 - - [26/Dec/2015:13:18:25 +0100] "GET /archiv_elemei/alsoavastc.html HTTP/1.0" 200 14965 "-" "Mozilla/5.0 (compatible; MJ12bot/v1.4.5; http://www.majestic12.co.uk/bot.php?+)"
66.249.64.17 - - [26/Dec/2015:13:40:50 +0100] "GET / HTTP/1.1" 200 884 "-" "Mozilla/5.0 (compatible; Googlebot/2.1; +http://www.google.com/bot.html)"
194.72.144.114 - - [26/Dec/2015:13:57:12 +0100] "GET /aktualis_elemei/katonai_elemei/image003.jpg HTTP/1.1" 200 88392 "-" "Mozilla/5.0 (compatible; MSIE 10.0; Windows NT 6.1; WOW64; Trident/6.0)"
5.45.254.225 - - [26/Dec/2015:13:59:22 +0100] "GET /robots.txt HTTP/1.1" 404 1181 "-" "Mozilla/5.0 (compatible; YandexBot/3.0; +http://yandex.com/bots)"
5.45.254.225 - - [26/Dec/2015:13:59:28 +0100] "GET /kiadvany/miskolchvte.pdf HTTP/1.1" 200 4059249 "-" "Mozilla/5.0 (compatible; YandexBot/3.0; +http://yandex.com/bots)"
157.55.39.191 - - [26/Dec/2015:14:06:43 +0100] "GET /archiv_elemei/reglap.doc HTTP/1.1" 200 182272 "-" "Mozilla/5.0 (compatible; bingbot/2.0; +http://www.bing.com/bingbot.htm)"
40.77.167.30 - - [26/Dec/2015:14:23:17 +0100] "GET /robots.txt HTTP/1.1" 404 1181 "-" "Mozilla/5.0 (compatible; bingbot/2.0; +http://www.bing.com/bingbot.htm)"
40.77.167.30 - - [26/Dec/2015:14:23:21 +0100] "GET /aktualis_elemei/hktetemvar.html HTTP/1.1" 304 - "-" "Mozilla/5.0 (compatible; bingbot/2.0; +http://www.bing.com/bingbot.htm)"
157.55.39.191 - - [26/Dec/2015:14:30:43 +0100] "GET / HTTP/1.1" 200 884 "-" "Mozilla/5.0 (compatible; bingbot/2.0; +http://www.bing.com/bingbot.htm)"
77.111.157.14 - - [26/Dec/2015:15:50:03 +0100] "GET /aktualis_elemei/bio2szulinap_elemei/image092.jpg HTTP/1.1" 200 7352 "https://www.google.hu" "Mozilla/5.0 (Windows NT 6.0; rv:43.0) Gecko/20100101 Firefox/43.0"
77.111.90.197 - - [26/Dec/2015:17:08:35 +0100] "GET / HTTP/1.1" 200 884 "-" "Mozilla/5.0 (Windows NT 6.1; WOW64) AppleWebKit/537.36 (KHTML, like Gecko) Chrome/46.0.2490.71 Safari/537.36"
77.111.90.197 - - [26/Dec/2015:17:08:35 +0100] "GET / HTTP/1.0" 200 884 "-" "-"
40.77.167.30 - - [26/Dec/2015:17:10:19 +0100] "GET /robots.txt HTTP/1.1" 404 1181 "-" "Mozilla/5.0 (compatible; bingbot/2.0; +http://www.bing.com/bingbot.htm)"
40.77.167.30 - - [26/Dec/2015:17:10:25 +0100] "GET /aktualis_elemei/biokutatas.html HTTP/1.1" 304 - "-" "Mozilla/5.0 (compatible; bingbot/2.0; +http://www.bing.com/bingbot.htm)"
81.0.100.208 - - [26/Dec/2015:18:12:12 +0100] "GET /aktualis_elemei/bio2szulinap_elemei/image074.jpg HTTP/1.1" 200 8857 "https://www.google.hu/" "Mozilla/5.0 (Windows NT 6.1; WOW64) AppleWebKit/537.36 (KHTML, like Gecko) Chrome/47.0.2526.106 Safari/537.36"
87.229.60.49 - - [26/Dec/2015:18:37:57 +0100] "GET /aktualis_elemei/bio2szulinap_elemei/image108.jpg HTTP/1.1" 200 9238 "https://www.google.hu" "Mozilla/5.0 (Windows NT 5.1; rv:43.0) Gecko/20100101 Firefox/43.0"
94.21.239.147 - - [26/Dec/2015:18:40:35 +0100] "GET /aktualis_elemei/bio2szulinap_elemei/image134.jpg HTTP/1.1" 200 10678 "https://www.google.hu/" "Mozilla/5.0 (Windows NT 6.1) AppleWebKit/537.36 (KHTML, like Gecko) Chrome/47.0.2526.106 Safari/537.36"
66.249.64.99 - - [26/Dec/2015:18:43:35 +0100] "GET /aktualis_elemei/bio2szulinap_elemei/image050.jpg HTTP/1.1" 304 - "-" "Googlebot-Image/1.0"
66.249.64.89 - - [26/Dec/2015:18:52:01 +0100] "GET /aktualis_elemei/bio2szulinap_elemei/image098.jpg HTTP/1.1" 304 - "-" "Googlebot-Image/1.0"
66.249.64.94 - - [26/Dec/2015:19:00:15 +0100] "GET /aktualis_elemei/bio2szulinap_elemei/image066.jpg HTTP/1.1" 304 - "-" "Googlebot-Image/1.0"
66.249.64.99 - - [26/Dec/2015:19:08:30 +0100] "GET /aktualis_elemei/bio2szulinap_elemei/image034.jpg HTTP/1.1" 304 - "-" "Googlebot-Image/1.0"
51.254.131.244 - - [26/Dec/2015:19:11:51 +0100] "GET /robots.txt HTTP/1.0" 404 1181 "-" "Mozilla/5.0 (compatible; MJ12bot/v1.4.5; http://www.majestic12.co.uk/bot.php?+)"
51.254.131.244 - - [26/Dec/2015:19:11:54 +0100] "GET /magunkrol_elemei/kozhasznu.html HTTP/1.0" 200 48365 "-" "Mozilla/5.0 (compatible; MJ12bot/v1.4.5; http://www.majestic12.co.uk/bot.php?+)"
66.249.64.89 - - [26/Dec/2015:19:16:45 +0100] "GET /aktualis_elemei/bio2szulinap_elemei/image082.jpg HTTP/1.1" 304 - "-" "Googlebot-Image/1.0"
66.249.64.94 - - [26/Dec/2015:19:25:00 +0100] "GET /aktualis_elemei/bio2szulinap_elemei/image108.jpg HTTP/1.1" 304 - "-" "Googlebot-Image/1.0"
192.187.114.10 - - [26/Dec/2015:19:31:28 +0100] "GET /wp-login.php HTTP/1.1" 404 1181 "-" "Mozilla/5.0 (compatible; MSIE 9.0; Windows NT 6.1; Trident/5.0)"
66.249.64.99 - - [26/Dec/2015:19:33:16 +0100] "GET /aktualis_elemei/bio2szulinap_elemei/image028.jpg HTTP/1.1" 304 - "-" "Googlebot-Image/1.0"
66.249.64.89 - - [26/Dec/2015:19:41:31 +0100] "GET /aktualis_elemei/bio2szulinap_elemei/image064.jpg HTTP/1.1" 304 - "-" "Googlebot-Image/1.0"
157.55.39.242 - - [26/Dec/2015:19:49:56 +0100] "GET /aktualis_elemei/hk2006.html HTTP/1.1" 304 - "-" "Mozilla/5.0 (compatible; bingbot/2.0; +http://www.bing.com/bingbot.htm)"
66.249.66.139 - - [26/Dec/2015:20:06:20 +0100] "GET /kiadvany/miskolchvte.jpg HTTP/1.1" 304 - "-" "Googlebot-Image/1.0"
5.39.222.144 - - [26/Dec/2015:20:50:53 +0100] "GET / HTTP/1.1" 200 884 "-" "Mozilla/5.0 (Windows NT 6.2; WOW64) AppleWebKit/537.36 (KHTML like Gecko) Chrome/28.0.1469.0 Safari/537.36"
40.77.167.30 - - [26/Dec/2015:20:58:05 +0100] "GET /robots.txt HTTP/1.1" 404 1181 "-" "Mozilla/5.0 (compatible; bingbot/2.0; +http://www.bing.com/bingbot.htm)"
40.77.167.30 - - [26/Dec/2015:20:58:22 +0100] "GET /kiadvany/miskolchvte.pdf HTTP/1.1" 200 4059249 "-" "Mozilla/5.0 (iPhone; CPU iPhone OS 7_0 like Mac OS X) AppleWebKit/537.51.1 (KHTML, like Gecko) Version/7.0 Mobile/11A465 Safari/9537.53 (compatible; bingbot/2.0; http://www.bing.com/bingbot.htm)"
40.77.167.30 - - [26/Dec/2015:20:58:50 +0100] "GET /kiadvany/miskolchvte.pdf HTTP/1.1" 200 4059249 "-" "Mozilla/5.0 (iPhone; CPU iPhone OS 7_0 like Mac OS X) AppleWebKit/537.51.1 (KHTML, like Gecko) Version/7.0 Mobile/11A465 Safari/9537.53 (compatible; bingbot/2.0; +http://www.bing.com/bingbot.htm)"
180.76.15.159 - - [26/Dec/2015:21:01:48 +0100] "GET / HTTP/1.1" 200 884 "-" "Mozilla/5.0 (compatible; Baiduspider/2.0; +http://www.baidu.com/search/spider.html)"
130.193.51.50 - - [26/Dec/2015:21:37:00 +0100] "GET /robots.txt HTTP/1.1" 404 1181 "-" "Mozilla/5.0 (compatible; YandexBot/3.0; +http://yandex.com/bots)"
130.193.51.56 - - [26/Dec/2015:21:37:01 +0100] "GET /robots.txt HTTP/1.1" 404 1181 "-" "Mozilla/5.0 (compatible; YandexBot/3.0; +http://yandex.com/bots)"
130.193.51.56 - - [26/Dec/2015:21:37:04 +0100] "GET / HTTP/1.1" 200 884 "-" "Mozilla/5.0 (compatible; YandexBot/3.0; +http://yandex.com/bots)"
130.193.51.56 - - [26/Dec/2015:21:37:04 +0100] "GET / HTTP/1.1" 200 884 "-" "Mozilla/5.0 (compatible; YandexBot/3.0; +http://yandex.com/bots)"
130.193.51.56 - - [26/Dec/2015:21:37:09 +0100] "GET /zoldakcio.swf HTTP/1.1" 200 840351 "-" "Mozilla/5.0 (compatible; YandexBot/3.0; +http://yandex.com/bots)"
130.193.51.56 - - [26/Dec/2015:21:37:09 +0100] "GET /zoldakcio.swf HTTP/1.1" 200 840351 "-" "Mozilla/5.0 (compatible; YandexBot/3.0; +http://yandex.com/bots)"
130.193.51.56 - - [26/Dec/2015:21:37:12 +0100] "GET / HTTP/1.1" 200 884 "-" "Mozilla/5.0 (compatible; YandexBot/3.0; +http://yandex.com/bots)"
130.193.51.56 - - [26/Dec/2015:21:37:12 +0100] "GET / HTTP/1.1" 200 884 "-" "Mozilla/5.0 (compatible; YandexBot/3.0; +http://yandex.com/bots)"
66.249.81.169 - - [26/Dec/2015:21:43:35 +0100] "GET /aktualis_elemei/bekamentes_elemei/image003.jpg HTTP/1.1" 200 18979 "https://www.google.hu/" "Mozilla/5.0 (Linux; Android 4.4.2; Vodafone Smart Tab 4 Build/KOT49H) AppleWebKit/537.36 (KHTML, like Gecko) Chrome/47.0.2526.83 Safari/537.36"
66.249.81.169 - - [26/Dec/2015:21:49:24 +0100] "GET /aktualis_elemei/bekamentes_elemei/image002.jpg HTTP/1.1" 200 15229 "https://www.google.hu/" "Mozilla/5.0 (Linux; Android 4.4.2; Vodafone Smart Tab 4 Build/KOT49H) AppleWebKit/537.36 (KHTML, like Gecko) Chrome/47.0.2526.83 Safari/537.36"
66.249.66.144 - - [26/Dec/2015:22:42:18 +0100] "GET / HTTP/1.1" 200 884 "-" "DoCoMo/2.0 N905i(c100;TB;W24H16) (compatible; Googlebot-Mobile/2.1; +http://www.google.com/bot.html)"
81.68.74.143 - - [26/Dec/2015:22:46:55 +0100] "GET / HTTP/1.1" 200 884 "-" "Java/1.8.0_66"
66.249.66.139 - - [26/Dec/2015:23:32:59 +0100] "GET / HTTP/1.1" 200 884 "-" "SAMSUNG-SGH-E250/1.0 Profile/MIDP-2.0 Configuration/CLDC-1.1 UP.Browser/6.2.3.3.c.1.101 (GUI) MMP/2.0 (compatible; Googlebot-Mobile/2.1; +http://www.google.com/bot.html)"
180.76.15.151 - - [27/Dec/2015:00:01:42 +0100] "GET / HTTP/1.1" 200 884 "-" "Mozilla/5.0 (compatible; Baiduspider/2.0; +http://www.baidu.com/search/spider.html)"
163.172.10.39 - - [27/Dec/2015:00:16:45 +0100] "GET /robots.txt HTTP/1.0" 404 1181 "-" "Mozilla/5.0 (compatible; MJ12bot/v1.4.5; http://www.majestic12.co.uk/bot.php?+)"
163.172.10.39 - - [27/Dec/2015:00:17:01 +0100] "GET / HTTP/1.0" 200 884 "-" "Mozilla/5.0 (compatible; MJ12bot/v1.4.5; http://www.majestic12.co.uk/bot.php?+)"
