88.209.227.208 - - [13/Dec/2015:13:05:04 +0100] "GET /aktualis_elemei/fnhv_elemei/image026.jpg HTTP/1.1" 200 11706 "http://www.greenaction.hu/aktualis_elemei/fnhv.html" "Mozilla/5.0 (Windows NT 6.3) AppleWebKit/537.36 (KHTML, like Gecko) Chrome/47.0.2526.80 Safari/537.36"
88.209.227.208 - - [13/Dec/2015:13:05:04 +0100] "GET /aktualis_elemei/fnhv_elemei/image006.jpg HTTP/1.1" 200 9537 "http://www.greenaction.hu/aktualis_elemei/fnhv.html" "Mozilla/5.0 (Windows NT 6.3) AppleWebKit/537.36 (KHTML, like Gecko) Chrome/47.0.2526.80 Safari/537.36"
88.209.227.208 - - [13/Dec/2015:13:05:04 +0100] "GET /favicon.ico HTTP/1.1" 404 1181 "http://www.greenaction.hu/aktualis_elemei/fnhv.html" "Mozilla/5.0 (Windows NT 6.3) AppleWebKit/537.36 (KHTML, like Gecko) Chrome/47.0.2526.80 Safari/537.36"
66.249.75.45 - - [13/Dec/2015:15:00:36 +0100] "GET /robots.txt HTTP/1.1" 404 1181 "-" "Mozilla/5.0 (compatible; Googlebot/2.1; +http://www.google.com/bot.html)"
66.249.75.27 - - [13/Dec/2015:15:00:36 +0100] "GET /aktualis_elemei/bio2szulinap_elemei/image002.jpg HTTP/1.1" 304 - "-" "Googlebot-Image/1.0"
188.165.15.15 - - [13/Dec/2015:15:01:40 +0100] "GET /archiv_elemei/acitc.html HTTP/1.1" 200 13312 "-" "Mozilla/5.0 (compatible; AhrefsBot/5.0; +http://ahrefs.com/robot/)"
66.249.75.27 - - [13/Dec/2015:15:11:47 +0100] "GET /aktualis_elemei/bio2szulinap_elemei/image084.jpg HTTP/1.1" 304 - "-" "Googlebot-Image/1.0"
66.249.75.27 - - [13/Dec/2015:15:22:58 +0100] "GET /aktualis_elemei/bio2szulinap_elemei/image086.jpg HTTP/1.1" 304 - "-" "Googlebot-Image/1.0"
66.249.75.36 - - [13/Dec/2015:15:34:12 +0100] "GET /aktualis_elemei/bio2szulinap_elemei/image050.jpg HTTP/1.1" 304 - "-" "Googlebot-Image/1.0"
66.249.75.27 - - [13/Dec/2015:15:45:23 +0100] "GET /aktualis_elemei/bio2szulinap_elemei/image098.jpg HTTP/1.1" 304 - "-" "Googlebot-Image/1.0"
66.249.75.45 - - [13/Dec/2015:15:56:39 +0100] "GET /aktualis_elemei/bio2szulinap_elemei/image066.jpg HTTP/1.1" 304 - "-" "Googlebot-Image/1.0"
66.249.75.149 - - [13/Dec/2015:15:56:53 +0100] "GET /robots.txt HTTP/1.1" 404 1181 "-" "Mozilla/5.0 (compatible; Googlebot/2.1; +http://www.google.com/bot.html)"
66.249.75.158 - - [13/Dec/2015:15:56:53 +0100] "GET / HTTP/1.1" 200 884 "-" "Mozilla/5.0 (compatible; Googlebot/2.1; +http://www.google.com/bot.html)"
66.249.75.27 - - [13/Dec/2015:16:07:56 +0100] "GET /aktualis_elemei/bio2szulinap_elemei/image034.jpg HTTP/1.1" 304 - "-" "Googlebot-Image/1.0"
66.249.75.27 - - [13/Dec/2015:16:19:05 +0100] "GET /aktualis_elemei/bio2szulinap_elemei/image082.jpg HTTP/1.1" 304 - "-" "Googlebot-Image/1.0"
66.249.75.27 - - [13/Dec/2015:16:30:06 +0100] "GET /aktualis_elemei/bio2szulinap_elemei/image108.jpg HTTP/1.1" 304 - "-" "Googlebot-Image/1.0"
157.55.39.213 - - [13/Dec/2015:16:30:29 +0100] "GET /robots.txt HTTP/1.1" 404 1181 "-" "Mozilla/5.0 (compatible; bingbot/2.0; +http://www.bing.com/bingbot.htm)"
157.55.39.213 - - [13/Dec/2015:16:30:34 +0100] "GET /aktualis_elemei/mszforum.html HTTP/1.1" 200 7326 "-" "Mozilla/5.0 (compatible; bingbot/2.0; +http://www.bing.com/bingbot.htm)"
66.249.75.45 - - [13/Dec/2015:16:41:22 +0100] "GET /aktualis_elemei/bio2szulinap_elemei/image036.jpg HTTP/1.1" 304 - "-" "Googlebot-Image/1.0"
66.249.75.45 - - [13/Dec/2015:16:52:35 +0100] "GET /aktualis_elemei/bio2szulinap_elemei/image028.jpg HTTP/1.1" 304 - "-" "Googlebot-Image/1.0"
66.249.75.36 - - [13/Dec/2015:17:03:55 +0100] "GET /aktualis_elemei/bio2szulinap_elemei/image064.jpg HTTP/1.1" 304 - "-" "Googlebot-Image/1.0"
80.98.172.108 - - [13/Dec/2015:17:04:01 +0100] "GET /aktualis_elemei/fnhv_elemei/image021.jpg HTTP/1.1" 200 8966 "https://www.google.hu" "Mozilla/5.0 (Windows NT 6.3; WOW64; rv:42.0) Gecko/20100101 Firefox/42.0"
46.107.144.5 - - [13/Dec/2015:17:14:34 +0100] "GET /aktualis_elemei/bio2szulinap_elemei/image092.jpg HTTP/1.1" 200 7352 "https://www.google.hu/" "Mozilla/5.0 (Windows NT 10.0; WOW64) AppleWebKit/537.36 (KHTML, like Gecko) Chrome/47.0.2526.80 Safari/537.36"
66.249.75.27 - - [13/Dec/2015:17:15:13 +0100] "GET /aktualis_elemei/bio2szulinap_elemei/image052.jpg HTTP/1.1" 304 - "-" "Googlebot-Image/1.0"
91.83.144.35 - - [13/Dec/2015:17:17:07 +0100] "GET /aktualis_elemei/katonai_elemei/image003.jpg HTTP/1.1" 200 88392 "https://www.google.hu/" "Mozilla/5.0 (Windows NT 5.1) AppleWebKit/537.36 (KHTML, like Gecko) Chrome/35.0.1916.114 Safari/537.36 OPR/22.0.1471.50"
46.107.144.5 - - [13/Dec/2015:17:19:58 +0100] "GET /aktualis_elemei/bio2szulinap_elemei/image104.jpg HTTP/1.1" 200 8372 "https://www.google.hu/" "Mozilla/5.0 (Windows NT 10.0; WOW64) AppleWebKit/537.36 (KHTML, like Gecko) Chrome/47.0.2526.80 Safari/537.36"
66.249.75.27 - - [13/Dec/2015:17:26:30 +0100] "GET /aktualis_elemei/bio2szulinap_elemei/image130.jpg HTTP/1.1" 304 - "-" "Googlebot-Image/1.0"
66.249.75.27 - - [13/Dec/2015:17:37:38 +0100] "GET /aktualis_elemei/bio2szulinap_elemei/image136.jpg HTTP/1.1" 304 - "-" "Googlebot-Image/1.0"
66.249.75.45 - - [13/Dec/2015:17:48:22 +0100] "GET /aktualis_elemei/bio2szulinap_elemei/image062.jpg HTTP/1.1" 304 - "-" "Googlebot-Image/1.0"
66.249.75.36 - - [13/Dec/2015:17:59:43 +0100] "GET /aktualis_elemei/bio2szulinap_elemei/image142.jpg HTTP/1.1" 304 - "-" "Googlebot-Image/1.0"
66.249.75.45 - - [13/Dec/2015:18:10:57 +0100] "GET /aktualis_elemei/bio2szulinap_elemei/image118.jpg HTTP/1.1" 304 - "-" "Googlebot-Image/1.0"
87.229.87.255 - - [13/Dec/2015:18:13:04 +0100] "GET /aktualis_elemei/bio2szulinap_elemei/image120.jpg HTTP/1.1" 200 9114 "https://www.google.hu/" "Mozilla/5.0 (Windows NT 6.1; WOW64) AppleWebKit/537.36 (KHTML, like Gecko) Chrome/47.0.2526.80 Safari/537.36"
86.59.253.95 - - [13/Dec/2015:18:16:04 +0100] "GET /aktualis_elemei/bio2szulinap_elemei/image092.jpg HTTP/1.1" 200 7352 "https://www.google.hu/" "Mozilla/5.0 (Windows NT 6.0) AppleWebKit/537.36 (KHTML, like Gecko) Chrome/47.0.2526.80 Safari/537.36"
45.79.107.83 - - [13/Dec/2015:18:21:57 +0100] "HEAD / HTTP/1.1" 200 0 "http://scripted.com/greenaction.hu" "Mozilla/5.0 (Windows NT 6.1) AppleWebKit/537.36 (KHTML, like Gecko) Chrome/46.0.2490.80 Safari/537.36"
109.99.102.99 - - [13/Dec/2015:18:50:36 +0100] "GET /aktualis_elemei/bio2szulinap_elemei/image138.jpg HTTP/1.1" 200 9822 "https://www.google.ro" "Mozilla/5.0 (Windows NT 10.0; rv:42.0) Gecko/20100101 Firefox/42.0"
40.77.167.17 - - [13/Dec/2015:19:16:29 +0100] "GET /robots.txt HTTP/1.1" 404 1181 "-" "Mozilla/5.0 (compatible; bingbot/2.0; +http://www.bing.com/bingbot.htm)"
40.77.167.17 - - [13/Dec/2015:19:16:40 +0100] "GET /aktualis_elemei/loverecycling.html HTTP/1.1" 200 11087 "-" "msnbot-media/1.1 (+http://search.msn.com/msnbot.htm)"
46.107.188.72 - - [13/Dec/2015:19:57:09 +0100] "GET /aktualis_elemei/bio2szulinap_elemei/image056.jpg HTTP/1.1" 200 10317 "-" "Mozilla/5.0 (Linux; Android 4.4.2; SM-T210 Build/KOT49H) AppleWebKit/537.36 (KHTML, like Gecko) Version/4.0 Chrome/30.0.0.0 Safari/537.36 GSA/5.6.24.19.arm"
46.107.188.72 - - [13/Dec/2015:19:57:47 +0100] "GET /aktualis_elemei/bio2szulinap_elemei/image052.jpg HTTP/1.1" 200 11533 "-" "Mozilla/5.0 (Linux; Android 4.4.2; SM-T210 Build/KOT49H) AppleWebKit/537.36 (KHTML, like Gecko) Version/4.0 Chrome/30.0.0.0 Safari/537.36 GSA/5.6.24.19.arm"
66.249.73.163 - - [13/Dec/2015:20:27:52 +0100] "GET / HTTP/1.1" 200 884 "-" "DoCoMo/2.0 N905i(c100;TB;W24H16) (compatible; Googlebot-Mobile/2.1; +http://www.google.com/bot.html)"
66.249.73.172 - - [13/Dec/2015:20:41:46 +0100] "GET /kiadvany/miskolchvte.pdf HTTP/1.1" 200 4059249 "-" "Mozilla/5.0 (compatible; Googlebot/2.1; +http://www.google.com/bot.html)"
66.249.73.154 - - [13/Dec/2015:20:48:42 +0100] "GET /aktualis_elemei/bio2szulinap_elemei/image060.jpg HTTP/1.1" 304 - "-" "Googlebot-Image/1.0"
188.165.15.15 - - [13/Dec/2015:21:12:57 +0100] "GET /aktualis_elemei/bbbekagyart%20elozetes.html HTTP/1.1" 200 9699 "-" "Mozilla/5.0 (compatible; AhrefsBot/5.0; +http://ahrefs.com/robot/)"
54.229.87.240 - - [13/Dec/2015:21:21:39 +0100] "GET /robots.txt HTTP/1.0" 404 1181 "-" "Mozilla/5.0 (compatible; JobKereso; +http://www.kozvetlen-allasok.hu/robot.jsp info@kozvetlen-allasok.hu)"
54.229.87.240 - - [13/Dec/2015:21:21:39 +0100] "GET / HTTP/1.0" 200 884 "-" "Mozilla/5.0 (compatible; JobKereso; +http://www.kozvetlen-allasok.hu/robot.jsp info@kozvetlen-allasok.hu)"
54.229.87.240 - - [13/Dec/2015:21:21:39 +0100] "GET /favicon.ico HTTP/1.1" 404 1181 "http://www.kozvetlen-allasok.hu" "Mozilla/5.0 (compatible; JobKeresoBot; +http://www.kozvetlen-allasok.hu/help.jsp; info@kozvetlen-allasok.hu; 5.0"
66.249.73.154 - - [13/Dec/2015:21:23:11 +0100] "GET /aktualis_elemei/bio2szulinap_elemei/image100.jpg HTTP/1.1" 304 - "-" "Googlebot-Image/1.0"
54.229.89.12 - - [13/Dec/2015:21:28:57 +0100] "GET /robots.txt HTTP/1.0" 404 1181 "-" "Mozilla/5.0 (compatible; JobKereso; +http://www.kozvetlen-allasok.hu/robot.jsp info@kozvetlen-allasok.hu)"
54.229.89.12 - - [13/Dec/2015:21:28:57 +0100] "GET / HTTP/1.0" 200 884 "-" "Mozilla/5.0 (compatible; JobKereso; +http://www.kozvetlen-allasok.hu/robot.jsp info@kozvetlen-allasok.hu)"
54.229.89.12 - - [13/Dec/2015:21:28:58 +0100] "GET /favicon.ico HTTP/1.1" 404 1181 "http://www.kozvetlen-allasok.hu" "Mozilla/5.0 (compatible; JobKeresoBot; +http://www.kozvetlen-allasok.hu/help.jsp; info@kozvetlen-allasok.hu; 5.0"
54.210.28.107 - - [13/Dec/2015:21:36:40 +0100] "GET / HTTP/1.1" 200 884 "-" "Mozilla/5.0 (Windows NT 6.1; WOW64) AppleWebKit/537.36 (KHTML, like Gecko) Chrome/39.0.2171.65 Safari/537.36"
66.249.73.172 - - [13/Dec/2015:21:57:57 +0100] "GET /aktualis_elemei/bio2szulinap_elemei/image038.jpg HTTP/1.1" 304 - "-" "Googlebot-Image/1.0"
89.134.161.228 - - [13/Dec/2015:22:21:21 +0100] "GET /aktualis_elemei/bekamentes.html HTTP/1.1" 200 27223 "https://www.google.hu/" "Mozilla/5.0 (Linux; Android 4.4.4; SM-G530FZ Build/KTU84P) AppleWebKit/537.36 (KHTML, like Gecko) Chrome/47.0.2526.83 Mobile Safari/537.36"
89.134.161.228 - - [13/Dec/2015:22:21:21 +0100] "GET /aktualis_elemei/bekamentes_elemei/image002.jpg HTTP/1.1" 200 15229 "http://www.greenaction.hu/aktualis_elemei/bekamentes.html" "Mozilla/5.0 (Linux; Android 4.4.4; SM-G530FZ Build/KTU84P) AppleWebKit/537.36 (KHTML, like Gecko) Chrome/47.0.2526.83 Mobile Safari/537.36"
89.134.161.228 - - [13/Dec/2015:22:21:21 +0100] "GET /aktualis_elemei/bekamentes_elemei/image007.gif HTTP/1.1" 200 4190 "http://www.greenaction.hu/aktualis_elemei/bekamentes.html" "Mozilla/5.0 (Linux; Android 4.4.4; SM-G530FZ Build/KTU84P) AppleWebKit/537.36 (KHTML, like Gecko) Chrome/47.0.2526.83 Mobile Safari/537.36"
89.134.161.228 - - [13/Dec/2015:22:21:21 +0100] "GET /aktualis_elemei/bekamentes_elemei/image004.jpg HTTP/1.1" 200 15267 "http://www.greenaction.hu/aktualis_elemei/bekamentes.html" "Mozilla/5.0 (Linux; Android 4.4.4; SM-G530FZ Build/KTU84P) AppleWebKit/537.36 (KHTML, like Gecko) Chrome/47.0.2526.83 Mobile Safari/537.36"
89.134.161.228 - - [13/Dec/2015:22:21:21 +0100] "GET /aktualis_elemei/bekamentes_elemei/image005.jpg HTTP/1.1" 200 10017 "http://www.greenaction.hu/aktualis_elemei/bekamentes.html" "Mozilla/5.0 (Linux; Android 4.4.4; SM-G530FZ Build/KTU84P) AppleWebKit/537.36 (KHTML, like Gecko) Chrome/47.0.2526.83 Mobile Safari/537.36"
89.134.161.228 - - [13/Dec/2015:22:21:21 +0100] "GET /aktualis_elemei/bekamentes_elemei/image003.jpg HTTP/1.1" 200 18979 "http://www.greenaction.hu/aktualis_elemei/bekamentes.html" "Mozilla/5.0 (Linux; Android 4.4.4; SM-G530FZ Build/KTU84P) AppleWebKit/537.36 (KHTML, like Gecko) Chrome/47.0.2526.83 Mobile Safari/537.36"
89.134.161.228 - - [13/Dec/2015:22:21:22 +0100] "GET /aktualis_elemei/bekamentes_elemei/image009.jpg HTTP/1.1" 200 11140 "http://www.greenaction.hu/aktualis_elemei/bekamentes.html" "Mozilla/5.0 (Linux; Android 4.4.4; SM-G530FZ Build/KTU84P) AppleWebKit/537.36 (KHTML, like Gecko) Chrome/47.0.2526.83 Mobile Safari/537.36"
89.134.161.228 - - [13/Dec/2015:22:21:22 +0100] "GET /favicon.ico HTTP/1.1" 404 1181 "http://www.greenaction.hu/aktualis_elemei/bekamentes.html" "Mozilla/5.0 (Linux; Android 4.4.4; SM-G530FZ Build/KTU84P) AppleWebKit/537.36 (KHTML, like Gecko) Chrome/47.0.2526.83 Mobile Safari/537.36"
180.76.15.138 - - [13/Dec/2015:22:31:57 +0100] "GET / HTTP/1.1" 200 884 "-" "Mozilla/5.0 (compatible; Baiduspider/2.0; +http://www.baidu.com/search/spider.html)"
180.76.15.146 - - [13/Dec/2015:22:32:03 +0100] "GET / HTTP/1.1" 200 884 "-" "Mozilla/5.0 (compatible; Baiduspider/2.0; +http://www.baidu.com/search/spider.html)"
66.249.73.163 - - [13/Dec/2015:22:32:47 +0100] "GET /aktualis_elemei/bio2szulinap_elemei/image018.gif HTTP/1.1" 304 - "-" "Googlebot-Image/1.0"
40.77.167.78 - - [13/Dec/2015:22:52:48 +0100] "GET /robots.txt HTTP/1.1" 404 1181 "-" "Mozilla/5.0 (compatible; bingbot/2.0; +http://www.bing.com/bingbot.htm)"
40.77.167.78 - - [13/Dec/2015:22:54:19 +0100] "GET /aktualis_elemei/fnhv_elemei/image008.jpg HTTP/1.1" 200 12119 "-" "Mozilla/5.0 (compatible; bingbot/2.0; +http://www.bing.com/bingbot.htm)"
157.55.39.20 - - [13/Dec/2015:22:54:56 +0100] "GET /robots.txt HTTP/1.1" 404 1181 "-" "Mozilla/5.0 (compatible; bingbot/2.0; +http://www.bing.com/bingbot.htm)"
157.55.39.20 - - [13/Dec/2015:22:55:08 +0100] "GET /aktualis_elemei/fnhv_elemei/image024.jpg HTTP/1.1" 200 10080 "-" "Mozilla/5.0 (compatible; bingbot/2.0; +http://www.bing.com/bingbot.htm)"
66.249.73.172 - - [13/Dec/2015:23:07:24 +0100] "GET /aktualis_elemei/bio2szulinap_elemei/image092.jpg HTTP/1.1" 304 - "-" "Googlebot-Image/1.0"
66.249.73.154 - - [13/Dec/2015:23:42:00 +0100] "GET /aktualis_elemei/bio2szulinap_elemei/image096.jpg HTTP/1.1" 304 - "-" "Googlebot-Image/1.0"
157.55.39.20 - - [14/Dec/2015:00:05:25 +0100] "GET /robots.txt HTTP/1.1" 404 1181 "-" "Mozilla/5.0 (compatible; bingbot/2.0; +http://www.bing.com/bingbot.htm)"
157.55.39.20 - - [14/Dec/2015:00:05:58 +0100] "GET / HTTP/1.1" 200 884 "-" "Mozilla/5.0 (compatible; bingbot/2.0; +http://www.bing.com/bingbot.htm)"
157.55.39.212 - - [14/Dec/2015:00:11:30 +0100] "GET /archiv_elemei/lyukotc.html HTTP/1.1" 200 11705 "-" "Mozilla/5.0 (compatible; bingbot/2.0; +http://www.bing.com/bingbot.htm)"
66.249.73.154 - - [14/Dec/2015:00:16:35 +0100] "GET /aktualis_elemei/bio2szulinap_elemei/image074.jpg HTTP/1.1" 304 - "-" "Googlebot-Image/1.0"
180.76.15.34 - - [14/Dec/2015:00:45:30 +0100] "GET / HTTP/1.1" 200 884 "-" "Mozilla/5.0 (compatible; Baiduspider/2.0; +http://www.baidu.com/search/spider.html)"
180.76.15.149 - - [14/Dec/2015:00:46:08 +0100] "GET / HTTP/1.1" 200 884 "-" "Mozilla/5.0 (compatible; Baiduspider/2.0; +http://www.baidu.com/search/spider.html)"
183.206.163.46 - - [14/Dec/2015:00:55:47 +0100] "GET /fckeditor/editor/ HTTP/1.1" 404 1181 "-" "compatible;Baiduspider/2.0; +http://www.baidu.com/search/spider.html"
183.206.163.46 - - [14/Dec/2015:00:55:48 +0100] "GET /fckeditor/editor/ HTTP/1.1" 404 1181 "-" "compatible;Baiduspider/2.0; +http://www.baidu.com/search/spider.html"
198.23.202.74 - - [14/Dec/2015:01:20:45 +0100] "GET / HTTP/1.1" 200 884 "-" "Mozilla/5.0 (Windows NT 6.1; WOW64) AppleWebKit/537.36 (KHTML, like Gecko) Chrome/39.0.2171.65 Safari/537.36"
5.206.189.157 - - [14/Dec/2015:01:23:05 +0100] "GET /archiv_elemei/image023.jpg HTTP/1.1" 200 7081 "https://www.google.com/" "Mozilla/5.0 (Linux; Android 5.0; SM-G900F Build/LRX21T; wv) AppleWebKit/537.36 (KHTML, like Gecko) Version/4.0 Chrome/44.0.2403.90 Mobile Safari/537.36 GSA/5.6.24.19.arm"
40.77.167.17 - - [14/Dec/2015:02:30:06 +0100] "GET /robots.txt HTTP/1.1" 404 1181 "-" "Mozilla/5.0 (compatible; bingbot/2.0; +http://www.bing.com/bingbot.htm)"
40.77.167.17 - - [14/Dec/2015:02:30:19 +0100] "GET /kiadvany/miskolchvte.pdf HTTP/1.1" 200 4059249 "-" "Mozilla/5.0 (compatible; bingbot/2.0; +http://www.bing.com/bingbot.htm)"
162.210.196.130 - - [14/Dec/2015:02:35:01 +0100] "GET /robots.txt HTTP/1.0" 404 1181 "-" "Mozilla/5.0 (compatible; MJ12bot/v1.4.5; http://www.majestic12.co.uk/bot.php?+)"
162.210.196.130 - - [14/Dec/2015:02:35:04 +0100] "GET / HTTP/1.0" 200 884 "-" "Mozilla/5.0 (compatible; MJ12bot/v1.4.5; http://www.majestic12.co.uk/bot.php?+)"
40.77.167.17 - - [14/Dec/2015:03:18:26 +0100] "GET /robots.txt HTTP/1.1" 404 1181 "-" "Mozilla/5.0 (compatible; bingbot/2.0; +http://www.bing.com/bingbot.htm)"
40.77.167.17 - - [14/Dec/2015:03:18:35 +0100] "GET /aktualis_elemei/ausztriaut.html HTTP/1.1" 200 73702 "-" "Mozilla/5.0 (compatible; bingbot/2.0; +http://www.bing.com/bingbot.htm)"
66.249.73.172 - - [14/Dec/2015:04:25:20 +0100] "GET /robots.txt HTTP/1.1" 404 1181 "-" "Mozilla/5.0 (compatible; Googlebot/2.1; +http://www.google.com/bot.html)"
66.249.73.154 - - [14/Dec/2015:04:25:20 +0100] "GET / HTTP/1.1" 200 884 "-" "Mozilla/5.0 (compatible; Googlebot/2.1; +http://www.google.com/bot.html)"
40.77.167.21 - - [14/Dec/2015:05:16:06 +0100] "GET /robots.txt HTTP/1.1" 404 1181 "-" "Mozilla/5.0 (compatible; bingbot/2.0; +http://www.bing.com/bingbot.htm)"
40.77.167.21 - - [14/Dec/2015:05:16:14 +0100] "GET /aktualis_elemei/bioarak%2009.07.html HTTP/1.1" 304 - "-" "Mozilla/5.0 (compatible; bingbot/2.0; +http://www.bing.com/bingbot.htm)"
66.249.73.149 - - [14/Dec/2015:07:32:33 +0100] "GET /robots.txt HTTP/1.1" 404 1181 "-" "Mozilla/5.0 (compatible; Googlebot/2.1; +http://www.google.com/bot.html)"
66.249.73.167 - - [14/Dec/2015:07:32:33 +0100] "GET / HTTP/1.1" 200 884 "-" "Mozilla/5.0 (compatible; Googlebot/2.1; +http://www.google.com/bot.html)"
195.154.250.133 - - [14/Dec/2015:08:58:06 +0100] "POST / HTTP/1.1" 405 1174 "http://greenaction.hu" "Mozilla/5.0 (Windows; Windows NT 5.1; en-US) Firefox/3.5.0"
195.154.250.133 - - [14/Dec/2015:08:58:06 +0100] "GET /wp-content/uploads/samplc.php HTTP/1.1" 404 1181 "http://www.googlebot.com/bot.html" "Mozilla/5.0 (compatible; Googlebot/2.1; +http://www.google.com/bot.html)"
77.242.159.189 - - [14/Dec/2015:08:58:48 +0100] "GET /aktualis_elemei/bio2szulinap_elemei/image118.jpg HTTP/1.1" 200 9292 "https://www.google.hu" "Mozilla/5.0 (Windows NT 6.1; WOW64; rv:42.0) Gecko/20100101 Firefox/42.0"
178.255.215.87 - - [14/Dec/2015:10:17:47 +0100] "GET /robots.txt HTTP/1.1" 404 1181 "-" "Mozilla/5.0 (compatible; Exabot/3.0; +http://www.exabot.com/go/robot)"
178.255.215.87 - - [14/Dec/2015:10:17:47 +0100] "GET /zoldakcio.swf HTTP/1.1" 304 - "-" "Mozilla/5.0 (compatible; Exabot/3.0; +http://www.exabot.com/go/robot)"
69.58.178.59 - - [14/Dec/2015:10:19:49 +0100] "GET /robots.txt HTTP/1.1" 404 1181 "-" "Mozilla/5.0 (X11; Ubuntu; Linux i686; rv:14.0; ips-agent) Gecko/20100101 Firefox/14.0.1"
69.58.178.59 - - [14/Dec/2015:10:20:30 +0100] "GET / HTTP/1.1" 200 884 "-" "Mozilla/5.0 (X11; Ubuntu; Linux i686; rv:14.0; ips-agent) Gecko/20100101 Firefox/14.0.1"
188.143.232.35 - - [14/Dec/2015:10:58:20 +0100] "GET / HTTP/1.1" 200 884 "-" "Mozilla/4.0 (compatible; MSIE 6.0; Windows NT 5.1; SV1)"
188.165.15.15 - - [14/Dec/2015:11:12:20 +0100] "GET /aktualis_elemei/deneverdani.html HTTP/1.1" 200 7036 "-" "Mozilla/5.0 (compatible; AhrefsBot/5.0; +http://ahrefs.com/robot/)"
40.77.167.21 - - [14/Dec/2015:11:24:12 +0100] "GET /robots.txt HTTP/1.1" 404 1181 "-" "Mozilla/5.0 (compatible; bingbot/2.0; +http://www.bing.com/bingbot.htm)"
40.77.167.21 - - [14/Dec/2015:11:31:25 +0100] "GET / HTTP/1.1" 200 884 "-" "Mozilla/5.0 (compatible; bingbot/2.0; +http://www.bing.com/bingbot.htm)"
185.97.208.243 - - [14/Dec/2015:11:37:56 +0100] "GET /aktualis_elemei/bio2szulinap_elemei/image144.jpg HTTP/1.1" 200 9920 "https://www.google.hu" "Mozilla/5.0 (Windows NT 6.1; rv:42.0) Gecko/20100101 Firefox/42.0"
40.77.167.21 - - [14/Dec/2015:12:03:21 +0100] "GET /robots.txt HTTP/1.1" 404 1181 "-" "Mozilla/5.0 (compatible; bingbot/2.0; +http://www.bing.com/bingbot.htm)"
40.77.167.21 - - [14/Dec/2015:12:03:30 +0100] "GET /aktualis_elemei/bio2szulinap.html HTTP/1.1" 304 - "-" "Mozilla/5.0 (compatible; bingbot/2.0; +http://www.bing.com/bingbot.htm)"
104.236.195.238 - - [14/Dec/2015:12:06:49 +0100] "GET / HTTP/1.1" 200 884 "-" "Mozilla/5.0 (Windows NT 6.1; WOW64; rv:21.0) Gecko/20100101 Firefox/21.0"
104.236.195.238 - - [14/Dec/2015:12:06:51 +0100] "GET /robots.txt HTTP/1.1" 404 1181 "-" "Mozilla/5.0 (Windows NT 6.1; rv:28.0) Gecko/20100101 Firefox/28.0"
106.38.241.104 - - [14/Dec/2015:13:11:14 +0100] "GET /robots.txt HTTP/1.1" 404 1181 "-" "Sogou web spider/4.0(+http://www.sogou.com/docs/help/webmasters.htm#07)"
106.38.241.104 - - [14/Dec/2015:13:11:15 +0100] "GET / HTTP/1.1" 200 884 "-" "Sogou web spider/4.0(+http://www.sogou.com/docs/help/webmasters.htm#07)"
88.132.38.195 - - [14/Dec/2015:13:13:25 +0100] "GET /kiadvany/miskolchvte.pdf HTTP/1.1" 200 44871 "https://www.google.hu/" "Mozilla/5.0 (Windows NT 6.3) AppleWebKit/537.36 (KHTML, like Gecko) Chrome/38.0.2125.122 Safari/537.36"
88.132.38.195 - - [14/Dec/2015:13:13:25 +0100] "GET /kiadvany/miskolchvte.pdf HTTP/1.1" 206 32768 "http://www.greenaction.hu/kiadvany/miskolchvte.pdf" "Mozilla/5.0 (Windows NT 6.3) AppleWebKit/537.36 (KHTML, like Gecko) Chrome/38.0.2125.122 Safari/537.36"
88.132.38.195 - - [14/Dec/2015:13:13:29 +0100] "GET /kiadvany/miskolchvte.pdf HTTP/1.1" 206 4026481 "http://www.greenaction.hu/kiadvany/miskolchvte.pdf" "Mozilla/5.0 (Windows NT 6.3) AppleWebKit/537.36 (KHTML, like Gecko) Chrome/38.0.2125.122 Safari/537.36"
88.132.38.195 - - [14/Dec/2015:13:13:29 +0100] "GET /favicon.ico HTTP/1.1" 404 1181 "-" "Mozilla/5.0 (Windows NT 6.3) AppleWebKit/537.36 (KHTML, like Gecko) Chrome/38.0.2125.122 Safari/537.36"
66.249.64.17 - - [14/Dec/2015:15:17:01 +0100] "GET / HTTP/1.1" 200 884 "-" "Mozilla/5.0 (iPhone; CPU iPhone OS 8_3 like Mac OS X) AppleWebKit/600.1.4 (KHTML, like Gecko) Version/8.0 Mobile/12F70 Safari/600.1.4 (compatible; Googlebot/2.1; +http://www.google.com/bot.html)"
66.249.64.94 - - [14/Dec/2015:15:50:09 +0100] "GET / HTTP/1.1" 200 884 "-" "Mozilla/5.0 (iPhone; CPU iPhone OS 8_3 like Mac OS X) AppleWebKit/600.1.4 (KHTML, like Gecko) Version/8.0 Mobile/12F70 Safari/600.1.4 (compatible; Googlebot/2.1; +http://www.google.com/bot.html)"
145.236.27.109 - - [14/Dec/2015:15:52:17 +0100] "GET /aktualis_elemei/bio2szulinap_elemei/image092.jpg HTTP/1.1" 200 7352 "https://www.google.hu/" "Mozilla/5.0 (Windows NT 6.1; WOW64) AppleWebKit/537.36 (KHTML, like Gecko) Chrome/47.0.2526.80 Safari/537.36"
62.121.73.66 - - [14/Dec/2015:16:18:49 +0100] "GET /aktualis_elemei/katonai_elemei/image004.jpg HTTP/1.1" 200 56554 "https://www.google.ro/" "Mozilla/5.0 (Linux; Android 4.4.2; SM-T235 Build/KOT49H) AppleWebKit/537.36 (KHTML, like Gecko) Chrome/47.0.2526.83 Safari/537.36"
62.210.246.137 - - [14/Dec/2015:17:00:52 +0100] "GET /robots.txt HTTP/1.0" 404 1181 "-" "Mozilla/5.0 (compatible; MJ12bot/v1.4.5; http://www.majestic12.co.uk/bot.php?+)"
37.76.1.140 - - [14/Dec/2015:17:02:36 +0100] "GET /aktualis_elemei/bio2szulinap_elemei/image112.jpg HTTP/1.1" 200 8269 "https://www.google.hu/" "Mozilla/5.0 (Windows NT 6.1; WOW64) AppleWebKit/537.36 (KHTML, like Gecko) Chrome/47.0.2526.80 Safari/537.36"
62.210.246.137 - - [14/Dec/2015:17:02:39 +0100] "GET /aktualis_elemei/loverecycling.html HTTP/1.1" 200 11087 "-" "Mozilla/5.0 (compatible; MJ12bot/v1.4.5; http://www.majestic12.co.uk/bot.php?+)"
62.210.246.137 - - [14/Dec/2015:17:02:40 +0100] "GET /robots.txt HTTP/1.0" 404 1181 "-" "Mozilla/5.0 (compatible; MJ12bot/v1.4.5; http://www.majestic12.co.uk/bot.php?+)"
62.210.246.137 - - [14/Dec/2015:17:02:42 +0100] "GET /archiv.html HTTP/1.1" 200 100991 "-" "Mozilla/5.0 (compatible; MJ12bot/v1.4.5; http://www.majestic12.co.uk/bot.php?+)"
77.111.90.197 - - [14/Dec/2015:17:33:07 +0100] "GET / HTTP/1.1" 200 884 "-" "Mozilla/5.0 (Windows NT 6.1; WOW64) AppleWebKit/537.36 (KHTML, like Gecko) Chrome/46.0.2490.71 Safari/537.36"
77.111.90.197 - - [14/Dec/2015:17:33:07 +0100] "GET / HTTP/1.0" 200 884 "-" "-"
31.46.173.252 - - [14/Dec/2015:17:46:40 +0100] "GET /aktualis_elemei/upfuzet.tml_elemei/image004.jpg HTTP/1.1" 200 8736 "https://www.google.hu/" "Mozilla/5.0 (Windows NT 10.0; WOW64) AppleWebKit/537.36 (KHTML, like Gecko) Chrome/47.0.2526.80 Safari/537.36"
66.249.66.149 - - [14/Dec/2015:18:58:57 +0100] "GET /robots.txt HTTP/1.1" 404 1181 "-" "Mozilla/5.0 (compatible; Googlebot/2.1; +http://www.google.com/bot.html)"
66.249.66.144 - - [14/Dec/2015:18:58:58 +0100] "GET / HTTP/1.1" 200 884 "-" "DoCoMo/2.0 N905i(c100;TB;W24H16) (compatible; Googlebot-Mobile/2.1; +http://www.google.com/bot.html)"
40.77.167.17 - - [14/Dec/2015:19:14:16 +0100] "GET /robots.txt HTTP/1.1" 404 1181 "-" "Mozilla/5.0 (compatible; bingbot/2.0; +http://www.bing.com/bingbot.htm)"
40.77.167.17 - - [14/Dec/2015:19:14:20 +0100] "GET /aktualis_elemei/fnp.html HTTP/1.1" 304 - "-" "Mozilla/5.0 (compatible; bingbot/2.0; +http://www.bing.com/bingbot.htm)"
40.77.167.17 - - [14/Dec/2015:19:20:59 +0100] "GET /robots.txt HTTP/1.1" 404 1181 "-" "Mozilla/5.0 (compatible; bingbot/2.0; +http://www.bing.com/bingbot.htm)"
40.77.167.17 - - [14/Dec/2015:19:21:15 +0100] "GET /kiadvany/miskolchvte.pdf HTTP/1.1" 200 4059249 "-" "Mozilla/5.0 (compatible; bingbot/2.0; +http://www.bing.com/bingbot.htm)"
66.249.66.149 - - [14/Dec/2015:19:48:38 +0100] "GET / HTTP/1.1" 200 884 "-" "SAMSUNG-SGH-E250/1.0 Profile/MIDP-2.0 Configuration/CLDC-1.1 UP.Browser/6.2.3.3.c.1.101 (GUI) MMP/2.0 (compatible; Googlebot-Mobile/2.1; +http://www.google.com/bot.html)"
91.83.45.4 - - [14/Dec/2015:19:58:18 +0100] "GET / HTTP/1.1" 200 884 "-" "Mozilla/5.0 (Windows NT 6.1; WOW64; rv:27.0) Gecko/20100101 Firefox/27.0"
66.249.93.15 - - [14/Dec/2015:19:58:18 +0100] "GET / HTTP/1.1" 200 884 "-" "Mozilla/5.0 (Windows NT 6.1; rv:6.0) Gecko/20110814 Firefox/6.0 Google Favicon"
66.249.93.9 - - [14/Dec/2015:19:58:18 +0100] "GET /favicon.ico HTTP/1.1" 404 1181 "-" "Mozilla/5.0 (Windows NT 6.1; rv:6.0) Gecko/20110814 Firefox/6.0 Google Favicon"
136.243.48.84 - - [14/Dec/2015:21:07:44 +0100] "GET / HTTP/1.1" 200 884 "-" "Mozilla/5.0 (X11; Linux x86_64) AppleWebKit/537.36 (KHTML, like Gecko) Chrome/37.0.2062.120 Safari/537.36"
54.194.245.152 - - [14/Dec/2015:21:21:39 +0100] "GET /robots.txt HTTP/1.0" 404 1181 "-" "Mozilla/5.0 (compatible; JobKereso; +http://www.kozvetlen-allasok.hu/robot.jsp info@kozvetlen-allasok.hu)"
54.194.245.152 - - [14/Dec/2015:21:21:39 +0100] "GET / HTTP/1.0" 200 884 "-" "Mozilla/5.0 (compatible; JobKereso; +http://www.kozvetlen-allasok.hu/robot.jsp info@kozvetlen-allasok.hu)"
54.194.245.152 - - [14/Dec/2015:21:21:40 +0100] "GET /favicon.ico HTTP/1.1" 404 1181 "http://www.kozvetlen-allasok.hu" "Mozilla/5.0 (compatible; JobKeresoBot; +http://www.kozvetlen-allasok.hu/help.jsp; info@kozvetlen-allasok.hu; 5.0"
54.194.244.109 - - [14/Dec/2015:21:29:04 +0100] "GET /robots.txt HTTP/1.0" 404 1181 "-" "Mozilla/5.0 (compatible; JobKereso; +http://www.kozvetlen-allasok.hu/robot.jsp info@kozvetlen-allasok.hu)"
54.194.244.109 - - [14/Dec/2015:21:29:05 +0100] "GET / HTTP/1.0" 200 884 "-" "Mozilla/5.0 (compatible; JobKereso; +http://www.kozvetlen-allasok.hu/robot.jsp info@kozvetlen-allasok.hu)"
54.194.244.109 - - [14/Dec/2015:21:29:05 +0100] "GET /favicon.ico HTTP/1.1" 404 1181 "http://www.kozvetlen-allasok.hu" "Mozilla/5.0 (compatible; JobKeresoBot; +http://www.kozvetlen-allasok.hu/help.jsp; info@kozvetlen-allasok.hu; 5.0"
157.55.39.213 - - [14/Dec/2015:22:23:34 +0100] "GET /robots.txt HTTP/1.1" 404 1181 "-" "Mozilla/5.0 (compatible; bingbot/2.0; +http://www.bing.com/bingbot.htm)"
157.55.39.213 - - [14/Dec/2015:22:23:41 +0100] "GET /aktualis_elemei/deneverdani.html HTTP/1.1" 200 7036 "-" "msnbot-media/1.1 (+http://search.msn.com/msnbot.htm)"
46.35.193.219 - - [14/Dec/2015:22:43:10 +0100] "GET /aktualis_elemei/bio2szulinap_elemei/image134.jpg HTTP/1.1" 200 10678 "https://www.google.hu" "Mozilla/5.0 (Windows NT 5.1; rv:42.0) Gecko/20100101 Firefox/42.0"
40.77.167.21 - - [14/Dec/2015:22:57:18 +0100] "GET /robots.txt HTTP/1.1" 404 1181 "-" "Mozilla/5.0 (compatible; bingbot/2.0; +http://www.bing.com/bingbot.htm)"
46.249.143.58 - - [14/Dec/2015:22:58:46 +0100] "GET /aktualis_elemei/bio2szulinap_elemei/image086.jpg HTTP/1.1" 200 7670 "-" "Mozilla/5.0 (Windows NT 6.1; WOW64; rv:20.0) Gecko/20100101 Firefox/20.0"
151.80.31.151 - - [14/Dec/2015:23:00:52 +0100] "GET / HTTP/1.1" 200 884 "-" "Mozilla/5.0 (compatible; AhrefsBot/5.0; +http://ahrefs.com/robot/)"
40.77.167.21 - - [14/Dec/2015:23:27:34 +0100] "GET / HTTP/1.1" 200 884 "-" "Mozilla/5.0 (compatible; bingbot/2.0; +http://www.bing.com/bingbot.htm)"
40.77.167.21 - - [14/Dec/2015:23:36:27 +0100] "GET /robots.txt HTTP/1.1" 404 1181 "-" "Mozilla/5.0 (compatible; bingbot/2.0; +http://www.bing.com/bingbot.htm)"
95.108.158.211 - - [15/Dec/2015:00:38:22 +0100] "GET /robots.txt HTTP/1.1" 404 1181 "-" "Mozilla/5.0 (compatible; YandexBot/3.0; +http://yandex.com/bots)"
203.133.169.29 - - [15/Dec/2015:01:03:00 +0100] "GET /robots.txt HTTP/1.1" 404 1181 "-" "Mozilla/5.0 (compatible; MSIE or Firefox mutant; not on Windows server;) Daumoa 4.0"
203.133.169.29 - - [15/Dec/2015:01:03:02 +0100] "GET /magunkrol_elemei/kozhasznu.html HTTP/1.1" 200 48365 "-" "Mozilla/5.0 (compatible; MSIE or Firefox mutant; not on Windows server;) Daumoa 4.0"
195.154.250.133 - - [15/Dec/2015:02:54:26 +0100] "POST /license.php HTTP/1.1" 404 1181 "http://greenaction.hu/license.php" "Mozilla/5.0 (Windows; Windows NT 5.1; en-US) Firefox/3.5.0"
195.154.250.133 - - [15/Dec/2015:02:54:28 +0100] "GET /samplc.php HTTP/1.1" 404 1181 "http://www.googlebot.com/bot.html" "Mozilla/5.0 (compatible; Googlebot/2.1; +http://www.google.com/bot.html)"
208.115.111.72 - - [15/Dec/2015:02:59:21 +0100] "GET /robots.txt HTTP/1.1" 404 1181 "-" "Mozilla/5.0 (compatible; DotBot/1.1; http://www.opensiteexplorer.org/dotbot, help@moz.com)"
66.249.66.13 - - [15/Dec/2015:03:18:03 +0100] "GET /robots.txt HTTP/1.1" 404 1181 "-" "Mozilla/5.0 (compatible; Googlebot/2.1; +http://www.google.com/bot.html)"
66.249.66.16 - - [15/Dec/2015:03:18:03 +0100] "GET / HTTP/1.1" 200 884 "-" "Mozilla/5.0 (iPhone; CPU iPhone OS 8_3 like Mac OS X) AppleWebKit/600.1.4 (KHTML, like Gecko) Version/8.0 Mobile/12F70 Safari/600.1.4 (compatible; Googlebot/2.1; +http://www.google.com/bot.html)"
66.249.66.149 - - [15/Dec/2015:03:32:49 +0100] "GET / HTTP/1.1" 200 884 "-" "Mozilla/5.0 (iPhone; CPU iPhone OS 8_3 like Mac OS X) AppleWebKit/600.1.4 (KHTML, like Gecko) Version/8.0 Mobile/12F70 Safari/600.1.4 (compatible; Googlebot/2.1; +http://www.google.com/bot.html)"
208.115.111.72 - - [15/Dec/2015:03:50:41 +0100] "GET / HTTP/1.1" 200 884 "-" "Mozilla/5.0 (compatible; DotBot/1.1; http://www.opensiteexplorer.org/dotbot, help@moz.com)"
40.77.167.17 - - [15/Dec/2015:03:52:56 +0100] "GET /robots.txt HTTP/1.1" 404 1181 "-" "Mozilla/5.0 (compatible; bingbot/2.0; +http://www.bing.com/bingbot.htm)"
157.55.39.213 - - [15/Dec/2015:04:23:49 +0100] "GET /robots.txt HTTP/1.1" 404 1181 "-" "Mozilla/5.0 (compatible; bingbot/2.0; +http://www.bing.com/bingbot.htm)"
157.55.39.213 - - [15/Dec/2015:04:23:55 +0100] "GET /aktualis_elemei/bekamentes.html HTTP/1.1" 200 27223 "-" "Mozilla/5.0 (compatible; bingbot/2.0; +http://www.bing.com/bingbot.htm)"
62.210.148.233 - - [15/Dec/2015:04:40:23 +0100] "GET /robots.txt HTTP/1.0" 404 1181 "-" "Mozilla/5.0 (compatible; MJ12bot/v1.4.5; http://www.majestic12.co.uk/bot.php?+)"
62.210.148.233 - - [15/Dec/2015:04:40:25 +0100] "GET / HTTP/1.0" 200 884 "-" "Mozilla/5.0 (compatible; MJ12bot/v1.4.5; http://www.majestic12.co.uk/bot.php?+)"
136.243.5.87 - - [15/Dec/2015:05:01:24 +0100] "GET /robots.txt HTTP/1.0" 404 1181 "-" "Mozilla/5.0 (compatible; MJ12bot/v1.4.5; http://www.majestic12.co.uk/bot.php?+)"
136.243.5.87 - - [15/Dec/2015:05:01:26 +0100] "GET / HTTP/1.0" 200 884 "-" "Mozilla/5.0 (compatible; MJ12bot/v1.4.5; http://www.majestic12.co.uk/bot.php?+)"
66.249.66.12 - - [15/Dec/2015:05:32:12 +0100] "GET / HTTP/1.1" 200 884 "-" "Mozilla/5.0 (compatible; Googlebot/2.1; +http://www.google.com/bot.html)"
217.80.215.238 - - [15/Dec/2015:05:49:21 +0100] "GET /robots.txt HTTP/1.0" 404 1181 "-" "Mozilla/5.0 (compatible; MJ12bot/v1.4.5; http://www.majestic12.co.uk/bot.php?+)"
217.80.215.238 - - [15/Dec/2015:05:49:23 +0100] "GET /archiv_elemei/belvarosk.html HTTP/1.1" 200 4904 "-" "Mozilla/5.0 (compatible; MJ12bot/v1.4.5; http://www.majestic12.co.uk/bot.php?+)"
217.80.215.238 - - [15/Dec/2015:05:49:24 +0100] "GET /archiv_elemei/belvarostc.html HTTP/1.1" 200 12601 "-" "Mozilla/5.0 (compatible; MJ12bot/v1.4.5; http://www.majestic12.co.uk/bot.php?+)"
217.80.215.238 - - [15/Dec/2015:05:49:26 +0100] "GET /archiv_elemei/biomassza.html HTTP/1.1" 200 13300 "-" "Mozilla/5.0 (compatible; MJ12bot/v1.4.5; http://www.majestic12.co.uk/bot.php?+)"
217.80.215.238 - - [15/Dec/2015:05:49:29 +0100] "GET /archiv_elemei/bparak0915.html HTTP/1.1" 200 106660 "-" "Mozilla/5.0 (compatible; MJ12bot/v1.4.5; http://www.majestic12.co.uk/bot.php?+)"
217.80.215.238 - - [15/Dec/2015:05:49:33 +0100] "GET /archiv_elemei/csanyiktc.html HTTP/1.1" 200 13182 "-" "Mozilla/5.0 (compatible; MJ12bot/v1.4.5; http://www.majestic12.co.uk/bot.php?+)"
217.80.215.238 - - [15/Dec/2015:05:49:35 +0100] "GET /archiv_elemei/felsoavastc.html HTTP/1.1" 200 14594 "-" "Mozilla/5.0 (compatible; MJ12bot/v1.4.5; http://www.majestic12.co.uk/bot.php?+)"
217.80.215.238 - - [15/Dec/2015:05:49:37 +0100] "GET /archiv_elemei/hkkarpatok.html HTTP/1.1" 200 6152 "-" "Mozilla/5.0 (compatible; MJ12bot/v1.4.5; http://www.majestic12.co.uk/bot.php?+)"
217.80.215.238 - - [15/Dec/2015:05:49:38 +0100] "GET /archiv_elemei/lombkomposzt.html HTTP/1.1" 200 16239 "-" "Mozilla/5.0 (compatible; MJ12bot/v1.4.5; http://www.majestic12.co.uk/bot.php?+)"
217.80.215.238 - - [15/Dec/2015:05:49:40 +0100] "GET /archiv_elemei/lyukotc.html HTTP/1.1" 200 11705 "-" "Mozilla/5.0 (compatible; MJ12bot/v1.4.5; http://www.majestic12.co.uk/bot.php?+)"
217.80.215.238 - - [15/Dec/2015:05:49:42 +0100] "GET /archiv_elemei/zsarnaitc.html HTTP/1.1" 200 14522 "-" "Mozilla/5.0 (compatible; MJ12bot/v1.4.5; http://www.majestic12.co.uk/bot.php?+)"
62.210.170.165 - - [15/Dec/2015:06:30:14 +0100] "GET /robots.txt HTTP/1.0" 404 1181 "-" "Mozilla/5.0 (compatible; MJ12bot/v1.4.5; http://www.majestic12.co.uk/bot.php?+)"
62.210.170.165 - - [15/Dec/2015:06:30:16 +0100] "GET / HTTP/1.0" 200 884 "-" "Mozilla/5.0 (compatible; MJ12bot/v1.4.5; http://www.majestic12.co.uk/bot.php?+)"
62.210.170.165 - - [15/Dec/2015:06:30:24 +0100] "GET / HTTP/1.0" 200 884 "-" "Mozilla/5.0 (compatible; MJ12bot/v1.4.5; http://www.majestic12.co.uk/bot.php?+)"
62.210.170.165 - - [15/Dec/2015:06:30:30 +0100] "GET / HTTP/1.0" 200 884 "-" "Mozilla/5.0 (compatible; MJ12bot/v1.4.5; http://www.majestic12.co.uk/bot.php?+)"
180.76.15.153 - - [15/Dec/2015:07:19:24 +0100] "GET / HTTP/1.1" 200 884 "-" "Mozilla/5.0 (compatible; Baiduspider/2.0; +http://www.baidu.com/search/spider.html)"
180.76.15.5 - - [15/Dec/2015:07:52:46 +0100] "GET /aktualis_elemei/belvarosi%20biovasar%20arai%202007.%20tel.doc HTTP/1.1" 200 324608 "-" "Mozilla/5.0 (compatible; Baiduspider/2.0; +http://www.baidu.com/search/spider.html)"
208.90.57.196 - - [15/Dec/2015:07:55:22 +0100] "GET / HTTP/1.1" 200 884 "-" "Mozilla/5.0 (Windows NT 6.3; WOW64; rv:31.0) Gecko/20100101 Firefox/31.0"
66.249.66.144 - - [15/Dec/2015:08:26:40 +0100] "GET /robots.txt HTTP/1.1" 404 1181 "-" "Mozilla/5.0 (compatible; Googlebot/2.1; +http://www.google.com/bot.html)"
66.249.66.139 - - [15/Dec/2015:08:26:45 +0100] "GET /kiadvany/miskolchvte.pdf HTTP/1.1" 200 4059249 "-" "Mozilla/5.0 (iPhone; CPU iPhone OS 8_3 like Mac OS X) AppleWebKit/600.1.4 (KHTML, like Gecko) Version/8.0 Mobile/12F70 Safari/600.1.4 (compatible; Googlebot/2.1; +http://www.google.com/bot.html)"
212.40.92.85 - - [15/Dec/2015:08:31:26 +0100] "GET / HTTP/1.1" 200 884 "https://www.google.hu" "Mozilla/5.0 (Windows NT 6.1; WOW64; rv:42.0) Gecko/20100101 Firefox/42.0"
212.40.92.85 - - [15/Dec/2015:08:31:26 +0100] "GET /pattern.jpg HTTP/1.1" 200 13798 "http://www.greenaction.hu/" "Mozilla/5.0 (Windows NT 6.1; WOW64; rv:42.0) Gecko/20100101 Firefox/42.0"
212.40.92.85 - - [15/Dec/2015:08:31:27 +0100] "GET /zoldakcio.swf HTTP/1.1" 200 840351 "http://www.greenaction.hu/" "Mozilla/5.0 (Windows NT 6.1; WOW64; rv:42.0) Gecko/20100101 Firefox/42.0"
212.40.92.85 - - [15/Dec/2015:08:31:27 +0100] "GET /favicon.ico HTTP/1.1" 404 1181 "-" "Mozilla/5.0 (Windows NT 6.1; WOW64; rv:42.0) Gecko/20100101 Firefox/42.0"
212.40.92.85 - - [15/Dec/2015:08:31:27 +0100] "GET /favicon.ico HTTP/1.1" 404 1181 "-" "Mozilla/5.0 (Windows NT 6.1; WOW64; rv:42.0) Gecko/20100101 Firefox/42.0"
212.40.92.85 - - [15/Dec/2015:08:31:27 +0100] "GET /hirek/hirek.txt HTTP/1.1" 200 96857 "http://www.greenaction.hu/zoldakcio.swf" "Mozilla/5.0 (Windows NT 6.1; WOW64; rv:42.0) Gecko/20100101 Firefox/42.0"
212.40.92.85 - - [15/Dec/2015:08:31:27 +0100] "GET /banner/norway.jpg HTTP/1.1" 200 3191 "http://www.greenaction.hu/zoldakcio.swf" "Mozilla/5.0 (Windows NT 6.1; WOW64; rv:42.0) Gecko/20100101 Firefox/42.0"
212.40.92.85 - - [15/Dec/2015:08:31:28 +0100] "GET /esemenynaptar/SparkEventsCalendar_loadVars.txt HTTP/1.1" 200 72712 "http://www.greenaction.hu/zoldakcio.swf" "Mozilla/5.0 (Windows NT 6.1; WOW64; rv:42.0) Gecko/20100101 Firefox/42.0"
212.40.92.85 - - [15/Dec/2015:08:31:28 +0100] "GET /hirek/biomassza_forum.jpg HTTP/1.1" 200 6616 "http://www.greenaction.hu/zoldakcio.swf" "Mozilla/5.0 (Windows NT 6.1; WOW64; rv:42.0) Gecko/20100101 Firefox/42.0"
212.40.92.85 - - [15/Dec/2015:08:31:28 +0100] "GET /hirek/helyivedett.jpg HTTP/1.1" 404 1181 "http://www.greenaction.hu/zoldakcio.swf" "Mozilla/5.0 (Windows NT 6.1; WOW64; rv:42.0) Gecko/20100101 Firefox/42.0"
212.40.92.85 - - [15/Dec/2015:08:31:28 +0100] "GET /hirek/biomassza2.jpg HTTP/1.1" 404 1181 "http://www.greenaction.hu/zoldakcio.swf" "Mozilla/5.0 (Windows NT 6.1; WOW64; rv:42.0) Gecko/20100101 Firefox/42.0"
212.40.92.85 - - [15/Dec/2015:08:31:28 +0100] "GET /hirek/kocsonyabeka.jpg HTTP/1.1" 200 4334 "http://www.greenaction.hu/zoldakcio.swf" "Mozilla/5.0 (Windows NT 6.1; WOW64; rv:42.0) Gecko/20100101 Firefox/42.0"
212.40.92.85 - - [15/Dec/2015:08:31:28 +0100] "GET /hirek/programindito.jpg HTTP/1.1" 200 6594 "http://www.greenaction.hu/zoldakcio.swf" "Mozilla/5.0 (Windows NT 6.1; WOW64; rv:42.0) Gecko/20100101 Firefox/42.0"
212.40.92.85 - - [15/Dec/2015:08:31:28 +0100] "GET /hirek/beno.jpg HTTP/1.1" 200 2623 "http://www.greenaction.hu/zoldakcio.swf" "Mozilla/5.0 (Windows NT 6.1; WOW64; rv:42.0) Gecko/20100101 Firefox/42.0"
212.40.92.85 - - [15/Dec/2015:08:31:28 +0100] "GET /hirek/foldnap2010.jpg HTTP/1.1" 200 7191 "http://www.greenaction.hu/zoldakcio.swf" "Mozilla/5.0 (Windows NT 6.1; WOW64; rv:42.0) Gecko/20100101 Firefox/42.0"
212.40.92.85 - - [15/Dec/2015:08:31:28 +0100] "GET /hirek/foldnapja.jpg HTTP/1.1" 200 4081 "http://www.greenaction.hu/zoldakcio.swf" "Mozilla/5.0 (Windows NT 6.1; WOW64; rv:42.0) Gecko/20100101 Firefox/42.0"
212.40.92.85 - - [15/Dec/2015:08:31:28 +0100] "GET /hirek/gmokrumpli.jpg HTTP/1.1" 200 9110 "http://www.greenaction.hu/zoldakcio.swf" "Mozilla/5.0 (Windows NT 6.1; WOW64; rv:42.0) Gecko/20100101 Firefox/42.0"
212.40.92.85 - - [15/Dec/2015:08:31:28 +0100] "GET /hirek/nullahullakovesd%20011.jpg HTTP/1.1" 200 8674 "http://www.greenaction.hu/zoldakcio.swf" "Mozilla/5.0 (Windows NT 6.1; WOW64; rv:42.0) Gecko/20100101 Firefox/42.0"
212.40.92.85 - - [15/Dec/2015:08:31:28 +0100] "GET /hirek/gmoevo.jpg HTTP/1.1" 200 2951 "http://www.greenaction.hu/zoldakcio.swf" "Mozilla/5.0 (Windows NT 6.1; WOW64; rv:42.0) Gecko/20100101 Firefox/42.0"
212.40.92.85 - - [15/Dec/2015:08:31:28 +0100] "GET /hirek/gmofree.gif HTTP/1.1" 404 1181 "http://www.greenaction.hu/zoldakcio.swf" "Mozilla/5.0 (Windows NT 6.1; WOW64; rv:42.0) Gecko/20100101 Firefox/42.0"
212.40.92.85 - - [15/Dec/2015:08:31:28 +0100] "GET /hirek/torta.jpg HTTP/1.1" 404 1181 "http://www.greenaction.hu/zoldakcio.swf" "Mozilla/5.0 (Windows NT 6.1; WOW64; rv:42.0) Gecko/20100101 Firefox/42.0"
212.40.92.85 - - [15/Dec/2015:08:31:28 +0100] "GET /hirek/paprika.jpg HTTP/1.1" 404 1181 "http://www.greenaction.hu/zoldakcio.swf" "Mozilla/5.0 (Windows NT 6.1; WOW64; rv:42.0) Gecko/20100101 Firefox/42.0"
212.40.92.85 - - [15/Dec/2015:08:31:28 +0100] "GET /hirek/abauji.jpg HTTP/1.1" 200 21716 "http://www.greenaction.hu/zoldakcio.swf" "Mozilla/5.0 (Windows NT 6.1; WOW64; rv:42.0) Gecko/20100101 Firefox/42.0"
212.40.92.85 - - [15/Dec/2015:08:31:28 +0100] "GET /hirek/benzinpisztoly.jpg HTTP/1.1" 200 2317 "http://www.greenaction.hu/zoldakcio.swf" "Mozilla/5.0 (Windows NT 6.1; WOW64; rv:42.0) Gecko/20100101 Firefox/42.0"
212.40.92.85 - - [15/Dec/2015:08:31:28 +0100] "GET /hirek/zoldseg.jpg HTTP/1.1" 404 1181 "http://www.greenaction.hu/zoldakcio.swf" "Mozilla/5.0 (Windows NT 6.1; WOW64; rv:42.0) Gecko/20100101 Firefox/42.0"
212.40.92.85 - - [15/Dec/2015:08:31:28 +0100] "GET /hirek/marhafej.jpg HTTP/1.1" 200 3545 "http://www.greenaction.hu/zoldakcio.swf" "Mozilla/5.0 (Windows NT 6.1; WOW64; rv:42.0) Gecko/20100101 Firefox/42.0"
212.40.92.85 - - [15/Dec/2015:08:31:28 +0100] "GET /hirek/citrom.jpg HTTP/1.1" 200 11781 "http://www.greenaction.hu/zoldakcio.swf" "Mozilla/5.0 (Windows NT 6.1; WOW64; rv:42.0) Gecko/20100101 Firefox/42.0"
212.40.92.85 - - [15/Dec/2015:08:31:28 +0100] "GET /hirek/adventikoszoru.jpg HTTP/1.1" 200 5581 "http://www.greenaction.hu/zoldakcio.swf" "Mozilla/5.0 (Windows NT 6.1; WOW64; rv:42.0) Gecko/20100101 Firefox/42.0"
212.40.92.85 - - [15/Dec/2015:08:31:28 +0100] "GET /hirek/naposoldal.jpg HTTP/1.1" 200 10106 "http://www.greenaction.hu/zoldakcio.swf" "Mozilla/5.0 (Windows NT 6.1; WOW64; rv:42.0) Gecko/20100101 Firefox/42.0"
212.40.92.85 - - [15/Dec/2015:08:31:28 +0100] "GET /hirek/encsgyumi.jpg HTTP/1.1" 200 13077 "http://www.greenaction.hu/zoldakcio.swf" "Mozilla/5.0 (Windows NT 6.1; WOW64; rv:42.0) Gecko/20100101 Firefox/42.0"
212.40.92.85 - - [15/Dec/2015:08:31:28 +0100] "GET /hirek/gyurgyalag.jpg HTTP/1.1" 200 2435 "http://www.greenaction.hu/zoldakcio.swf" "Mozilla/5.0 (Windows NT 6.1; WOW64; rv:42.0) Gecko/20100101 Firefox/42.0"
212.40.92.85 - - [15/Dec/2015:08:31:28 +0100] "GET /hirek/encs.jpg HTTP/1.1" 200 12831 "http://www.greenaction.hu/zoldakcio.swf" "Mozilla/5.0 (Windows NT 6.1; WOW64; rv:42.0) Gecko/20100101 Firefox/42.0"
212.40.92.85 - - [15/Dec/2015:08:31:28 +0100] "GET /hirek/terelo.jpg HTTP/1.1" 200 10975 "http://www.greenaction.hu/zoldakcio.swf" "Mozilla/5.0 (Windows NT 6.1; WOW64; rv:42.0) Gecko/20100101 Firefox/42.0"
212.40.92.85 - - [15/Dec/2015:08:31:28 +0100] "GET /hirek/varboibekak2011.jpg HTTP/1.1" 200 9200 "http://www.greenaction.hu/zoldakcio.swf" "Mozilla/5.0 (Windows NT 6.1; WOW64; rv:42.0) Gecko/20100101 Firefox/42.0"
212.40.92.85 - - [15/Dec/2015:08:31:28 +0100] "GET /hirek/mctermeloipiac.jpg HTTP/1.1" 200 3752 "http://www.greenaction.hu/zoldakcio.swf" "Mozilla/5.0 (Windows NT 6.1; WOW64; rv:42.0) Gecko/20100101 Firefox/42.0"
212.40.92.85 - - [15/Dec/2015:08:31:28 +0100] "GET /hirek/1%20szazalek.jpg HTTP/1.1" 200 16636 "http://www.greenaction.hu/zoldakcio.swf" "Mozilla/5.0 (Windows NT 6.1; WOW64; rv:42.0) Gecko/20100101 Firefox/42.0"
212.40.92.85 - - [15/Dec/2015:08:31:28 +0100] "GET /hirek/viz.jpg HTTP/1.1" 200 2622 "http://www.greenaction.hu/zoldakcio.swf" "Mozilla/5.0 (Windows NT 6.1; WOW64; rv:42.0) Gecko/20100101 Firefox/42.0"
212.40.92.85 - - [15/Dec/2015:08:31:28 +0100] "GET /hirek/bioszulinap2011.jpg HTTP/1.1" 200 17649 "http://www.greenaction.hu/zoldakcio.swf" "Mozilla/5.0 (Windows NT 6.1; WOW64; rv:42.0) Gecko/20100101 Firefox/42.0"
212.40.92.85 - - [15/Dec/2015:08:31:30 +0100] "GET /kapcsolat/kapcsolat.txt HTTP/1.1" 200 762 "http://www.greenaction.hu/zoldakcio.swf" "Mozilla/5.0 (Windows NT 6.1; WOW64; rv:42.0) Gecko/20100101 Firefox/42.0"
212.40.92.85 - - [15/Dec/2015:08:31:30 +0100] "GET /kapcsolat/szaszrobi.jpg HTTP/1.1" 200 2159 "http://www.greenaction.hu/zoldakcio.swf" "Mozilla/5.0 (Windows NT 6.1; WOW64; rv:42.0) Gecko/20100101 Firefox/42.0"
212.40.92.85 - - [15/Dec/2015:08:31:30 +0100] "GET /kapcsolat/somogyikriszta.jpg HTTP/1.1" 200 4519 "http://www.greenaction.hu/zoldakcio.swf" "Mozilla/5.0 (Windows NT 6.1; WOW64; rv:42.0) Gecko/20100101 Firefox/42.0"
212.40.92.85 - - [15/Dec/2015:08:31:30 +0100] "GET /kapcsolat/demeterzoli.jpg HTTP/1.1" 200 3469 "http://www.greenaction.hu/zoldakcio.swf" "Mozilla/5.0 (Windows NT 6.1; WOW64; rv:42.0) Gecko/20100101 Firefox/42.0"
212.40.92.85 - - [15/Dec/2015:08:31:30 +0100] "GET /kapcsolat/barati.jpg HTTP/1.1" 200 22724 "http://www.greenaction.hu/zoldakcio.swf" "Mozilla/5.0 (Windows NT 6.1; WOW64; rv:42.0) Gecko/20100101 Firefox/42.0"
95.108.158.211 - - [15/Dec/2015:08:40:11 +0100] "GET /robots.txt HTTP/1.1" 404 1181 "-" "Mozilla/5.0 (compatible; YandexBot/3.0; +http://yandex.com/bots)"
40.77.167.17 - - [15/Dec/2015:08:42:28 +0100] "GET /robots.txt HTTP/1.1" 404 1181 "-" "Mozilla/5.0 (compatible; bingbot/2.0; +http://www.bing.com/bingbot.htm)"
40.77.167.17 - - [15/Dec/2015:08:42:41 +0100] "GET /kiadvany/miskolchvte.pdf HTTP/1.1" 200 4059249 "-" "Mozilla/5.0 (iPhone; CPU iPhone OS 7_0 like Mac OS X) AppleWebKit/537.51.1 (KHTML, like Gecko) Version/7.0 Mobile/11A465 Safari/9537.53 (compatible; bingbot/2.0; http://www.bing.com/bingbot.htm)"
95.108.158.211 - - [15/Dec/2015:08:43:07 +0100] "GET /kiadvany/miskolchvte.pdf HTTP/1.1" 200 4059249 "-" "Mozilla/5.0 (compatible; YandexBot/3.0; +http://yandex.com/bots)"
51.254.129.91 - - [15/Dec/2015:08:52:19 +0100] "GET /robots.txt HTTP/1.0" 404 1181 "-" "Mozilla/5.0 (compatible; MJ12bot/v1.4.5; http://www.majestic12.co.uk/bot.php?+)"
51.254.129.91 - - [15/Dec/2015:08:52:23 +0100] "GET /aktualis_elemei/bparak0929.html HTTP/1.0" 200 105768 "-" "Mozilla/5.0 (compatible; MJ12bot/v1.4.5; http://www.majestic12.co.uk/bot.php?+)"
51.254.129.91 - - [15/Dec/2015:08:52:27 +0100] "GET /aktualis_elemei/ujgyoritc.html HTTP/1.0" 200 14418 "-" "Mozilla/5.0 (compatible; MJ12bot/v1.4.5; http://www.majestic12.co.uk/bot.php?+)"
51.254.129.91 - - [15/Dec/2015:08:52:32 +0100] "GET /archiv_elemei/acitc.html HTTP/1.0" 200 13312 "-" "Mozilla/5.0 (compatible; MJ12bot/v1.4.5; http://www.majestic12.co.uk/bot.php?+)"
85.119.12.148 - - [15/Dec/2015:08:52:35 +0100] "GET / HTTP/1.1" 200 884 "https://www.google.hu" "Mozilla/5.0 (Windows NT 5.1; rv:42.0) Gecko/20100101 Firefox/42.0"
85.119.12.148 - - [15/Dec/2015:08:52:35 +0100] "GET /pattern.jpg HTTP/1.1" 200 13798 "http://www.greenaction.hu/" "Mozilla/5.0 (Windows NT 5.1; rv:42.0) Gecko/20100101 Firefox/42.0"
51.254.129.91 - - [15/Dec/2015:08:52:36 +0100] "GET /archiv_elemei/alsoavastc.html HTTP/1.0" 200 14965 "-" "Mozilla/5.0 (compatible; MJ12bot/v1.4.5; http://www.majestic12.co.uk/bot.php?+)"
85.119.12.148 - - [15/Dec/2015:08:52:38 +0100] "GET /zoldakcio.swf HTTP/1.1" 200 840351 "http://www.greenaction.hu/" "Mozilla/5.0 (Windows NT 5.1; rv:42.0) Gecko/20100101 Firefox/42.0"
85.119.12.148 - - [15/Dec/2015:08:52:38 +0100] "GET /favicon.ico HTTP/1.1" 404 1181 "-" "Mozilla/5.0 (Windows NT 5.1; rv:42.0) Gecko/20100101 Firefox/42.0"
85.119.12.148 - - [15/Dec/2015:08:52:38 +0100] "GET /hirek/hirek.txt HTTP/1.1" 200 96857 "http://www.greenaction.hu/zoldakcio.swf" "Mozilla/5.0 (Windows NT 5.1; rv:42.0) Gecko/20100101 Firefox/42.0"
85.119.12.148 - - [15/Dec/2015:08:52:38 +0100] "GET /banner/norway.jpg HTTP/1.1" 200 3191 "http://www.greenaction.hu/zoldakcio.swf" "Mozilla/5.0 (Windows NT 5.1; rv:42.0) Gecko/20100101 Firefox/42.0"
85.119.12.148 - - [15/Dec/2015:08:52:38 +0100] "GET /esemenynaptar/SparkEventsCalendar_loadVars.txt HTTP/1.1" 200 72712 "http://www.greenaction.hu/zoldakcio.swf" "Mozilla/5.0 (Windows NT 5.1; rv:42.0) Gecko/20100101 Firefox/42.0"
85.119.12.148 - - [15/Dec/2015:08:52:39 +0100] "GET /hirek/biomassza_forum.jpg HTTP/1.1" 200 6616 "http://www.greenaction.hu/zoldakcio.swf" "Mozilla/5.0 (Windows NT 5.1; rv:42.0) Gecko/20100101 Firefox/42.0"
85.119.12.148 - - [15/Dec/2015:08:52:39 +0100] "GET /hirek/helyivedett.jpg HTTP/1.1" 404 1181 "http://www.greenaction.hu/zoldakcio.swf" "Mozilla/5.0 (Windows NT 5.1; rv:42.0) Gecko/20100101 Firefox/42.0"
85.119.12.148 - - [15/Dec/2015:08:52:39 +0100] "GET /hirek/kocsonyabeka.jpg HTTP/1.1" 200 4334 "http://www.greenaction.hu/zoldakcio.swf" "Mozilla/5.0 (Windows NT 5.1; rv:42.0) Gecko/20100101 Firefox/42.0"
85.119.12.148 - - [15/Dec/2015:08:52:39 +0100] "GET /hirek/biomassza2.jpg HTTP/1.1" 404 1181 "http://www.greenaction.hu/zoldakcio.swf" "Mozilla/5.0 (Windows NT 5.1; rv:42.0) Gecko/20100101 Firefox/42.0"
85.119.12.148 - - [15/Dec/2015:08:52:39 +0100] "GET /hirek/nullahullakovesd%20011.jpg HTTP/1.1" 200 8674 "http://www.greenaction.hu/zoldakcio.swf" "Mozilla/5.0 (Windows NT 5.1; rv:42.0) Gecko/20100101 Firefox/42.0"
85.119.12.148 - - [15/Dec/2015:08:52:39 +0100] "GET /hirek/foldnapja.jpg HTTP/1.1" 200 4081 "http://www.greenaction.hu/zoldakcio.swf" "Mozilla/5.0 (Windows NT 5.1; rv:42.0) Gecko/20100101 Firefox/42.0"
85.119.12.148 - - [15/Dec/2015:08:52:39 +0100] "GET /hirek/foldnap2010.jpg HTTP/1.1" 200 7191 "http://www.greenaction.hu/zoldakcio.swf" "Mozilla/5.0 (Windows NT 5.1; rv:42.0) Gecko/20100101 Firefox/42.0"
85.119.12.148 - - [15/Dec/2015:08:52:39 +0100] "GET /hirek/beno.jpg HTTP/1.1" 200 2623 "http://www.greenaction.hu/zoldakcio.swf" "Mozilla/5.0 (Windows NT 5.1; rv:42.0) Gecko/20100101 Firefox/42.0"
85.119.12.148 - - [15/Dec/2015:08:52:39 +0100] "GET /hirek/programindito.jpg HTTP/1.1" 200 6594 "http://www.greenaction.hu/zoldakcio.swf" "Mozilla/5.0 (Windows NT 5.1; rv:42.0) Gecko/20100101 Firefox/42.0"
85.119.12.148 - - [15/Dec/2015:08:52:39 +0100] "GET /hirek/gmokrumpli.jpg HTTP/1.1" 200 9110 "http://www.greenaction.hu/zoldakcio.swf" "Mozilla/5.0 (Windows NT 5.1; rv:42.0) Gecko/20100101 Firefox/42.0"
85.119.12.148 - - [15/Dec/2015:08:52:39 +0100] "GET /hirek/gmoevo.jpg HTTP/1.1" 200 2951 "http://www.greenaction.hu/zoldakcio.swf" "Mozilla/5.0 (Windows NT 5.1; rv:42.0) Gecko/20100101 Firefox/42.0"
85.119.12.148 - - [15/Dec/2015:08:52:39 +0100] "GET /hirek/gmofree.gif HTTP/1.1" 404 1181 "http://www.greenaction.hu/zoldakcio.swf" "Mozilla/5.0 (Windows NT 5.1; rv:42.0) Gecko/20100101 Firefox/42.0"
85.119.12.148 - - [15/Dec/2015:08:52:39 +0100] "GET /hirek/torta.jpg HTTP/1.1" 404 1181 "http://www.greenaction.hu/zoldakcio.swf" "Mozilla/5.0 (Windows NT 5.1; rv:42.0) Gecko/20100101 Firefox/42.0"
