109.93.195.22 - - [05/Dec/2015:17:07:46 +0100] "GET /aktualis_elemei/bio2szulinap_elemei/image136.jpg HTTP/1.1" 200 7982 "http://www.greenaction.hu/aktualis_elemei/bio2szulinap.html" "Mozilla/5.0 (Windows NT 6.3; WOW64) AppleWebKit/537.36 (KHTML, like Gecko) Chrome/47.0.2526.73 Safari/537.36"
109.93.195.22 - - [05/Dec/2015:17:07:46 +0100] "GET /aktualis_elemei/bio2szulinap_elemei/image138.jpg HTTP/1.1" 200 9822 "http://www.greenaction.hu/aktualis_elemei/bio2szulinap.html" "Mozilla/5.0 (Windows NT 6.3; WOW64) AppleWebKit/537.36 (KHTML, like Gecko) Chrome/47.0.2526.73 Safari/537.36"
109.93.195.22 - - [05/Dec/2015:17:07:46 +0100] "GET /aktualis_elemei/bio2szulinap_elemei/image140.jpg HTTP/1.1" 200 9938 "http://www.greenaction.hu/aktualis_elemei/bio2szulinap.html" "Mozilla/5.0 (Windows NT 6.3; WOW64) AppleWebKit/537.36 (KHTML, like Gecko) Chrome/47.0.2526.73 Safari/537.36"
109.93.195.22 - - [05/Dec/2015:17:07:46 +0100] "GET /aktualis_elemei/bio2szulinap_elemei/image142.jpg HTTP/1.1" 200 9654 "http://www.greenaction.hu/aktualis_elemei/bio2szulinap.html" "Mozilla/5.0 (Windows NT 6.3; WOW64) AppleWebKit/537.36 (KHTML, like Gecko) Chrome/47.0.2526.73 Safari/537.36"
109.93.195.22 - - [05/Dec/2015:17:07:46 +0100] "GET /aktualis_elemei/bio2szulinap_elemei/image144.jpg HTTP/1.1" 200 9920 "http://www.greenaction.hu/aktualis_elemei/bio2szulinap.html" "Mozilla/5.0 (Windows NT 6.3; WOW64) AppleWebKit/537.36 (KHTML, like Gecko) Chrome/47.0.2526.73 Safari/537.36"
109.93.195.22 - - [05/Dec/2015:17:07:46 +0100] "GET /favicon.ico HTTP/1.1" 404 1181 "http://www.greenaction.hu/aktualis_elemei/bio2szulinap.html" "Mozilla/5.0 (Windows NT 6.3; WOW64) AppleWebKit/537.36 (KHTML, like Gecko) Chrome/47.0.2526.73 Safari/537.36"
66.249.78.94 - - [05/Dec/2015:17:45:20 +0100] "GET /robots.txt HTTP/1.1" 404 1181 "-" "Mozilla/5.0 (compatible; Googlebot/2.1; +http://www.google.com/bot.html)"
66.249.78.108 - - [05/Dec/2015:17:45:21 +0100] "GET / HTTP/1.1" 200 884 "-" "Mozilla/5.0 (compatible; Googlebot/2.1; +http://www.google.com/bot.html)"
40.77.167.98 - - [05/Dec/2015:18:04:26 +0100] "GET /aktualis_elemei/loverecycling.html HTTP/1.1" 200 11087 "-" "msnbot-media/1.1 (+http://search.msn.com/msnbot.htm)"
66.249.78.101 - - [05/Dec/2015:18:07:02 +0100] "GET / HTTP/1.1" 200 884 "-" "Mozilla/5.0 (iPhone; CPU iPhone OS 8_3 like Mac OS X) AppleWebKit/600.1.4 (KHTML, like Gecko) Version/8.0 Mobile/12F70 Safari/600.1.4 (compatible; Googlebot/2.1; +http://www.google.com/bot.html)"
188.165.15.224 - - [05/Dec/2015:18:32:16 +0100] "GET /program.html HTTP/1.1" 200 12857 "-" "Mozilla/5.0 (compatible; AhrefsBot/5.0; +http://ahrefs.com/robot/)"
66.249.78.74 - - [05/Dec/2015:18:50:28 +0100] "GET /robots.txt HTTP/1.1" 404 1181 "-" "Mozilla/5.0 (compatible; Googlebot/2.1; +http://www.google.com/bot.html)"
66.249.78.74 - - [05/Dec/2015:18:50:28 +0100] "GET / HTTP/1.1" 200 884 "-" "Mozilla/5.0 (iPhone; CPU iPhone OS 8_3 like Mac OS X) AppleWebKit/600.1.4 (KHTML, like Gecko) Version/8.0 Mobile/12F70 Safari/600.1.4 (compatible; Googlebot/2.1; +http://www.google.com/bot.html)"
66.249.78.81 - - [05/Dec/2015:19:28:02 +0100] "GET /aktualis_elemei/fnhv.html HTTP/1.1" 304 - "-" "Mozilla/5.0 (compatible; Googlebot/2.1; +http://www.google.com/bot.html)"
81.183.95.11 - - [05/Dec/2015:19:42:35 +0100] "GET /favicon.ico HTTP/1.1" 404 1181 "http://www.greenaction.hu/kiadvany/miskolchvte.pdf" "Mozilla/5.0 (Windows NT 5.1) AppleWebKit/537.36 (KHTML, like Gecko) Chrome/47.0.2526.73 Safari/537.36"
81.183.95.11 - - [05/Dec/2015:19:42:36 +0100] "GET /kiadvany/miskolchvte.pdf HTTP/1.1" 200 1355779 "https://www.google.hu/" "Mozilla/5.0 (Windows NT 5.1) AppleWebKit/537.36 (KHTML, like Gecko) Chrome/47.0.2526.73 Safari/537.36"
81.183.95.11 - - [05/Dec/2015:19:42:36 +0100] "GET /kiadvany/miskolchvte.pdf HTTP/1.1" 206 32768 "http://www.greenaction.hu/kiadvany/miskolchvte.pdf" "Mozilla/5.0 (Windows NT 5.1) AppleWebKit/537.36 (KHTML, like Gecko) Chrome/47.0.2526.73 Safari/537.36"
81.183.95.11 - - [05/Dec/2015:19:42:39 +0100] "GET /kiadvany/miskolchvte.pdf HTTP/1.1" 206 4026481 "http://www.greenaction.hu/kiadvany/miskolchvte.pdf" "Mozilla/5.0 (Windows NT 5.1) AppleWebKit/537.36 (KHTML, like Gecko) Chrome/47.0.2526.73 Safari/537.36"
5.61.36.119 - - [05/Dec/2015:19:56:00 +0100] "GET /wp-login.php HTTP/1.1" 404 1181 "-" "Opera/9.80 (Windows NT 5.1; U; ru) Presto/2.9.168 Version/11.50"
5.61.36.119 - - [05/Dec/2015:19:56:00 +0100] "GET /administrator/index.php HTTP/1.1" 404 1181 "-" "Opera/9.80 (Windows NT 5.1; U; ru) Presto/2.9.168 Version/11.50"
5.61.36.119 - - [05/Dec/2015:19:56:00 +0100] "GET /bitrix/admin/ HTTP/1.1" 404 1181 "-" "Opera/9.80 (Windows NT 5.1; U; ru) Presto/2.9.168 Version/11.50"
5.61.36.119 - - [05/Dec/2015:19:56:01 +0100] "GET /admin.php HTTP/1.1" 404 1181 "-" "Opera/9.80 (Windows NT 5.1; U; ru) Presto/2.9.168 Version/11.50"
5.61.36.119 - - [05/Dec/2015:19:56:01 +0100] "GET /user HTTP/1.1" 404 1181 "-" "Opera/9.80 (Windows NT 5.1; U; ru) Presto/2.9.168 Version/11.50"
5.61.36.119 - - [05/Dec/2015:19:56:01 +0100] "GET /admin/index.php?route=common/login HTTP/1.1" 404 1181 "-" "Opera/9.80 (Windows NT 5.1; U; ru) Presto/2.9.168 Version/11.50"
5.61.36.119 - - [05/Dec/2015:19:56:01 +0100] "GET /index.php/admin/ HTTP/1.1" 404 1181 "-" "Opera/9.80 (Windows NT 5.1; U; ru) Presto/2.9.168 Version/11.50"
66.249.78.94 - - [05/Dec/2015:19:57:20 +0100] "GET / HTTP/1.1" 200 884 "-" "Mozilla/5.0 (compatible; Googlebot/2.1; +http://www.google.com/bot.html)"
66.249.78.67 - - [05/Dec/2015:20:03:20 +0100] "GET /aktualis_elemei/fnhv.html HTTP/1.1" 304 - "-" "Mozilla/5.0 (compatible; Googlebot/2.1; +http://www.google.com/bot.html)"
81.183.124.4 - - [05/Dec/2015:20:21:01 +0100] "GET /aktualis_elemei/bio2szulinap_elemei/image092.jpg HTTP/1.1" 200 7352 "https://www.google.hu" "Mozilla/5.0 (Windows NT 6.3; rv:42.0) Gecko/20100101 Firefox/42.0"
46.139.166.119 - - [05/Dec/2015:20:33:25 +0100] "GET / HTTP/1.1" 200 884 "http://www.nslj.hu/uj-foldtorveny" "Mozilla/5.0 (iPhone; CPU iPhone OS 8_3 like Mac OS X) AppleWebKit/600.1.4 (KHTML, like Gecko) Version/8.0 Mobile/12F70 Safari/600.1.4"
46.139.166.119 - - [05/Dec/2015:20:33:25 +0100] "GET /pattern.jpg HTTP/1.1" 200 13798 "http://www.greenaction.hu/" "Mozilla/5.0 (iPhone; CPU iPhone OS 8_3 like Mac OS X) AppleWebKit/600.1.4 (KHTML, like Gecko) Version/8.0 Mobile/12F70 Safari/600.1.4"
176.63.26.135 - - [05/Dec/2015:20:48:04 +0100] "GET /aktualis_elemei/katonai_elemei/image004.jpg HTTP/1.1" 200 56554 "https://www.google.hu" "Mozilla/5.0 (Windows NT 6.1; WOW64; rv:42.0) Gecko/20100101 Firefox/42.0"
79.134.218.10 - - [05/Dec/2015:21:53:33 +0100] "GET / HTTP/1.1" 200 884 "finrus.club" "finrus.club"
188.165.15.224 - - [05/Dec/2015:21:55:38 +0100] "GET /aktualis.html HTTP/1.1" 200 104235 "-" "Mozilla/5.0 (compatible; AhrefsBot/5.0; +http://ahrefs.com/robot/)"
79.134.218.10 - - [05/Dec/2015:22:07:48 +0100] "GET / HTTP/1.1" 200 884 "www.choose-audio-equipment.com" "www.choose-audio-equipment.com"
79.134.218.10 - - [05/Dec/2015:22:08:12 +0100] "GET / HTTP/1.1" 200 884 "www.all-digital-sound.com" "www.all-digital-sound.com"
89.134.187.247 - - [05/Dec/2015:22:13:53 +0100] "GET /aktualis_elemei/bio2szulinap_elemei/image120.jpg HTTP/1.1" 200 9114 "https://www.google.hu/" "Mozilla/5.0 (Windows NT 6.3; WOW64) AppleWebKit/537.36 (KHTML, like Gecko) Chrome/47.0.2526.73 Safari/537.36"
79.134.218.10 - - [05/Dec/2015:22:16:04 +0100] "GET / HTTP/1.1" 200 884 "www.about-digital-photo.com" "www.about-digital-photo.com"
66.249.78.74 - - [05/Dec/2015:22:30:07 +0100] "GET / HTTP/1.1" 200 884 "-" "SAMSUNG-SGH-E250/1.0 Profile/MIDP-2.0 Configuration/CLDC-1.1 UP.Browser/6.2.3.3.c.1.101 (GUI) MMP/2.0 (compatible; Googlebot-Mobile/2.1; +http://www.google.com/bot.html)"
79.134.218.10 - - [05/Dec/2015:23:32:42 +0100] "GET / HTTP/1.1" 200 884 "www.digital-audio-talks.com" "www.digital-audio-talks.com"
188.165.15.224 - - [05/Dec/2015:23:51:34 +0100] "GET /aktualis_elemei/fnp.html HTTP/1.1" 200 51102 "-" "Mozilla/5.0 (compatible; AhrefsBot/5.0; +http://ahrefs.com/robot/)"
95.108.158.211 - - [06/Dec/2015:01:08:36 +0100] "GET /robots.txt HTTP/1.1" 404 1181 "-" "Mozilla/5.0 (compatible; YandexBot/3.0; +http://yandex.com/bots)"
157.55.39.5 - - [06/Dec/2015:02:00:57 +0100] "GET /robots.txt HTTP/1.1" 404 1181 "-" "Mozilla/5.0 (compatible; bingbot/2.0; +http://www.bing.com/bingbot.htm)"
157.55.39.6 - - [06/Dec/2015:02:01:26 +0100] "GET /aktualis_elemei/fnhv_elemei/image004.jpg HTTP/1.1" 200 8820 "-" "Mozilla/5.0 (compatible; bingbot/2.0; +http://www.bing.com/bingbot.htm)"
5.45.254.226 - - [06/Dec/2015:03:05:25 +0100] "GET /robots.txt HTTP/1.1" 404 1181 "-" "Mozilla/5.0 (compatible; YandexBot/3.0; +http://yandex.com/bots)"
207.46.13.81 - - [06/Dec/2015:03:54:09 +0100] "GET /aktualis_elemei/bio2szulinap_elemei/image128.jpg HTTP/1.1" 200 8653 "-" "Mozilla/5.0 (compatible; bingbot/2.0; +http://www.bing.com/bingbot.htm)"
66.249.75.34 - - [06/Dec/2015:04:14:07 +0100] "GET / HTTP/1.1" 200 884 "-" "DoCoMo/2.0 N905i(c100;TB;W24H16) (compatible; Googlebot-Mobile/2.1; +http://www.google.com/bot.html)"
51.254.121.186 - - [06/Dec/2015:06:12:08 +0100] "GET /robots.txt HTTP/1.0" 404 1181 "-" "Mozilla/5.0 (compatible; MJ12bot/v1.4.5; http://www.majestic12.co.uk/bot.php?+)"
87.229.73.156 - - [06/Dec/2015:06:12:09 +0100] "GET / HTTP/1.1" 200 884 "-" "Python-urllib/2.6"
51.254.121.186 - - [06/Dec/2015:06:12:10 +0100] "GET /aktualis_elemei/bparak0929.html HTTP/1.0" 200 105768 "-" "Mozilla/5.0 (compatible; MJ12bot/v1.4.5; http://www.majestic12.co.uk/bot.php?+)"
51.254.121.186 - - [06/Dec/2015:06:12:11 +0100] "GET /aktualis_elemei/ujgyoritc.html HTTP/1.0" 200 14418 "-" "Mozilla/5.0 (compatible; MJ12bot/v1.4.5; http://www.majestic12.co.uk/bot.php?+)"
51.254.121.186 - - [06/Dec/2015:06:12:13 +0100] "GET /archiv_elemei/acitc.html HTTP/1.0" 200 13312 "-" "Mozilla/5.0 (compatible; MJ12bot/v1.4.5; http://www.majestic12.co.uk/bot.php?+)"
51.254.121.186 - - [06/Dec/2015:06:12:14 +0100] "GET /archiv_elemei/alsoavastc.html HTTP/1.0" 200 14965 "-" "Mozilla/5.0 (compatible; MJ12bot/v1.4.5; http://www.majestic12.co.uk/bot.php?+)"
51.254.121.186 - - [06/Dec/2015:06:12:15 +0100] "GET /archiv_elemei/belvaros2.html HTTP/1.0" 200 12988 "-" "Mozilla/5.0 (compatible; MJ12bot/v1.4.5; http://www.majestic12.co.uk/bot.php?+)"
207.46.13.94 - - [06/Dec/2015:06:27:47 +0100] "GET /aktualis_elemei/fnhv_elemei/image017.jpg HTTP/1.1" 200 11115 "-" "Mozilla/5.0 (compatible; bingbot/2.0; +http://www.bing.com/bingbot.htm)"
207.46.13.94 - - [06/Dec/2015:06:38:23 +0100] "GET / HTTP/1.1" 200 884 "-" "Mozilla/5.0 (compatible; bingbot/2.0; +http://www.bing.com/bingbot.htm)"
5.45.254.227 - - [06/Dec/2015:07:10:07 +0100] "GET /kiadvany/miskolchvte.pdf HTTP/1.1" 200 4059249 "-" "Mozilla/5.0 (compatible; YandexBot/3.0; +http://yandex.com/bots)"
66.249.78.81 - - [06/Dec/2015:07:24:49 +0100] "GET /robots.txt HTTP/1.1" 404 1181 "-" "Mozilla/5.0 (compatible; Googlebot/2.1; +http://www.google.com/bot.html)"
66.249.78.81 - - [06/Dec/2015:07:24:50 +0100] "GET /aktualis_elemei/fnhv_elemei/image010.jpg HTTP/1.1" 304 - "-" "Googlebot-Image/1.0"
66.249.78.74 - - [06/Dec/2015:07:31:39 +0100] "GET /aktualis_elemei/fnhv_elemei/image025.jpg HTTP/1.1" 304 - "-" "Googlebot-Image/1.0"
136.243.36.96 - - [06/Dec/2015:08:08:35 +0100] "GET /robots.txt HTTP/1.1" 404 1181 "-" "Mozilla/5.0 (compatible; BLEXBot/1.0; +http://webmeup-crawler.com/)"
136.243.36.96 - - [06/Dec/2015:08:08:35 +0100] "GET /robots.txt HTTP/1.1" 404 1181 "-" "Mozilla/5.0 (compatible; BLEXBot/1.0; +http://webmeup-crawler.com/)"
136.243.36.96 - - [06/Dec/2015:08:08:35 +0100] "GET / HTTP/1.1" 200 884 "-" "Mozilla/5.0 (compatible; BLEXBot/1.0; +http://webmeup-crawler.com/)"
136.243.36.96 - - [06/Dec/2015:08:08:39 +0100] "GET /sitemap.xml HTTP/1.1" 404 1181 "-" "Mozilla/5.0 (compatible; BLEXBot/1.0; +http://webmeup-crawler.com/)"
136.243.36.96 - - [06/Dec/2015:08:08:47 +0100] "GET /sitemap.xml HTTP/1.1" 404 1181 "-" "Mozilla/5.0 (compatible; BLEXBot/1.0; +http://webmeup-crawler.com/)"
136.243.36.96 - - [06/Dec/2015:08:08:56 +0100] "GET / HTTP/1.1" 200 884 "-" "Mozilla/5.0 (compatible; BLEXBot/1.0; +http://webmeup-crawler.com/)"
136.243.36.96 - - [06/Dec/2015:08:09:06 +0100] "GET /archiv_elemei/acitc.html HTTP/1.1" 200 13312 "-" "Mozilla/5.0 (compatible; BLEXBot/1.0; +http://webmeup-crawler.com/)"
136.243.36.96 - - [06/Dec/2015:08:09:13 +0100] "GET /magunkrol_elemei/kozhasznu.html HTTP/1.1" 200 48365 "-" "Mozilla/5.0 (compatible; BLEXBot/1.0; +http://webmeup-crawler.com/)"
188.36.3.125 - - [06/Dec/2015:09:19:42 +0100] "GET /aktualis_elemei/upfuzet.tml_elemei/image002.jpg HTTP/1.1" 200 11918 "https://www.google.hu/" "Mozilla/5.0 (iPhone; CPU iPhone OS 9_1 like Mac OS X) AppleWebKit/601.1.46 (KHTML, like Gecko) Version/9.0 Mobile/13B143 Safari/601.1"
95.108.132.187 - - [06/Dec/2015:09:38:33 +0100] "GET /robots.txt HTTP/1.1" 404 1181 "-" "Mozilla/5.0 (compatible; YandexBot/3.0; +http://yandex.com/bots)"
95.108.158.211 - - [06/Dec/2015:10:03:23 +0100] "GET /kiadvany/miskolchvte.pdf HTTP/1.1" 200 4059249 "-" "Mozilla/5.0 (compatible; YandexBot/3.0; +http://yandex.com/bots)"
88.87.254.25 - - [06/Dec/2015:10:53:38 +0100] "GET / HTTP/1.1" 200 884 "-" "Mozilla/5.0 (Windows NT 6.3; WOW64; rv:42.0) Gecko/20100101 Firefox/42.0"
88.87.254.25 - - [06/Dec/2015:10:53:39 +0100] "GET /pattern.jpg HTTP/1.1" 200 13798 "http://greenaction.hu/" "Mozilla/5.0 (Windows NT 6.3; WOW64; rv:42.0) Gecko/20100101 Firefox/42.0"
88.87.254.25 - - [06/Dec/2015:10:53:39 +0100] "GET /zoldakcio.swf HTTP/1.1" 200 840351 "http://greenaction.hu/" "Mozilla/5.0 (Windows NT 6.3; WOW64; rv:42.0) Gecko/20100101 Firefox/42.0"
88.87.254.25 - - [06/Dec/2015:10:53:39 +0100] "GET /favicon.ico HTTP/1.1" 404 1181 "-" "Mozilla/5.0 (Windows NT 6.3; WOW64; rv:42.0) Gecko/20100101 Firefox/42.0"
88.87.254.25 - - [06/Dec/2015:10:53:39 +0100] "GET /favicon.ico HTTP/1.1" 404 1181 "-" "Mozilla/5.0 (Windows NT 6.3; WOW64; rv:42.0) Gecko/20100101 Firefox/42.0"
88.87.254.25 - - [06/Dec/2015:10:53:39 +0100] "GET /banner/norway.jpg HTTP/1.1" 200 3191 "http://greenaction.hu/zoldakcio.swf" "Mozilla/5.0 (Windows NT 6.3; WOW64; rv:42.0) Gecko/20100101 Firefox/42.0"
88.87.254.25 - - [06/Dec/2015:10:53:39 +0100] "GET /hirek/hirek.txt HTTP/1.1" 200 96857 "http://greenaction.hu/zoldakcio.swf" "Mozilla/5.0 (Windows NT 6.3; WOW64; rv:42.0) Gecko/20100101 Firefox/42.0"
88.87.254.25 - - [06/Dec/2015:10:53:40 +0100] "GET /esemenynaptar/SparkEventsCalendar_loadVars.txt HTTP/1.1" 200 72712 "http://greenaction.hu/zoldakcio.swf" "Mozilla/5.0 (Windows NT 6.3; WOW64; rv:42.0) Gecko/20100101 Firefox/42.0"
88.87.254.25 - - [06/Dec/2015:10:53:40 +0100] "GET /hirek/biomassza_forum.jpg HTTP/1.1" 200 6616 "http://greenaction.hu/zoldakcio.swf" "Mozilla/5.0 (Windows NT 6.3; WOW64; rv:42.0) Gecko/20100101 Firefox/42.0"
88.87.254.25 - - [06/Dec/2015:10:53:40 +0100] "GET /hirek/helyivedett.jpg HTTP/1.1" 404 1181 "http://greenaction.hu/zoldakcio.swf" "Mozilla/5.0 (Windows NT 6.3; WOW64; rv:42.0) Gecko/20100101 Firefox/42.0"
88.87.254.25 - - [06/Dec/2015:10:53:40 +0100] "GET /hirek/biomassza2.jpg HTTP/1.1" 404 1181 "http://greenaction.hu/zoldakcio.swf" "Mozilla/5.0 (Windows NT 6.3; WOW64; rv:42.0) Gecko/20100101 Firefox/42.0"
88.87.254.25 - - [06/Dec/2015:10:53:40 +0100] "GET /hirek/kocsonyabeka.jpg HTTP/1.1" 200 4334 "http://greenaction.hu/zoldakcio.swf" "Mozilla/5.0 (Windows NT 6.3; WOW64; rv:42.0) Gecko/20100101 Firefox/42.0"
88.87.254.25 - - [06/Dec/2015:10:53:40 +0100] "GET /hirek/programindito.jpg HTTP/1.1" 200 6594 "http://greenaction.hu/zoldakcio.swf" "Mozilla/5.0 (Windows NT 6.3; WOW64; rv:42.0) Gecko/20100101 Firefox/42.0"
88.87.254.25 - - [06/Dec/2015:10:53:40 +0100] "GET /hirek/gmokrumpli.jpg HTTP/1.1" 200 9110 "http://greenaction.hu/zoldakcio.swf" "Mozilla/5.0 (Windows NT 6.3; WOW64; rv:42.0) Gecko/20100101 Firefox/42.0"
88.87.254.25 - - [06/Dec/2015:10:53:40 +0100] "GET /hirek/beno.jpg HTTP/1.1" 200 2623 "http://greenaction.hu/zoldakcio.swf" "Mozilla/5.0 (Windows NT 6.3; WOW64; rv:42.0) Gecko/20100101 Firefox/42.0"
88.87.254.25 - - [06/Dec/2015:10:53:40 +0100] "GET /hirek/nullahullakovesd%20011.jpg HTTP/1.1" 200 8674 "http://greenaction.hu/zoldakcio.swf" "Mozilla/5.0 (Windows NT 6.3; WOW64; rv:42.0) Gecko/20100101 Firefox/42.0"
88.87.254.25 - - [06/Dec/2015:10:53:40 +0100] "GET /hirek/foldnapja.jpg HTTP/1.1" 200 4081 "http://greenaction.hu/zoldakcio.swf" "Mozilla/5.0 (Windows NT 6.3; WOW64; rv:42.0) Gecko/20100101 Firefox/42.0"
88.87.254.25 - - [06/Dec/2015:10:53:40 +0100] "GET /hirek/foldnap2010.jpg HTTP/1.1" 200 7191 "http://greenaction.hu/zoldakcio.swf" "Mozilla/5.0 (Windows NT 6.3; WOW64; rv:42.0) Gecko/20100101 Firefox/42.0"
88.87.254.25 - - [06/Dec/2015:10:53:40 +0100] "GET /hirek/gmoevo.jpg HTTP/1.1" 200 2951 "http://greenaction.hu/zoldakcio.swf" "Mozilla/5.0 (Windows NT 6.3; WOW64; rv:42.0) Gecko/20100101 Firefox/42.0"
88.87.254.25 - - [06/Dec/2015:10:53:40 +0100] "GET /hirek/gmofree.gif HTTP/1.1" 404 1181 "http://greenaction.hu/zoldakcio.swf" "Mozilla/5.0 (Windows NT 6.3; WOW64; rv:42.0) Gecko/20100101 Firefox/42.0"
88.87.254.25 - - [06/Dec/2015:10:53:40 +0100] "GET /hirek/torta.jpg HTTP/1.1" 404 1181 "http://greenaction.hu/zoldakcio.swf" "Mozilla/5.0 (Windows NT 6.3; WOW64; rv:42.0) Gecko/20100101 Firefox/42.0"
88.87.254.25 - - [06/Dec/2015:10:53:40 +0100] "GET /hirek/abauji.jpg HTTP/1.1" 200 21716 "http://greenaction.hu/zoldakcio.swf" "Mozilla/5.0 (Windows NT 6.3; WOW64; rv:42.0) Gecko/20100101 Firefox/42.0"
88.87.254.25 - - [06/Dec/2015:10:53:40 +0100] "GET /hirek/benzinpisztoly.jpg HTTP/1.1" 200 2317 "http://greenaction.hu/zoldakcio.swf" "Mozilla/5.0 (Windows NT 6.3; WOW64; rv:42.0) Gecko/20100101 Firefox/42.0"
88.87.254.25 - - [06/Dec/2015:10:53:40 +0100] "GET /hirek/marhafej.jpg HTTP/1.1" 200 3545 "http://greenaction.hu/zoldakcio.swf" "Mozilla/5.0 (Windows NT 6.3; WOW64; rv:42.0) Gecko/20100101 Firefox/42.0"
88.87.254.25 - - [06/Dec/2015:10:53:40 +0100] "GET /hirek/citrom.jpg HTTP/1.1" 200 11781 "http://greenaction.hu/zoldakcio.swf" "Mozilla/5.0 (Windows NT 6.3; WOW64; rv:42.0) Gecko/20100101 Firefox/42.0"
88.87.254.25 - - [06/Dec/2015:10:53:40 +0100] "GET /hirek/paprika.jpg HTTP/1.1" 404 1181 "http://greenaction.hu/zoldakcio.swf" "Mozilla/5.0 (Windows NT 6.3; WOW64; rv:42.0) Gecko/20100101 Firefox/42.0"
88.87.254.25 - - [06/Dec/2015:10:53:40 +0100] "GET /hirek/zoldseg.jpg HTTP/1.1" 404 1181 "http://greenaction.hu/zoldakcio.swf" "Mozilla/5.0 (Windows NT 6.3; WOW64; rv:42.0) Gecko/20100101 Firefox/42.0"
88.87.254.25 - - [06/Dec/2015:10:53:40 +0100] "GET /hirek/adventikoszoru.jpg HTTP/1.1" 200 5581 "http://greenaction.hu/zoldakcio.swf" "Mozilla/5.0 (Windows NT 6.3; WOW64; rv:42.0) Gecko/20100101 Firefox/42.0"
88.87.254.25 - - [06/Dec/2015:10:53:40 +0100] "GET /hirek/naposoldal.jpg HTTP/1.1" 200 10106 "http://greenaction.hu/zoldakcio.swf" "Mozilla/5.0 (Windows NT 6.3; WOW64; rv:42.0) Gecko/20100101 Firefox/42.0"
88.87.254.25 - - [06/Dec/2015:10:53:40 +0100] "GET /hirek/encsgyumi.jpg HTTP/1.1" 200 13077 "http://greenaction.hu/zoldakcio.swf" "Mozilla/5.0 (Windows NT 6.3; WOW64; rv:42.0) Gecko/20100101 Firefox/42.0"
88.87.254.25 - - [06/Dec/2015:10:53:40 +0100] "GET /hirek/gyurgyalag.jpg HTTP/1.1" 200 2435 "http://greenaction.hu/zoldakcio.swf" "Mozilla/5.0 (Windows NT 6.3; WOW64; rv:42.0) Gecko/20100101 Firefox/42.0"
88.87.254.25 - - [06/Dec/2015:10:53:40 +0100] "GET /hirek/encs.jpg HTTP/1.1" 200 12831 "http://greenaction.hu/zoldakcio.swf" "Mozilla/5.0 (Windows NT 6.3; WOW64; rv:42.0) Gecko/20100101 Firefox/42.0"
88.87.254.25 - - [06/Dec/2015:10:53:40 +0100] "GET /hirek/terelo.jpg HTTP/1.1" 200 10975 "http://greenaction.hu/zoldakcio.swf" "Mozilla/5.0 (Windows NT 6.3; WOW64; rv:42.0) Gecko/20100101 Firefox/42.0"
88.87.254.25 - - [06/Dec/2015:10:53:40 +0100] "GET /hirek/varboibekak2011.jpg HTTP/1.1" 200 9200 "http://greenaction.hu/zoldakcio.swf" "Mozilla/5.0 (Windows NT 6.3; WOW64; rv:42.0) Gecko/20100101 Firefox/42.0"
88.87.254.25 - - [06/Dec/2015:10:53:40 +0100] "GET /hirek/mctermeloipiac.jpg HTTP/1.1" 200 3752 "http://greenaction.hu/zoldakcio.swf" "Mozilla/5.0 (Windows NT 6.3; WOW64; rv:42.0) Gecko/20100101 Firefox/42.0"
88.87.254.25 - - [06/Dec/2015:10:53:40 +0100] "GET /hirek/1%20szazalek.jpg HTTP/1.1" 200 16636 "http://greenaction.hu/zoldakcio.swf" "Mozilla/5.0 (Windows NT 6.3; WOW64; rv:42.0) Gecko/20100101 Firefox/42.0"
88.87.254.25 - - [06/Dec/2015:10:53:40 +0100] "GET /hirek/viz.jpg HTTP/1.1" 200 2622 "http://greenaction.hu/zoldakcio.swf" "Mozilla/5.0 (Windows NT 6.3; WOW64; rv:42.0) Gecko/20100101 Firefox/42.0"
88.87.254.25 - - [06/Dec/2015:10:53:40 +0100] "GET /hirek/bioszulinap2011.jpg HTTP/1.1" 200 17649 "http://greenaction.hu/zoldakcio.swf" "Mozilla/5.0 (Windows NT 6.3; WOW64; rv:42.0) Gecko/20100101 Firefox/42.0"
88.87.254.25 - - [06/Dec/2015:10:54:04 +0100] "GET /rolunk/rolunk.txt HTTP/1.1" 200 315 "http://greenaction.hu/zoldakcio.swf" "Mozilla/5.0 (Windows NT 6.3; WOW64; rv:42.0) Gecko/20100101 Firefox/42.0"
88.87.254.25 - - [06/Dec/2015:10:54:20 +0100] "GET /kiadvanyok/kiadvanyok.txt HTTP/1.1" 200 3316 "http://greenaction.hu/zoldakcio.swf" "Mozilla/5.0 (Windows NT 6.3; WOW64; rv:42.0) Gecko/20100101 Firefox/42.0"
88.87.254.25 - - [06/Dec/2015:10:54:20 +0100] "GET /kiadvanyok/x HTTP/1.1" 404 1181 "http://greenaction.hu/zoldakcio.swf" "Mozilla/5.0 (Windows NT 6.3; WOW64; rv:42.0) Gecko/20100101 Firefox/42.0"
88.87.254.25 - - [06/Dec/2015:10:54:20 +0100] "GET /kiadvanyok/kiadvany05.jpg HTTP/1.1" 200 11750 "http://greenaction.hu/zoldakcio.swf" "Mozilla/5.0 (Windows NT 6.3; WOW64; rv:42.0) Gecko/20100101 Firefox/42.0"
88.87.254.25 - - [06/Dec/2015:10:54:20 +0100] "GET /kiadvanyok/kiadvany04.jpg HTTP/1.1" 200 4552 "http://greenaction.hu/zoldakcio.swf" "Mozilla/5.0 (Windows NT 6.3; WOW64; rv:42.0) Gecko/20100101 Firefox/42.0"
88.87.254.25 - - [06/Dec/2015:10:54:20 +0100] "GET /kiadvanyok/kiadvany03.jpg HTTP/1.1" 200 5690 "http://greenaction.hu/zoldakcio.swf" "Mozilla/5.0 (Windows NT 6.3; WOW64; rv:42.0) Gecko/20100101 Firefox/42.0"
88.87.254.25 - - [06/Dec/2015:10:54:20 +0100] "GET /kiadvanyok/kiadvany01.jpg HTTP/1.1" 200 10184 "http://greenaction.hu/zoldakcio.swf" "Mozilla/5.0 (Windows NT 6.3; WOW64; rv:42.0) Gecko/20100101 Firefox/42.0"
88.87.254.25 - - [06/Dec/2015:10:54:20 +0100] "GET /kiadvanyok/kiadvany02.jpg HTTP/1.1" 200 11521 "http://greenaction.hu/zoldakcio.swf" "Mozilla/5.0 (Windows NT 6.3; WOW64; rv:42.0) Gecko/20100101 Firefox/42.0"
88.87.254.25 - - [06/Dec/2015:10:54:20 +0100] "GET /kiadvanyok/x HTTP/1.1" 404 1181 "http://greenaction.hu/zoldakcio.swf" "Mozilla/5.0 (Windows NT 6.3; WOW64; rv:42.0) Gecko/20100101 Firefox/42.0"
88.87.254.25 - - [06/Dec/2015:10:54:20 +0100] "GET /kiadvanyok/kiadvany06.jpg HTTP/1.1" 200 8895 "http://greenaction.hu/zoldakcio.swf" "Mozilla/5.0 (Windows NT 6.3; WOW64; rv:42.0) Gecko/20100101 Firefox/42.0"
88.87.254.25 - - [06/Dec/2015:10:54:20 +0100] "GET /kiadvanyok/x HTTP/1.1" 404 1181 "http://greenaction.hu/zoldakcio.swf" "Mozilla/5.0 (Windows NT 6.3; WOW64; rv:42.0) Gecko/20100101 Firefox/42.0"
88.87.254.25 - - [06/Dec/2015:10:54:20 +0100] "GET /kiadvanyok/x HTTP/1.1" 404 1181 "http://greenaction.hu/zoldakcio.swf" "Mozilla/5.0 (Windows NT 6.3; WOW64; rv:42.0) Gecko/20100101 Firefox/42.0"
88.87.254.25 - - [06/Dec/2015:10:54:20 +0100] "GET /kiadvanyok/x HTTP/1.1" 404 1181 "http://greenaction.hu/zoldakcio.swf" "Mozilla/5.0 (Windows NT 6.3; WOW64; rv:42.0) Gecko/20100101 Firefox/42.0"
88.87.254.25 - - [06/Dec/2015:10:54:20 +0100] "GET /kiadvanyok/x HTTP/1.1" 404 1181 "http://greenaction.hu/zoldakcio.swf" "Mozilla/5.0 (Windows NT 6.3; WOW64; rv:42.0) Gecko/20100101 Firefox/42.0"
88.87.254.25 - - [06/Dec/2015:10:54:20 +0100] "GET /kiadvanyok/x HTTP/1.1" 404 1181 "http://greenaction.hu/zoldakcio.swf" "Mozilla/5.0 (Windows NT 6.3; WOW64; rv:42.0) Gecko/20100101 Firefox/42.0"
88.87.254.25 - - [06/Dec/2015:10:54:20 +0100] "GET /kiadvanyok/x HTTP/1.1" 404 1181 "http://greenaction.hu/zoldakcio.swf" "Mozilla/5.0 (Windows NT 6.3; WOW64; rv:42.0) Gecko/20100101 Firefox/42.0"
88.87.254.25 - - [06/Dec/2015:10:54:20 +0100] "GET /kiadvanyok/x HTTP/1.1" 404 1181 "http://greenaction.hu/zoldakcio.swf" "Mozilla/5.0 (Windows NT 6.3; WOW64; rv:42.0) Gecko/20100101 Firefox/42.0"
88.87.254.25 - - [06/Dec/2015:10:54:20 +0100] "GET /kiadvanyok/x HTTP/1.1" 404 1181 "http://greenaction.hu/zoldakcio.swf" "Mozilla/5.0 (Windows NT 6.3; WOW64; rv:42.0) Gecko/20100101 Firefox/42.0"
88.87.254.25 - - [06/Dec/2015:10:54:20 +0100] "GET /kiadvanyok/x HTTP/1.1" 404 1181 "http://greenaction.hu/zoldakcio.swf" "Mozilla/5.0 (Windows NT 6.3; WOW64; rv:42.0) Gecko/20100101 Firefox/42.0"
88.87.254.25 - - [06/Dec/2015:10:54:35 +0100] "GET /kiadvany/delbukk.pdf HTTP/1.1" 206 33257 "http://greenaction.hu/" "Mozilla/5.0 (Windows NT 6.3; WOW64; rv:42.0) Gecko/20100101 Firefox/42.0"
88.87.254.25 - - [06/Dec/2015:10:54:35 +0100] "GET /kiadvany/delbukk.pdf HTTP/1.1" 206 65536 "http://greenaction.hu/" "Mozilla/5.0 (Windows NT 6.3; WOW64; rv:42.0) Gecko/20100101 Firefox/42.0"
88.87.254.25 - - [06/Dec/2015:10:54:35 +0100] "GET /kiadvany/delbukk.pdf HTTP/1.1" 206 65536 "http://greenaction.hu/" "Mozilla/5.0 (Windows NT 6.3; WOW64; rv:42.0) Gecko/20100101 Firefox/42.0"
88.87.254.25 - - [06/Dec/2015:10:54:36 +0100] "GET /kiadvany/delbukk.pdf HTTP/1.1" 206 65536 "http://greenaction.hu/" "Mozilla/5.0 (Windows NT 6.3; WOW64; rv:42.0) Gecko/20100101 Firefox/42.0"
88.87.254.25 - - [06/Dec/2015:10:54:36 +0100] "GET /kiadvany/delbukk.pdf HTTP/1.1" 206 65536 "http://greenaction.hu/" "Mozilla/5.0 (Windows NT 6.3; WOW64; rv:42.0) Gecko/20100101 Firefox/42.0"
88.87.254.25 - - [06/Dec/2015:10:54:36 +0100] "GET /kiadvany/delbukk.pdf HTTP/1.1" 200 1540585 "http://greenaction.hu/" "Mozilla/5.0 (Windows NT 6.3; WOW64; rv:42.0) Gecko/20100101 Firefox/42.0"
88.87.254.25 - - [06/Dec/2015:10:54:36 +0100] "GET /kiadvany/delbukk.pdf HTTP/1.1" 206 65536 "http://greenaction.hu/" "Mozilla/5.0 (Windows NT 6.3; WOW64; rv:42.0) Gecko/20100101 Firefox/42.0"
88.87.254.25 - - [06/Dec/2015:10:54:36 +0100] "GET /kiadvany/delbukk.pdf HTTP/1.1" 206 65536 "http://greenaction.hu/" "Mozilla/5.0 (Windows NT 6.3; WOW64; rv:42.0) Gecko/20100101 Firefox/42.0"
88.87.254.25 - - [06/Dec/2015:10:54:36 +0100] "GET /favicon.ico HTTP/1.1" 404 1181 "-" "Mozilla/5.0 (Windows NT 6.3; WOW64; rv:42.0) Gecko/20100101 Firefox/42.0"
88.87.254.25 - - [06/Dec/2015:10:54:36 +0100] "GET /favicon.ico HTTP/1.1" 404 1181 "-" "Mozilla/5.0 (Windows NT 6.3; WOW64; rv:42.0) Gecko/20100101 Firefox/42.0"
88.87.254.25 - - [06/Dec/2015:10:56:09 +0100] "GET /kiadvany/miskolchelyivedett.pdf HTTP/1.1" 206 34489 "http://greenaction.hu/" "Mozilla/5.0 (Windows NT 6.3; WOW64; rv:42.0) Gecko/20100101 Firefox/42.0"
88.87.254.25 - - [06/Dec/2015:10:56:09 +0100] "GET /kiadvany/miskolchelyivedett.pdf HTTP/1.1" 206 65536 "http://greenaction.hu/" "Mozilla/5.0 (Windows NT 6.3; WOW64; rv:42.0) Gecko/20100101 Firefox/42.0"
88.87.254.25 - - [06/Dec/2015:10:56:09 +0100] "GET /kiadvany/miskolchelyivedett.pdf HTTP/1.1" 206 65536 "http://greenaction.hu/" "Mozilla/5.0 (Windows NT 6.3; WOW64; rv:42.0) Gecko/20100101 Firefox/42.0"
88.87.254.25 - - [06/Dec/2015:10:56:09 +0100] "GET /kiadvany/miskolchelyivedett.pdf HTTP/1.1" 206 65536 "http://greenaction.hu/" "Mozilla/5.0 (Windows NT 6.3; WOW64; rv:42.0) Gecko/20100101 Firefox/42.0"
88.87.254.25 - - [06/Dec/2015:10:56:10 +0100] "GET /kiadvany/miskolchelyivedett.pdf HTTP/1.1" 206 65536 "http://greenaction.hu/" "Mozilla/5.0 (Windows NT 6.3; WOW64; rv:42.0) Gecko/20100101 Firefox/42.0"
88.87.254.25 - - [06/Dec/2015:10:56:10 +0100] "GET /kiadvany/miskolchelyivedett.pdf HTTP/1.1" 206 65536 "http://greenaction.hu/" "Mozilla/5.0 (Windows NT 6.3; WOW64; rv:42.0) Gecko/20100101 Firefox/42.0"
88.87.254.25 - - [06/Dec/2015:10:56:10 +0100] "GET /kiadvany/miskolchelyivedett.pdf HTTP/1.1" 200 1345209 "http://greenaction.hu/" "Mozilla/5.0 (Windows NT 6.3; WOW64; rv:42.0) Gecko/20100101 Firefox/42.0"
88.87.254.25 - - [06/Dec/2015:10:56:10 +0100] "GET /kiadvany/miskolchelyivedett.pdf HTTP/1.1" 206 65536 "http://greenaction.hu/" "Mozilla/5.0 (Windows NT 6.3; WOW64; rv:42.0) Gecko/20100101 Firefox/42.0"
88.87.254.25 - - [06/Dec/2015:10:56:10 +0100] "GET /kiadvany/miskolchelyivedett.pdf HTTP/1.1" 206 65536 "http://greenaction.hu/" "Mozilla/5.0 (Windows NT 6.3; WOW64; rv:42.0) Gecko/20100101 Firefox/42.0"
88.87.254.25 - - [06/Dec/2015:10:56:10 +0100] "GET /kiadvany/miskolchelyivedett.pdf HTTP/1.1" 206 65536 "http://greenaction.hu/" "Mozilla/5.0 (Windows NT 6.3; WOW64; rv:42.0) Gecko/20100101 Firefox/42.0"
88.87.254.25 - - [06/Dec/2015:10:56:10 +0100] "GET /kiadvany/miskolchelyivedett.pdf HTTP/1.1" 206 65536 "http://greenaction.hu/" "Mozilla/5.0 (Windows NT 6.3; WOW64; rv:42.0) Gecko/20100101 Firefox/42.0"
88.87.254.25 - - [06/Dec/2015:10:57:11 +0100] "POST /kepek/map.php HTTP/1.1" 200 43 "-" "Mozilla/5.0 (Windows NT 6.3; WOW64; rv:42.0) Gecko/20100101 Firefox/42.0"
88.87.254.25 - - [06/Dec/2015:10:57:11 +0100] "GET /kepek/albumnevek.txt HTTP/1.1" 200 283 "http://greenaction.hu/zoldakcio.swf" "Mozilla/5.0 (Windows NT 6.3; WOW64; rv:42.0) Gecko/20100101 Firefox/42.0"
88.87.254.25 - - [06/Dec/2015:10:57:11 +0100] "GET /kepek/albumkep/11.jpg HTTP/1.1" 200 15918 "http://greenaction.hu/zoldakcio.swf" "Mozilla/5.0 (Windows NT 6.3; WOW64; rv:42.0) Gecko/20100101 Firefox/42.0"
88.87.254.25 - - [06/Dec/2015:10:57:11 +0100] "GET /kepek/albumkep/9.jpg HTTP/1.1" 200 16179 "http://greenaction.hu/zoldakcio.swf" "Mozilla/5.0 (Windows NT 6.3; WOW64; rv:42.0) Gecko/20100101 Firefox/42.0"
88.87.254.25 - - [06/Dec/2015:10:57:11 +0100] "GET /kepek/albumkep/10.jpg HTTP/1.1" 200 12097 "http://greenaction.hu/zoldakcio.swf" "Mozilla/5.0 (Windows NT 6.3; WOW64; rv:42.0) Gecko/20100101 Firefox/42.0"
88.87.254.25 - - [06/Dec/2015:10:57:11 +0100] "GET /kepek/albumkep/7.jpg HTTP/1.1" 200 7955 "http://greenaction.hu/zoldakcio.swf" "Mozilla/5.0 (Windows NT 6.3; WOW64; rv:42.0) Gecko/20100101 Firefox/42.0"
88.87.254.25 - - [06/Dec/2015:10:57:11 +0100] "GET /kepek/albumkep/8.jpg HTTP/1.1" 200 8184 "http://greenaction.hu/zoldakcio.swf" "Mozilla/5.0 (Windows NT 6.3; WOW64; rv:42.0) Gecko/20100101 Firefox/42.0"
88.87.254.25 - - [06/Dec/2015:10:57:11 +0100] "GET /kepek/albumkep/5.jpg HTTP/1.1" 200 6210 "http://greenaction.hu/zoldakcio.swf" "Mozilla/5.0 (Windows NT 6.3; WOW64; rv:42.0) Gecko/20100101 Firefox/42.0"
88.87.254.25 - - [06/Dec/2015:10:57:11 +0100] "GET /kepek/albumkep/6.jpg HTTP/1.1" 200 7425 "http://greenaction.hu/zoldakcio.swf" "Mozilla/5.0 (Windows NT 6.3; WOW64; rv:42.0) Gecko/20100101 Firefox/42.0"
88.87.254.25 - - [06/Dec/2015:10:57:11 +0100] "GET /kepek/albumkep/4.jpg HTTP/1.1" 200 4237 "http://greenaction.hu/zoldakcio.swf" "Mozilla/5.0 (Windows NT 6.3; WOW64; rv:42.0) Gecko/20100101 Firefox/42.0"
88.87.254.25 - - [06/Dec/2015:10:57:11 +0100] "GET /kepek/albumkep/2.jpg HTTP/1.1" 200 5112 "http://greenaction.hu/zoldakcio.swf" "Mozilla/5.0 (Windows NT 6.3; WOW64; rv:42.0) Gecko/20100101 Firefox/42.0"
88.87.254.25 - - [06/Dec/2015:10:57:11 +0100] "GET /kepek/albumkep/3.jpg HTTP/1.1" 200 1737 "http://greenaction.hu/zoldakcio.swf" "Mozilla/5.0 (Windows NT 6.3; WOW64; rv:42.0) Gecko/20100101 Firefox/42.0"
88.87.254.25 - - [06/Dec/2015:10:57:11 +0100] "GET /kepek/albumkep/1.jpg HTTP/1.1" 200 3033 "http://greenaction.hu/zoldakcio.swf" "Mozilla/5.0 (Windows NT 6.3; WOW64; rv:42.0) Gecko/20100101 Firefox/42.0"
88.87.254.25 - - [06/Dec/2015:10:57:20 +0100] "POST /kepek/1/map.php HTTP/1.1" 200 242 "-" "Mozilla/5.0 (Windows NT 6.3; WOW64; rv:42.0) Gecko/20100101 Firefox/42.0"
88.87.254.25 - - [06/Dec/2015:10:57:21 +0100] "GET /kepek/1/P1020548.JPG HTTP/1.1" 200 12288 "http://greenaction.hu/zoldakcio.swf" "Mozilla/5.0 (Windows NT 6.3; WOW64; rv:42.0) Gecko/20100101 Firefox/42.0"
88.87.254.25 - - [06/Dec/2015:10:57:21 +0100] "GET /kepek/1/miskolc%20017.jpg HTTP/1.1" 200 6389 "http://greenaction.hu/zoldakcio.swf" "Mozilla/5.0 (Windows NT 6.3; WOW64; rv:42.0) Gecko/20100101 Firefox/42.0"
88.87.254.25 - - [06/Dec/2015:10:57:21 +0100] "GET /kepek/1/miskolc%20018.jpg HTTP/1.1" 200 6108 "http://greenaction.hu/zoldakcio.swf" "Mozilla/5.0 (Windows NT 6.3; WOW64; rv:42.0) Gecko/20100101 Firefox/42.0"
88.87.254.25 - - [06/Dec/2015:10:57:21 +0100] "GET /kepek/1/P1020530.JPG HTTP/1.1" 200 12056 "http://greenaction.hu/zoldakcio.swf" "Mozilla/5.0 (Windows NT 6.3; WOW64; rv:42.0) Gecko/20100101 Firefox/42.0"
88.87.254.25 - - [06/Dec/2015:10:57:21 +0100] "GET /kepek/1/P1020547.JPG HTTP/1.1" 200 11807 "http://greenaction.hu/zoldakcio.swf" "Mozilla/5.0 (Windows NT 6.3; WOW64; rv:42.0) Gecko/20100101 Firefox/42.0"
88.87.254.25 - - [06/Dec/2015:10:57:21 +0100] "GET /kepek/1/miskolc%20012.jpg HTTP/1.1" 200 6192 "http://greenaction.hu/zoldakcio.swf" "Mozilla/5.0 (Windows NT 6.3; WOW64; rv:42.0) Gecko/20100101 Firefox/42.0"
88.87.254.25 - - [06/Dec/2015:10:57:21 +0100] "GET /kepek/1/lakcimke_speter%20014.jpg HTTP/1.1" 200 5344 "http://greenaction.hu/zoldakcio.swf" "Mozilla/5.0 (Windows NT 6.3; WOW64; rv:42.0) Gecko/20100101 Firefox/42.0"
88.87.254.25 - - [06/Dec/2015:10:57:21 +0100] "GET /kepek/1/lakcimke_speter%20012.jpg HTTP/1.1" 200 6327 "http://greenaction.hu/zoldakcio.swf" "Mozilla/5.0 (Windows NT 6.3; WOW64; rv:42.0) Gecko/20100101 Firefox/42.0"
88.87.254.25 - - [06/Dec/2015:10:57:21 +0100] "GET /kepek/1/encs%20110.jpg HTTP/1.1" 200 11625 "http://greenaction.hu/zoldakcio.swf" "Mozilla/5.0 (Windows NT 6.3; WOW64; rv:42.0) Gecko/20100101 Firefox/42.0"
88.87.254.25 - - [06/Dec/2015:10:57:21 +0100] "GET /kepek/1/lakcimke_speter%20009.jpg HTTP/1.1" 200 6168 "http://greenaction.hu/zoldakcio.swf" "Mozilla/5.0 (Windows NT 6.3; WOW64; rv:42.0) Gecko/20100101 Firefox/42.0"
88.87.254.25 - - [06/Dec/2015:10:57:21 +0100] "GET /kepek/1/encs%20108.jpg HTTP/1.1" 200 11519 "http://greenaction.hu/zoldakcio.swf" "Mozilla/5.0 (Windows NT 6.3; WOW64; rv:42.0) Gecko/20100101 Firefox/42.0"
88.87.254.25 - - [06/Dec/2015:10:57:21 +0100] "GET /kepek/1/encs%20104.jpg HTTP/1.1" 200 11833 "http://greenaction.hu/zoldakcio.swf" "Mozilla/5.0 (Windows NT 6.3; WOW64; rv:42.0) Gecko/20100101 Firefox/42.0"
88.87.254.25 - - [06/Dec/2015:10:57:21 +0100] "GET /kepek/1/1%20akcimke_speter%20007.jpg HTTP/1.1" 200 4076 "http://greenaction.hu/zoldakcio.swf" "Mozilla/5.0 (Windows NT 6.3; WOW64; rv:42.0) Gecko/20100101 Firefox/42.0"
88.87.254.25 - - [06/Dec/2015:10:57:21 +0100] "GET /kepek/1/nagykep/1%20akcimke_speter%20007.jpg HTTP/1.1" 200 15000 "http://greenaction.hu/zoldakcio.swf" "Mozilla/5.0 (Windows NT 6.3; WOW64; rv:42.0) Gecko/20100101 Firefox/42.0"
66.249.78.67 - - [06/Dec/2015:13:19:19 +0100] "GET /kiadvany/miabio.jpg HTTP/1.1" 304 - "-" "Googlebot-Image/1.0"
37.76.65.51 - - [06/Dec/2015:13:42:27 +0100] "GET /aktualis_elemei/katonai_elemei/image004.jpg HTTP/1.1" 200 56554 "https://www.google.hu/" "Mozilla/5.0 (Windows NT 10.0; WOW64) AppleWebKit/537.36 (KHTML, like Gecko) Chrome/46.0.2490.86 Safari/537.36"
93.115.95.207 - - [06/Dec/2015:14:15:32 +0100] "GET / HTTP/1.1" 200 884 "http://pizza-tycoon.com/" "Mozilla/5.0 (X11; Linux x86_64) AppleWebKit/537.36 (KHTML, like Gecko) Chrome/37.0.2062.120 Safari/537.36"
66.249.78.74 - - [06/Dec/2015:14:40:05 +0100] "GET /aktualis_elemei/bio2szulinap_elemei/image014.jpg HTTP/1.1" 304 - "-" "Googlebot-Image/1.0"
66.249.78.101 - - [06/Dec/2015:15:32:07 +0100] "GET /robots.txt HTTP/1.1" 404 1181 "-" "Mozilla/5.0 (compatible; Googlebot/2.1; +http://www.google.com/bot.html)"
66.249.78.108 - - [06/Dec/2015:15:32:08 +0100] "GET / HTTP/1.1" 200 884 "-" "Mozilla/5.0 (compatible; Googlebot/2.1; +http://www.google.com/bot.html)"
62.210.148.246 - - [06/Dec/2015:15:37:30 +0100] "GET /robots.txt HTTP/1.0" 404 1181 "-" "Mozilla/5.0 (compatible; MJ12bot/v1.4.5; http://www.majestic12.co.uk/bot.php?+)"
62.210.148.246 - - [06/Dec/2015:15:37:32 +0100] "GET /magunkrol_elemei/kozhasznu.html HTTP/1.0" 200 48365 "-" "Mozilla/5.0 (compatible; MJ12bot/v1.4.5; http://www.majestic12.co.uk/bot.php?+)"
173.255.243.26 - - [06/Dec/2015:16:08:33 +0100] "HEAD / HTTP/1.1" 200 0 "http://scripted.com/greenaction.hu" "Mozilla/5.0 (Windows NT 6.1; WOW64; Trident/7.0; rv:11.0) like Gecko"
207.46.13.69 - - [06/Dec/2015:16:49:27 +0100] "GET / HTTP/1.1" 200 884 "-" "Mozilla/5.0 (compatible; bingbot/2.0; +http://www.bing.com/bingbot.htm)"
77.111.90.197 - - [06/Dec/2015:17:33:08 +0100] "GET / HTTP/1.1" 200 884 "-" "Mozilla/5.0 (Windows NT 6.1; WOW64) AppleWebKit/537.36 (KHTML, like Gecko) Chrome/46.0.2490.71 Safari/537.36"
77.111.90.197 - - [06/Dec/2015:17:33:08 +0100] "GET / HTTP/1.0" 200 884 "-" "-"
66.249.78.101 - - [06/Dec/2015:18:08:05 +0100] "GET / HTTP/1.1" 200 884 "-" "Mozilla/5.0 (iPhone; CPU iPhone OS 8_3 like Mac OS X) AppleWebKit/600.1.4 (KHTML, like Gecko) Version/8.0 Mobile/12F70 Safari/600.1.4 (compatible; Googlebot/2.1; +http://www.google.com/bot.html)"
91.82.189.170 - - [06/Dec/2015:18:17:30 +0100] "GET /aktualis_elemei/katonai_elemei/image003.jpg HTTP/1.1" 200 88392 "https://www.google.hu" "Mozilla/5.0 (Windows NT 5.1; rv:42.0) Gecko/20100101 Firefox/42.0"
66.249.78.81 - - [06/Dec/2015:18:40:17 +0100] "GET / HTTP/1.1" 200 884 "-" "Mozilla/5.0 (iPhone; CPU iPhone OS 8_3 like Mac OS X) AppleWebKit/600.1.4 (KHTML, like Gecko) Version/8.0 Mobile/12F70 Safari/600.1.4 (compatible; Googlebot/2.1; +http://www.google.com/bot.html)"
31.46.131.57 - - [06/Dec/2015:18:50:54 +0100] "GET /aktualis_elemei/bio2szulinap_elemei/image092.jpg HTTP/1.1" 200 7352 "https://www.google.hu" "Mozilla/5.0 (Windows NT 6.1; WOW64; rv:42.0) Gecko/20100101 Firefox/42.0"
157.55.39.158 - - [06/Dec/2015:19:19:24 +0100] "GET /kiadvany/miskolchvte.pdf HTTP/1.1" 200 4059249 "-" "Mozilla/5.0 (iPhone; CPU iPhone OS 7_0 like Mac OS X) AppleWebKit/537.51.1 (KHTML, like Gecko) Version/7.0 Mobile/11A465 Safari/9537.53 (compatible; bingbot/2.0; http://www.bing.com/bingbot.htm)"
52.91.18.10 - - [06/Dec/2015:19:22:18 +0100] "GET / HTTP/1.1" 200 884 "-" "Mozilla/5.0 (Windows NT 6.1; WOW64) AppleWebKit/537.36 (KHTML, like Gecko) Chrome/39.0.2171.65 Safari/537.36"
188.36.184.114 - - [06/Dec/2015:19:28:30 +0100] "GET /aktualis_elemei/bio2szulinap_elemei/image056.jpg HTTP/1.1" 200 10317 "https://www.google.hu/" "Mozilla/5.0 (Windows NT 6.1) AppleWebKit/537.36 (KHTML, like Gecko) Chrome/47.0.2526.73 Safari/537.36"
207.46.13.180 - - [06/Dec/2015:19:31:40 +0100] "GET /aktualis_elemei/hkszirmamtp.html HTTP/1.1" 304 - "-" "Mozilla/5.0 (compatible; bingbot/2.0; +http://www.bing.com/bingbot.htm)"
66.249.78.81 - - [06/Dec/2015:19:54:45 +0100] "GET /robots.txt HTTP/1.1" 404 1181 "-" "Mozilla/5.0 (compatible; Googlebot/2.1; +http://www.google.com/bot.html)"
66.249.78.74 - - [06/Dec/2015:19:54:45 +0100] "GET /aktualis_elemei/bio2szulinap_elemei/image126.jpg HTTP/1.1" 304 - "-" "Googlebot-Image/1.0"
66.249.78.101 - - [06/Dec/2015:19:54:56 +0100] "GET / HTTP/1.1" 200 884 "-" "Mozilla/5.0 (compatible; Googlebot/2.1; +http://www.google.com/bot.html)"
66.249.78.74 - - [06/Dec/2015:20:12:06 +0100] "GET /aktualis_elemei/bio2szulinap_elemei/image080.jpg HTTP/1.1" 304 - "-" "Googlebot-Image/1.0"
66.249.78.74 - - [06/Dec/2015:20:25:04 +0100] "GET /aktualis_elemei/katonai.html HTTP/1.1" 200 22109 "-" "Mozilla/5.0 (iPhone; CPU iPhone OS 8_3 like Mac OS X) AppleWebKit/600.1.4 (KHTML, like Gecko) Version/8.0 Mobile/12F70 Safari/600.1.4 (compatible; Googlebot/2.1; +http://www.google.com/bot.html)"
212.16.132.91 - - [06/Dec/2015:20:59:42 +0100] "GET /kiadvany/miabio.pdf HTTP/1.1" 200 112554 "http://www.google.hu/url?sa=t&source=web&cd=4&rct=j&q=puszedli%20%C3%B6stermel%C3%B6k%C3%A9nt&ved=0ahUKEwiQ1r_ugsjJAhXG1SwKHa0rBVMQFggiMAM&url=http%3A%2F%2Fwww.greenaction.hu%2Fkiadvany%2Fmiabio.pdf&usg=AFQjCNGm37lAMap6KqiVzm5BUYhoeBCSxQ" "Mozilla/5.0 (Linux; Android 4.0.3; HFM752HCF Build/IML74K) AppleWebKit/535.19 (KHTML, like Gecko) Chrome/18.0.1025.166 Safari/535.19"
212.16.132.91 - - [06/Dec/2015:20:59:54 +0100] "GET /kiadvany/miabio.pdf HTTP/1.1" 200 11291786 "http://www.google.hu/url?sa=t&source=web&cd=4&rct=j&q=puszedli%20%C3%B6stermel%C3%B6k%C3%A9nt&ved=0ahUKEwiQ1r_ugsjJAhXG1SwKHa0rBVMQFggiMAM&url=http%3A%2F%2Fwww.greenaction.hu%2Fkiadvany%2Fmiabio.pdf&usg=AFQjCNGm37lAMap6KqiVzm5BUYhoeBCSxQ" "Mozilla/5.0 (Linux; Android 4.0.3; HFM752HCF Build/IML74K) AppleWebKit/535.19 (KHTML, like Gecko) Chrome/18.0.1025.166 Safari/535.19"
54.77.153.60 - - [06/Dec/2015:21:23:25 +0100] "GET /robots.txt HTTP/1.0" 404 1181 "-" "Mozilla/5.0 (compatible; JobKereso; +http://www.kozvetlen-allasok.hu/robot.jsp info@kozvetlen-allasok.hu)"
54.77.153.60 - - [06/Dec/2015:21:23:25 +0100] "GET / HTTP/1.0" 200 884 "-" "Mozilla/5.0 (compatible; JobKereso; +http://www.kozvetlen-allasok.hu/robot.jsp info@kozvetlen-allasok.hu)"
54.77.153.60 - - [06/Dec/2015:21:23:25 +0100] "GET /favicon.ico HTTP/1.1" 404 1181 "http://www.kozvetlen-allasok.hu" "Mozilla/5.0 (compatible; JobKeresoBot; +http://www.kozvetlen-allasok.hu/help.jsp; info@kozvetlen-allasok.hu; 5.0"
89.135.11.13 - - [06/Dec/2015:21:23:35 +0100] "GET /kiadvany/miabio.pdf HTTP/1.1" 200 11291786 "https://www.google.hu/" "Mozilla/5.0 (Macintosh; Intel Mac OS X 10_9_5) AppleWebKit/601.2.7 (KHTML, like Gecko) Version/9.0.1 Safari/537.86.2"
89.135.11.13 - - [06/Dec/2015:21:23:36 +0100] "GET /favicon.ico HTTP/1.1" 404 1181 "http://www.greenaction.hu/kiadvany/miabio.pdf" "Mozilla/5.0 (Macintosh; Intel Mac OS X 10_9_5) AppleWebKit/601.2.7 (KHTML, like Gecko) Version/9.0.1 Safari/537.86.2"
52.17.48.243 - - [06/Dec/2015:21:30:49 +0100] "GET /robots.txt HTTP/1.0" 404 1181 "-" "Mozilla/5.0 (compatible; JobKereso; +http://www.kozvetlen-allasok.hu/robot.jsp info@kozvetlen-allasok.hu)"
52.17.48.243 - - [06/Dec/2015:21:30:50 +0100] "GET / HTTP/1.0" 200 884 "-" "Mozilla/5.0 (compatible; JobKereso; +http://www.kozvetlen-allasok.hu/robot.jsp info@kozvetlen-allasok.hu)"
52.17.48.243 - - [06/Dec/2015:21:30:50 +0100] "GET /favicon.ico HTTP/1.1" 404 1181 "http://www.kozvetlen-allasok.hu" "Mozilla/5.0 (compatible; JobKeresoBot; +http://www.kozvetlen-allasok.hu/help.jsp; info@kozvetlen-allasok.hu; 5.0"
31.46.85.131 - - [06/Dec/2015:21:37:27 +0100] "GET /aktualis_elemei/bio2szulinap_elemei/image128.jpg HTTP/1.1" 200 8653 "https://www.google.hu/" "Mozilla/5.0 (iPad; CPU OS 9_0 like Mac OS X) AppleWebKit/601.1.46 (KHTML, like Gecko) Version/9.0 Mobile/13A344 Safari/601.1"
188.165.15.224 - - [06/Dec/2015:22:00:26 +0100] "GET /aktualis_elemei/loverecycling.html HTTP/1.1" 200 11087 "-" "Mozilla/5.0 (compatible; AhrefsBot/5.0; +http://ahrefs.com/robot/)"
188.165.15.224 - - [06/Dec/2015:22:07:39 +0100] "GET /aktualis_elemei/szulinap2.html HTTP/1.1" 200 10182 "-" "Mozilla/5.0 (compatible; AhrefsBot/5.0; +http://ahrefs.com/robot/)"
23.95.43.106 - - [06/Dec/2015:22:09:03 +0100] "GET / HTTP/1.1" 200 884 "-" "Mozilla/5.0 (Windows NT 6.1; WOW64) AppleWebKit/537.36 (KHTML, like Gecko) Chrome/39.0.2171.65 Safari/537.36"
207.46.13.180 - - [06/Dec/2015:22:23:20 +0100] "GET /aktualis_elemei/bparak0929.html HTTP/1.1" 304 - "-" "Mozilla/5.0 (compatible; bingbot/2.0; +http://www.bing.com/bingbot.htm)"
66.249.78.67 - - [06/Dec/2015:23:20:36 +0100] "GET / HTTP/1.1" 200 884 "-" "Mozilla/5.0 (compatible; Googlebot/2.1; +http://www.google.com/bot.html)"
66.249.78.81 - - [06/Dec/2015:23:27:51 +0100] "GET /favicon.ico HTTP/1.1" 404 1181 "-" "Googlebot-Image/1.0"
95.108.158.211 - - [06/Dec/2015:23:36:19 +0100] "GET /robots.txt HTTP/1.1" 404 1181 "-" "Mozilla/5.0 (compatible; YandexBot/3.0; +http://yandex.com/bots)"
95.108.132.187 - - [06/Dec/2015:23:36:19 +0100] "GET /robots.txt HTTP/1.1" 404 1181 "-" "Mozilla/5.0 (compatible; YandexBot/3.0; +http://yandex.com/bots)"
95.108.158.211 - - [06/Dec/2015:23:36:22 +0100] "GET / HTTP/1.1" 200 884 "-" "Mozilla/5.0 (compatible; YandexBot/3.0; +http://yandex.com/bots)"
95.108.158.211 - - [06/Dec/2015:23:36:22 +0100] "GET / HTTP/1.1" 200 884 "-" "Mozilla/5.0 (compatible; YandexBot/3.0; +http://yandex.com/bots)"
37.140.141.47 - - [06/Dec/2015:23:36:27 +0100] "GET /zoldakcio.swf HTTP/1.1" 200 840351 "-" "Mozilla/5.0 (compatible; YandexBot/3.0; +http://yandex.com/bots)"
95.108.158.227 - - [06/Dec/2015:23:36:27 +0100] "GET /zoldakcio.swf HTTP/1.1" 200 840351 "-" "Mozilla/5.0 (compatible; YandexBot/3.0; +http://yandex.com/bots)"
95.108.132.180 - - [06/Dec/2015:23:36:29 +0100] "GET / HTTP/1.1" 200 884 "-" "Mozilla/5.0 (compatible; YandexBot/3.0; +http://yandex.com/bots)"
95.108.132.188 - - [06/Dec/2015:23:36:30 +0100] "GET / HTTP/1.1" 200 884 "-" "Mozilla/5.0 (compatible; YandexBot/3.0; +http://yandex.com/bots)"
66.249.78.74 - - [06/Dec/2015:23:41:27 +0100] "GET /favicon.ico HTTP/1.1" 404 1181 "-" "Googlebot-Image/1.0"
66.249.78.101 - - [07/Dec/2015:00:13:17 +0100] "GET / HTTP/1.1" 200 884 "-" "Mozilla/5.0 (compatible; Googlebot/2.1; +http://www.google.com/bot.html)"
180.76.15.163 - - [07/Dec/2015:00:18:26 +0100] "GET / HTTP/1.1" 200 884 "-" "Mozilla/5.0 (compatible; Baiduspider/2.0; +http://www.baidu.com/search/spider.html)"
157.55.39.5 - - [07/Dec/2015:01:08:07 +0100] "GET /aktualis_elemei/fnhv_elemei/image008.jpg HTTP/1.1" 200 12119 "-" "Mozilla/5.0 (compatible; bingbot/2.0; +http://www.bing.com/bingbot.htm)"
180.76.15.144 - - [07/Dec/2015:01:25:06 +0100] "GET / HTTP/1.1" 200 884 "-" "Mozilla/5.0 (compatible; Baiduspider/2.0; +http://www.baidu.com/search/spider.html)"
40.77.167.24 - - [07/Dec/2015:01:41:50 +0100] "GET /aktualis_elemei/bio2szulinap_elemei/image116.jpg HTTP/1.1" 200 9709 "-" "Mozilla/5.0 (compatible; bingbot/2.0; +http://www.bing.com/bingbot.htm)"
40.77.167.24 - - [07/Dec/2015:01:41:50 +0100] "GET /aktualis_elemei/bio2szulinap_elemei/image138.jpg HTTP/1.1" 200 9822 "-" "Mozilla/5.0 (compatible; bingbot/2.0; +http://www.bing.com/bingbot.htm)"
207.46.13.69 - - [07/Dec/2015:01:56:29 +0100] "GET /aktualis_elemei/fnhv_elemei/image024.jpg HTTP/1.1" 200 10080 "-" "Mozilla/5.0 (compatible; bingbot/2.0; +http://www.bing.com/bingbot.htm)"
66.249.78.81 - - [07/Dec/2015:02:42:33 +0100] "GET / HTTP/1.1" 200 884 "-" "Mozilla/5.0 (compatible; Googlebot/2.1; +http://www.google.com/bot.html)"
207.46.13.180 - - [07/Dec/2015:02:44:12 +0100] "GET /kiadvany/delbukk.pdf HTTP/1.1" 200 1540585 "-" "Mozilla/5.0 (compatible; bingbot/2.0; +http://www.bing.com/bingbot.htm)"
180.76.15.8 - - [07/Dec/2015:03:38:56 +0100] "GET / HTTP/1.1" 200 884 "-" "Mozilla/5.0 (compatible; Baiduspider/2.0; +http://www.baidu.com/search/spider.html)"
180.76.15.154 - - [07/Dec/2015:03:39:28 +0100] "GET / HTTP/1.1" 200 884 "-" "Mozilla/5.0 (compatible; Baiduspider/2.0; +http://www.baidu.com/search/spider.html)"
66.249.78.74 - - [07/Dec/2015:03:51:14 +0100] "GET /aktualis_elemei/bio2szulinap_elemei/image004.jpg HTTP/1.1" 304 - "-" "Googlebot-Image/1.0"
66.249.78.74 - - [07/Dec/2015:03:53:21 +0100] "GET /aktualis_elemei/bio2szulinap_elemei/image106.jpg HTTP/1.1" 304 - "-" "Googlebot-Image/1.0"
66.249.78.81 - - [07/Dec/2015:03:57:43 +0100] "GET /aktualis_elemei/bio2szulinap_elemei/image140.jpg HTTP/1.1" 304 - "-" "Googlebot-Image/1.0"
173.255.243.26 - - [07/Dec/2015:04:00:44 +0100] "HEAD / HTTP/1.1" 200 0 "http://scripted.com/greenaction.hu" "Mozilla/5.0 (Windows NT 6.1; WOW64; rv:38.0) Gecko/20100101 Firefox/38.0"
66.249.78.74 - - [07/Dec/2015:04:02:02 +0100] "GET /aktualis_elemei/bio2szulinap_elemei/image022.jpg HTTP/1.1" 304 - "-" "Googlebot-Image/1.0"
207.46.13.69 - - [07/Dec/2015:04:07:51 +0100] "GET / HTTP/1.1" 200 884 "-" "Mozilla/5.0 (compatible; bingbot/2.0; +http://www.bing.com/bingbot.htm)"
207.46.13.69 - - [07/Dec/2015:04:07:52 +0100] "GET /aktualis_elemei/belvarosk.html HTTP/1.1" 200 4904 "-" "Mozilla/5.0 (compatible; bingbot/2.0; +http://www.bing.com/bingbot.htm)"
66.249.78.81 - - [07/Dec/2015:04:12:49 +0100] "GET /aktualis_elemei/bio2szulinap_elemei/image002.jpg HTTP/1.1" 304 - "-" "Googlebot-Image/1.0"
66.249.78.67 - - [07/Dec/2015:04:17:09 +0100] "GET /aktualis_elemei/bio2szulinap_elemei/image084.jpg HTTP/1.1" 304 - "-" "Googlebot-Image/1.0"
66.249.78.74 - - [07/Dec/2015:04:19:18 +0100] "GET /aktualis_elemei/bio2szulinap_elemei/image086.jpg HTTP/1.1" 304 - "-" "Googlebot-Image/1.0"
66.249.78.74 - - [07/Dec/2015:04:21:28 +0100] "GET /aktualis_elemei/bio2szulinap_elemei/image050.jpg HTTP/1.1" 304 - "-" "Googlebot-Image/1.0"
66.249.78.81 - - [07/Dec/2015:04:23:36 +0100] "GET /aktualis_elemei/bio2szulinap_elemei/image098.jpg HTTP/1.1" 304 - "-" "Googlebot-Image/1.0"
66.249.78.67 - - [07/Dec/2015:04:25:47 +0100] "GET /aktualis_elemei/bio2szulinap_elemei/image066.jpg HTTP/1.1" 304 - "-" "Googlebot-Image/1.0"
66.249.78.74 - - [07/Dec/2015:04:27:56 +0100] "GET /aktualis_elemei/bio2szulinap_elemei/image034.jpg HTTP/1.1" 304 - "-" "Googlebot-Image/1.0"
180.76.15.144 - - [07/Dec/2015:04:30:58 +0100] "GET / HTTP/1.1" 200 884 "-" "Mozilla/5.0 (compatible; Baiduspider/2.0; +http://www.baidu.com/search/spider.html)"
180.76.15.16 - - [07/Dec/2015:04:31:08 +0100] "GET / HTTP/1.1" 200 884 "-" "Mozilla/5.0 (compatible; Baiduspider/2.0; +http://www.baidu.com/search/spider.html)"
66.249.78.81 - - [07/Dec/2015:04:32:16 +0100] "GET /aktualis_elemei/bio2szulinap_elemei/image082.jpg HTTP/1.1" 304 - "-" "Googlebot-Image/1.0"
66.249.78.67 - - [07/Dec/2015:04:34:25 +0100] "GET /aktualis_elemei/bio2szulinap_elemei/image108.jpg HTTP/1.1" 304 - "-" "Googlebot-Image/1.0"
66.249.78.67 - - [07/Dec/2015:04:36:35 +0100] "GET /aktualis_elemei/bio2szulinap_elemei/image036.jpg HTTP/1.1" 304 - "-" "Googlebot-Image/1.0"
66.249.78.81 - - [07/Dec/2015:04:38:45 +0100] "GET /aktualis_elemei/bio2szulinap_elemei/image064.jpg HTTP/1.1" 304 - "-" "Googlebot-Image/1.0"
66.249.78.67 - - [07/Dec/2015:04:40:54 +0100] "GET /aktualis_elemei/bio2szulinap_elemei/image130.jpg HTTP/1.1" 304 - "-" "Googlebot-Image/1.0"
66.249.78.67 - - [07/Dec/2015:04:43:01 +0100] "GET /aktualis_elemei/bio2szulinap_elemei/image028.jpg HTTP/1.1" 304 - "-" "Googlebot-Image/1.0"
66.249.78.81 - - [07/Dec/2015:04:45:07 +0100] "GET /aktualis_elemei/bio2szulinap_elemei/image052.jpg HTTP/1.1" 304 - "-" "Googlebot-Image/1.0"
66.249.78.108 - - [07/Dec/2015:04:50:18 +0100] "GET /robots.txt HTTP/1.1" 404 1181 "-" "Mozilla/5.0 (compatible; Googlebot/2.1; +http://www.google.com/bot.html)"
