35.94.16.158 - - [01/Apr/2025:05:44:23 +0200] "GET / HTTP/1.1" 404 - "-" "Mozilla/5.0 (Windows NT 10.0; Win64; x64) AppleWebKit/537.36 (KHTML, like Gecko) Chrome/130.0.0.0 Safari/537.36 OPR/115.0.0."
193.6.201.253 - - [01/Apr/2025:05:51:08 +0200] "GET /genmanipulacio/ HTTP/1.1" 404 - "-" "Mozilla/5.0 (X11; Linux x86_64; rv:58.0) Gecko/20100101 Firefox/58.0"
213.180.203.185 - - [01/Apr/2025:05:51:17 +0200] "GET /pkmk/lista.htm HTTP/1.1" 404 - "-" "Mozilla/5.0 (compatible; YandexBot/3.0; +http://yandex.com/bots)"
4.227.36.54 - - [01/Apr/2025:06:02:53 +0200] "GET /robots.txt HTTP/1.1" 404 - "-" "Mozilla/5.0 AppleWebKit/537.36 (KHTML, like Gecko; compatible; GPTBot/1.2; +https://openai.com/gptbot)"
20.171.207.160 - - [01/Apr/2025:06:02:54 +0200] "GET /cikk.shtml?x=45794 HTTP/1.1" 404 - "-" "Mozilla/5.0 AppleWebKit/537.36 (KHTML, like Gecko; compatible; GPTBot/1.2; +https://openai.com/gptbot)"
51.68.219.148 - - [01/Apr/2025:06:04:34 +0200] "GET / HTTP/1.1" 302 288 "-" "Mozilla/5.0 (Windows NT 10.0; WOW64; rv:47.0) Gecko/20100101 Firefox/47.0"
3.101.147.219 - - [01/Apr/2025:06:15:59 +0200] "GET / HTTP/1.1" 404 - "-" "bitdiscovery-suggestions"
66.249.70.34 - - [01/Apr/2025:06:16:23 +0200] "GET /robots.txt HTTP/1.1" 404 - "-" "Mozilla/5.0 (compatible; Googlebot/2.1; +http://www.google.com/bot.html)"
66.249.70.32 - - [01/Apr/2025:06:16:23 +0200] "GET /fogyved/e-szamok/e-tab1.html HTTP/1.1" 404 - "-" "Mozilla/5.0 (Linux; Android 6.0.1; Nexus 5X Build/MMB29P) AppleWebKit/537.36 (KHTML, like Gecko) Chrome/134.0.6998.165 Mobile Safari/537.36 (compatible; Googlebot/2.1; +http://www.google.com/bot.html)"
3.149.239.87 - - [01/Apr/2025:06:17:37 +0200] "GET /robots.txt HTTP/1.1" 404 - "-" "Mozilla/5.0 AppleWebKit/537.36 (KHTML, like Gecko; compatible; ClaudeBot/1.0; +claudebot@anthropic.com)"
3.149.239.87 - - [01/Apr/2025:06:17:37 +0200] "GET /fjoo/railways.htm HTTP/1.1" 404 - "-" "Mozilla/5.0 AppleWebKit/537.36 (KHTML, like Gecko; compatible; ClaudeBot/1.0; +claudebot@anthropic.com)"
66.249.70.32 - - [01/Apr/2025:06:20:21 +0200] "GET /vedegylet/doc/budapest.pdf HTTP/1.1" 404 - "-" "Mozilla/5.0 (Linux; Android 6.0.1; Nexus 5X Build/MMB29P) AppleWebKit/537.36 (KHTML, like Gecko) Chrome/134.0.6998.165 Mobile Safari/537.36 (compatible; Googlebot/2.1; +http://www.google.com/bot.html)"
66.249.70.33 - - [01/Apr/2025:06:20:48 +0200] "GET /fogyved/e-szamok/index.html HTTP/1.1" 404 - "-" "Mozilla/5.0 (Linux; Android 6.0.1; Nexus 5X Build/MMB29P) AppleWebKit/537.36 (KHTML, like Gecko) Chrome/134.0.6998.165 Mobile Safari/537.36 (compatible; Googlebot/2.1; +http://www.google.com/bot.html)"
43.153.7.191 - - [01/Apr/2025:06:25:13 +0200] "GET /cikk.shtml?x=30510 HTTP/1.1" 404 - "-" "Mozilla/5.0 (iPhone; CPU iPhone OS 13_2_3 like Mac OS X) AppleWebKit/605.1.15 (KHTML, like Gecko) Version/13.0.3 Mobile/15E148 Safari/604.1"
66.249.70.32 - - [01/Apr/2025:06:33:22 +0200] "GET /fjoo/temp/02_06_04/MIVB_2029_Louise.jpg HTTP/1.1" 404 - "-" "Googlebot-Image/1.0"
5.255.231.103 - - [01/Apr/2025:06:42:58 +0200] "GET /robots.txt HTTP/1.1" 404 - "-" "Mozilla/5.0 (compatible; YandexBot/3.0; +http://yandex.com/bots)"
95.108.213.147 - - [01/Apr/2025:06:42:58 +0200] "GET / HTTP/1.1" 404 - "-" "Mozilla/5.0 (compatible; YandexBot/3.0; +http://yandex.com/bots)"
213.180.203.208 - - [01/Apr/2025:06:47:59 +0200] "GET /robots.txt HTTP/1.1" 404 - "-" "Mozilla/5.0 (compatible; YandexBot/3.0; +http://yandex.com/bots)"
5.255.231.80 - - [01/Apr/2025:06:48:00 +0200] "GET /meteor/tturak.htm HTTP/1.1" 404 - "-" "Mozilla/5.0 (compatible; YandexBot/3.0; +http://yandex.com/bots)"
66.249.70.34 - - [01/Apr/2025:07:03:18 +0200] "GET /~mmesopron/ HTTP/1.1" 404 - "-" "Mozilla/5.0 (Linux; Android 6.0.1; Nexus 5X Build/MMB29P) AppleWebKit/537.36 (KHTML, like Gecko) Chrome/134.0.6998.165 Mobile Safari/537.36 (compatible; Googlebot/2.1; +http://www.google.com/bot.html)"
66.249.70.33 - - [01/Apr/2025:07:06:46 +0200] "GET /fjoo/temp/GYSEV/detail.jpg HTTP/1.1" 404 - "-" "Googlebot-Image/1.0"
45.89.67.190 - - [01/Apr/2025:07:26:54 +0200] "HEAD / HTTP/1.1" 404 - "https://zakonobosago.ru/glava-6.html" "Mozilla/7.0 (compatible; MSIE6.00; Windows 2009)"
46.243.7.6 - - [01/Apr/2025:07:29:41 +0200] "HEAD / HTTP/1.1" 404 - "http://www.vnii-certification.ru/content/sertifikaciya-mebeli/" "Mozilla/4.0 (compatible; MSIE3.00; Windows 2002)"
66.249.70.38 - - [01/Apr/2025:07:31:30 +0200] "GET /robots.txt HTTP/1.1" 404 - "-" "Mozilla/5.0 (compatible; Googlebot/2.1; +http://www.google.com/bot.html)"
66.249.70.39 - - [01/Apr/2025:07:31:30 +0200] "GET /ads.txt HTTP/1.1" 404 - "-" "Mozilla/5.0 (compatible; Googlebot/2.1; +http://www.google.com/bot.html)"
20.171.207.160 - - [01/Apr/2025:07:39:56 +0200] "GET / HTTP/1.1" 404 - "-" "Mozilla/5.0 AppleWebKit/537.36 (KHTML, like Gecko; compatible; GPTBot/1.2; +https://openai.com/gptbot)"
194.67.210.77 - - [01/Apr/2025:07:40:23 +0200] "HEAD / HTTP/1.1" 404 - "https://snipit.ru/" "Mozilla/8.0 (compatible; MSIE4.00; Windows 2006)"
193.124.191.92 - - [01/Apr/2025:07:46:19 +0200] "HEAD / HTTP/1.1" 404 - "https://polyd-system.ru/" "Mozilla/3.0 (compatible; MSIE2.00; Windows 2005)"
194.67.207.9 - - [01/Apr/2025:07:47:29 +0200] "HEAD / HTTP/1.1" 404 - "https://www.dosings.ru/stantsii_prigotovleniya_dozirovaniya_koagulyanta.html" "Mozilla/2.0 (compatible; MSIE2.00; Windows 2003)"
185.125.219.13 - - [01/Apr/2025:07:49:29 +0200] "HEAD / HTTP/1.1" 404 - "https://dafy.site/" "Mozilla/5.0 (compatible; MSIE2.00; Windows 2003)"
194.67.207.94 - - [01/Apr/2025:07:49:58 +0200] "HEAD / HTTP/1.1" 404 - "https://iphone2025.ru/" "Mozilla/2.0 (compatible; MSIE4.00; Windows 2003)"
185.5.249.185 - - [01/Apr/2025:07:50:02 +0200] "HEAD / HTTP/1.1" 404 - "https://iphone2025.tilda.ws/" "Mozilla/8.0 (compatible; MSIE6.00; Windows 2009)"
213.180.203.254 - - [01/Apr/2025:07:56:23 +0200] "GET /robots.txt HTTP/1.1" 404 - "-" "Mozilla/5.0 (compatible; YandexBot/3.0; +http://yandex.com/bots)"
87.250.224.40 - - [01/Apr/2025:07:56:24 +0200] "GET /dravapeticio HTTP/1.1" 404 - "-" "Mozilla/5.0 (compatible; YandexBot/3.0; +http://yandex.com/bots)"
194.38.23.16 - - [01/Apr/2025:08:10:01 +0200] "GET /plugins/html5-file-upload/html5fileupload.php HTTP/1.1" 404 - "-" "ALittle Client"
66.249.70.34 - - [01/Apr/2025:08:21:31 +0200] "GET /fjoo/MAV_T679.jpg HTTP/1.1" 404 - "-" "Googlebot-Image/1.0"
66.249.70.34 - - [01/Apr/2025:08:21:34 +0200] "GET /~fjoo/kemence1.htm HTTP/1.1" 404 - "-" "Mozilla/5.0 (Linux; Android 6.0.1; Nexus 5X Build/MMB29P) AppleWebKit/537.36 (KHTML, like Gecko) Chrome/134.0.6998.165 Mobile Safari/537.36 (compatible; Googlebot/2.1; +http://www.google.com/bot.html)"
217.113.194.233 - - [01/Apr/2025:08:28:26 +0200] "GET /robots.txt HTTP/1.1" 404 - "-" "Mozilla/5.0 (compatible; Barkrowler/0.9; +https://babbar.tech/crawler)"
217.113.194.241 - - [01/Apr/2025:08:28:52 +0200] "GET /ot2001 HTTP/1.1" 404 - "-" "Mozilla/5.0 (compatible; Barkrowler/0.9; +https://babbar.tech/crawler)"
217.113.194.238 - - [01/Apr/2025:08:29:07 +0200] "GET /%7Egaja HTTP/1.1" 404 - "-" "Mozilla/5.0 (compatible; Barkrowler/0.9; +https://babbar.tech/crawler)"
217.113.194.232 - - [01/Apr/2025:08:29:23 +0200] "GET /forumday/history.htm HTTP/1.1" 404 - "-" "Mozilla/5.0 (compatible; Barkrowler/0.9; +https://babbar.tech/crawler)"
217.113.194.236 - - [01/Apr/2025:08:29:38 +0200] "GET /nezopont/ HTTP/1.1" 404 - "-" "Mozilla/5.0 (compatible; Barkrowler/0.9; +https://babbar.tech/crawler)"
217.113.194.240 - - [01/Apr/2025:08:29:53 +0200] "GET /~vvsz HTTP/1.1" 404 - "-" "Mozilla/5.0 (compatible; Barkrowler/0.9; +https://babbar.tech/crawler)"
217.113.194.235 - - [01/Apr/2025:08:30:08 +0200] "GET /fjoo/tcfc2_1.htm HTTP/1.1" 404 - "-" "Mozilla/5.0 (compatible; Barkrowler/0.9; +https://babbar.tech/crawler)"
131.153.240.162 - - [01/Apr/2025:08:30:15 +0200] "GET / HTTP/1.1" 404 - "-" "Mozilla/5.0 (Windows NT 10.0; Win64; x64) AppleWebKit/537.36 (KHTML, like Gecko) Chrome/91.0.4472.124 Safari/537.36"
217.113.194.235 - - [01/Apr/2025:08:30:23 +0200] "GET /mtvsz/envpol.htm HTTP/1.1" 404 - "-" "Mozilla/5.0 (compatible; Barkrowler/0.9; +https://babbar.tech/crawler)"
217.113.194.238 - - [01/Apr/2025:08:30:38 +0200] "GET /biztkomm/401.shtml HTTP/1.1" 404 - "-" "Mozilla/5.0 (compatible; Barkrowler/0.9; +https://babbar.tech/crawler)"
217.113.194.234 - - [01/Apr/2025:08:30:53 +0200] "GET /~fjoo/nagybor.htm HTTP/1.1" 404 - "-" "Mozilla/5.0 (compatible; Barkrowler/0.9; +https://babbar.tech/crawler)"
217.113.194.236 - - [01/Apr/2025:08:31:08 +0200] "GET /fogyved/e-szamok/ HTTP/1.1" 404 - "-" "Mozilla/5.0 (compatible; Barkrowler/0.9; +https://babbar.tech/crawler)"
217.113.194.238 - - [01/Apr/2025:08:31:23 +0200] "GET /~vvsz/vadviz/ HTTP/1.1" 404 - "-" "Mozilla/5.0 (compatible; Barkrowler/0.9; +https://babbar.tech/crawler)"
217.113.194.236 - - [01/Apr/2025:08:31:38 +0200] "GET /zoldpc/articles.php?lng=hu&pg=299 HTTP/1.1" 404 - "-" "Mozilla/5.0 (compatible; Barkrowler/0.9; +https://babbar.tech/crawler)"
217.113.194.234 - - [01/Apr/2025:08:31:53 +0200] "GET /~illesf/villamos/0409/index.html HTTP/1.1" 404 - "-" "Mozilla/5.0 (compatible; Barkrowler/0.9; +https://babbar.tech/crawler)"
217.113.194.240 - - [01/Apr/2025:08:32:08 +0200] "GET /~vvsz/kiadvanyok/index.htm HTTP/1.1" 404 - "-" "Mozilla/5.0 (compatible; Barkrowler/0.9; +https://babbar.tech/crawler)"
217.113.194.239 - - [01/Apr/2025:08:32:23 +0200] "GET /cyanide/baiamare/News/bbc20052000.htm HTTP/1.1" 404 - "-" "Mozilla/5.0 (compatible; Barkrowler/0.9; +https://babbar.tech/crawler)"
217.113.194.233 - - [01/Apr/2025:08:32:38 +0200] "GET /fuggokert/vendegkonyv.php?page=124 HTTP/1.1" 404 - "-" "Mozilla/5.0 (compatible; Barkrowler/0.9; +https://babbar.tech/crawler)"
217.113.194.236 - - [01/Apr/2025:08:32:53 +0200] "GET /~illesf/villamos/viszonylat/5vill.html HTTP/1.1" 404 - "-" "Mozilla/5.0 (compatible; Barkrowler/0.9; +https://babbar.tech/crawler)"
217.113.194.236 - - [01/Apr/2025:08:33:09 +0200] "GET /cyanide/baiamare/docs/Romanian%20gold%20rush.htm HTTP/1.1" 404 - "-" "Mozilla/5.0 (compatible; Barkrowler/0.9; +https://babbar.tech/crawler)"
217.113.194.236 - - [01/Apr/2025:08:33:24 +0200] "GET /~illesf/villamos/szeged/terkep/terkep.html HTTP/1.1" 404 - "-" "Mozilla/5.0 (compatible; Barkrowler/0.9; +https://babbar.tech/crawler)"
217.113.194.235 - - [01/Apr/2025:08:33:39 +0200] "GET /?AA_SL_Session=eb801ef56f9409c18839ea50f927279e&x=24178 HTTP/1.1" 404 - "-" "Mozilla/5.0 (compatible; Barkrowler/0.9; +https://babbar.tech/crawler)"
57.141.0.13 - - [01/Apr/2025:08:34:45 +0200] "GET /img_upload/4993343bc2f5623bef83ec7984792f31/managed/civil_mozgalom_ketkereken2.jpg HTTP/1.1" 404 - "-" "meta-externalagent/1.1 (+https://developers.facebook.com/docs/sharing/webmasters/crawler)"
66.249.70.32 - - [01/Apr/2025:08:44:01 +0200] "GET /~fjoo/v43_1143a.jpg HTTP/1.1" 404 - "-" "Googlebot-Image/1.0"
212.192.217.197 - - [01/Apr/2025:08:52:57 +0200] "GET / HTTP/1.0" 404 - "http://zpok.hu/" "Mozilla/5.0 (Windows NT 6.1) AppleWebKit/537.36 (KHTML, like Gecko) Chrome/103.0.0.0 Safari/537.36"
212.192.217.197 - - [01/Apr/2025:08:52:57 +0200] "GET / HTTP/1.0" 404 - "http://zpok.hu/" "Mozilla/5.0 (Windows NT 6.1) AppleWebKit/537.36 (KHTML, like Gecko) Chrome/103.0.0.0 Safari/537.36"
4.227.36.98 - - [01/Apr/2025:09:00:33 +0200] "GET /robots.txt HTTP/1.1" 404 - "-" "Mozilla/5.0 AppleWebKit/537.36 (KHTML, like Gecko; compatible; GPTBot/1.2; +https://openai.com/gptbot)"
20.171.207.38 - - [01/Apr/2025:09:00:34 +0200] "GET /~illesf HTTP/1.1" 404 - "-" "Mozilla/5.0 AppleWebKit/537.36 (KHTML, like Gecko; compatible; GPTBot/1.2; +https://openai.com/gptbot)"
40.77.167.73 - - [01/Apr/2025:09:02:04 +0200] "GET /fogyved/ujabbgen/gmmkovet.html HTTP/1.1" 404 - "-" "Mozilla/5.0 AppleWebKit/537.36 (KHTML, like Gecko; compatible; bingbot/2.0; +http://www.bing.com/bingbot.htm) Chrome/116.0.1938.76 Safari/537.36"
47.128.28.241 - - [01/Apr/2025:09:16:17 +0200] "GET /zoldpc HTTP/1.1" 404 - "-" "Mozilla/5.0 (Linux; Android 5.0) AppleWebKit/537.36 (KHTML, like Gecko) Mobile Safari/537.36 (compatible; Bytespider; spider-feedback@bytedance.com)"
65.108.6.34 - - [01/Apr/2025:09:17:37 +0200] "GET /fjoo/railways.htm HTTP/1.1" 404 - "-" "Mozilla/5.0 (compatible; SEOkicks; +https://www.seokicks.de/robot.html)"
47.128.99.118 - - [01/Apr/2025:09:20:17 +0200] "GET /kontakt/ HTTP/1.1" 404 - "-" "Mozilla/5.0 (Linux; Android 5.0) AppleWebKit/537.36 (KHTML, like Gecko) Mobile Safari/537.36 (compatible; Bytespider; spider-feedback@bytedance.com)"
66.249.70.33 - - [01/Apr/2025:09:21:47 +0200] "GET /fjoo/temp/02_10_13/suhano_Ro-La.jpg HTTP/1.1" 404 - "-" "Googlebot-Image/1.0"
20.171.207.160 - - [01/Apr/2025:09:25:36 +0200] "GET /cikk.shtml?x=45794 HTTP/1.1" 404 - "-" "Mozilla/5.0 AppleWebKit/537.36 (KHTML, like Gecko; compatible; GPTBot/1.2; +https://openai.com/gptbot)"
47.128.57.159 - - [01/Apr/2025:09:28:17 +0200] "GET /cikk.shtml?x=30510 HTTP/1.1" 404 - "-" "Mozilla/5.0 (Linux; Android 5.0) AppleWebKit/537.36 (KHTML, like Gecko) Mobile Safari/537.36 (compatible; Bytespider; spider-feedback@bytedance.com)"
47.128.119.220 - - [01/Apr/2025:09:32:17 +0200] "GET /mailman/listinfo/hallgatoi_halo HTTP/1.1" 404 - "-" "Mozilla/5.0 (Linux; Android 5.0) AppleWebKit/537.36 (KHTML, like Gecko) Mobile Safari/537.36 (compatible; Bytespider; spider-feedback@bytedance.com)"
20.171.207.38 - - [01/Apr/2025:09:35:42 +0200] "GET / HTTP/1.1" 404 - "-" "Mozilla/5.0 AppleWebKit/537.36 (KHTML, like Gecko; compatible; GPTBot/1.2; +https://openai.com/gptbot)"
47.128.117.195 - - [01/Apr/2025:09:36:17 +0200] "GET /genmanipulacio/ HTTP/1.1" 404 - "-" "Mozilla/5.0 (Linux; Android 5.0) AppleWebKit/537.36 (KHTML, like Gecko) Mobile Safari/537.36 (compatible; Bytespider; spider-feedback@bytedance.com)"
20.171.207.38 - - [01/Apr/2025:09:37:16 +0200] "GET /ot2001/ HTTP/1.1" 404 - "-" "Mozilla/5.0 AppleWebKit/537.36 (KHTML, like Gecko; compatible; GPTBot/1.2; +https://openai.com/gptbot)"
47.128.126.36 - - [01/Apr/2025:09:40:17 +0200] "GET /zoldpc/index.html HTTP/1.1" 404 - "-" "Mozilla/5.0 (Linux; Android 5.0) AppleWebKit/537.36 (KHTML, like Gecko) Mobile Safari/537.36 (compatible; Bytespider; spider-feedback@bytedance.com)"
47.128.115.225 - - [01/Apr/2025:09:44:17 +0200] "GET /zoldpc/ HTTP/1.1" 404 - "-" "Mozilla/5.0 (Linux; Android 5.0) AppleWebKit/537.36 (KHTML, like Gecko) Mobile Safari/537.36 (compatible; Bytespider; spider-feedback@bytedance.com)"
47.128.113.48 - - [01/Apr/2025:09:48:17 +0200] "GET /cikk.shtml?x=45781 HTTP/1.1" 404 - "-" "Mozilla/5.0 (Linux; Android 5.0) AppleWebKit/537.36 (KHTML, like Gecko) Mobile Safari/537.36 (compatible; Bytespider; spider-feedback@bytedance.com)"
47.128.115.5 - - [01/Apr/2025:09:52:17 +0200] "GET /cikk.shtml?x=45794 HTTP/1.1" 404 - "-" "Mozilla/5.0 (Linux; Android 5.0) AppleWebKit/537.36 (KHTML, like Gecko) Mobile Safari/537.36 (compatible; Bytespider; spider-feedback@bytedance.com)"
47.128.34.44 - - [01/Apr/2025:09:56:17 +0200] "GET /pipermail/turalista/ HTTP/1.1" 404 - "-" "Mozilla/5.0 (Linux; Android 5.0) AppleWebKit/537.36 (KHTML, like Gecko) Mobile Safari/537.36 (compatible; Bytespider; spider-feedback@bytedance.com)"
103.147.184.177 - - [01/Apr/2025:09:57:24 +0200] "GET / HTTP/1.1" 302 288 "-" "Mozilla/5.0 (Windows NT 10.0; WOW64; rv:47.0) Gecko/20100101 Firefox/47.0"
20.171.207.38 - - [01/Apr/2025:10:01:52 +0200] "GET /gaja/index.html HTTP/1.1" 404 - "-" "Mozilla/5.0 AppleWebKit/537.36 (KHTML, like Gecko; compatible; GPTBot/1.2; +https://openai.com/gptbot)"
20.171.207.38 - - [01/Apr/2025:10:01:56 +0200] "GET /gaja HTTP/1.1" 404 - "-" "Mozilla/5.0 AppleWebKit/537.36 (KHTML, like Gecko; compatible; GPTBot/1.2; +https://openai.com/gptbot)"
20.171.207.38 - - [01/Apr/2025:10:02:19 +0200] "GET /gaja/index.html HTTP/1.1" 404 - "-" "Mozilla/5.0 AppleWebKit/537.36 (KHTML, like Gecko; compatible; GPTBot/1.2; +https://openai.com/gptbot)"
20.171.207.38 - - [01/Apr/2025:10:02:22 +0200] "GET /gaja HTTP/1.1" 404 - "-" "Mozilla/5.0 AppleWebKit/537.36 (KHTML, like Gecko; compatible; GPTBot/1.2; +https://openai.com/gptbot)"
47.128.127.51 - - [01/Apr/2025:10:04:19 +0200] "GET /robots.txt HTTP/1.1" 404 - "-" "Mozilla/5.0 (Linux; Android 5.0) AppleWebKit/537.36 (KHTML, like Gecko) Mobile Safari/537.36 (compatible; Bytespider; spider-feedback@bytedance.com)"
66.249.70.32 - - [01/Apr/2025:10:06:47 +0200] "GET /fjoo/PCD00920a.jpg HTTP/1.1" 404 - "-" "Googlebot-Image/1.0"
198.235.24.98 - - [01/Apr/2025:10:08:23 +0200] "GET / HTTP/1.1" 404 - "-" "Expanse, a Palo Alto Networks company, searches across the global IPv4 space multiple times per day to identify customers' presences on the Internet. If you would like to be excluded from our scans, please send IP addresses/domains to: scaninfo@paloaltonetworks.com"
20.171.207.38 - - [01/Apr/2025:10:13:16 +0200] "GET /~jfeiler/baiamare/index.htm HTTP/1.1" 404 - "-" "Mozilla/5.0 AppleWebKit/537.36 (KHTML, like Gecko; compatible; GPTBot/1.2; +https://openai.com/gptbot)"
20.171.207.38 - - [01/Apr/2025:10:15:22 +0200] "GET /gaja HTTP/1.1" 404 - "-" "Mozilla/5.0 AppleWebKit/537.36 (KHTML, like Gecko; compatible; GPTBot/1.2; +https://openai.com/gptbot)"
20.171.207.38 - - [01/Apr/2025:10:16:01 +0200] "GET /gaja HTTP/1.1" 404 - "-" "Mozilla/5.0 AppleWebKit/537.36 (KHTML, like Gecko; compatible; GPTBot/1.2; +https://openai.com/gptbot)"
20.171.207.38 - - [01/Apr/2025:10:18:52 +0200] "GET / HTTP/1.1" 404 - "-" "Mozilla/5.0 AppleWebKit/537.36 (KHTML, like Gecko; compatible; GPTBot/1.2; +https://openai.com/gptbot)"
47.128.62.188 - - [01/Apr/2025:10:20:17 +0200] "GET /robots.txt HTTP/1.1" 404 - "-" "Mozilla/5.0 (Linux; Android 5.0) AppleWebKit/537.36 (KHTML, like Gecko) Mobile Safari/537.36 (compatible; Bytespider; spider-feedback@bytedance.com)"
66.249.70.34 - - [01/Apr/2025:10:21:19 +0200] "GET /img_upload/cb39111eba7a31c9c0e48686fa8e3c87/P_000764.pdf HTTP/1.1" 404 - "-" "Googlebot/2.1 (+http://www.google.com/bot.html)"
66.249.70.34 - - [01/Apr/2025:10:23:09 +0200] "GET /~fjoo/temp/TM.jpg HTTP/1.1" 404 - "-" "Googlebot-Image/1.0"
47.128.30.230 - - [01/Apr/2025:10:32:20 +0200] "GET /robots.txt HTTP/1.1" 404 - "-" "Mozilla/5.0 (Linux; Android 5.0) AppleWebKit/537.36 (KHTML, like Gecko) Mobile Safari/537.36 (compatible; Bytespider; spider-feedback@bytedance.com)"
66.249.70.33 - - [01/Apr/2025:10:39:30 +0200] "GET /fjoo/temp/02_05_26/664_105_Nova-G.jpg HTTP/1.1" 404 - "-" "Googlebot-Image/1.0"
43.130.139.136 - - [01/Apr/2025:10:39:50 +0200] "GET / HTTP/1.1" 404 - "-" "Mozilla/5.0 (iPhone; CPU iPhone OS 13_2_3 like Mac OS X) AppleWebKit/605.1.15 (KHTML, like Gecko) Version/13.0.3 Mobile/15E148 Safari/604.1"
47.128.59.19 - - [01/Apr/2025:10:40:18 +0200] "GET /robots.txt HTTP/1.1" 404 - "-" "Mozilla/5.0 (Linux; Android 5.0) AppleWebKit/537.36 (KHTML, like Gecko) Mobile Safari/537.36 (compatible; Bytespider; spider-feedback@bytedance.com)"
204.118.31.6 - - [01/Apr/2025:10:45:07 +0200] "HEAD / HTTP/1.1" 404 - "-" "python-requests/2.31.0"
66.249.70.34 - - [01/Apr/2025:10:55:52 +0200] "GET /fjoo/temp/HA-LMC.jpg HTTP/1.1" 404 - "-" "Googlebot-Image/1.0"
20.171.207.38 - - [01/Apr/2025:11:05:43 +0200] "GET /help/ch01s02.shtml HTTP/1.1" 404 - "-" "Mozilla/5.0 AppleWebKit/537.36 (KHTML, like Gecko; compatible; GPTBot/1.2; +https://openai.com/gptbot)"
66.249.70.32 - - [01/Apr/2025:11:12:14 +0200] "GET /fjoo/temp/ie-net.jpg HTTP/1.1" 404 - "-" "Googlebot-Image/1.0"
66.249.70.32 - - [01/Apr/2025:11:28:36 +0200] "GET /fjoo/temp/02_10_13/kozv_kocsi.jpg HTTP/1.1" 404 - "-" "Googlebot-Image/1.0"
66.249.70.34 - - [01/Apr/2025:11:31:45 +0200] "GET /img_upload/4993343bc2f5623bef83ec7984792f31/managed/civil_mozgalom_ketkereken2.jpg HTTP/1.1" 404 - "-" "Googlebot-Image/1.0"
66.249.70.33 - - [01/Apr/2025:11:44:58 +0200] "GET /~fjoo/zartarcsa.jpg HTTP/1.1" 404 - "-" "Googlebot-Image/1.0"
44.242.155.73 - - [01/Apr/2025:11:56:13 +0200] "GET / HTTP/1.1" 404 - "-" "Mozilla/4.0 (compatible; MSIE 6.0; Windows NT 5.1; FSL 7.0.6.01001)"
66.249.70.34 - - [01/Apr/2025:12:01:20 +0200] "GET /fjoo/temp/02_06_04/Lustin_08.jpg HTTP/1.1" 404 - "-" "Googlebot-Image/1.0"
43.130.78.203 - - [01/Apr/2025:12:11:56 +0200] "GET / HTTP/1.1" 404 - "-" "Mozilla/5.0 (iPhone; CPU iPhone OS 13_2_3 like Mac OS X) AppleWebKit/605.1.15 (KHTML, like Gecko) Version/13.0.3 Mobile/15E148 Safari/604.1"
20.171.207.38 - - [01/Apr/2025:12:19:21 +0200] "GET /biztkomm/702.shtml HTTP/1.1" 404 - "-" "Mozilla/5.0 AppleWebKit/537.36 (KHTML, like Gecko; compatible; GPTBot/1.2; +https://openai.com/gptbot)"
66.249.70.34 - - [01/Apr/2025:12:29:42 +0200] "GET /fjoo/temp/pic13.jpg HTTP/1.1" 404 - "-" "Googlebot-Image/1.0"
66.249.70.33 - - [01/Apr/2025:12:38:51 +0200] "GET /fjoo/temp/02_05_26/E646_077_Trieste.jpg HTTP/1.1" 404 - "-" "Googlebot-Image/1.0"
66.249.70.34 - - [01/Apr/2025:12:39:34 +0200] "GET / HTTP/1.1" 404 - "-" "Mozilla/5.0 (Linux; Android 6.0.1; Nexus 5X Build/MMB29P) AppleWebKit/537.36 (KHTML, like Gecko) Chrome/134.0.6998.165 Mobile Safari/537.36 (compatible; Googlebot/2.1; +http://www.google.com/bot.html)"
20.171.207.38 - - [01/Apr/2025:12:40:30 +0200] "GET /biztkomm/503.shtml HTTP/1.1" 404 - "-" "Mozilla/5.0 AppleWebKit/537.36 (KHTML, like Gecko; compatible; GPTBot/1.2; +https://openai.com/gptbot)"
20.171.207.38 - - [01/Apr/2025:12:40:33 +0200] "GET /biztkomm/607.shtml HTTP/1.1" 404 - "-" "Mozilla/5.0 AppleWebKit/537.36 (KHTML, like Gecko; compatible; GPTBot/1.2; +https://openai.com/gptbot)"
20.171.207.38 - - [01/Apr/2025:12:40:36 +0200] "GET /biztkomm/603.shtml HTTP/1.1" 404 - "-" "Mozilla/5.0 AppleWebKit/537.36 (KHTML, like Gecko; compatible; GPTBot/1.2; +https://openai.com/gptbot)"
20.171.207.38 - - [01/Apr/2025:12:40:39 +0200] "GET /biztkomm/504.shtml HTTP/1.1" 404 - "-" "Mozilla/5.0 AppleWebKit/537.36 (KHTML, like Gecko; compatible; GPTBot/1.2; +https://openai.com/gptbot)"
20.171.207.38 - - [01/Apr/2025:12:40:43 +0200] "GET /biztkomm/401.shtml HTTP/1.1" 404 - "-" "Mozilla/5.0 AppleWebKit/537.36 (KHTML, like Gecko; compatible; GPTBot/1.2; +https://openai.com/gptbot)"
20.171.207.38 - - [01/Apr/2025:12:40:46 +0200] "GET /biztkomm/302.shtml HTTP/1.1" 404 - "-" "Mozilla/5.0 AppleWebKit/537.36 (KHTML, like Gecko; compatible; GPTBot/1.2; +https://openai.com/gptbot)"
20.171.207.38 - - [01/Apr/2025:12:40:49 +0200] "GET / HTTP/1.1" 404 - "-" "Mozilla/5.0 AppleWebKit/537.36 (KHTML, like Gecko; compatible; GPTBot/1.2; +https://openai.com/gptbot)"
20.171.207.38 - - [01/Apr/2025:12:40:52 +0200] "GET /biztkomm/501.shtml HTTP/1.1" 404 - "-" "Mozilla/5.0 AppleWebKit/537.36 (KHTML, like Gecko; compatible; GPTBot/1.2; +https://openai.com/gptbot)"
20.171.207.38 - - [01/Apr/2025:12:40:55 +0200] "GET /biztkomm/303.shtml HTTP/1.1" 404 - "-" "Mozilla/5.0 AppleWebKit/537.36 (KHTML, like Gecko; compatible; GPTBot/1.2; +https://openai.com/gptbot)"
20.171.207.38 - - [01/Apr/2025:12:40:58 +0200] "GET /biztkomm/305.shtml HTTP/1.1" 404 - "-" "Mozilla/5.0 AppleWebKit/537.36 (KHTML, like Gecko; compatible; GPTBot/1.2; +https://openai.com/gptbot)"
20.171.207.38 - - [01/Apr/2025:12:41:01 +0200] "GET /biztkomm/601.shtml HTTP/1.1" 404 - "-" "Mozilla/5.0 AppleWebKit/537.36 (KHTML, like Gecko; compatible; GPTBot/1.2; +https://openai.com/gptbot)"
20.171.207.38 - - [01/Apr/2025:12:41:04 +0200] "GET /biztkomm/301.shtml HTTP/1.1" 404 - "-" "Mozilla/5.0 AppleWebKit/537.36 (KHTML, like Gecko; compatible; GPTBot/1.2; +https://openai.com/gptbot)"
20.171.207.38 - - [01/Apr/2025:12:41:07 +0200] "GET /biztkomm/702.shtml HTTP/1.1" 404 - "-" "Mozilla/5.0 AppleWebKit/537.36 (KHTML, like Gecko; compatible; GPTBot/1.2; +https://openai.com/gptbot)"
20.171.207.38 - - [01/Apr/2025:12:41:10 +0200] "GET /biztkomm/404.shtml HTTP/1.1" 404 - "-" "Mozilla/5.0 AppleWebKit/537.36 (KHTML, like Gecko; compatible; GPTBot/1.2; +https://openai.com/gptbot)"
20.171.207.38 - - [01/Apr/2025:12:41:14 +0200] "GET /biztkomm/403.shtml HTTP/1.1" 404 - "-" "Mozilla/5.0 AppleWebKit/537.36 (KHTML, like Gecko; compatible; GPTBot/1.2; +https://openai.com/gptbot)"
20.171.207.38 - - [01/Apr/2025:12:41:17 +0200] "GET /biztkomm/406.shtml HTTP/1.1" 404 - "-" "Mozilla/5.0 AppleWebKit/537.36 (KHTML, like Gecko; compatible; GPTBot/1.2; +https://openai.com/gptbot)"
20.171.207.38 - - [01/Apr/2025:12:41:20 +0200] "GET /biztkomm/503.shtml HTTP/1.1" 404 - "-" "Mozilla/5.0 AppleWebKit/537.36 (KHTML, like Gecko; compatible; GPTBot/1.2; +https://openai.com/gptbot)"
20.171.207.38 - - [01/Apr/2025:12:41:23 +0200] "GET /biztkomm/402.shtml HTTP/1.1" 404 - "-" "Mozilla/5.0 AppleWebKit/537.36 (KHTML, like Gecko; compatible; GPTBot/1.2; +https://openai.com/gptbot)"
20.171.207.38 - - [01/Apr/2025:12:41:26 +0200] "GET /biztkomm/605.shtml HTTP/1.1" 404 - "-" "Mozilla/5.0 AppleWebKit/537.36 (KHTML, like Gecko; compatible; GPTBot/1.2; +https://openai.com/gptbot)"
20.171.207.38 - - [01/Apr/2025:12:41:29 +0200] "GET /biztkomm/505.shtml HTTP/1.1" 404 - "-" "Mozilla/5.0 AppleWebKit/537.36 (KHTML, like Gecko; compatible; GPTBot/1.2; +https://openai.com/gptbot)"
20.171.207.38 - - [01/Apr/2025:12:41:33 +0200] "GET /biztkomm/604.shtml HTTP/1.1" 404 - "-" "Mozilla/5.0 AppleWebKit/537.36 (KHTML, like Gecko; compatible; GPTBot/1.2; +https://openai.com/gptbot)"
20.171.207.38 - - [01/Apr/2025:12:41:36 +0200] "GET /biztkomm/405.shtml HTTP/1.1" 404 - "-" "Mozilla/5.0 AppleWebKit/537.36 (KHTML, like Gecko; compatible; GPTBot/1.2; +https://openai.com/gptbot)"
20.171.207.38 - - [01/Apr/2025:12:41:39 +0200] "GET /biztkomm/607.shtml HTTP/1.1" 404 - "-" "Mozilla/5.0 AppleWebKit/537.36 (KHTML, like Gecko; compatible; GPTBot/1.2; +https://openai.com/gptbot)"
20.171.207.38 - - [01/Apr/2025:12:41:42 +0200] "GET /biztkomm/304.shtml HTTP/1.1" 404 - "-" "Mozilla/5.0 AppleWebKit/537.36 (KHTML, like Gecko; compatible; GPTBot/1.2; +https://openai.com/gptbot)"
20.171.207.38 - - [01/Apr/2025:12:41:45 +0200] "GET /biztkomm/602.shtml HTTP/1.1" 404 - "-" "Mozilla/5.0 AppleWebKit/537.36 (KHTML, like Gecko; compatible; GPTBot/1.2; +https://openai.com/gptbot)"
20.171.207.38 - - [01/Apr/2025:12:41:48 +0200] "GET /biztkomm/502.shtml HTTP/1.1" 404 - "-" "Mozilla/5.0 AppleWebKit/537.36 (KHTML, like Gecko; compatible; GPTBot/1.2; +https://openai.com/gptbot)"
20.171.207.38 - - [01/Apr/2025:12:41:52 +0200] "GET /biztkomm/606.shtml HTTP/1.1" 404 - "-" "Mozilla/5.0 AppleWebKit/537.36 (KHTML, like Gecko; compatible; GPTBot/1.2; +https://openai.com/gptbot)"
43.157.202.235 - - [01/Apr/2025:12:45:58 +0200] "GET / HTTP/1.1" 404 - "-" "Mozilla/5.0 (iPhone; CPU iPhone OS 13_2_3 like Mac OS X) AppleWebKit/605.1.15 (KHTML, like Gecko) Version/13.0.3 Mobile/15E148 Safari/604.1"
20.171.207.38 - - [01/Apr/2025:12:46:46 +0200] "GET /biztkomm/702.shtml HTTP/1.1" 404 - "-" "Mozilla/5.0 AppleWebKit/537.36 (KHTML, like Gecko; compatible; GPTBot/1.2; +https://openai.com/gptbot)"
94.142.141.230 - - [01/Apr/2025:12:48:34 +0200] "HEAD / HTTP/1.1" 404 - "https://zvetki.ru/rccatalog.htm" "Mozilla/8.0 (compatible; MSIE3.00; Windows 2003)"
194.67.207.55 - - [01/Apr/2025:12:48:56 +0200] "HEAD / HTTP/1.1" 404 - "https://frsad.ru/gcatalog.htm" "Mozilla/8.0 (compatible; MSIE7.00; Windows 2003)"
66.249.70.34 - - [01/Apr/2025:12:49:26 +0200] "GET /fjoo/temp/02_06_04/Lustin_07.jpg HTTP/1.1" 404 - "-" "Googlebot-Image/1.0"
185.105.116.12 - - [01/Apr/2025:12:54:23 +0200] "HEAD / HTTP/1.1" 404 - "https://tomato-perez.ru/bcatalog.htm" "Mozilla/7.0 (compatible; MSIE7.00; Windows 2004)"
51.222.253.18 - - [01/Apr/2025:12:55:14 +0200] "GET /robots.txt HTTP/1.1" 404 - "-" "Mozilla/5.0 (compatible; AhrefsBot/7.0; +http://ahrefs.com/robot/)"
20.171.207.38 - - [01/Apr/2025:12:56:15 +0200] "GET /biztkomm/702.shtml HTTP/1.1" 404 - "-" "Mozilla/5.0 AppleWebKit/537.36 (KHTML, like Gecko; compatible; GPTBot/1.2; +https://openai.com/gptbot)"
20.171.207.38 - - [01/Apr/2025:12:59:24 +0200] "GET /vedegylet/doc/rights.pdf HTTP/1.1" 404 - "-" "Mozilla/5.0 AppleWebKit/537.36 (KHTML, like Gecko; compatible; GPTBot/1.2; +https://openai.com/gptbot)"
66.249.70.33 - - [01/Apr/2025:13:00:30 +0200] "GET /img_upload/4222cddc91abb70546a3c4e8b7f9e6b7/CNNy.pdf HTTP/1.1" 404 - "-" "Mozilla/5.0 (Linux; Android 6.0.1; Nexus 5X Build/MMB29P) AppleWebKit/537.36 (KHTML, like Gecko) Chrome/134.0.6998.165 Mobile Safari/537.36 (compatible; GoogleOther)"
20.171.207.38 - - [01/Apr/2025:13:00:53 +0200] "GET /biztkomm/702.shtml HTTP/1.1" 404 - "-" "Mozilla/5.0 AppleWebKit/537.36 (KHTML, like Gecko; compatible; GPTBot/1.2; +https://openai.com/gptbot)"
20.171.207.38 - - [01/Apr/2025:13:02:38 +0200] "GET /biztkomm/702.shtml HTTP/1.1" 404 - "-" "Mozilla/5.0 AppleWebKit/537.36 (KHTML, like Gecko; compatible; GPTBot/1.2; +https://openai.com/gptbot)"
20.171.207.38 - - [01/Apr/2025:13:03:47 +0200] "GET / HTTP/1.1" 404 - "-" "Mozilla/5.0 AppleWebKit/537.36 (KHTML, like Gecko; compatible; GPTBot/1.2; +https://openai.com/gptbot)"
20.171.207.38 - - [01/Apr/2025:13:03:50 +0200] "GET /biztkomm/603.shtml HTTP/1.1" 404 - "-" "Mozilla/5.0 AppleWebKit/537.36 (KHTML, like Gecko; compatible; GPTBot/1.2; +https://openai.com/gptbot)"
20.171.207.38 - - [01/Apr/2025:13:03:54 +0200] "GET /biztkomm/301.shtml HTTP/1.1" 404 - "-" "Mozilla/5.0 AppleWebKit/537.36 (KHTML, like Gecko; compatible; GPTBot/1.2; +https://openai.com/gptbot)"
20.171.207.38 - - [01/Apr/2025:13:03:57 +0200] "GET /biztkomm/503.shtml HTTP/1.1" 404 - "-" "Mozilla/5.0 AppleWebKit/537.36 (KHTML, like Gecko; compatible; GPTBot/1.2; +https://openai.com/gptbot)"
20.171.207.38 - - [01/Apr/2025:13:04:00 +0200] "GET /biztkomm/302.shtml HTTP/1.1" 404 - "-" "Mozilla/5.0 AppleWebKit/537.36 (KHTML, like Gecko; compatible; GPTBot/1.2; +https://openai.com/gptbot)"
20.171.207.38 - - [01/Apr/2025:13:04:03 +0200] "GET /biztkomm/403.shtml HTTP/1.1" 404 - "-" "Mozilla/5.0 AppleWebKit/537.36 (KHTML, like Gecko; compatible; GPTBot/1.2; +https://openai.com/gptbot)"
20.171.207.38 - - [01/Apr/2025:13:04:06 +0200] "GET /biztkomm/401.shtml HTTP/1.1" 404 - "-" "Mozilla/5.0 AppleWebKit/537.36 (KHTML, like Gecko; compatible; GPTBot/1.2; +https://openai.com/gptbot)"
20.171.207.38 - - [01/Apr/2025:13:04:09 +0200] "GET /biztkomm/604.shtml HTTP/1.1" 404 - "-" "Mozilla/5.0 AppleWebKit/537.36 (KHTML, like Gecko; compatible; GPTBot/1.2; +https://openai.com/gptbot)"
20.171.207.38 - - [01/Apr/2025:13:04:12 +0200] "GET /biztkomm/404.shtml HTTP/1.1" 404 - "-" "Mozilla/5.0 AppleWebKit/537.36 (KHTML, like Gecko; compatible; GPTBot/1.2; +https://openai.com/gptbot)"
20.171.207.38 - - [01/Apr/2025:13:04:15 +0200] "GET /biztkomm/505.shtml HTTP/1.1" 404 - "-" "Mozilla/5.0 AppleWebKit/537.36 (KHTML, like Gecko; compatible; GPTBot/1.2; +https://openai.com/gptbot)"
20.171.207.38 - - [01/Apr/2025:13:04:19 +0200] "GET /biztkomm/502.shtml HTTP/1.1" 404 - "-" "Mozilla/5.0 AppleWebKit/537.36 (KHTML, like Gecko; compatible; GPTBot/1.2; +https://openai.com/gptbot)"
20.171.207.38 - - [01/Apr/2025:13:04:22 +0200] "GET /biztkomm/606.shtml HTTP/1.1" 404 - "-" "Mozilla/5.0 AppleWebKit/537.36 (KHTML, like Gecko; compatible; GPTBot/1.2; +https://openai.com/gptbot)"
20.171.207.38 - - [01/Apr/2025:13:04:25 +0200] "GET /biztkomm/402.shtml HTTP/1.1" 404 - "-" "Mozilla/5.0 AppleWebKit/537.36 (KHTML, like Gecko; compatible; GPTBot/1.2; +https://openai.com/gptbot)"
20.171.207.38 - - [01/Apr/2025:13:04:28 +0200] "GET /biztkomm/602.shtml HTTP/1.1" 404 - "-" "Mozilla/5.0 AppleWebKit/537.36 (KHTML, like Gecko; compatible; GPTBot/1.2; +https://openai.com/gptbot)"
20.171.207.38 - - [01/Apr/2025:13:04:31 +0200] "GET /biztkomm/405.shtml HTTP/1.1" 404 - "-" "Mozilla/5.0 AppleWebKit/537.36 (KHTML, like Gecko; compatible; GPTBot/1.2; +https://openai.com/gptbot)"
20.171.207.38 - - [01/Apr/2025:13:04:34 +0200] "GET /biztkomm/605.shtml HTTP/1.1" 404 - "-" "Mozilla/5.0 AppleWebKit/537.36 (KHTML, like Gecko; compatible; GPTBot/1.2; +https://openai.com/gptbot)"
20.171.207.38 - - [01/Apr/2025:13:04:38 +0200] "GET /biztkomm/304.shtml HTTP/1.1" 404 - "-" "Mozilla/5.0 AppleWebKit/537.36 (KHTML, like Gecko; compatible; GPTBot/1.2; +https://openai.com/gptbot)"
20.171.207.38 - - [01/Apr/2025:13:04:41 +0200] "GET /biztkomm/303.shtml HTTP/1.1" 404 - "-" "Mozilla/5.0 AppleWebKit/537.36 (KHTML, like Gecko; compatible; GPTBot/1.2; +https://openai.com/gptbot)"
20.171.207.38 - - [01/Apr/2025:13:04:44 +0200] "GET /biztkomm/406.shtml HTTP/1.1" 404 - "-" "Mozilla/5.0 AppleWebKit/537.36 (KHTML, like Gecko; compatible; GPTBot/1.2; +https://openai.com/gptbot)"
20.171.207.38 - - [01/Apr/2025:13:04:47 +0200] "GET /biztkomm/607.shtml HTTP/1.1" 404 - "-" "Mozilla/5.0 AppleWebKit/537.36 (KHTML, like Gecko; compatible; GPTBot/1.2; +https://openai.com/gptbot)"
20.171.207.38 - - [01/Apr/2025:13:04:50 +0200] "GET /biztkomm/501.shtml HTTP/1.1" 404 - "-" "Mozilla/5.0 AppleWebKit/537.36 (KHTML, like Gecko; compatible; GPTBot/1.2; +https://openai.com/gptbot)"
20.171.207.38 - - [01/Apr/2025:13:04:53 +0200] "GET /biztkomm/601.shtml HTTP/1.1" 404 - "-" "Mozilla/5.0 AppleWebKit/537.36 (KHTML, like Gecko; compatible; GPTBot/1.2; +https://openai.com/gptbot)"
20.171.207.38 - - [01/Apr/2025:13:04:57 +0200] "GET /biztkomm/305.shtml HTTP/1.1" 404 - "-" "Mozilla/5.0 AppleWebKit/537.36 (KHTML, like Gecko; compatible; GPTBot/1.2; +https://openai.com/gptbot)"
20.171.207.38 - - [01/Apr/2025:13:05:00 +0200] "GET /biztkomm/504.shtml HTTP/1.1" 404 - "-" "Mozilla/5.0 AppleWebKit/537.36 (KHTML, like Gecko; compatible; GPTBot/1.2; +https://openai.com/gptbot)"
20.171.207.38 - - [01/Apr/2025:13:05:03 +0200] "GET /biztkomm/images/402.jpg HTTP/1.1" 404 - "-" "Mozilla/5.0 AppleWebKit/537.36 (KHTML, like Gecko; compatible; GPTBot/1.2; +https://openai.com/gptbot)"
20.171.207.38 - - [01/Apr/2025:13:05:06 +0200] "GET /help/ch01s02.shtml HTTP/1.1" 404 - "-" "Mozilla/5.0 AppleWebKit/537.36 (KHTML, like Gecko; compatible; GPTBot/1.2; +https://openai.com/gptbot)"
20.171.207.38 - - [01/Apr/2025:13:05:21 +0200] "GET /biztkomm/107.shtml HTTP/1.1" 404 - "-" "Mozilla/5.0 AppleWebKit/537.36 (KHTML, like Gecko; compatible; GPTBot/1.2; +https://openai.com/gptbot)"
20.171.207.38 - - [01/Apr/2025:13:05:24 +0200] "GET /biztkomm/102.shtml HTTP/1.1" 404 - "-" "Mozilla/5.0 AppleWebKit/537.36 (KHTML, like Gecko; compatible; GPTBot/1.2; +https://openai.com/gptbot)"
20.171.207.38 - - [01/Apr/2025:13:05:27 +0200] "GET /biztkomm/206.shtml HTTP/1.1" 404 - "-" "Mozilla/5.0 AppleWebKit/537.36 (KHTML, like Gecko; compatible; GPTBot/1.2; +https://openai.com/gptbot)"
20.171.207.38 - - [01/Apr/2025:13:05:30 +0200] "GET /biztkomm/209.shtml HTTP/1.1" 404 - "-" "Mozilla/5.0 AppleWebKit/537.36 (KHTML, like Gecko; compatible; GPTBot/1.2; +https://openai.com/gptbot)"
20.171.207.38 - - [01/Apr/2025:13:05:33 +0200] "GET /biztkomm/208.shtml HTTP/1.1" 404 - "-" "Mozilla/5.0 AppleWebKit/537.36 (KHTML, like Gecko; compatible; GPTBot/1.2; +https://openai.com/gptbot)"
20.171.207.38 - - [01/Apr/2025:13:05:36 +0200] "GET /biztkomm/104.shtml HTTP/1.1" 404 - "-" "Mozilla/5.0 AppleWebKit/537.36 (KHTML, like Gecko; compatible; GPTBot/1.2; +https://openai.com/gptbot)"
20.171.207.38 - - [01/Apr/2025:13:05:40 +0200] "GET /biztkomm/108.shtml HTTP/1.1" 404 - "-" "Mozilla/5.0 AppleWebKit/537.36 (KHTML, like Gecko; compatible; GPTBot/1.2; +https://openai.com/gptbot)"
20.171.207.38 - - [01/Apr/2025:13:05:43 +0200] "GET /biztkomm/201.shtml HTTP/1.1" 404 - "-" "Mozilla/5.0 AppleWebKit/537.36 (KHTML, like Gecko; compatible; GPTBot/1.2; +https://openai.com/gptbot)"
20.171.207.38 - - [01/Apr/2025:13:05:46 +0200] "GET /biztkomm/202.shtml HTTP/1.1" 404 - "-" "Mozilla/5.0 AppleWebKit/537.36 (KHTML, like Gecko; compatible; GPTBot/1.2; +https://openai.com/gptbot)"
20.171.207.38 - - [01/Apr/2025:13:05:49 +0200] "GET /biztkomm/101.shtml HTTP/1.1" 404 - "-" "Mozilla/5.0 AppleWebKit/537.36 (KHTML, like Gecko; compatible; GPTBot/1.2; +https://openai.com/gptbot)"
20.171.207.38 - - [01/Apr/2025:13:05:52 +0200] "GET /biztkomm/103.shtml HTTP/1.1" 404 - "-" "Mozilla/5.0 AppleWebKit/537.36 (KHTML, like Gecko; compatible; GPTBot/1.2; +https://openai.com/gptbot)"
20.171.207.38 - - [01/Apr/2025:13:05:55 +0200] "GET /biztkomm/110.shtml HTTP/1.1" 404 - "-" "Mozilla/5.0 AppleWebKit/537.36 (KHTML, like Gecko; compatible; GPTBot/1.2; +https://openai.com/gptbot)"
20.171.207.38 - - [01/Apr/2025:13:05:59 +0200] "GET /biztkomm/206.shtml HTTP/1.1" 404 - "-" "Mozilla/5.0 AppleWebKit/537.36 (KHTML, like Gecko; compatible; GPTBot/1.2; +https://openai.com/gptbot)"
20.171.207.38 - - [01/Apr/2025:13:06:02 +0200] "GET /biztkomm/203.shtml HTTP/1.1" 404 - "-" "Mozilla/5.0 AppleWebKit/537.36 (KHTML, like Gecko; compatible; GPTBot/1.2; +https://openai.com/gptbot)"
20.171.207.38 - - [01/Apr/2025:13:06:05 +0200] "GET /biztkomm/204.shtml HTTP/1.1" 404 - "-" "Mozilla/5.0 AppleWebKit/537.36 (KHTML, like Gecko; compatible; GPTBot/1.2; +https://openai.com/gptbot)"
20.171.207.38 - - [01/Apr/2025:13:06:08 +0200] "GET /biztkomm/205.shtml HTTP/1.1" 404 - "-" "Mozilla/5.0 AppleWebKit/537.36 (KHTML, like Gecko; compatible; GPTBot/1.2; +https://openai.com/gptbot)"
20.171.207.38 - - [01/Apr/2025:13:06:11 +0200] "GET /biztkomm/106.shtml HTTP/1.1" 404 - "-" "Mozilla/5.0 AppleWebKit/537.36 (KHTML, like Gecko; compatible; GPTBot/1.2; +https://openai.com/gptbot)"
20.171.207.38 - - [01/Apr/2025:13:06:14 +0200] "GET /biztkomm/105.shtml HTTP/1.1" 404 - "-" "Mozilla/5.0 AppleWebKit/537.36 (KHTML, like Gecko; compatible; GPTBot/1.2; +https://openai.com/gptbot)"
20.171.207.38 - - [01/Apr/2025:13:06:17 +0200] "GET /biztkomm/109.shtml HTTP/1.1" 404 - "-" "Mozilla/5.0 AppleWebKit/537.36 (KHTML, like Gecko; compatible; GPTBot/1.2; +https://openai.com/gptbot)"
20.171.207.38 - - [01/Apr/2025:13:06:21 +0200] "GET / HTTP/1.1" 404 - "-" "Mozilla/5.0 AppleWebKit/537.36 (KHTML, like Gecko; compatible; GPTBot/1.2; +https://openai.com/gptbot)"
20.171.207.38 - - [01/Apr/2025:13:06:24 +0200] "GET /biztkomm/606.shtml HTTP/1.1" 404 - "-" "Mozilla/5.0 AppleWebKit/537.36 (KHTML, like Gecko; compatible; GPTBot/1.2; +https://openai.com/gptbot)"
20.171.207.38 - - [01/Apr/2025:13:06:27 +0200] "GET /biztkomm/603.shtml HTTP/1.1" 404 - "-" "Mozilla/5.0 AppleWebKit/537.36 (KHTML, like Gecko; compatible; GPTBot/1.2; +https://openai.com/gptbot)"
20.171.207.38 - - [01/Apr/2025:13:06:30 +0200] "GET /biztkomm/602.shtml HTTP/1.1" 404 - "-" "Mozilla/5.0 AppleWebKit/537.36 (KHTML, like Gecko; compatible; GPTBot/1.2; +https://openai.com/gptbot)"
20.171.207.38 - - [01/Apr/2025:13:06:33 +0200] "GET /biztkomm/607.shtml HTTP/1.1" 404 - "-" "Mozilla/5.0 AppleWebKit/537.36 (KHTML, like Gecko; compatible; GPTBot/1.2; +https://openai.com/gptbot)"
20.171.207.38 - - [01/Apr/2025:13:06:36 +0200] "GET /biztkomm/604.shtml HTTP/1.1" 404 - "-" "Mozilla/5.0 AppleWebKit/537.36 (KHTML, like Gecko; compatible; GPTBot/1.2; +https://openai.com/gptbot)"
20.171.207.38 - - [01/Apr/2025:13:06:39 +0200] "GET /biztkomm/605.shtml HTTP/1.1" 404 - "-" "Mozilla/5.0 AppleWebKit/537.36 (KHTML, like Gecko; compatible; GPTBot/1.2; +https://openai.com/gptbot)"
20.171.207.38 - - [01/Apr/2025:13:06:42 +0200] "GET /biztkomm/601.shtml HTTP/1.1" 404 - "-" "Mozilla/5.0 AppleWebKit/537.36 (KHTML, like Gecko; compatible; GPTBot/1.2; +https://openai.com/gptbot)"
20.171.207.38 - - [01/Apr/2025:13:06:45 +0200] "GET /biztkomm/207.shtml HTTP/1.1" 404 - "-" "Mozilla/5.0 AppleWebKit/537.36 (KHTML, like Gecko; compatible; GPTBot/1.2; +https://openai.com/gptbot)"
20.171.207.38 - - [01/Apr/2025:13:06:49 +0200] "GET /biztkomm/111.shtml HTTP/1.1" 404 - "-" "Mozilla/5.0 AppleWebKit/537.36 (KHTML, like Gecko; compatible; GPTBot/1.2; +https://openai.com/gptbot)"
20.171.207.38 - - [01/Apr/2025:13:06:52 +0200] "GET /biztkomm/1.shtml HTTP/1.1" 404 - "-" "Mozilla/5.0 AppleWebKit/537.36 (KHTML, like Gecko; compatible; GPTBot/1.2; +https://openai.com/gptbot)"
20.171.207.38 - - [01/Apr/2025:13:06:55 +0200] "GET /biztkomm/3.shtml HTTP/1.1" 404 - "-" "Mozilla/5.0 AppleWebKit/537.36 (KHTML, like Gecko; compatible; GPTBot/1.2; +https://openai.com/gptbot)"
20.171.207.38 - - [01/Apr/2025:13:06:58 +0200] "GET /biztkomm/5.shtml HTTP/1.1" 404 - "-" "Mozilla/5.0 AppleWebKit/537.36 (KHTML, like Gecko; compatible; GPTBot/1.2; +https://openai.com/gptbot)"
20.171.207.38 - - [01/Apr/2025:13:07:01 +0200] "GET /biztkomm/4.shtml HTTP/1.1" 404 - "-" "Mozilla/5.0 AppleWebKit/537.36 (KHTML, like Gecko; compatible; GPTBot/1.2; +https://openai.com/gptbot)"
20.171.207.38 - - [01/Apr/2025:13:07:04 +0200] "GET /biztkomm/2.shtml HTTP/1.1" 404 - "-" "Mozilla/5.0 AppleWebKit/537.36 (KHTML, like Gecko; compatible; GPTBot/1.2; +https://openai.com/gptbot)"
20.171.207.38 - - [01/Apr/2025:13:07:07 +0200] "GET /biztkomm/6.shtml HTTP/1.1" 404 - "-" "Mozilla/5.0 AppleWebKit/537.36 (KHTML, like Gecko; compatible; GPTBot/1.2; +https://openai.com/gptbot)"
20.171.207.38 - - [01/Apr/2025:13:07:10 +0200] "GET /biztkomm/7.shtml HTTP/1.1" 404 - "-" "Mozilla/5.0 AppleWebKit/537.36 (KHTML, like Gecko; compatible; GPTBot/1.2; +https://openai.com/gptbot)"
20.171.207.38 - - [01/Apr/2025:13:07:14 +0200] "GET /biztkomm/images/204csermer.jpg HTTP/1.1" 404 - "-" "Mozilla/5.0 AppleWebKit/537.36 (KHTML, like Gecko; compatible; GPTBot/1.2; +https://openai.com/gptbot)"
20.171.207.38 - - [01/Apr/2025:13:07:17 +0200] "GET /biztkomm/images/105globkorny.jpg HTTP/1.1" 404 - "-" "Mozilla/5.0 AppleWebKit/537.36 (KHTML, like Gecko; compatible; GPTBot/1.2; +https://openai.com/gptbot)"
20.171.207.38 - - [01/Apr/2025:13:07:20 +0200] "GET /biztkomm/images/105merevlemez.jpg HTTP/1.1" 404 - "-" "Mozilla/5.0 AppleWebKit/537.36 (KHTML, like Gecko; compatible; GPTBot/1.2; +https://openai.com/gptbot)"
20.171.207.38 - - [01/Apr/2025:13:07:23 +0200] "GET /biztkomm/images/204zip.jpg HTTP/1.1" 404 - "-" "Mozilla/5.0 AppleWebKit/537.36 (KHTML, like Gecko; compatible; GPTBot/1.2; +https://openai.com/gptbot)"
185.147.125.23 - - [01/Apr/2025:13:09:01 +0200] "GET / HTTP/1.0" 404 - "http://zpok.hu/" "Mozilla/5.0 (Windows NT 10.0; Win64; x64) AppleWebKit/537.36 (KHTML, like Gecko) Chrome/130.0.0.0 Safari/537.36"
185.147.125.23 - - [01/Apr/2025:13:09:01 +0200] "GET / HTTP/1.0" 404 - "http://zpok.hu/" "Mozilla/5.0 (Windows NT 10.0; Win64; x64) AppleWebKit/537.36 (KHTML, like Gecko) Chrome/130.0.0.0 Safari/537.36"
66.249.70.34 - - [01/Apr/2025:13:10:37 +0200] "GET /fjoo/temp/pic14.jpg HTTP/1.1" 404 - "-" "Googlebot-Image/1.0"
20.171.207.38 - - [01/Apr/2025:13:19:49 +0200] "GET /biztkomm/702.shtml HTTP/1.1" 404 - "-" "Mozilla/5.0 AppleWebKit/537.36 (KHTML, like Gecko; compatible; GPTBot/1.2; +https://openai.com/gptbot)"
66.249.70.33 - - [01/Apr/2025:13:21:13 +0200] "GET /genmanipulacio/geforest.jpg HTTP/1.1" 404 - "-" "Googlebot-Image/1.0"
192.0.113.210 - - [01/Apr/2025:13:22:51 +0200] "GET /img_upload/6efa9848cd15a64d08ede0783c5a8035/Hagibor_Praha_vzilabda_csapat.jpg HTTP/1.1" 404 - "-" "Photon/1.0"
20.171.207.38 - - [01/Apr/2025:13:29:53 +0200] "GET /help/ch01s02.shtml HTTP/1.1" 404 - "-" "Mozilla/5.0 AppleWebKit/537.36 (KHTML, like Gecko; compatible; GPTBot/1.2; +https://openai.com/gptbot)"
20.171.207.38 - - [01/Apr/2025:13:32:15 +0200] "GET /biztkomm/702.shtml HTTP/1.1" 404 - "-" "Mozilla/5.0 AppleWebKit/537.36 (KHTML, like Gecko; compatible; GPTBot/1.2; +https://openai.com/gptbot)"
20.171.207.38 - - [01/Apr/2025:13:35:37 +0200] "GET /biztkomm/702.shtml HTTP/1.1" 404 - "-" "Mozilla/5.0 AppleWebKit/537.36 (KHTML, like Gecko; compatible; GPTBot/1.2; +https://openai.com/gptbot)"
20.171.207.38 - - [01/Apr/2025:13:37:50 +0200] "GET /biztkomm/702.shtml HTTP/1.1" 404 - "-" "Mozilla/5.0 AppleWebKit/537.36 (KHTML, like Gecko; compatible; GPTBot/1.2; +https://openai.com/gptbot)"
20.171.207.38 - - [01/Apr/2025:13:40:52 +0200] "GET /biztkomm/702.shtml HTTP/1.1" 404 - "-" "Mozilla/5.0 AppleWebKit/537.36 (KHTML, like Gecko; compatible; GPTBot/1.2; +https://openai.com/gptbot)"
20.171.207.38 - - [01/Apr/2025:13:41:55 +0200] "GET /biztkomm/702.shtml HTTP/1.1" 404 - "-" "Mozilla/5.0 AppleWebKit/537.36 (KHTML, like Gecko; compatible; GPTBot/1.2; +https://openai.com/gptbot)"
66.249.70.33 - - [01/Apr/2025:13:42:24 +0200] "GET /~fjoo/zsr131_1b.jpg HTTP/1.1" 404 - "-" "Googlebot-Image/1.0"
45.66.35.20 - - [01/Apr/2025:13:42:42 +0200] "GET / HTTP/1.1" 404 - "zpok.hu" "Mozilla/5.0 (Windows; U; Windows NT 5.1; ru; rv:1.9.1.5) Gecko/20091102 Firefox/3.5.5"
20.171.207.38 - - [01/Apr/2025:13:45:37 +0200] "GET /biztkomm/702.shtml HTTP/1.1" 404 - "-" "Mozilla/5.0 AppleWebKit/537.36 (KHTML, like Gecko; compatible; GPTBot/1.2; +https://openai.com/gptbot)"
20.171.207.38 - - [01/Apr/2025:13:46:36 +0200] "GET /biztkomm/702.shtml HTTP/1.1" 404 - "-" "Mozilla/5.0 AppleWebKit/537.36 (KHTML, like Gecko; compatible; GPTBot/1.2; +https://openai.com/gptbot)"
20.171.207.38 - - [01/Apr/2025:13:50:22 +0200] "GET /biztkomm/702.shtml HTTP/1.1" 404 - "-" "Mozilla/5.0 AppleWebKit/537.36 (KHTML, like Gecko; compatible; GPTBot/1.2; +https://openai.com/gptbot)"
20.171.207.38 - - [01/Apr/2025:13:50:33 +0200] "GET /help/ch01s02.shtml HTTP/1.1" 404 - "-" "Mozilla/5.0 AppleWebKit/537.36 (KHTML, like Gecko; compatible; GPTBot/1.2; +https://openai.com/gptbot)"
20.171.207.38 - - [01/Apr/2025:13:50:56 +0200] "GET /help/ch01s02.shtml HTTP/1.1" 404 - "-" "Mozilla/5.0 AppleWebKit/537.36 (KHTML, like Gecko; compatible; GPTBot/1.2; +https://openai.com/gptbot)"
94.21.160.240 - - [01/Apr/2025:13:51:51 +0200] "GET /~illesf/villamos/szeged/kepek.html HTTP/1.1" 404 - "-" "Mozilla/5.0 (Linux; Android 10; K) AppleWebKit/537.36 (KHTML, like Gecko) Chrome/134.0.0.0 Mobile Safari/537.36"
94.21.160.240 - - [01/Apr/2025:13:51:51 +0200] "GET /favicon.ico HTTP/1.1" 404 - "http://www.zpok.hu/~illesf/villamos/szeged/kepek.html" "Mozilla/5.0 (Linux; Android 10; K) AppleWebKit/537.36 (KHTML, like Gecko) Chrome/134.0.0.0 Mobile Safari/537.36"
66.249.81.128 - - [01/Apr/2025:13:51:52 +0200] "GET /~illesf/villamos/szeged/kepek.html HTTP/1.1" 404 - "-" "Mozilla/5.0 (Linux; Android 7.0; SM-G930V Build/NRD90M) AppleWebKit/537.36 (KHTML, like Gecko) Chrome/59.0.3071.125 Mobile Safari/537.36 (compatible; Google-Read-Aloud; +https://support.google.com/webmasters/answer/1061943)"
66.249.81.128 - - [01/Apr/2025:13:51:52 +0200] "GET /~illesf/villamos/szeged/kepek.html HTTP/1.1" 404 - "-" "Mozilla/5.0 (Linux; Android 7.0; SM-G930V Build/NRD90M) AppleWebKit/537.36 (KHTML, like Gecko) Chrome/59.0.3071.125 Mobile Safari/537.36 (compatible; Google-Read-Aloud; +https://support.google.com/webmasters/answer/1061943)"
66.249.83.43 - - [01/Apr/2025:13:51:53 +0200] "GET /~illesf/villamos/szeged/kepek.html HTTP/1.1" 404 - "-" "Mozilla/5.0 (Linux; Android 7.0; SM-G930V Build/NRD90M) AppleWebKit/537.36 (KHTML, like Gecko) Chrome/59.0.3071.125 Mobile Safari/537.36 (compatible; Google-Read-Aloud; +https://support.google.com/webmasters/answer/1061943)"
66.249.70.32 - - [01/Apr/2025:13:52:59 +0200] "GET /~nomad/pix/bringa/kozma60/slides/IMG_0368.jpg HTTP/1.1" 404 - "-" "Googlebot-Image/1.0"
95.108.213.221 - - [01/Apr/2025:13:59:27 +0200] "GET /robots.txt HTTP/1.1" 404 - "-" "Mozilla/5.0 (compatible; YandexBot/3.0; +http://yandex.com/bots)"
95.108.213.207 - - [01/Apr/2025:13:59:28 +0200] "GET /galga HTTP/1.1" 404 - "-" "Mozilla/5.0 (compatible; YandexBot/3.0; +http://yandex.com/bots)"
192.0.116.148 - - [01/Apr/2025:14:02:32 +0200] "GET /img_upload/6efa9848cd15a64d08ede0783c5a8035/levinas2.jpg HTTP/1.1" 404 - "-" "Photon/1.0"
66.249.70.32 - - [01/Apr/2025:14:03:34 +0200] "GET /~fjoo/temp/M28-1014.jpg HTTP/1.1" 404 - "-" "Googlebot-Image/1.0"
66.249.70.33 - - [01/Apr/2025:14:14:10 +0200] "GET /~illesf/temp/dia15.jpg HTTP/1.1" 404 - "-" "Googlebot-Image/1.0"
20.171.207.38 - - [01/Apr/2025:14:15:51 +0200] "GET /inforse/29.html HTTP/1.1" 404 - "-" "Mozilla/5.0 AppleWebKit/537.36 (KHTML, like Gecko; compatible; GPTBot/1.2; +https://openai.com/gptbot)"
188.165.232.135 - - [01/Apr/2025:14:34:16 +0200] "GET /robots.txt HTTP/1.1" 404 - "-" "Mozilla/5.0 (compatible; MJ12bot/v1.4.8; http://mj12bot.com/)"
188.165.232.135 - - [01/Apr/2025:14:34:18 +0200] "GET /apcwww.html HTTP/1.1" 404 - "-" "Mozilla/5.0 (compatible; MJ12bot/v1.4.8; http://mj12bot.com/)"
66.249.70.32 - - [01/Apr/2025:14:34:49 +0200] "GET /biztkomm/703.shtml HTTP/1.1" 404 - "-" "Mozilla/5.0 (Linux; Android 6.0.1; Nexus 5X Build/MMB29P) AppleWebKit/537.36 (KHTML, like Gecko) Chrome/134.0.6998.165 Mobile Safari/537.36 (compatible; Googlebot/2.1; +http://www.google.com/bot.html)"
66.249.70.34 - - [01/Apr/2025:14:35:20 +0200] "GET /fjoo/temp/GYSEV/1047_001_Wulka.jpg HTTP/1.1" 404 - "-" "Googlebot-Image/1.0"
20.171.207.38 - - [01/Apr/2025:14:46:52 +0200] "GET /~jfeiler/baiamare/index.htm HTTP/1.1" 404 - "-" "Mozilla/5.0 AppleWebKit/537.36 (KHTML, like Gecko; compatible; GPTBot/1.2; +https://openai.com/gptbot)"
66.249.70.33 - - [01/Apr/2025:14:48:12 +0200] "GET /fjoo/temp/HA-LMC2.jpg HTTP/1.1" 404 - "-" "Googlebot-Image/1.0"
66.249.70.32 - - [01/Apr/2025:15:01:03 +0200] "GET /~fjoo/PCD00041.jpg HTTP/1.1" 404 - "-" "Googlebot-Image/1.0"
66.249.70.33 - - [01/Apr/2025:15:13:55 +0200] "GET /~fjoo/E492_V43.jpg HTTP/1.1" 404 - "-" "Googlebot-Image/1.0"
66.249.70.33 - - [01/Apr/2025:15:16:40 +0200] "GET /~fjoo/m40.htm HTTP/1.1" 404 - "-" "Mozilla/5.0 (Linux; Android 6.0.1; Nexus 5X Build/MMB29P) AppleWebKit/537.36 (KHTML, like Gecko) Chrome/134.0.6998.165 Mobile Safari/537.36 (compatible; Googlebot/2.1; +http://www.google.com/bot.html)"
40.77.167.79 - - [01/Apr/2025:15:22:06 +0200] "GET /globalizacio/lugano.htm HTTP/1.1" 404 - "-" "Mozilla/5.0 AppleWebKit/537.36 (KHTML, like Gecko; compatible; bingbot/2.0; +http://www.bing.com/bingbot.htm) Chrome/116.0.1938.76 Safari/537.36"
66.249.70.34 - - [01/Apr/2025:15:26:46 +0200] "GET /img_upload/4993343bc2f5623bef83ec7984792f31/managed/tourdevoks3.JPG HTTP/1.1" 404 - "-" "Googlebot-Image/1.0"
204.118.31.6 - - [01/Apr/2025:15:33:23 +0200] "HEAD / HTTP/1.1" 404 - "-" "python-requests/2.31.0"
66.249.70.34 - - [01/Apr/2025:15:39:37 +0200] "GET /fjoo/PCD00141.jpg HTTP/1.1" 404 - "-" "Googlebot-Image/1.0"
4.227.36.98 - - [01/Apr/2025:15:49:15 +0200] "GET /robots.txt HTTP/1.1" 404 - "-" "Mozilla/5.0 AppleWebKit/537.36 (KHTML, like Gecko; compatible; GPTBot/1.2; +https://openai.com/gptbot)"
20.171.207.38 - - [01/Apr/2025:15:49:23 +0200] "GET /fogyved/e-szamok/ HTTP/1.1" 404 - "-" "Mozilla/5.0 AppleWebKit/537.36 (KHTML, like Gecko; compatible; GPTBot/1.2; +https://openai.com/gptbot)"
