20.171.207.38 - - [01/Apr/2025:15:49:36 +0200] "GET /fogyved/e-szamok/ HTTP/1.1" 404 - "-" "Mozilla/5.0 AppleWebKit/537.36 (KHTML, like Gecko; compatible; GPTBot/1.2; +https://openai.com/gptbot)"
20.171.207.38 - - [01/Apr/2025:15:51:57 +0200] "GET /fogyved/e-szamok/ HTTP/1.1" 404 - "-" "Mozilla/5.0 AppleWebKit/537.36 (KHTML, like Gecko; compatible; GPTBot/1.2; +https://openai.com/gptbot)"
66.249.70.32 - - [01/Apr/2025:15:52:29 +0200] "GET /fjoo/muki_uv.jpg HTTP/1.1" 404 - "-" "Googlebot-Image/1.0"
100.20.64.146 - - [01/Apr/2025:15:52:42 +0200] "GET / HTTP/1.1" 404 - "-" "Mozilla/5.0 (Macintosh; Intel Mac OS X 10_15_7) AppleWebKit/605.1.15 (KHTML, like Gecko) Version/17.6 Safari/605.1.1"
20.171.207.38 - - [01/Apr/2025:15:52:43 +0200] "GET /fogyved/e-szamok/ HTTP/1.1" 404 - "-" "Mozilla/5.0 AppleWebKit/537.36 (KHTML, like Gecko; compatible; GPTBot/1.2; +https://openai.com/gptbot)"
100.20.64.146 - - [01/Apr/2025:15:52:47 +0200] "GET / HTTP/1.1" 404 - "-" "Mozilla/5.0 (Macintosh; Intel Mac OS X 10_15_7) AppleWebKit/605.1.15 (KHTML, like Gecko) Version/17.6 Safari/605.1.1"
20.171.207.38 - - [01/Apr/2025:15:52:58 +0200] "GET /fogyved/e-szamok/ HTTP/1.1" 404 - "-" "Mozilla/5.0 AppleWebKit/537.36 (KHTML, like Gecko; compatible; GPTBot/1.2; +https://openai.com/gptbot)"
45.89.67.190 - - [01/Apr/2025:15:52:59 +0200] "HEAD / HTTP/1.1" 404 - "https://eurotest-spb.ru/uslugi/sertifikat-sootvetsviya/iso-9001-2011" "Mozilla/8.0 (compatible; MSIE6.00; Windows 2005)"
20.171.207.38 - - [01/Apr/2025:15:53:51 +0200] "GET /fogyved/e-szamok/ HTTP/1.1" 404 - "-" "Mozilla/5.0 AppleWebKit/537.36 (KHTML, like Gecko; compatible; GPTBot/1.2; +https://openai.com/gptbot)"
13.73.162.150 - - [01/Apr/2025:15:55:05 +0200] "HEAD /biztkomm/204.shtml HTTP/1.1" 404 - "-" "Mozilla/5.0 (Windows NT 10.0; Win64; x64) AppleWebKit/537.36 (KHTML, like Gecko) Chrome/79.0.3945.74 Safari/537.36 Edg/79.0.309.43"
20.171.207.38 - - [01/Apr/2025:15:55:45 +0200] "GET /help/ch01s02.shtml HTTP/1.1" 404 - "-" "Mozilla/5.0 AppleWebKit/537.36 (KHTML, like Gecko; compatible; GPTBot/1.2; +https://openai.com/gptbot)"
20.171.207.38 - - [01/Apr/2025:15:55:54 +0200] "GET /help/ch01s02.shtml HTTP/1.1" 404 - "-" "Mozilla/5.0 AppleWebKit/537.36 (KHTML, like Gecko; compatible; GPTBot/1.2; +https://openai.com/gptbot)"
46.243.7.6 - - [01/Apr/2025:15:58:04 +0200] "HEAD / HTTP/1.1" 404 - "https://expertprogress.ru/uslugi/sertifikatsiya-iso/integrirovannaya-sistema-menedzhmenta/" "Mozilla/8.0 (compatible; MSIE5.00; Windows 2003)"
165.227.113.60 - - [01/Apr/2025:15:58:12 +0200] "GET /cdn-cgi/trace HTTP/1.1" 404 - "-" "Mozilla/5.0 zgrab/0.x"
194.67.210.77 - - [01/Apr/2025:15:58:14 +0200] "HEAD / HTTP/1.1" 404 - "https://poiskzakona.ru/articles/kak-vernut-komissii-po-kreditam.html" "Mozilla/4.0 (compatible; MSIE3.00; Windows 2002)"
194.67.207.9 - - [01/Apr/2025:15:59:05 +0200] "HEAD / HTTP/1.1" 404 - "https://vniitest.ru/" "Mozilla/3.0 (compatible; MSIE2.00; Windows 2006)"
193.124.191.92 - - [01/Apr/2025:15:59:36 +0200] "HEAD / HTTP/1.1" 404 - "https://bureaupk.ru/" "Mozilla/2.0 (compatible; MSIE2.00; Windows 2008)"
185.125.219.13 - - [01/Apr/2025:15:59:59 +0200] "HEAD / HTTP/1.1" 404 - "https://csorbita.ru/" "Mozilla/7.0 (compatible; MSIE7.00; Windows 2007)"
20.171.207.38 - - [01/Apr/2025:16:04:24 +0200] "GET /fogyved/e-szamok/ HTTP/1.1" 404 - "-" "Mozilla/5.0 AppleWebKit/537.36 (KHTML, like Gecko; compatible; GPTBot/1.2; +https://openai.com/gptbot)"
20.171.207.38 - - [01/Apr/2025:16:04:51 +0200] "GET /fogyved/e-szamok/ HTTP/1.1" 404 - "-" "Mozilla/5.0 AppleWebKit/537.36 (KHTML, like Gecko; compatible; GPTBot/1.2; +https://openai.com/gptbot)"
194.67.207.94 - - [01/Apr/2025:16:06:31 +0200] "HEAD / HTTP/1.1" 404 - "https://laws-center.ru/" "Mozilla/4.0 (compatible; MSIE3.00; Windows 2009)"
185.5.249.185 - - [01/Apr/2025:16:06:44 +0200] "HEAD / HTTP/1.1" 404 - "https://ur-sdelka.ru/" "Mozilla/3.0 (compatible; MSIE4.00; Windows 2009)"
216.244.66.203 - - [01/Apr/2025:16:07:06 +0200] "GET /robots.txt HTTP/1.1" 404 - "-" "Mozilla/5.0 (compatible; DotBot/1.2; +https://opensiteexplorer.org/dotbot; help@moz.com)"
20.171.207.38 - - [01/Apr/2025:16:10:06 +0200] "GET /img_upload/322859aa0578c5a894c85ecd18bf54d8/managed/stopsmog.jpg HTTP/1.1" 404 - "-" "Mozilla/5.0 AppleWebKit/537.36 (KHTML, like Gecko; compatible; GPTBot/1.2; +https://openai.com/gptbot)"
20.171.207.38 - - [01/Apr/2025:16:10:18 +0200] "GET /img_upload/322859aa0578c5a894c85ecd18bf54d8/managed/stopsmog.jpg HTTP/1.1" 404 - "-" "Mozilla/5.0 AppleWebKit/537.36 (KHTML, like Gecko; compatible; GPTBot/1.2; +https://openai.com/gptbot)"
20.171.207.38 - - [01/Apr/2025:16:11:30 +0200] "GET /img_upload/322859aa0578c5a894c85ecd18bf54d8/managed/stopsmog.jpg HTTP/1.1" 404 - "-" "Mozilla/5.0 AppleWebKit/537.36 (KHTML, like Gecko; compatible; GPTBot/1.2; +https://openai.com/gptbot)"
20.171.207.38 - - [01/Apr/2025:16:12:19 +0200] "GET /img_upload/322859aa0578c5a894c85ecd18bf54d8/managed/stopsmog.jpg HTTP/1.1" 404 - "-" "Mozilla/5.0 AppleWebKit/537.36 (KHTML, like Gecko; compatible; GPTBot/1.2; +https://openai.com/gptbot)"
20.171.207.38 - - [01/Apr/2025:16:13:22 +0200] "GET /img_upload/322859aa0578c5a894c85ecd18bf54d8/managed/stopsmog.jpg HTTP/1.1" 404 - "-" "Mozilla/5.0 AppleWebKit/537.36 (KHTML, like Gecko; compatible; GPTBot/1.2; +https://openai.com/gptbot)"
66.249.70.34 - - [01/Apr/2025:16:14:31 +0200] "GET /~fjoo/PCD00583.htm HTTP/1.1" 404 - "-" "Mozilla/5.0 (Linux; Android 6.0.1; Nexus 5X Build/MMB29P) AppleWebKit/537.36 (KHTML, like Gecko) Chrome/134.0.6998.165 Mobile Safari/537.36 (compatible; Googlebot/2.1; +http://www.google.com/bot.html)"
216.244.66.203 - - [01/Apr/2025:16:14:40 +0200] "GET /fjoo/tcfc2_1.htm HTTP/1.1" 404 - "-" "Mozilla/5.0 (compatible; DotBot/1.2; +https://opensiteexplorer.org/dotbot; help@moz.com)"
66.249.70.34 - - [01/Apr/2025:16:15:21 +0200] "GET /~fjoo/temp/Mercia2.jpg HTTP/1.1" 404 - "-" "Googlebot-Image/1.0"
159.65.62.55 - - [01/Apr/2025:16:25:12 +0200] "GET / HTTP/1.1" 404 - "-" "Mozilla/5.0 (compatible)"
159.65.62.55 - - [01/Apr/2025:16:25:12 +0200] "GET /favicon.ico HTTP/1.1" 404 - "http://zpok.hu/" "Mozilla/5.0 (compatible)"
20.171.207.38 - - [01/Apr/2025:16:34:56 +0200] "GET /waldorf/husvet.htm HTTP/1.1" 404 - "-" "Mozilla/5.0 AppleWebKit/537.36 (KHTML, like Gecko; compatible; GPTBot/1.2; +https://openai.com/gptbot)"
52.167.144.55 - - [01/Apr/2025:16:35:00 +0200] "GET /robots.txt HTTP/1.1" 404 - "-" "Mozilla/5.0 AppleWebKit/537.36 (KHTML, like Gecko; compatible; bingbot/2.0; +http://www.bing.com/bingbot.htm) Chrome/116.0.1938.76 Safari/537.36"
52.167.144.19 - - [01/Apr/2025:16:35:08 +0200] "GET /~nomad/pix/bringa/csakvari%20hetvege/slides/img_0680.html HTTP/1.1" 404 - "-" "Mozilla/5.0 AppleWebKit/537.36 (KHTML, like Gecko; compatible; bingbot/2.0; +http://www.bing.com/bingbot.htm) Chrome/116.0.1938.76 Safari/537.36"
20.171.207.38 - - [01/Apr/2025:16:35:09 +0200] "GET /waldorf/husvet.htm HTTP/1.1" 404 - "-" "Mozilla/5.0 AppleWebKit/537.36 (KHTML, like Gecko; compatible; GPTBot/1.2; +https://openai.com/gptbot)"
20.171.207.38 - - [01/Apr/2025:16:35:38 +0200] "GET /waldorf/husvet.htm HTTP/1.1" 404 - "-" "Mozilla/5.0 AppleWebKit/537.36 (KHTML, like Gecko; compatible; GPTBot/1.2; +https://openai.com/gptbot)"
20.171.207.38 - - [01/Apr/2025:16:36:03 +0200] "GET /waldorf/husvet.htm HTTP/1.1" 404 - "-" "Mozilla/5.0 AppleWebKit/537.36 (KHTML, like Gecko; compatible; GPTBot/1.2; +https://openai.com/gptbot)"
66.249.70.34 - - [01/Apr/2025:16:36:08 +0200] "GET /img_upload/cb39111eba7a31c9c0e48686fa8e3c87/IJEES2004.pdf HTTP/1.1" 404 - "-" "Googlebot/2.1 (+http://www.google.com/bot.html)"
20.171.207.38 - - [01/Apr/2025:16:36:35 +0200] "GET /waldorf/husvet.htm HTTP/1.1" 404 - "-" "Mozilla/5.0 AppleWebKit/537.36 (KHTML, like Gecko; compatible; GPTBot/1.2; +https://openai.com/gptbot)"
20.171.207.38 - - [01/Apr/2025:16:37:09 +0200] "GET /waldorf/husvet.htm HTTP/1.1" 404 - "-" "Mozilla/5.0 AppleWebKit/537.36 (KHTML, like Gecko; compatible; GPTBot/1.2; +https://openai.com/gptbot)"
66.249.70.34 - - [01/Apr/2025:16:38:04 +0200] "GET /fjoo/temp/pic15.jpg HTTP/1.1" 404 - "-" "Googlebot-Image/1.0"
20.171.207.38 - - [01/Apr/2025:16:38:30 +0200] "GET /waldorf/husvet.htm HTTP/1.1" 404 - "-" "Mozilla/5.0 AppleWebKit/537.36 (KHTML, like Gecko; compatible; GPTBot/1.2; +https://openai.com/gptbot)"
20.171.207.38 - - [01/Apr/2025:16:38:44 +0200] "GET /waldorf/husvet.htm HTTP/1.1" 404 - "-" "Mozilla/5.0 AppleWebKit/537.36 (KHTML, like Gecko; compatible; GPTBot/1.2; +https://openai.com/gptbot)"
20.171.207.38 - - [01/Apr/2025:16:39:09 +0200] "GET /waldorf/husvet.htm HTTP/1.1" 404 - "-" "Mozilla/5.0 AppleWebKit/537.36 (KHTML, like Gecko; compatible; GPTBot/1.2; +https://openai.com/gptbot)"
20.171.207.38 - - [01/Apr/2025:16:39:22 +0200] "GET /waldorf/husvet.htm HTTP/1.1" 404 - "-" "Mozilla/5.0 AppleWebKit/537.36 (KHTML, like Gecko; compatible; GPTBot/1.2; +https://openai.com/gptbot)"
20.171.207.38 - - [01/Apr/2025:16:39:50 +0200] "GET /waldorf/husvet.htm HTTP/1.1" 404 - "-" "Mozilla/5.0 AppleWebKit/537.36 (KHTML, like Gecko; compatible; GPTBot/1.2; +https://openai.com/gptbot)"
20.171.207.38 - - [01/Apr/2025:16:40:16 +0200] "GET /waldorf/husvet.htm HTTP/1.1" 404 - "-" "Mozilla/5.0 AppleWebKit/537.36 (KHTML, like Gecko; compatible; GPTBot/1.2; +https://openai.com/gptbot)"
20.171.207.38 - - [01/Apr/2025:16:40:42 +0200] "GET /waldorf/husvet.htm HTTP/1.1" 404 - "-" "Mozilla/5.0 AppleWebKit/537.36 (KHTML, like Gecko; compatible; GPTBot/1.2; +https://openai.com/gptbot)"
20.171.207.38 - - [01/Apr/2025:16:41:11 +0200] "GET /waldorf/husvet.htm HTTP/1.1" 404 - "-" "Mozilla/5.0 AppleWebKit/537.36 (KHTML, like Gecko; compatible; GPTBot/1.2; +https://openai.com/gptbot)"
20.171.207.38 - - [01/Apr/2025:16:41:28 +0200] "GET /waldorf/husvet.htm HTTP/1.1" 404 - "-" "Mozilla/5.0 AppleWebKit/537.36 (KHTML, like Gecko; compatible; GPTBot/1.2; +https://openai.com/gptbot)"
20.171.207.38 - - [01/Apr/2025:16:41:53 +0200] "GET /waldorf/husvet.htm HTTP/1.1" 404 - "-" "Mozilla/5.0 AppleWebKit/537.36 (KHTML, like Gecko; compatible; GPTBot/1.2; +https://openai.com/gptbot)"
20.171.207.38 - - [01/Apr/2025:16:42:25 +0200] "GET /waldorf/husvet.htm HTTP/1.1" 404 - "-" "Mozilla/5.0 AppleWebKit/537.36 (KHTML, like Gecko; compatible; GPTBot/1.2; +https://openai.com/gptbot)"
20.171.207.38 - - [01/Apr/2025:16:43:06 +0200] "GET /waldorf/husvet.htm HTTP/1.1" 404 - "-" "Mozilla/5.0 AppleWebKit/537.36 (KHTML, like Gecko; compatible; GPTBot/1.2; +https://openai.com/gptbot)"
20.171.207.38 - - [01/Apr/2025:16:44:16 +0200] "GET /waldorf/husvet.htm HTTP/1.1" 404 - "-" "Mozilla/5.0 AppleWebKit/537.36 (KHTML, like Gecko; compatible; GPTBot/1.2; +https://openai.com/gptbot)"
20.171.207.38 - - [01/Apr/2025:16:44:43 +0200] "GET /waldorf/husvet.htm HTTP/1.1" 404 - "-" "Mozilla/5.0 AppleWebKit/537.36 (KHTML, like Gecko; compatible; GPTBot/1.2; +https://openai.com/gptbot)"
20.171.207.38 - - [01/Apr/2025:16:45:09 +0200] "GET /waldorf/husvet.htm HTTP/1.1" 404 - "-" "Mozilla/5.0 AppleWebKit/537.36 (KHTML, like Gecko; compatible; GPTBot/1.2; +https://openai.com/gptbot)"
66.249.70.33 - - [01/Apr/2025:16:46:15 +0200] "GET /fjoo/temp/Grand-Canyon.jpg HTTP/1.1" 404 - "-" "Googlebot-Image/1.0"
66.249.70.32 - - [01/Apr/2025:16:46:29 +0200] "GET /~fjoo/m61004ex.htm HTTP/1.1" 404 - "-" "Mozilla/5.0 (Linux; Android 6.0.1; Nexus 5X Build/MMB29P) AppleWebKit/537.36 (KHTML, like Gecko) Chrome/134.0.6998.165 Mobile Safari/537.36 (compatible; Googlebot/2.1; +http://www.google.com/bot.html)"
66.249.70.32 - - [01/Apr/2025:16:54:26 +0200] "GET /~fjoo/V43_1083.jpg HTTP/1.1" 404 - "-" "Googlebot-Image/1.0"
66.249.70.34 - - [01/Apr/2025:17:02:36 +0200] "GET /~fjoo/temp/2xM41_16334.jpg HTTP/1.1" 404 - "-" "Googlebot-Image/1.0"
66.249.70.32 - - [01/Apr/2025:17:10:47 +0200] "GET /~fjoo/db185kti.jpg HTTP/1.1" 404 - "-" "Googlebot-Image/1.0"
23.21.228.180 - - [01/Apr/2025:17:15:13 +0200] "GET /sbnet/org/frs/bio.html HTTP/1.1" 404 - "-" "Mozilla/5.0 AppleWebKit/537.36 (KHTML, like Gecko; compatible; Amazonbot/0.1; +https://developer.amazon.com/support/amazonbot) Chrome/119.0.6045.214 Safari/537.36"
66.249.70.34 - - [01/Apr/2025:17:18:58 +0200] "GET /~fjoo/temp/Mercia1.jpg HTTP/1.1" 404 - "-" "Googlebot-Image/1.0"
51.222.253.11 - - [01/Apr/2025:17:25:59 +0200] "GET /robots.txt HTTP/1.1" 404 - "-" "Mozilla/5.0 (compatible; AhrefsBot/7.0; +http://ahrefs.com/robot/)"
66.249.70.32 - - [01/Apr/2025:17:26:09 +0200] "GET /globalizacio/multik_ab.htm HTTP/1.1" 404 - "-" "Mozilla/5.0 (Linux; Android 6.0.1; Nexus 5X Build/MMB29P) AppleWebKit/537.36 (KHTML, like Gecko) Chrome/134.0.6998.165 Mobile Safari/537.36 (compatible; Googlebot/2.1; +http://www.google.com/bot.html)"
45.133.247.232 - - [01/Apr/2025:17:26:25 +0200] "HEAD / HTTP/1.1" 404 - "https://altpremium.ru/587-zachem-kompanii-nuzhen-sertifikat-iso-9001.html" "Mozilla/2.0 (compatible; MSIE5.00; Windows 2004)"
66.249.70.33 - - [01/Apr/2025:17:27:09 +0200] "GET /~fjoo/Yello-cap.jpg HTTP/1.1" 404 - "-" "Googlebot-Image/1.0"
20.171.207.38 - - [01/Apr/2025:17:29:41 +0200] "GET / HTTP/1.1" 404 - "-" "Mozilla/5.0 AppleWebKit/537.36 (KHTML, like Gecko; compatible; GPTBot/1.2; +https://openai.com/gptbot)"
20.171.207.38 - - [01/Apr/2025:17:31:02 +0200] "GET / HTTP/1.1" 404 - "-" "Mozilla/5.0 AppleWebKit/537.36 (KHTML, like Gecko; compatible; GPTBot/1.2; +https://openai.com/gptbot)"
20.171.207.38 - - [01/Apr/2025:17:31:10 +0200] "GET / HTTP/1.1" 404 - "-" "Mozilla/5.0 AppleWebKit/537.36 (KHTML, like Gecko; compatible; GPTBot/1.2; +https://openai.com/gptbot)"
20.171.207.38 - - [01/Apr/2025:17:35:32 +0200] "GET / HTTP/1.1" 404 - "-" "Mozilla/5.0 AppleWebKit/537.36 (KHTML, like Gecko; compatible; GPTBot/1.2; +https://openai.com/gptbot)"
20.171.207.38 - - [01/Apr/2025:17:35:48 +0200] "GET / HTTP/1.1" 404 - "-" "Mozilla/5.0 AppleWebKit/537.36 (KHTML, like Gecko; compatible; GPTBot/1.2; +https://openai.com/gptbot)"
66.249.70.32 - - [01/Apr/2025:17:43:31 +0200] "GET /~fjoo/PCD00178.jpg HTTP/1.1" 404 - "-" "Googlebot-Image/1.0"
20.171.207.38 - - [01/Apr/2025:17:44:28 +0200] "GET /genmanipulacio/kepregeny/tartalom.htm HTTP/1.1" 404 - "-" "Mozilla/5.0 AppleWebKit/537.36 (KHTML, like Gecko; compatible; GPTBot/1.2; +https://openai.com/gptbot)"
20.171.207.38 - - [01/Apr/2025:17:44:31 +0200] "GET /genmanipulacio/kepre HTTP/1.1" 404 - "-" "Mozilla/5.0 AppleWebKit/537.36 (KHTML, like Gecko; compatible; GPTBot/1.2; +https://openai.com/gptbot)"
20.171.207.38 - - [01/Apr/2025:17:44:39 +0200] "GET /genmanipulacio/kepregeny/tartalom.htm HTTP/1.1" 404 - "-" "Mozilla/5.0 AppleWebKit/537.36 (KHTML, like Gecko; compatible; GPTBot/1.2; +https://openai.com/gptbot)"
20.171.207.38 - - [01/Apr/2025:17:44:42 +0200] "GET /genmanipulacio/kepre HTTP/1.1" 404 - "-" "Mozilla/5.0 AppleWebKit/537.36 (KHTML, like Gecko; compatible; GPTBot/1.2; +https://openai.com/gptbot)"
20.171.207.38 - - [01/Apr/2025:17:45:33 +0200] "GET / HTTP/1.1" 404 - "-" "Mozilla/5.0 AppleWebKit/537.36 (KHTML, like Gecko; compatible; GPTBot/1.2; +https://openai.com/gptbot)"
65.108.6.34 - - [01/Apr/2025:17:49:09 +0200] "GET /tiszateszt HTTP/1.1" 404 - "http://nimfea.hu/elozo4.htm" "Mozilla/5.0 (compatible; SEOkicks; +https://www.seokicks.de/robot.html)"
20.171.207.38 - - [01/Apr/2025:17:49:46 +0200] "GET /genmanipulacio/kepre HTTP/1.1" 404 - "-" "Mozilla/5.0 AppleWebKit/537.36 (KHTML, like Gecko; compatible; GPTBot/1.2; +https://openai.com/gptbot)"
20.171.207.38 - - [01/Apr/2025:17:49:49 +0200] "GET /genmanipulacio/kepregeny/tartalom.htm HTTP/1.1" 404 - "-" "Mozilla/5.0 AppleWebKit/537.36 (KHTML, like Gecko; compatible; GPTBot/1.2; +https://openai.com/gptbot)"
66.249.70.32 - - [01/Apr/2025:17:51:42 +0200] "GET /fjoo/PCD00387.jpg HTTP/1.1" 404 - "-" "Googlebot-Image/1.0"
20.171.207.38 - - [01/Apr/2025:17:52:41 +0200] "GET /genmanipulacio/kepre HTTP/1.1" 404 - "-" "Mozilla/5.0 AppleWebKit/537.36 (KHTML, like Gecko; compatible; GPTBot/1.2; +https://openai.com/gptbot)"
20.171.207.38 - - [01/Apr/2025:17:52:44 +0200] "GET /genmanipulacio/kepregeny/tartalom.htm HTTP/1.1" 404 - "-" "Mozilla/5.0 AppleWebKit/537.36 (KHTML, like Gecko; compatible; GPTBot/1.2; +https://openai.com/gptbot)"
20.171.207.38 - - [01/Apr/2025:17:55:02 +0200] "GET / HTTP/1.1" 404 - "-" "Mozilla/5.0 AppleWebKit/537.36 (KHTML, like Gecko; compatible; GPTBot/1.2; +https://openai.com/gptbot)"
18.97.9.99 - - [01/Apr/2025:17:58:54 +0200] "GET http://www.zpok.hu/robots.txt HTTP/1.1" 404 - "-" "Mozilla/5.0 AppleWebKit/537.36 (KHTML, like Gecko; compatible; PerplexityBot/1.0; +https://perplexity.ai/perplexitybot)"
18.97.9.96 - - [01/Apr/2025:17:58:54 +0200] "GET http://www.zpok.hu/fjoo/temp/02_06_04/2143_005_Fertoszentmiklos.jpg HTTP/1.1" 404 - "-" "Mozilla/5.0 AppleWebKit/537.36 (KHTML, like Gecko; compatible; PerplexityBot/1.0; +https://perplexity.ai/perplexitybot)"
18.97.9.98 - - [01/Apr/2025:17:58:55 +0200] "GET http://www.zpok.hu/fjoo/temp/02_06_04/5401_Bertrix.jpg HTTP/1.1" 404 - "-" "Mozilla/5.0 AppleWebKit/537.36 (KHTML, like Gecko; compatible; PerplexityBot/1.0; +https://perplexity.ai/perplexitybot)"
18.97.9.98 - - [01/Apr/2025:17:58:55 +0200] "GET http://www.zpok.hu/fjoo/temp/02_06_04/MX_1006_Asmindrup.jpg HTTP/1.1" 404 - "-" "Mozilla/5.0 AppleWebKit/537.36 (KHTML, like Gecko; compatible; PerplexityBot/1.0; +https://perplexity.ai/perplexitybot)"
18.97.9.99 - - [01/Apr/2025:17:58:55 +0200] "GET http://www.zpok.hu/fjoo/temp/02_06_04/DSB_3113_Ringsted_jo.jpg HTTP/1.1" 404 - "-" "Mozilla/5.0 AppleWebKit/537.36 (KHTML, like Gecko; compatible; PerplexityBot/1.0; +https://perplexity.ai/perplexitybot)"
18.97.9.97 - - [01/Apr/2025:17:58:55 +0200] "GET http://www.zpok.hu/fjoo/temp/02_06_04/MX_1006_church.jpg HTTP/1.1" 404 - "-" "Mozilla/5.0 AppleWebKit/537.36 (KHTML, like Gecko; compatible; PerplexityBot/1.0; +https://perplexity.ai/perplexitybot)"
18.97.9.97 - - [01/Apr/2025:17:58:55 +0200] "GET http://www.zpok.hu/fjoo/temp/02_06_04/R4C_185_CL_007_Duren.jpg HTTP/1.1" 404 - "-" "Mozilla/5.0 AppleWebKit/537.36 (KHTML, like Gecko; compatible; PerplexityBot/1.0; +https://perplexity.ai/perplexitybot)"
18.97.9.97 - - [01/Apr/2025:17:58:55 +0200] "GET http://www.zpok.hu/fjoo/temp/02_06_04/2249_Liege_bank.jpg HTTP/1.1" 404 - "-" "Mozilla/5.0 AppleWebKit/537.36 (KHTML, like Gecko; compatible; PerplexityBot/1.0; +https://perplexity.ai/perplexitybot)"
18.97.9.97 - - [01/Apr/2025:17:58:55 +0200] "GET http://www.zpok.hu/fjoo/temp/02_06_04/OHJ_101.jpg HTTP/1.1" 404 - "-" "Mozilla/5.0 AppleWebKit/537.36 (KHTML, like Gecko; compatible; PerplexityBot/1.0; +https://perplexity.ai/perplexitybot)"
18.97.9.97 - - [01/Apr/2025:17:58:55 +0200] "GET http://www.zpok.hu/fjoo/temp/02_06_04/101_005_Wien_West.jpg HTTP/1.1" 404 - "-" "Mozilla/5.0 AppleWebKit/537.36 (KHTML, like Gecko; compatible; PerplexityBot/1.0; +https://perplexity.ai/perplexitybot)"
18.97.9.97 - - [01/Apr/2025:17:58:56 +0200] "GET http://www.zpok.hu/fjoo/temp/02_06_04/218_179_Lubeck_church.jpg HTTP/1.1" 404 - "-" "Mozilla/5.0 AppleWebKit/537.36 (KHTML, like Gecko; compatible; PerplexityBot/1.0; +https://perplexity.ai/perplexitybot)"
18.97.9.98 - - [01/Apr/2025:17:58:56 +0200] "GET http://www.zpok.hu/fjoo/temp/02_06_04/OBB_NG_hoeke.jpg HTTP/1.1" 404 - "-" "Mozilla/5.0 AppleWebKit/537.36 (KHTML, like Gecko; compatible; PerplexityBot/1.0; +https://perplexity.ai/perplexitybot)"
18.97.9.96 - - [01/Apr/2025:17:58:56 +0200] "GET http://www.zpok.hu/fjoo/temp/02_06_04/120_109_EN225_Koln.jpg HTTP/1.1" 404 - "-" "Mozilla/5.0 AppleWebKit/537.36 (KHTML, like Gecko; compatible; PerplexityBot/1.0; +https://perplexity.ai/perplexitybot)"
18.97.9.100 - - [01/Apr/2025:17:58:56 +0200] "GET http://www.zpok.hu/fjoo/temp/02_06_04/Salzinnes_25.jpg HTTP/1.1" 404 - "-" "Mozilla/5.0 AppleWebKit/537.36 (KHTML, like Gecko; compatible; PerplexityBot/1.0; +https://perplexity.ai/perplexitybot)"
18.97.9.97 - - [01/Apr/2025:17:58:57 +0200] "GET http://www.zpok.hu/fjoo/temp/02_06_04/301_Dinant.jpg HTTP/1.1" 404 - "-" "Mozilla/5.0 AppleWebKit/537.36 (KHTML, like Gecko; compatible; PerplexityBot/1.0; +https://perplexity.ai/perplexitybot)"
18.97.9.97 - - [01/Apr/2025:17:58:57 +0200] "GET http://www.zpok.hu/fjoo/temp/02_06_04/5309_Salzinnes_B.jpg HTTP/1.1" 404 - "-" "Mozilla/5.0 AppleWebKit/537.36 (KHTML, like Gecko; compatible; PerplexityBot/1.0; +https://perplexity.ai/perplexitybot)"
18.97.9.99 - - [01/Apr/2025:17:58:57 +0200] "GET http://www.zpok.hu/fjoo/temp/02_06_04/MX_1006_Holbaek.jpg HTTP/1.1" 404 - "-" "Mozilla/5.0 AppleWebKit/537.36 (KHTML, like Gecko; compatible; PerplexityBot/1.0; +https://perplexity.ai/perplexitybot)"
18.97.9.96 - - [01/Apr/2025:17:58:57 +0200] "GET http://www.zpok.hu/fjoo/temp/02_06_04/DSB_3102_Ringsted.jpg HTTP/1.1" 404 - "-" "Mozilla/5.0 AppleWebKit/537.36 (KHTML, like Gecko; compatible; PerplexityBot/1.0; +https://perplexity.ai/perplexitybot)"
66.249.70.34 - - [01/Apr/2025:17:59:53 +0200] "GET /~illesf/i/525ks99c.jpg HTTP/1.1" 404 - "-" "Googlebot-Image/1.0"
20.171.207.38 - - [01/Apr/2025:18:02:29 +0200] "GET /genmanipulacio/kepre HTTP/1.1" 404 - "-" "Mozilla/5.0 AppleWebKit/537.36 (KHTML, like Gecko; compatible; GPTBot/1.2; +https://openai.com/gptbot)"
20.171.207.38 - - [01/Apr/2025:18:02:32 +0200] "GET /genmanipulacio/kepregeny/tartalom.htm HTTP/1.1" 404 - "-" "Mozilla/5.0 AppleWebKit/537.36 (KHTML, like Gecko; compatible; GPTBot/1.2; +https://openai.com/gptbot)"
20.171.207.38 - - [01/Apr/2025:18:03:05 +0200] "GET /genmanipulacio/kepregeny/tartalom.htm HTTP/1.1" 404 - "-" "Mozilla/5.0 AppleWebKit/537.36 (KHTML, like Gecko; compatible; GPTBot/1.2; +https://openai.com/gptbot)"
20.171.207.38 - - [01/Apr/2025:18:03:08 +0200] "GET /genmanipulacio/kepre HTTP/1.1" 404 - "-" "Mozilla/5.0 AppleWebKit/537.36 (KHTML, like Gecko; compatible; GPTBot/1.2; +https://openai.com/gptbot)"
20.171.207.38 - - [01/Apr/2025:18:03:20 +0200] "GET /help/ch01s02.shtml HTTP/1.1" 404 - "-" "Mozilla/5.0 AppleWebKit/537.36 (KHTML, like Gecko; compatible; GPTBot/1.2; +https://openai.com/gptbot)"
20.171.207.38 - - [01/Apr/2025:18:03:54 +0200] "GET /genmanipulacio/kepregeny/tartalom.htm HTTP/1.1" 404 - "-" "Mozilla/5.0 AppleWebKit/537.36 (KHTML, like Gecko; compatible; GPTBot/1.2; +https://openai.com/gptbot)"
20.171.207.38 - - [01/Apr/2025:18:03:57 +0200] "GET /genmanipulacio/kepre HTTP/1.1" 404 - "-" "Mozilla/5.0 AppleWebKit/537.36 (KHTML, like Gecko; compatible; GPTBot/1.2; +https://openai.com/gptbot)"
20.171.207.38 - - [01/Apr/2025:18:04:31 +0200] "GET /genmanipulacio/kepre HTTP/1.1" 404 - "-" "Mozilla/5.0 AppleWebKit/537.36 (KHTML, like Gecko; compatible; GPTBot/1.2; +https://openai.com/gptbot)"
20.171.207.38 - - [01/Apr/2025:18:04:33 +0200] "GET /genmanipulacio/kepregeny/tartalom.htm HTTP/1.1" 404 - "-" "Mozilla/5.0 AppleWebKit/537.36 (KHTML, like Gecko; compatible; GPTBot/1.2; +https://openai.com/gptbot)"
20.171.207.38 - - [01/Apr/2025:18:04:55 +0200] "GET /genmanipulacio/kepregeny/tartalom.htm HTTP/1.1" 404 - "-" "Mozilla/5.0 AppleWebKit/537.36 (KHTML, like Gecko; compatible; GPTBot/1.2; +https://openai.com/gptbot)"
20.171.207.38 - - [01/Apr/2025:18:04:58 +0200] "GET /genmanipulacio/kepre HTTP/1.1" 404 - "-" "Mozilla/5.0 AppleWebKit/537.36 (KHTML, like Gecko; compatible; GPTBot/1.2; +https://openai.com/gptbot)"
20.171.207.38 - - [01/Apr/2025:18:08:55 +0200] "GET /genmanipulacio/kepregeny/tartalom.htm HTTP/1.1" 404 - "-" "Mozilla/5.0 AppleWebKit/537.36 (KHTML, like Gecko; compatible; GPTBot/1.2; +https://openai.com/gptbot)"
20.171.207.38 - - [01/Apr/2025:18:08:58 +0200] "GET /genmanipulacio/kepre HTTP/1.1" 404 - "-" "Mozilla/5.0 AppleWebKit/537.36 (KHTML, like Gecko; compatible; GPTBot/1.2; +https://openai.com/gptbot)"
66.249.70.32 - - [01/Apr/2025:18:15:34 +0200] "GET /~illesf/temp/dia08.jpg HTTP/1.1" 404 - "-" "Googlebot-Image/1.0"
20.171.207.38 - - [01/Apr/2025:18:18:48 +0200] "GET / HTTP/1.1" 404 - "-" "Mozilla/5.0 AppleWebKit/537.36 (KHTML, like Gecko; compatible; GPTBot/1.2; +https://openai.com/gptbot)"
20.171.207.38 - - [01/Apr/2025:18:21:39 +0200] "GET / HTTP/1.1" 404 - "-" "Mozilla/5.0 AppleWebKit/537.36 (KHTML, like Gecko; compatible; GPTBot/1.2; +https://openai.com/gptbot)"
66.249.70.32 - - [01/Apr/2025:18:23:04 +0200] "GET /robots.txt HTTP/1.1" 404 - "-" "Mozilla/5.0 (compatible; Googlebot/2.1; +http://www.google.com/bot.html)"
66.249.70.33 - - [01/Apr/2025:18:23:04 +0200] "GET /~illesf/temp/ujcsufi.jpg HTTP/1.1" 404 - "-" "Googlebot-Image/1.0"
20.171.207.38 - - [01/Apr/2025:18:26:35 +0200] "GET / HTTP/1.1" 404 - "-" "Mozilla/5.0 AppleWebKit/537.36 (KHTML, like Gecko; compatible; GPTBot/1.2; +https://openai.com/gptbot)"
20.171.207.38 - - [01/Apr/2025:18:33:15 +0200] "GET /img_upload/cb39111eba7a31c9c0e48686fa8e3c87/P_001463.pdf HTTP/1.1" 404 - "-" "Mozilla/5.0 AppleWebKit/537.36 (KHTML, like Gecko; compatible; GPTBot/1.2; +https://openai.com/gptbot)"
36.155.132.143 - - [01/Apr/2025:18:33:26 +0200] "GET /cyanide/baiamare/docs/Drillbits.htm. HTTP/1.1" 404 - "http://m.baidu.com/s?wd=seenvyj" "Mozilla/5.0 (Windows NT 6.1; WOW64; rv:43.0) Gecko/20100101 Firefox/43.0"
20.171.207.38 - - [01/Apr/2025:18:36:33 +0200] "GET /biztkomm/702.shtml HTTP/1.1" 404 - "-" "Mozilla/5.0 AppleWebKit/537.36 (KHTML, like Gecko; compatible; GPTBot/1.2; +https://openai.com/gptbot)"
66.249.70.32 - - [01/Apr/2025:18:45:34 +0200] "GET /fjoo/PCD00920.jpg HTTP/1.1" 404 - "-" "Googlebot-Image/1.0"
20.171.207.38 - - [01/Apr/2025:18:47:04 +0200] "GET /help/ch01s02.shtml HTTP/1.1" 404 - "-" "Mozilla/5.0 AppleWebKit/537.36 (KHTML, like Gecko; compatible; GPTBot/1.2; +https://openai.com/gptbot)"
185.191.171.8 - - [01/Apr/2025:18:47:19 +0200] "GET /robots.txt HTTP/1.1" 404 - "-" "Mozilla/5.0 (compatible; SemrushBot/7~bl; +http://www.semrush.com/bot.html)"
185.191.171.5 - - [01/Apr/2025:18:47:19 +0200] "GET /~illesf/villamos/szeged/656sg99b.jpg%C2%A0 HTTP/1.1" 404 - "-" "Mozilla/5.0 (compatible; SemrushBot/7~bl; +http://www.semrush.com/bot.html)"
20.171.207.38 - - [01/Apr/2025:18:49:19 +0200] "GET /biztkomm/702.shtml HTTP/1.1" 404 - "-" "Mozilla/5.0 AppleWebKit/537.36 (KHTML, like Gecko; compatible; GPTBot/1.2; +https://openai.com/gptbot)"
20.171.207.38 - - [01/Apr/2025:18:50:31 +0200] "GET /biztkomm/702.shtml HTTP/1.1" 404 - "-" "Mozilla/5.0 AppleWebKit/537.36 (KHTML, like Gecko; compatible; GPTBot/1.2; +https://openai.com/gptbot)"
20.171.207.38 - - [01/Apr/2025:18:51:56 +0200] "GET /biztkomm/702.shtml HTTP/1.1" 404 - "-" "Mozilla/5.0 AppleWebKit/537.36 (KHTML, like Gecko; compatible; GPTBot/1.2; +https://openai.com/gptbot)"
66.249.70.32 - - [01/Apr/2025:18:53:04 +0200] "GET /fjoo/temp/pic12.jpg HTTP/1.1" 404 - "-" "Googlebot-Image/1.0"
66.249.70.32 - - [01/Apr/2025:18:53:54 +0200] "GET /img_upload/cb39111eba7a31c9c0e48686fa8e3c87/P051CBot.pdf HTTP/1.1" 404 - "-" "Googlebot/2.1 (+http://www.google.com/bot.html)"
20.171.207.38 - - [01/Apr/2025:18:56:03 +0200] "GET /help/ch01s02.shtml HTTP/1.1" 404 - "-" "Mozilla/5.0 AppleWebKit/537.36 (KHTML, like Gecko; compatible; GPTBot/1.2; +https://openai.com/gptbot)"
20.171.207.38 - - [01/Apr/2025:19:00:14 +0200] "GET /help/ch01s02.shtml HTTP/1.1" 404 - "-" "Mozilla/5.0 AppleWebKit/537.36 (KHTML, like Gecko; compatible; GPTBot/1.2; +https://openai.com/gptbot)"
66.249.70.34 - - [01/Apr/2025:19:00:34 +0200] "GET /~illesf/temp/jozsga/vont_mech_1.jpg HTTP/1.1" 404 - "-" "Googlebot-Image/1.0"
20.171.207.38 - - [01/Apr/2025:19:00:39 +0200] "GET /biztkomm/702.shtml HTTP/1.1" 404 - "-" "Mozilla/5.0 AppleWebKit/537.36 (KHTML, like Gecko; compatible; GPTBot/1.2; +https://openai.com/gptbot)"
34.195.60.66 - - [01/Apr/2025:19:01:13 +0200] "GET /robots.txt HTTP/1.1" 404 - "-" "Mozilla/5.0 AppleWebKit/537.36 (KHTML, like Gecko; compatible; Amazonbot/0.1; +https://developer.amazon.com/support/amazonbot) Chrome/119.0.6045.214 Safari/537.36"
3.213.106.226 - - [01/Apr/2025:19:01:17 +0200] "GET /img_upload/1ea9642555433df5535758b1af9ca9e9/2006oktoberhirlevel.pdf HTTP/1.1" 404 - "-" "Mozilla/5.0 AppleWebKit/537.36 (KHTML, like Gecko; compatible; Amazonbot/0.1; +https://developer.amazon.com/support/amazonbot) Chrome/119.0.6045.214 Safari/537.36"
196.251.92.59 - - [01/Apr/2025:19:06:13 +0200] "GET / HTTP/1.1" 302 288 "-" "Mozilla/5.0 (Windows NT 10.0; WOW64; rv:47.0) Gecko/20100101 Firefox/47.0"
196.251.92.59 - - [01/Apr/2025:19:06:13 +0200] "GET / HTTP/1.1" 302 288 "-" "Mozilla/5.0 (Windows NT 10.0; WOW64; rv:47.0) Gecko/20100101 Firefox/47.0"
196.251.92.59 - - [01/Apr/2025:19:06:25 +0200] "GET / HTTP/1.1" 302 288 "-" "Mozilla/5.0 (Windows NT 10.0; WOW64; rv:47.0) Gecko/20100101 Firefox/47.0"
20.171.207.38 - - [01/Apr/2025:19:07:19 +0200] "GET /biztkomm/702.shtml HTTP/1.1" 404 - "-" "Mozilla/5.0 AppleWebKit/537.36 (KHTML, like Gecko; compatible; GPTBot/1.2; +https://openai.com/gptbot)"
66.249.70.33 - - [01/Apr/2025:19:08:04 +0200] "GET /~fjoo/Yello-cap2.jpg HTTP/1.1" 404 - "-" "Googlebot-Image/1.0"
196.251.92.59 - - [01/Apr/2025:19:09:01 +0200] "GET / HTTP/1.1" 302 288 "-" "Mozilla/5.0 (Windows NT 10.0; WOW64; rv:47.0) Gecko/20100101 Firefox/47.0"
196.251.92.59 - - [01/Apr/2025:19:09:03 +0200] "GET / HTTP/1.1" 302 288 "-" "Mozilla/5.0 (Windows NT 10.0; WOW64; rv:47.0) Gecko/20100101 Firefox/47.0"
66.249.70.33 - - [01/Apr/2025:19:09:14 +0200] "GET /img_upload/cb39111eba7a31c9c0e48686fa8e3c87/P_002550.pdf HTTP/1.1" 404 - "-" "Googlebot/2.1 (+http://www.google.com/bot.html)"
213.180.203.54 - - [01/Apr/2025:19:12:41 +0200] "GET /robots.txt HTTP/1.1" 404 - "-" "Mozilla/5.0 (compatible; YandexBot/3.0; +http://yandex.com/bots)"
213.180.203.21 - - [01/Apr/2025:19:12:42 +0200] "GET /cikk.shtml?x=45794 HTTP/1.1" 404 - "-" "Mozilla/5.0 (compatible; YandexBot/3.0; +http://yandex.com/bots)"
154.83.103.12 - - [01/Apr/2025:19:15:15 +0200] "GET /.git/HEAD HTTP/1.1" 404 - "-" "-"
154.83.103.12 - - [01/Apr/2025:19:15:16 +0200] "GET /.circleci/configs/development.yml HTTP/1.1" 404 - "-" "Mozilla/5.0 (Windows NT 10.0; Win64; x64) AppleWebKit/537.36 (KHTML, like Gecko) Chrome/91.0.4472.124 Safari/537.36"
154.83.103.12 - - [01/Apr/2025:19:15:16 +0200] "GET / HTTP/1.1" 404 - "-" "Mozilla/5.0 (Windows NT 10.0; Win64; x64) AppleWebKit/537.36 (KHTML, like Gecko) Chrome/91.0.4472.124 Safari/537.36"
154.83.103.12 - - [01/Apr/2025:19:15:16 +0200] "GET /.AWS_/credentials HTTP/1.1" 404 - "-" "Mozilla/5.0 (Windows NT 10.0; Win64; x64) AppleWebKit/537.36 (KHTML, like Gecko) Chrome/91.0.4472.124 Safari/537.36"
154.83.103.12 - - [01/Apr/2025:19:15:16 +0200] "GET /.aws/config HTTP/1.1" 404 - "-" "Mozilla/5.0 (Windows NT 10.0; Win64; x64) AppleWebKit/537.36 (KHTML, like Gecko) Chrome/91.0.4472.124 Safari/537.36"
154.83.103.12 - - [01/Apr/2025:19:15:17 +0200] "GET /.aws/credentials HTTP/1.1" 404 - "-" "Mozilla/5.0 (Windows NT 10.0; Win64; x64) AppleWebKit/537.36 (KHTML, like Gecko) Chrome/91.0.4472.124 Safari/537.36"
154.83.103.12 - - [01/Apr/2025:19:15:27 +0200] "GET /.env.bak HTTP/1.1" 404 - "-" "Mozilla/5.0 (Windows NT 10.0; Win64; x64) AppleWebKit/537.36 (KHTML, like Gecko) Chrome/91.0.4472.124 Safari/537.36"
154.83.103.12 - - [01/Apr/2025:19:15:27 +0200] "GET /.env.example HTTP/1.1" 404 - "-" "Mozilla/5.0 (Windows NT 10.0; Win64; x64) AppleWebKit/537.36 (KHTML, like Gecko) Chrome/91.0.4472.124 Safari/537.36"
154.83.103.12 - - [01/Apr/2025:19:15:28 +0200] "GET /.env.local HTTP/1.1" 404 - "-" "Mozilla/5.0 (Windows NT 10.0; Win64; x64) AppleWebKit/537.36 (KHTML, like Gecko) Chrome/91.0.4472.124 Safari/537.36"
154.83.103.12 - - [01/Apr/2025:19:15:28 +0200] "GET /.env.old HTTP/1.1" 404 - "-" "Mozilla/5.0 (Windows NT 10.0; Win64; x64) AppleWebKit/537.36 (KHTML, like Gecko) Chrome/91.0.4472.124 Safari/537.36"
154.83.103.12 - - [01/Apr/2025:19:15:28 +0200] "GET /.env.prod HTTP/1.1" 404 - "-" "Mozilla/5.0 (Windows NT 10.0; Win64; x64) AppleWebKit/537.36 (KHTML, like Gecko) Chrome/91.0.4472.124 Safari/537.36"
154.83.103.12 - - [01/Apr/2025:19:15:28 +0200] "GET /.env.production.local HTTP/1.1" 404 - "-" "Mozilla/5.0 (Windows NT 10.0; Win64; x64) AppleWebKit/537.36 (KHTML, like Gecko) Chrome/91.0.4472.124 Safari/537.36"
154.83.103.12 - - [01/Apr/2025:19:15:29 +0200] "GET /.env.stage HTTP/1.1" 404 - "-" "Mozilla/5.0 (Windows NT 10.0; Win64; x64) AppleWebKit/537.36 (KHTML, like Gecko) Chrome/91.0.4472.124 Safari/537.36"
154.83.103.12 - - [01/Apr/2025:19:15:29 +0200] "GET /.env_sample HTTP/1.1" 404 - "-" "Mozilla/5.0 (Windows NT 10.0; Win64; x64) AppleWebKit/537.36 (KHTML, like Gecko) Chrome/91.0.4472.124 Safari/537.36"
154.83.103.12 - - [01/Apr/2025:19:15:33 +0200] "GET /.git/COMMIT_EDITMSG HTTP/1.1" 404 - "-" "Mozilla/5.0 (Windows NT 10.0; Win64; x64) AppleWebKit/537.36 (KHTML, like Gecko) Chrome/91.0.4472.124 Safari/537.36"
154.83.103.12 - - [01/Apr/2025:19:15:33 +0200] "GET /.git/FETCH_HEAD HTTP/1.1" 404 - "-" "Mozilla/5.0 (Windows NT 10.0; Win64; x64) AppleWebKit/537.36 (KHTML, like Gecko) Chrome/91.0.4472.124 Safari/537.36"
154.83.103.12 - - [01/Apr/2025:19:15:34 +0200] "GET /.git/HEAD HTTP/1.1" 404 - "-" "Mozilla/5.0 (Windows NT 10.0; Win64; x64) AppleWebKit/537.36 (KHTML, like Gecko) Chrome/91.0.4472.124 Safari/537.36"
154.83.103.12 - - [01/Apr/2025:19:15:34 +0200] "GET /.git/ORIG_HEAD HTTP/1.1" 404 - "-" "Mozilla/5.0 (Windows NT 10.0; Win64; x64) AppleWebKit/537.36 (KHTML, like Gecko) Chrome/91.0.4472.124 Safari/537.36"
154.83.103.12 - - [01/Apr/2025:19:15:34 +0200] "GET /.git/config HTTP/1.1" 404 - "-" "Mozilla/5.0 (Windows NT 10.0; Win64; x64) AppleWebKit/537.36 (KHTML, like Gecko) Chrome/91.0.4472.124 Safari/537.36"
154.83.103.12 - - [01/Apr/2025:19:15:46 +0200] "GET /.git/hooks/post-commit HTTP/1.1" 404 - "-" "Mozilla/5.0 (Windows NT 10.0; Win64; x64) AppleWebKit/537.36 (KHTML, like Gecko) Chrome/91.0.4472.124 Safari/537.36"
154.83.103.12 - - [01/Apr/2025:19:15:46 +0200] "GET /.git/hooks/pre-commit HTTP/1.1" 404 - "-" "Mozilla/5.0 (Windows NT 10.0; Win64; x64) AppleWebKit/537.36 (KHTML, like Gecko) Chrome/91.0.4472.124 Safari/537.36"
154.83.103.12 - - [01/Apr/2025:19:15:46 +0200] "GET /.git/hooks/pre-push HTTP/1.1" 404 - "-" "Mozilla/5.0 (Windows NT 10.0; Win64; x64) AppleWebKit/537.36 (KHTML, like Gecko) Chrome/91.0.4472.124 Safari/537.36"
154.83.103.12 - - [01/Apr/2025:19:15:46 +0200] "GET /.git/index HTTP/1.1" 404 - "-" "Mozilla/5.0 (Windows NT 10.0; Win64; x64) AppleWebKit/537.36 (KHTML, like Gecko) Chrome/91.0.4472.124 Safari/537.36"
154.83.103.12 - - [01/Apr/2025:19:15:46 +0200] "GET /.git/info/exclude HTTP/1.1" 404 - "-" "Mozilla/5.0 (Windows NT 10.0; Win64; x64) AppleWebKit/537.36 (KHTML, like Gecko) Chrome/91.0.4472.124 Safari/537.36"
154.83.103.12 - - [01/Apr/2025:19:15:46 +0200] "GET /.git/logs/HEAD HTTP/1.1" 404 - "-" "Mozilla/5.0 (Windows NT 10.0; Win64; x64) AppleWebKit/537.36 (KHTML, like Gecko) Chrome/91.0.4472.124 Safari/537.36"
154.83.103.12 - - [01/Apr/2025:19:15:46 +0200] "GET /.git/logs/refs/heads/master HTTP/1.1" 404 - "-" "Mozilla/5.0 (Windows NT 10.0; Win64; x64) AppleWebKit/537.36 (KHTML, like Gecko) Chrome/91.0.4472.124 Safari/537.36"
154.83.103.12 - - [01/Apr/2025:19:15:46 +0200] "GET /.git/logs/refs/remotes/origin/HEAD HTTP/1.1" 404 - "-" "Mozilla/5.0 (Windows NT 10.0; Win64; x64) AppleWebKit/537.36 (KHTML, like Gecko) Chrome/91.0.4472.124 Safari/537.36"
20.171.207.38 - - [01/Apr/2025:19:18:16 +0200] "GET / HTTP/1.1" 404 - "-" "Mozilla/5.0 AppleWebKit/537.36 (KHTML, like Gecko; compatible; GPTBot/1.2; +https://openai.com/gptbot)"
196.251.92.59 - - [01/Apr/2025:19:21:00 +0200] "GET / HTTP/1.1" 302 288 "-" "Mozilla/5.0 (Windows NT 10.0; WOW64; rv:47.0) Gecko/20100101 Firefox/47.0"
20.171.207.38 - - [01/Apr/2025:19:24:02 +0200] "GET /biztkomm/702.shtml HTTP/1.1" 404 - "-" "Mozilla/5.0 AppleWebKit/537.36 (KHTML, like Gecko; compatible; GPTBot/1.2; +https://openai.com/gptbot)"
66.249.70.34 - - [01/Apr/2025:19:27:23 +0200] "GET /img_upload/cb39111eba7a31c9c0e48686fa8e3c87/jnp_loglin.pdf HTTP/1.1" 404 - "-" "Googlebot/2.1 (+http://www.google.com/bot.html)"
20.171.207.38 - - [01/Apr/2025:19:29:34 +0200] "GET / HTTP/1.1" 404 - "-" "Mozilla/5.0 AppleWebKit/537.36 (KHTML, like Gecko; compatible; GPTBot/1.2; +https://openai.com/gptbot)"
20.171.207.38 - - [01/Apr/2025:19:32:41 +0200] "GET /biztkomm/702.shtml HTTP/1.1" 404 - "-" "Mozilla/5.0 AppleWebKit/537.36 (KHTML, like Gecko; compatible; GPTBot/1.2; +https://openai.com/gptbot)"
20.171.207.38 - - [01/Apr/2025:19:35:32 +0200] "GET /help/ch01s02.shtml HTTP/1.1" 404 - "-" "Mozilla/5.0 AppleWebKit/537.36 (KHTML, like Gecko; compatible; GPTBot/1.2; +https://openai.com/gptbot)"
20.171.207.38 - - [01/Apr/2025:19:36:55 +0200] "GET /biztkomm/702.shtml HTTP/1.1" 404 - "-" "Mozilla/5.0 AppleWebKit/537.36 (KHTML, like Gecko; compatible; GPTBot/1.2; +https://openai.com/gptbot)"
66.249.70.32 - - [01/Apr/2025:19:38:04 +0200] "GET /fjoo/PCD00186.jpg HTTP/1.1" 404 - "-" "Googlebot-Image/1.0"
3.135.223.175 - - [01/Apr/2025:19:38:12 +0200] "GET /robots.txt HTTP/1.1" 404 - "-" "Mozilla/5.0 AppleWebKit/537.36 (KHTML, like Gecko; compatible; ClaudeBot/1.0; +claudebot@anthropic.com)"
3.135.223.175 - - [01/Apr/2025:19:38:13 +0200] "GET /tiszateszt HTTP/1.1" 404 - "-" "Mozilla/5.0 AppleWebKit/537.36 (KHTML, like Gecko; compatible; ClaudeBot/1.0; +claudebot@anthropic.com)"
66.249.70.33 - - [01/Apr/2025:19:45:34 +0200] "GET /fjoo/PCD00388.jpg HTTP/1.1" 404 - "-" "Googlebot-Image/1.0"
66.249.70.32 - - [01/Apr/2025:19:53:04 +0200] "GET /fjoo/muki_m2.jpg HTTP/1.1" 404 - "-" "Googlebot-Image/1.0"
66.249.70.34 - - [01/Apr/2025:20:00:34 +0200] "GET /~fjoo/temp/Kobanya1.jpg HTTP/1.1" 404 - "-" "Googlebot-Image/1.0"
20.171.207.38 - - [01/Apr/2025:20:01:27 +0200] "GET / HTTP/1.1" 404 - "-" "Mozilla/5.0 AppleWebKit/537.36 (KHTML, like Gecko; compatible; GPTBot/1.2; +https://openai.com/gptbot)"
220.181.124.126 - - [01/Apr/2025:20:01:58 +0200] "GET / HTTP/1.1" 404 - "-" "Mozilla/5.0 (iPhone; CPU iPhone OS 13_6 like Mac OS X) AppleWebKit/605.1.15 (KHTML, like Gecko) Version/13.1.2 Mobile/15E148 Safari/604.1"
8.210.153.23 - - [01/Apr/2025:20:02:03 +0200] "HEAD /robots.txt HTTP/1.1" 404 - "-" "Mozilla/5.0 (Windows NT 6.2; Win64; x64) AppleWebKit/537.36 (KHTML, like Gecko) Chrome/71.0.3340.71 Safari/537.36"
8.210.153.23 - - [01/Apr/2025:20:02:03 +0200] "GET /robots.txt HTTP/1.1" 404 - "-" "Mozilla/5.0 (Windows NT 6.2; Win64; x64) AppleWebKit/537.36 (KHTML, like Gecko) Chrome/71.0.3340.71 Safari/537.36"
3.101.230.208 - - [01/Apr/2025:20:09:21 +0200] "HEAD / HTTP/1.1" 404 - "-" "bitdiscovery"
66.249.70.33 - - [01/Apr/2025:20:15:34 +0200] "GET /~fjoo/zsr131_1a.jpg HTTP/1.1" 404 - "-" "Googlebot-Image/1.0"
66.249.70.33 - - [01/Apr/2025:20:23:04 +0200] "GET /fjoo/temp/02_04_26/NOHAB3.jpg HTTP/1.1" 404 - "-" "Googlebot-Image/1.0"
20.171.207.38 - - [01/Apr/2025:20:34:50 +0200] "GET / HTTP/1.1" 404 - "-" "Mozilla/5.0 AppleWebKit/537.36 (KHTML, like Gecko; compatible; GPTBot/1.2; +https://openai.com/gptbot)"
66.249.70.33 - - [01/Apr/2025:20:36:54 +0200] "GET /fjoo/temp/2761-017_Felsogalla_040920_Mercia_150dpi.jpg HTTP/1.1" 404 - "-" "Googlebot-Image/1.0"
170.106.193.108 - - [01/Apr/2025:20:42:14 +0200] "GET /mirror/bankwatch/ HTTP/1.1" 404 - "-" "Mozilla/5.0 (iPhone; CPU iPhone OS 13_2_3 like Mac OS X) AppleWebKit/605.1.15 (KHTML, like Gecko) Version/13.0.3 Mobile/15E148 Safari/604.1"
164.68.127.230 - - [01/Apr/2025:20:52:10 +0200] "GET / HTTP/1.1" 404 - "-" "Mozilla/5.0 (compatible; t3versionsBot/1.0; +https://www.t3versions.com/bot)"
20.171.207.38 - - [01/Apr/2025:20:54:38 +0200] "GET /help/ch01s02.shtml HTTP/1.1" 404 - "-" "Mozilla/5.0 AppleWebKit/537.36 (KHTML, like Gecko; compatible; GPTBot/1.2; +https://openai.com/gptbot)"
20.171.207.38 - - [01/Apr/2025:20:54:50 +0200] "GET /help/ch01s02.shtml HTTP/1.1" 404 - "-" "Mozilla/5.0 AppleWebKit/537.36 (KHTML, like Gecko; compatible; GPTBot/1.2; +https://openai.com/gptbot)"
66.249.70.33 - - [01/Apr/2025:21:01:42 +0200] "GET /fjoo/temp/02_05_26/312_110_Sezana.jpg HTTP/1.1" 404 - "-" "Googlebot-Image/1.0"
217.147.172.206 - - [01/Apr/2025:21:04:01 +0200] "GET /mirror/bankwatch/ HTTP/1.0" 404 - "http://www.zpok.hu/mirror/bankwatch/" "Mozilla/4.0 (compatible; MSIE 6.0; Windows NT 5.1; SV1; .NET CLR 2.0.50727)"
20.171.207.38 - - [01/Apr/2025:21:05:32 +0200] "GET /biztkomm/702.shtml HTTP/1.1" 404 - "-" "Mozilla/5.0 AppleWebKit/537.36 (KHTML, like Gecko; compatible; GPTBot/1.2; +https://openai.com/gptbot)"
66.249.70.34 - - [01/Apr/2025:21:08:38 +0200] "GET /~fjoo/PCD00521.jpg HTTP/1.1" 404 - "-" "Googlebot-Image/1.0"
213.180.203.155 - - [01/Apr/2025:21:08:47 +0200] "GET /robots.txt HTTP/1.1" 404 - "-" "Mozilla/5.0 (compatible; YandexBot/3.0; +http://yandex.com/bots)"
87.250.224.226 - - [01/Apr/2025:21:08:48 +0200] "GET /eletfa HTTP/1.1" 404 - "-" "Mozilla/5.0 (compatible; YandexBot/3.0; +http://yandex.com/bots)"
20.171.207.38 - - [01/Apr/2025:21:10:17 +0200] "GET / HTTP/1.1" 404 - "-" "Mozilla/5.0 AppleWebKit/537.36 (KHTML, like Gecko; compatible; GPTBot/1.2; +https://openai.com/gptbot)"
87.250.224.98 - - [01/Apr/2025:21:13:52 +0200] "GET /robots.txt HTTP/1.1" 404 - "-" "Mozilla/5.0 (compatible; YandexBot/3.0; +http://yandex.com/bots)"
5.255.231.153 - - [01/Apr/2025:21:13:52 +0200] "GET /cikk.shtml?x=30510 HTTP/1.1" 404 - "-" "Mozilla/5.0 (compatible; YandexBot/3.0; +http://yandex.com/bots)"
51.68.219.148 - - [01/Apr/2025:21:15:02 +0200] "GET / HTTP/1.1" 302 288 "-" "Mozilla/5.0 (Windows NT 10.0; WOW64; rv:47.0) Gecko/20100101 Firefox/47.0"
51.68.219.148 - - [01/Apr/2025:21:15:02 +0200] "GET / HTTP/1.1" 302 288 "-" "Mozilla/5.0 (Windows NT 10.0; WOW64; rv:47.0) Gecko/20100101 Firefox/47.0"
51.68.219.148 - - [01/Apr/2025:21:15:03 +0200] "GET / HTTP/1.1" 302 288 "-" "Mozilla/5.0 (Windows NT 10.0; WOW64; rv:47.0) Gecko/20100101 Firefox/47.0"
51.68.219.148 - - [01/Apr/2025:21:15:03 +0200] "GET / HTTP/1.1" 302 288 "-" "Mozilla/5.0 (Windows NT 10.0; WOW64; rv:47.0) Gecko/20100101 Firefox/47.0"
20.171.207.38 - - [01/Apr/2025:21:19:03 +0200] "GET /biztkomm/702.shtml HTTP/1.1" 404 - "-" "Mozilla/5.0 AppleWebKit/537.36 (KHTML, like Gecko; compatible; GPTBot/1.2; +https://openai.com/gptbot)"
5.255.231.54 - - [01/Apr/2025:21:24:22 +0200] "GET /cyanide/baiamare/news.htm HTTP/1.1" 404 - "-" "Mozilla/5.0 (compatible; YandexBot/3.0; +http://yandex.com/bots)"
20.171.207.38 - - [01/Apr/2025:21:25:29 +0200] "GET /biztkomm/702.shtml HTTP/1.1" 404 - "-" "Mozilla/5.0 AppleWebKit/537.36 (KHTML, like Gecko; compatible; GPTBot/1.2; +https://openai.com/gptbot)"
20.171.207.38 - - [01/Apr/2025:21:26:06 +0200] "GET /biztkomm/702.shtml HTTP/1.1" 404 - "-" "Mozilla/5.0 AppleWebKit/537.36 (KHTML, like Gecko; compatible; GPTBot/1.2; +https://openai.com/gptbot)"
20.171.207.38 - - [01/Apr/2025:21:29:52 +0200] "GET /biztkomm/702.shtml HTTP/1.1" 404 - "-" "Mozilla/5.0 AppleWebKit/537.36 (KHTML, like Gecko; compatible; GPTBot/1.2; +https://openai.com/gptbot)"
20.171.207.38 - - [01/Apr/2025:21:31:59 +0200] "GET /biztkomm/702.shtml HTTP/1.1" 404 - "-" "Mozilla/5.0 AppleWebKit/537.36 (KHTML, like Gecko; compatible; GPTBot/1.2; +https://openai.com/gptbot)"
20.171.207.38 - - [01/Apr/2025:21:33:01 +0200] "GET / HTTP/1.1" 404 - "-" "Mozilla/5.0 AppleWebKit/537.36 (KHTML, like Gecko; compatible; GPTBot/1.2; +https://openai.com/gptbot)"
20.171.207.38 - - [01/Apr/2025:21:33:27 +0200] "GET /biztkomm/702.shtml HTTP/1.1" 404 - "-" "Mozilla/5.0 AppleWebKit/537.36 (KHTML, like Gecko; compatible; GPTBot/1.2; +https://openai.com/gptbot)"
217.147.172.206 - - [01/Apr/2025:21:36:41 +0200] "GET /mirror/bankwatch/ HTTP/1.0" 404 - "http://www.zpok.hu/mirror/bankwatch/" "Mozilla/4.0 (compatible; MSIE 6.0; Windows NT 5.1; SV1; .NET CLR 2.0.50727)"
20.171.207.38 - - [01/Apr/2025:21:42:17 +0200] "GET /biztkomm/702.shtml HTTP/1.1" 404 - "-" "Mozilla/5.0 AppleWebKit/537.36 (KHTML, like Gecko; compatible; GPTBot/1.2; +https://openai.com/gptbot)"
4.227.36.98 - - [01/Apr/2025:21:50:13 +0200] "GET /robots.txt HTTP/1.1" 404 - "-" "Mozilla/5.0 AppleWebKit/537.36 (KHTML, like Gecko; compatible; GPTBot/1.2; +https://openai.com/gptbot)"
20.171.207.38 - - [01/Apr/2025:21:50:14 +0200] "GET /biztkomm/702.shtml HTTP/1.1" 404 - "-" "Mozilla/5.0 AppleWebKit/537.36 (KHTML, like Gecko; compatible; GPTBot/1.2; +https://openai.com/gptbot)"
20.171.207.38 - - [01/Apr/2025:21:51:44 +0200] "GET / HTTP/1.1" 404 - "-" "Mozilla/5.0 AppleWebKit/537.36 (KHTML, like Gecko; compatible; GPTBot/1.2; +https://openai.com/gptbot)"
20.171.207.38 - - [01/Apr/2025:21:53:13 +0200] "GET / HTTP/1.1" 404 - "-" "Mozilla/5.0 AppleWebKit/537.36 (KHTML, like Gecko; compatible; GPTBot/1.2; +https://openai.com/gptbot)"
4.227.36.54 - - [01/Apr/2025:21:54:10 +0200] "GET /robots.txt HTTP/1.1" 404 - "-" "Mozilla/5.0 AppleWebKit/537.36 (KHTML, like Gecko; compatible; GPTBot/1.2; +https://openai.com/gptbot)"
20.171.207.160 - - [01/Apr/2025:21:54:11 +0200] "GET / HTTP/1.1" 404 - "-" "Mozilla/5.0 AppleWebKit/537.36 (KHTML, like Gecko; compatible; GPTBot/1.2; +https://openai.com/gptbot)"
66.249.70.32 - - [01/Apr/2025:21:55:56 +0200] "GET /img_upload/cb39111eba7a31c9c0e48686fa8e3c87/AcsMallomonas.pdf HTTP/1.1" 404 - "-" "Googlebot/2.1 (+http://www.google.com/bot.html)"
20.171.207.38 - - [01/Apr/2025:21:57:05 +0200] "GET /help/ch01s02.shtml HTTP/1.1" 404 - "-" "Mozilla/5.0 AppleWebKit/537.36 (KHTML, like Gecko; compatible; GPTBot/1.2; +https://openai.com/gptbot)"
20.171.207.38 - - [01/Apr/2025:21:59:13 +0200] "GET / HTTP/1.1" 404 - "-" "Mozilla/5.0 AppleWebKit/537.36 (KHTML, like Gecko; compatible; GPTBot/1.2; +https://openai.com/gptbot)"
20.171.207.38 - - [01/Apr/2025:22:24:19 +0200] "GET / HTTP/1.1" 404 - "-" "Mozilla/5.0 AppleWebKit/537.36 (KHTML, like Gecko; compatible; GPTBot/1.2; +https://openai.com/gptbot)"
3.142.243.141 - - [01/Apr/2025:22:35:29 +0200] "GET /robots.txt HTTP/1.1" 404 - "-" "Mozilla/5.0 AppleWebKit/537.36 (KHTML, like Gecko; compatible; ClaudeBot/1.0; +claudebot@anthropic.com)"
3.142.243.141 - - [01/Apr/2025:22:35:29 +0200] "GET /~utf HTTP/1.1" 404 - "-" "Mozilla/5.0 AppleWebKit/537.36 (KHTML, like Gecko; compatible; ClaudeBot/1.0; +claudebot@anthropic.com)"
94.142.141.230 - - [01/Apr/2025:22:47:52 +0200] "HEAD / HTTP/1.1" 404 - "https://botiktur.ru/" "Mozilla/2.0 (compatible; MSIE5.00; Windows 2006)"
20.171.207.38 - - [01/Apr/2025:22:54:25 +0200] "GET /help/ch01s02.shtml HTTP/1.1" 404 - "-" "Mozilla/5.0 AppleWebKit/537.36 (KHTML, like Gecko; compatible; GPTBot/1.2; +https://openai.com/gptbot)"
20.171.207.38 - - [01/Apr/2025:22:54:38 +0200] "GET /help/ch01s02.shtml HTTP/1.1" 404 - "-" "Mozilla/5.0 AppleWebKit/537.36 (KHTML, like Gecko; compatible; GPTBot/1.2; +https://openai.com/gptbot)"
20.171.207.38 - - [01/Apr/2025:22:57:57 +0200] "GET / HTTP/1.1" 404 - "-" "Mozilla/5.0 AppleWebKit/537.36 (KHTML, like Gecko; compatible; GPTBot/1.2; +https://openai.com/gptbot)"
51.68.219.148 - - [01/Apr/2025:23:03:08 +0200] "GET / HTTP/1.1" 302 288 "-" "Mozilla/5.0 (Windows NT 10.0; WOW64; rv:47.0) Gecko/20100101 Firefox/47.0"
20.171.207.38 - - [01/Apr/2025:23:07:31 +0200] "GET / HTTP/1.1" 404 - "-" "Mozilla/5.0 AppleWebKit/537.36 (KHTML, like Gecko; compatible; GPTBot/1.2; +https://openai.com/gptbot)"
114.119.137.190 - - [01/Apr/2025:23:08:24 +0200] "GET /robots.txt HTTP/1.1" 404 - "-" "Mozilla/5.0 (compatible;PetalBot;+https://webmaster.petalsearch.com/site/petalbot)"
185.105.116.12 - - [01/Apr/2025:23:10:06 +0200] "HEAD / HTTP/1.1" 404 - "https://zooaquarium.ru/" "Mozilla/8.0 (compatible; MSIE7.00; Windows 2006)"
20.171.207.38 - - [01/Apr/2025:23:11:31 +0200] "GET /biztkomm/702.shtml HTTP/1.1" 404 - "-" "Mozilla/5.0 AppleWebKit/537.36 (KHTML, like Gecko; compatible; GPTBot/1.2; +https://openai.com/gptbot)"
45.89.67.190 - - [01/Apr/2025:23:19:13 +0200] "HEAD / HTTP/1.1" 404 - "https://www.sb-72.ru" "Mozilla/6.0 (compatible; MSIE4.00; Windows 2005)"
20.171.207.38 - - [01/Apr/2025:23:22:50 +0200] "GET /genmanipulacio/kepregeny/19a.htm HTTP/1.1" 404 - "-" "Mozilla/5.0 AppleWebKit/537.36 (KHTML, like Gecko; compatible; GPTBot/1.2; +https://openai.com/gptbot)"
20.171.207.38 - - [01/Apr/2025:23:22:53 +0200] "GET /genmanipulacio/kepregeny/szojegyzek.htm HTTP/1.1" 404 - "-" "Mozilla/5.0 AppleWebKit/537.36 (KHTML, like Gecko; compatible; GPTBot/1.2; +https://openai.com/gptbot)"
20.171.207.38 - - [01/Apr/2025:23:22:56 +0200] "GET /genmanipulacio/kepregeny/5.htm HTTP/1.1" 404 - "-" "Mozilla/5.0 AppleWebKit/537.36 (KHTML, like Gecko; compatible; GPTBot/1.2; +https://openai.com/gptbot)"
20.171.207.38 - - [01/Apr/2025:23:22:59 +0200] "GET /genmanipulacio/ HTTP/1.1" 404 - "-" "Mozilla/5.0 AppleWebKit/537.36 (KHTML, like Gecko; compatible; GPTBot/1.2; +https://openai.com/gptbot)"
20.171.207.38 - - [01/Apr/2025:23:23:02 +0200] "GET /genmanipulacio/kepregeny/bevezetes.htm HTTP/1.1" 404 - "-" "Mozilla/5.0 AppleWebKit/537.36 (KHTML, like Gecko; compatible; GPTBot/1.2; +https://openai.com/gptbot)"
20.171.207.38 - - [01/Apr/2025:23:23:05 +0200] "GET /genmanipulacio/kepregeny/6.htm HTTP/1.1" 404 - "-" "Mozilla/5.0 AppleWebKit/537.36 (KHTML, like Gecko; compatible; GPTBot/1.2; +https://openai.com/gptbot)"
20.171.207.38 - - [01/Apr/2025:23:23:09 +0200] "GET /genmanipulacio/kepregeny/3a.htm HTTP/1.1" 404 - "-" "Mozilla/5.0 AppleWebKit/537.36 (KHTML, like Gecko; compatible; GPTBot/1.2; +https://openai.com/gptbot)"
20.171.207.38 - - [01/Apr/2025:23:23:12 +0200] "GET /genmanipulacio/kepregeny/muveszek.htm HTTP/1.1" 404 - "-" "Mozilla/5.0 AppleWebKit/537.36 (KHTML, like Gecko; compatible; GPTBot/1.2; +https://openai.com/gptbot)"
20.171.207.38 - - [01/Apr/2025:23:23:15 +0200] "GET /genmanipulacio/kepregeny/2.htm HTTP/1.1" 404 - "-" "Mozilla/5.0 AppleWebKit/537.36 (KHTML, like Gecko; compatible; GPTBot/1.2; +https://openai.com/gptbot)"
20.171.207.38 - - [01/Apr/2025:23:23:18 +0200] "GET /genmanipulacio/kepregeny/24a.htm HTTP/1.1" 404 - "-" "Mozilla/5.0 AppleWebKit/537.36 (KHTML, like Gecko; compatible; GPTBot/1.2; +https://openai.com/gptbot)"
20.171.207.38 - - [01/Apr/2025:23:23:21 +0200] "GET /genmanipulacio/kepregeny/2a.htm HTTP/1.1" 404 - "-" "Mozilla/5.0 AppleWebKit/537.36 (KHTML, like Gecko; compatible; GPTBot/1.2; +https://openai.com/gptbot)"
20.171.207.38 - - [01/Apr/2025:23:23:24 +0200] "GET /genmanipulacio/kepregeny/3.htm HTTP/1.1" 404 - "-" "Mozilla/5.0 AppleWebKit/537.36 (KHTML, like Gecko; compatible; GPTBot/1.2; +https://openai.com/gptbot)"
