20.171.207.38 - - [01/Apr/2025:00:00:38 +0200] "GET /biztkomm/702.shtml HTTP/1.1" 404 - "-" "Mozilla/5.0 AppleWebKit/537.36 (KHTML, like Gecko; compatible; GPTBot/1.2; +https://openai.com/gptbot)"
20.171.207.38 - - [01/Apr/2025:00:00:58 +0200] "GET /biztkomm/702.shtml HTTP/1.1" 404 - "-" "Mozilla/5.0 AppleWebKit/537.36 (KHTML, like Gecko; compatible; GPTBot/1.2; +https://openai.com/gptbot)"
66.249.70.33 - - [01/Apr/2025:00:01:15 +0200] "GET /fjoo/temp/02_05_26/664_118_viaduct.jpg HTTP/1.1" 404 - "-" "Googlebot-Image/1.0"
20.171.207.38 - - [01/Apr/2025:00:01:43 +0200] "GET /biztkomm/702.shtml HTTP/1.1" 404 - "-" "Mozilla/5.0 AppleWebKit/537.36 (KHTML, like Gecko; compatible; GPTBot/1.2; +https://openai.com/gptbot)"
20.171.207.38 - - [01/Apr/2025:00:02:28 +0200] "GET /biztkomm/702.shtml HTTP/1.1" 404 - "-" "Mozilla/5.0 AppleWebKit/537.36 (KHTML, like Gecko; compatible; GPTBot/1.2; +https://openai.com/gptbot)"
194.67.210.77 - - [01/Apr/2025:00:02:54 +0200] "HEAD / HTTP/1.1" 404 - "https://www.ysoul.com/expert/bioenergetics" "Mozilla/2.0 (compatible; MSIE4.00; Windows 2009)"
43.159.149.216 - - [01/Apr/2025:00:06:09 +0200] "GET / HTTP/1.1" 404 - "-" "Mozilla/5.0 (iPhone; CPU iPhone OS 13_2_3 like Mac OS X) AppleWebKit/605.1.15 (KHTML, like Gecko) Version/13.0.3 Mobile/15E148 Safari/604.1"
52.15.53.236 - - [01/Apr/2025:00:08:24 +0200] "GET /robots.txt HTTP/1.1" 404 - "-" "Mozilla/5.0 AppleWebKit/537.36 (KHTML, like Gecko; compatible; ClaudeBot/1.0; +claudebot@anthropic.com)"
52.15.53.236 - - [01/Apr/2025:00:08:24 +0200] "GET /cikk.shtml?x=45781 HTTP/1.1" 404 - "-" "Mozilla/5.0 AppleWebKit/537.36 (KHTML, like Gecko; compatible; ClaudeBot/1.0; +claudebot@anthropic.com)"
194.67.207.55 - - [01/Apr/2025:00:08:28 +0200] "HEAD / HTTP/1.1" 404 - "https://topgear-online.ru" "Mozilla/8.0 (compatible; MSIE3.00; Windows 2002)"
185.105.116.12 - - [01/Apr/2025:00:08:38 +0200] "HEAD / HTTP/1.1" 404 - "https://net27.ru/sputnikovye-telephony-i-terminaly.html" "Mozilla/8.0 (compatible; MSIE6.00; Windows 2006)"
185.125.219.13 - - [01/Apr/2025:00:10:05 +0200] "HEAD / HTTP/1.1" 404 - "https://authenticatorsteamdesktop.com/" "Mozilla/4.0 (compatible; MSIE5.00; Windows 2005)"
194.67.207.9 - - [01/Apr/2025:00:11:08 +0200] "HEAD / HTTP/1.1" 404 - "https://dafy.site/" "Mozilla/3.0 (compatible; MSIE5.00; Windows 2005)"
173.244.58.149 - - [01/Apr/2025:00:11:14 +0200] "GET / HTTP/1.1" 404 - "-" "Mozilla/5.0 (Windows; U; Windows NT 6.1; en-US; rv:1.9.1.5) Gecko/20091102 Firefox/3.5.5 (.NET CLR 3.5.30729)"
194.67.207.94 - - [01/Apr/2025:00:12:08 +0200] "HEAD / HTTP/1.1" 404 - "https://sdasteam.com/" "Mozilla/2.0 (compatible; MSIE5.00; Windows 2004)"
185.5.249.185 - - [01/Apr/2025:00:12:10 +0200] "HEAD / HTTP/1.1" 404 - "https://b2b-letta.ru/product-category/stellazhi/" "Mozilla/2.0 (compatible; MSIE6.00; Windows 2006)"
20.171.207.38 - - [01/Apr/2025:00:13:36 +0200] "GET /img_upload/322859aa0578c5a894c85ecd18bf54d8/cenorm1.jpg HTTP/1.1" 404 - "-" "Mozilla/5.0 AppleWebKit/537.36 (KHTML, like Gecko; compatible; GPTBot/1.2; +https://openai.com/gptbot)"
20.171.207.38 - - [01/Apr/2025:00:15:29 +0200] "GET /img_upload/322859aa0578c5a894c85ecd18bf54d8/marcoszocalo4.jpg HTTP/1.1" 404 - "-" "Mozilla/5.0 AppleWebKit/537.36 (KHTML, like Gecko; compatible; GPTBot/1.2; +https://openai.com/gptbot)"
20.171.207.38 - - [01/Apr/2025:00:15:32 +0200] "GET /img_upload/322859aa0578c5a894c85ecd18bf54d8/engel.jpg HTTP/1.1" 404 - "-" "Mozilla/5.0 AppleWebKit/537.36 (KHTML, like Gecko; compatible; GPTBot/1.2; +https://openai.com/gptbot)"
20.171.207.38 - - [01/Apr/2025:00:15:35 +0200] "GET /img_upload/322859aa0578c5a894c85ecd18bf54d8/otracampana116.jpg HTTP/1.1" 404 - "-" "Mozilla/5.0 AppleWebKit/537.36 (KHTML, like Gecko; compatible; GPTBot/1.2; +https://openai.com/gptbot)"
20.171.207.38 - - [01/Apr/2025:00:15:39 +0200] "GET /img_upload/322859aa0578c5a894c85ecd18bf54d8/marcosfuckit.jpg HTTP/1.1" 404 - "-" "Mozilla/5.0 AppleWebKit/537.36 (KHTML, like Gecko; compatible; GPTBot/1.2; +https://openai.com/gptbot)"
20.171.207.38 - - [01/Apr/2025:00:15:42 +0200] "GET /img_upload/be54694605bbfec644dcd2ea3afc74e6/DSC07669_bw.JPG HTTP/1.1" 404 - "-" "Mozilla/5.0 AppleWebKit/537.36 (KHTML, like Gecko; compatible; GPTBot/1.2; +https://openai.com/gptbot)"
20.171.207.38 - - [01/Apr/2025:00:15:59 +0200] "GET /img_upload/322859aa0578c5a894c85ecd18bf54d8/otracampana116.jpg HTTP/1.1" 404 - "-" "Mozilla/5.0 AppleWebKit/537.36 (KHTML, like Gecko; compatible; GPTBot/1.2; +https://openai.com/gptbot)"
20.171.207.38 - - [01/Apr/2025:00:16:06 +0200] "GET /img_upload/322859aa0578c5a894c85ecd18bf54d8/ujpest1.jpg HTTP/1.1" 404 - "-" "Mozilla/5.0 AppleWebKit/537.36 (KHTML, like Gecko; compatible; GPTBot/1.2; +https://openai.com/gptbot)"
20.171.207.38 - - [01/Apr/2025:00:16:11 +0200] "GET /img_upload/be54694605bbfec644dcd2ea3afc74e6/DSC07669_bw.JPG HTTP/1.1" 404 - "-" "Mozilla/5.0 AppleWebKit/537.36 (KHTML, like Gecko; compatible; GPTBot/1.2; +https://openai.com/gptbot)"
66.249.70.34 - - [01/Apr/2025:00:16:15 +0200] "GET /~fjoo/zsr131_2b.jpg HTTP/1.1" 404 - "-" "Googlebot-Image/1.0"
20.171.207.38 - - [01/Apr/2025:00:17:08 +0200] "GET /img_upload/322859aa0578c5a894c85ecd18bf54d8/kicsi.jpg HTTP/1.1" 404 - "-" "Mozilla/5.0 AppleWebKit/537.36 (KHTML, like Gecko; compatible; GPTBot/1.2; +https://openai.com/gptbot)"
20.171.207.38 - - [01/Apr/2025:00:17:11 +0200] "GET /img_upload/322859aa0578c5a894c85ecd18bf54d8/kissme_kicsi.jpg HTTP/1.1" 404 - "-" "Mozilla/5.0 AppleWebKit/537.36 (KHTML, like Gecko; compatible; GPTBot/1.2; +https://openai.com/gptbot)"
20.171.207.38 - - [01/Apr/2025:00:17:36 +0200] "GET /img_upload/322859aa0578c5a894c85ecd18bf54d8/cenorm1.jpg HTTP/1.1" 404 - "-" "Mozilla/5.0 AppleWebKit/537.36 (KHTML, like Gecko; compatible; GPTBot/1.2; +https://openai.com/gptbot)"
20.171.207.38 - - [01/Apr/2025:00:18:41 +0200] "GET /img_upload/322859aa0578c5a894c85ecd18bf54d8/gyurcsany_viktor.jpg HTTP/1.1" 404 - "-" "Mozilla/5.0 AppleWebKit/537.36 (KHTML, like Gecko; compatible; GPTBot/1.2; +https://openai.com/gptbot)"
20.171.207.38 - - [01/Apr/2025:00:18:44 +0200] "GET /help/ch01s02.shtml HTTP/1.1" 404 - "-" "Mozilla/5.0 AppleWebKit/537.36 (KHTML, like Gecko; compatible; GPTBot/1.2; +https://openai.com/gptbot)"
193.124.191.92 - - [01/Apr/2025:00:18:45 +0200] "HEAD / HTTP/1.1" 404 - "https://pr-gid.ru/blog/obuchenie-veb-dizajnu-luchshie-onlajn-kursy-dlya-tvorcheskogo-razvitiya/" "Mozilla/8.0 (compatible; MSIE2.00; Windows 2003)"
20.171.207.38 - - [01/Apr/2025:00:18:58 +0200] "GET /img_upload/be54694605bbfec644dcd2ea3afc74e6/klub0319.jpg HTTP/1.1" 404 - "-" "Mozilla/5.0 AppleWebKit/537.36 (KHTML, like Gecko; compatible; GPTBot/1.2; +https://openai.com/gptbot)"
20.171.207.38 - - [01/Apr/2025:00:24:13 +0200] "GET /img_upload/322859aa0578c5a894c85ecd18bf54d8/cenorm1.jpg HTTP/1.1" 404 - "-" "Mozilla/5.0 AppleWebKit/537.36 (KHTML, like Gecko; compatible; GPTBot/1.2; +https://openai.com/gptbot)"
20.171.207.38 - - [01/Apr/2025:00:25:11 +0200] "GET /img_upload/322859aa0578c5a894c85ecd18bf54d8/cenorm1.jpg HTTP/1.1" 404 - "-" "Mozilla/5.0 AppleWebKit/537.36 (KHTML, like Gecko; compatible; GPTBot/1.2; +https://openai.com/gptbot)"
20.171.207.38 - - [01/Apr/2025:00:26:04 +0200] "GET /img_upload/322859aa0578c5a894c85ecd18bf54d8/cenorm1.jpg HTTP/1.1" 404 - "-" "Mozilla/5.0 AppleWebKit/537.36 (KHTML, like Gecko; compatible; GPTBot/1.2; +https://openai.com/gptbot)"
20.171.207.38 - - [01/Apr/2025:00:26:48 +0200] "GET /img_upload/322859aa0578c5a894c85ecd18bf54d8/cenorm1.jpg HTTP/1.1" 404 - "-" "Mozilla/5.0 AppleWebKit/537.36 (KHTML, like Gecko; compatible; GPTBot/1.2; +https://openai.com/gptbot)"
94.142.141.230 - - [01/Apr/2025:00:27:27 +0200] "HEAD / HTTP/1.1" 404 - "https://sverhestestvennoe.name/seasons/9s-31/" "Mozilla/5.0 (compatible; MSIE7.00; Windows 2008)"
20.171.207.38 - - [01/Apr/2025:00:27:29 +0200] "GET /img_upload/322859aa0578c5a894c85ecd18bf54d8/cenorm1.jpg HTTP/1.1" 404 - "-" "Mozilla/5.0 AppleWebKit/537.36 (KHTML, like Gecko; compatible; GPTBot/1.2; +https://openai.com/gptbot)"
20.171.207.38 - - [01/Apr/2025:00:28:07 +0200] "GET /img_upload/322859aa0578c5a894c85ecd18bf54d8/cenorm1.jpg HTTP/1.1" 404 - "-" "Mozilla/5.0 AppleWebKit/537.36 (KHTML, like Gecko; compatible; GPTBot/1.2; +https://openai.com/gptbot)"
20.171.207.38 - - [01/Apr/2025:00:29:11 +0200] "GET /biztkomm/702.shtml HTTP/1.1" 404 - "-" "Mozilla/5.0 AppleWebKit/537.36 (KHTML, like Gecko; compatible; GPTBot/1.2; +https://openai.com/gptbot)"
20.171.207.38 - - [01/Apr/2025:00:29:56 +0200] "GET /biztkomm/702.shtml HTTP/1.1" 404 - "-" "Mozilla/5.0 AppleWebKit/537.36 (KHTML, like Gecko; compatible; GPTBot/1.2; +https://openai.com/gptbot)"
20.171.207.38 - - [01/Apr/2025:00:30:16 +0200] "GET /biztkomm/702.shtml HTTP/1.1" 404 - "-" "Mozilla/5.0 AppleWebKit/537.36 (KHTML, like Gecko; compatible; GPTBot/1.2; +https://openai.com/gptbot)"
20.171.207.38 - - [01/Apr/2025:00:30:41 +0200] "GET /biztkomm/702.shtml HTTP/1.1" 404 - "-" "Mozilla/5.0 AppleWebKit/537.36 (KHTML, like Gecko; compatible; GPTBot/1.2; +https://openai.com/gptbot)"
20.171.207.38 - - [01/Apr/2025:00:31:11 +0200] "GET /biztkomm/702.shtml HTTP/1.1" 404 - "-" "Mozilla/5.0 AppleWebKit/537.36 (KHTML, like Gecko; compatible; GPTBot/1.2; +https://openai.com/gptbot)"
66.249.70.32 - - [01/Apr/2025:00:31:15 +0200] "GET /~fjoo/zsr131_1c.jpg HTTP/1.1" 404 - "-" "Googlebot-Image/1.0"
20.171.207.38 - - [01/Apr/2025:00:32:12 +0200] "GET /img_upload/322859aa0578c5a894c85ecd18bf54d8/cenorm1.jpg HTTP/1.1" 404 - "-" "Mozilla/5.0 AppleWebKit/537.36 (KHTML, like Gecko; compatible; GPTBot/1.2; +https://openai.com/gptbot)"
20.171.207.38 - - [01/Apr/2025:00:33:09 +0200] "GET /img_upload/322859aa0578c5a894c85ecd18bf54d8/cenorm1.jpg HTTP/1.1" 404 - "-" "Mozilla/5.0 AppleWebKit/537.36 (KHTML, like Gecko; compatible; GPTBot/1.2; +https://openai.com/gptbot)"
20.171.207.38 - - [01/Apr/2025:00:33:34 +0200] "GET /biztkomm/702.shtml HTTP/1.1" 404 - "-" "Mozilla/5.0 AppleWebKit/537.36 (KHTML, like Gecko; compatible; GPTBot/1.2; +https://openai.com/gptbot)"
20.171.207.38 - - [01/Apr/2025:00:34:01 +0200] "GET /img_upload/322859aa0578c5a894c85ecd18bf54d8/cenorm1.jpg HTTP/1.1" 404 - "-" "Mozilla/5.0 AppleWebKit/537.36 (KHTML, like Gecko; compatible; GPTBot/1.2; +https://openai.com/gptbot)"
20.171.207.38 - - [01/Apr/2025:00:34:12 +0200] "GET /biztkomm/702.shtml HTTP/1.1" 404 - "-" "Mozilla/5.0 AppleWebKit/537.36 (KHTML, like Gecko; compatible; GPTBot/1.2; +https://openai.com/gptbot)"
20.171.207.38 - - [01/Apr/2025:00:34:29 +0200] "GET /biztkomm/702.shtml HTTP/1.1" 404 - "-" "Mozilla/5.0 AppleWebKit/537.36 (KHTML, like Gecko; compatible; GPTBot/1.2; +https://openai.com/gptbot)"
20.171.207.38 - - [01/Apr/2025:00:34:49 +0200] "GET /img_upload/322859aa0578c5a894c85ecd18bf54d8/cenorm1.jpg HTTP/1.1" 404 - "-" "Mozilla/5.0 AppleWebKit/537.36 (KHTML, like Gecko; compatible; GPTBot/1.2; +https://openai.com/gptbot)"
54.36.149.48 - - [01/Apr/2025:00:35:26 +0200] "GET /robots.txt HTTP/1.1" 404 - "-" "Mozilla/5.0 (compatible; AhrefsBot/7.0; +http://ahrefs.com/robot/)"
20.171.207.38 - - [01/Apr/2025:00:35:32 +0200] "GET /img_upload/322859aa0578c5a894c85ecd18bf54d8/cenorm1.jpg HTTP/1.1" 404 - "-" "Mozilla/5.0 AppleWebKit/537.36 (KHTML, like Gecko; compatible; GPTBot/1.2; +https://openai.com/gptbot)"
20.171.207.38 - - [01/Apr/2025:00:36:43 +0200] "GET /img_upload/322859aa0578c5a894c85ecd18bf54d8/cenorm1.jpg HTTP/1.1" 404 - "-" "Mozilla/5.0 AppleWebKit/537.36 (KHTML, like Gecko; compatible; GPTBot/1.2; +https://openai.com/gptbot)"
20.171.207.38 - - [01/Apr/2025:00:38:43 +0200] "GET /img_upload/322859aa0578c5a894c85ecd18bf54d8/cenorm1.jpg HTTP/1.1" 404 - "-" "Mozilla/5.0 AppleWebKit/537.36 (KHTML, like Gecko; compatible; GPTBot/1.2; +https://openai.com/gptbot)"
20.171.207.38 - - [01/Apr/2025:00:39:36 +0200] "GET /img_upload/322859aa0578c5a894c85ecd18bf54d8/cenorm1.jpg HTTP/1.1" 404 - "-" "Mozilla/5.0 AppleWebKit/537.36 (KHTML, like Gecko; compatible; GPTBot/1.2; +https://openai.com/gptbot)"
20.171.207.38 - - [01/Apr/2025:00:40:19 +0200] "GET /img_upload/322859aa0578c5a894c85ecd18bf54d8/cenorm1.jpg HTTP/1.1" 404 - "-" "Mozilla/5.0 AppleWebKit/537.36 (KHTML, like Gecko; compatible; GPTBot/1.2; +https://openai.com/gptbot)"
20.171.207.38 - - [01/Apr/2025:00:41:39 +0200] "GET /img_upload/322859aa0578c5a894c85ecd18bf54d8/cenorm1.jpg HTTP/1.1" 404 - "-" "Mozilla/5.0 AppleWebKit/537.36 (KHTML, like Gecko; compatible; GPTBot/1.2; +https://openai.com/gptbot)"
20.171.207.38 - - [01/Apr/2025:00:42:44 +0200] "GET /img_upload/322859aa0578c5a894c85ecd18bf54d8/cenorm1.jpg HTTP/1.1" 404 - "-" "Mozilla/5.0 AppleWebKit/537.36 (KHTML, like Gecko; compatible; GPTBot/1.2; +https://openai.com/gptbot)"
20.171.207.38 - - [01/Apr/2025:00:43:43 +0200] "GET /img_upload/322859aa0578c5a894c85ecd18bf54d8/cenorm1.jpg HTTP/1.1" 404 - "-" "Mozilla/5.0 AppleWebKit/537.36 (KHTML, like Gecko; compatible; GPTBot/1.2; +https://openai.com/gptbot)"
20.171.207.38 - - [01/Apr/2025:00:48:19 +0200] "GET /img_upload/322859aa0578c5a894c85ecd18bf54d8/cenorm1.jpg HTTP/1.1" 404 - "-" "Mozilla/5.0 AppleWebKit/537.36 (KHTML, like Gecko; compatible; GPTBot/1.2; +https://openai.com/gptbot)"
20.171.207.38 - - [01/Apr/2025:00:49:11 +0200] "GET /img_upload/322859aa0578c5a894c85ecd18bf54d8/cenorm1.jpg HTTP/1.1" 404 - "-" "Mozilla/5.0 AppleWebKit/537.36 (KHTML, like Gecko; compatible; GPTBot/1.2; +https://openai.com/gptbot)"
20.171.207.38 - - [01/Apr/2025:00:49:35 +0200] "GET /inforse/29.html HTTP/1.1" 404 - "-" "Mozilla/5.0 AppleWebKit/537.36 (KHTML, like Gecko; compatible; GPTBot/1.2; +https://openai.com/gptbot)"
20.171.207.38 - - [01/Apr/2025:00:49:55 +0200] "GET /img_upload/322859aa0578c5a894c85ecd18bf54d8/cenorm1.jpg HTTP/1.1" 404 - "-" "Mozilla/5.0 AppleWebKit/537.36 (KHTML, like Gecko; compatible; GPTBot/1.2; +https://openai.com/gptbot)"
170.106.192.3 - - [01/Apr/2025:00:50:28 +0200] "GET / HTTP/1.1" 404 - "-" "Mozilla/5.0 (iPhone; CPU iPhone OS 13_2_3 like Mac OS X) AppleWebKit/605.1.15 (KHTML, like Gecko) Version/13.0.3 Mobile/15E148 Safari/604.1"
20.171.207.38 - - [01/Apr/2025:00:53:17 +0200] "GET /img_upload/322859aa0578c5a894c85ecd18bf54d8/cenorm1.jpg HTTP/1.1" 404 - "-" "Mozilla/5.0 AppleWebKit/537.36 (KHTML, like Gecko; compatible; GPTBot/1.2; +https://openai.com/gptbot)"
20.171.207.38 - - [01/Apr/2025:00:54:21 +0200] "GET /img_upload/322859aa0578c5a894c85ecd18bf54d8/cenorm1.jpg HTTP/1.1" 404 - "-" "Mozilla/5.0 AppleWebKit/537.36 (KHTML, like Gecko; compatible; GPTBot/1.2; +https://openai.com/gptbot)"
20.171.207.38 - - [01/Apr/2025:00:56:05 +0200] "GET /img_upload/322859aa0578c5a894c85ecd18bf54d8/cenorm1.jpg HTTP/1.1" 404 - "-" "Mozilla/5.0 AppleWebKit/537.36 (KHTML, like Gecko; compatible; GPTBot/1.2; +https://openai.com/gptbot)"
20.171.207.38 - - [01/Apr/2025:00:58:06 +0200] "GET /img_upload/322859aa0578c5a894c85ecd18bf54d8/cenorm1.jpg HTTP/1.1" 404 - "-" "Mozilla/5.0 AppleWebKit/537.36 (KHTML, like Gecko; compatible; GPTBot/1.2; +https://openai.com/gptbot)"
20.171.207.38 - - [01/Apr/2025:01:00:08 +0200] "GET /img_upload/322859aa0578c5a894c85ecd18bf54d8/cenorm1.jpg HTTP/1.1" 404 - "-" "Mozilla/5.0 AppleWebKit/537.36 (KHTML, like Gecko; compatible; GPTBot/1.2; +https://openai.com/gptbot)"
66.249.70.32 - - [01/Apr/2025:01:00:15 +0200] "GET /~jfeiler/baiamare/accidentdescription.htm HTTP/1.1" 404 - "-" "Mozilla/5.0 (Linux; Android 6.0.1; Nexus 5X Build/MMB29P) AppleWebKit/537.36 (KHTML, like Gecko) Chrome/134.0.6998.165 Mobile Safari/537.36 (compatible; GoogleOther)"
20.171.207.38 - - [01/Apr/2025:01:02:08 +0200] "GET /img_upload/322859aa0578c5a894c85ecd18bf54d8/cenorm1.jpg HTTP/1.1" 404 - "-" "Mozilla/5.0 AppleWebKit/537.36 (KHTML, like Gecko; compatible; GPTBot/1.2; +https://openai.com/gptbot)"
20.171.207.38 - - [01/Apr/2025:01:03:10 +0200] "GET /img_upload/322859aa0578c5a894c85ecd18bf54d8/cenorm1.jpg HTTP/1.1" 404 - "-" "Mozilla/5.0 AppleWebKit/537.36 (KHTML, like Gecko; compatible; GPTBot/1.2; +https://openai.com/gptbot)"
20.171.207.38 - - [01/Apr/2025:01:04:05 +0200] "GET /img_upload/322859aa0578c5a894c85ecd18bf54d8/cenorm1.jpg HTTP/1.1" 404 - "-" "Mozilla/5.0 AppleWebKit/537.36 (KHTML, like Gecko; compatible; GPTBot/1.2; +https://openai.com/gptbot)"
20.171.207.38 - - [01/Apr/2025:01:04:59 +0200] "GET /img_upload/322859aa0578c5a894c85ecd18bf54d8/cenorm1.jpg HTTP/1.1" 404 - "-" "Mozilla/5.0 AppleWebKit/537.36 (KHTML, like Gecko; compatible; GPTBot/1.2; +https://openai.com/gptbot)"
20.171.207.38 - - [01/Apr/2025:01:05:43 +0200] "GET /img_upload/322859aa0578c5a894c85ecd18bf54d8/cenorm1.jpg HTTP/1.1" 404 - "-" "Mozilla/5.0 AppleWebKit/537.36 (KHTML, like Gecko; compatible; GPTBot/1.2; +https://openai.com/gptbot)"
20.171.207.38 - - [01/Apr/2025:01:06:24 +0200] "GET /img_upload/322859aa0578c5a894c85ecd18bf54d8/cenorm1.jpg HTTP/1.1" 404 - "-" "Mozilla/5.0 AppleWebKit/537.36 (KHTML, like Gecko; compatible; GPTBot/1.2; +https://openai.com/gptbot)"
20.171.207.38 - - [01/Apr/2025:01:07:03 +0200] "GET /img_upload/322859aa0578c5a894c85ecd18bf54d8/cenorm1.jpg HTTP/1.1" 404 - "-" "Mozilla/5.0 AppleWebKit/537.36 (KHTML, like Gecko; compatible; GPTBot/1.2; +https://openai.com/gptbot)"
20.171.207.38 - - [01/Apr/2025:01:07:35 +0200] "GET /img_upload/322859aa0578c5a894c85ecd18bf54d8/cenorm1.jpg HTTP/1.1" 404 - "-" "Mozilla/5.0 AppleWebKit/537.36 (KHTML, like Gecko; compatible; GPTBot/1.2; +https://openai.com/gptbot)"
20.171.207.38 - - [01/Apr/2025:01:08:05 +0200] "GET /img_upload/322859aa0578c5a894c85ecd18bf54d8/cenorm1.jpg HTTP/1.1" 404 - "-" "Mozilla/5.0 AppleWebKit/537.36 (KHTML, like Gecko; compatible; GPTBot/1.2; +https://openai.com/gptbot)"
20.171.207.38 - - [01/Apr/2025:01:08:59 +0200] "GET /img_upload/322859aa0578c5a894c85ecd18bf54d8/cenorm1.jpg HTTP/1.1" 404 - "-" "Mozilla/5.0 AppleWebKit/537.36 (KHTML, like Gecko; compatible; GPTBot/1.2; +https://openai.com/gptbot)"
216.244.66.203 - - [01/Apr/2025:01:09:09 +0200] "GET /robots.txt HTTP/1.1" 404 - "-" "Mozilla/5.0 (compatible; DotBot/1.2; +https://opensiteexplorer.org/dotbot; help@moz.com)"
20.171.207.38 - - [01/Apr/2025:01:10:03 +0200] "GET /img_upload/322859aa0578c5a894c85ecd18bf54d8/cenorm1.jpg HTTP/1.1" 404 - "-" "Mozilla/5.0 AppleWebKit/537.36 (KHTML, like Gecko; compatible; GPTBot/1.2; +https://openai.com/gptbot)"
20.171.207.38 - - [01/Apr/2025:01:11:00 +0200] "GET /img_upload/322859aa0578c5a894c85ecd18bf54d8/cenorm1.jpg HTTP/1.1" 404 - "-" "Mozilla/5.0 AppleWebKit/537.36 (KHTML, like Gecko; compatible; GPTBot/1.2; +https://openai.com/gptbot)"
20.171.207.38 - - [01/Apr/2025:01:11:50 +0200] "GET /img_upload/322859aa0578c5a894c85ecd18bf54d8/cenorm1.jpg HTTP/1.1" 404 - "-" "Mozilla/5.0 AppleWebKit/537.36 (KHTML, like Gecko; compatible; GPTBot/1.2; +https://openai.com/gptbot)"
20.171.207.38 - - [01/Apr/2025:01:12:37 +0200] "GET /img_upload/322859aa0578c5a894c85ecd18bf54d8/cenorm1.jpg HTTP/1.1" 404 - "-" "Mozilla/5.0 AppleWebKit/537.36 (KHTML, like Gecko; compatible; GPTBot/1.2; +https://openai.com/gptbot)"
20.171.207.38 - - [01/Apr/2025:01:13:18 +0200] "GET /img_upload/322859aa0578c5a894c85ecd18bf54d8/cenorm1.jpg HTTP/1.1" 404 - "-" "Mozilla/5.0 AppleWebKit/537.36 (KHTML, like Gecko; compatible; GPTBot/1.2; +https://openai.com/gptbot)"
20.171.207.38 - - [01/Apr/2025:01:14:28 +0200] "GET /img_upload/322859aa0578c5a894c85ecd18bf54d8/cenorm1.jpg HTTP/1.1" 404 - "-" "Mozilla/5.0 AppleWebKit/537.36 (KHTML, like Gecko; compatible; GPTBot/1.2; +https://openai.com/gptbot)"
216.244.66.203 - - [01/Apr/2025:01:18:16 +0200] "GET /%7Efjoo/temp/02_05_15/ADL_14.jpg HTTP/1.1" 404 - "-" "Mozilla/5.0 (compatible; DotBot/1.2; +https://opensiteexplorer.org/dotbot; help@moz.com)"
216.244.66.203 - - [01/Apr/2025:01:18:21 +0200] "GET /%7Efjoo/temp/02_05_15/M44_408_2.jpg HTTP/1.1" 404 - "-" "Mozilla/5.0 (compatible; DotBot/1.2; +https://opensiteexplorer.org/dotbot; help@moz.com)"
3.15.1.45 - - [01/Apr/2025:01:20:44 +0200] "GET /robots.txt HTTP/1.1" 404 - "-" "Mozilla/5.0 AppleWebKit/537.36 (KHTML, like Gecko; compatible; ClaudeBot/1.0; +claudebot@anthropic.com)"
3.15.1.45 - - [01/Apr/2025:01:20:44 +0200] "GET /inforse/09.html HTTP/1.1" 404 - "-" "Mozilla/5.0 AppleWebKit/537.36 (KHTML, like Gecko; compatible; ClaudeBot/1.0; +claudebot@anthropic.com)"
66.249.70.34 - - [01/Apr/2025:01:21:15 +0200] "GET /indymedia HTTP/1.1" 404 - "-" "Mozilla/5.0 (Linux; Android 6.0.1; Nexus 5X Build/MMB29P) AppleWebKit/537.36 (KHTML, like Gecko) Chrome/134.0.6998.165 Mobile Safari/537.36 (compatible; Googlebot/2.1; +http://www.google.com/bot.html)"
18.191.147.160 - - [01/Apr/2025:01:21:46 +0200] "GET /inforse/06.html HTTP/1.1" 404 - "-" "Mozilla/5.0 AppleWebKit/537.36 (KHTML, like Gecko; compatible; ClaudeBot/1.0; +claudebot@anthropic.com)"
18.118.31.157 - - [01/Apr/2025:01:22:47 +0200] "GET /inforse/18.html HTTP/1.1" 404 - "-" "Mozilla/5.0 AppleWebKit/537.36 (KHTML, like Gecko; compatible; ClaudeBot/1.0; +claudebot@anthropic.com)"
18.118.31.157 - - [01/Apr/2025:01:22:47 +0200] "GET /inforse/05.html HTTP/1.1" 404 - "-" "Mozilla/5.0 AppleWebKit/537.36 (KHTML, like Gecko; compatible; ClaudeBot/1.0; +claudebot@anthropic.com)"
52.167.144.22 - - [01/Apr/2025:01:22:57 +0200] "GET /genmanipulacio/pic/folia1s2.gif HTTP/1.1" 404 - "-" "Mozilla/5.0 AppleWebKit/537.36 (KHTML, like Gecko; compatible; bingbot/2.0; +http://www.bing.com/bingbot.htm) Chrome/116.0.1938.76 Safari/537.36"
18.220.140.173 - - [01/Apr/2025:01:23:48 +0200] "GET /inforse/25.html HTTP/1.1" 404 - "-" "Mozilla/5.0 AppleWebKit/537.36 (KHTML, like Gecko; compatible; ClaudeBot/1.0; +claudebot@anthropic.com)"
3.137.186.200 - - [01/Apr/2025:01:24:33 +0200] "GET /inforse/14a.html HTTP/1.1" 404 - "-" "Mozilla/5.0 AppleWebKit/537.36 (KHTML, like Gecko; compatible; ClaudeBot/1.0; +claudebot@anthropic.com)"
3.137.186.200 - - [01/Apr/2025:01:24:33 +0200] "GET /inforse/11.html HTTP/1.1" 404 - "-" "Mozilla/5.0 AppleWebKit/537.36 (KHTML, like Gecko; compatible; ClaudeBot/1.0; +claudebot@anthropic.com)"
13.58.199.13 - - [01/Apr/2025:01:25:31 +0200] "GET /inforse/20.html HTTP/1.1" 404 - "-" "Mozilla/5.0 AppleWebKit/537.36 (KHTML, like Gecko; compatible; ClaudeBot/1.0; +claudebot@anthropic.com)"
18.226.104.143 - - [01/Apr/2025:01:26:20 +0200] "GET /inforse/08.html HTTP/1.1" 404 - "-" "Mozilla/5.0 AppleWebKit/537.36 (KHTML, like Gecko; compatible; ClaudeBot/1.0; +claudebot@anthropic.com)"
18.226.104.143 - - [01/Apr/2025:01:26:20 +0200] "GET /genmanipulacio/kepregeny/tartalom.htm HTTP/1.1" 404 - "-" "Mozilla/5.0 AppleWebKit/537.36 (KHTML, like Gecko; compatible; ClaudeBot/1.0; +claudebot@anthropic.com)"
3.136.108.163 - - [01/Apr/2025:01:27:50 +0200] "GET /inforse/22.html HTTP/1.1" 404 - "-" "Mozilla/5.0 AppleWebKit/537.36 (KHTML, like Gecko; compatible; ClaudeBot/1.0; +claudebot@anthropic.com)"
3.136.108.163 - - [01/Apr/2025:01:27:50 +0200] "GET /inforse/30.html HTTP/1.1" 404 - "-" "Mozilla/5.0 AppleWebKit/537.36 (KHTML, like Gecko; compatible; ClaudeBot/1.0; +claudebot@anthropic.com)"
18.191.201.27 - - [01/Apr/2025:01:28:36 +0200] "GET /inforse/26a.html HTTP/1.1" 404 - "-" "Mozilla/5.0 AppleWebKit/537.36 (KHTML, like Gecko; compatible; ClaudeBot/1.0; +claudebot@anthropic.com)"
3.15.0.242 - - [01/Apr/2025:01:30:12 +0200] "GET /inforse/31.html HTTP/1.1" 404 - "-" "Mozilla/5.0 AppleWebKit/537.36 (KHTML, like Gecko; compatible; ClaudeBot/1.0; +claudebot@anthropic.com)"
3.145.156.55 - - [01/Apr/2025:01:31:44 +0200] "GET /inforse/19.html HTTP/1.1" 404 - "-" "Mozilla/5.0 AppleWebKit/537.36 (KHTML, like Gecko; compatible; ClaudeBot/1.0; +claudebot@anthropic.com)"
3.145.156.55 - - [01/Apr/2025:01:31:44 +0200] "GET /inforse/15.html HTTP/1.1" 404 - "-" "Mozilla/5.0 AppleWebKit/537.36 (KHTML, like Gecko; compatible; ClaudeBot/1.0; +claudebot@anthropic.com)"
3.144.136.254 - - [01/Apr/2025:01:32:27 +0200] "GET /inforse/24.html HTTP/1.1" 404 - "-" "Mozilla/5.0 AppleWebKit/537.36 (KHTML, like Gecko; compatible; ClaudeBot/1.0; +claudebot@anthropic.com)"
3.144.136.254 - - [01/Apr/2025:01:32:27 +0200] "GET /inforse/17.html HTTP/1.1" 404 - "-" "Mozilla/5.0 AppleWebKit/537.36 (KHTML, like Gecko; compatible; ClaudeBot/1.0; +claudebot@anthropic.com)"
3.147.103.89 - - [01/Apr/2025:01:33:12 +0200] "GET /inforse/14b.html HTTP/1.1" 404 - "-" "Mozilla/5.0 AppleWebKit/537.36 (KHTML, like Gecko; compatible; ClaudeBot/1.0; +claudebot@anthropic.com)"
3.147.103.89 - - [01/Apr/2025:01:33:12 +0200] "GET /inforse/12b.html HTTP/1.1" 404 - "-" "Mozilla/5.0 AppleWebKit/537.36 (KHTML, like Gecko; compatible; ClaudeBot/1.0; +claudebot@anthropic.com)"
18.216.188.79 - - [01/Apr/2025:01:33:58 +0200] "GET /inforse/28.html HTTP/1.1" 404 - "-" "Mozilla/5.0 AppleWebKit/537.36 (KHTML, like Gecko; compatible; ClaudeBot/1.0; +claudebot@anthropic.com)"
20.171.207.38 - - [01/Apr/2025:01:34:11 +0200] "GET /help/ch01s02.shtml HTTP/1.1" 404 - "-" "Mozilla/5.0 AppleWebKit/537.36 (KHTML, like Gecko; compatible; GPTBot/1.2; +https://openai.com/gptbot)"
20.171.207.38 - - [01/Apr/2025:01:34:24 +0200] "GET /help/ch01s02.shtml HTTP/1.1" 404 - "-" "Mozilla/5.0 AppleWebKit/537.36 (KHTML, like Gecko; compatible; GPTBot/1.2; +https://openai.com/gptbot)"
18.118.254.77 - - [01/Apr/2025:01:36:15 +0200] "GET /inforse/07.html HTTP/1.1" 404 - "-" "Mozilla/5.0 AppleWebKit/537.36 (KHTML, like Gecko; compatible; ClaudeBot/1.0; +claudebot@anthropic.com)"
3.15.236.40 - - [01/Apr/2025:01:36:58 +0200] "GET /inforse/23.html HTTP/1.1" 404 - "-" "Mozilla/5.0 AppleWebKit/537.36 (KHTML, like Gecko; compatible; ClaudeBot/1.0; +claudebot@anthropic.com)"
3.15.236.40 - - [01/Apr/2025:01:36:58 +0200] "GET /inforse/27.html HTTP/1.1" 404 - "-" "Mozilla/5.0 AppleWebKit/537.36 (KHTML, like Gecko; compatible; ClaudeBot/1.0; +claudebot@anthropic.com)"
3.15.236.40 - - [01/Apr/2025:01:36:58 +0200] "GET /inforse/12a.html HTTP/1.1" 404 - "-" "Mozilla/5.0 AppleWebKit/537.36 (KHTML, like Gecko; compatible; ClaudeBot/1.0; +claudebot@anthropic.com)"
20.171.207.38 - - [01/Apr/2025:01:36:59 +0200] "GET /mirror/ecologist/SeptOct/openletter.htm HTTP/1.1" 404 - "-" "Mozilla/5.0 AppleWebKit/537.36 (KHTML, like Gecko; compatible; GPTBot/1.2; +https://openai.com/gptbot)"
66.249.70.32 - - [01/Apr/2025:01:37:14 +0200] "GET /~fjoo/zsr131_2c.jpg HTTP/1.1" 404 - "-" "Googlebot-Image/1.0"
20.171.207.38 - - [01/Apr/2025:01:37:32 +0200] "GET /img_upload/322859aa0578c5a894c85ecd18bf54d8/cenorm1.jpg HTTP/1.1" 404 - "-" "Mozilla/5.0 AppleWebKit/537.36 (KHTML, like Gecko; compatible; GPTBot/1.2; +https://openai.com/gptbot)"
3.128.226.139 - - [01/Apr/2025:01:40:30 +0200] "GET /inforse/10.html HTTP/1.1" 404 - "-" "Mozilla/5.0 AppleWebKit/537.36 (KHTML, like Gecko; compatible; ClaudeBot/1.0; +claudebot@anthropic.com)"
3.128.226.139 - - [01/Apr/2025:01:40:30 +0200] "GET /inforse/intro.html HTTP/1.1" 404 - "-" "Mozilla/5.0 AppleWebKit/537.36 (KHTML, like Gecko; compatible; ClaudeBot/1.0; +claudebot@anthropic.com)"
20.171.207.38 - - [01/Apr/2025:01:40:45 +0200] "GET /img_upload/322859aa0578c5a894c85ecd18bf54d8/ujpest1.jpg HTTP/1.1" 404 - "-" "Mozilla/5.0 AppleWebKit/537.36 (KHTML, like Gecko; compatible; GPTBot/1.2; +https://openai.com/gptbot)"
20.171.207.38 - - [01/Apr/2025:01:40:48 +0200] "GET /img_upload/322859aa0578c5a894c85ecd18bf54d8/kissme_kicsi.jpg HTTP/1.1" 404 - "-" "Mozilla/5.0 AppleWebKit/537.36 (KHTML, like Gecko; compatible; GPTBot/1.2; +https://openai.com/gptbot)"
20.171.207.38 - - [01/Apr/2025:01:40:51 +0200] "GET /img_upload/322859aa0578c5a894c85ecd18bf54d8/kicsi.jpg HTTP/1.1" 404 - "-" "Mozilla/5.0 AppleWebKit/537.36 (KHTML, like Gecko; compatible; GPTBot/1.2; +https://openai.com/gptbot)"
18.219.43.26 - - [01/Apr/2025:01:41:17 +0200] "GET /inforse/29.html HTTP/1.1" 404 - "-" "Mozilla/5.0 AppleWebKit/537.36 (KHTML, like Gecko; compatible; ClaudeBot/1.0; +claudebot@anthropic.com)"
18.219.43.26 - - [01/Apr/2025:01:41:17 +0200] "GET /inforse/16.html HTTP/1.1" 404 - "-" "Mozilla/5.0 AppleWebKit/537.36 (KHTML, like Gecko; compatible; ClaudeBot/1.0; +claudebot@anthropic.com)"
94.181.156.210 - - [01/Apr/2025:01:41:23 +0200] "GET / HTTP/1.0" 404 - "-" "Mozilla/5.0 (Windows NT 6.3; Win64; x64) AppleWebKit/537.36 (KHTML, like Gecko) Chrome/75.0.3770.100 Safari/537.36"
20.171.207.38 - - [01/Apr/2025:01:54:04 +0200] "GET /img_upload/be54694605bbfec644dcd2ea3afc74e6/klub0319.jpg HTTP/1.1" 404 - "-" "Mozilla/5.0 AppleWebKit/537.36 (KHTML, like Gecko; compatible; GPTBot/1.2; +https://openai.com/gptbot)"
20.171.207.38 - - [01/Apr/2025:01:54:07 +0200] "GET /img_upload/322859aa0578c5a894c85ecd18bf54d8/gyurcsany_viktor.jpg HTTP/1.1" 404 - "-" "Mozilla/5.0 AppleWebKit/537.36 (KHTML, like Gecko; compatible; GPTBot/1.2; +https://openai.com/gptbot)"
216.244.66.203 - - [01/Apr/2025:01:56:08 +0200] "GET /robots.txt HTTP/1.1" 404 - "-" "Mozilla/5.0 (compatible; DotBot/1.2; +https://opensiteexplorer.org/dotbot; help@moz.com)"
216.244.66.203 - - [01/Apr/2025:02:01:17 +0200] "GET /biztkomm/302.shtml HTTP/1.1" 404 - "-" "Mozilla/5.0 (compatible; DotBot/1.2; +https://opensiteexplorer.org/dotbot; help@moz.com)"
66.249.70.33 - - [01/Apr/2025:02:03:16 +0200] "GET /fjoo/temp/02_05_11/MV_2.jpg HTTP/1.1" 404 - "-" "Googlebot-Image/1.0"
216.244.66.203 - - [01/Apr/2025:02:14:56 +0200] "GET /globalizacio/multik_ab.htm HTTP/1.1" 404 - "-" "Mozilla/5.0 (compatible; DotBot/1.2; +https://opensiteexplorer.org/dotbot; help@moz.com)"
18.188.228.10 - - [01/Apr/2025:02:23:04 +0200] "GET /robots.txt HTTP/1.1" 404 - "-" "Mozilla/5.0 AppleWebKit/537.36 (KHTML, like Gecko; compatible; ClaudeBot/1.0; +claudebot@anthropic.com)"
18.188.228.10 - - [01/Apr/2025:02:23:04 +0200] "GET /pizolit HTTP/1.1" 404 - "-" "Mozilla/5.0 AppleWebKit/537.36 (KHTML, like Gecko; compatible; ClaudeBot/1.0; +claudebot@anthropic.com)"
207.166.160.69 - - [01/Apr/2025:02:30:18 +0200] "GET /img_upload/cb39111eba7a31c9c0e48686fa8e3c87/erosetal.pdf HTTP/1.1" 404 - "-" "Mozilla/5.0 (Macintosh; Intel Mac OS X 10.15; rv:133.0) Gecko/20100101 Firefox/133.0"
207.166.160.94 - - [01/Apr/2025:02:30:18 +0200] "GET /img_upload/cb39111eba7a31c9c0e48686fa8e3c87/erosetal.pdf HTTP/1.1" 404 - "-" "Mozilla/5.0 (Macintosh; Intel Mac OS X 10.15; rv:133.0) Gecko/20100101 Firefox/133.0"
66.249.70.33 - - [01/Apr/2025:02:36:47 +0200] "GET /fjoo/PCD00029.jpg HTTP/1.1" 404 - "-" "Googlebot-Image/1.0"
65.108.6.34 - - [01/Apr/2025:03:15:31 +0200] "GET /%7Eillesf/villamos/miskolc/terkep.html HTTP/1.1" 404 - "-" "Mozilla/5.0 (compatible; SEOkicks; +https://www.seokicks.de/robot.html)"
65.108.6.34 - - [01/Apr/2025:03:15:32 +0200] "GET /pangea HTTP/1.1" 404 - "http://nimfea.hu/partnereink/index.htm" "Mozilla/5.0 (compatible; SEOkicks; +https://www.seokicks.de/robot.html)"
65.108.6.34 - - [01/Apr/2025:03:15:33 +0200] "GET /eletfa HTTP/1.1" 404 - "http://nimfea.hu/partnereink/index.htm" "Mozilla/5.0 (compatible; SEOkicks; +https://www.seokicks.de/robot.html)"
65.108.6.34 - - [01/Apr/2025:03:15:34 +0200] "GET /suni HTTP/1.1" 404 - "http://nimfea.hu/partnereink/index.htm" "Mozilla/5.0 (compatible; SEOkicks; +https://www.seokicks.de/robot.html)"
20.171.207.38 - - [01/Apr/2025:03:20:06 +0200] "GET / HTTP/1.1" 404 - "-" "Mozilla/5.0 AppleWebKit/537.36 (KHTML, like Gecko; compatible; GPTBot/1.2; +https://openai.com/gptbot)"
20.171.207.38 - - [01/Apr/2025:03:22:17 +0200] "GET /genmanipulacio HTTP/1.1" 404 - "-" "Mozilla/5.0 AppleWebKit/537.36 (KHTML, like Gecko; compatible; GPTBot/1.2; +https://openai.com/gptbot)"
20.171.207.38 - - [01/Apr/2025:03:22:29 +0200] "GET /genmanipulacio HTTP/1.1" 404 - "-" "Mozilla/5.0 AppleWebKit/537.36 (KHTML, like Gecko; compatible; GPTBot/1.2; +https://openai.com/gptbot)"
216.244.66.203 - - [01/Apr/2025:03:29:46 +0200] "GET /robots.txt HTTP/1.1" 404 - "-" "Mozilla/5.0 (compatible; DotBot/1.2; +https://opensiteexplorer.org/dotbot; help@moz.com)"
66.249.70.34 - - [01/Apr/2025:03:36:47 +0200] "GET /fjoo/jz642b.jpg HTTP/1.1" 404 - "-" "Googlebot-Image/1.0"
20.171.207.38 - - [01/Apr/2025:03:36:52 +0200] "GET / HTTP/1.1" 404 - "-" "Mozilla/5.0 AppleWebKit/537.36 (KHTML, like Gecko; compatible; GPTBot/1.2; +https://openai.com/gptbot)"
216.244.66.203 - - [01/Apr/2025:03:37:47 +0200] "GET /inforse/18.html HTTP/1.1" 404 - "-" "Mozilla/5.0 (compatible; DotBot/1.2; +https://opensiteexplorer.org/dotbot; help@moz.com)"
20.171.207.38 - - [01/Apr/2025:03:42:50 +0200] "GET / HTTP/1.1" 404 - "-" "Mozilla/5.0 AppleWebKit/537.36 (KHTML, like Gecko; compatible; GPTBot/1.2; +https://openai.com/gptbot)"
13.52.243.230 - - [01/Apr/2025:03:46:40 +0200] "GET / HTTP/1.1" 404 - "-" "bitdiscovery-suggestions"
193.6.201.253 - - [01/Apr/2025:03:58:14 +0200] "GET /globalizacio/ HTTP/1.1" 404 - "-" "Mozilla/5.0 (X11; Linux x86_64; rv:58.0) Gecko/20100101 Firefox/58.0"
66.249.70.32 - - [01/Apr/2025:04:03:19 +0200] "GET /-makk HTTP/1.1" 404 - "-" "Mozilla/5.0 (Linux; Android 6.0.1; Nexus 5X Build/MMB29P) AppleWebKit/537.36 (KHTML, like Gecko) Chrome/134.0.6998.165 Mobile Safari/537.36 (compatible; Googlebot/2.1; +http://www.google.com/bot.html)"
207.166.160.97 - - [01/Apr/2025:04:20:50 +0200] "GET /img_upload/cb39111eba7a31c9c0e48686fa8e3c87/erosetal.pdf HTTP/1.1" 404 - "-" "Mozilla/5.0 (Macintosh; Intel Mac OS X 10.15; rv:133.0) Gecko/20100101 Firefox/133.0"
66.249.70.32 - - [01/Apr/2025:04:36:47 +0200] "GET /fjoo/temp/02_06_04/IC3_5083_Ferry.jpg HTTP/1.1" 404 - "-" "Googlebot-Image/1.0"
207.166.160.0 - - [01/Apr/2025:04:39:32 +0200] "GET /img_upload/cb39111eba7a31c9c0e48686fa8e3c87/erosetal.pdf HTTP/1.1" 404 - "-" "Mozilla/5.0 (Macintosh; Intel Mac OS X 10.15; rv:133.0) Gecko/20100101 Firefox/133.0"
207.166.160.86 - - [01/Apr/2025:04:39:33 +0200] "GET /img_upload/cb39111eba7a31c9c0e48686fa8e3c87/erosetal.pdf HTTP/1.1" 404 - "-" "Mozilla/5.0 (Macintosh; Intel Mac OS X 10.15; rv:133.0) Gecko/20100101 Firefox/133.0"
52.167.144.189 - - [01/Apr/2025:04:40:21 +0200] "GET /~fjoo/temp/02_04_25/Hatvan_V-1 HTTP/1.1" 404 - "-" "Mozilla/5.0 AppleWebKit/537.36 (KHTML, like Gecko; compatible; bingbot/2.0; +http://www.bing.com/bingbot.htm) Chrome/116.0.1938.76 Safari/537.36"
20.171.207.38 - - [01/Apr/2025:04:51:19 +0200] "GET /globalizacio/danone2.jpg HTTP/1.1" 404 - "-" "Mozilla/5.0 AppleWebKit/537.36 (KHTML, like Gecko; compatible; GPTBot/1.2; +https://openai.com/gptbot)"
54.36.148.4 - - [01/Apr/2025:04:53:25 +0200] "GET /robots.txt HTTP/1.1" 404 - "-" "Mozilla/5.0 (compatible; AhrefsBot/7.0; +http://ahrefs.com/robot/)"
20.171.207.38 - - [01/Apr/2025:05:01:41 +0200] "GET /vedegylet/doc/budapest.pdf HTTP/1.1" 404 - "-" "Mozilla/5.0 AppleWebKit/537.36 (KHTML, like Gecko; compatible; GPTBot/1.2; +https://openai.com/gptbot)"
20.171.207.38 - - [01/Apr/2025:05:02:08 +0200] "GET /vedegylet/doc/budapest.pdf HTTP/1.1" 404 - "-" "Mozilla/5.0 AppleWebKit/537.36 (KHTML, like Gecko; compatible; GPTBot/1.2; +https://openai.com/gptbot)"
170.106.73.216 - - [01/Apr/2025:05:05:00 +0200] "GET /kontakt/index_en.html HTTP/1.1" 404 - "-" "Mozilla/5.0 (iPhone; CPU iPhone OS 13_2_3 like Mac OS X) AppleWebKit/605.1.15 (KHTML, like Gecko) Version/13.0.3 Mobile/15E148 Safari/604.1"
20.171.207.38 - - [01/Apr/2025:05:10:11 +0200] "GET /biztkomm/110.shtml HTTP/1.1" 404 - "-" "Mozilla/5.0 AppleWebKit/537.36 (KHTML, like Gecko; compatible; GPTBot/1.2; +https://openai.com/gptbot)"
20.171.207.38 - - [01/Apr/2025:05:10:14 +0200] "GET /biztkomm/209.shtml HTTP/1.1" 404 - "-" "Mozilla/5.0 AppleWebKit/537.36 (KHTML, like Gecko; compatible; GPTBot/1.2; +https://openai.com/gptbot)"
20.171.207.38 - - [01/Apr/2025:05:10:18 +0200] "GET /biztkomm/204.shtml HTTP/1.1" 404 - "-" "Mozilla/5.0 AppleWebKit/537.36 (KHTML, like Gecko; compatible; GPTBot/1.2; +https://openai.com/gptbot)"
20.171.207.38 - - [01/Apr/2025:05:10:21 +0200] "GET /biztkomm/108.shtml HTTP/1.1" 404 - "-" "Mozilla/5.0 AppleWebKit/537.36 (KHTML, like Gecko; compatible; GPTBot/1.2; +https://openai.com/gptbot)"
20.171.207.38 - - [01/Apr/2025:05:10:24 +0200] "GET /biztkomm/103.shtml HTTP/1.1" 404 - "-" "Mozilla/5.0 AppleWebKit/537.36 (KHTML, like Gecko; compatible; GPTBot/1.2; +https://openai.com/gptbot)"
20.171.207.38 - - [01/Apr/2025:05:10:27 +0200] "GET /biztkomm/101.shtml HTTP/1.1" 404 - "-" "Mozilla/5.0 AppleWebKit/537.36 (KHTML, like Gecko; compatible; GPTBot/1.2; +https://openai.com/gptbot)"
20.171.207.38 - - [01/Apr/2025:05:10:30 +0200] "GET /biztkomm/206.shtml HTTP/1.1" 404 - "-" "Mozilla/5.0 AppleWebKit/537.36 (KHTML, like Gecko; compatible; GPTBot/1.2; +https://openai.com/gptbot)"
20.171.207.38 - - [01/Apr/2025:05:10:33 +0200] "GET /biztkomm/109.shtml HTTP/1.1" 404 - "-" "Mozilla/5.0 AppleWebKit/537.36 (KHTML, like Gecko; compatible; GPTBot/1.2; +https://openai.com/gptbot)"
20.171.207.38 - - [01/Apr/2025:05:10:37 +0200] "GET /biztkomm/208.shtml HTTP/1.1" 404 - "-" "Mozilla/5.0 AppleWebKit/537.36 (KHTML, like Gecko; compatible; GPTBot/1.2; +https://openai.com/gptbot)"
20.171.207.38 - - [01/Apr/2025:05:10:40 +0200] "GET /biztkomm/205.shtml HTTP/1.1" 404 - "-" "Mozilla/5.0 AppleWebKit/537.36 (KHTML, like Gecko; compatible; GPTBot/1.2; +https://openai.com/gptbot)"
20.171.207.38 - - [01/Apr/2025:05:10:43 +0200] "GET /biztkomm/202.shtml HTTP/1.1" 404 - "-" "Mozilla/5.0 AppleWebKit/537.36 (KHTML, like Gecko; compatible; GPTBot/1.2; +https://openai.com/gptbot)"
20.171.207.38 - - [01/Apr/2025:05:10:46 +0200] "GET /biztkomm/104.shtml HTTP/1.1" 404 - "-" "Mozilla/5.0 AppleWebKit/537.36 (KHTML, like Gecko; compatible; GPTBot/1.2; +https://openai.com/gptbot)"
20.171.207.38 - - [01/Apr/2025:05:10:49 +0200] "GET /biztkomm/107.shtml HTTP/1.1" 404 - "-" "Mozilla/5.0 AppleWebKit/537.36 (KHTML, like Gecko; compatible; GPTBot/1.2; +https://openai.com/gptbot)"
20.171.207.38 - - [01/Apr/2025:05:10:53 +0200] "GET /biztkomm/106.shtml HTTP/1.1" 404 - "-" "Mozilla/5.0 AppleWebKit/537.36 (KHTML, like Gecko; compatible; GPTBot/1.2; +https://openai.com/gptbot)"
20.171.207.38 - - [01/Apr/2025:05:10:56 +0200] "GET /biztkomm/105.shtml HTTP/1.1" 404 - "-" "Mozilla/5.0 AppleWebKit/537.36 (KHTML, like Gecko; compatible; GPTBot/1.2; +https://openai.com/gptbot)"
20.171.207.38 - - [01/Apr/2025:05:10:59 +0200] "GET /biztkomm/207.shtml HTTP/1.1" 404 - "-" "Mozilla/5.0 AppleWebKit/537.36 (KHTML, like Gecko; compatible; GPTBot/1.2; +https://openai.com/gptbot)"
20.171.207.38 - - [01/Apr/2025:05:11:02 +0200] "GET /biztkomm/102.shtml HTTP/1.1" 404 - "-" "Mozilla/5.0 AppleWebKit/537.36 (KHTML, like Gecko; compatible; GPTBot/1.2; +https://openai.com/gptbot)"
20.171.207.38 - - [01/Apr/2025:05:11:05 +0200] "GET /biztkomm/203.shtml HTTP/1.1" 404 - "-" "Mozilla/5.0 AppleWebKit/537.36 (KHTML, like Gecko; compatible; GPTBot/1.2; +https://openai.com/gptbot)"
20.171.207.38 - - [01/Apr/2025:05:11:08 +0200] "GET /biztkomm/201.shtml HTTP/1.1" 404 - "-" "Mozilla/5.0 AppleWebKit/537.36 (KHTML, like Gecko; compatible; GPTBot/1.2; +https://openai.com/gptbot)"
20.171.207.38 - - [01/Apr/2025:05:11:11 +0200] "GET /biztkomm/111.shtml HTTP/1.1" 404 - "-" "Mozilla/5.0 AppleWebKit/537.36 (KHTML, like Gecko; compatible; GPTBot/1.2; +https://openai.com/gptbot)"
20.171.207.38 - - [01/Apr/2025:05:11:14 +0200] "GET /biztkomm/5.shtml HTTP/1.1" 404 - "-" "Mozilla/5.0 AppleWebKit/537.36 (KHTML, like Gecko; compatible; GPTBot/1.2; +https://openai.com/gptbot)"
20.171.207.38 - - [01/Apr/2025:05:11:17 +0200] "GET /biztkomm/3.shtml HTTP/1.1" 404 - "-" "Mozilla/5.0 AppleWebKit/537.36 (KHTML, like Gecko; compatible; GPTBot/1.2; +https://openai.com/gptbot)"
20.171.207.38 - - [01/Apr/2025:05:11:21 +0200] "GET /biztkomm/4.shtml HTTP/1.1" 404 - "-" "Mozilla/5.0 AppleWebKit/537.36 (KHTML, like Gecko; compatible; GPTBot/1.2; +https://openai.com/gptbot)"
20.171.207.38 - - [01/Apr/2025:05:11:24 +0200] "GET /biztkomm/7.shtml HTTP/1.1" 404 - "-" "Mozilla/5.0 AppleWebKit/537.36 (KHTML, like Gecko; compatible; GPTBot/1.2; +https://openai.com/gptbot)"
20.171.207.38 - - [01/Apr/2025:05:11:27 +0200] "GET /biztkomm/6.shtml HTTP/1.1" 404 - "-" "Mozilla/5.0 AppleWebKit/537.36 (KHTML, like Gecko; compatible; GPTBot/1.2; +https://openai.com/gptbot)"
20.171.207.38 - - [01/Apr/2025:05:11:30 +0200] "GET /biztkomm/1.shtml HTTP/1.1" 404 - "-" "Mozilla/5.0 AppleWebKit/537.36 (KHTML, like Gecko; compatible; GPTBot/1.2; +https://openai.com/gptbot)"
20.171.207.38 - - [01/Apr/2025:05:11:33 +0200] "GET /biztkomm/2.shtml HTTP/1.1" 404 - "-" "Mozilla/5.0 AppleWebKit/537.36 (KHTML, like Gecko; compatible; GPTBot/1.2; +https://openai.com/gptbot)"
20.171.207.38 - - [01/Apr/2025:05:11:36 +0200] "GET /biztkomm/images/204csermer.jpg HTTP/1.1" 404 - "-" "Mozilla/5.0 AppleWebKit/537.36 (KHTML, like Gecko; compatible; GPTBot/1.2; +https://openai.com/gptbot)"
20.171.207.38 - - [01/Apr/2025:05:11:39 +0200] "GET /biztkomm/images/105globkorny.jpg HTTP/1.1" 404 - "-" "Mozilla/5.0 AppleWebKit/537.36 (KHTML, like Gecko; compatible; GPTBot/1.2; +https://openai.com/gptbot)"
20.171.207.38 - - [01/Apr/2025:05:11:43 +0200] "GET /biztkomm/images/105merevlemez.jpg HTTP/1.1" 404 - "-" "Mozilla/5.0 AppleWebKit/537.36 (KHTML, like Gecko; compatible; GPTBot/1.2; +https://openai.com/gptbot)"
20.171.207.38 - - [01/Apr/2025:05:11:46 +0200] "GET /biztkomm/images/204zip.jpg HTTP/1.1" 404 - "-" "Mozilla/5.0 AppleWebKit/537.36 (KHTML, like Gecko; compatible; GPTBot/1.2; +https://openai.com/gptbot)"
20.171.207.38 - - [01/Apr/2025:05:12:08 +0200] "GET /biztkomm/602.shtml HTTP/1.1" 404 - "-" "Mozilla/5.0 AppleWebKit/537.36 (KHTML, like Gecko; compatible; GPTBot/1.2; +https://openai.com/gptbot)"
20.171.207.38 - - [01/Apr/2025:05:12:11 +0200] "GET /biztkomm/607.shtml HTTP/1.1" 404 - "-" "Mozilla/5.0 AppleWebKit/537.36 (KHTML, like Gecko; compatible; GPTBot/1.2; +https://openai.com/gptbot)"
20.171.207.38 - - [01/Apr/2025:05:12:15 +0200] "GET /biztkomm/601.shtml HTTP/1.1" 404 - "-" "Mozilla/5.0 AppleWebKit/537.36 (KHTML, like Gecko; compatible; GPTBot/1.2; +https://openai.com/gptbot)"
20.171.207.38 - - [01/Apr/2025:05:12:18 +0200] "GET /biztkomm/603.shtml HTTP/1.1" 404 - "-" "Mozilla/5.0 AppleWebKit/537.36 (KHTML, like Gecko; compatible; GPTBot/1.2; +https://openai.com/gptbot)"
20.171.207.38 - - [01/Apr/2025:05:12:21 +0200] "GET / HTTP/1.1" 404 - "-" "Mozilla/5.0 AppleWebKit/537.36 (KHTML, like Gecko; compatible; GPTBot/1.2; +https://openai.com/gptbot)"
20.171.207.38 - - [01/Apr/2025:05:12:24 +0200] "GET /biztkomm/605.shtml HTTP/1.1" 404 - "-" "Mozilla/5.0 AppleWebKit/537.36 (KHTML, like Gecko; compatible; GPTBot/1.2; +https://openai.com/gptbot)"
20.171.207.38 - - [01/Apr/2025:05:12:27 +0200] "GET /biztkomm/606.shtml HTTP/1.1" 404 - "-" "Mozilla/5.0 AppleWebKit/537.36 (KHTML, like Gecko; compatible; GPTBot/1.2; +https://openai.com/gptbot)"
20.171.207.38 - - [01/Apr/2025:05:12:30 +0200] "GET /biztkomm/604.shtml HTTP/1.1" 404 - "-" "Mozilla/5.0 AppleWebKit/537.36 (KHTML, like Gecko; compatible; GPTBot/1.2; +https://openai.com/gptbot)"
20.171.207.38 - - [01/Apr/2025:05:12:44 +0200] "GET /biztkomm/502.shtml HTTP/1.1" 404 - "-" "Mozilla/5.0 AppleWebKit/537.36 (KHTML, like Gecko; compatible; GPTBot/1.2; +https://openai.com/gptbot)"
20.171.207.38 - - [01/Apr/2025:05:12:48 +0200] "GET /biztkomm/605.shtml HTTP/1.1" 404 - "-" "Mozilla/5.0 AppleWebKit/537.36 (KHTML, like Gecko; compatible; GPTBot/1.2; +https://openai.com/gptbot)"
20.171.207.38 - - [01/Apr/2025:05:12:51 +0200] "GET / HTTP/1.1" 404 - "-" "Mozilla/5.0 AppleWebKit/537.36 (KHTML, like Gecko; compatible; GPTBot/1.2; +https://openai.com/gptbot)"
20.171.207.38 - - [01/Apr/2025:05:12:54 +0200] "GET /biztkomm/405.shtml HTTP/1.1" 404 - "-" "Mozilla/5.0 AppleWebKit/537.36 (KHTML, like Gecko; compatible; GPTBot/1.2; +https://openai.com/gptbot)"
20.171.207.38 - - [01/Apr/2025:05:12:57 +0200] "GET /biztkomm/607.shtml HTTP/1.1" 404 - "-" "Mozilla/5.0 AppleWebKit/537.36 (KHTML, like Gecko; compatible; GPTBot/1.2; +https://openai.com/gptbot)"
20.171.207.38 - - [01/Apr/2025:05:13:00 +0200] "GET /biztkomm/301.shtml HTTP/1.1" 404 - "-" "Mozilla/5.0 AppleWebKit/537.36 (KHTML, like Gecko; compatible; GPTBot/1.2; +https://openai.com/gptbot)"
20.171.207.38 - - [01/Apr/2025:05:13:03 +0200] "GET /biztkomm/406.shtml HTTP/1.1" 404 - "-" "Mozilla/5.0 AppleWebKit/537.36 (KHTML, like Gecko; compatible; GPTBot/1.2; +https://openai.com/gptbot)"
20.171.207.38 - - [01/Apr/2025:05:13:06 +0200] "GET /biztkomm/602.shtml HTTP/1.1" 404 - "-" "Mozilla/5.0 AppleWebKit/537.36 (KHTML, like Gecko; compatible; GPTBot/1.2; +https://openai.com/gptbot)"
20.171.207.38 - - [01/Apr/2025:05:13:10 +0200] "GET /biztkomm/302.shtml HTTP/1.1" 404 - "-" "Mozilla/5.0 AppleWebKit/537.36 (KHTML, like Gecko; compatible; GPTBot/1.2; +https://openai.com/gptbot)"
20.171.207.38 - - [01/Apr/2025:05:13:13 +0200] "GET /biztkomm/404.shtml HTTP/1.1" 404 - "-" "Mozilla/5.0 AppleWebKit/537.36 (KHTML, like Gecko; compatible; GPTBot/1.2; +https://openai.com/gptbot)"
20.171.207.38 - - [01/Apr/2025:05:13:16 +0200] "GET /biztkomm/403.shtml HTTP/1.1" 404 - "-" "Mozilla/5.0 AppleWebKit/537.36 (KHTML, like Gecko; compatible; GPTBot/1.2; +https://openai.com/gptbot)"
20.171.207.38 - - [01/Apr/2025:05:13:19 +0200] "GET /biztkomm/305.shtml HTTP/1.1" 404 - "-" "Mozilla/5.0 AppleWebKit/537.36 (KHTML, like Gecko; compatible; GPTBot/1.2; +https://openai.com/gptbot)"
20.171.207.38 - - [01/Apr/2025:05:13:22 +0200] "GET /biztkomm/505.shtml HTTP/1.1" 404 - "-" "Mozilla/5.0 AppleWebKit/537.36 (KHTML, like Gecko; compatible; GPTBot/1.2; +https://openai.com/gptbot)"
20.171.207.38 - - [01/Apr/2025:05:13:25 +0200] "GET /biztkomm/401.shtml HTTP/1.1" 404 - "-" "Mozilla/5.0 AppleWebKit/537.36 (KHTML, like Gecko; compatible; GPTBot/1.2; +https://openai.com/gptbot)"
20.171.207.38 - - [01/Apr/2025:05:13:29 +0200] "GET /biztkomm/501.shtml HTTP/1.1" 404 - "-" "Mozilla/5.0 AppleWebKit/537.36 (KHTML, like Gecko; compatible; GPTBot/1.2; +https://openai.com/gptbot)"
20.171.207.38 - - [01/Apr/2025:05:13:32 +0200] "GET /biztkomm/304.shtml HTTP/1.1" 404 - "-" "Mozilla/5.0 AppleWebKit/537.36 (KHTML, like Gecko; compatible; GPTBot/1.2; +https://openai.com/gptbot)"
20.171.207.38 - - [01/Apr/2025:05:13:35 +0200] "GET /biztkomm/604.shtml HTTP/1.1" 404 - "-" "Mozilla/5.0 AppleWebKit/537.36 (KHTML, like Gecko; compatible; GPTBot/1.2; +https://openai.com/gptbot)"
20.171.207.38 - - [01/Apr/2025:05:13:38 +0200] "GET /biztkomm/606.shtml HTTP/1.1" 404 - "-" "Mozilla/5.0 AppleWebKit/537.36 (KHTML, like Gecko; compatible; GPTBot/1.2; +https://openai.com/gptbot)"
20.171.207.38 - - [01/Apr/2025:05:13:41 +0200] "GET /biztkomm/503.shtml HTTP/1.1" 404 - "-" "Mozilla/5.0 AppleWebKit/537.36 (KHTML, like Gecko; compatible; GPTBot/1.2; +https://openai.com/gptbot)"
20.171.207.38 - - [01/Apr/2025:05:13:44 +0200] "GET /biztkomm/601.shtml HTTP/1.1" 404 - "-" "Mozilla/5.0 AppleWebKit/537.36 (KHTML, like Gecko; compatible; GPTBot/1.2; +https://openai.com/gptbot)"
20.171.207.38 - - [01/Apr/2025:05:13:48 +0200] "GET /biztkomm/504.shtml HTTP/1.1" 404 - "-" "Mozilla/5.0 AppleWebKit/537.36 (KHTML, like Gecko; compatible; GPTBot/1.2; +https://openai.com/gptbot)"
20.171.207.38 - - [01/Apr/2025:05:13:51 +0200] "GET /biztkomm/303.shtml HTTP/1.1" 404 - "-" "Mozilla/5.0 AppleWebKit/537.36 (KHTML, like Gecko; compatible; GPTBot/1.2; +https://openai.com/gptbot)"
20.171.207.38 - - [01/Apr/2025:05:13:54 +0200] "GET /biztkomm/603.shtml HTTP/1.1" 404 - "-" "Mozilla/5.0 AppleWebKit/537.36 (KHTML, like Gecko; compatible; GPTBot/1.2; +https://openai.com/gptbot)"
20.171.207.38 - - [01/Apr/2025:05:13:57 +0200] "GET /biztkomm/402.shtml HTTP/1.1" 404 - "-" "Mozilla/5.0 AppleWebKit/537.36 (KHTML, like Gecko; compatible; GPTBot/1.2; +https://openai.com/gptbot)"
20.171.207.38 - - [01/Apr/2025:05:14:00 +0200] "GET /biztkomm/images/402.jpg HTTP/1.1" 404 - "-" "Mozilla/5.0 AppleWebKit/537.36 (KHTML, like Gecko; compatible; GPTBot/1.2; +https://openai.com/gptbot)"
43.133.14.237 - - [01/Apr/2025:05:18:25 +0200] "GET /fjoo/railways.htm HTTP/1.1" 404 - "-" "Mozilla/5.0 (iPhone; CPU iPhone OS 13_2_3 like Mac OS X) AppleWebKit/605.1.15 (KHTML, like Gecko) Version/13.0.3 Mobile/15E148 Safari/604.1"
5.255.231.89 - - [01/Apr/2025:05:28:33 +0200] "GET /robots.txt HTTP/1.1" 404 - "-" "Mozilla/5.0 (compatible; YandexBot/3.0; +http://yandex.com/bots)"
213.180.203.155 - - [01/Apr/2025:05:28:33 +0200] "GET /~fjoo/editM40ba.jpg HTTP/1.1" 404 - "-" "Mozilla/5.0 (compatible; YandexImages/3.0; +http://yandex.com/bots)"
66.249.70.33 - - [01/Apr/2025:05:31:23 +0200] "GET /vedegylet/modules.php?name=News&file=article&sid=310 HTTP/1.1" 404 - "-" "Mozilla/5.0 (Linux; Android 6.0.1; Nexus 5X Build/MMB29P) AppleWebKit/537.36 (KHTML, like Gecko) Chrome/134.0.6998.165 Mobile Safari/537.36 (compatible; GoogleOther)"
123.6.49.46 - - [01/Apr/2025:05:35:01 +0200] "GET / HTTP/1.1" 404 - "-" "Mozilla/5.0 (Macintosh; Intel Mac OS X 10_15_7) AppleWebKit/537.36 (KHTML, like Gecko) Chrome/120.0.0.0 Safari/537.36 Edg/120.0.0.0"
123.6.49.46 - - [01/Apr/2025:05:35:10 +0200] "GET /favicon.ico HTTP/1.1" 404 - "-" "Mozilla/5.0 (Macintosh; Intel Mac OS X 10_7_0) AppleWebKit/535.11 (KHTML, like Gecko) Chrome/17.0.963.56 Safari/535.11"
123.6.49.49 - - [01/Apr/2025:05:35:13 +0200] "GET /robots.txt HTTP/1.1" 404 - "-" "Mozilla/5.0 (Macintosh; Intel Mac OS X 10_7_0) AppleWebKit/535.11 (KHTML, like Gecko) Chrome/17.0.963.56 Safari/535.11"
123.6.49.36 - - [01/Apr/2025:05:35:16 +0200] "GET /sitemap.xml HTTP/1.1" 404 - "-" "Mozilla/5.0 (Macintosh; Intel Mac OS X 10_7_0) AppleWebKit/535.11 (KHTML, like Gecko) Chrome/17.0.963.56 Safari/535.11"
66.249.70.32 - - [01/Apr/2025:05:36:47 +0200] "GET /fjoo/temp/02_06_04/R4C_185_CL_007_Duren.jpg HTTP/1.1" 404 - "-" "Googlebot-Image/1.0"
95.108.213.112 - - [01/Apr/2025:05:38:05 +0200] "GET /waldorf/oviunn.htm HTTP/1.1" 404 - "-" "Mozilla/5.0 (compatible; YandexBot/3.0; +http://yandex.com/bots)"
213.180.203.110 - - [01/Apr/2025:05:39:56 +0200] "GET /termeszet/99/jan/radnai.htm HTTP/1.1" 404 - "-" "Mozilla/5.0 (compatible; YandexBot/3.0; +http://yandex.com/bots)"
192.99.204.155 - - [01/Apr/2025:05:40:48 +0200] "GET / HTTP/1.1" 302 288 "-" "Mozilla/5.0 (Windows NT 10.0; WOW64; rv:47.0) Gecko/20100101 Firefox/47.0"
35.94.16.158 - - [01/Apr/2025:05:44:19 +0200] "GET / HTTP/1.1" 404 - "-" "Mozilla/5.0 (Windows NT 10.0; Win64; x64) AppleWebKit/537.36 (KHTML, like Gecko) Chrome/130.0.0.0 Safari/537.36 OPR/115.0.0."
