170.106.187.106 - - [01/Jul/2025:00:04:15 +0200] "GET /gaja HTTP/1.1" 404 - "-" "Mozilla/5.0 (compatible; Thinkbot/0.5.8; +In_the_test_phase,_if_the_Thinkbot_brings_you_trouble,_please_block_its_IP_address._Thank_you.)"
131.153.142.170 - - [01/Jul/2025:00:22:59 +0200] "GET / HTTP/1.1" 404 - "-" "Mozilla/5.0 (Windows NT 10.0; Win64; x64) AppleWebKit/537.36 (KHTML, like Gecko) Chrome/91.0.4472.124 Safari/537.36"
144.76.32.94 - - [01/Jul/2025:00:26:36 +0200] "GET /robots.txt HTTP/1.1" 404 - "-" "Mozilla/5.0 (compatible; BLEXBot/1.0; +https://help.seranking.com/en/blex-crawler)"
144.76.32.94 - - [01/Jul/2025:00:26:36 +0200] "GET /cblues HTTP/1.1" 404 - "-" "Mozilla/5.0 (compatible; BLEXBot/1.0; +https://help.seranking.com/en/blex-crawler)"
144.76.32.94 - - [01/Jul/2025:00:26:54 +0200] "GET /meteor HTTP/1.1" 404 - "-" "Mozilla/5.0 (compatible; BLEXBot/1.0; +https://help.seranking.com/en/blex-crawler)"
144.76.32.94 - - [01/Jul/2025:00:27:08 +0200] "GET /%7Eillesf/ HTTP/1.1" 404 - "-" "Mozilla/5.0 (compatible; BLEXBot/1.0; +https://help.seranking.com/en/blex-crawler)"
144.76.32.94 - - [01/Jul/2025:00:27:21 +0200] "GET /vedegylet/ HTTP/1.1" 404 - "-" "Mozilla/5.0 (compatible; BLEXBot/1.0; +https://help.seranking.com/en/blex-crawler)"
144.76.32.94 - - [01/Jul/2025:00:27:36 +0200] "GET /apcwww.html HTTP/1.1" 404 - "-" "Mozilla/5.0 (compatible; BLEXBot/1.0; +https://help.seranking.com/en/blex-crawler)"
144.76.32.94 - - [01/Jul/2025:00:27:47 +0200] "GET /gaja/fennmar HTTP/1.1" 404 - "-" "Mozilla/5.0 (compatible; BLEXBot/1.0; +https://help.seranking.com/en/blex-crawler)"
144.76.32.94 - - [01/Jul/2025:00:27:58 +0200] "GET /mirror/bankwatch/ HTTP/1.1" 404 - "-" "Mozilla/5.0 (compatible; BLEXBot/1.0; +https://help.seranking.com/en/blex-crawler)"
144.76.32.94 - - [01/Jul/2025:00:28:13 +0200] "GET /kontakt/index_en.html HTTP/1.1" 404 - "-" "Mozilla/5.0 (compatible; BLEXBot/1.0; +https://help.seranking.com/en/blex-crawler)"
144.76.32.94 - - [01/Jul/2025:00:29:25 +0200] "GET /fogyved/e-szamok/eanyagok.html HTTP/1.1" 404 - "-" "Mozilla/5.0 (compatible; BLEXBot/1.0; +https://help.seranking.com/en/blex-crawler)"
66.249.64.103 - - [01/Jul/2025:00:31:29 +0200] "GET /~fjoo/db185ful.jpg HTTP/1.1" 404 - "-" "Googlebot-Image/1.0"
4.227.36.41 - - [01/Jul/2025:00:35:09 +0200] "GET /robots.txt HTTP/1.1" 404 - "-" "Mozilla/5.0 AppleWebKit/537.36 (KHTML, like Gecko; compatible; GPTBot/1.2; +https://openai.com/gptbot)"
51.68.236.69 - - [01/Jul/2025:00:41:42 +0200] "GET /robots.txt HTTP/1.1" 404 - "-" "Mozilla/5.0 (compatible; MJ12bot/v2.0.2; http://mj12bot.com/)"
51.68.236.69 - - [01/Jul/2025:00:41:42 +0200] "GET / HTTP/1.1" 404 - "-" "Mozilla/5.0 (compatible; MJ12bot/v2.0.2; http://mj12bot.com/)"
20.127.237.43 - - [01/Jul/2025:00:41:50 +0200] "GET /.env HTTP/1.1" 404 - "-" "Mozilla/5.0 (X11; Linux x86_64) AppleWebKit/537.36 (KHTML, like Gecko) Chrome/81.0.4044.129 Safari/537.36"
20.127.237.43 - - [01/Jul/2025:00:41:51 +0200] "POST / HTTP/1.1" 404 - "-" "Mozilla/5.0 (X11; Linux x86_64) AppleWebKit/537.36 (KHTML, like Gecko) Chrome/81.0.4044.129 Safari/537.36"
66.249.64.104 - - [01/Jul/2025:01:02:15 +0200] "GET /robots.txt HTTP/1.1" 404 - "-" "Mozilla/5.0 (compatible; Googlebot/2.1; +http://www.google.com/bot.html)"
66.249.64.102 - - [01/Jul/2025:01:02:16 +0200] "GET /fjoo/temp/040128/2044-011.jpg HTTP/1.1" 404 - "-" "Googlebot-Image/1.0"
66.249.64.103 - - [01/Jul/2025:01:12:50 +0200] "GET /fjoo/temp/040128/4062-003_Monor.jpg HTTP/1.1" 404 - "-" "Googlebot-Image/1.0"
162.215.248.208 - - [01/Jul/2025:01:16:52 +0200] "HEAD /site.zip HTTP/1.1" 404 - "-" "-"
205.196.217.55 - - [01/Jul/2025:01:17:03 +0200] "HEAD /web.zip HTTP/1.1" 404 - "-" "-"
51.222.253.18 - - [01/Jul/2025:01:17:47 +0200] "GET /robots.txt HTTP/1.1" 404 - "-" "Mozilla/5.0 (compatible; AhrefsBot/7.0; +http://ahrefs.com/robot/)"
136.243.228.179 - - [01/Jul/2025:01:23:42 +0200] "GET /fjoo/majus13.htm HTTP/1.1" 404 - "-" "Mozilla/5.0 (compatible; DataForSeoBot/1.0; +https://dataforseo.com/dataforseo-bot)"
66.249.64.103 - - [01/Jul/2025:01:34:01 +0200] "GET /~fjoo/PCD00158a.jpg HTTP/1.1" 404 - "-" "Googlebot-Image/1.0"
66.249.64.103 - - [01/Jul/2025:01:55:12 +0200] "GET /~fjoo/PCD00158.jpga HTTP/1.1" 404 - "-" "Googlebot-Image/1.0"
131.153.240.10 - - [01/Jul/2025:01:57:44 +0200] "GET / HTTP/1.1" 404 - "-" "Mozilla/5.0 (Windows NT 10.0; Win64; x64) AppleWebKit/537.36 (KHTML, like Gecko) Chrome/91.0.4472.124 Safari/537.36"
66.249.64.103 - - [01/Jul/2025:02:06:47 +0200] "GET /fjoo/temp/040128/M62-505.jpg HTTP/1.1" 404 - "-" "Googlebot-Image/1.0"
45.180.35.130 - - [01/Jul/2025:02:23:22 +0200] "GET http://www.zpok.hu/~jfeiler HTTP/1.1" 404 - "-" "Mozilla/5.0 (Windows NT 10.0; Win64; x64; rv:123.0) Gecko/20100101 Firefox/123.0"
66.249.64.104 - - [01/Jul/2025:02:26:57 +0200] "GET /~fjoo/PCD00029a.jpg HTTP/1.1" 404 - "-" "Googlebot-Image/1.0"
216.244.66.203 - - [01/Jul/2025:03:02:04 +0200] "GET /robots.txt HTTP/1.1" 404 - "-" "Mozilla/5.0 (compatible; DotBot/1.2; +https://opensiteexplorer.org/dotbot; help@moz.com)"
17.241.227.199 - - [01/Jul/2025:03:03:46 +0200] "GET /~jfeiler/baiamare/cyanidenature.htm HTTP/1.1" 404 - "-" "Mozilla/5.0 (Macintosh; Intel Mac OS X 10_15_7) AppleWebKit/605.1.15 (KHTML, like Gecko) Version/17.4 Safari/605.1.15 (Applebot/0.1; +http://www.apple.com/go/applebot)"
216.244.66.203 - - [01/Jul/2025:03:06:22 +0200] "GET /%7Efjoo/temp/02_05_15/ADL_16.jpg HTTP/1.1" 404 - "-" "Mozilla/5.0 (compatible; DotBot/1.2; +https://opensiteexplorer.org/dotbot; help@moz.com)"
66.249.64.104 - - [01/Jul/2025:03:14:58 +0200] "GET /fjoo/temp/040128/SBB_Ee3-3.jpg HTTP/1.1" 404 - "-" "Googlebot-Image/1.0"
202.181.24.35 - - [01/Jul/2025:03:15:07 +0200] "GET /index.php?m=api&c=ajax&a=arcpagelist&_ajax=1 HTTP/1.1" 404 - "http://www.zpok.hu/index.php?m=api&c=ajax&a=arcpagelist&_ajax=1" "Mozilla/5.0 (Windows NT 10.0; Win64; x64) AppleWebKit/537.36 (KHTML, like Gecko) Chrome/83.0.4103.61 Safari/537.36"
202.181.24.35 - - [01/Jul/2025:03:15:08 +0200] "GET /index.php?m=api&c=ajax&a=vertify&_ajax=1&click=1 HTTP/1.1" 404 - "http://www.zpok.hu/index.php?m=api&c=ajax&a=vertify&_ajax=1&click=1" "Mozilla/5.0 (Windows NT 10.0; Win64; x64) AppleWebKit/537.36 (KHTML, like Gecko) Chrome/83.0.4103.61 Safari/537.36"
207.46.13.111 - - [01/Jul/2025:03:26:53 +0200] "GET /genmanipulacio/kepregeny/21.htm HTTP/1.1" 404 - "-" "Mozilla/5.0 AppleWebKit/537.36 (KHTML, like Gecko; compatible; bingbot/2.0; +http://www.bing.com/bingbot.htm) Chrome/116.0.1938.76 Safari/537.36"
131.153.240.178 - - [01/Jul/2025:03:32:29 +0200] "GET / HTTP/1.1" 404 - "-" "Mozilla/5.0 (Windows NT 10.0; Win64; x64) AppleWebKit/537.36 (KHTML, like Gecko) Chrome/91.0.4472.124 Safari/537.36"
43.153.26.165 - - [01/Jul/2025:03:38:15 +0200] "GET /kontakt/index_en.html HTTP/1.1" 404 - "-" "Mozilla/5.0 (compatible; Thinkbot/0.5.8; +In_the_test_phase,_if_the_Thinkbot_brings_you_trouble,_please_block_its_IP_address._Thank_you.)"
137.184.114.93 - - [01/Jul/2025:03:44:29 +0200] "GET / HTTP/1.1" 302 288 "-" "-"
193.6.201.253 - - [01/Jul/2025:03:46:52 +0200] "GET /globalizacio/ HTTP/1.1" 404 - "-" "Mozilla/5.0 (X11; Linux x86_64; rv:58.0) Gecko/20100101 Firefox/58.0"
66.249.64.102 - - [01/Jul/2025:03:50:57 +0200] "GET /~fjoo/temp/02_04_25/Szemeretelep.jpg HTTP/1.1" 404 - "-" "Googlebot-Image/1.0"
5.255.231.21 - - [01/Jul/2025:04:08:09 +0200] "GET /robots.txt HTTP/1.1" 404 - "-" "Mozilla/5.0 (compatible; YandexBot/3.0; +http://yandex.com/bots)"
213.180.203.104 - - [01/Jul/2025:04:08:10 +0200] "GET /fogyved/ HTTP/1.1" 404 - "-" "Mozilla/5.0 (compatible; YandexBot/3.0; +http://yandex.com/bots)"
43.153.135.208 - - [01/Jul/2025:04:10:03 +0200] "GET / HTTP/1.1" 404 - "-" "Mozilla/5.0 (iPhone; CPU iPhone OS 13_2_3 like Mac OS X) AppleWebKit/605.1.15 (KHTML, like Gecko) Version/13.0.3 Mobile/15E148 Safari/604.1"
51.222.253.13 - - [01/Jul/2025:04:14:26 +0200] "GET /robots.txt HTTP/1.1" 404 - "-" "Mozilla/5.0 (compatible; AhrefsBot/7.0; +http://ahrefs.com/robot/)"
216.73.216.70 - - [01/Jul/2025:04:15:57 +0200] "GET /robots.txt HTTP/1.1" 404 - "-" "Mozilla/5.0 AppleWebKit/537.36 (KHTML, like Gecko; compatible; ClaudeBot/1.0; +claudebot@anthropic.com)"
216.73.216.70 - - [01/Jul/2025:04:15:59 +0200] "GET /waldorf/iskalt.htm HTTP/1.1" 404 - "-" "Mozilla/5.0 AppleWebKit/537.36 (KHTML, like Gecko; compatible; ClaudeBot/1.0; +claudebot@anthropic.com)"
66.249.64.102 - - [01/Jul/2025:04:26:58 +0200] "GET /~fjoo/temp/02_04_25/Graf_Irsa.jpg HTTP/1.1" 404 - "-" "Googlebot-Image/1.0"
34.221.115.90 - - [01/Jul/2025:04:35:01 +0200] "GET / HTTP/1.1" 404 - "-" "Mozilla/5.0 (Windows NT 10.0; Win64; x64) AppleWebKit/537.36 (KHTML, like Gecko) Chrome/132.0.0.0 Safari/537.36 Edg/132.0.0."
34.221.115.90 - - [01/Jul/2025:04:35:44 +0200] "GET / HTTP/1.1" 404 - "-" "Mozilla/5.0 (Windows NT 10.0; Win64; x64) AppleWebKit/537.36 (KHTML, like Gecko) Chrome/132.0.0.0 Safari/537.36 Edg/132.0.0."
213.180.203.175 - - [01/Jul/2025:04:37:30 +0200] "GET /robots.txt HTTP/1.1" 404 - "-" "Mozilla/5.0 (compatible; YandexBot/3.0; +http://yandex.com/bots)"
5.255.231.101 - - [01/Jul/2025:04:37:30 +0200] "GET /attac HTTP/1.1" 404 - "-" "Mozilla/5.0 (compatible; YandexBot/3.0; +http://yandex.com/bots)"
66.249.64.103 - - [01/Jul/2025:04:39:09 +0200] "GET /~fjoo/temp/02_04_25/A62_001J.jpg HTTP/1.1" 404 - "-" "Googlebot-Image/1.0"
66.249.64.102 - - [01/Jul/2025:04:51:57 +0200] "GET /fjoo/temp/02_05_11/LAEV_13.jpg HTTP/1.1" 404 - "-" "Googlebot-Image/1.0"
46.101.80.192 - - [01/Jul/2025:04:54:06 +0200] "GET / HTTP/1.1" 404 - "-" "Mozilla/5.0 (Windows NT 10.0; Win64; x64) AppleWebKit/537.36 (KHTML, like Gecko) Chrome/124.0.0.0 Safari/537.36"
216.73.216.210 - - [01/Jul/2025:04:54:31 +0200] "GET /robots.txt HTTP/1.1" 404 - "-" "Mozilla/5.0 AppleWebKit/537.36 (KHTML, like Gecko; compatible; ClaudeBot/1.0; +claudebot@anthropic.com)"
216.73.216.210 - - [01/Jul/2025:04:54:35 +0200] "GET /pipermail/tai-development/attachments/20080808/4fa345c= HTTP/1.1" 404 - "-" "Mozilla/5.0 AppleWebKit/537.36 (KHTML, like Gecko; compatible; ClaudeBot/1.0; +claudebot@anthropic.com)"
17.241.75.249 - - [01/Jul/2025:04:56:08 +0200] "GET /~fjoo/mk48.htm HTTP/1.1" 404 - "-" "Mozilla/5.0 (Macintosh; Intel Mac OS X 10_15_7) AppleWebKit/605.1.15 (KHTML, like Gecko) Version/17.4 Safari/605.1.15 (Applebot/0.1; +http://www.apple.com/go/applebot)"
43.135.182.43 - - [01/Jul/2025:04:59:25 +0200] "GET / HTTP/1.1" 404 - "-" "Mozilla/5.0 (iPhone; CPU iPhone OS 13_2_3 like Mac OS X) AppleWebKit/605.1.15 (KHTML, like Gecko) Version/13.0.3 Mobile/15E148 Safari/604.1"
216.73.216.70 - - [01/Jul/2025:05:00:30 +0200] "GET /%7Efjoo/railways.htm HTTP/1.1" 404 - "-" "Mozilla/5.0 AppleWebKit/537.36 (KHTML, like Gecko; compatible; ClaudeBot/1.0; +claudebot@anthropic.com)"
66.249.64.104 - - [01/Jul/2025:05:01:58 +0200] "GET /~fjoo/temp/02_04_25/A62_001E.jpg HTTP/1.1" 404 - "-" "Googlebot-Image/1.0"
20.171.207.246 - - [01/Jul/2025:05:04:43 +0200] "GET /waldorf/ HTTP/1.1" 404 - "-" "Mozilla/5.0 AppleWebKit/537.36 (KHTML, like Gecko; compatible; GPTBot/1.2; +https://openai.com/gptbot)"
66.249.64.103 - - [01/Jul/2025:05:06:18 +0200] "GET /fjoo/temp/02_04_26/NOHAB-GM_goz.jpg HTTP/1.1" 404 - "-" "Googlebot-Image/1.0"
216.73.216.70 - - [01/Jul/2025:05:06:34 +0200] "GET /help/ch01s02.shtml HTTP/1.1" 404 - "-" "Mozilla/5.0 AppleWebKit/537.36 (KHTML, like Gecko; compatible; ClaudeBot/1.0; +claudebot@anthropic.com)"
68.183.143.185 - - [01/Jul/2025:05:07:05 +0200] "GET / HTTP/1.1" 404 - "-" "Mozilla/4.0 (compatible; MSIE 8.0; Windows NT 6.1; Trident/4.0)"
66.249.64.103 - - [01/Jul/2025:05:11:57 +0200] "GET /~fjoo/temp/02_04_25/Graf_varo.jpg HTTP/1.1" 404 - "-" "Googlebot-Image/1.0"
131.153.240.178 - - [01/Jul/2025:05:12:46 +0200] "GET / HTTP/1.1" 404 - "-" "Mozilla/5.0 (Windows NT 10.0; Win64; x64) AppleWebKit/537.36 (KHTML, like Gecko) Chrome/91.0.4472.124 Safari/537.36"
66.249.64.102 - - [01/Jul/2025:05:17:37 +0200] "GET /~fjoo/temp/02_04_25/Graf_Bhv3.jpg HTTP/1.1" 404 - "-" "Googlebot-Image/1.0"
193.6.201.253 - - [01/Jul/2025:05:43:17 +0200] "GET /genmanipulacio/ HTTP/1.1" 404 - "-" "Mozilla/5.0 (X11; Linux x86_64; rv:58.0) Gecko/20100101 Firefox/58.0"
213.180.203.29 - - [01/Jul/2025:05:49:21 +0200] "GET /robots.txt HTTP/1.1" 404 - "-" "Mozilla/5.0 (compatible; YandexBot/3.0; +http://yandex.com/bots)"
213.180.203.187 - - [01/Jul/2025:05:49:22 +0200] "GET /genmanipulacio/kepregeny/16.htm HTTP/1.1" 404 - "-" "Mozilla/5.0 (compatible; YandexBot/3.0; +http://yandex.com/bots)"
66.249.64.103 - - [01/Jul/2025:05:51:58 +0200] "GET /~illesf/terkepek/erzsebetfalva01.jpg HTTP/1.1" 404 - "-" "Googlebot-Image/1.0"
45.89.66.53 - - [01/Jul/2025:05:56:08 +0200] "HEAD / HTTP/1.1" 404 - "https://dolgoprudniy-master.ru/" "Mozilla/7.0 (compatible; MSIE6.00; Windows 2005)"
45.89.66.206 - - [01/Jul/2025:05:56:11 +0200] "HEAD / HTTP/1.1" 404 - "https://dolgoprudnyy-rem.ru/" "Mozilla/6.0 (compatible; MSIE6.00; Windows 2007)"
193.124.191.92 - - [01/Jul/2025:05:58:16 +0200] "HEAD / HTTP/1.1" 404 - "https://odincovo-split.ru/" "Mozilla/6.0 (compatible; MSIE4.00; Windows 2005)"
45.89.66.19 - - [01/Jul/2025:05:58:18 +0200] "HEAD / HTTP/1.1" 404 - "https://dolgoprudniy-vent.ru/" "Mozilla/8.0 (compatible; MSIE3.00; Windows 2007)"
45.89.67.190 - - [01/Jul/2025:05:58:20 +0200] "HEAD / HTTP/1.1" 404 - "https://odincovo-conditioner.ru/" "Mozilla/7.0 (compatible; MSIE4.00; Windows 2008)"
94.142.141.73 - - [01/Jul/2025:05:58:22 +0200] "HEAD / HTTP/1.1" 404 - "https://odincovo-holod.ru/" "Mozilla/6.0 (compatible; MSIE7.00; Windows 2009)"
185.125.219.119 - - [01/Jul/2025:05:58:26 +0200] "HEAD / HTTP/1.1" 404 - "https://dolgoprudniy-kondicioner.ru/" "Mozilla/6.0 (compatible; MSIE3.00; Windows 2002)"
194.67.210.77 - - [01/Jul/2025:05:58:30 +0200] "HEAD / HTTP/1.1" 404 - "https://master-holod-odincovo.ru/" "Mozilla/7.0 (compatible; MSIE4.00; Windows 2007)"
45.88.97.157 - - [01/Jul/2025:05:58:33 +0200] "GET / HTTP/1.1" 404 - "-" "Mozilla/5.0 (Windows; U; Windows NT 6.1; en-US; rv:1.9.1.5) Gecko/20091102 Firefox/3.5.5 (.NET CLR 3.5.30729)"
185.125.219.59 - - [01/Jul/2025:05:58:40 +0200] "HEAD / HTTP/1.1" 404 - "https://tehcenter-odincovo.ru/" "Mozilla/5.0 (compatible; MSIE2.00; Windows 2008)"
216.73.216.70 - - [01/Jul/2025:05:59:41 +0200] "GET /robots.txt HTTP/1.1" 404 - "-" "Mozilla/5.0 AppleWebKit/537.36 (KHTML, like Gecko; compatible; ClaudeBot/1.0; +claudebot@anthropic.com)"
216.73.216.70 - - [01/Jul/2025:05:59:45 +0200] "GET /suni HTTP/1.1" 404 - "-" "Mozilla/5.0 AppleWebKit/537.36 (KHTML, like Gecko; compatible; ClaudeBot/1.0; +claudebot@anthropic.com)"
13.78.120.238 - - [01/Jul/2025:06:00:17 +0200] "GET /wp-content/plugins/hellopress/wp_filemanager.php HTTP/1.1" 404 - "-" "-"
13.78.120.238 - - [01/Jul/2025:06:00:20 +0200] "GET /wp-includes/pomo/mpvloi.php HTTP/1.1" 404 - "-" "-"
13.78.120.238 - - [01/Jul/2025:06:00:20 +0200] "GET /wp-admin/images/edit-tags.php HTTP/1.1" 404 - "-" "-"
13.78.120.238 - - [01/Jul/2025:06:00:20 +0200] "GET /wp-admin/includes/media.php.INFECTED.php HTTP/1.1" 404 - "-" "-"
13.78.120.238 - - [01/Jul/2025:06:00:20 +0200] "GET /wp-includes/block-bindings.php HTTP/1.1" 404 - "-" "-"
13.78.120.238 - - [01/Jul/2025:06:00:21 +0200] "GET /wp-admin/css/colors/ectoplasm/str_shuffcle.php HTTP/1.1" 404 - "-" "-"
13.78.120.238 - - [01/Jul/2025:06:00:21 +0200] "GET /wp-admin/maint/wp-act.php HTTP/1.1" 404 - "-" "-"
13.78.120.238 - - [01/Jul/2025:06:00:21 +0200] "GET /wp-includes/css/dist/niil.php HTTP/1.1" 404 - "-" "-"
13.78.120.238 - - [01/Jul/2025:06:00:22 +0200] "GET /files/css_compare.php HTTP/1.1" 404 - "-" "-"
13.78.120.238 - - [01/Jul/2025:06:00:22 +0200] "GET /wp-includes/class-json-ajax-session.php HTTP/1.1" 404 - "-" "-"
13.78.120.238 - - [01/Jul/2025:06:00:22 +0200] "GET /wp-includes/0.php HTTP/1.1" 404 - "-" "-"
13.78.120.238 - - [01/Jul/2025:06:00:22 +0200] "GET /wp-admin/css/acces.php HTTP/1.1" 404 - "-" "-"
194.67.207.9 - - [01/Jul/2025:06:00:22 +0200] "HEAD / HTTP/1.1" 404 - "https://dolgoprudniy-climat.ru/" "Mozilla/5.0 (compatible; MSIE5.00; Windows 2008)"
13.78.120.238 - - [01/Jul/2025:06:00:23 +0200] "GET /wp-includes/about.php HTTP/1.1" 404 - "-" "-"
13.78.120.238 - - [01/Jul/2025:06:00:23 +0200] "GET /wp-admin/maint/go.php HTTP/1.1" 404 - "-" "-"
13.78.120.238 - - [01/Jul/2025:06:00:23 +0200] "GET /wp-admin/includes/wp-login.php HTTP/1.1" 404 - "-" "-"
13.78.120.238 - - [01/Jul/2025:06:00:23 +0200] "GET /wp-content/uploads/suit5y.php HTTP/1.1" 404 - "-" "-"
13.78.120.238 - - [01/Jul/2025:06:00:24 +0200] "GET /uploads/update_with_pics.php HTTP/1.1" 404 - "-" "-"
13.78.120.238 - - [01/Jul/2025:06:00:24 +0200] "GET /wp-admin/includes/admin-ajax.php HTTP/1.1" 404 - "-" "-"
13.78.120.238 - - [01/Jul/2025:06:00:25 +0200] "GET /wp-admin/maint/wp-damin.php HTTP/1.1" 404 - "-" "-"
13.78.120.238 - - [01/Jul/2025:06:00:25 +0200] "GET /wp-admin/includes/go.php HTTP/1.1" 404 - "-" "-"
13.78.120.238 - - [01/Jul/2025:06:00:26 +0200] "GET /uploads/upload.php HTTP/1.1" 404 - "-" "-"
13.78.120.238 - - [01/Jul/2025:06:00:27 +0200] "GET /wp-includes/class-wp-simplepie-sanitize-kses-stream.php HTTP/1.1" 404 - "-" "-"
13.78.120.238 - - [01/Jul/2025:06:00:28 +0200] "GET /wp-includes/prayer_intentions.php HTTP/1.1" 404 - "-" "-"
13.78.120.238 - - [01/Jul/2025:06:00:29 +0200] "GET /wp-includes/fonts/class-wp-font-collection.php HTTP/1.1" 404 - "-" "-"
13.78.120.238 - - [01/Jul/2025:06:00:29 +0200] "GET /wp-admin/includes/class-wp-media-list-table-ezd.php HTTP/1.1" 404 - "-" "-"
13.78.120.238 - - [01/Jul/2025:06:00:29 +0200] "GET /wp-includes/pomo/yellow.php HTTP/1.1" 404 - "-" "-"
13.78.120.238 - - [01/Jul/2025:06:00:29 +0200] "GET /images/test.php HTTP/1.1" 404 - "-" "-"
13.78.120.238 - - [01/Jul/2025:06:00:30 +0200] "GET /wp-admin/css/colors/dkSUq.php HTTP/1.1" 404 - "-" "-"
13.78.120.238 - - [01/Jul/2025:06:00:30 +0200] "GET /wp-admin/images/wp-ksv1i.php HTTP/1.1" 404 - "-" "-"
13.78.120.238 - - [01/Jul/2025:06:00:31 +0200] "GET /wp-admin/js/widgets/hYdXrMgTbH.php HTTP/1.1" 404 - "-" "-"
13.78.120.238 - - [01/Jul/2025:06:00:31 +0200] "GET /wp-includes/Text/Diff/Renderer/last.php HTTP/1.1" 404 - "-" "-"
13.78.120.238 - - [01/Jul/2025:06:00:31 +0200] "GET /wp-content/uploads/admin.php HTTP/1.1" 404 - "-" "-"
13.78.120.238 - - [01/Jul/2025:06:00:31 +0200] "GET /wp-includes/widgets/hehe.php HTTP/1.1" 404 - "-" "-"
13.78.120.238 - - [01/Jul/2025:06:00:32 +0200] "GET /wp-admin/css/colors/midnight/strcmp.php HTTP/1.1" 404 - "-" "-"
13.78.120.238 - - [01/Jul/2025:06:00:33 +0200] "GET /wp-content/uploads/emvvuhwx.php HTTP/1.1" 404 - "-" "-"
13.78.120.238 - - [01/Jul/2025:06:00:33 +0200] "GET /wp-includes/css/str_replace.php HTTP/1.1" 404 - "-" "-"
13.78.120.238 - - [01/Jul/2025:06:00:34 +0200] "GET /wp-admin/includes/ace.php HTTP/1.1" 404 - "-" "-"
13.78.120.238 - - [01/Jul/2025:06:00:34 +0200] "GET /wp-includes/wp-admin-css.php HTTP/1.1" 404 - "-" "-"
13.78.120.238 - - [01/Jul/2025:06:00:34 +0200] "GET /wp-content/upgrade/120f9.php HTTP/1.1" 404 - "-" "-"
13.78.120.238 - - [01/Jul/2025:06:00:34 +0200] "GET /wp-includes/Text/moon.php HTTP/1.1" 404 - "-" "-"
13.78.120.238 - - [01/Jul/2025:06:00:36 +0200] "GET /wp-admin/css/colors/light/qwas.php HTTP/1.1" 404 - "-" "-"
13.78.120.238 - - [01/Jul/2025:06:00:36 +0200] "GET /wp-includes/davoeqyv.php HTTP/1.1" 404 - "-" "-"
13.78.120.238 - - [01/Jul/2025:06:00:36 +0200] "GET /wp-includes/js/codemirror/87.php HTTP/1.1" 404 - "-" "-"
13.78.120.238 - - [01/Jul/2025:06:00:37 +0200] "GET /wp-includes/block-template-utils.php HTTP/1.1" 404 - "-" "-"
13.78.120.238 - - [01/Jul/2025:06:00:37 +0200] "GET /wp-includes/fonts/browser.php HTTP/1.1" 404 - "-" "-"
13.78.120.238 - - [01/Jul/2025:06:00:37 +0200] "GET /wp-admin/maint/smile.php HTTP/1.1" 404 - "-" "-"
13.78.120.238 - - [01/Jul/2025:06:00:37 +0200] "GET /wp-includes/wp-2019.php HTTP/1.1" 404 - "-" "-"
13.78.120.238 - - [01/Jul/2025:06:00:37 +0200] "GET /wp-includes/Text/Diff/Engine.php HTTP/1.1" 404 - "-" "-"
13.78.120.238 - - [01/Jul/2025:06:00:38 +0200] "GET /images/up.php HTTP/1.1" 404 - "-" "-"
94.142.141.230 - - [01/Jul/2025:06:00:38 +0200] "HEAD / HTTP/1.1" 404 - "https://dolgoprudniy-conditioner.ru/" "Mozilla/7.0 (compatible; MSIE6.00; Windows 2006)"
13.78.120.238 - - [01/Jul/2025:06:00:38 +0200] "GET /wp-includes/link-template-git.php HTTP/1.1" 404 - "-" "-"
13.78.120.238 - - [01/Jul/2025:06:00:38 +0200] "GET /wp-admin/images/searchl.php HTTP/1.1" 404 - "-" "-"
13.78.120.238 - - [01/Jul/2025:06:00:39 +0200] "GET /wp-content/uploads/js.php HTTP/1.1" 404 - "-" "-"
13.78.120.238 - - [01/Jul/2025:06:00:39 +0200] "GET /wp-includes/PHPMailer/brand.php HTTP/1.1" 404 - "-" "-"
13.78.120.238 - - [01/Jul/2025:06:00:39 +0200] "GET /wp-includes/widgets/class-wp-widget-media-audio-module.php HTTP/1.1" 404 - "-" "-"
13.78.120.238 - - [01/Jul/2025:06:00:39 +0200] "GET /wp-admin/includes/class-wp-pagebuilders-3bv4aS.php HTTP/1.1" 404 - "-" "-"
13.78.120.238 - - [01/Jul/2025:06:00:39 +0200] "GET /wp-admin/includes/rfzhh.php HTTP/1.1" 404 - "-" "-"
13.78.120.238 - - [01/Jul/2025:06:00:40 +0200] "GET /wp-includes/ID3/favicon.php HTTP/1.1" 404 - "-" "-"
13.78.120.238 - - [01/Jul/2025:06:00:40 +0200] "GET /uploads/phUploader.php HTTP/1.1" 404 - "-" "-"
13.78.120.238 - - [01/Jul/2025:06:00:40 +0200] "GET /wp-includes/fonts/themes.php HTTP/1.1" 404 - "-" "-"
13.78.120.238 - - [01/Jul/2025:06:00:41 +0200] "GET /wp-admin/css/wp-damin.php HTTP/1.1" 404 - "-" "-"
13.78.120.238 - - [01/Jul/2025:06:00:41 +0200] "GET /wp-content/up HTTP/1.1" 404 - "-" "-"
13.78.120.238 - - [01/Jul/2025:06:00:41 +0200] "GET /text.php?fm=true HTTP/1.1" 404 - "-" "-"
13.78.120.238 - - [01/Jul/2025:06:00:41 +0200] "GET /admin.php HTTP/1.1" 404 - "-" "-"
13.78.120.238 - - [01/Jul/2025:06:00:42 +0200] "GET /ty.php?p= HTTP/1.1" 404 - "-" "-"
13.78.120.238 - - [01/Jul/2025:06:00:42 +0200] "GET /wp-content/plugins/index.php HTTP/1.1" 404 - "-" "-"
13.78.120.238 - - [01/Jul/2025:06:00:42 +0200] "GET /file.php?fm=true HTTP/1.1" 404 - "-" "-"
13.78.120.238 - - [01/Jul/2025:06:00:42 +0200] "GET /function.php HTTP/1.1" 404 - "-" "-"
13.78.120.238 - - [01/Jul/2025:06:00:43 +0200] "GET /wp-admin/css/colors/blue/index.php HTTP/1.1" 404 - "-" "-"
13.78.120.238 - - [01/Jul/2025:06:00:43 +0200] "GET /.well-known/wp-login.php HTTP/1.1" 404 - "-" "-"
13.78.120.238 - - [01/Jul/2025:06:00:43 +0200] "GET /xleet.php HTTP/1.1" 404 - "-" "-"
13.78.120.238 - - [01/Jul/2025:06:00:43 +0200] "GET /.well-known/pki-validation/xp.php HTTP/1.1" 404 - "-" "-"
13.78.120.238 - - [01/Jul/2025:06:00:44 +0200] "GET /wp-content/languages/index.php HTTP/1.1" 404 - "-" "-"
13.78.120.238 - - [01/Jul/2025:06:00:44 +0200] "GET /img/wp-login.php HTTP/1.1" 404 - "-" "-"
13.78.120.238 - - [01/Jul/2025:06:00:44 +0200] "GET /wp-admin/maint/maint.php HTTP/1.1" 404 - "-" "-"
13.78.120.238 - - [01/Jul/2025:06:00:44 +0200] "GET /mah.php?p= HTTP/1.1" 404 - "-" "-"
13.78.120.238 - - [01/Jul/2025:06:00:45 +0200] "GET /images/anjay.php HTTP/1.1" 404 - "-" "-"
13.78.120.238 - - [01/Jul/2025:06:00:45 +0200] "GET /vendor/phpunit/phpunit/src/Util/PHP/small.php HTTP/1.1" 404 - "-" "-"
13.78.120.238 - - [01/Jul/2025:06:00:45 +0200] "GET /webadmin.php HTTP/1.1" 404 - "-" "-"
13.78.120.238 - - [01/Jul/2025:06:00:45 +0200] "GET /core.php HTTP/1.1" 404 - "-" "-"
13.78.120.238 - - [01/Jul/2025:06:00:46 +0200] "GET /wp-content/plugins/core-plugin/include.php HTTP/1.1" 404 - "-" "-"
13.78.120.238 - - [01/Jul/2025:06:00:46 +0200] "GET /cgi-bin/index.php HTTP/1.1" 404 - "-" "-"
13.78.120.238 - - [01/Jul/2025:06:00:47 +0200] "GET /packed.php HTTP/1.1" 404 - "-" "-"
13.78.120.238 - - [01/Jul/2025:06:00:47 +0200] "GET /wp-content/themes/seotheme/mar.php HTTP/1.1" 404 - "-" "-"
13.78.120.238 - - [01/Jul/2025:06:00:47 +0200] "GET /about/function.php HTTP/1.1" 404 - "-" "-"
13.78.120.238 - - [01/Jul/2025:06:00:47 +0200] "GET /index/admin.php HTTP/1.1" 404 - "-" "-"
13.78.120.238 - - [01/Jul/2025:06:00:47 +0200] "GET /wp-admin/css/colors/blue/admin.php HTTP/1.1" 404 - "-" "-"
13.78.120.238 - - [01/Jul/2025:06:00:48 +0200] "GET /wp-includes/fonts/index.php HTTP/1.1" 404 - "-" "-"
13.78.120.238 - - [01/Jul/2025:06:00:48 +0200] "GET /wp-admin/images/about.php HTTP/1.1" 404 - "-" "-"
13.78.120.238 - - [01/Jul/2025:06:00:49 +0200] "GET /cgi-bin/xmrlpc.php?p= HTTP/1.1" 404 - "-" "-"
13.78.120.238 - - [01/Jul/2025:06:00:49 +0200] "GET /wp-admin/includes/index.php HTTP/1.1" 404 - "-" "-"
13.78.120.238 - - [01/Jul/2025:06:00:49 +0200] "GET /readme.php HTTP/1.1" 404 - "-" "-"
13.78.120.238 - - [01/Jul/2025:06:00:49 +0200] "GET /wp-content/uploads/index.php HTTP/1.1" 404 - "-" "-"
13.78.120.238 - - [01/Jul/2025:06:00:49 +0200] "GET /wp-admin/images/index.php HTTP/1.1" 404 - "-" "-"
13.78.120.238 - - [01/Jul/2025:06:00:50 +0200] "GET /filemanager.php HTTP/1.1" 404 - "-" "-"
13.78.120.238 - - [01/Jul/2025:06:00:50 +0200] "GET /shell20211028.php HTTP/1.1" 404 - "-" "-"
13.78.120.238 - - [01/Jul/2025:06:00:50 +0200] "GET /.well-known/index.php HTTP/1.1" 404 - "-" "-"
13.78.120.238 - - [01/Jul/2025:06:00:52 +0200] "GET /defaults.php HTTP/1.1" 404 - "-" "-"
13.78.120.238 - - [01/Jul/2025:06:00:52 +0200] "GET /about.php HTTP/1.1" 404 - "-" "-"
13.78.120.238 - - [01/Jul/2025:06:00:52 +0200] "GET /wp-content/uploads/autoload_classmap.php HTTP/1.1" 404 - "-" "-"
13.78.120.238 - - [01/Jul/2025:06:00:53 +0200] "GET /wp-admin/404.php HTTP/1.1" 404 - "-" "-"
13.78.120.238 - - [01/Jul/2025:06:00:53 +0200] "GET /db.php HTTP/1.1" 404 - "-" "-"
13.78.120.238 - - [01/Jul/2025:06:00:53 +0200] "GET /wp-admin/css/colors/coffee/index.php HTTP/1.1" 404 - "-" "-"
13.78.120.238 - - [01/Jul/2025:06:00:53 +0200] "GET /wp-content/plugins/seoplugins/mar.php HTTP/1.1" 404 - "-" "-"
13.78.120.238 - - [01/Jul/2025:06:00:54 +0200] "GET /cong.php HTTP/1.1" 404 - "-" "-"
13.78.120.238 - - [01/Jul/2025:06:00:54 +0200] "GET /wp-admin/css/colors/index.php HTTP/1.1" 404 - "-" "-"
13.78.120.238 - - [01/Jul/2025:06:00:54 +0200] "GET /install.php HTTP/1.1" 404 - "-" "-"
13.78.120.238 - - [01/Jul/2025:06:00:54 +0200] "GET /wp-content/themes/ HTTP/1.1" 404 - "-" "-"
13.78.120.238 - - [01/Jul/2025:06:00:55 +0200] "GET /wp-content/themes/index.php HTTP/1.1" 404 - "-" "-"
13.78.120.238 - - [01/Jul/2025:06:00:55 +0200] "GET /.well-known/pki-validation/about.php HTTP/1.1" 404 - "-" "-"
13.78.120.238 - - [01/Jul/2025:06:00:55 +0200] "GET /mah.php HTTP/1.1" 404 - "-" "-"
13.78.120.238 - - [01/Jul/2025:06:00:55 +0200] "GET /alfa.php HTTP/1.1" 404 - "-" "-"
13.78.120.238 - - [01/Jul/2025:06:00:56 +0200] "GET /wp-admin/js/index.php HTTP/1.1" 404 - "-" "-"
13.78.120.238 - - [01/Jul/2025:06:00:59 +0200] "GET /wp-admin/index.php HTTP/1.1" 404 - "-" "-"
13.78.120.238 - - [01/Jul/2025:06:01:00 +0200] "GET /randkeyword.php HTTP/1.1" 404 - "-" "-"
13.78.120.238 - - [01/Jul/2025:06:01:00 +0200] "GET /wp-content/about.php HTTP/1.1" 404 - "-" "-"
13.78.120.238 - - [01/Jul/2025:06:01:00 +0200] "GET /buy.php HTTP/1.1" 404 - "-" "-"
13.78.120.238 - - [01/Jul/2025:06:01:00 +0200] "GET /wp-admin/autoload_classmap.php HTTP/1.1" 404 - "-" "-"
13.78.120.238 - - [01/Jul/2025:06:01:01 +0200] "GET /wp-content/file.php HTTP/1.1" 404 - "-" "-"
13.78.120.238 - - [01/Jul/2025:06:01:01 +0200] "GET /autoload_classmap.php HTTP/1.1" 404 - "-" "-"
13.78.120.238 - - [01/Jul/2025:06:01:01 +0200] "GET /wp-admin/user/index.php HTTP/1.1" 404 - "-" "-"
13.78.120.238 - - [01/Jul/2025:06:01:02 +0200] "GET /wp-content/plugins/dummyyummy/wp-signup.php HTTP/1.1" 404 - "-" "-"
66.249.64.102 - - [01/Jul/2025:06:04:17 +0200] "GET /fjoo/temp/040128/NGM_emlektargyak.jpg HTTP/1.1" 404 - "-" "Googlebot-Image/1.0"
45.89.66.81 - - [01/Jul/2025:06:09:57 +0200] "HEAD / HTTP/1.1" 404 - "https://dolgoprudniy-holod.ru/" "Mozilla/5.0 (compatible; MSIE2.00; Windows 2002)"
185.5.249.185 - - [01/Jul/2025:06:10:06 +0200] "HEAD / HTTP/1.1" 404 - "https://odincovo-air.ru/" "Mozilla/2.0 (compatible; MSIE4.00; Windows 2004)"
45.89.66.57 - - [01/Jul/2025:06:10:14 +0200] "HEAD / HTTP/1.1" 404 - "https://dolgoprudny-remont.ru/" "Mozilla/4.0 (compatible; MSIE4.00; Windows 2002)"
185.125.219.13 - - [01/Jul/2025:06:10:40 +0200] "HEAD / HTTP/1.1" 404 - "https://odincovo-kondicioner.ru/" "Mozilla/3.0 (compatible; MSIE5.00; Windows 2003)"
194.67.207.94 - - [01/Jul/2025:06:10:49 +0200] "HEAD / HTTP/1.1" 404 - "https://odincovo-climat.ru/" "Mozilla/6.0 (compatible; MSIE5.00; Windows 2004)"
66.249.64.104 - - [01/Jul/2025:06:11:57 +0200] "GET /~illesf/terkepek/bp1913.jpg HTTP/1.1" 404 - "-" "Googlebot-Image/1.0"
185.105.116.12 - - [01/Jul/2025:06:20:44 +0200] "HEAD / HTTP/1.1" 404 - "https://odincovo-vent.ru/" "Mozilla/3.0 (compatible; MSIE3.00; Windows 2006)"
194.67.207.55 - - [01/Jul/2025:06:23:31 +0200] "HEAD / HTTP/1.1" 404 - "https://odincovo-service.ru/" "Mozilla/5.0 (compatible; MSIE6.00; Windows 2008)"
216.73.216.70 - - [01/Jul/2025:06:42:33 +0200] "GET /eletfa HTTP/1.1" 404 - "-" "Mozilla/5.0 AppleWebKit/537.36 (KHTML, like Gecko; compatible; ClaudeBot/1.0; +claudebot@anthropic.com)"
216.73.216.70 - - [01/Jul/2025:06:45:54 +0200] "GET /biztkomm/702.shtml HTTP/1.1" 404 - "-" "Mozilla/5.0 AppleWebKit/537.36 (KHTML, like Gecko; compatible; ClaudeBot/1.0; +claudebot@anthropic.com)"
5.255.231.151 - - [01/Jul/2025:06:47:46 +0200] "GET /robots.txt HTTP/1.1" 404 - "-" "Mozilla/5.0 (compatible; YandexBot/3.0; +http://yandex.com/bots)"
213.180.203.235 - - [01/Jul/2025:06:47:47 +0200] "GET /inforse/05.html HTTP/1.1" 404 - "-" "Mozilla/5.0 (compatible; YandexBot/3.0; +http://yandex.com/bots)"
4.227.36.41 - - [01/Jul/2025:06:51:27 +0200] "GET /robots.txt HTTP/1.1" 404 - "-" "Mozilla/5.0 AppleWebKit/537.36 (KHTML, like Gecko; compatible; GPTBot/1.2; +https://openai.com/gptbot)"
216.73.216.210 - - [01/Jul/2025:06:58:19 +0200] "GET /robots.txt HTTP/1.1" 404 - "-" "Mozilla/5.0 AppleWebKit/537.36 (KHTML, like Gecko; compatible; ClaudeBot/1.0; +claudebot@anthropic.com)"
216.73.216.210 - - [01/Jul/2025:06:58:19 +0200] "GET /pipermail/tai-development/attachments/20080725/ee01aec= HTTP/1.1" 404 - "-" "Mozilla/5.0 AppleWebKit/537.36 (KHTML, like Gecko; compatible; ClaudeBot/1.0; +claudebot@anthropic.com)"
131.153.143.50 - - [01/Jul/2025:06:58:21 +0200] "GET / HTTP/1.1" 404 - "-" "Mozilla/5.0 (Windows NT 10.0; Win64; x64) AppleWebKit/537.36 (KHTML, like Gecko) Chrome/91.0.4472.124 Safari/537.36"
66.249.64.102 - - [01/Jul/2025:06:58:31 +0200] "GET /~fjoo/temp/02_04_25/M44_114.jpg HTTP/1.1" 404 - "-" "Googlebot-Image/1.0"
147.185.132.105 - - [01/Jul/2025:07:00:59 +0200] "GET / HTTP/1.1" 404 - "-" "Expanse, a Palo Alto Networks company, searches across the global IPv4 space multiple times per day to identify customers' presences on the Internet. If you would like to be excluded from our scans, please send IP addresses/domains to: scaninfo@paloaltonetworks.com"
216.73.216.70 - - [01/Jul/2025:07:00:59 +0200] "GET /robots.txt HTTP/1.1" 404 - "-" "Mozilla/5.0 AppleWebKit/537.36 (KHTML, like Gecko; compatible; ClaudeBot/1.0; +claudebot@anthropic.com)"
216.73.216.70 - - [01/Jul/2025:07:01:03 +0200] "GET /suni HTTP/1.1" 404 - "-" "Mozilla/5.0 AppleWebKit/537.36 (KHTML, like Gecko; compatible; ClaudeBot/1.0; +claudebot@anthropic.com)"
66.249.64.104 - - [01/Jul/2025:07:01:51 +0200] "GET /fjoo/A62_001A.jpg HTTP/1.1" 404 - "-" "Googlebot-Image/1.0"
66.249.64.103 - - [01/Jul/2025:07:05:11 +0200] "GET /~fjoo/temp/02_04_25/A62_001F.jpg HTTP/1.1" 404 - "-" "Googlebot-Image/1.0"
66.249.64.104 - - [01/Jul/2025:07:09:32 +0200] "GET /~fjoo/temp/02_04_25/kijarat.jpg HTTP/1.1" 404 - "-" "Googlebot-Image/1.0"
66.249.64.102 - - [01/Jul/2025:07:12:52 +0200] "GET /~fjoo/temp/02_04_25/Graf_varo2.jpg HTTP/1.1" 404 - "-" "Googlebot-Image/1.0"
66.249.64.104 - - [01/Jul/2025:07:16:11 +0200] "GET /~fjoo/temp/02_04_25/A62_001K.jpg HTTP/1.1" 404 - "-" "Googlebot-Image/1.0"
205.210.31.105 - - [01/Jul/2025:07:23:11 +0200] "GET / HTTP/1.1" 302 288 "-" "Expanse, a Palo Alto Networks company, searches across the global IPv4 space multiple times per day to identify customers' presences on the Internet. If you would like to be excluded from our scans, please send IP addresses/domains to: scaninfo@paloaltonetworks.com"
66.249.64.102 - - [01/Jul/2025:07:23:11 +0200] "GET /~fjoo/temp/02_04_25/A62_001M.jpg HTTP/1.1" 404 - "-" "Googlebot-Image/1.0"
66.249.64.104 - - [01/Jul/2025:07:27:52 +0200] "GET /~fjoo/temp/02_04_25/A62_001I.jpg HTTP/1.1" 404 - "-" "Googlebot-Image/1.0"
66.249.64.102 - - [01/Jul/2025:07:35:31 +0200] "GET /fjoo/PCD00202.jpg HTTP/1.1" 404 - "-" "Googlebot-Image/1.0"
66.249.64.104 - - [01/Jul/2025:07:44:44 +0200] "GET /~fjoo/temp/02_04_25/A62_001H.jpg HTTP/1.1" 404 - "-" "Googlebot-Image/1.0"
216.73.216.70 - - [01/Jul/2025:07:46:35 +0200] "GET /%7Efjoo/railways.htm HTTP/1.1" 404 - "-" "Mozilla/5.0 AppleWebKit/537.36 (KHTML, like Gecko; compatible; ClaudeBot/1.0; +claudebot@anthropic.com)"
66.249.64.102 - - [01/Jul/2025:07:54:41 +0200] "GET /~fjoo/temp/02_04_25/A62_001G.jpg HTTP/1.1" 404 - "-" "Googlebot-Image/1.0"
66.249.64.103 - - [01/Jul/2025:08:01:14 +0200] "GET /~illesf/71-73.jpg HTTP/1.1" 404 - "-" "Googlebot-Image/1.0"
216.73.216.210 - - [01/Jul/2025:08:08:24 +0200] "GET /robots.txt HTTP/1.1" 404 - "-" "Mozilla/5.0 AppleWebKit/537.36 (KHTML, like Gecko; compatible; ClaudeBot/1.0; +claudebot@anthropic.com)"
216.73.216.210 - - [01/Jul/2025:08:08:28 +0200] "GET /pipermail/tai-development/attachments/20080613/88885ee2= HTTP/1.1" 404 - "-" "Mozilla/5.0 AppleWebKit/537.36 (KHTML, like Gecko; compatible; ClaudeBot/1.0; +claudebot@anthropic.com)"
66.249.64.104 - - [01/Jul/2025:08:09:48 +0200] "GET /fjoo/temp/040128/SBB_11482z_Sargans.jpg HTTP/1.1" 404 - "-" "Googlebot-Image/1.0"
54.215.57.8 - - [01/Jul/2025:08:13:02 +0200] "GET / HTTP/1.1" 404 - "-" "bitdiscovery-suggestions"
216.73.216.70 - - [01/Jul/2025:08:19:41 +0200] "GET /robots.txt HTTP/1.1" 404 - "-" "Mozilla/5.0 AppleWebKit/537.36 (KHTML, like Gecko; compatible; ClaudeBot/1.0; +claudebot@anthropic.com)"
216.73.216.70 - - [01/Jul/2025:08:19:43 +0200] "GET /eletfa HTTP/1.1" 404 - "-" "Mozilla/5.0 AppleWebKit/537.36 (KHTML, like Gecko; compatible; ClaudeBot/1.0; +claudebot@anthropic.com)"
20.171.207.246 - - [01/Jul/2025:08:24:43 +0200] "GET / HTTP/1.1" 404 - "-" "Mozilla/5.0 AppleWebKit/537.36 (KHTML, like Gecko; compatible; GPTBot/1.2; +https://openai.com/gptbot)"
66.249.64.102 - - [01/Jul/2025:08:34:31 +0200] "GET /fjoo/temp/040128/M62-303_Olbo.jpg HTTP/1.1" 404 - "-" "Googlebot-Image/1.0"
129.45.96.228 - - [01/Jul/2025:08:41:06 +0200] "HEAD / HTTP/1.1" 404 - "-" "python-requests/2.32.3"
66.249.64.102 - - [01/Jul/2025:08:45:47 +0200] "GET /~fjoo/PCD00029.jpga HTTP/1.1" 404 - "-" "Googlebot-Image/1.0"
131.153.240.162 - - [01/Jul/2025:08:46:12 +0200] "GET / HTTP/1.1" 404 - "-" "Mozilla/5.0 (Windows NT 10.0; Win64; x64) AppleWebKit/537.36 (KHTML, like Gecko) Chrome/91.0.4472.124 Safari/537.36"
66.249.64.102 - - [01/Jul/2025:09:00:14 +0200] "GET /fjoo/temp/040128/BILK.jpg HTTP/1.1" 404 - "-" "Googlebot-Image/1.0"
216.73.216.70 - - [01/Jul/2025:09:24:37 +0200] "GET /robots.txt HTTP/1.1" 404 - "-" "Mozilla/5.0 AppleWebKit/537.36 (KHTML, like Gecko; compatible; ClaudeBot/1.0; +claudebot@anthropic.com)"
216.73.216.70 - - [01/Jul/2025:09:24:39 +0200] "GET /biztkomm/702.shtml HTTP/1.1" 404 - "-" "Mozilla/5.0 AppleWebKit/537.36 (KHTML, like Gecko; compatible; ClaudeBot/1.0; +claudebot@anthropic.com)"
216.73.216.70 - - [01/Jul/2025:09:32:40 +0200] "GET /genmanipulacio/pic/folia1s2.gif HTTP/1.1" 404 - "-" "Mozilla/5.0 AppleWebKit/537.36 (KHTML, like Gecko; compatible; ClaudeBot/1.0; +claudebot@anthropic.com)"
216.73.216.70 - - [01/Jul/2025:09:34:08 +0200] "GET /genmanipulacio/kepregeny/15.htm HTTP/1.1" 404 - "-" "Mozilla/5.0 AppleWebKit/537.36 (KHTML, like Gecko; compatible; ClaudeBot/1.0; +claudebot@anthropic.com)"
216.73.216.70 - - [01/Jul/2025:09:37:16 +0200] "GET /genmanipulacio/kepregeny/2.htm HTTP/1.1" 404 - "-" "Mozilla/5.0 AppleWebKit/537.36 (KHTML, like Gecko; compatible; ClaudeBot/1.0; +claudebot@anthropic.com)"
17.241.227.77 - - [01/Jul/2025:09:41:56 +0200] "GET /~fjoo/m31.htm HTTP/1.1" 404 - "-" "Mozilla/5.0 (Macintosh; Intel Mac OS X 10_15_7) AppleWebKit/605.1.15 (KHTML, like Gecko) Version/17.4 Safari/605.1.15 (Applebot/0.1; +http://www.apple.com/go/applebot)"
216.73.216.70 - - [01/Jul/2025:09:42:57 +0200] "GET /genmanipulacio/pic/10a2.jpg HTTP/1.1" 404 - "-" "Mozilla/5.0 AppleWebKit/537.36 (KHTML, like Gecko; compatible; ClaudeBot/1.0; +claudebot@anthropic.com)"
20.171.207.246 - - [01/Jul/2025:09:43:45 +0200] "GET /ekoku/ekoku/eload.html HTTP/1.1" 404 - "-" "Mozilla/5.0 AppleWebKit/537.36 (KHTML, like Gecko; compatible; GPTBot/1.2; +https://openai.com/gptbot)"
216.73.216.70 - - [01/Jul/2025:09:48:03 +0200] "GET /genmanipulacio HTTP/1.1" 404 - "-" "Mozilla/5.0 AppleWebKit/537.36 (KHTML, like Gecko; compatible; ClaudeBot/1.0; +claudebot@anthropic.com)"
216.73.216.70 - - [01/Jul/2025:09:48:38 +0200] "GET /genmanipulacio/kepregeny/20.htm HTTP/1.1" 404 - "-" "Mozilla/5.0 AppleWebKit/537.36 (KHTML, like Gecko; compatible; ClaudeBot/1.0; +claudebot@anthropic.com)"
157.55.39.57 - - [01/Jul/2025:09:53:57 +0200] "GET /img_upload/cb39111eba7a31c9c0e48686fa8e3c87/15.531_538.pdf HTTP/1.1" 404 - "-" "Mozilla/5.0 AppleWebKit/537.36 (KHTML, like Gecko; compatible; bingbot/2.0; +http://www.bing.com/bingbot.htm) Chrome/116.0.1938.76 Safari/537.36"
216.73.216.70 - - [01/Jul/2025:09:54:47 +0200] "GET /genmanipulacio/pic/3.jpg HTTP/1.1" 404 - "-" "Mozilla/5.0 AppleWebKit/537.36 (KHTML, like Gecko; compatible; ClaudeBot/1.0; +claudebot@anthropic.com)"
45.153.33.15 - - [01/Jul/2025:09:54:59 +0200] "GET /.env HTTP/1.1" 404 - "-" "Mozilla/5.0 (Macintosh; Intel Mac OS X 10.15; rv:77.0) Gecko/20100101 Firefox/77.0"
216.73.216.70 - - [01/Jul/2025:09:58:48 +0200] "GET /biztkomm/401.shtml HTTP/1.1" 404 - "-" "Mozilla/5.0 AppleWebKit/537.36 (KHTML, like Gecko; compatible; ClaudeBot/1.0; +claudebot@anthropic.com)"
216.73.216.70 - - [01/Jul/2025:09:59:30 +0200] "GET /genmanipulacio/kepregeny/6.htm HTTP/1.1" 404 - "-" "Mozilla/5.0 AppleWebKit/537.36 (KHTML, like Gecko; compatible; ClaudeBot/1.0; +claudebot@anthropic.com)"
216.73.216.70 - - [01/Jul/2025:09:59:30 +0200] "GET /genmanipulacio/pic/48.jpg HTTP/1.1" 404 - "-" "Mozilla/5.0 AppleWebKit/537.36 (KHTML, like Gecko; compatible; ClaudeBot/1.0; +claudebot@anthropic.com)"
216.73.216.70 - - [01/Jul/2025:10:01:02 +0200] "GET /genmanipulacio/kepregeny/24a.htm HTTP/1.1" 404 - "-" "Mozilla/5.0 AppleWebKit/537.36 (KHTML, like Gecko; compatible; ClaudeBot/1.0; +claudebot@anthropic.com)"
173.236.201.233 - - [01/Jul/2025:10:09:40 +0200] "HEAD /wp.zip HTTP/1.1" 404 - "-" "-"
89.46.105.110 - - [01/Jul/2025:10:09:54 +0200] "HEAD /old.zip HTTP/1.1" 404 - "-" "-"
216.73.216.70 - - [01/Jul/2025:10:13:29 +0200] "GET /genmanipulacio/pic/10a1.jpg HTTP/1.1" 404 - "-" "Mozilla/5.0 AppleWebKit/537.36 (KHTML, like Gecko; compatible; ClaudeBot/1.0; +claudebot@anthropic.com)"
216.73.216.70 - - [01/Jul/2025:10:14:20 +0200] "GET /genmanipulacio/kepregeny/16.htm HTTP/1.1" 404 - "-" "Mozilla/5.0 AppleWebKit/537.36 (KHTML, like Gecko; compatible; ClaudeBot/1.0; +claudebot@anthropic.com)"
216.73.216.70 - - [01/Jul/2025:10:16:36 +0200] "GET /genmanipulacio/pic/2pre.jpg HTTP/1.1" 404 - "-" "Mozilla/5.0 AppleWebKit/537.36 (KHTML, like Gecko; compatible; ClaudeBot/1.0; +claudebot@anthropic.com)"
216.73.216.70 - - [01/Jul/2025:10:16:36 +0200] "GET /genmanipulacio/pic/48pre.jpg HTTP/1.1" 404 - "-" "Mozilla/5.0 AppleWebKit/537.36 (KHTML, like Gecko; compatible; ClaudeBot/1.0; +claudebot@anthropic.com)"
131.153.240.10 - - [01/Jul/2025:10:19:33 +0200] "GET / HTTP/1.1" 404 - "-" "Mozilla/5.0 (Windows NT 10.0; Win64; x64) AppleWebKit/537.36 (KHTML, like Gecko) Chrome/91.0.4472.124 Safari/537.36"
20.171.207.246 - - [01/Jul/2025:10:20:10 +0200] "GET /img_upload/cb39111eba7a31c9c0e48686fa8e3c87/IJEES HTTP/1.1" 404 - "-" "Mozilla/5.0 AppleWebKit/537.36 (KHTML, like Gecko; compatible; GPTBot/1.2; +https://openai.com/gptbot)"
43.131.32.36 - - [01/Jul/2025:10:20:34 +0200] "GET / HTTP/1.1" 404 - "-" "Mozilla/5.0 (iPhone; CPU iPhone OS 13_2_3 like Mac OS X) AppleWebKit/605.1.15 (KHTML, like Gecko) Version/13.0.3 Mobile/15E148 Safari/604.1"
216.73.216.70 - - [01/Jul/2025:10:25:27 +0200] "GET /robots.txt HTTP/1.1" 404 - "-" "Mozilla/5.0 AppleWebKit/537.36 (KHTML, like Gecko; compatible; ClaudeBot/1.0; +claudebot@anthropic.com)"
216.73.216.70 - - [01/Jul/2025:10:25:31 +0200] "GET /genmanipulacio/kepregeny/5.htm HTTP/1.1" 404 - "-" "Mozilla/5.0 AppleWebKit/537.36 (KHTML, like Gecko; compatible; ClaudeBot/1.0; +claudebot@anthropic.com)"
216.73.216.70 - - [01/Jul/2025:10:28:04 +0200] "GET /genmanipulacio/kepregeny/2a.htm HTTP/1.1" 404 - "-" "Mozilla/5.0 AppleWebKit/537.36 (KHTML, like Gecko; compatible; ClaudeBot/1.0; +claudebot@anthropic.com)"
54.153.120.86 - - [01/Jul/2025:10:32:01 +0200] "GET / HTTP/1.1" 404 - "-" "bitdiscovery-suggestions"
216.73.216.210 - - [01/Jul/2025:10:37:00 +0200] "GET /robots.txt HTTP/1.1" 404 - "-" "Mozilla/5.0 AppleWebKit/537.36 (KHTML, like Gecko; compatible; ClaudeBot/1.0; +claudebot@anthropic.com)"
216.73.216.210 - - [01/Jul/2025:10:37:04 +0200] "GET /cikk.shtml?x=45794 HTTP/1.1" 404 - "-" "Mozilla/5.0 AppleWebKit/537.36 (KHTML, like Gecko; compatible; ClaudeBot/1.0; +claudebot@anthropic.com)"
18.118.32.150 - - [01/Jul/2025:10:37:04 +0200] "GET /genmanipulacio/pic/66pre.jpg HTTP/1.1" 404 - "-" "Mozilla/5.0 AppleWebKit/537.36 (KHTML, like Gecko; compatible; ClaudeBot/1.0; +claudebot@anthropic.com)"
52.169.125.187 - - [01/Jul/2025:10:39:43 +0200] "GET /wp-content/plugins/hellopress/wp_filemanager.php HTTP/1.1" 404 - "-" "-"
52.169.125.187 - - [01/Jul/2025:10:39:43 +0200] "GET /xl2023.php HTTP/1.1" 404 - "-" "-"
52.169.125.187 - - [01/Jul/2025:10:39:43 +0200] "GET /themes.php HTTP/1.1" 404 - "-" "-"
52.169.125.187 - - [01/Jul/2025:10:39:43 +0200] "GET /wp-head.php HTTP/1.1" 404 - "-" "-"
52.169.125.187 - - [01/Jul/2025:10:39:44 +0200] "GET /wp-pano.php HTTP/1.1" 404 - "-" "-"
52.169.125.187 - - [01/Jul/2025:10:39:44 +0200] "GET /wp-content/uploads/bblfstnt.php HTTP/1.1" 404 - "-" "-"
52.169.125.187 - - [01/Jul/2025:10:39:44 +0200] "GET /wp-admin/css/colors/midnight/about.php HTTP/1.1" 404 - "-" "-"
52.169.125.187 - - [01/Jul/2025:10:39:44 +0200] "GET /wp-admin/includes/class-wp-pagebuilders-yJCbp3.php HTTP/1.1" 404 - "-" "-"
52.169.125.187 - - [01/Jul/2025:10:39:44 +0200] "GET /wp-content/uploads/mmzmiqzf.php HTTP/1.1" 404 - "-" "-"
52.169.125.187 - - [01/Jul/2025:10:39:44 +0200] "GET /wp-admin/js/widgets/alfa-rex.php HTTP/1.1" 404 - "-" "-"
52.169.125.187 - - [01/Jul/2025:10:39:44 +0200] "GET /index/function.php-signup.php HTTP/1.1" 404 - "-" "-"
52.169.125.187 - - [01/Jul/2025:10:39:44 +0200] "GET /ioxi002.PhP7 HTTP/1.1" 404 - "-" "-"
52.169.125.187 - - [01/Jul/2025:10:39:44 +0200] "GET /ws.php HTTP/1.1" 404 - "-" "-"
52.169.125.187 - - [01/Jul/2025:10:39:44 +0200] "GET /fwe.php HTTP/1.1" 404 - "-" "-"
52.169.125.187 - - [01/Jul/2025:10:39:44 +0200] "GET /wikindex.php HTTP/1.1" 404 - "-" "-"
52.169.125.187 - - [01/Jul/2025:10:39:44 +0200] "GET /wp-admin/fw.php HTTP/1.1" 404 - "-" "-"
52.169.125.187 - - [01/Jul/2025:10:39:44 +0200] "GET /wp-includes/wp-class.php HTTP/1.1" 404 - "-" "-"
52.169.125.187 - - [01/Jul/2025:10:39:44 +0200] "GET /gank.php.PhP HTTP/1.1" 404 - "-" "-"
52.169.125.187 - - [01/Jul/2025:10:39:44 +0200] "GET /local/moodle_webshell/webshell.php HTTP/1.1" 404 - "-" "-"
52.169.125.187 - - [01/Jul/2025:10:39:44 +0200] "GET /.well-known/acme-challenge/xmrlpc.php HTTP/1.1" 404 - "-" "-"
52.169.125.187 - - [01/Jul/2025:10:39:44 +0200] "GET /wp-content/plugins/fix/up.php HTTP/1.1" 404 - "-" "-"
52.169.125.187 - - [01/Jul/2025:10:39:44 +0200] "GET /wp-content/plugins/TOPXOH/wDR.php HTTP/1.1" 404 - "-" "-"
52.169.125.187 - - [01/Jul/2025:10:39:44 +0200] "GET /wp-content/themes/seotheme/db.php HTTP/1.1" 404 - "-" "-"
52.169.125.187 - - [01/Jul/2025:10:39:44 +0200] "GET /wp-content/plugins/seoplugins/db.php HTTP/1.1" 404 - "-" "-"
52.169.125.187 - - [01/Jul/2025:10:39:44 +0200] "GET /wp-content/themes/seotheme/mar.php HTTP/1.1" 404 - "-" "-"
52.169.125.187 - - [01/Jul/2025:10:39:44 +0200] "GET /wp-commentin.php HTTP/1.1" 404 - "-" "-"
52.169.125.187 - - [01/Jul/2025:10:39:44 +0200] "GET /wp-admin/wso112233.php HTTP/1.1" 404 - "-" "-"
52.169.125.187 - - [01/Jul/2025:10:39:44 +0200] "GET /xleet-shell.php HTTP/1.1" 404 - "-" "-"
52.169.125.187 - - [01/Jul/2025:10:39:45 +0200] "GET /admin.php HTTP/1.1" 404 - "-" "-"
52.169.125.187 - - [01/Jul/2025:10:39:45 +0200] "GET /dropdown.php?p= HTTP/1.1" 404 - "-" "-"
52.169.125.187 - - [01/Jul/2025:10:39:45 +0200] "GET /css.php HTTP/1.1" 404 - "-" "-"
52.169.125.187 - - [01/Jul/2025:10:39:45 +0200] "GET /upload.php HTTP/1.1" 404 - "-" "-"
52.169.125.187 - - [01/Jul/2025:10:39:45 +0200] "GET /x.php HTTP/1.1" 404 - "-" "-"
52.169.125.187 - - [01/Jul/2025:10:39:45 +0200] "GET /ml.php HTTP/1.1" 404 - "-" "-"
52.169.125.187 - - [01/Jul/2025:10:39:45 +0200] "GET /leaf.php HTTP/1.1" 404 - "-" "-"
52.169.125.187 - - [01/Jul/2025:10:39:45 +0200] "GET /cloudxv3.php HTTP/1.1" 404 - "-" "-"
52.169.125.187 - - [01/Jul/2025:10:39:45 +0200] "GET /p.php HTTP/1.1" 404 - "-" "-"
52.169.125.187 - - [01/Jul/2025:10:39:45 +0200] "GET /xd.php HTTP/1.1" 404 - "-" "-"
52.169.125.187 - - [01/Jul/2025:10:39:45 +0200] "GET /eetuxgqqgn.php HTTP/1.1" 404 - "-" "-"
52.169.125.187 - - [01/Jul/2025:10:39:45 +0200] "GET /wp-larryboi.php HTTP/1.1" 404 - "-" "-"
52.169.125.187 - - [01/Jul/2025:10:39:45 +0200] "GET /wp-admin/maint/maint.php HTTP/1.1" 404 - "-" "-"
52.169.125.187 - - [01/Jul/2025:10:39:45 +0200] "GET /simple.php HTTP/1.1" 404 - "-" "-"
52.169.125.187 - - [01/Jul/2025:10:39:45 +0200] "GET /cgi-bin/moon.php HTTP/1.1" 404 - "-" "-"
52.169.125.187 - - [01/Jul/2025:10:39:45 +0200] "GET /moon.php HTTP/1.1" 404 - "-" "-"
52.169.125.187 - - [01/Jul/2025:10:39:45 +0200] "GET /wp-content/plugins/index.php?p= HTTP/1.1" 404 - "-" "-"
66.249.64.103 - - [01/Jul/2025:10:42:02 +0200] "GET /fjoo/temp/040128/A61+FMK_Tp.jpg HTTP/1.1" 404 - "-" "Googlebot-Image/1.0"
216.73.216.70 - - [01/Jul/2025:10:45:44 +0200] "GET /genmanipulacio/kepregeny/25.htm HTTP/1.1" 404 - "-" "Mozilla/5.0 AppleWebKit/537.36 (KHTML, like Gecko; compatible; ClaudeBot/1.0; +claudebot@anthropic.com)"
216.73.216.70 - - [01/Jul/2025:10:47:53 +0200] "GET /genmanipulacio/kepregeny/11.htm HTTP/1.1" 404 - "-" "Mozilla/5.0 AppleWebKit/537.36 (KHTML, like Gecko; compatible; ClaudeBot/1.0; +claudebot@anthropic.com)"
216.73.216.70 - - [01/Jul/2025:10:49:36 +0200] "GET /genmanipulacio/pic/82pre.jpg HTTP/1.1" 404 - "-" "Mozilla/5.0 AppleWebKit/537.36 (KHTML, like Gecko; compatible; ClaudeBot/1.0; +claudebot@anthropic.com)"
4.227.36.62 - - [01/Jul/2025:10:53:36 +0200] "GET /robots.txt HTTP/1.1" 404 - "-" "Mozilla/5.0 AppleWebKit/537.36 (KHTML, like Gecko; compatible; GPTBot/1.2; +https://openai.com/gptbot)"
216.73.216.210 - - [01/Jul/2025:10:54:32 +0200] "GET /pipermail/tai-development/attachments/20080711/ac0e621= HTTP/1.1" 404 - "-" "Mozilla/5.0 AppleWebKit/537.36 (KHTML, like Gecko; compatible; ClaudeBot/1.0; +claudebot@anthropic.com)"
216.73.216.70 - - [01/Jul/2025:10:55:13 +0200] "GET /genmanipulacio/pic/11a.jpg HTTP/1.1" 404 - "-" "Mozilla/5.0 AppleWebKit/537.36 (KHTML, like Gecko; compatible; ClaudeBot/1.0; +claudebot@anthropic.com)"
216.73.216.70 - - [01/Jul/2025:10:55:14 +0200] "GET /genmanipulacio/kepregeny/17.htm HTTP/1.1" 404 - "-" "Mozilla/5.0 AppleWebKit/537.36 (KHTML, like Gecko; compatible; ClaudeBot/1.0; +claudebot@anthropic.com)"
216.73.216.70 - - [01/Jul/2025:10:56:47 +0200] "GET /genmanipulacio/pic/72pre.jpg HTTP/1.1" 404 - "-" "Mozilla/5.0 AppleWebKit/537.36 (KHTML, like Gecko; compatible; ClaudeBot/1.0; +claudebot@anthropic.com)"
216.73.216.70 - - [01/Jul/2025:10:59:49 +0200] "GET /genmanipulacio/kepregeny/23.htm HTTP/1.1" 404 - "-" "Mozilla/5.0 AppleWebKit/537.36 (KHTML, like Gecko; compatible; ClaudeBot/1.0; +claudebot@anthropic.com)"
66.249.64.104 - - [01/Jul/2025:11:03:26 +0200] "GET /img_upload/cb39111eba7a31c9c0e48686fa8e3c87/15.531_538.pdf HTTP/1.1" 404 - "-" "Googlebot/2.1 (+http://www.google.com/bot.html)"
66.249.64.102 - - [01/Jul/2025:11:04:31 +0200] "GET /fjoo/PCD00587a.jpg HTTP/1.1" 404 - "-" "Googlebot-Image/1.0"
216.73.216.70 - - [01/Jul/2025:11:08:05 +0200] "GET /genmanipulacio/kepregeny/7.htm HTTP/1.1" 404 - "-" "Mozilla/5.0 AppleWebKit/537.36 (KHTML, like Gecko; compatible; ClaudeBot/1.0; +claudebot@anthropic.com)"
43.135.134.127 - - [01/Jul/2025:11:09:15 +0200] "GET / HTTP/1.1" 404 - "-" "Mozilla/5.0 (iPhone; CPU iPhone OS 13_2_3 like Mac OS X) AppleWebKit/605.1.15 (KHTML, like Gecko) Version/13.0.3 Mobile/15E148 Safari/604.1"
216.73.216.70 - - [01/Jul/2025:11:12:54 +0200] "GET /genmanipulacio/pic/49.jpg HTTP/1.1" 404 - "-" "Mozilla/5.0 AppleWebKit/537.36 (KHTML, like Gecko; compatible; ClaudeBot/1.0; +claudebot@anthropic.com)"
216.73.216.70 - - [01/Jul/2025:11:12:54 +0200] "GET /genmanipulacio/kepregeny/18.htm HTTP/1.1" 404 - "-" "Mozilla/5.0 AppleWebKit/537.36 (KHTML, like Gecko; compatible; ClaudeBot/1.0; +claudebot@anthropic.com)"
98.83.8.142 - - [01/Jul/2025:11:15:27 +0200] "GET /robots.txt HTTP/1.1" 404 - "-" "Mozilla/5.0 AppleWebKit/537.36 (KHTML, like Gecko; compatible; Amazonbot/0.1; +https://developer.amazon.com/support/amazonbot) Chrome/119.0.6045.214 Safari/537.36"
34.199.252.22 - - [01/Jul/2025:11:15:27 +0200] "GET /comp/ HTTP/1.1" 404 - "-" "Mozilla/5.0 AppleWebKit/537.36 (KHTML, like Gecko; compatible; Amazonbot/0.1; +https://developer.amazon.com/support/amazonbot) Chrome/119.0.6045.214 Safari/537.36"
216.73.216.70 - - [01/Jul/2025:11:18:07 +0200] "GET /genmanipulacio/pic/9.jpg HTTP/1.1" 404 - "-" "Mozilla/5.0 AppleWebKit/537.36 (KHTML, like Gecko; compatible; ClaudeBot/1.0; +claudebot@anthropic.com)"
216.73.216.70 - - [01/Jul/2025:11:18:07 +0200] "GET /genmanipulacio/pic/10b1.jpg HTTP/1.1" 404 - "-" "Mozilla/5.0 AppleWebKit/537.36 (KHTML, like Gecko; compatible; ClaudeBot/1.0; +claudebot@anthropic.com)"
