87.250.224.201 - - [01/Aug/2025:17:38:28 +0200] "GET /robots.txt HTTP/1.1" 404 - "-" "Mozilla/5.0 (compatible; YandexBot/3.0; +http://yandex.com/bots)"
5.255.231.89 - - [01/Aug/2025:17:38:29 +0200] "GET /civilink/?T__:L__:LEN HTTP/1.1" 404 - "-" "Mozilla/5.0 (compatible; YandexBot/3.0; +http://yandex.com/bots)"
66.249.79.230 - - [01/Aug/2025:17:43:44 +0200] "GET / HTTP/1.1" 404 - "-" "Mozilla/5.0 (Linux; Android 6.0.1; Nexus 5X Build/MMB29P) AppleWebKit/537.36 (KHTML, like Gecko) Chrome/138.0.7204.183 Mobile Safari/537.36 (compatible; Googlebot/2.1; +http://www.google.com/bot.html)"
66.249.79.232 - - [01/Aug/2025:17:44:21 +0200] "GET /user/web204_nyozo/Maildir/ HTTP/1.1" 404 - "-" "Mozilla/5.0 (Linux; Android 6.0.1; Nexus 5X Build/MMB29P) AppleWebKit/537.36 (KHTML, like Gecko) Chrome/138.0.7204.183 Mobile Safari/537.36 (compatible; Googlebot/2.1; +http://www.google.com/bot.html)"
95.108.213.224 - - [01/Aug/2025:17:45:17 +0200] "GET /vedegylet/doc/GATS_allasf.pdf HTTP/1.1" 404 - "-" "Mozilla/5.0 (compatible; YandexBot/3.0; +http://yandex.com/bots)"
66.249.79.231 - - [01/Aug/2025:17:48:24 +0200] "GET /diy.php HTTP/1.1" 404 - "-" "Mozilla/5.0 (Linux; Android 6.0.1; Nexus 5X Build/MMB29P) AppleWebKit/537.36 (KHTML, like Gecko) Chrome/138.0.7204.183 Mobile Safari/537.36 (compatible; Googlebot/2.1; +http://www.google.com/bot.html)"
5.255.231.152 - - [01/Aug/2025:17:50:29 +0200] "GET /albakor/fidusz HTTP/1.1" 404 - "-" "Mozilla/5.0 (compatible; YandexBot/3.0; +http://yandex.com/bots)"
131.153.143.50 - - [01/Aug/2025:18:04:40 +0200] "GET / HTTP/1.1" 404 - "-" "Mozilla/5.0 (Windows NT 10.0; Win64; x64) AppleWebKit/537.36 (KHTML, like Gecko) Chrome/91.0.4472.124 Safari/537.36"
20.18.77.66 - - [01/Aug/2025:18:22:56 +0200] "GET /wp-content/plugins/hellopress/wp_filemanager.php HTTP/1.1" 404 - "-" "-"
20.18.77.66 - - [01/Aug/2025:18:22:56 +0200] "GET /adminer.php HTTP/1.1" 404 - "-" "-"
20.18.77.66 - - [01/Aug/2025:18:22:56 +0200] "GET /filename.php HTTP/1.1" 404 - "-" "-"
20.18.77.66 - - [01/Aug/2025:18:22:57 +0200] "GET /wp-content/themes/twentytwentythree/styles/about.php HTTP/1.1" 404 - "-" "-"
20.18.77.66 - - [01/Aug/2025:18:22:57 +0200] "GET /ip.php HTTP/1.1" 404 - "-" "-"
20.18.77.66 - - [01/Aug/2025:18:22:57 +0200] "GET /firewall.php7 HTTP/1.1" 404 - "-" "-"
20.18.77.66 - - [01/Aug/2025:18:22:57 +0200] "GET /admin1.php HTTP/1.1" 404 - "-" "-"
20.18.77.66 - - [01/Aug/2025:18:22:58 +0200] "GET /wp-admin/images/wp-conflg.php?p= HTTP/1.1" 404 - "-" "-"
20.18.77.66 - - [01/Aug/2025:18:22:58 +0200] "GET /function/function.php?p= HTTP/1.1" 404 - "-" "-"
20.18.77.66 - - [01/Aug/2025:18:22:58 +0200] "GET /worksec.php HTTP/1.1" 404 - "-" "-"
20.18.77.66 - - [01/Aug/2025:18:22:58 +0200] "GET /f.php HTTP/1.1" 404 - "-" "-"
20.18.77.66 - - [01/Aug/2025:18:22:59 +0200] "GET /uploads/form3.php HTTP/1.1" 404 - "-" "-"
20.18.77.66 - - [01/Aug/2025:18:22:59 +0200] "GET /wp-crom.php HTTP/1.1" 404 - "-" "-"
20.18.77.66 - - [01/Aug/2025:18:22:59 +0200] "GET /uploads/multi.php HTTP/1.1" 404 - "-" "-"
20.18.77.66 - - [01/Aug/2025:18:22:59 +0200] "GET /av.php HTTP/1.1" 404 - "-" "-"
20.18.77.66 - - [01/Aug/2025:18:23:00 +0200] "GET /ay.php HTTP/1.1" 404 - "-" "-"
20.18.77.66 - - [01/Aug/2025:18:23:00 +0200] "GET /update/nf.php HTTP/1.1" 404 - "-" "-"
20.18.77.66 - - [01/Aug/2025:18:23:00 +0200] "GET /jp.php HTTP/1.1" 404 - "-" "-"
20.18.77.66 - - [01/Aug/2025:18:23:01 +0200] "GET /adminfuns.php HTTP/1.1" 404 - "-" "-"
20.18.77.66 - - [01/Aug/2025:18:23:01 +0200] "GET /wp-includes/0.php HTTP/1.1" 404 - "-" "-"
20.18.77.66 - - [01/Aug/2025:18:23:01 +0200] "GET /berlin.php HTTP/1.1" 404 - "-" "-"
20.18.77.66 - - [01/Aug/2025:18:23:01 +0200] "GET /avaa.php HTTP/1.1" 404 - "-" "-"
20.18.77.66 - - [01/Aug/2025:18:23:02 +0200] "GET /minik.php HTTP/1.1" 404 - "-" "-"
20.18.77.66 - - [01/Aug/2025:18:23:02 +0200] "GET /update/f35.php HTTP/1.1" 404 - "-" "-"
20.18.77.66 - - [01/Aug/2025:18:23:02 +0200] "GET /wp-content/BypassBest.php HTTP/1.1" 404 - "-" "-"
20.18.77.66 - - [01/Aug/2025:18:23:02 +0200] "GET /byp.php HTTP/1.1" 404 - "-" "-"
20.18.77.66 - - [01/Aug/2025:18:23:03 +0200] "GET /admin.php HTTP/1.1" 404 - "-" "-"
20.18.77.66 - - [01/Aug/2025:18:23:03 +0200] "GET /sym403.php HTTP/1.1" 404 - "-" "-"
20.18.77.66 - - [01/Aug/2025:18:23:03 +0200] "GET /wp-blog.php HTTP/1.1" 404 - "-" "-"
20.18.77.66 - - [01/Aug/2025:18:23:03 +0200] "GET /composer.php HTTP/1.1" 404 - "-" "-"
20.18.77.66 - - [01/Aug/2025:18:23:04 +0200] "GET /eror.php HTTP/1.1" 404 - "-" "-"
20.18.77.66 - - [01/Aug/2025:18:23:04 +0200] "GET /po.php HTTP/1.1" 404 - "-" "-"
20.18.77.66 - - [01/Aug/2025:18:23:04 +0200] "GET /info.php HTTP/1.1" 404 - "-" "-"
20.18.77.66 - - [01/Aug/2025:18:23:04 +0200] "GET /goods.php HTTP/1.1" 404 - "-" "-"
20.18.77.66 - - [01/Aug/2025:18:23:05 +0200] "GET /atomlib.php HTTP/1.1" 404 - "-" "-"
20.18.77.66 - - [01/Aug/2025:18:23:05 +0200] "GET /moon.php?p= HTTP/1.1" 404 - "-" "-"
20.18.77.66 - - [01/Aug/2025:18:23:05 +0200] "GET /file.php HTTP/1.1" 404 - "-" "-"
20.18.77.66 - - [01/Aug/2025:18:23:05 +0200] "GET /lv.php HTTP/1.1" 404 - "-" "-"
20.18.77.66 - - [01/Aug/2025:18:23:06 +0200] "GET /system_log.php HTTP/1.1" 404 - "-" "-"
20.18.77.66 - - [01/Aug/2025:18:23:06 +0200] "GET /lock360.php?p= HTTP/1.1" 404 - "-" "-"
20.18.77.66 - - [01/Aug/2025:18:23:06 +0200] "GET /mail.php HTTP/1.1" 404 - "-" "-"
20.18.77.66 - - [01/Aug/2025:18:23:07 +0200] "GET /usage-file.php HTTP/1.1" 404 - "-" "-"
20.18.77.66 - - [01/Aug/2025:18:23:07 +0200] "GET /wp-admin/images/wp-signup.php HTTP/1.1" 404 - "-" "-"
20.18.77.66 - - [01/Aug/2025:18:23:07 +0200] "GET /wp-includes/Requests/Cookie/alfa-rex.php HTTP/1.1" 404 - "-" "-"
20.18.77.66 - - [01/Aug/2025:18:23:07 +0200] "GET /lock.php HTTP/1.1" 404 - "-" "-"
20.18.77.66 - - [01/Aug/2025:18:23:07 +0200] "GET /wp-admin/network/index.php HTTP/1.1" 404 - "-" "-"
20.18.77.66 - - [01/Aug/2025:18:23:08 +0200] "GET /wp-includes/fonts/about.php HTTP/1.1" 404 - "-" "-"
20.18.77.66 - - [01/Aug/2025:18:23:08 +0200] "GET /es.php HTTP/1.1" 404 - "-" "-"
20.18.77.66 - - [01/Aug/2025:18:23:08 +0200] "GET /v.php HTTP/1.1" 404 - "-" "-"
20.18.77.66 - - [01/Aug/2025:18:23:09 +0200] "GET /images/cadastro-2.php HTTP/1.1" 404 - "-" "-"
20.18.77.66 - - [01/Aug/2025:18:23:09 +0200] "GET /wp-content/uploads/bootstrap.inc.php HTTP/1.1" 404 - "-" "-"
20.18.77.66 - - [01/Aug/2025:18:23:09 +0200] "GET /wp-admin/css/colors/coffee/SPiDYGuuU.php HTTP/1.1" 404 - "-" "-"
20.18.77.66 - - [01/Aug/2025:18:23:09 +0200] "GET /images/m.php HTTP/1.1" 404 - "-" "-"
20.18.77.66 - - [01/Aug/2025:18:23:09 +0200] "GET /images/c99.php HTTP/1.1" 404 - "-" "-"
20.18.77.66 - - [01/Aug/2025:18:23:10 +0200] "GET /wp-includes/jagoan.php HTTP/1.1" 404 - "-" "-"
20.18.77.66 - - [01/Aug/2025:18:23:10 +0200] "GET /images/photo.php HTTP/1.1" 404 - "-" "-"
20.18.77.66 - - [01/Aug/2025:18:23:10 +0200] "GET /images/g3.php HTTP/1.1" 404 - "-" "-"
20.18.77.66 - - [01/Aug/2025:18:23:11 +0200] "GET /wp-includes/compats.php HTTP/1.1" 404 - "-" "-"
20.18.77.66 - - [01/Aug/2025:18:23:11 +0200] "GET /wp-admin/maint/Mailer.php HTTP/1.1" 404 - "-" "-"
20.18.77.66 - - [01/Aug/2025:18:23:11 +0200] "GET /wp-includes/Text/Diff/Engine.php HTTP/1.1" 404 - "-" "-"
20.18.77.66 - - [01/Aug/2025:18:23:11 +0200] "GET /wp-admin/images/wp-ksv1i.php HTTP/1.1" 404 - "-" "-"
20.18.77.66 - - [01/Aug/2025:18:23:11 +0200] "GET /images/menu_lan.php HTTP/1.1" 404 - "-" "-"
20.18.77.66 - - [01/Aug/2025:18:23:12 +0200] "GET /wp-admin/includes/headeru.php HTTP/1.1" 404 - "-" "-"
20.18.77.66 - - [01/Aug/2025:18:23:12 +0200] "GET /images/footer.php HTTP/1.1" 404 - "-" "-"
20.18.77.66 - - [01/Aug/2025:18:23:12 +0200] "GET /wp-includes/block-editor.php HTTP/1.1" 404 - "-" "-"
20.18.77.66 - - [01/Aug/2025:18:23:13 +0200] "GET /wp-admin/maint/searchx.php HTTP/1.1" 404 - "-" "-"
20.18.77.66 - - [01/Aug/2025:18:23:13 +0200] "GET /images/career.php HTTP/1.1" 404 - "-" "-"
20.18.77.66 - - [01/Aug/2025:18:23:13 +0200] "GET /wp-admin/js/themes.php HTTP/1.1" 404 - "-" "-"
20.18.77.66 - - [01/Aug/2025:18:23:13 +0200] "GET /uploads/phpimage.php HTTP/1.1" 404 - "-" "-"
20.18.77.66 - - [01/Aug/2025:18:23:13 +0200] "GET /wp-content/upgrade/file.php HTTP/1.1" 404 - "-" "-"
20.18.77.66 - - [01/Aug/2025:18:23:14 +0200] "GET /wp-content/uploads/about.php HTTP/1.1" 404 - "-" "-"
20.18.77.66 - - [01/Aug/2025:18:23:14 +0200] "GET /wp-includes/afosul.php HTTP/1.1" 404 - "-" "-"
20.18.77.66 - - [01/Aug/2025:18:23:14 +0200] "GET /images/pushy.php HTTP/1.1" 404 - "-" "-"
20.18.77.66 - - [01/Aug/2025:18:23:15 +0200] "GET /.well-known/zaza.php HTTP/1.1" 404 - "-" "-"
20.18.77.66 - - [01/Aug/2025:18:23:15 +0200] "GET /images/sendme.php HTTP/1.1" 404 - "-" "-"
20.18.77.66 - - [01/Aug/2025:18:23:15 +0200] "GET /wp-admin/images/singlep.php HTTP/1.1" 404 - "-" "-"
20.18.77.66 - - [01/Aug/2025:18:23:15 +0200] "GET /wp-admin/includes/RCfos.php HTTP/1.1" 404 - "-" "-"
20.18.77.66 - - [01/Aug/2025:18:23:15 +0200] "GET /wp-admin/includes/nav.php HTTP/1.1" 404 - "-" "-"
20.18.77.66 - - [01/Aug/2025:18:23:16 +0200] "GET /wp-admin/css/colors/midnight/CPaKk.php HTTP/1.1" 404 - "-" "-"
20.18.77.66 - - [01/Aug/2025:18:23:16 +0200] "GET /wp-includes/rk2.php HTTP/1.1" 404 - "-" "-"
20.18.77.66 - - [01/Aug/2025:18:23:16 +0200] "GET /.well-known/zaza.php HTTP/1.1" 404 - "-" "-"
20.18.77.66 - - [01/Aug/2025:18:23:17 +0200] "GET /wp-content/uploads/2024/alfa.php HTTP/1.1" 404 - "-" "-"
20.18.77.66 - - [01/Aug/2025:18:23:17 +0200] "GET /images/Marvins.php HTTP/1.1" 404 - "-" "-"
20.18.77.66 - - [01/Aug/2025:18:23:17 +0200] "GET /wp-content/themes/jaida/lang.php HTTP/1.1" 404 - "-" "-"
20.18.77.66 - - [01/Aug/2025:18:23:17 +0200] "GET /ee.php HTTP/1.1" 404 - "-" "-"
20.18.77.66 - - [01/Aug/2025:18:23:17 +0200] "GET /wp-includes/widgets//include.php HTTP/1.1" 404 - "-" "-"
20.18.77.66 - - [01/Aug/2025:18:23:18 +0200] "GET /terminal.php HTTP/1.1" 404 - "-" "-"
20.18.77.66 - - [01/Aug/2025:18:23:18 +0200] "GET /chosen.php?p= HTTP/1.1" 404 - "-" "-"
20.18.77.66 - - [01/Aug/2025:18:23:19 +0200] "GET /wp-admin/maint/_xfyp.php HTTP/1.1" 404 - "-" "-"
20.18.77.66 - - [01/Aug/2025:18:23:19 +0200] "GET /ioxi002.PhP7 HTTP/1.1" 404 - "-" "-"
20.18.77.66 - - [01/Aug/2025:18:23:19 +0200] "GET /img/5/radio.php HTTP/1.1" 404 - "-" "-"
20.18.77.66 - - [01/Aug/2025:18:23:19 +0200] "GET /wp-includes/sim.php HTTP/1.1" 404 - "-" "-"
20.18.77.66 - - [01/Aug/2025:18:23:19 +0200] "GET /wp-content/plugins/edaewni/index.php HTTP/1.1" 404 - "-" "-"
20.18.77.66 - - [01/Aug/2025:18:23:19 +0200] "GET /wso-x569.php HTTP/1.1" 404 - "-" "-"
20.18.77.66 - - [01/Aug/2025:18:23:20 +0200] "GET /hi.php HTTP/1.1" 404 - "-" "-"
20.18.77.66 - - [01/Aug/2025:18:23:20 +0200] "GET /wp-includes/pomo/secure.php HTTP/1.1" 404 - "-" "-"
20.18.77.66 - - [01/Aug/2025:18:23:20 +0200] "GET /include/nilmdg/min.php HTTP/1.1" 404 - "-" "-"
20.18.77.66 - - [01/Aug/2025:18:23:21 +0200] "GET /.well-known/acme-challenge/LA.php HTTP/1.1" 404 - "-" "-"
20.18.77.66 - - [01/Aug/2025:18:23:21 +0200] "GET /vendor/nikic/php-parser/parser.php HTTP/1.1" 404 - "-" "-"
20.18.77.66 - - [01/Aug/2025:18:23:21 +0200] "GET /wp-includes//wp-includes/capabilities.php HTTP/1.1" 404 - "-" "-"
20.18.77.66 - - [01/Aug/2025:18:23:21 +0200] "GET /wp-includes//wp-includes/atomlib.php HTTP/1.1" 404 - "-" "-"
20.18.77.66 - - [01/Aug/2025:18:23:21 +0200] "GET /wp-includes/class-wp-role.php HTTP/1.1" 404 - "-" "-"
20.18.77.66 - - [01/Aug/2025:18:23:22 +0200] "GET /assets/js/wp-config.php HTTP/1.1" 404 - "-" "-"
20.18.77.66 - - [01/Aug/2025:18:23:22 +0200] "GET /css/font-awesome/scss/wp-login.php HTTP/1.1" 404 - "-" "-"
20.18.77.66 - - [01/Aug/2025:18:23:22 +0200] "GET /.bod/.ll/ss.php HTTP/1.1" 404 - "-" "-"
20.18.77.66 - - [01/Aug/2025:18:23:23 +0200] "GET /2.php HTTP/1.1" 404 - "-" "-"
20.18.77.66 - - [01/Aug/2025:18:23:23 +0200] "GET /wp-admin/maint/item.php HTTP/1.1" 404 - "-" "-"
20.18.77.66 - - [01/Aug/2025:18:23:23 +0200] "GET /wp-admin/js/widgets/wp-kaori.php HTTP/1.1" 404 - "-" "-"
52.220.55.39 - - [01/Aug/2025:18:25:38 +0200] "GET /genmanipulacio/pic/notmilk5.jpg HTTP/1.1" 404 - "-" "Mozilla/5.0 (compatible; crawler)"
85.215.224.70 - - [01/Aug/2025:18:30:11 +0200] "GET /robots.txt HTTP/1.1" 404 - "-" "Mozilla/5.0 (X11; Linux x86_64) AppleWebKit/537.36 (KHTML, like Gecko) Chrome/97.0.4692.71 Safari/537.37"
85.215.224.70 - - [01/Aug/2025:18:30:13 +0200] "GET / HTTP/1.1" 404 - "-" "Mozilla/5.0 (X11; Linux x86_64) AppleWebKit/537.36 (KHTML, like Gecko) Chrome/97.0.4692.71 Safari/537.36"
131.153.240.10 - - [01/Aug/2025:18:45:25 +0200] "GET / HTTP/1.1" 404 - "-" "Mozilla/5.0 (Windows NT 10.0; Win64; x64) AppleWebKit/537.36 (KHTML, like Gecko) Chrome/91.0.4472.124 Safari/537.36"
146.70.194.5 - - [01/Aug/2025:18:53:40 +0200] "GET /fjoo/bfenyves.htm HTTP/1.1" 404 - "-" "Mozilla/5.0 (Windows NT 10.0; Win64; x64; rv:141.0) Gecko/20100101 Firefox/141.0"
146.70.194.5 - - [01/Aug/2025:18:53:41 +0200] "GET /favicon.ico HTTP/1.1" 404 - "http://www.zpok.hu/fjoo/bfenyves.htm" "Mozilla/5.0 (Windows NT 10.0; Win64; x64; rv:141.0) Gecko/20100101 Firefox/141.0"
5.255.231.95 - - [01/Aug/2025:18:58:06 +0200] "GET /robots.txt HTTP/1.1" 404 - "-" "Mozilla/5.0 (compatible; YandexBot/3.0; +http://yandex.com/bots)"
213.180.203.45 - - [01/Aug/2025:18:58:07 +0200] "GET /~fjoo/m61004ex.htm HTTP/1.1" 404 - "-" "Mozilla/5.0 (compatible; YandexBot/3.0; +http://yandex.com/bots)"
66.249.79.231 - - [01/Aug/2025:19:02:32 +0200] "GET /~fjoo/db185ful.jpg HTTP/1.1" 404 - "-" "Googlebot-Image/1.0"
66.249.79.232 - - [01/Aug/2025:19:20:28 +0200] "GET /fjoo/temp/Sotet_erdo_melyen.jpg HTTP/1.1" 404 - "-" "Googlebot-Image/1.0"
131.153.240.10 - - [01/Aug/2025:19:20:41 +0200] "GET / HTTP/1.1" 404 - "-" "Mozilla/5.0 (Windows NT 10.0; Win64; x64) AppleWebKit/537.36 (KHTML, like Gecko) Chrome/91.0.4472.124 Safari/537.36"
51.68.107.144 - - [01/Aug/2025:19:21:46 +0200] "GET /robots.txt HTTP/1.1" 404 - "-" "Mozilla/5.0 (compatible; MJ12bot/v2.0.2; http://mj12bot.com/)"
51.68.107.144 - - [01/Aug/2025:19:21:46 +0200] "GET / HTTP/1.1" 404 - "-" "Mozilla/5.0 (compatible; MJ12bot/v2.0.2; http://mj12bot.com/)"
51.68.111.202 - - [01/Aug/2025:19:23:47 +0200] "GET /robots.txt HTTP/1.1" 404 - "-" "Mozilla/5.0 (compatible; MJ12bot/v2.0.2; http://mj12bot.com/)"
51.68.111.202 - - [01/Aug/2025:19:23:47 +0200] "GET / HTTP/1.1" 404 - "-" "Mozilla/5.0 (compatible; MJ12bot/v2.0.2; http://mj12bot.com/)"
57.141.0.1 - - [01/Aug/2025:19:36:28 +0200] "GET /levego/ HTTP/1.1" 404 - "-" "meta-externalagent/1.1 (+https://developers.facebook.com/docs/sharing/webmasters/crawler)"
66.249.79.230 - - [01/Aug/2025:19:44:09 +0200] "GET /img_upload/13ef8da76214b8a77fdb7f70e1d7e365/meta00061_boloni_janos_b.jpg HTTP/1.1" 404 - "-" "Googlebot-Image/1.0"
66.249.79.232 - - [01/Aug/2025:19:46:19 +0200] "GET /user/web204_eletfaorg/web/ HTTP/1.1" 404 - "-" "Mozilla/5.0 (Linux; Android 6.0.1; Nexus 5X Build/MMB29P) AppleWebKit/537.36 (KHTML, like Gecko) Chrome/138.0.7204.183 Mobile Safari/537.36 (compatible; Googlebot/2.1; +http://www.google.com/bot.html)"
66.249.79.232 - - [01/Aug/2025:19:48:53 +0200] "GET /~fjoo/temp/02_12_21/M41-2107_OBB.jpg HTTP/1.1" 404 - "-" "Googlebot-Image/1.0"
216.244.66.203 - - [01/Aug/2025:19:49:21 +0200] "GET /robots.txt HTTP/1.1" 404 - "-" "Mozilla/5.0 (compatible; DotBot/1.2; +https://opensiteexplorer.org/dotbot; help@moz.com)"
216.244.66.203 - - [01/Aug/2025:19:53:58 +0200] "GET /%7Eutf/hunlap.html HTTP/1.1" 404 - "-" "Mozilla/5.0 (compatible; DotBot/1.2; +https://opensiteexplorer.org/dotbot; help@moz.com)"
51.222.253.9 - - [01/Aug/2025:19:54:12 +0200] "GET /robots.txt HTTP/1.1" 404 - "-" "Mozilla/5.0 (compatible; AhrefsBot/7.0; +http://ahrefs.com/robot/)"
37.76.15.123 - - [01/Aug/2025:19:55:35 +0200] "GET /%7Eillesf/villamos/miskolc/terkep.html HTTP/1.1" 404 - "-" "Mozilla/5.0 (Linux; Android 10; K) AppleWebKit/537.36 (KHTML, like Gecko) Chrome/137.0.0.0 Mobile Safari/537.36"
37.76.15.123 - - [01/Aug/2025:19:55:35 +0200] "GET /favicon.ico HTTP/1.1" 404 - "http://www.zpok.hu/%7Eillesf/villamos/miskolc/terkep.html" "Mozilla/5.0 (Linux; Android 10; K) AppleWebKit/537.36 (KHTML, like Gecko) Chrome/137.0.0.0 Mobile Safari/537.36"
37.76.15.123 - - [01/Aug/2025:19:55:44 +0200] "GET /~illesf/villamos/miskolc/terkep.html HTTP/1.1" 404 - "-" "Mozilla/5.0 (Linux; Android 10; K) AppleWebKit/537.36 (KHTML, like Gecko) Chrome/137.0.0.0 Mobile Safari/537.36"
87.250.224.120 - - [01/Aug/2025:19:55:47 +0200] "GET /robots.txt HTTP/1.1" 404 - "-" "Mozilla/5.0 (compatible; YandexBot/3.0; +http://yandex.com/bots)"
5.255.231.197 - - [01/Aug/2025:19:55:47 +0200] "GET /biztkomm/ HTTP/1.1" 404 - "-" "Mozilla/5.0 (compatible; YandexBot/3.0; +http://yandex.com/bots)"
57.141.6.20 - - [01/Aug/2025:19:58:41 +0200] "GET /fogyved/ujabbgen/nyueuhely.html HTTP/1.1" 404 - "-" "meta-externalagent/1.1 (+https://developers.facebook.com/docs/sharing/webmasters/crawler)"
131.153.143.50 - - [01/Aug/2025:20:01:39 +0200] "GET / HTTP/1.1" 404 - "-" "Mozilla/5.0 (Windows NT 10.0; Win64; x64) AppleWebKit/537.36 (KHTML, like Gecko) Chrome/91.0.4472.124 Safari/537.36"
89.222.100.4 - - [01/Aug/2025:20:06:07 +0200] "GET / HTTP/1.1" 404 - "-" "Mozilla/5.0 (Windows; U; Windows NT 6.1; en-US; rv:1.9.1.5) Gecko/20091102 Firefox/3.5.5 (.NET CLR 3.5.30729)"
66.249.79.232 - - [01/Aug/2025:20:14:35 +0200] "GET /~illesf/terkepek/erzsebetfalva01.jpg HTTP/1.1" 404 - "-" "Googlebot-Image/1.0"
66.249.79.230 - - [01/Aug/2025:20:26:47 +0200] "GET /~illesf/temp/720-14.jpg HTTP/1.1" 404 - "-" "Googlebot-Image/1.0"
213.180.203.245 - - [01/Aug/2025:20:32:07 +0200] "GET /robots.txt HTTP/1.1" 404 - "-" "Mozilla/5.0 (compatible; YandexBot/3.0; +http://yandex.com/bots)"
5.255.231.185 - - [01/Aug/2025:20:32:07 +0200] "GET /fjoo/bdz.htm HTTP/1.1" 404 - "-" "Mozilla/5.0 (compatible; YandexBot/3.0; +http://yandex.com/bots)"
216.244.66.203 - - [01/Aug/2025:20:35:38 +0200] "GET /robots.txt HTTP/1.1" 404 - "-" "Mozilla/5.0 (compatible; DotBot/1.2; +https://opensiteexplorer.org/dotbot; help@moz.com)"
66.249.79.230 - - [01/Aug/2025:20:36:16 +0200] "GET /~illesf/terkepek/bp1913.jpg HTTP/1.1" 404 - "-" "Googlebot-Image/1.0"
216.244.66.203 - - [01/Aug/2025:20:40:58 +0200] "GET /genmanipulacio/ HTTP/1.1" 404 - "-" "Mozilla/5.0 (compatible; DotBot/1.2; +https://opensiteexplorer.org/dotbot; help@moz.com)"
131.153.142.170 - - [01/Aug/2025:20:51:38 +0200] "GET / HTTP/1.1" 404 - "-" "Mozilla/5.0 (Windows NT 10.0; Win64; x64) AppleWebKit/537.36 (KHTML, like Gecko) Chrome/91.0.4472.124 Safari/537.36"
43.152.72.247 - - [01/Aug/2025:20:52:47 +0200] "GET / HTTP/1.1" 404 - "-" "Mozilla/5.0 (iPhone; CPU iPhone OS 13_2_3 like Mac OS X) AppleWebKit/605.1.15 (KHTML, like Gecko) Version/13.0.3 Mobile/15E148 Safari/604.1"
66.249.79.230 - - [01/Aug/2025:20:55:12 +0200] "GET /fjoo/temp/040128/2044-011.jpg HTTP/1.1" 404 - "-" "Googlebot-Image/1.0"
210.177.22.94 - - [01/Aug/2025:21:14:20 +0200] "GET /~jfeiler/baiamare/ HTTP/1.1" 404 - "-" "Mozilla/5.0 (Windows NT 10.0; Win64; x64) AppleWebKit/537.36 (KHTML, like Gecko) Chrome/75.0.3770.142 Safari/537.36"
66.249.79.232 - - [01/Aug/2025:21:24:41 +0200] "GET /fjoo/temp/040128/4062-003_Monor.jpg HTTP/1.1" 404 - "-" "Googlebot-Image/1.0"
4.227.36.76 - - [01/Aug/2025:21:29:48 +0200] "GET /robots.txt HTTP/1.1" 404 - "-" "Mozilla/5.0 AppleWebKit/537.36 (KHTML, like Gecko; compatible; GPTBot/1.2; +https://openai.com/gptbot)"
20.171.207.185 - - [01/Aug/2025:21:29:58 +0200] "GET /genmanipulacio HTTP/1.1" 404 - "-" "Mozilla/5.0 AppleWebKit/537.36 (KHTML, like Gecko; compatible; GPTBot/1.2; +https://openai.com/gptbot)"
216.73.216.15 - - [01/Aug/2025:21:30:07 +0200] "GET /robots.txt HTTP/1.1" 404 - "-" "Mozilla/5.0 AppleWebKit/537.36 (KHTML, like Gecko; compatible; ClaudeBot/1.0; +claudebot@anthropic.com)"
216.73.216.15 - - [01/Aug/2025:21:30:07 +0200] "GET /img_upload/322859aa0578c5a894c85ecd18bf54d8/=20 HTTP/1.1" 404 - "-" "Mozilla/5.0 AppleWebKit/537.36 (KHTML, like Gecko; compatible; ClaudeBot/1.0; +claudebot@anthropic.com)"
216.73.216.15 - - [01/Aug/2025:21:32:05 +0200] "GET /img_upload/322859aa0578c5a894c85ecd18bf54d8 HTTP/1.1" 404 - "-" "Mozilla/5.0 AppleWebKit/537.36 (KHTML, like Gecko; compatible; ClaudeBot/1.0; +claudebot@anthropic.com)"
216.73.216.15 - - [01/Aug/2025:21:34:43 +0200] "GET /img_upload/322859aa0578c5a894c85ecd18bf54d8/bobb.jpg HTTP/1.1" 404 - "-" "Mozilla/5.0 AppleWebKit/537.36 (KHTML, like Gecko; compatible; ClaudeBot/1.0; +claudebot@anthropic.com)"
131.153.142.170 - - [01/Aug/2025:21:35:51 +0200] "GET / HTTP/1.1" 404 - "-" "Mozilla/5.0 (Windows NT 10.0; Win64; x64) AppleWebKit/537.36 (KHTML, like Gecko) Chrome/91.0.4472.124 Safari/537.36"
66.249.79.232 - - [01/Aug/2025:21:54:41 +0200] "GET /fjoo/temp/Stella2.jpg HTTP/1.1" 404 - "-" "Googlebot-Image/1.0"
43.164.197.177 - - [01/Aug/2025:21:55:09 +0200] "GET / HTTP/1.1" 404 - "-" "Mozilla/5.0 (iPhone; CPU iPhone OS 13_2_3 like Mac OS X) AppleWebKit/605.1.15 (KHTML, like Gecko) Version/13.0.3 Mobile/15E148 Safari/604.1"
66.249.79.232 - - [01/Aug/2025:22:04:41 +0200] "GET /fjoo/temp/Taskai_delta.jpg HTTP/1.1" 404 - "-" "Googlebot-Image/1.0"
216.244.66.203 - - [01/Aug/2025:22:08:53 +0200] "GET /robots.txt HTTP/1.1" 404 - "-" "Mozilla/5.0 (compatible; DotBot/1.2; +https://opensiteexplorer.org/dotbot; help@moz.com)"
66.249.79.230 - - [01/Aug/2025:22:15:41 +0200] "GET /~fjoo/komloNG2.jpg HTTP/1.1" 404 - "-" "Googlebot-Image/1.0"
40.77.167.108 - - [01/Aug/2025:22:32:08 +0200] "GET /robots.txt HTTP/1.1" 404 - "-" "Mozilla/5.0 AppleWebKit/537.36 (KHTML, like Gecko; compatible; bingbot/2.0; +http://www.bing.com/bingbot.htm) Chrome/116.0.1938.76 Safari/537.36"
52.167.144.197 - - [01/Aug/2025:22:32:13 +0200] "GET /~ferencj/ose_A251.htm HTTP/1.1" 404 - "-" "Mozilla/5.0 AppleWebKit/537.36 (KHTML, like Gecko; compatible; bingbot/2.0; +http://www.bing.com/bingbot.htm) Chrome/116.0.1938.76 Safari/537.36"
51.68.111.205 - - [01/Aug/2025:22:34:52 +0200] "GET /robots.txt HTTP/1.1" 404 - "-" "Mozilla/5.0 (compatible; MJ12bot/v2.0.2; http://mj12bot.com/)"
51.68.111.205 - - [01/Aug/2025:22:34:52 +0200] "GET / HTTP/1.1" 404 - "-" "Mozilla/5.0 (compatible; MJ12bot/v2.0.2; http://mj12bot.com/)"
216.244.66.203 - - [01/Aug/2025:22:34:53 +0200] "GET /img_upload/31a25f72501150edb51956d4ebe20afa/bekejel_1.jpg HTTP/1.1" 404 - "-" "Mozilla/5.0 (compatible; DotBot/1.2; +https://opensiteexplorer.org/dotbot; help@moz.com)"
66.249.79.232 - - [01/Aug/2025:22:35:41 +0200] "GET /fjoo/temp/040128/M62-505.jpg HTTP/1.1" 404 - "-" "Googlebot-Image/1.0"
51.68.107.137 - - [01/Aug/2025:22:36:14 +0200] "GET /robots.txt HTTP/1.1" 404 - "-" "Mozilla/5.0 (compatible; MJ12bot/v2.0.2; http://mj12bot.com/)"
51.68.107.137 - - [01/Aug/2025:22:36:14 +0200] "GET / HTTP/1.1" 404 - "-" "Mozilla/5.0 (compatible; MJ12bot/v2.0.2; http://mj12bot.com/)"
131.153.142.170 - - [01/Aug/2025:22:42:39 +0200] "GET / HTTP/1.1" 404 - "-" "Mozilla/5.0 (Windows NT 10.0; Win64; x64) AppleWebKit/537.36 (KHTML, like Gecko) Chrome/91.0.4472.124 Safari/537.36"
66.249.79.232 - - [01/Aug/2025:22:45:24 +0200] "GET /fjoo/temp/040128/M63-003_Sm.jpg HTTP/1.1" 404 - "-" "Googlebot-Image/1.0"
4.227.36.76 - - [01/Aug/2025:23:02:54 +0200] "GET /robots.txt HTTP/1.1" 404 - "-" "Mozilla/5.0 AppleWebKit/537.36 (KHTML, like Gecko; compatible; GPTBot/1.2; +https://openai.com/gptbot)"
20.171.207.185 - - [01/Aug/2025:23:02:54 +0200] "GET /img_upload/4993343bc2f5623bef83ec7984792f31/borapolasaltalaban.n.jpg HTTP/1.1" 404 - "-" "Mozilla/5.0 AppleWebKit/537.36 (KHTML, like Gecko; compatible; GPTBot/1.2; +https://openai.com/gptbot)"
194.67.210.77 - - [01/Aug/2025:23:03:04 +0200] "HEAD / HTTP/1.1" 404 - "https://1oknozavod.ru/balkonnye-bloki-v-krasnodare" "Mozilla/2.0 (compatible; MSIE3.00; Windows 2008)"
194.67.207.94 - - [01/Aug/2025:23:03:06 +0200] "HEAD / HTTP/1.1" 404 - "https://sqbconsulting.uz/" "Mozilla/5.0 (compatible; MSIE4.00; Windows 2006)"
185.5.249.185 - - [01/Aug/2025:23:06:03 +0200] "HEAD / HTTP/1.1" 404 - "https://kissvk.in" "Mozilla/6.0 (compatible; MSIE7.00; Windows 2005)"
66.249.79.232 - - [01/Aug/2025:23:14:41 +0200] "GET /~illesf/temp/bazias/bazias03.jpg HTTP/1.1" 404 - "-" "Googlebot-Image/1.0"
66.249.79.232 - - [01/Aug/2025:23:44:41 +0200] "GET /fjoo/PCD00587a.jpg HTTP/1.1" 404 - "-" "Googlebot-Image/1.0"
40.77.167.78 - - [01/Aug/2025:23:47:00 +0200] "GET /biztkomm/111.shtml HTTP/1.1" 404 - "-" "Mozilla/5.0 AppleWebKit/537.36 (KHTML, like Gecko; compatible; bingbot/2.0; +http://www.bing.com/bingbot.htm) Chrome/116.0.1938.76 Safari/537.36"
213.180.203.79 - - [01/Aug/2025:23:52:17 +0200] "GET /robots.txt HTTP/1.1" 404 - "-" "Mozilla/5.0 (compatible; YandexBot/3.0; +http://yandex.com/bots)"
5.255.231.76 - - [01/Aug/2025:23:52:18 +0200] "GET /img_upload/a1dd5094e546efa37a56d8e3359d3cb3/Biodiverzit_s_Egyezm_ny_1.doc HTTP/1.1" 404 - "-" "Mozilla/5.0 (compatible; YandexBot/3.0; +http://yandex.com/bots)"
131.153.142.170 - - [02/Aug/2025:00:04:12 +0200] "GET / HTTP/1.1" 404 - "-" "Mozilla/5.0 (Windows NT 10.0; Win64; x64) AppleWebKit/537.36 (KHTML, like Gecko) Chrome/91.0.4472.124 Safari/537.36"
66.249.79.230 - - [02/Aug/2025:00:04:41 +0200] "GET /fjoo/temp/040128/SBB_Ee3-3.jpg HTTP/1.1" 404 - "-" "Googlebot-Image/1.0"
66.249.79.230 - - [02/Aug/2025:00:09:49 +0200] "GET /~illesf/villamos/1939.html HTTP/1.1" 404 - "-" "Mozilla/5.0 (Linux; Android 6.0.1; Nexus 5X Build/MMB29P) AppleWebKit/537.36 (KHTML, like Gecko) Chrome/138.0.7204.183 Mobile Safari/537.36 (compatible; Googlebot/2.1; +http://www.google.com/bot.html)"
51.68.111.239 - - [02/Aug/2025:00:10:46 +0200] "GET /robots.txt HTTP/1.1" 404 - "-" "Mozilla/5.0 (compatible; MJ12bot/v2.0.2; http://mj12bot.com/)"
51.68.111.239 - - [02/Aug/2025:00:10:46 +0200] "GET / HTTP/1.1" 404 - "-" "Mozilla/5.0 (compatible; MJ12bot/v2.0.2; http://mj12bot.com/)"
115.45.43.10 - - [02/Aug/2025:00:11:14 +0200] "GET /robots.txt HTTP/1.1" 404 - "-" "Mozilla/5.0 (Windows NT 10.0; WOW64) AppleWebKit/537.36 (KHTML, like Gecko) Chrome/89.0.4256.119 Safari/537.36 QIHU 360SE"
66.249.79.232 - - [02/Aug/2025:00:12:24 +0200] "GET /hirvero/allas.shtml HTTP/1.1" 404 - "-" "Mozilla/5.0 (Linux; Android 6.0.1; Nexus 5X Build/MMB29P) AppleWebKit/537.36 (KHTML, like Gecko) Chrome/138.0.7204.183 Mobile Safari/537.36 (compatible; Googlebot/2.1; +http://www.google.com/bot.html)"
66.249.79.230 - - [02/Aug/2025:00:16:41 +0200] "GET /globalizacio/danone2.jpg HTTP/1.1" 404 - "-" "Googlebot-Image/1.0"
173.244.42.151 - - [02/Aug/2025:00:19:21 +0200] "GET / HTTP/1.1" 404 - "-" "Mozilla/5.0 (Windows; U; Windows NT 6.1; en-US; rv:1.9.1.5) Gecko/20091102 Firefox/3.5.5 (.NET CLR 3.5.30729)"
66.249.79.230 - - [02/Aug/2025:00:24:41 +0200] "GET /~fjoo/temp/02_06_09/2050_017_Drosendorf3.jpg HTTP/1.1" 404 - "-" "Googlebot-Image/1.0"
66.249.79.232 - - [02/Aug/2025:00:34:41 +0200] "GET /fjoo/temp/040128/BILK.jpg HTTP/1.1" 404 - "-" "Googlebot-Image/1.0"
66.249.79.232 - - [02/Aug/2025:00:44:41 +0200] "GET /fjoo/temp/040128/M62-303_Olbo.jpg HTTP/1.1" 404 - "-" "Googlebot-Image/1.0"
66.249.79.230 - - [02/Aug/2025:00:50:32 +0200] "GET /~illesf/villamos/0412_db/ HTTP/1.1" 404 - "-" "Mozilla/5.0 (Linux; Android 6.0.1; Nexus 5X Build/MMB29P) AppleWebKit/537.36 (KHTML, like Gecko) Chrome/138.0.7204.183 Mobile Safari/537.36 (compatible; Googlebot/2.1; +http://www.google.com/bot.html)"
51.68.107.142 - - [02/Aug/2025:00:51:22 +0200] "GET /robots.txt HTTP/1.1" 404 - "-" "Mozilla/5.0 (compatible; MJ12bot/v2.0.2; http://mj12bot.com/)"
51.68.107.142 - - [02/Aug/2025:00:51:22 +0200] "GET / HTTP/1.1" 404 - "-" "Mozilla/5.0 (compatible; MJ12bot/v2.0.2; http://mj12bot.com/)"
66.249.79.230 - - [02/Aug/2025:01:24:03 +0200] "GET /fjoo/temp/A27-003.jpg HTTP/1.1" 404 - "-" "Googlebot-Image/1.0"
80.70.109.93 - - [02/Aug/2025:01:24:41 +0200] "GET /hi/ovis/forum/ HTTP/1.0" 404 - "http://www.zpok.hu/hi/ovis/forum/" "Mozilla/5.0 (Windows NT 10.0; Win64; x64) AppleWebKit/537.36 (KHTML, like Gecko) Chrome/130.0.0.0 Safari/537.36"
80.70.109.93 - - [02/Aug/2025:01:24:41 +0200] "GET / HTTP/1.0" 404 - "http://