20.196.94.120 - - [01/Sep/2025:19:42:37 +0200] "GET /we.php HTTP/1.1" 404 - "-" "-"
20.196.94.120 - - [01/Sep/2025:19:42:37 +0200] "GET /system_log.php HTTP/1.1" 404 - "-" "-"
20.196.94.120 - - [01/Sep/2025:19:42:38 +0200] "GET /dev.php HTTP/1.1" 404 - "-" "-"
20.196.94.120 - - [01/Sep/2025:19:42:38 +0200] "GET /ahax.php HTTP/1.1" 404 - "-" "-"
20.196.94.120 - - [01/Sep/2025:19:42:38 +0200] "GET /inputs.php HTTP/1.1" 404 - "-" "-"
20.196.94.120 - - [01/Sep/2025:19:42:38 +0200] "GET /file32.php HTTP/1.1" 404 - "-" "-"
20.196.94.120 - - [01/Sep/2025:19:42:39 +0200] "GET /css.php HTTP/1.1" 404 - "-" "-"
20.196.94.120 - - [01/Sep/2025:19:42:39 +0200] "GET /wp-gr.php HTTP/1.1" 404 - "-" "-"
20.196.94.120 - - [01/Sep/2025:19:42:39 +0200] "GET /grav.php HTTP/1.1" 404 - "-" "-"
20.196.94.120 - - [01/Sep/2025:19:42:39 +0200] "GET /0kb.php HTTP/1.1" 404 - "-" "-"
20.196.94.120 - - [01/Sep/2025:19:42:40 +0200] "GET /dropdown.php HTTP/1.1" 404 - "-" "-"
20.196.94.120 - - [01/Sep/2025:19:42:40 +0200] "GET /modules/mod_simplefileuploadv1.3/elements/filemanager.php HTTP/1.1" 404 - "-" "-"
20.196.94.120 - - [01/Sep/2025:19:42:40 +0200] "GET /raf.php HTTP/1.1" 404 - "-" "-"
20.196.94.120 - - [01/Sep/2025:19:42:40 +0200] "GET /ayk.php HTTP/1.1" 404 - "-" "-"
20.196.94.120 - - [01/Sep/2025:19:42:41 +0200] "GET /embed.php HTTP/1.1" 404 - "-" "-"
20.196.94.120 - - [01/Sep/2025:19:42:41 +0200] "GET /users/info.php HTTP/1.1" 404 - "-" "-"
20.196.94.120 - - [01/Sep/2025:19:42:41 +0200] "GET /ay.php HTTP/1.1" 404 - "-" "-"
20.196.94.120 - - [01/Sep/2025:19:42:41 +0200] "GET /past.php HTTP/1.1" 404 - "-" "-"
20.196.94.120 - - [01/Sep/2025:19:42:42 +0200] "GET /update.php HTTP/1.1" 404 - "-" "-"
20.196.94.120 - - [01/Sep/2025:19:42:42 +0200] "GET /php.php HTTP/1.1" 404 - "-" "-"
20.196.94.120 - - [01/Sep/2025:19:42:42 +0200] "GET /content.php HTTP/1.1" 404 - "-" "-"
20.196.94.120 - - [01/Sep/2025:19:42:42 +0200] "GET /temp.php HTTP/1.1" 404 - "-" "-"
20.196.94.120 - - [01/Sep/2025:19:42:43 +0200] "GET /status.php HTTP/1.1" 404 - "-" "-"
20.196.94.120 - - [01/Sep/2025:19:42:43 +0200] "GET /hello.php HTTP/1.1" 404 - "-" "-"
20.196.94.120 - - [01/Sep/2025:19:42:43 +0200] "GET /word.php HTTP/1.1" 404 - "-" "-"
20.196.94.120 - - [01/Sep/2025:19:42:43 +0200] "GET /wp-config.php HTTP/1.1" 404 - "-" "-"
20.196.94.120 - - [01/Sep/2025:19:42:44 +0200] "GET /path.php HTTP/1.1" 404 - "-" "-"
20.196.94.120 - - [01/Sep/2025:19:42:44 +0200] "GET /wp-key.php HTTP/1.1" 404 - "-" "-"
20.196.94.120 - - [01/Sep/2025:19:42:44 +0200] "GET /admin404.php HTTP/1.1" 404 - "-" "-"
20.196.94.120 - - [01/Sep/2025:19:42:44 +0200] "GET /faq.php HTTP/1.1" 404 - "-" "-"
20.196.94.120 - - [01/Sep/2025:19:42:45 +0200] "GET /you.php HTTP/1.1" 404 - "-" "-"
20.196.94.120 - - [01/Sep/2025:19:42:45 +0200] "GET /goat.php HTTP/1.1" 404 - "-" "-"
20.196.94.120 - - [01/Sep/2025:19:42:45 +0200] "GET /max.php HTTP/1.1" 404 - "-" "-"
20.196.94.120 - - [01/Sep/2025:19:42:45 +0200] "GET /i.php HTTP/1.1" 404 - "-" "-"
20.196.94.120 - - [01/Sep/2025:19:42:46 +0200] "GET /apply.php HTTP/1.1" 404 - "-" "-"
20.196.94.120 - - [01/Sep/2025:19:42:46 +0200] "GET /aw.php HTTP/1.1" 404 - "-" "-"
20.196.94.120 - - [01/Sep/2025:19:42:46 +0200] "GET /berlin.php HTTP/1.1" 404 - "-" "-"
20.196.94.120 - - [01/Sep/2025:19:42:46 +0200] "GET /run.php HTTP/1.1" 404 - "-" "-"
20.196.94.120 - - [01/Sep/2025:19:42:47 +0200] "GET /payout.php HTTP/1.1" 404 - "-" "-"
20.196.94.120 - - [01/Sep/2025:19:42:47 +0200] "GET /sxx.php HTTP/1.1" 404 - "-" "-"
20.196.94.120 - - [01/Sep/2025:19:42:47 +0200] "GET /helper.php HTTP/1.1" 404 - "-" "-"
20.196.94.120 - - [01/Sep/2025:19:42:47 +0200] "GET /wp-seo.php HTTP/1.1" 404 - "-" "-"
20.196.94.120 - - [01/Sep/2025:19:42:48 +0200] "GET /history.php HTTP/1.1" 404 - "-" "-"
20.196.94.120 - - [01/Sep/2025:19:42:48 +0200] "GET /TNT.php HTTP/1.1" 404 - "-" "-"
20.196.94.120 - - [01/Sep/2025:19:42:48 +0200] "GET /sym.php HTTP/1.1" 404 - "-" "-"
20.196.94.120 - - [01/Sep/2025:19:42:48 +0200] "GET /vbseo.php HTTP/1.1" 404 - "-" "-"
20.196.94.120 - - [01/Sep/2025:19:42:49 +0200] "GET /minishell.php HTTP/1.1" 404 - "-" "-"
20.196.94.120 - - [01/Sep/2025:19:42:49 +0200] "GET /node.php HTTP/1.1" 404 - "-" "-"
20.196.94.120 - - [01/Sep/2025:19:42:49 +0200] "GET /xmlrpc.php HTTP/1.1" 404 - "-" "-"
20.196.94.120 - - [01/Sep/2025:19:42:49 +0200] "GET /xox.php HTTP/1.1" 404 - "-" "-"
20.196.94.120 - - [01/Sep/2025:19:42:50 +0200] "GET /heroku.php HTTP/1.1" 404 - "-" "-"
20.196.94.120 - - [01/Sep/2025:19:42:50 +0200] "GET /wp-login.php HTTP/1.1" 404 - "-" "-"
66.249.70.32 - - [01/Sep/2025:19:45:30 +0200] "GET /fjoo/temp/M40_D.jpg HTTP/1.1" 404 - "-" "Googlebot-Image/1.0"
43.135.140.225 - - [01/Sep/2025:20:03:00 +0200] "GET / HTTP/1.1" 404 - "-" "Mozilla/5.0 (iPhone; CPU iPhone OS 13_2_3 like Mac OS X) AppleWebKit/605.1.15 (KHTML, like Gecko) Version/13.0.3 Mobile/15E148 Safari/604.1"
38.69.12.232 - - [01/Sep/2025:20:03:08 +0200] "GET / HTTP/1.1" 302 288 "-" "Mozilla/5.0 (Windows NT 10.0; WOW64; rv:47.0) Gecko/20100101 Firefox/47.0"
131.153.240.178 - - [01/Sep/2025:20:14:19 +0200] "GET / HTTP/1.1" 404 - "-" "Mozilla/5.0 (Windows NT 10.0; Win64; x64) AppleWebKit/537.36 (KHTML, like Gecko) Chrome/91.0.4472.124 Safari/537.36"
87.236.176.17 - - [01/Sep/2025:20:18:40 +0200] "GET / HTTP/1.1" 404 - "-" "Mozilla/5.0 (compatible; InternetMeasurement/1.0; +https://internet-measurement.com/)"
66.249.70.34 - - [01/Sep/2025:20:23:31 +0200] "GET /fjoo/nyirvidek.htm HTTP/1.1" 404 - "-" "Mozilla/5.0 (Linux; Android 6.0.1; Nexus 5X Build/MMB29P) AppleWebKit/537.36 (KHTML, like Gecko) Chrome/138.0.7204.183 Mobile Safari/537.36 (compatible; Googlebot/2.1; +http://www.google.com/bot.html)"
138.199.39.162 - - [01/Sep/2025:20:25:37 +0200] "GET / HTTP/1.1" 404 - "-" "Mozilla/5.0 (Windows; U; Windows NT 6.1; en-US; rv:1.9.1.5) Gecko/20091102 Firefox/3.5.5 (.NET CLR 3.5.30729)"
216.128.143.60 - - [01/Sep/2025:20:26:40 +0200] "GET / HTTP/1.1" 404 - "https://www.quora.com/" "Mozilla/5.0 (Windows NT 10.0; Win64; x64) AppleWebKit/537.36 (KHTML, like Gecko) Chrome/119.0.0.0 Safari/537.36"
178.17.57.44 - - [01/Sep/2025:20:29:07 +0200] "GET /mailman/listinfo/kontinuum/ HTTP/1.0" 404 - "http://zpok.hu/mailman/listinfo/kontinuum/" "Mozilla/5.0 (Windows NT 10.0; Win64; x64) AppleWebKit/537.36 (KHTML, like Gecko) Chrome/103.0.5060.66 Safari/537.36"
178.17.57.44 - - [01/Sep/2025:20:29:07 +0200] "GET / HTTP/1.0" 404 - "http://zpok.hu/" "Mozilla/5.0 (Windows NT 10.0; Win64; x64) AppleWebKit/537.36 (KHTML, like Gecko) Chrome/103.0.5060.66 Safari/537.36"
178.17.57.44 - - [01/Sep/2025:20:29:07 +0200] "GET / HTTP/1.0" 404 - "http://zpok.hu/" "Mozilla/5.0 (Windows NT 10.0; Win64; x64) AppleWebKit/537.36 (KHTML, like Gecko) Chrome/103.0.5060.66 Safari/537.36"
119.188.90.33 - - [01/Sep/2025:20:37:18 +0200] "GET / HTTP/1.1" 404 - "-" "python-requests/2.19.1"
5.255.231.155 - - [01/Sep/2025:20:45:52 +0200] "GET /robots.txt HTTP/1.1" 404 - "-" "Mozilla/5.0 (compatible; YandexBot/3.0; +http://yandex.com/bots)"
213.180.203.85 - - [01/Sep/2025:20:45:52 +0200] "GET /fjoo/szilvasv.htm HTTP/1.1" 404 - "-" "Mozilla/5.0 (compatible; YandexBot/3.0; +http://yandex.com/bots)"
66.249.70.33 - - [01/Sep/2025:20:57:30 +0200] "GET /~illesf/temp/debrecen5/07_20050327_pict4270_bosz2.jpg HTTP/1.1" 404 - "-" "Googlebot-Image/1.0"
131.153.143.50 - - [01/Sep/2025:21:06:56 +0200] "GET / HTTP/1.1" 404 - "-" "Mozilla/5.0 (Windows NT 10.0; Win64; x64) AppleWebKit/537.36 (KHTML, like Gecko) Chrome/91.0.4472.124 Safari/537.36"
66.249.70.32 - - [01/Sep/2025:21:33:30 +0200] "GET /~fjoo/db185ful.jpg HTTP/1.1" 404 - "-" "Googlebot-Image/1.0"
151.80.6.248 - - [01/Sep/2025:21:55:39 +0200] "GET /vedegylet/ HTTP/1.1" 404 - "-" "Mozilla/5.0 (Macintosh; Intel Mac OS X 10_15_7) AppleWebKit/605.1.15 (KHTML, like Gecko) Version/15.3 Safari/605.1.15"
66.249.70.34 - - [01/Sep/2025:22:03:34 +0200] "GET /img_upload/cb39111eba7a31c9c0e48686fa8e3c87/EL2003_erdotermeszetesseg_cikk.pdf HTTP/1.1" 404 - "-" "Mozilla/5.0 (Linux; Android 6.0.1; Nexus 5X Build/MMB29P) AppleWebKit/537.36 (KHTML, like Gecko) Chrome/138.0.7204.183 Mobile Safari/537.36 (compatible; Googlebot/2.1; +http://www.google.com/bot.html)"
131.153.240.162 - - [01/Sep/2025:22:05:01 +0200] "GET / HTTP/1.1" 404 - "-" "Mozilla/5.0 (Windows NT 10.0; Win64; x64) AppleWebKit/537.36 (KHTML, like Gecko) Chrome/91.0.4472.124 Safari/537.36"
54.169.131.194 - - [01/Sep/2025:22:07:47 +0200] "GET /genmanipulacio/pic/7.jpg HTTP/1.1" 404 - "-" "Mozilla/5.0 (compatible; crawler)"
52.167.144.146 - - [01/Sep/2025:22:13:09 +0200] "GET /~nomad/bringa/24oras/index.html HTTP/1.1" 404 - "-" "Mozilla/5.0 AppleWebKit/537.36 (KHTML, like Gecko; compatible; bingbot/2.0; +http://www.bing.com/bingbot.htm) Chrome/116.0.1938.76 Safari/537.36"
128.194.2.224 - - [01/Sep/2025:22:24:44 +0200] "HEAD /robots.txt HTTP/1.0" 404 - "-" "dhr45plRg/1.0"
128.194.2.224 - - [01/Sep/2025:22:24:48 +0200] "GET /nezopont/meadows/s303eltv.htm HTTP/1.0" 404 - "-" "dhr45plRg/1.0"
205.169.39.3 - - [01/Sep/2025:22:24:57 +0200] "GET /robots.txt HTTP/1.1" 404 - "-" "Mozilla/5.0 (Windows NT 10.0) AppleWebKit/537.36 (KHTML, like Gecko) Chrome/106.0.0.0 Safari/537.36"
216.244.66.203 - - [01/Sep/2025:22:28:47 +0200] "GET /robots.txt HTTP/1.1" 404 - "-" "Mozilla/5.0 (compatible; DotBot/1.2; +https://opensiteexplorer.org/dotbot; help@moz.com)"
46.183.223.108 - - [01/Sep/2025:22:29:43 +0200] "GET / HTTP/1.1" 302 288 "-" "Mozilla/5.0 (Windows NT 10.0; WOW64; rv:47.0) Gecko/20100101 Firefox/47.0"
46.183.223.108 - - [01/Sep/2025:22:32:33 +0200] "GET / HTTP/1.1" 302 288 "-" "Mozilla/5.0 (Windows NT 10.0; WOW64; rv:47.0) Gecko/20100101 Firefox/47.0"
151.80.6.248 - - [01/Sep/2025:22:39:13 +0200] "GET /termeszet/ HTTP/1.1" 404 - "-" "Mozilla/5.0 (Macintosh; Intel Mac OS X 10_15_7) AppleWebKit/605.1.15 (KHTML, like Gecko) Version/15.3 Safari/605.1.15"
216.244.66.203 - - [01/Sep/2025:22:39:24 +0200] "GET /hirek/orchideak0629.html HTTP/1.1" 404 - "-" "Mozilla/5.0 (compatible; DotBot/1.2; +https://opensiteexplorer.org/dotbot; help@moz.com)"
151.80.6.248 - - [01/Sep/2025:22:41:11 +0200] "GET /vedegylet/ HTTP/1.1" 404 - "-" "Mozilla/5.0 (Macintosh; Intel Mac OS X 10.15; rv:128.0) Gecko/20100101 Firefox/128.0"
40.77.167.243 - - [01/Sep/2025:22:41:24 +0200] "GET /genmanipulacio/pic/folia1s2.gif HTTP/1.1" 404 - "-" "Mozilla/5.0 AppleWebKit/537.36 (KHTML, like Gecko; compatible; bingbot/2.0; +http://www.bing.com/bingbot.htm) Chrome/116.0.1938.76 Safari/537.36"
216.244.66.203 - - [01/Sep/2025:22:41:48 +0200] "GET /%7Efjoo/temp/02_05_15/vasut_1.jpg HTTP/1.1" 404 - "-" "Mozilla/5.0 (compatible; DotBot/1.2; +https://opensiteexplorer.org/dotbot; help@moz.com)"
66.249.70.34 - - [01/Sep/2025:22:44:30 +0200] "GET /~fjoo/PCD00389.jpg HTTP/1.1" 404 - "-" "Googlebot-Image/1.0"
151.80.6.248 - - [01/Sep/2025:22:46:45 +0200] "GET /termeszet/ HTTP/1.1" 404 - "-" "Mozilla/5.0 (Windows NT 10.0; Win64; x64) AppleWebKit/537.36 (KHTML, like Gecko) Chrome/116.0.0.0 Safari/537.36"
38.69.12.232 - - [01/Sep/2025:22:49:39 +0200] "GET / HTTP/1.1" 302 288 "-" "Mozilla/5.0 (Windows NT 10.0; WOW64; rv:47.0) Gecko/20100101 Firefox/47.0"
66.249.70.34 - - [01/Sep/2025:23:02:30 +0200] "GET /~fjoo/m62243sv.jpg HTTP/1.1" 404 - "-" "Googlebot-Image/1.0"
4.227.36.107 - - [01/Sep/2025:23:05:32 +0200] "GET /robots.txt HTTP/1.1" 404 - "-" "Mozilla/5.0 AppleWebKit/537.36 (KHTML, like Gecko; compatible; GPTBot/1.2; +https://openai.com/gptbot)"
20.171.207.158 - - [01/Sep/2025:23:05:33 +0200] "GET /waldorf HTTP/1.1" 404 - "-" "Mozilla/5.0 AppleWebKit/537.36 (KHTML, like Gecko; compatible; GPTBot/1.2; +https://openai.com/gptbot)"
52.167.144.202 - - [01/Sep/2025:23:06:02 +0200] "GET /genmanipulacio/pic/folia1s3.gif HTTP/1.1" 404 - "-" "Mozilla/5.0 AppleWebKit/537.36 (KHTML, like Gecko; compatible; bingbot/2.0; +http://www.bing.com/bingbot.htm) Chrome/116.0.1938.76 Safari/537.36"
87.250.224.252 - - [01/Sep/2025:23:07:45 +0200] "GET /robots.txt HTTP/1.1" 404 - "-" "Mozilla/5.0 (compatible; YandexBot/3.0; +http://yandex.com/bots)"
5.255.231.181 - - [01/Sep/2025:23:07:46 +0200] "GET /genmanipulacio/kepregeny/3a.htm HTTP/1.1" 404 - "-" "Mozilla/5.0 (compatible; YandexBot/3.0; +http://yandex.com/bots)"
216.244.66.203 - - [01/Sep/2025:23:14:25 +0200] "GET /robots.txt HTTP/1.1" 404 - "-" "Mozilla/5.0 (compatible; DotBot/1.2; +https://opensiteexplorer.org/dotbot; help@moz.com)"
131.153.240.10 - - [01/Sep/2025:23:18:57 +0200] "GET / HTTP/1.1" 404 - "-" "Mozilla/5.0 (Windows NT 10.0; Win64; x64) AppleWebKit/537.36 (KHTML, like Gecko) Chrome/91.0.4472.124 Safari/537.36"
66.249.70.32 - - [01/Sep/2025:23:20:30 +0200] "GET /fjoo/temp/USA/2_April/Acela_2016_Elizabeth_2.jpg HTTP/1.1" 404 - "-" "Googlebot-Image/1.0"
66.249.70.33 - - [01/Sep/2025:23:20:57 +0200] "GET /hirvero/levlistak.shtml HTTP/1.1" 404 - "-" "Mozilla/5.0 (Linux; Android 6.0.1; Nexus 5X Build/MMB29P) AppleWebKit/537.36 (KHTML, like Gecko) Chrome/138.0.7204.183 Mobile Safari/537.36 (compatible; Googlebot/2.1; +http://www.google.com/bot.html)"
216.244.66.203 - - [01/Sep/2025:23:22:13 +0200] "GET /inforse/05.html HTTP/1.1" 404 - "-" "Mozilla/5.0 (compatible; DotBot/1.2; +https://opensiteexplorer.org/dotbot; help@moz.com)"
216.244.66.203 - - [01/Sep/2025:23:22:18 +0200] "GET /inforse/06.html HTTP/1.1" 404 - "-" "Mozilla/5.0 (compatible; DotBot/1.2; +https://opensiteexplorer.org/dotbot; help@moz.com)"
216.244.66.203 - - [01/Sep/2025:23:22:22 +0200] "GET /inforse/11.html HTTP/1.1" 404 - "-" "Mozilla/5.0 (compatible; DotBot/1.2; +https://opensiteexplorer.org/dotbot; help@moz.com)"
216.73.216.150 - - [01/Sep/2025:23:37:58 +0200] "GET /robots.txt HTTP/1.1" 404 - "-" "Mozilla/5.0 AppleWebKit/537.36 (KHTML, like Gecko; compatible; ClaudeBot/1.0; +claudebot@anthropic.com)"
216.73.216.150 - - [01/Sep/2025:23:37:58 +0200] "GET /~jfeiler/baiamare/index.htm HTTP/1.1" 404 - "-" "Mozilla/5.0 AppleWebKit/537.36 (KHTML, like Gecko; compatible; ClaudeBot/1.0; +claudebot@anthropic.com)"
35.90.230.214 - - [01/Sep/2025:23:59:35 +0200] "GET / HTTP/1.1" 404 - "-" "Mozilla/5.0 (X11; Linux x86_64) AppleWebKit/537.36 (KHTML, like Gecko) Chrome/134.0.0.0 Safari/537.3"
35.90.230.214 - - [01/Sep/2025:23:59:38 +0200] "GET / HTTP/1.1" 404 - "-" "Mozilla/5.0 (X11; Linux x86_64) AppleWebKit/537.36 (KHTML, like Gecko) Chrome/134.0.0.0 Safari/537.3"
66.249.70.34 - - [02/Sep/2025:00:00:19 +0200] "GET /img_upload/4993343bc2f5623bef83ec7984792f31/managed/civil_mozgalom_ketkereken2.jpg HTTP/1.1" 404 - "-" "Googlebot-Image/1.0"
40.77.167.25 - - [02/Sep/2025:00:21:55 +0200] "GET /genmanipulacio/pic/82.jpg HTTP/1.1" 404 - "-" "Mozilla/5.0 AppleWebKit/537.36 (KHTML, like Gecko; compatible; bingbot/2.0; +http://www.bing.com/bingbot.htm) Chrome/116.0.1938.76 Safari/537.36"
66.249.70.34 - - [02/Sep/2025:00:32:30 +0200] "GET /fjoo/temp/189-001B.jpg HTTP/1.1" 404 - "-" "Googlebot-Image/1.0"
131.153.240.178 - - [02/Sep/2025:00:44:08 +0200] "GET / HTTP/1.1" 404 - "-" "Mozilla/5.0 (Windows NT 10.0; Win64; x64) AppleWebKit/537.36 (KHTML, like Gecko) Chrome/91.0.4472.124 Safari/537.36"
66.249.70.33 - - [02/Sep/2025:00:50:30 +0200] "GET /fjoo/temp/USA/28_march/FL9_3.jpg HTTP/1.1" 404 - "-" "Googlebot-Image/1.0"
66.249.70.34 - - [02/Sep/2025:01:09:30 +0200] "GET /fjoo/temp/USA/27_March/Greyhound.jpg HTTP/1.1" 404 - "-" "Googlebot-Image/1.0"
40.77.167.55 - - [02/Sep/2025:01:15:19 +0200] "GET /genmanipulacio/pic/49.jpg HTTP/1.1" 404 - "-" "Mozilla/5.0 AppleWebKit/537.36 (KHTML, like Gecko; compatible; bingbot/2.0; +http://www.bing.com/bingbot.htm) Chrome/116.0.1938.76 Safari/537.36" 182.86