157.230.146.42 - - [01/Jan/2026:09:05:54 +0100] "GET /ads.txt HTTP/1.1" 404 - "-" "Mozilla/5.0 (Windows NT 10.0; Win64; x64) AppleWebKit/537.36 (KHTML, like Gecko) Chrome/137.0.0.0 Safari/537.36"
157.230.146.42 - - [01/Jan/2026:09:05:55 +0100] "GET / HTTP/1.1" 404 - "-" "curl/7.81.0"
54.160.146.24 - - [01/Jan/2026:09:09:15 +0100] "GET /vedegylet/modules.php?file=article&name=News&sid=196 HTTP/1.1" 404 - "-" "Mozilla/5.0 (compatible; URLCanonicalizer/1.0)"
54.160.146.24 - - [01/Jan/2026:09:09:18 +0100] "GET /vedegylet/modules.php?file=article&name=News HTTP/1.1" 404 - "-" "Mozilla/5.0 (compatible; URLCanonicalizer/1.0)"
216.244.66.203 - - [01/Jan/2026:09:16:24 +0100] "GET /robots.txt HTTP/1.1" 404 - "-" "Mozilla/5.0 (compatible; DotBot/1.2; +https://opensiteexplorer.org/dotbot; help@moz.com)"
66.249.70.34 - - [01/Jan/2026:09:17:33 +0100] "GET /fjoo/temp/02_12_27/vaddiszno1.jpg HTTP/1.1" 404 - "-" "Googlebot-Image/1.0"
216.244.66.203 - - [01/Jan/2026:09:19:59 +0100] "GET /%7Eillesf/recsk.html HTTP/1.1" 404 - "-" "Mozilla/5.0 (compatible; DotBot/1.2; +https://opensiteexplorer.org/dotbot; help@moz.com)"
54.236.1.53 - - [01/Jan/2026:09:21:27 +0100] "GET /robots.txt HTTP/1.1" 404 - "-" "Mozilla/5.0 (compatible; Pinterestbot/1.0; +http://www.pinterest.com/bot.html)"
54.236.1.51 - - [01/Jan/2026:09:21:27 +0100] "GET /robots.txt HTTP/1.1" 404 - "-" "Mozilla/5.0 (compatible; Pinterestbot/1.0; +http://www.pinterest.com/bot.html)"
216.244.66.203 - - [01/Jan/2026:09:23:30 +0100] "GET /waldorf/husvet.htm HTTP/1.1" 404 - "-" "Mozilla/5.0 (compatible; DotBot/1.2; +https://opensiteexplorer.org/dotbot; help@moz.com)"
66.249.70.33 - - [01/Jan/2026:09:24:07 +0100] "GET /~nomad/pix/bringa/csakvari%20hetvege/slides/img_0715.jpg HTTP/1.1" 404 - "-" "Googlebot-Image/1.0"
66.249.70.32 - - [01/Jan/2026:09:28:40 +0100] "GET /fjoo/pkp_m62.jpg HTTP/1.1" 404 - "-" "Googlebot-Image/1.0"
66.249.70.34 - - [01/Jan/2026:09:41:47 +0100] "GET /fjoo/PCD00001.jpg HTTP/1.1" 404 - "-" "Googlebot-Image/1.0"
66.249.70.32 - - [01/Jan/2026:09:50:53 +0100] "GET /fjoo/PCD00135.jpg HTTP/1.1" 404 - "-" "Googlebot-Image/1.0"
51.68.111.212 - - [01/Jan/2026:09:58:00 +0100] "GET /robots.txt HTTP/1.1" 404 - "-" "Mozilla/5.0 (compatible; MJ12bot/v2.0.4; http://mj12bot.com/)"
51.68.111.212 - - [01/Jan/2026:09:58:00 +0100] "GET / HTTP/1.1" 404 - "-" "Mozilla/5.0 (compatible; MJ12bot/v2.0.4; http://mj12bot.com/)"
3.221.156.96 - - [01/Jan/2026:10:07:14 +0100] "GET /humusz/ HTTP/1.1" 404 - "-" "Mozilla/5.0 AppleWebKit/537.36 (KHTML, like Gecko; compatible; Amazonbot/0.1; +https://developer.amazon.com/support/amazonbot) Chrome/119.0.6045.214 Safari/537.36"
87.250.224.45 - - [01/Jan/2026:10:08:38 +0100] "GET /robots.txt HTTP/1.1" 404 - "-" "Mozilla/5.0 (compatible; YandexBot/3.0; +http://yandex.com/bots)"
95.108.213.201 - - [01/Jan/2026:10:08:39 +0100] "GET /genmanipulacio/kepregeny/12.htm HTTP/1.1" 404 - "-" "Mozilla/5.0 (compatible; YandexBot/3.0; +http://yandex.com/bots)"
66.249.70.34 - - [01/Jan/2026:10:09:33 +0100] "GET /~fjoo/temp/Tordemic2.jpg HTTP/1.1" 404 - "-" "Googlebot-Image/1.0"
66.249.70.34 - - [01/Jan/2026:10:25:13 +0100] "GET /fjoo/temp/03_01_19/felezett_vagon.jpg HTTP/1.1" 404 - "-" "Googlebot-Image/1.0"
66.249.70.34 - - [01/Jan/2026:10:30:47 +0100] "GET /fjoo/temp/02_05_04/vill_epit2.jpg HTTP/1.1" 404 - "-" "Googlebot-Image/1.0"
182.42.104.32 - - [01/Jan/2026:10:31:02 +0100] "GET / HTTP/1.1" 404 - "-" "Mozilla/5.0 (iPhone; CPU iPhone OS 13_2_3 like Mac OS X) AppleWebKit/605.1.15 (KHTML, like Gecko) Version/13.0.3 Mobile/15E148 Safari/604.1"
66.249.70.33 - - [01/Jan/2026:10:40:53 +0100] "GET /~fjoo/olen_muz.jpg HTTP/1.1" 404 - "-" "Googlebot-Image/1.0"
66.249.70.34 - - [01/Jan/2026:10:46:27 +0100] "GET /~fjoo/temp/03_02_16/gumivasut_Szeghalom.jpg HTTP/1.1" 404 - "-" "Googlebot-Image/1.0"
66.249.70.34 - - [01/Jan/2026:10:52:00 +0100] "GET /~illesf/51kut.jpg HTTP/1.1" 404 - "-" "Googlebot-Image/1.0"
47.128.127.243 - - [01/Jan/2026:11:00:14 +0100] "GET /robots.txt HTTP/1.1" 404 - "-" "Mozilla/5.0 (Linux; Android 5.0) AppleWebKit/537.36 (KHTML, like Gecko) Mobile Safari/537.36 (compatible; Bytespider; spider-feedback@bytedance.com)"
216.244.66.203 - - [01/Jan/2026:11:01:01 +0100] "GET /robots.txt HTTP/1.1" 404 - "-" "Mozilla/5.0 (compatible; DotBot/1.2; +https://opensiteexplorer.org/dotbot; help@moz.com)"
66.249.70.32 - - [01/Jan/2026:11:03:07 +0100] "GET /img_upload/13ef8da76214b8a77fdb7f70e1d7e365/meta00061_boloni_janos_b.jpg HTTP/1.1" 404 - "-" "Googlebot-Image/1.0"
47.128.54.42 - - [01/Jan/2026:11:04:11 +0100] "GET /robots.txt HTTP/1.1" 404 - "-" "Mozilla/5.0 (Linux; Android 5.0) AppleWebKit/537.36 (KHTML, like Gecko) Mobile Safari/537.36 (compatible; Bytespider; spider-feedback@bytedance.com)"
193.6.201.253 - - [01/Jan/2026:11:04:24 +0100] "GET / HTTP/1.1" 404 - "-" "Mozilla/5.0 (X11; Linux x86_64; rv:58.0) Gecko/20100101 Firefox/58.0"
216.244.66.203 - - [01/Jan/2026:11:04:52 +0100] "GET /%7Eillesf/villamos/0409/index.html HTTP/1.1" 404 - "-" "Mozilla/5.0 (compatible; DotBot/1.2; +https://opensiteexplorer.org/dotbot; help@moz.com)"
66.249.70.32 - - [01/Jan/2026:11:25:20 +0100] "GET /fjoo/temp/03_01_19/M62-203_V43-335_Sm.jpg HTTP/1.1" 404 - "-" "Googlebot-Image/1.0"
66.249.70.33 - - [01/Jan/2026:11:37:05 +0100] "GET /img_upload/4993343bc2f5623bef83ec7984792f31/managed/civil_mozgalom_ketkereken2.jpg HTTP/1.1" 404 - "-" "Googlebot-Image/1.0"
115.238.171.31 - - [01/Jan/2026:11:42:05 +0100] "GET /img_upload/4993343bc2f5623bef83ec7984792f31/bababajaviton.jpg HTTP/1.1" 404 - "http://jatekbaba.network.hu/" "Mozilla/5.0 (Windows NT 10.0; Win64; x64) AppleWebKit/537.36 (KHTML, like Gecko) Chrome/139.0.0.0 Safari/537.36"
74.7.228.57 - - [01/Jan/2026:11:43:00 +0100] "GET /robots.txt HTTP/1.1" 404 - "-" "Mozilla/5.0 (Macintosh; Intel Mac OS X 10_15_7) AppleWebKit/537.36 (KHTML, like Gecko) Chrome/131.0.0.0 Safari/537.36; compatible; OAI-SearchBot/1.3; robots.txt; +https://openai.com/searchbot"
66.249.70.33 - - [01/Jan/2026:11:47:33 +0100] "GET /fjoo/cfl_m61.jpg HTTP/1.1" 404 - "-" "Googlebot-Image/1.0"
66.249.70.34 - - [01/Jan/2026:11:54:07 +0100] "GET /fjoo/temp/M40_C.jpg HTTP/1.1" 404 - "-" "Googlebot-Image/1.0"
5.255.231.71 - - [01/Jan/2026:11:56:44 +0100] "GET /robots.txt HTTP/1.1" 404 - "-" "Mozilla/5.0 (compatible; YandexBot/3.0; +http://yandex.com/bots)"
213.180.203.33 - - [01/Jan/2026:11:56:45 +0100] "GET /inter-feszkek/biogazdalkodas HTTP/1.1" 404 - "-" "Mozilla/5.0 (compatible; YandexBot/3.0; +http://yandex.com/bots)"
66.249.70.32 - - [01/Jan/2026:12:04:13 +0100] "GET /~fjoo/temp/03_02_16/M32-2032_csatlas.jpg HTTP/1.1" 404 - "-" "Googlebot-Image/1.0"
74.7.228.57 - - [01/Jan/2026:12:22:19 +0100] "GET /robots.txt HTTP/1.1" 404 - "-" "Mozilla/5.0 (Macintosh; Intel Mac OS X 10_15_7) AppleWebKit/537.36 (KHTML, like Gecko) Chrome/131.0.0.0 Safari/537.36; compatible; OAI-SearchBot/1.3; robots.txt; +https://openai.com/searchbot"
66.249.70.34 - - [01/Jan/2026:12:24:13 +0100] "GET /fjoo/temp/tt29/29B.jpg HTTP/1.1" 404 - "-" "Googlebot-Image/1.0"
81.200.197.163 - - [01/Jan/2026:12:29:56 +0100] "GET /~illesf/villamos/miskolc/terkep.html HTTP/1.1" 404 - "-" "Mozilla/5.0 (Windows NT 10.0; Win64; x64) AppleWebKit/537.36 (KHTML, like Gecko) Chrome/143.0.0.0 Safari/537.36"
81.200.197.163 - - [01/Jan/2026:12:29:56 +0100] "GET /favicon.ico HTTP/1.1" 404 - "http://www.zpok.hu/~illesf/villamos/miskolc/terkep.html" "Mozilla/5.0 (Windows NT 10.0; Win64; x64) AppleWebKit/537.36 (KHTML, like Gecko) Chrome/143.0.0.0 Safari/537.36"
5.255.231.41 - - [01/Jan/2026:12:33:20 +0100] "GET /robots.txt HTTP/1.1" 404 - "-" "Mozilla/5.0 (compatible; YandexBot/3.0; +http://yandex.com/bots)"
5.255.231.142 - - [01/Jan/2026:12:33:21 +0100] "GET /meteor/tturak.htm HTTP/1.1" 404 - "-" "Mozilla/5.0 (compatible; YandexBot/3.0; +http://yandex.com/bots)"
165.22.137.162 - - [01/Jan/2026:12:33:37 +0100] "GET / HTTP/1.1" 404 - "-" "Mozilla/5.0 (Windows NT 10.0; Win64; x64) AppleWebKit/537.36 (KHTML, like Gecko) Chrome/80.0.3987.149 Safari/537.36"
165.22.137.162 - - [01/Jan/2026:12:33:38 +0100] "GET / HTTP/1.1" 404 - "-" "Mozilla/5.0 (Windows NT 10.0; Win64; x64) AppleWebKit/537.36 (KHTML, like Gecko) Chrome/80.0.3987.149 Safari/537.36"
165.22.137.162 - - [01/Jan/2026:12:33:38 +0100] "GET /wp-includes/wlwmanifest.xml HTTP/1.1" 404 - "-" "Mozilla/5.0 (Windows NT 10.0; Win64; x64) AppleWebKit/537.36 (KHTML, like Gecko) Chrome/80.0.3987.149 Safari/537.36"
165.22.137.162 - - [01/Jan/2026:12:33:38 +0100] "GET /xmlrpc.php?rsd HTTP/1.1" 404 - "-" "Mozilla/5.0 (Windows NT 10.0; Win64; x64) AppleWebKit/537.36 (KHTML, like Gecko) Chrome/80.0.3987.149 Safari/537.36"
165.22.137.162 - - [01/Jan/2026:12:33:38 +0100] "GET / HTTP/1.1" 404 - "-" "Mozilla/5.0 (Windows NT 10.0; Win64; x64) AppleWebKit/537.36 (KHTML, like Gecko) Chrome/80.0.3987.149 Safari/537.36"
165.22.137.162 - - [01/Jan/2026:12:33:38 +0100] "GET /blog/wp-includes/wlwmanifest.xml HTTP/1.1" 404 - "-" "Mozilla/5.0 (Windows NT 10.0; Win64; x64) AppleWebKit/537.36 (KHTML, like Gecko) Chrome/80.0.3987.149 Safari/537.36"
165.22.137.162 - - [01/Jan/2026:12:33:39 +0100] "GET /web/wp-includes/wlwmanifest.xml HTTP/1.1" 404 - "-" "Mozilla/5.0 (Windows NT 10.0; Win64; x64) AppleWebKit/537.36 (KHTML, like Gecko) Chrome/80.0.3987.149 Safari/537.36"
165.22.137.162 - - [01/Jan/2026:12:33:39 +0100] "GET /wordpress/wp-includes/wlwmanifest.xml HTTP/1.1" 404 - "-" "Mozilla/5.0 (Windows NT 10.0; Win64; x64) AppleWebKit/537.36 (KHTML, like Gecko) Chrome/80.0.3987.149 Safari/537.36"
165.22.137.162 - - [01/Jan/2026:12:33:39 +0100] "GET /website/wp-includes/wlwmanifest.xml HTTP/1.1" 404 - "-" "Mozilla/5.0 (Windows NT 10.0; Win64; x64) AppleWebKit/537.36 (KHTML, like Gecko) Chrome/80.0.3987.149 Safari/537.36"
165.22.137.162 - - [01/Jan/2026:12:33:39 +0100] "GET /wp/wp-includes/wlwmanifest.xml HTTP/1.1" 404 - "-" "Mozilla/5.0 (Windows NT 10.0; Win64; x64) AppleWebKit/537.36 (KHTML, like Gecko) Chrome/80.0.3987.149 Safari/537.36"
165.22.137.162 - - [01/Jan/2026:12:33:40 +0100] "GET /news/wp-includes/wlwmanifest.xml HTTP/1.1" 404 - "-" "Mozilla/5.0 (Windows NT 10.0; Win64; x64) AppleWebKit/537.36 (KHTML, like Gecko) Chrome/80.0.3987.149 Safari/537.36"
165.22.137.162 - - [01/Jan/2026:12:33:40 +0100] "GET /2018/wp-includes/wlwmanifest.xml HTTP/1.1" 404 - "-" "Mozilla/5.0 (Windows NT 10.0; Win64; x64) AppleWebKit/537.36 (KHTML, like Gecko) Chrome/80.0.3987.149 Safari/537.36"
165.22.137.162 - - [01/Jan/2026:12:33:40 +0100] "GET /2019/wp-includes/wlwmanifest.xml HTTP/1.1" 404 - "-" "Mozilla/5.0 (Windows NT 10.0; Win64; x64) AppleWebKit/537.36 (KHTML, like Gecko) Chrome/80.0.3987.149 Safari/537.36"
165.22.137.162 - - [01/Jan/2026:12:33:40 +0100] "GET /shop/wp-includes/wlwmanifest.xml HTTP/1.1" 404 - "-" "Mozilla/5.0 (Windows NT 10.0; Win64; x64) AppleWebKit/537.36 (KHTML, like Gecko) Chrome/80.0.3987.149 Safari/537.36"
165.22.137.162 - - [01/Jan/2026:12:33:40 +0100] "GET /wp1/wp-includes/wlwmanifest.xml HTTP/1.1" 404 - "-" "Mozilla/5.0 (Windows NT 10.0; Win64; x64) AppleWebKit/537.36 (KHTML, like Gecko) Chrome/80.0.3987.149 Safari/537.36"
165.22.137.162 - - [01/Jan/2026:12:33:41 +0100] "GET /test/wp-includes/wlwmanifest.xml HTTP/1.1" 404 - "-" "Mozilla/5.0 (Windows NT 10.0; Win64; x64) AppleWebKit/537.36 (KHTML, like Gecko) Chrome/80.0.3987.149 Safari/537.36"
165.22.137.162 - - [01/Jan/2026:12:33:41 +0100] "GET /media/wp-includes/wlwmanifest.xml HTTP/1.1" 404 - "-" "Mozilla/5.0 (Windows NT 10.0; Win64; x64) AppleWebKit/537.36 (KHTML, like Gecko) Chrome/80.0.3987.149 Safari/537.36"
165.22.137.162 - - [01/Jan/2026:12:33:41 +0100] "GET /wp2/wp-includes/wlwmanifest.xml HTTP/1.1" 404 - "-" "Mozilla/5.0 (Windows NT 10.0; Win64; x64) AppleWebKit/537.36 (KHTML, like Gecko) Chrome/80.0.3987.149 Safari/537.36"
165.22.137.162 - - [01/Jan/2026:12:33:41 +0100] "GET /site/wp-includes/wlwmanifest.xml HTTP/1.1" 404 - "-" "Mozilla/5.0 (Windows NT 10.0; Win64; x64) AppleWebKit/537.36 (KHTML, like Gecko) Chrome/80.0.3987.149 Safari/537.36"
165.22.137.162 - - [01/Jan/2026:12:33:42 +0100] "GET /cms/wp-includes/wlwmanifest.xml HTTP/1.1" 404 - "-" "Mozilla/5.0 (Windows NT 10.0; Win64; x64) AppleWebKit/537.36 (KHTML, like Gecko) Chrome/80.0.3987.149 Safari/537.36"
165.22.137.162 - - [01/Jan/2026:12:33:42 +0100] "GET /sito/wp-includes/wlwmanifest.xml HTTP/1.1" 404 - "-" "Mozilla/5.0 (Windows NT 10.0; Win64; x64) AppleWebKit/537.36 (KHTML, like Gecko) Chrome/80.0.3987.149 Safari/537.36"
66.249.70.32 - - [01/Jan/2026:12:34:13 +0100] "GET /genmanipulacio/porttoport.jpg HTTP/1.1" 404 - "-" "Googlebot-Image/1.0"
34.238.45.183 - - [01/Jan/2026:12:37:59 +0100] "GET /~illes HTTP/1.1" 404 - "-" "Mozilla/5.0 AppleWebKit/537.36 (KHTML, like Gecko; compatible; Amazonbot/0.1; +https://developer.amazon.com/support/amazonbot) Chrome/119.0.6045.214 Safari/537.36"
66.249.70.32 - - [01/Jan/2026:12:46:13 +0100] "GET /~fjoo/temp/V43-1362_Vamosgyork.jpg HTTP/1.1" 404 - "-" "Googlebot-Image/1.0"
66.249.70.34 - - [01/Jan/2026:12:54:13 +0100] "GET /kkk/dikerter/terk1b.gif HTTP/1.1" 404 - "-" "Googlebot-Image/1.0"
66.249.70.34 - - [01/Jan/2026:12:57:39 +0100] "GET /index.rb HTTP/1.1" 404 - "-" "Mozilla/5.0 (Linux; Android 6.0.1; Nexus 5X Build/MMB29P) AppleWebKit/537.36 (KHTML, like Gecko) Chrome/141.0.7390.122 Mobile Safari/537.36 (compatible; Googlebot/2.1; +http://www.google.com/bot.html)"
138.2.71.16 - - [01/Jan/2026:13:16:50 +0100] "GET / HTTP/1.1" 404 - "-" "Mozilla/5.0 (X11; Linux x86_64) Gecko/20100101 Firefox/117.0"
138.2.71.16 - - [01/Jan/2026:13:16:50 +0100] "GET / HTTP/1.1" 404 - "-" "Go-http-client/1.1"
138.2.71.16 - - [01/Jan/2026:13:16:50 +0100] "GET /wp-login.php HTTP/1.1" 404 - "-" "Mozilla/5.0 (Windows NT 10.0; Win64; x64) AppleWebKit/537.36 Chrome/116.0 Safari/537.36"
138.2.71.16 - - [01/Jan/2026:13:16:50 +0100] "GET /wp-admin/ HTTP/1.1" 404 - "-" "Mozilla/5.0 (Windows NT 10.0; Win64; x64) AppleWebKit/537.36 Chrome/116.0 Safari/537.36"
138.2.71.16 - - [01/Jan/2026:13:16:51 +0100] "GET /administrator/ HTTP/1.1" 404 - "-" "Mozilla/5.0 (iPhone; CPU iPhone OS 17_4_1 like Mac OS X) AppleWebKit/605.1.15 Mobile/15E148"
138.2.71.16 - - [01/Jan/2026:13:16:51 +0100] "GET /user/login HTTP/1.1" 404 - "-" "Mozilla/5.0 (Android 13; Mobile; rv:117.0) Gecko/117.0 Firefox/117.0"
195.56.55.225 - - [01/Jan/2026:13:16:51 +0100] "GET /apc-aa-2.8.1/admin/ HTTP/1.1" 404 - "-" "Mozilla/5.0 (iPhone; CPU iPhone OS 17_4_1 like Mac OS X) AppleWebKit/605.1.15 Mobile/15E148"
138.2.71.16 - - [01/Jan/2026:13:16:51 +0100] "GET /admin HTTP/1.1" 404 408 "-" "Mozilla/5.0 (iPhone; CPU iPhone OS 17_4_1 like Mac OS X) AppleWebKit/605.1.15 Mobile/15E148"
138.2.71.16 - - [01/Jan/2026:13:16:52 +0100] "GET /login HTTP/1.1" 404 - "-" "Mozilla/5.0 (Windows NT 10.0; Win64; x64) AppleWebKit/537.36 Chrome/116.0 Safari/537.36"
138.2.71.16 - - [01/Jan/2026:13:16:52 +0100] "GET /register HTTP/1.1" 404 - "-" "Mozilla/5.0 (Android 13; Mobile; rv:117.0) Gecko/117.0 Firefox/117.0"
195.56.55.225 - - [01/Jan/2026:13:16:55 +0100] "GET /apc-aa-2.8.1/admin/ HTTP/1.1" 404 - "-" "Mozilla/5.0 (X11; Linux x86_64) Gecko/20100101 Firefox/117.0"
138.2.71.16 - - [01/Jan/2026:13:16:55 +0100] "GET /admin HTTP/1.1" 404 408 "-" "Mozilla/5.0 (X11; Linux x86_64) Gecko/20100101 Firefox/117.0"
138.2.71.16 - - [01/Jan/2026:13:16:55 +0100] "GET /login HTTP/1.1" 404 - "-" "Mozilla/5.0 (Windows NT 10.0; Win64; x64) AppleWebKit/537.36 Chrome/116.0 Safari/537.36"
136.243.220.210 - - [01/Jan/2026:13:17:18 +0100] "GET /waldorf/intlist.htm HTTP/1.1" 404 - "-" "Mozilla/5.0 (compatible; DataForSeoBot/1.0; +https://dataforseo.com/dataforseo-bot)"
4.213.160.187 - - [01/Jan/2026:13:21:02 +0100] "GET /server.php HTTP/1.1" 404 - "https://www.google.co.uk/" "Mozilla/5.0 (Linux; Android 14; Pixel 8 Pro) AppleWebKit/537.36 (KHTML, like Gecko) Chrome/119.0.0.0 Mobile Safari/537.36"
4.213.160.187 - - [01/Jan/2026:13:21:02 +0100] "GET /about.php HTTP/1.1" 404 - "https://www.google.com/" "Mozilla/5.0 (Linux; Android 13; SM-S908E) AppleWebKit/537.36 (KHTML, like Gecko) Chrome/116.0.0.0 Mobile Safari/537.36"
4.213.160.187 - - [01/Jan/2026:13:21:02 +0100] "GET /admin.php HTTP/1.1" 404 - "https://www.bing.com/" "Mozilla/5.0 (Linux; Android 13; M2101K6G) AppleWebKit/537.36 (KHTML, like Gecko) Chrome/116.0.0.0 Mobile Safari/537.36"
4.213.160.187 - - [01/Jan/2026:13:21:03 +0100] "GET /adminfuns.php HTTP/1.1" 404 - "https://www.google.de/" "Mozilla/5.0 (Linux; Android 13; M2101K6G) AppleWebKit/537.36 (KHTML, like Gecko) Chrome/116.0.0.0 Mobile Safari/537.36"
4.213.160.187 - - [01/Jan/2026:13:21:03 +0100] "GET /wp-good.php HTTP/1.1" 404 - "https://www.google.de/" "Mozilla/5.0 (iPhone; CPU iPhone OS 15_7_9 like Mac OS X) AppleWebKit/605.1.15 (KHTML, like Gecko) Version/15.6.5 Mobile/15E148 Safari/604.1"
4.213.160.187 - - [01/Jan/2026:13:21:03 +0100] "GET /ahax.php HTTP/1.1" 404 - "https://www.google.co.uk/" "Mozilla/5.0 (iPhone; CPU iPhone OS 16_6_1 like Mac OS X) AppleWebKit/605.1.15 (KHTML, like Gecko) Version/16.6 Mobile/15E148 Safari/604.1"
4.213.160.187 - - [01/Jan/2026:13:21:03 +0100] "GET /asasx.php HTTP/1.1" 404 - "https://www.google.com/" "Mozilla/5.0 (iPhone; CPU iPhone OS 17_1_1 like Mac OS X) AppleWebKit/605.1.15 (KHTML, like Gecko) Version/17.1 Mobile/15E148 Safari/604.1"
4.213.160.187 - - [01/Jan/2026:13:21:03 +0100] "GET /inputs.php HTTP/1.1" 404 - "https://www.google.fr/" "Mozilla/5.0 (iPhone; CPU iPhone OS 16_6_1 like Mac OS X) AppleWebKit/605.1.15 (KHTML, like Gecko) Version/16.6 Mobile/15E148 Safari/604.1"
4.213.160.187 - - [01/Jan/2026:13:21:03 +0100] "GET /bless.php HTTP/1.1" 404 - "https://duckduckgo.com/" "Mozilla/5.0 (Linux; Android 10; LM-Q720) AppleWebKit/537.36 (KHTML, like Gecko) Chrome/116.0.0.0 Mobile Safari/537.36"
4.213.160.187 - - [01/Jan/2026:13:21:03 +0100] "GET /edit.php HTTP/1.1" 404 - "https://www.google.com/" "Mozilla/5.0 (iPhone; CPU iPhone OS 17_1_1 like Mac OS X) AppleWebKit/605.1.15 (KHTML, like Gecko) Version/17.1 Mobile/15E148 Safari/604.1"
4.213.160.187 - - [01/Jan/2026:13:21:04 +0100] "GET /alfa.php HTTP/1.1" 404 - "https://www.google.co.uk/" "Mozilla/5.0 (iPhone; CPU iPhone OS 17_0_3 like Mac OS X) AppleWebKit/605.1.15 (KHTML, like Gecko) Version/17.0.1 Mobile/15E148 Safari/604.1"
4.213.160.187 - - [01/Jan/2026:13:21:04 +0100] "GET /install.php HTTP/1.1" 404 - "https://www.yahoo.com/" "Mozilla/5.0 (Linux; Android 14; Pixel 8 Pro) AppleWebKit/537.36 (KHTML, like Gecko) Chrome/119.0.0.0 Mobile Safari/537.36"
4.213.160.187 - - [01/Jan/2026:13:21:04 +0100] "GET /abcd.php HTTP/1.1" 404 - "https://www.bing.com/" "Mozilla/5.0 (Linux; Android 13; SM-S908E) AppleWebKit/537.36 (KHTML, like Gecko) Chrome/116.0.0.0 Mobile Safari/537.36"
4.213.160.187 - - [01/Jan/2026:13:21:04 +0100] "GET /222.php HTTP/1.1" 404 - "https://www.yahoo.com/" "Mozilla/5.0 (iPad; CPU OS 16_7_2 like Mac OS X) AppleWebKit/605.1.15 (KHTML, like Gecko) Version/16.6 Mobile/15E148 Safari/604.1"
4.213.160.187 - - [01/Jan/2026:13:21:04 +0100] "GET /aa.php HTTP/1.1" 404 - "https://www.yahoo.com/" "Mozilla/5.0 (iPad; CPU OS 16_7_2 like Mac OS X) AppleWebKit/605.1.15 (KHTML, like Gecko) Version/16.6 Mobile/15E148 Safari/604.1"
4.213.160.187 - - [01/Jan/2026:13:21:04 +0100] "GET /bolt.php HTTP/1.1" 404 - "https://www.yahoo.com/" "Mozilla/5.0 (iPhone; CPU iPhone OS 16_6_1 like Mac OS X) AppleWebKit/605.1.15 (KHTML, like Gecko) Version/16.6 Mobile/15E148 Safari/604.1"
4.213.160.187 - - [01/Jan/2026:13:21:04 +0100] "GET /file.php HTTP/1.1" 404 - "https://duckduckgo.com/" "Mozilla/5.0 (Linux; Android 13; SM-G991U) AppleWebKit/537.36 (KHTML, like Gecko) Chrome/117.0.0.0 Mobile Safari/537.36"
4.213.160.187 - - [01/Jan/2026:13:21:05 +0100] "GET /info.php HTTP/1.1" 404 - "https://www.google.fr/" "Mozilla/5.0 (iPhone; CPU iPhone OS 16_0 like Mac OS X) AppleWebKit/605.1.15 (KHTML, like Gecko) FxiOS/118.0 Mobile/15E148 Safari/605.1.15"
4.213.160.187 - - [01/Jan/2026:13:21:05 +0100] "GET /www.php HTTP/1.1" 404 - "https://www.yahoo.com/" "Mozilla/5.0 (Linux; Android 12; 2201116SG) AppleWebKit/537.36 (KHTML, like Gecko) Chrome/116.0.0.0 Mobile Safari/537.36"
4.213.160.187 - - [01/Jan/2026:13:21:05 +0100] "GET /wp-editor.php HTTP/1.1" 404 - "https://www.bing.com/" "Mozilla/5.0 (Linux; Android 13; SM-G991U) AppleWebKit/537.36 (KHTML, like Gecko) Chrome/117.0.0.0 Mobile Safari/537.36"
4.213.160.187 - - [01/Jan/2026:13:21:05 +0100] "GET /themes.php HTTP/1.1" 404 - "https://www.google.co.uk/" "Mozilla/5.0 (Linux; Android 10; LM-Q720) AppleWebKit/537.36 (KHTML, like Gecko) Chrome/116.0.0.0 Mobile Safari/537.36"
4.213.160.187 - - [01/Jan/2026:13:21:05 +0100] "GET /classwithtostring.php HTTP/1.1" 404 - "https://www.google.de/" "Mozilla/5.0 (Linux; Android 13; SM-G991U) AppleWebKit/537.36 (KHTML, like Gecko) Chrome/117.0.0.0 Mobile Safari/537.36"
4.213.160.187 - - [01/Jan/2026:13:21:05 +0100] "GET /class.php HTTP/1.1" 404 - "https://www.google.de/" "Mozilla/5.0 (Linux; Android 10; LM-Q720) AppleWebKit/537.36 (KHTML, like Gecko) Chrome/116.0.0.0 Mobile Safari/537.36"
4.213.160.187 - - [01/Jan/2026:13:21:05 +0100] "GET /cyber.php HTTP/1.1" 404 - "https://www.google.com/" "Mozilla/5.0 (Linux; Android 10; LM-Q720) AppleWebKit/537.36 (KHTML, like Gecko) Chrome/116.0.0.0 Mobile Safari/537.36"
4.213.160.187 - - [01/Jan/2026:13:21:06 +0100] "GET /gelay.php HTTP/1.1" 404 - "https://www.google.com/" "Mozilla/5.0 (Linux; Android 14; Pixel 8 Pro) AppleWebKit/537.36 (KHTML, like Gecko) Chrome/119.0.0.0 Mobile Safari/537.36"
4.213.160.187 - - [01/Jan/2026:13:21:06 +0100] "GET /wp.php HTTP/1.1" 404 - "https://www.google.fr/" "Mozilla/5.0 (iPhone; CPU iPhone OS 16_6_1 like Mac OS X) AppleWebKit/605.1.15 (KHTML, like Gecko) Version/16.6 Mobile/15E148 Safari/604.1"
4.213.160.187 - - [01/Jan/2026:13:21:06 +0100] "GET /13.php HTTP/1.1" 404 - "https://www.google.co.uk/" "Mozilla/5.0 (Linux; Android 11; CPH2251) AppleWebKit/537.36 (KHTML, like Gecko) Chrome/116.0.0.0 Mobile Safari/537.36"
4.213.160.187 - - [01/Jan/2026:13:21:06 +0100] "GET /fx.php HTTP/1.1" 404 - "https://www.google.co.uk/" "Mozilla/5.0 (iPhone; CPU iPhone OS 17_1_1 like Mac OS X) AppleWebKit/605.1.15 (KHTML, like Gecko) Version/17.1 Mobile/15E148 Safari/604.1"
4.213.160.187 - - [01/Jan/2026:13:21:06 +0100] "GET /black.php HTTP/1.1" 404 - "https://www.yahoo.com/" "Mozilla/5.0 (Linux; Android 14; Pixel 8 Pro) AppleWebKit/537.36 (KHTML, like Gecko) Chrome/119.0.0.0 Mobile Safari/537.36"
4.213.160.187 - - [01/Jan/2026:13:21:06 +0100] "GET /ioxi-o.php HTTP/1.1" 404 - "https://www.google.de/" "Mozilla/5.0 (Linux; Android 10; LM-Q720) AppleWebKit/537.36 (KHTML, like Gecko) Chrome/116.0.0.0 Mobile Safari/537.36"
4.213.160.187 - - [01/Jan/2026:13:21:06 +0100] "GET /php.php HTTP/1.1" 404 - "https://www.google.com/" "Mozilla/5.0 (iPad; CPU OS 17_0_3 like Mac OS X) AppleWebKit/605.1.15 (KHTML, like Gecko) Version/17.0.1 Mobile/15E148 Safari/604.1"
4.213.160.187 - - [01/Jan/2026:13:21:06 +0100] "GET /s.php HTTP/1.1" 404 - "https://www.yahoo.com/" "Mozilla/5.0 (iPhone; CPU iPhone OS 17_1 like Mac OS X) AppleWebKit/605.1.15 (KHTML, like Gecko) CriOS/119.0.6045.109 Mobile/15E148 Safari/604.1"
4.213.160.187 - - [01/Jan/2026:13:21:07 +0100] "GET /akcc.php HTTP/1.1" 404 - "https://www.google.de/" "Mozilla/5.0 (Linux; Android 11; CPH2251) AppleWebKit/537.36 (KHTML, like Gecko) Chrome/116.0.0.0 Mobile Safari/537.36"
4.213.160.187 - - [01/Jan/2026:13:21:07 +0100] "GET /buy.php HTTP/1.1" 404 - "https://www.bing.com/" "Mozilla/5.0 (Linux; Android 10; K) AppleWebKit/537.36 (KHTML, like Gecko) Chrome/117.0.0.0 Mobile Safari/537.36"
4.213.160.187 - - [01/Jan/2026:13:21:07 +0100] "GET /xmrlpc.php HTTP/1.1" 404 - "https://www.google.co.uk/" "Mozilla/5.0 (Linux; Android 13; SM-G991U) AppleWebKit/537.36 (KHTML, like Gecko) Chrome/117.0.0.0 Mobile Safari/537.36"
4.213.160.187 - - [01/Jan/2026:13:21:07 +0100] "GET /defaults.php HTTP/1.1" 404 - "https://www.google.de/" "Mozilla/5.0 (iPhone; CPU iPhone OS 16_6_1 like Mac OS X) AppleWebKit/605.1.15 (KHTML, like Gecko) Version/16.6 Mobile/15E148 Safari/604.1"
4.213.160.187 - - [01/Jan/2026:13:21:07 +0100] "GET /radio.php HTTP/1.1" 404 - "https://www.yahoo.com/" "Mozilla/5.g (Linux; Android 13; Pixel 7) AppleWebKit/537.36 (KHTML, like Gecko) Chrome/116.0.0.0 Mobile Safari/537.36"
4.213.160.187 - - [01/Jan/2026:13:21:07 +0100] "GET /images/wso.php HTTP/1.1" 404 - "https://www.google.fr/" "Mozilla/5.0 (iPad; CPU OS 17_0_3 like Mac OS X) AppleWebKit/605.1.15 (KHTML, like Gecko) Version/17.0.1 Mobile/15E148 Safari/604.1"
4.213.160.187 - - [01/Jan/2026:13:21:07 +0100] "GET /wp-xml.php HTTP/1.1" 404 - "https://www.google.com/" "Mozilla/5.0 (Linux; Android 11; CPH2251) AppleWebKit/537.36 (KHTML, like Gecko) Chrome/116.0.0.0 Mobile Safari/537.36"
4.213.160.187 - - [01/Jan/2026:13:21:08 +0100] "GET /wp-conflg.php HTTP/1.1" 404 - "https://www.yahoo.com/" "Mozilla/5.0 (iPad; CPU OS 16_7_2 like Mac OS X) AppleWebKit/605.1.15 (KHTML, like Gecko) Version/16.6 Mobile/15E148 Safari/604.1"
4.213.160.187 - - [01/Jan/2026:13:21:08 +0100] "GET /wp1.php HTTP/1.1" 404 - "https://www.google.co.uk/" "Mozilla/5.0 (Linux; Android 13; SM-G991U) AppleWebKit/537.36 (KHTML, like Gecko) Chrome/117.0.0.0 Mobile Safari/537.36"
4.213.160.187 - - [01/Jan/2026:13:21:08 +0100] "GET /phpinfo.php HTTP/1.1" 404 - "https://www.google.fr/" "Mozilla/5.0 (Linux; Android 13; M2101K6G) AppleWebKit/537.36 (KHTML, like Gecko) Chrome/116.0.0.0 Mobile Safari/537.36"
4.213.160.187 - - [01/Jan/2026:13:21:08 +0100] "GET /updates.php HTTP/1.1" 404 - "https://www.google.co.uk/" "Mozilla/5.0 (Linux; Android 14; Pixel 8 Pro) AppleWebKit/537.36 (KHTML, like Gecko) Chrome/119.0.0.0 Mobile Safari/537.36"
4.213.160.187 - - [01/Jan/2026:13:21:08 +0100] "GET /head.php HTTP/1.1" 404 - "https://www.google.com/" "Mozilla/5.0 (Linux; Android 10; LM-Q720) AppleWebKit/537.36 (KHTML, like Gecko) Chrome/116.0.0.0 Mobile Safari/537.36"
4.213.160.187 - - [01/Jan/2026:13:21:08 +0100] "GET /images/crystal/about.php HTTP/1.1" 404 - "https://www.yahoo.com/" "Mozilla/5.0 (iPad; CPU OS 16_7_2 like Mac OS X) AppleWebKit/605.1.15 (KHTML, like Gecko) Version/16.6 Mobile/15E148 Safari/604.1"
4.213.160.187 - - [01/Jan/2026:13:21:08 +0100] "GET /wp-includes/js/crop/about.php HTTP/1.1" 404 - "https://www.bing.com/" "Mozilla/5.0 (iPhone; CPU iPhone OS 16_0 like Mac OS X) AppleWebKit/605.1.15 (KHTML, like Gecko) FxiOS/118.0 Mobile/15E148 Safari/605.1.15"
4.213.160.187 - - [01/Jan/2026:13:21:09 +0100] "GET /wp-includes/html-api/wp-login.php HTTP/1.1" 404 - "https://www.google.co.uk/" "Mozilla/5.0 (Linux; Android 10; LM-Q720) AppleWebKit/537.36 (KHTML, like Gecko) Chrome/116.0.0.0 Mobile Safari/537.36"
4.213.160.187 - - [01/Jan/2026:13:21:09 +0100] "GET /.well-known/admin.php HTTP/1.1" 404 - "https://www.yahoo.com/" "Mozilla/5.0 (Linux; Android 11; CPH2251) AppleWebKit/537.36 (KHTML, like Gecko) Chrome/116.0.0.0 Mobile Safari/537.36"
4.213.160.187 - - [01/Jan/2026:13:21:09 +0100] "GET /wp-content/uploads/index.php HTTP/1.1" 404 - "https://www.google.de/" "Mozilla/5.0 (iPhone; CPU iPhone OS 17_0_3 like Mac OS X) AppleWebKit/605.1.15 (KHTML, like Gecko) Version/17.0.1 Mobile/15E148 Safari/604.1"
4.213.160.187 - - [01/Jan/2026:13:21:09 +0100] "GET /wp-includes/sitemaps/wp-conflg.php HTTP/1.1" 404 - "https://www.yahoo.com/" "Mozilla/5.0 (Linux; Android 13; SM-S908E) AppleWebKit/537.36 (KHTML, like Gecko) Chrome/116.0.0.0 Mobile Safari/537.36"
4.213.160.187 - - [01/Jan/2026:13:21:09 +0100] "GET /wp-admin/alfa.php HTTP/1.1" 404 - "https://www.google.fr/" "Mozilla/5.0 (Linux; Android 12; SM-A525F) AppleWebKit/537.36 (KHTML, like Gecko) Chrome/117.0.0.0 Mobile Safari/537.36"
4.213.160.187 - - [01/Jan/2026:13:21:09 +0100] "GET /wp-admin/images/atomlib.php HTTP/1.1" 404 - "https://www.google.fr/" "Mozilla/5.0 (Linux; Android 12; 2201116SG) AppleWebKit/537.36 (KHTML, like Gecko) Chrome/116.0.0.0 Mobile Safari/537.36"
4.213.160.187 - - [01/Jan/2026:13:21:09 +0100] "GET /wp-admin/images/admin.php HTTP/1.1" 404 - "https://duckduckgo.com/" "Mozilla/5.g (Linux; Android 13; Pixel 7) AppleWebKit/537.36 (KHTML, like Gecko) Chrome/116.0.0.0 Mobile Safari/537.36"
4.213.160.187 - - [01/Jan/2026:13:21:10 +0100] "GET /wp-admin/images/file.php HTTP/1.1" 404 - "https://www.bing.com/" "Mozilla/5.0 (Linux; Android 10; LM-Q720) AppleWebKit/537.36 (KHTML, like Gecko) Chrome/116.0.0.0 Mobile Safari/537.36"
4.213.160.187 - - [01/Jan/2026:13:21:10 +0100] "GET /wp-admin/includes/rk2.php HTTP/1.1" 404 - "https://www.bing.com/" "Mozilla/5.0 (Linux; Android 13; M2101K6G) AppleWebKit/537.36 (KHTML, like Gecko) Chrome/116.0.0.0 Mobile Safari/537.36"
4.213.160.187 - - [01/Jan/2026:13:21:10 +0100] "GET /wp-admin/network/index.php HTTP/1.1" 404 - "https://www.yahoo.com/" "Mozilla/5.0 (iPhone; CPU iPhone OS 17_0_3 like Mac OS X) AppleWebKit/605.1.15 (KHTML, like Gecko) Version/17.0.1 Mobile/15E148 Safari/604.1"
4.213.160.187 - - [01/Jan/2026:13:21:10 +0100] "GET /wp-content/mini.php HTTP/1.1" 404 - "https://www.google.com/" "Mozilla/5.0 (Linux; Android 11; CPH2251) AppleWebKit/537.36 (KHTML, like Gecko) Chrome/116.0.0.0 Mobile Safari/537.36"
4.213.160.187 - - [01/Jan/2026:13:21:10 +0100] "GET /wp-content/bypass.php HTTP/1.1" 404 - "https://www.yahoo.com/" "Mozilla/5.0 (Linux; Android 12; V2134) AppleWebKit/537.36 (KHTML, like Gecko) Chrome/116.0.0.0 Mobile Safari/537.36"
4.213.160.187 - - [01/Jan/2026:13:21:10 +0100] "GET /wp-content/admin.php HTTP/1.1" 404 - "https://www.google.de/" "Mozilla/5.0 (Linux; Android 13; M2101K6G) AppleWebKit/537.36 (KHTML, like Gecko) Chrome/116.0.0.0 Mobile Safari/537.36"
4.213.160.187 - - [01/Jan/2026:13:21:10 +0100] "GET /wp-content/uploads/phpinfo.php HTTP/1.1" 404 - "https://www.yahoo.com/" "Mozilla/5.0 (Linux; Android 11; 21081111RG) AppleWebKit/537.36 (KHTML, like Gecko) Chrome/116.0.0.0 Mobile Safari/537.36"
4.213.160.187 - - [01/Jan/2026:13:21:11 +0100] "GET /wp-content/plugins/core-plugin/include.php HTTP/1.1" 404 - "https://www.bing.com/" "Mozilla/5.0 (Linux; Android 10; LM-Q720) AppleWebKit/537.36 (KHTML, like Gecko) Chrome/116.0.0.0 Mobile Safari/537.36"
4.213.160.187 - - [01/Jan/2026:13:21:11 +0100] "GET /wp-includes/ID3/ HTTP/1.1" 404 - "https://www.google.com/" "Mozilla/5.0 (Linux; Android 13; M2101K6G) AppleWebKit/537.36 (KHTML, like Gecko) Chrome/116.0.0.0 Mobile Safari/537.36"
4.213.160.187 - - [01/Jan/2026:13:21:11 +0100] "GET /wp-includes/block-bindings/ HTTP/1.1" 404 - "https://www.google.co.uk/" "Mozilla/5.0 (iPhone; CPU iPhone OS 16_0 like Mac OS X) AppleWebKit/605.1.15 (KHTML, like Gecko) FxiOS/118.0 Mobile/15E148 Safari/605.1.15"
4.213.160.187 - - [01/Jan/2026:13:21:11 +0100] "GET /wp-includes/js/dist/ HTTP/1.1" 404 - "https://www.bing.com/" "Mozilla/5.0 (Linux; Android 13; M2101K6G) AppleWebKit/537.36 (KHTML, like Gecko) Chrome/116.0.0.0 Mobile Safari/537.36"
4.213.160.187 - - [01/Jan/2026:13:21:11 +0100] "GET /wp-admin/includes/ HTTP/1.1" 404 - "https://duckduckgo.com/" "Mozilla/5.0 (Linux; Android 12; SM-A525F) AppleWebKit/537.36 (KHTML, like Gecko) Chrome/117.0.0.0 Mobile Safari/537.36"
4.213.160.187 - - [01/Jan/2026:13:21:11 +0100] "GET /wp-admin/js/widgets/ HTTP/1.1" 404 - "https://www.google.co.uk/" "Mozilla/5.0 (Linux; Android 10; K) AppleWebKit/537.36 (KHTML, like Gecko) Chrome/117.0.0.0 Mobile Safari/537.36"
4.213.160.187 - - [01/Jan/2026:13:21:11 +0100] "GET /wp-content/plugins/admin.php HTTP/1.1" 404 - "https://www.google.co.uk/" "Mozilla/5.0 (Linux; Android 10; K) AppleWebKit/537.36 (KHTML, like Gecko) Chrome/117.0.0.0 Mobile Safari/537.36"
4.213.160.187 - - [01/Jan/2026:13:21:12 +0100] "GET /wp-content/uploads/ HTTP/1.1" 404 - "https://www.google.fr/" "Mozilla/5.0 (iPhone; CPU iPhone OS 17_1_1 like Mac OS X) AppleWebKit/605.1.15 (KHTML, like Gecko) Version/17.1 Mobile/15E148 Safari/604.1"
4.213.160.187 - - [01/Jan/2026:13:21:12 +0100] "GET /wp-includes/Requests/about.php HTTP/1.1" 404 - "https://www.google.co.uk/" "Mozilla/5.0 (Linux; Android 13; M2101K6G) AppleWebKit/537.36 (KHTML, like Gecko) Chrome/116.0.0.0 Mobile Safari/537.36"
4.213.160.187 - - [01/Jan/2026:13:21:12 +0100] "GET /wp-includes/style-engine/index.php HTTP/1.1" 404 - "https://www.yahoo.com/" "Mozilla/5.0 (iPad; CPU OS 17_0_3 like Mac OS X) AppleWebKit/605.1.15 (KHTML, like Gecko) Version/17.0.1 Mobile/15E148 Safari/604.1"
4.213.160.187 - - [01/Jan/2026:13:21:12 +0100] "GET /images/wso.php HTTP/1.1" 404 - "https://www.google.de/" "Mozilla/5.0 (Linux; Android 12; 2201116SG) AppleWebKit/537.36 (KHTML, like Gecko) Chrome/116.0.0.0 Mobile Safari/537.36"
4.213.160.187 - - [01/Jan/2026:13:21:12 +0100] "GET /wp-admin/css/colors/ HTTP/1.1" 404 - "https://www.google.de/" "Mozilla/5.0 (iPhone; CPU iPhone OS 17_0_3 like Mac OS X) AppleWebKit/605.1.15 (KHTML, like Gecko) Version/17.0.1 Mobile/15E148 Safari/604.1"
4.213.160.187 - - [01/Jan/2026:13:21:12 +0100] "GET /wp-admin/includes/chosen.php HTTP/1.1" 404 - "https://www.google.fr/" "Mozilla/5.0 (Linux; Android 11; CPH2251) AppleWebKit/537.36 (KHTML, like Gecko) Chrome/116.0.0.0 Mobile Safari/537.36"
4.213.160.187 - - [01/Jan/2026:13:21:12 +0100] "GET /wp-admin/index.php HTTP/1.1" 404 - "https://www.bing.com/" "Mozilla/5.0 (Linux; Android 12; V2134) AppleWebKit/537.36 (KHTML, like Gecko) Chrome/116.0.0.0 Mobile Safari/537.36"
4.213.160.187 - - [01/Jan/2026:13:21:13 +0100] "GET /wp-admin/radio.php HTTP/1.1" 404 - "https://www.google.co.uk/" "Mozilla/5.0 (Linux; Android 13; SM-S908E) AppleWebKit/537.36 (KHTML, like Gecko) Chrome/116.0.0.0 Mobile Safari/537.36"
4.213.160.187 - - [01/Jan/2026:13:21:13 +0100] "GET /wp-conflg/function.php HTTP/1.1" 404 - "https://www.google.de/" "Mozilla/5.g (Linux; Android 13; Pixel 7) AppleWebKit/537.36 (KHTML, like Gecko) Chrome/116.0.0.0 Mobile Safari/537.36"
4.213.160.187 - - [01/Jan/2026:13:21:13 +0100] "GET /wp-content/plugins/akismet/ HTTP/1.1" 404 - "https://www.bing.com/" "Mozilla/5.0 (iPhone; CPU iPhone OS 16_6_1 like Mac OS X) AppleWebKit/605.1.15 (KHTML, like Gecko) Version/16.6 Mobile/15E148 Safari/604.1"
4.213.160.187 - - [01/Jan/2026:13:21:13 +0100] "GET /wp-content/plugins/wp-diambar/includes/loadme.php HTTP/1.1" 404 - "https://www.google.fr/" "Mozilla/5.0 (iPhone; CPU iPhone OS 17_1 like Mac OS X) AppleWebKit/605.1.15 (KHTML, like Gecko) CriOS/119.0.6045.109 Mobile/15E148 Safari/604.1"
4.213.160.187 - - [01/Jan/2026:13:21:13 +0100] "GET /wp-content/themes/twentythirteen/ HTTP/1.1" 404 - "https://www.google.com/" "Mozilla/5.0 (Linux; Android 11; 21081111RG) AppleWebKit/537.36 (KHTML, like Gecko) Chrome/116.0.0.0 Mobile Safari/537.36"
4.213.160.187 - - [01/Jan/2026:13:21:13 +0100] "GET /wp-content/themes/twentyfourteen/ HTTP/1.1" 404 - "https://www.google.com/" "Mozilla/5.0 (iPhone; CPU iPhone OS 15_7_9 like Mac OS X) AppleWebKit/605.1.15 (KHTML, like Gecko) Version/15.6.5 Mobile/15E148 Safari/604.1"
4.213.160.187 - - [01/Jan/2026:13:21:14 +0100] "GET /wp-content/themes/twentyfifteen/ HTTP/1.1" 404 - "https://www.google.de/" "Mozilla/5.0 (iPad; CPU OS 16_7_2 like Mac OS X) AppleWebKit/605.1.15 (KHTML, like Gecko) Version/16.6 Mobile/15E148 Safari/604.1"
4.213.160.187 - - [01/Jan/2026:13:21:14 +0100] "GET /wp-content/themes/twentyfifteen/404.php HTTP/1.1" 404 - "https://www.google.com/" "Mozilla/5.0 (Linux; Android 12; V2134) AppleWebKit/537.36 (KHTML, like Gecko) Chrome/116.0.0.0 Mobile Safari/537.36"
4.213.160.187 - - [01/Jan/2026:13:21:14 +0100] "GET /wp-includes/js/crop/ HTTP/1.1" 404 - "https://www.google.de/" "Mozilla/5.0 (Linux; Android 13; SM-G991U) AppleWebKit/537.36 (KHTML, like Gecko) Chrome/117.0.0.0 Mobile Safari/537.36"
4.213.160.187 - - [01/Jan/2026:13:21:14 +0100] "GET /wp-includes/js/crop/cropper.php HTTP/1.1" 404 - "https://www.google.com/" "Mozilla/5.0 (iPhone; CPU iPhone OS 16_6_1 like Mac OS X) AppleWebKit/605.1.15 (KHTML, like Gecko) Version/16.6 Mobile/15E148 Safari/604.1"
4.213.160.187 - - [01/Jan/2026:13:21:14 +0100] "GET /wp-includes/js/thickbox/thickbox.php HTTP/1.1" 404 - "https://www.google.de/" "Mozilla/5.0 (Linux; Android 13; SM-S908E) AppleWebKit/537.36 (KHTML, like Gecko) Chrome/116.0.0.0 Mobile Safari/537.36"
4.213.160.187 - - [01/Jan/2026:13:21:14 +0100] "GET /wp-includes/js/thickbox/ HTTP/1.1" 404 - "https://www.google.fr/" "Mozilla/5.0 (iPhone; CPU iPhone OS 16_0 like Mac OS X) AppleWebKit/605.1.15 (KHTML, like Gecko) FxiOS/118.0 Mobile/15E148 Safari/605.1.15"
4.213.160.187 - - [01/Jan/2026:13:21:14 +0100] "GET /wp-includes/widgets/autoload_classmap.php HTTP/1.1" 404 - "https://duckduckgo.com/" "Mozilla/5.0 (iPhone; CPU iPhone OS 15_7_9 like Mac OS X) AppleWebKit/605.1.15 (KHTML, like Gecko) Version/15.6.5 Mobile/15E148 Safari/604.1"
4.213.160.187 - - [01/Jan/2026:13:21:14 +0100] "GET /wp-includes/widgets/ HTTP/1.1" 404 - "https://www.google.co.uk/" "Mozilla/5.0 (Linux; Android 13; SM-S908E) AppleWebKit/537.36 (KHTML, like Gecko) Chrome/116.0.0.0 Mobile Safari/537.36"
66.249.70.33 - - [01/Jan/2026:13:24:13 +0100] "GET /img_upload/be54694605bbfec644dcd2ea3afc74e6/havas_henrik.jpg HTTP/1.1" 404 - "-" "Googlebot-Image/1.0"
66.249.64.65 - - [01/Jan/2026:13:29:35 +0100] "GET /robots.txt HTTP/1.1" 404 - "-" "Mozilla/5.0 (compatible; Googlebot/2.1; +http://www.google.com/bot.html)"
66.249.64.66 - - [01/Jan/2026:13:29:35 +0100] "GET /ads.txt HTTP/1.1" 404 - "-" "Mozilla/5.0 (compatible; Googlebot/2.1; +http://www.google.com/bot.html)"
66.249.70.33 - - [01/Jan/2026:13:38:13 +0100] "GET /fjoo/temp/03_01_19/V43-332_jelzok.jpg HTTP/1.1" 404 - "-" "Googlebot-Image/1.0"
49.51.233.95 - - [01/Jan/2026:13:40:26 +0100] "GET / HTTP/1.1" 404 - "-" "Mozilla/5.0 (iPhone; CPU iPhone OS 13_2_3 like Mac OS X) AppleWebKit/605.1.15 (KHTML, like Gecko) Version/13.0.3 Mobile/15E148 Safari/604.1"
74.7.228.57 - - [01/Jan/2026:13:45:27 +0100] "GET /robots.txt HTTP/1.1" 404 - "-" "Mozilla/5.0 (Macintosh; Intel Mac OS X 10_15_7) AppleWebKit/537.36 (KHTML, like Gecko) Chrome/131.0.0.0 Safari/537.36; compatible; OAI-SearchBot/1.3; robots.txt; +https://openai.com/searchbot"
66.249.70.33 - - [01/Jan/2026:14:14:13 +0100] "GET /~fjoo/joo_907.jpg HTTP/1.1" 404 - "-" "Googlebot-Image/1.0"
18.210.58.238 - - [01/Jan/2026:14:15:19 +0100] "GET /civilink/?F__ HTTP/1.1" 404 - "-" "Mozilla/5.0 AppleWebKit/537.36 (KHTML, like Gecko; compatible; Amazonbot/0.1; +https://developer.amazon.com/support/amazonbot) Chrome/119.0.6045.214 Safari/537.36"
43.130.228.73 - - [01/Jan/2026:14:22:08 +0100] "GET / HTTP/1.1" 404 - "-" "Mozilla/5.0 (iPhone; CPU iPhone OS 13_2_3 like Mac OS X) AppleWebKit/605.1.15 (KHTML, like Gecko) Version/13.0.3 Mobile/15E148 Safari/604.1"
54.204.12.115 - - [01/Jan/2026:14:38:45 +0100] "GET /waldorf HTTP/1.1" 404 - "-" "Mozilla/5.0 AppleWebKit/537.36 (KHTML, like Gecko; compatible; Amazonbot/0.1; +https://developer.amazon.com/support/amazonbot) Chrome/119.0.6045.214 Safari/537.36"
66.249.64.67 - - [01/Jan/2026:14:42:24 +0100] "GET /pipermail/tai-development/attachments/20080910/947da7e= HTTP/1.1" 404 - "-" "Mozilla/5.0 (Linux; Android 6.0.1; Nexus 5X Build/MMB29P) AppleWebKit/537.36 (KHTML, like Gecko) Chrome/141.0.7390.122 Mobile Safari/537.36 (compatible; GoogleOther)"
44.247.156.200 - - [01/Jan/2026:14:42:59 +0100] "GET / HTTP/1.1" 404 - "-" "Mozilla/5.0 (X11; Linux x86_64) AppleWebKit/537.36 (KHTML, like Gecko) Chrome/134.0.0.0 Safari/537.3"
44.247.156.200 - - [01/Jan/2026:14:43:01 +0100] "GET / HTTP/1.1" 404 - "-" "Mozilla/5.0 (X11; Linux x86_64) AppleWebKit/537.36 (KHTML, like Gecko) Chrome/134.0.0.0 Safari/537.3"
66.249.70.34 - - [01/Jan/2026:14:44:13 +0100] "GET /~fjoo/temp/02_07_23/3971742.jpg HTTP/1.1" 404 - "-" "Googlebot-Image/1.0"
66.249.70.33 - - [01/Jan/2026:14:47:14 +0100] "GET /fjoo/temp/M62-058_C.jpg HTTP/1.1" 404 - "-" "Googlebot-Image/1.0"
66.249.70.34 - - [01/Jan/2026:14:54:18 +0100] "GET /fjoo/muki_uv.jpg HTTP/1.1" 404 - "-" "Googlebot-Image/1.0"
66.249.70.33 - - [01/Jan/2026:14:55:43 +0100] "GET /fjoo/PCD00138a.jpg HTTP/1.1" 404 - "-" "Googlebot-Image/1.0"
66.249.70.32 - - [01/Jan/2026:14:58:23 +0100] "GET /~fjoo/v43_2243.jpg HTTP/1.1" 404 - "-" "Googlebot-Image/1.0"
66.249.70.33 - - [01/Jan/2026:15:01:12 +0100] "GET /fjoo/temp/02_05_04/vill_epit1.jpg HTTP/1.1" 404 - "-" "Googlebot-Image/1.0"
66.249.70.33 - - [01/Jan/2026:15:04:02 +0100] "GET /~fjoo/temp/03_02_16/M44-409_Btx_Db.jpg HTTP/1.1" 404 - "-" "Googlebot-Image/1.0"
66.249.70.32 - - [01/Jan/2026:15:06:52 +0100] "GET /~fjoo/carszko5.jpg HTTP/1.1" 404 - "-" "Googlebot-Image/1.0"
66.249.70.33 - - [01/Jan/2026:15:09:42 +0100] "GET /~fjoo/philbeer.jpg HTTP/1.1" 404 - "-" "Googlebot-Image/1.0"
66.249.70.34 - - [01/Jan/2026:15:22:36 +0100] "GET /~illesf/temp/jozsga/vont_mech_2.jpg HTTP/1.1" 404 - "-" "Googlebot-Image/1.0"
66.249.70.34 - - [01/Jan/2026:15:24:01 +0100] "GET /~fjoo/temp/TM.jpg HTTP/1.1" 404 - "-" "Googlebot-Image/1.0"
92.222.104.214 - - [01/Jan/2026:15:30:37 +0100] "GET /robots.txt HTTP/1.1" 404 - "-" "Mozilla/5.0 (compatible; AhrefsBot/7.0; +http://ahrefs.com/robot/)"
51.68.247.216 - - [01/Jan/2026:15:30:37 +0100] "GET /img_upload/322859aa0578c5a894c85ecd18bf54d8/csk_1.jpg HTTP/1.1" 404 - "-" "Mozilla/5.0 (compatible; AhrefsBot/7.0; +http://ahrefs.com/robot/)"
87.250.224.56 - - [01/Jan/2026:15:32:21 +0100] "GET /robots.txt HTTP/1.1" 404 - "-" "Mozilla/5.0 (compatible; YandexBot/3.0; +http://yandex.com/bots)"
213.180.203.162 - - [01/Jan/2026:15:32:21 +0100] "GET /inforse/10.html HTTP/1.1" 404 - "-" "Mozilla/5.0 (compatible; YandexBot/3.0; +http://yandex.com/bots)"
66.249.70.34 - - [01/Jan/2026:15:38:00 +0100] "GET /~fjoo/db185v63.jpg HTTP/1.1" 404 - "-" "Googlebot-Image/1.0"
66.249.70.32 - - [01/Jan/2026:15:50:29 +0100] "GET /fjoo/temp/03_01_19/M62-260_IC913.jpg HTTP/1.1" 404 - "-" "Googlebot-Image/1.0"
95.108.213.87 - - [01/Jan/2026:15:50:53 +0100] "GET /~jfeiler/baiamare/index.htm. HTTP/1.1" 404 - "-" "Mozilla/5.0 (compatible; YandexBot/3.0; +http://yandex.com/bots)"
66.249.70.33 - - [01/Jan/2026:15:51:54 +0100] "GET /fjoo/temp/03_01_19/2xV43_Sm.jpg HTTP/1.1" 404 - "-" "Googlebot-Image/1.0"
66.249.70.32 - - [01/Jan/2026:15:58:44 +0100] "GET /fjoo/temp/ie-net.jpg HTTP/1.1" 404 - "-" "Googlebot-Image/1.0"
66.249.70.32 - - [01/Jan/2026:16:04:09 +0100] "GET /fjoo/Stainz4.jpg HTTP/1.1" 404 - "-" "Googlebot-Image/1.0"
66.249.70.32 - - [01/Jan/2026:16:07:59 +0100] "GET /genmanipulacio/pic/9c.jpg HTTP/1.1" 404 - "-" "Googlebot-Image/1.0"
4.197.176.207 - - [01/Jan/2026:16:10:25 +0100] "GET /.tresh/index.php HTTP/1.1" 404 - "https://www.google.com/" "Mozilla/5.g (Linux; Android 13; Pixel 7) AppleWebKit/537.36 (KHTML, like Gecko) Chrome/116.0.0.0 Mobile Safari/537.36"
4.197.176.207 - - [01/Jan/2026:16:10:25 +0100] "GET /.well-known/ HTTP/1.1" 404 - "https://www.google.com/" "Mozilla/5.0 (Linux; Android 12; 2201116SG) AppleWebKit/537.36 (KHTML, like Gecko) Chrome/116.0.0.0 Mobile Safari/537.36"
4.197.176.207 - - [01/Jan/2026:16:10:26 +0100] "GET /.well-known/acme-challenge/index.php HTTP/1.1" 404 - "https://www.google.com/" "Mozilla/5.0 (Linux; Android 13; SM-S908E) AppleWebKit/537.36 (KHTML, like Gecko) Chrome/116.0.0.0 Mobile Safari/537.36"
4.197.176.207 - - [01/Jan/2026:16:10:26 +0100] "GET /.well-known/error.php HTTP/1.1" 404 - "https://www.bing.com/" "Mozilla/5.0 (iPhone; CPU iPhone OS 16_0 like Mac OS X) AppleWebKit/605.1.15 (KHTML, like Gecko) FxiOS/118.0 Mobile/15E148 Safari/605.1.15"
4.197.176.207 - - [01/Jan/2026:16:10:26 +0100] "GET /.well-known/gecko-litespeed.php HTTP/1.1" 404 - "https://www.google.fr/" "Mozilla/5.0 (Linux; Android 12; V2134) AppleWebKit/537.36 (KHTML, like Gecko) Chrome/116.0.0.0 Mobile Safari/537.36"
4.197.176.207 - - [01/Jan/2026:16:10:26 +0100] "GET //wp-includes/fonts/ HTTP/1.1" 404 - "https://www.google.co.uk/" "Mozilla/5.0 (Linux; Android 11; CPH2251) AppleWebKit/537.36 (KHTML, like Gecko) Chrome/116.0.0.0 Mobile Safari/537.36"
4.197.176.207 - - [01/Jan/2026:16:10:27 +0100] "GET /ALFA_DATA/alfacgiapi/ HTTP/1.1" 404 - "https://www.google.com/" "Mozilla/5.0 (iPhone; CPU iPhone OS 16_0 like Mac OS X) AppleWebKit/605.1.15 (KHTML, like Gecko) FxiOS/118.0 Mobile/15E148 Safari/605.1.15"
4.197.176.207 - - [01/Jan/2026:16:10:27 +0100] "GET /about/function.php HTTP/1.1" 404 - "https://www.google.de/" "Mozilla/5.0 (iPad; CPU OS 17_0_3 like Mac OS X) AppleWebKit/605.1.15 (KHTML, like Gecko) Version/17.0.1 Mobile/15E148 Safari/604.1"
195.56.55.225 - - [01/Jan/2026:16:10:28 +0100] "GET /apc-aa-2.8.1/admin//controller/extension/extension/ HTTP/1.1" 404 - "https://www.google.de/" "Mozilla/5.0 (iPhone; CPU iPhone OS 15_7_9 like Mac OS X) AppleWebKit/605.1.15 (KHTML, like Gecko) Version/15.6.5 Mobile/15E148 Safari/604.1"
4.197.176.207 - - [01/Jan/2026:16:10:28 +0100] "GET /admin/controller/extension/extension/ HTTP/1.1" 404 440 "https://www.google.de/" "Mozilla/5.0 (iPhone; CPU iPhone OS 15_7_9 like Mac OS X) AppleWebKit/605.1.15 (KHTML, like Gecko) Version/15.6.5 Mobile/15E148 Safari/604.1"
195.56.55.225 - - [01/Jan/2026:16:10:28 +0100] "GET /apc-aa-2.8.1/admin//controller/extension/extension/ultra.php HTTP/1.1" 404 - "https://duckduckgo.com/" "Mozilla/5.0 (Linux; Android 14; Pixel 8 Pro) AppleWebKit/537.36 (KHTML, like Gecko) Chrome/119.0.0.0 Mobile Safari/537.36"
4.197.176.207 - - [01/Jan/2026:16:10:28 +0100] "GET /admin/controller/extension/extension/ultra.php HTTP/1.1" 404 449 "https://duckduckgo.com/" "Mozilla/5.0 (Linux; Android 14; Pixel 8 Pro) AppleWebKit/537.36 (KHTML, like Gecko) Chrome/119.0.0.0 Mobile Safari/537.36"
195.56.55.225 - - [01/Jan/2026:16:10:28 +0100] "GET /apc-aa-2.8.1/admin//controller/extension/extension/vx.php HTTP/1.1" 404 - "https://www.google.com/" "Mozilla/5.0 (Linux; Android 10; K) AppleWebKit/537.36 (KHTML, like Gecko) Chrome/117.0.0.0 Mobile Safari/537.36"
4.197.176.207 - - [01/Jan/2026:16:10:28 +0100] "GET /admin/controller/extension/extension/vx.php HTTP/1.1" 404 446 "https://www.google.com/" "Mozilla/5.0 (Linux; Android 10; K) AppleWebKit/537.36 (KHTML, like Gecko) Chrome/117.0.0.0 Mobile Safari/537.36"
195.56.55.225 - - [01/Jan/2026:16:10:28 +0100] "GET /apc-aa-2.8.1/admin//function.php HTTP/1.1" 404 - "https://duckduckgo.com/" "Mozilla/5.0 (iPhone; CPU iPhone OS 15_7_9 like Mac OS X) AppleWebKit/605.1.15 (KHTML, like Gecko) Version/15.6.5 Mobile/15E148 Safari/604.1"
4.197.176.207 - - [01/Jan/2026:16:10:28 +0100] "GET /admin/function.php HTTP/1.1" 404 421 "https://duckduckgo.com/" "Mozilla/5.0 (iPhone; CPU iPhone OS 15_7_9 like Mac OS X) AppleWebKit/605.1.15 (KHTML, like Gecko) Version/15.6.5 Mobile/15E148 Safari/604.1"
4.197.176.207 - - [01/Jan/2026:16:10:29 +0100] "GET /adminfuns.php/.well-known/acme-challenge/file.php HTTP/1.1" 404 - "https://www.google.co.uk/" "Mozilla/5.0 (iPhone; CPU iPhone OS 16_6_1 like Mac OS X) AppleWebKit/605.1.15 (KHTML, like Gecko) Version/16.6 Mobile/15E148 Safari/604.1"
4.197.176.207 - - [01/Jan/2026:16:10:29 +0100] "GET /assets/ HTTP/1.1" 404 - "https://www.google.co.uk/" "Mozilla/5.0 (iPhone; CPU iPhone OS 17_1 like Mac OS X) AppleWebKit/605.1.15 (KHTML, like Gecko) CriOS/119.0.6045.109 Mobile/15E148 Safari/604.1"
4.197.176.207 - - [01/Jan/2026:16:10:29 +0100] "GET /assets/images/ HTTP/1.1" 404 - "https://www.bing.com/" "Mozilla/5.0 (iPad; CPU OS 16_7_2 like Mac OS X) AppleWebKit/605.1.15 (KHTML, like Gecko) Version/16.6 Mobile/15E148 Safari/604.1"
4.197.176.207 - - [01/Jan/2026:16:10:29 +0100] "GET /assets/vx.php HTTP/1.1" 404 - "https://www.google.de/" "Mozilla/5.0 (iPad; CPU OS 16_7_2 like Mac OS X) AppleWebKit/605.1.15 (KHTML, like Gecko) Version/16.6 Mobile/15E148 Safari/604.1"
4.197.176.207 - - [01/Jan/2026:16:10:30 +0100] "GET /autoload_classmap/function.php HTTP/1.1" 404 - "https://duckduckgo.com/" "Mozilla/5.0 (iPhone; CPU iPhone OS 17_1_1 like Mac OS X) AppleWebKit/605.1.15 (KHTML, like Gecko) Version/17.1 Mobile/15E148 Safari/604.1"
4.197.176.207 - - [01/Jan/2026:16:10:30 +0100] "GET /bk/index.php HTTP/1.1" 404 - "https://www.google.com/" "Mozilla/5.0 (iPhone; CPU iPhone OS 16_6_1 like Mac OS X) AppleWebKit/605.1.15 (KHTML, like Gecko) Version/16.6 Mobile/15E148 Safari/604.1"
4.197.176.207 - - [01/Jan/2026:16:10:30 +0100] "GET /cgi-bin/ HTTP/1.1" 403 - "https://www.google.fr/" "Mozilla/5.0 (iPad; CPU OS 17_0_3 like Mac OS X) AppleWebKit/605.1.15 (KHTML, like Gecko) Version/17.0.1 Mobile/15E148 Safari/604.1"
4.197.176.207 - - [01/Jan/2026:16:10:31 +0100] "GET /css/admin.php HTTP/1.1" 404 - "https://www.google.com/" "Mozilla/5.0 (Linux; Android 11; CPH2251) AppleWebKit/537.36 (KHTML, like Gecko) Chrome/116.0.0.0 Mobile Safari/537.36"
4.197.176.207 - - [01/Jan/2026:16:10:31 +0100] "GET /css/index.php HTTP/1.1" 404 - "https://www.yahoo.com/" "Mozilla/5.0 (iPad; CPU OS 16_7_2 like Mac OS X) AppleWebKit/605.1.15 (KHTML, like Gecko) Version/16.6 Mobile/15E148 Safari/604.1"
4.197.176.207 - - [01/Jan/2026:16:10:31 +0100] "GET /function/function.php HTTP/1.1" 404 - "https://www.google.de/" "Mozilla/5.0 (iPad; CPU OS 16_7_2 like Mac OS X) AppleWebKit/605.1.15 (KHTML, like Gecko) Version/16.6 Mobile/15E148 Safari/604.1"
4.197.176.207 - - [01/Jan/2026:16:10:31 +0100] "GET /images/index.php HTTP/1.1" 404 - "https://www.bing.com/" "Mozilla/5.0 (Linux; Android 12; 2201116SG) AppleWebKit/537.36 (KHTML, like Gecko) Chrome/116.0.0.0 Mobile Safari/537.36"
4.197.176.207 - - [01/Jan/2026:16:10:32 +0100] "GET /images/install.php HTTP/1.1" 404 - "https://www.google.fr/" "Mozilla/5.0 (iPhone; CPU iPhone OS 16_0 like Mac OS X) AppleWebKit/605.1.15 (KHTML, like Gecko) FxiOS/118.0 Mobile/15E148 Safari/605.1.15"
4.197.176.207 - - [01/Jan/2026:16:10:32 +0100] "GET /index.php/feed/atom/ HTTP/1.1" 404 - "https://www.google.de/" "Mozilla/5.0 (iPad; CPU OS 17_0_3 like Mac OS X) AppleWebKit/605.1.15 (KHTML, like Gecko) Version/17.0.1 Mobile/15E148 Safari/604.1"
4.197.176.207 - - [01/Jan/2026:16:10:32 +0100] "GET /index/function.php HTTP/1.1" 404 - "https://www.yahoo.com/" "Mozilla/5.0 (Linux; Android 10; LM-Q720) AppleWebKit/537.36 (KHTML, like Gecko) Chrome/116.0.0.0 Mobile Safari/537.36"
4.197.176.207 - - [01/Jan/2026:16:10:33 +0100] "GET /mah/function.php HTTP/1.1" 404 - "https://www.google.de/" "Mozilla/5.0 (iPhone; CPU iPhone OS 17_1 like Mac OS X) AppleWebKit/605.1.15 (KHTML, like Gecko) CriOS/119.0.6045.109 Mobile/15E148 Safari/604.1"
