34.239.179.228 - - [19/Jun/2021:14:44:24 +0200] "GET /pmwiki/pmwiki.php/Main/Ipr HTTP/1.1" 200 13258 "-" "CCBot/2.0 (https://commoncrawl.org/faq/)"
114.119.158.146 - - [19/Jun/2021:14:46:33 +0200] "GET /pmwiki/pmwiki.php/Main/McCreevy?action=upload HTTP/1.1" 200 12282 "-" "Mozilla/5.0 (Linux; Android 7.0;) AppleWebKit/537.36 (KHTML, like Gecko) Mobile Safari/537.36 (compatible; PetalBot;+https://webmaster.petalsearch.com/site/petalbot)"
34.239.179.228 - - [19/Jun/2021:14:48:04 +0200] "GET /pmwiki/pmwiki.php/Main/C%E9lok HTTP/1.1" 200 12698 "-" "CCBot/2.0 (https://commoncrawl.org/faq/)"
34.239.179.228 - - [19/Jun/2021:14:48:44 +0200] "GET /pmwiki/pmwiki.php/PmWiki/ChangeLog HTTP/1.1" 200 44191 "-" "CCBot/2.0 (https://commoncrawl.org/faq/)"
159.69.145.50 - - [19/Jun/2021:14:57:06 +0200] "HEAD /pmwiki/pmwiki.php HTTP/1.1" 200 0 "-" "Alert_Alligator_webmonitoring_service_1.6.3_(alertalligator.com)"
34.239.179.228 - - [19/Jun/2021:14:58:06 +0200] "GET /pmwiki/pmwiki.php/Main/Cikkek HTTP/1.1" 200 66799 "-" "CCBot/2.0 (https://commoncrawl.org/faq/)"
34.239.179.228 - - [19/Jun/2021:15:05:16 +0200] "GET /pmwiki/pmwiki.php/Main/EUCD?action=upload&upname=wiki.png HTTP/1.1" 200 12230 "-" "CCBot/2.0 (https://commoncrawl.org/faq/)"
114.119.158.146 - - [19/Jun/2021:15:06:47 +0200] "GET /pmwiki/pmwiki.php/Main/CikkekDRM?action=upload HTTP/1.1" 200 12298 "-" "Mozilla/5.0 (Linux; Android 7.0;) AppleWebKit/537.36 (KHTML, like Gecko) Mobile Safari/537.36 (compatible; PetalBot;+https://webmaster.petalsearch.com/site/petalbot)"
114.119.149.252 - - [19/Jun/2021:15:08:34 +0200] "GET /pmwiki/pmwiki.php/Main/SzoftverSzabadalmak?action=upload HTTP/1.1" 200 12458 "-" "Mozilla/5.0 (Linux; Android 7.0;) AppleWebKit/537.36 (KHTML, like Gecko) Mobile Safari/537.36 (compatible; PetalBot;+https://webmaster.petalsearch.com/site/petalbot)"
34.239.179.228 - - [19/Jun/2021:15:11:29 +0200] "GET /pmwiki/pmwiki.php/Main/EUCD?action=upload HTTP/1.1" 200 12214 "-" "CCBot/2.0 (https://commoncrawl.org/faq/)"
34.239.179.228 - - [19/Jun/2021:15:17:45 +0200] "GET /pmwiki/pmwiki.php/Main/DRM HTTP/1.1" 200 14856 "-" "CCBot/2.0 (https://commoncrawl.org/faq/)"
114.119.151.81 - - [19/Jun/2021:15:19:28 +0200] "GET /pmwiki/pmwiki.php/PmWiki/Installation HTTP/1.1" 200 17595 "-" "Mozilla/5.0 (Linux; Android 7.0;) AppleWebKit/537.36 (KHTML, like Gecko) Mobile Safari/537.36 (compatible; PetalBot;+https://webmaster.petalsearch.com/site/petalbot)"
34.239.179.228 - - [19/Jun/2021:15:21:23 +0200] "GET /pmwiki/pmwiki.php/Main/Virsligy%E1r?action=diff HTTP/1.1" 200 26293 "-" "CCBot/2.0 (https://commoncrawl.org/faq/)"
114.119.155.144 - - [19/Jun/2021:15:21:40 +0200] "GET /pmwiki/pmwiki.php/Main/McCreevy?action=edit HTTP/1.1" 200 12402 "-" "Mozilla/5.0 (Linux; Android 7.0;) AppleWebKit/537.36 (KHTML, like Gecko) Mobile Safari/537.36 (compatible; PetalBot;+https://webmaster.petalsearch.com/site/petalbot)"
114.119.132.6 - - [19/Jun/2021:15:27:27 +0200] "GET /pmwiki/pmwiki.php/Main/DRM?action=edit HTTP/1.1" 200 12318 "-" "Mozilla/5.0 (Linux; Android 7.0;) AppleWebKit/537.36 (KHTML, like Gecko) Mobile Safari/537.36 (compatible; PetalBot;+https://webmaster.petalsearch.com/site/petalbot)"
114.119.151.81 - - [19/Jun/2021:15:32:48 +0200] "GET /pmwiki/pmwiki.php/Main/EztMondjukNekik?action=diff HTTP/1.1" 200 15515 "-" "Mozilla/5.0 (Linux; Android 7.0;) AppleWebKit/537.36 (KHTML, like Gecko) Mobile Safari/537.36 (compatible; PetalBot;+https://webmaster.petalsearch.com/site/petalbot)"
34.239.179.228 - - [19/Jun/2021:15:32:52 +0200] "GET /pmwiki/pmwiki.php/Main/HomePage?action=print HTTP/1.1" 200 27869 "-" "CCBot/2.0 (https://commoncrawl.org/faq/)"
114.119.151.81 - - [19/Jun/2021:15:34:45 +0200] "GET /pmwiki/pmwiki.php/Main/2003M%e1jusiNyilatkozathozKapcsol%f3d%f3Cikk?action=upload HTTP/1.1" 200 12842 "-" "Mozilla/5.0 (Linux; Android 7.0;) AppleWebKit/537.36 (KHTML, like Gecko) Mobile Safari/537.36 (compatible; PetalBot;+https://webmaster.petalsearch.com/site/petalbot)"
34.239.179.228 - - [19/Jun/2021:15:35:09 +0200] "GET /pmwiki/pmwiki.php/Main/EUCD?action=edit HTTP/1.1" 200 12334 "-" "CCBot/2.0 (https://commoncrawl.org/faq/)"
114.119.158.146 - - [19/Jun/2021:15:41:25 +0200] "GET /pmwiki/pmwiki.php/PmWiki/Security HTTP/1.1" 200 14640 "-" "Mozilla/5.0 (Linux; Android 7.0;) AppleWebKit/537.36 (KHTML, like Gecko) Mobile Safari/537.36 (compatible; PetalBot;+https://webmaster.petalsearch.com/site/petalbot)"
114.119.132.6 - - [19/Jun/2021:15:43:51 +0200] "GET /pmwiki/pmwiki.php/Main/Minta HTTP/1.1" 200 14526 "-" "Mozilla/5.0 (Linux; Android 7.0;) AppleWebKit/537.36 (KHTML, like Gecko) Mobile Safari/537.36 (compatible; PetalBot;+https://webmaster.petalsearch.com/site/petalbot)"
159.69.145.50 - - [19/Jun/2021:15:56:10 +0200] "HEAD /pmwiki/pmwiki.php HTTP/1.1" 200 0 "-" "Alert_Alligator_webmonitoring_service_1.6.3_(alertalligator.com)"
114.119.151.81 - - [19/Jun/2021:16:03:09 +0200] "GET /pmwiki/pmwiki.php/PmWiki/Contributors HTTP/1.1" 200 14051 "-" "Mozilla/5.0 (Linux; Android 7.0;) AppleWebKit/537.36 (KHTML, like Gecko) Mobile Safari/537.36 (compatible; PetalBot;+https://webmaster.petalsearch.com/site/petalbot)"
114.119.151.81 - - [19/Jun/2021:16:05:22 +0200] "GET /pmwiki/pmwiki.php/Main/2004Febru%e1riK%f6sz%f6netLengyelorsz%e1gnak?action=diff HTTP/1.1" 200 17729 "-" "Mozilla/5.0 (Linux; Android 7.0;) AppleWebKit/537.36 (KHTML, like Gecko) Mobile Safari/537.36 (compatible; PetalBot;+https://webmaster.petalsearch.com/site/petalbot)"
114.119.158.146 - - [19/Jun/2021:16:10:20 +0200] "GET /pmwiki/pmwiki.php/Main/DRM?action=edit&restore=diff%3A1110541855%3A1110481343%3A&preview=y HTTP/1.1" 200 12370 "-" "Mozilla/5.0 (Linux; Android 7.0;) AppleWebKit/537.36 (KHTML, like Gecko) Mobile Safari/537.36 (compatible; PetalBot;+https://webmaster.petalsearch.com/site/petalbot)"
114.119.132.6 - - [19/Jun/2021:16:18:25 +0200] "GET /pmwiki/pmwiki.php/Main/Rocard?action=print HTTP/1.1" 200 7872 "-" "Mozilla/5.0 (Linux; Android 7.0;) AppleWebKit/537.36 (KHTML, like Gecko) Mobile Safari/537.36 (compatible; PetalBot;+https://webmaster.petalsearch.com/site/petalbot)"
114.119.155.230 - - [19/Jun/2021:16:22:49 +0200] "GET /pmwiki/pmwiki.php/Main/HarcT%edzITSzabadalomEllen?action=upload HTTP/1.1" 200 12562 "-" "Mozilla/5.0 (Linux; Android 7.0;) AppleWebKit/537.36 (KHTML, like Gecko) Mobile Safari/537.36 (compatible; PetalBot;+https://webmaster.petalsearch.com/site/petalbot)"
114.119.155.144 - - [19/Jun/2021:16:29:24 +0200] "GET /pmwiki/pmwiki.php/Main/Marc08essay?action=edit HTTP/1.1" 200 12446 "-" "Mozilla/5.0 (Linux; Android 7.0;) AppleWebKit/537.36 (KHTML, like Gecko) Mobile Safari/537.36 (compatible; PetalBot;+https://webmaster.petalsearch.com/site/petalbot)"
114.119.155.230 - - [19/Jun/2021:16:40:21 +0200] "GET /pmwiki/pmwiki.php/Main/Marc07PR?action=upload HTTP/1.1" 200 12279 "-" "Mozilla/5.0 (Linux; Android 7.0;) AppleWebKit/537.36 (KHTML, like Gecko) Mobile Safari/537.36 (compatible; PetalBot;+https://webmaster.petalsearch.com/site/petalbot)"
114.119.155.230 - - [19/Jun/2021:16:51:17 +0200] "GET /pmwiki/pmwiki.php/Main/LehetsegesJavitasokEuropaban?action=print HTTP/1.1" 200 4274 "-" "Mozilla/5.0 (Linux; Android 7.0;) AppleWebKit/537.36 (KHTML, like Gecko) Mobile Safari/537.36 (compatible; PetalBot;+https://webmaster.petalsearch.com/site/petalbot)"
114.119.151.81 - - [19/Jun/2021:16:53:31 +0200] "GET /pmwiki/pmwiki.php/Emeltdijas HTTP/1.1" 404 12046 "-" "Mozilla/5.0 (Linux; Android 7.0;) AppleWebKit/537.36 (KHTML, like Gecko) Mobile Safari/537.36 (compatible; PetalBot;+https://webmaster.petalsearch.com/site/petalbot)"
49.12.13.109 - - [19/Jun/2021:16:56:23 +0200] "HEAD /pmwiki/pmwiki.php HTTP/1.1" 200 0 "-" "Alert_Alligator_webmonitoring_service_1.6.3_(alertalligator.com)"
114.119.130.67 - - [19/Jun/2021:17:11:17 +0200] "GET /pmwiki/pmwiki.php/Main/Feb08PR?action=diff HTTP/1.1" 200 20619 "-" "Mozilla/5.0 (Linux; Android 7.0;) AppleWebKit/537.36 (KHTML, like Gecko) Mobile Safari/537.36 (compatible; PetalBot;+https://webmaster.petalsearch.com/site/petalbot)"
173.231.59.202 - - [19/Jun/2021:17:11:17 +0200] "GET /robots.txt HTTP/1.1" 404 1181 "-" "Mozilla/5.0 (compatible; Adsbot/3.1; +https://seostar.co/robot/)"
173.231.59.202 - - [19/Jun/2021:17:11:25 +0200] "GET / HTTP/1.1" 302 5 "-" "Mozilla/5.0 (compatible; Adsbot/3.1; +https://seostar.co/robot/)"
173.231.59.202 - - [19/Jun/2021:17:12:51 +0200] "GET /pmwiki/pmwiki.php/Main/Tud%E1smonop%F3lium HTTP/1.1" 200 16773 "http://swpat.zpok.hu/" "Mozilla/5.0 (compatible; Adsbot/3.1; +https://seostar.co/robot/)"
173.231.59.202 - - [19/Jun/2021:17:14:35 +0200] "GET /pmwiki/pmwiki.php HTTP/1.1" 200 37269 "http://swpat.zpok.hu/" "Mozilla/5.0 (compatible; Adsbot/3.1; +https://seostar.co/robot/)"
173.231.59.202 - - [19/Jun/2021:17:16:23 +0200] "GET /pmwiki/pmwiki.php/Main HTTP/1.1" 302 186 "http://swpat.zpok.hu/" "Mozilla/5.0 (compatible; Adsbot/3.1; +https://seostar.co/robot/)"
173.231.59.202 - - [19/Jun/2021:17:17:06 +0200] "GET /pmwiki/pmwiki.php/Main/DRM HTTP/1.1" 200 14856 "http://swpat.zpok.hu/" "Mozilla/5.0 (compatible; Adsbot/3.1; +https://seostar.co/robot/)"
173.231.59.202 - - [19/Jun/2021:17:18:32 +0200] "GET /pmwiki/pmwiki.php/Main/FAQ HTTP/1.1" 200 17652 "http://swpat.zpok.hu/" "Mozilla/5.0 (compatible; Adsbot/3.1; +https://seostar.co/robot/)"
173.231.59.202 - - [19/Jun/2021:17:20:39 +0200] "GET /pmwiki/pmwiki.php/Main/Ipr HTTP/1.1" 200 13258 "http://swpat.zpok.hu/" "Mozilla/5.0 (compatible; Adsbot/3.1; +https://seostar.co/robot/)"
173.231.59.202 - - [19/Jun/2021:17:22:13 +0200] "GET /pmwiki/pmwiki.php/Main/EUCD HTTP/1.1" 200 12963 "http://swpat.zpok.hu/" "Mozilla/5.0 (compatible; Adsbot/3.1; +https://seostar.co/robot/)"
173.231.59.202 - - [19/Jun/2021:17:24:27 +0200] "GET /pmwiki/pmwiki.php/Main/Cikkek HTTP/1.1" 200 66799 "http://swpat.zpok.hu/" "Mozilla/5.0 (compatible; Adsbot/3.1; +https://seostar.co/robot/)"
173.231.59.202 - - [19/Jun/2021:17:25:53 +0200] "GET /pmwiki/pmwiki.php/Main/Doksik HTTP/1.1" 200 14123 "http://swpat.zpok.hu/" "Mozilla/5.0 (compatible; Adsbot/3.1; +https://seostar.co/robot/)"
173.231.59.202 - - [19/Jun/2021:17:28:26 +0200] "GET /pmwiki/pmwiki.php/Main/Google HTTP/1.1" 200 25006 "http://swpat.zpok.hu/" "Mozilla/5.0 (compatible; Adsbot/3.1; +https://seostar.co/robot/)"
173.231.59.202 - - [19/Jun/2021:17:29:26 +0200] "GET /pmwiki/pmwiki.php/Main/Linkek HTTP/1.1" 200 28889 "http://swpat.zpok.hu/" "Mozilla/5.0 (compatible; Adsbot/3.1; +https://seostar.co/robot/)"
173.231.59.202 - - [19/Jun/2021:17:30:37 +0200] "GET /pmwiki/pmwiki.php/Main/MiADRM HTTP/1.1" 200 12869 "http://swpat.zpok.hu/" "Mozilla/5.0 (compatible; Adsbot/3.1; +https://seostar.co/robot/)"
173.231.59.202 - - [19/Jun/2021:17:32:24 +0200] "GET /pmwiki/pmwiki.php/Main/C%e9lok HTTP/1.1" 200 12698 "http://swpat.zpok.hu/" "Mozilla/5.0 (compatible; Adsbot/3.1; +https://seostar.co/robot/)"
173.231.59.202 - - [19/Jun/2021:17:33:46 +0200] "GET /pmwiki/pmwiki.php/Main/H%edrek HTTP/1.1" 200 15050 "http://swpat.zpok.hu/" "Mozilla/5.0 (compatible; Adsbot/3.1; +https://seostar.co/robot/)"
173.231.59.202 - - [19/Jun/2021:17:34:55 +0200] "GET /pmwiki/pmwiki.php/Main/HomePage HTTP/1.1" 200 37269 "http://swpat.zpok.hu/" "Mozilla/5.0 (compatible; Adsbot/3.1; +https://seostar.co/robot/)"
114.119.149.252 - - [19/Jun/2021:17:35:24 +0200] "GET /pmwiki/pmwiki.php/Main/Power?action=upload HTTP/1.1" 200 12234 "-" "Mozilla/5.0 (Linux; Android 7.0;) AppleWebKit/537.36 (KHTML, like Gecko) Mobile Safari/537.36 (compatible; PetalBot;+https://webmaster.petalsearch.com/site/petalbot)"
173.231.59.202 - - [19/Jun/2021:17:36:17 +0200] "GET /pmwiki/pmwiki.php/PmWiki/PmWiki HTTP/1.1" 200 116458 "http://swpat.zpok.hu/" "Mozilla/5.0 (compatible; Adsbot/3.1; +https://seostar.co/robot/)"
173.231.59.202 - - [19/Jun/2021:17:37:39 +0200] "GET /pmwiki/pmwiki.php/Main/CikkekDRM HTTP/1.1" 200 18047 "http://swpat.zpok.hu/" "Mozilla/5.0 (compatible; Adsbot/3.1; +https://seostar.co/robot/)"
173.231.59.202 - - [19/Jun/2021:17:38:56 +0200] "GET /pmwiki/pmwiki.php/Main/JogiOldal HTTP/1.1" 200 26044 "http://swpat.zpok.hu/" "Mozilla/5.0 (compatible; Adsbot/3.1; +https://seostar.co/robot/)"
173.231.59.202 - - [19/Jun/2021:17:40:06 +0200] "GET /pmwiki/pmwiki.php/Main/MitTehetek HTTP/1.1" 200 13755 "http://swpat.zpok.hu/" "Mozilla/5.0 (compatible; Adsbot/3.1; +https://seostar.co/robot/)"
173.231.59.202 - - [19/Jun/2021:17:41:47 +0200] "GET /pmwiki/pmwiki.php/Main/Direkt%edva HTTP/1.1" 200 20621 "http://swpat.zpok.hu/" "Mozilla/5.0 (compatible; Adsbot/3.1; +https://seostar.co/robot/)"
114.119.129.205 - - [19/Jun/2021:17:41:55 +0200] "GET /pmwiki/pmwiki.php/Main/Cache?action=diff HTTP/1.1" 200 17732 "-" "Mozilla/5.0 (Linux; Android 7.0;) AppleWebKit/537.36 (KHTML, like Gecko) Mobile Safari/537.36 (compatible; PetalBot;+https://webmaster.petalsearch.com/site/petalbot)"
173.231.59.202 - - [19/Jun/2021:17:43:46 +0200] "GET /pmwiki/pmwiki.php/Main/WikiSandbox HTTP/1.1" 200 12116 "http://swpat.zpok.hu/" "Mozilla/5.0 (compatible; Adsbot/3.1; +https://seostar.co/robot/)"
114.119.149.252 - - [19/Jun/2021:17:44:20 +0200] "GET /pmwiki/pmwiki.php/Main/EztMondjukNekik?action=print HTTP/1.1" 200 4479 "-" "Mozilla/5.0 (Linux; Android 7.0;) AppleWebKit/537.36 (KHTML, like Gecko) Mobile Safari/537.36 (compatible; PetalBot;+https://webmaster.petalsearch.com/site/petalbot)"
173.231.59.202 - - [19/Jun/2021:17:44:34 +0200] "GET /pmwiki/pmwiki.php/Main/Sajt%f3anyag HTTP/1.1" 200 13697 "http://swpat.zpok.hu/" "Mozilla/5.0 (compatible; Adsbot/3.1; +https://seostar.co/robot/)"
173.231.59.202 - - [19/Jun/2021:17:46:00 +0200] "GET /pmwiki/pmwiki.php/Main/CikkekPrivacy HTTP/1.1" 200 12503 "http://swpat.zpok.hu/" "Mozilla/5.0 (compatible; Adsbot/3.1; +https://seostar.co/robot/)"
173.231.59.202 - - [19/Jun/2021:17:46:55 +0200] "GET /pmwiki/pmwiki.php/Main/Nyilatkozatok HTTP/1.1" 200 16071 "http://swpat.zpok.hu/" "Mozilla/5.0 (compatible; Adsbot/3.1; +https://seostar.co/robot/)"
173.231.59.202 - - [19/Jun/2021:17:48:09 +0200] "GET /pmwiki/pmwiki.php/Main/DRMMunkacsoport HTTP/1.1" 200 12700 "http://swpat.zpok.hu/" "Mozilla/5.0 (compatible; Adsbot/3.1; +https://seostar.co/robot/)"
114.119.149.252 - - [19/Jun/2021:17:48:35 +0200] "GET /pmwiki/pmwiki.php/Main/Doksik?action=print HTTP/1.1" 200 4591 "-" "Mozilla/5.0 (Linux; Android 7.0;) AppleWebKit/537.36 (KHTML, like Gecko) Mobile Safari/537.36 (compatible; PetalBot;+https://webmaster.petalsearch.com/site/petalbot)"
173.231.59.202 - - [19/Jun/2021:17:50:25 +0200] "GET /pmwiki/pmwiki.php/Main/V%e9delmiP%e9nz HTTP/1.1" 200 12560 "http://swpat.zpok.hu/" "Mozilla/5.0 (compatible; Adsbot/3.1; +https://seostar.co/robot/)"
173.231.59.202 - - [19/Jun/2021:17:51:44 +0200] "GET /pmwiki/pmwiki.php/Main/Gazdas%e1giOldal HTTP/1.1" 200 19537 "http://swpat.zpok.hu/" "Mozilla/5.0 (compatible; Adsbot/3.1; +https://seostar.co/robot/)"
173.231.59.202 - - [19/Jun/2021:17:53:08 +0200] "GET /pmwiki/pmwiki.php/Main/ADRMH%e1tr%e1nyai HTTP/1.1" 200 14752 "http://swpat.zpok.hu/" "Mozilla/5.0 (compatible; Adsbot/3.1; +https://seostar.co/robot/)"
173.231.59.202 - - [19/Jun/2021:17:54:07 +0200] "GET /pmwiki/pmwiki.php/Main/SzoftverSzabadalmak HTTP/1.1" 200 15057 "http://swpat.zpok.hu/" "Mozilla/5.0 (compatible; Adsbot/3.1; +https://seostar.co/robot/)"
173.231.59.202 - - [19/Jun/2021:17:55:24 +0200] "GET /pmwiki/pmwiki.php/Main/Tud%e1smonop%f3lium HTTP/1.1" 200 16773 "http://swpat.zpok.hu/" "Mozilla/5.0 (compatible; Adsbot/3.1; +https://seostar.co/robot/)"
173.231.59.202 - - [19/Jun/2021:17:56:28 +0200] "GET /pmwiki/pmwiki.php/Main/Befektet%e9sv%e9delem HTTP/1.1" 200 15814 "http://swpat.zpok.hu/" "Mozilla/5.0 (compatible; Adsbot/3.1; +https://seostar.co/robot/)"
159.69.145.50 - - [19/Jun/2021:17:56:32 +0200] "HEAD /pmwiki/pmwiki.php HTTP/1.1" 200 0 "-" "Alert_Alligator_webmonitoring_service_1.6.3_(alertalligator.com)"
173.231.59.202 - - [19/Jun/2021:17:57:20 +0200] "GET /pmwiki/pmwiki.php/Main/AJelenlegiSzerzoiJogiTorveny HTTP/1.1" 200 18664 "http://swpat.zpok.hu/" "Mozilla/5.0 (compatible; Adsbot/3.1; +https://seostar.co/robot/)"
173.231.59.202 - - [19/Jun/2021:17:58:27 +0200] "GET /pmwiki/pmwiki.php/Main/LehetsegesJavitasokEuropaban HTTP/1.1" 200 14070 "http://swpat.zpok.hu/" "Mozilla/5.0 (compatible; Adsbot/3.1; +https://seostar.co/robot/)"
173.231.59.202 - - [19/Jun/2021:17:59:31 +0200] "GET /pmwiki/pmwiki.php/Main/HeringgelMegval%f3s%edtottTal%e1lm%e1nyok HTTP/1.1" 200 18448 "http://swpat.zpok.hu/" "Mozilla/5.0 (compatible; Adsbot/3.1; +https://seostar.co/robot/)"
114.119.151.72 - - [19/Jun/2021:17:59:37 +0200] "GET /pmwiki/pmwiki.php/Main/SideBar?action=upload HTTP/1.1" 200 12264 "-" "Mozilla/5.0 (Linux; Android 7.0;) AppleWebKit/537.36 (KHTML, like Gecko) Mobile Safari/537.36 (compatible; PetalBot;+https://webmaster.petalsearch.com/site/petalbot)"
173.231.59.202 - - [19/Jun/2021:18:00:24 +0200] "GET /pmwiki/pmwiki.php/PmWiki HTTP/1.1" 302 186 "http://swpat.zpok.hu/" "Mozilla/5.0 (compatible; Adsbot/3.1; +https://seostar.co/robot/)"
173.231.59.202 - - [19/Jun/2021:18:00:39 +0200] "GET /pmwiki/pmwiki.php/Main/Todo HTTP/1.1" 200 12537 "http://swpat.zpok.hu/" "Mozilla/5.0 (compatible; Adsbot/3.1; +https://seostar.co/robot/)"
173.231.59.202 - - [19/Jun/2021:18:01:40 +0200] "GET /pmwiki/pmwiki.php/Main/Cache HTTP/1.1" 200 16452 "http://swpat.zpok.hu/" "Mozilla/5.0 (compatible; Adsbot/3.1; +https://seostar.co/robot/)"
173.231.59.202 - - [19/Jun/2021:18:02:27 +0200] "GET /pmwiki/pmwiki.php/Main/Cutts HTTP/1.1" 200 31570 "http://swpat.zpok.hu/" "Mozilla/5.0 (compatible; Adsbot/3.1; +https://seostar.co/robot/)"
173.231.59.202 - - [19/Jun/2021:18:03:15 +0200] "GET /pmwiki/pmwiki.php/Main/Power HTTP/1.1" 200 20204 "http://swpat.zpok.hu/" "Mozilla/5.0 (compatible; Adsbot/3.1; +https://seostar.co/robot/)"
173.231.59.202 - - [19/Jun/2021:18:03:57 +0200] "GET /pmwiki/pmwiki.php/Main/Rocard HTTP/1.1" 200 17404 "http://swpat.zpok.hu/" "Mozilla/5.0 (compatible; Adsbot/3.1; +https://seostar.co/robot/)"
173.231.59.202 - - [19/Jun/2021:18:04:47 +0200] "GET /pmwiki/pmwiki.php/Main/Feb03PR HTTP/1.1" 200 15390 "http://swpat.zpok.hu/" "Mozilla/5.0 (compatible; Adsbot/3.1; +https://seostar.co/robot/)"
173.231.59.202 - - [19/Jun/2021:18:05:29 +0200] "GET /pmwiki/pmwiki.php/Main/Feb08PR HTTP/1.1" 200 17785 "http://swpat.zpok.hu/" "Mozilla/5.0 (compatible; Adsbot/3.1; +https://seostar.co/robot/)"
173.231.59.202 - - [19/Jun/2021:18:06:15 +0200] "GET /pmwiki/pmwiki.php/Main/Feb09PR HTTP/1.1" 200 15257 "http://swpat.zpok.hu/" "Mozilla/5.0 (compatible; Adsbot/3.1; +https://seostar.co/robot/)"
173.231.59.202 - - [19/Jun/2021:18:07:01 +0200] "GET /pmwiki/pmwiki.php/Main/Minimum HTTP/1.1" 200 15284 "http://swpat.zpok.hu/" "Mozilla/5.0 (compatible; Adsbot/3.1; +https://seostar.co/robot/)"
173.231.59.202 - - [19/Jun/2021:18:07:45 +0200] "GET /pmwiki/pmwiki.php/Emeltdijas/Hu HTTP/1.1" 200 13003 "http://swpat.zpok.hu/" "Mozilla/5.0 (compatible; Adsbot/3.1; +https://seostar.co/robot/)"
114.119.149.252 - - [19/Jun/2021:18:08:27 +0200] "GET /pmwiki/pmwiki.php/Main/2003M%e1jusiNyilatkozat?action=upload HTTP/1.1" 200 12514 "-" "Mozilla/5.0 (Linux; Android 7.0;) AppleWebKit/537.36 (KHTML, like Gecko) Mobile Safari/537.36 (compatible; PetalBot;+https://webmaster.petalsearch.com/site/petalbot)"
173.231.59.202 - - [19/Jun/2021:18:08:34 +0200] "GET /pmwiki/pmwiki.php/Main/CenZored HTTP/1.1" 200 15129 "http://swpat.zpok.hu/" "Mozilla/5.0 (compatible; Adsbot/3.1; +https://seostar.co/robot/)"
173.231.59.202 - - [19/Jun/2021:18:09:30 +0200] "GET /pmwiki/pmwiki.php/Main/Marc07PR HTTP/1.1" 200 14243 "http://swpat.zpok.hu/" "Mozilla/5.0 (compatible; Adsbot/3.1; +https://seostar.co/robot/)"
173.231.59.202 - - [19/Jun/2021:18:10:30 +0200] "GET /pmwiki/pmwiki.php/Main/Bitem0304 HTTP/1.1" 200 17668 "http://swpat.zpok.hu/" "Mozilla/5.0 (compatible; Adsbot/3.1; +https://seostar.co/robot/)"
173.231.59.202 - - [19/Jun/2021:18:11:17 +0200] "GET /pmwiki/pmwiki.php/Main/RocardEp2 HTTP/1.1" 200 28076 "http://swpat.zpok.hu/" "Mozilla/5.0 (compatible; Adsbot/3.1; +https://seostar.co/robot/)"
173.231.59.202 - - [19/Jun/2021:18:12:03 +0200] "GET /pmwiki/pmwiki.php/Main/Telefonon HTTP/1.1" 200 16251 "http://swpat.zpok.hu/" "Mozilla/5.0 (compatible; Adsbot/3.1; +https://seostar.co/robot/)"
114.119.129.205 - - [19/Jun/2021:18:12:48 +0200] "GET /pmwiki/pmwiki.php/Main/Minta?action=print HTTP/1.1" 200 5006 "-" "Mozilla/5.0 (Linux; Android 7.0;) AppleWebKit/537.36 (KHTML, like Gecko) Mobile Safari/537.36 (compatible; PetalBot;+https://webmaster.petalsearch.com/site/petalbot)"
173.231.59.202 - - [19/Jun/2021:18:12:50 +0200] "GET /pmwiki/pmwiki.php/Main/2005M%e1jus HTTP/1.1" 200 15288 "http://swpat.zpok.hu/" "Mozilla/5.0 (compatible; Adsbot/3.1; +https://seostar.co/robot/)"
173.231.59.202 - - [19/Jun/2021:18:13:37 +0200] "GET /pmwiki/pmwiki.php/Main/Marc06LMEPR HTTP/1.1" 200 14049 "http://swpat.zpok.hu/" "Mozilla/5.0 (compatible; Adsbot/3.1; +https://seostar.co/robot/)"
173.231.59.202 - - [19/Jun/2021:18:14:19 +0200] "GET /pmwiki/pmwiki.php/Main/Marc08essay HTTP/1.1" 200 18792 "http://swpat.zpok.hu/" "Mozilla/5.0 (compatible; Adsbot/3.1; +https://seostar.co/robot/)"
173.231.59.202 - - [19/Jun/2021:18:15:13 +0200] "GET /pmwiki/pmwiki.php/Main/Nyilatkozat HTTP/1.1" 200 18473 "http://swpat.zpok.hu/" "Mozilla/5.0 (compatible; Adsbot/3.1; +https://seostar.co/robot/)"
173.231.59.202 - - [19/Jun/2021:18:15:49 +0200] "GET /pmwiki/pmwiki.php/Main/2005J%fanius HTTP/1.1" 200 15094 "http://swpat.zpok.hu/" "Mozilla/5.0 (compatible; Adsbot/3.1; +https://seostar.co/robot/)"
173.231.59.202 - - [19/Jun/2021:18:16:31 +0200] "GET /pmwiki/pmwiki.php/Main/Virsligy%e1r HTTP/1.1" 200 24986 "http://swpat.zpok.hu/" "Mozilla/5.0 (compatible; Adsbot/3.1; +https://seostar.co/robot/)"
173.231.59.202 - - [19/Jun/2021:18:17:16 +0200] "GET /pmwiki/pmwiki.php/Main/AzIPRJavaslat HTTP/1.1" 200 14797 "http://swpat.zpok.hu/" "Mozilla/5.0 (compatible; Adsbot/3.1; +https://seostar.co/robot/)"
173.231.59.202 - - [19/Jun/2021:18:18:07 +0200] "GET /pmwiki/pmwiki.php/Emeltdijas HTTP/1.1" 404 12046 "http://swpat.zpok.hu/" "Mozilla/5.0 (compatible; Adsbot/3.1; +https://seostar.co/robot/)"
173.231.59.202 - - [19/Jun/2021:18:18:17 +0200] "GET /pmwiki/pmwiki.php/Main/Minta HTTP/1.1" 200 14526 "http://swpat.zpok.hu/" "Mozilla/5.0 (compatible; Adsbot/3.1; +https://seostar.co/robot/)"
173.231.59.202 - - [19/Jun/2021:18:19:11 +0200] "GET /pmwiki/pmwiki.php/Main/EztMondjukNekik HTTP/1.1" 200 14106 "http://swpat.zpok.hu/" "Mozilla/5.0 (compatible; Adsbot/3.1; +https://seostar.co/robot/)"
114.119.151.81 - - [19/Jun/2021:18:21:36 +0200] "GET /pmwiki/pmwiki.php/Main/AzIPRJavaslat?action=edit HTTP/1.1" 200 12478 "-" "Mozilla/5.0 (Linux; Android 7.0;) AppleWebKit/537.36 (KHTML, like Gecko) Mobile Safari/537.36 (compatible; PetalBot;+https://webmaster.petalsearch.com/site/petalbot)"
114.119.151.72 - - [19/Jun/2021:18:27:11 +0200] "GET /pmwiki/pmwiki.php/Main/Befektet%e9sv%e9delem HTTP/1.1" 200 15814 "-" "Mozilla/5.0 (Linux; Android 7.0;) AppleWebKit/537.36 (KHTML, like Gecko) Mobile Safari/537.36 (compatible; PetalBot;+https://webmaster.petalsearch.com/site/petalbot)"
114.119.158.146 - - [19/Jun/2021:18:28:16 +0200] "GET /pmwiki/pmwiki.php/Main/MitTehetek?action=edit&restore=diff%3A1120240180%3A1119922524%3Aminor&preview=y HTTP/1.1" 200 12487 "-" "Mozilla/5.0 (Linux; Android 7.0;) AppleWebKit/537.36 (KHTML, like Gecko) Mobile Safari/537.36 (compatible; PetalBot;+https://webmaster.petalsearch.com/site/petalbot)"
114.119.149.252 - - [19/Jun/2021:18:45:52 +0200] "GET /pmwiki/pmwiki.php/Main/WikiSandbox HTTP/1.1" 200 12116 "-" "Mozilla/5.0 (Linux; Android 7.0;) AppleWebKit/537.36 (KHTML, like Gecko) Mobile Safari/537.36 (compatible; PetalBot;+https://webmaster.petalsearch.com/site/petalbot)"
114.119.158.146 - - [19/Jun/2021:18:48:01 +0200] "GET /pmwiki/pmwiki.php/Main/AdelphiAlapokm%e1ny?action=diff HTTP/1.1" 200 17542 "-" "Mozilla/5.0 (Linux; Android 7.0;) AppleWebKit/537.36 (KHTML, like Gecko) Mobile Safari/537.36 (compatible; PetalBot;+https://webmaster.petalsearch.com/site/petalbot)"
114.119.155.230 - - [19/Jun/2021:18:55:24 +0200] "GET /pmwiki/pmwiki.php/Main/2005M%e1rciusiK%f6z%f6sNyilatkozat?action=print HTTP/1.1" 200 2943 "-" "Mozilla/5.0 (Linux; Android 7.0;) AppleWebKit/537.36 (KHTML, like Gecko) Mobile Safari/537.36 (compatible; PetalBot;+https://webmaster.petalsearch.com/site/petalbot)"
159.69.145.50 - - [19/Jun/2021:18:56:07 +0200] "HEAD /pmwiki/pmwiki.php HTTP/1.1" 200 0 "-" "Alert_Alligator_webmonitoring_service_1.6.3_(alertalligator.com)"
114.119.132.6 - - [19/Jun/2021:18:57:15 +0200] "GET /pmwiki/pmwiki.php/Main/Rocard HTTP/1.1" 200 17404 "-" "Mozilla/5.0 (Linux; Android 7.0;) AppleWebKit/537.36 (KHTML, like Gecko) Mobile Safari/537.36 (compatible; PetalBot;+https://webmaster.petalsearch.com/site/petalbot)"
114.119.155.144 - - [19/Jun/2021:19:01:11 +0200] "GET /pmwiki/pmwiki.php/Main/AzEur%f3paiParlament%dajraind%edt%e1stK%f6vetelAzEln%f6kiKonferenciaElfogadtaAzInd%edtv%e1nyt?action=edit HTTP/1.1" 200 13730 "-" "Mozilla/5.0 (Linux; Android 7.0;) AppleWebKit/537.36 (KHTML, like Gecko) Mobile Safari/537.36 (compatible; PetalBot;+https://webmaster.petalsearch.com/site/petalbot)"
207.46.13.137 - - [19/Jun/2021:19:03:56 +0200] "GET /pmwiki/pmwiki.php/Main/Direkt%EDva HTTP/1.1" 200 20621 "-" "Mozilla/5.0 (compatible; bingbot/2.0; +http://www.bing.com/bingbot.htm)"
114.119.129.205 - - [19/Jun/2021:19:07:28 +0200] "GET /pmwiki/pmwiki.php/Main/Marc06LMEPR?action=upload HTTP/1.1" 200 12327 "-" "Mozilla/5.0 (Linux; Android 7.0;) AppleWebKit/537.36 (KHTML, like Gecko) Mobile Safari/537.36 (compatible; PetalBot;+https://webmaster.petalsearch.com/site/petalbot)"
114.119.130.67 - - [19/Jun/2021:19:12:12 +0200] "GET /pmwiki/pmwiki.php/Main/ATan%e1cs%c9rdembenT%e1rgyalhatASzoftverszabadalmiDirekt%edv%e1r%f3l HTTP/1.1" 200 18291 "-" "Mozilla/5.0 (Linux; Android 7.0;) AppleWebKit/537.36 (KHTML, like Gecko) Mobile Safari/537.36 (compatible; PetalBot;+https://webmaster.petalsearch.com/site/petalbot)"
114.119.154.82 - - [19/Jun/2021:19:14:24 +0200] "GET /robots.txt HTTP/1.1" 404 1181 "-" "Mozilla/5.0 (compatible;PetalBot;+https://webmaster.petalsearch.com/site/petalbot)"
114.119.149.252 - - [19/Jun/2021:19:19:08 +0200] "GET /pmwiki/pmwiki.php/Main/Feb03PR?action=print HTTP/1.1" 200 5846 "-" "Mozilla/5.0 (Linux; Android 7.0;) AppleWebKit/537.36 (KHTML, like Gecko) Mobile Safari/537.36 (compatible; PetalBot;+https://webmaster.petalsearch.com/site/petalbot)"
114.119.130.67 - - [19/Jun/2021:19:32:12 +0200] "GET /pmwiki/pmwiki.php/Main/Damokl%e9szKardjaLebegAMagyarSzoftveriparFelett HTTP/1.1" 200 16099 "-" "Mozilla/5.0 (Linux; Android 7.0;) AppleWebKit/537.36 (KHTML, like Gecko) Mobile Safari/537.36 (compatible; PetalBot;+https://webmaster.petalsearch.com/site/petalbot)"
114.119.129.205 - - [19/Jun/2021:19:45:37 +0200] "GET /pmwiki/pmwiki.php/Main/Direkt%edva?action=diff HTTP/1.1" 200 26112 "-" "Mozilla/5.0 (Linux; Android 7.0;) AppleWebKit/537.36 (KHTML, like Gecko) Mobile Safari/537.36 (compatible; PetalBot;+https://webmaster.petalsearch.com/site/petalbot)"
212.237.51.151 - - [19/Jun/2021:19:55:11 +0200] "HEAD /pmwiki/pmwiki.php HTTP/1.1" 200 0 "-" "Alert_Alligator_webmonitoring_service_1.6.3_(alertalligator.com)"
114.119.130.67 - - [19/Jun/2021:19:57:43 +0200] "GET /pmwiki/pmwiki.php/Main/BMEKonferencia?action=print HTTP/1.1" 200 5262 "-" "Mozilla/5.0 (Linux; Android 7.0;) AppleWebKit/537.36 (KHTML, like Gecko) Mobile Safari/537.36 (compatible; PetalBot;+https://webmaster.petalsearch.com/site/petalbot)"
114.119.155.230 - - [19/Jun/2021:20:05:58 +0200] "GET /pmwiki/pmwiki.php/PmWiki/Upgrades HTTP/1.1" 200 15449 "-" "Mozilla/5.0 (Linux; Android 7.0;) AppleWebKit/537.36 (KHTML, like Gecko) Mobile Safari/537.36 (compatible; PetalBot;+https://webmaster.petalsearch.com/site/petalbot)"
114.119.132.6 - - [19/Jun/2021:20:14:13 +0200] "GET /pmwiki/pmwiki.php/Main/SzoftverSzabadalmak?action=diff HTTP/1.1" 200 16505 "-" "Mozilla/5.0 (Linux; Android 7.0;) AppleWebKit/537.36 (KHTML, like Gecko) Mobile Safari/537.36 (compatible; PetalBot;+https://webmaster.petalsearch.com/site/petalbot)"
185.191.171.24 - - [19/Jun/2021:20:25:07 +0200] "GET /robots.txt HTTP/1.1" 404 1181 "-" "Mozilla/5.0 (compatible; SemrushBot/7~bl; +http://www.semrush.com/bot.html)"
185.191.171.21 - - [19/Jun/2021:20:25:07 +0200] "GET /pmwiki/pmwiki.php/Main/2004Augusztus5 HTTP/1.1" 200 15089 "-" "Mozilla/5.0 (compatible; SemrushBot/7~bl; +http://www.semrush.com/bot.html)"
114.119.151.72 - - [19/Jun/2021:20:29:42 +0200] "GET /pmwiki/pmwiki.php/PmWiki/ReleaseNotes HTTP/1.1" 200 29978 "-" "Mozilla/5.0 (Linux; Android 7.0;) AppleWebKit/537.36 (KHTML, like Gecko) Mobile Safari/537.36 (compatible; PetalBot;+https://webmaster.petalsearch.com/site/petalbot)"
114.119.151.72 - - [19/Jun/2021:20:36:36 +0200] "GET /pmwiki/pmwiki.php/Main/MiADRM HTTP/1.1" 200 12869 "-" "Mozilla/5.0 (Linux; Android 7.0;) AppleWebKit/537.36 (KHTML, like Gecko) Mobile Safari/537.36 (compatible; PetalBot;+https://webmaster.petalsearch.com/site/petalbot)"
114.119.151.72 - - [19/Jun/2021:20:47:36 +0200] "GET /pmwiki/pmwiki.php/Main/CikkekPrivacy?action=print HTTP/1.1" 200 2887 "-" "Mozilla/5.0 (Linux; Android 7.0;) AppleWebKit/537.36 (KHTML, like Gecko) Mobile Safari/537.36 (compatible; PetalBot;+https://webmaster.petalsearch.com/site/petalbot)"
114.119.129.205 - - [19/Jun/2021:20:49:34 +0200] "GET /pmwiki/pmwiki.php/Main/GatesMegzsaroltaD%e1ni%e1t?action=edit HTTP/1.1" 200 12682 "-" "Mozilla/5.0 (Linux; Android 7.0;) AppleWebKit/537.36 (KHTML, like Gecko) Mobile Safari/537.36 (compatible; PetalBot;+https://webmaster.petalsearch.com/site/petalbot)"
159.69.145.50 - - [19/Jun/2021:20:56:05 +0200] "HEAD /pmwiki/pmwiki.php HTTP/1.1" 200 0 "-" "Alert_Alligator_webmonitoring_service_1.6.3_(alertalligator.com)"
114.119.158.146 - - [19/Jun/2021:20:58:54 +0200] "GET /pmwiki/pmwiki.php/PmWiki/EditVariables HTTP/1.1" 200 17602 "-" "Mozilla/5.0 (Linux; Android 7.0;) AppleWebKit/537.36 (KHTML, like Gecko) Mobile Safari/537.36 (compatible; PetalBot;+https://webmaster.petalsearch.com/site/petalbot)"
114.119.155.144 - - [19/Jun/2021:21:02:46 +0200] "GET /pmwiki/pmwiki.php/Main/CenZored?action=print HTTP/1.1" 200 5573 "-" "Mozilla/5.0 (Linux; Android 7.0;) AppleWebKit/537.36 (KHTML, like Gecko) Mobile Safari/537.36 (compatible; PetalBot;+https://webmaster.petalsearch.com/site/petalbot)"
185.191.171.34 - - [19/Jun/2021:21:05:01 +0200] "GET /pmwiki/pmwiki.php/PmWiki/FAQ HTTP/1.1" 200 23861 "-" "Mozilla/5.0 (compatible; SemrushBot/7~bl; +http://www.semrush.com/bot.html)"
114.119.129.205 - - [19/Jun/2021:21:09:21 +0200] "GET /pmwiki/pmwiki.php/Main/CikkekDRM HTTP/1.1" 200 18047 "-" "Mozilla/5.0 (Linux; Android 7.0;) AppleWebKit/537.36 (KHTML, like Gecko) Mobile Safari/537.36 (compatible; PetalBot;+https://webmaster.petalsearch.com/site/petalbot)"
114.119.130.67 - - [19/Jun/2021:21:11:34 +0200] "GET /pmwiki/pmwiki.php/Main/Bitem0304?action=upload HTTP/1.1" 200 12295 "-" "Mozilla/5.0 (Linux; Android 7.0;) AppleWebKit/537.36 (KHTML, like Gecko) Mobile Safari/537.36 (compatible; PetalBot;+https://webmaster.petalsearch.com/site/petalbot)"
114.119.130.67 - - [19/Jun/2021:21:22:33 +0200] "GET /pmwiki/pmwiki.php/Main HTTP/1.1" 302 186 "-" "Mozilla/5.0 (Linux; Android 7.0;) AppleWebKit/537.36 (KHTML, like Gecko) Mobile Safari/537.36 (compatible; PetalBot;+https://webmaster.petalsearch.com/site/petalbot)"
114.119.130.67 - - [19/Jun/2021:21:22:34 +0200] "GET /pmwiki/pmwiki.php/Main/HomePage HTTP/1.1" 200 37269 "-" "Mozilla/5.0 (Linux; Android 7.0;) AppleWebKit/537.36 (KHTML, like Gecko) Mobile Safari/537.36 (compatible; PetalBot;+https://webmaster.petalsearch.com/site/petalbot)"
114.119.151.72 - - [19/Jun/2021:21:24:46 +0200] "GET /pmwiki/pmwiki.php/Main/Direkt%edva HTTP/1.1" 200 20621 "-" "Mozilla/5.0 (Linux; Android 7.0;) AppleWebKit/537.36 (KHTML, like Gecko) Mobile Safari/537.36 (compatible; PetalBot;+https://webmaster.petalsearch.com/site/petalbot)"
114.119.155.144 - - [19/Jun/2021:21:35:50 +0200] "GET /pmwiki/pmwiki.php/Main/Sajt%f3anyag HTTP/1.1" 200 13697 "-" "Mozilla/5.0 (Linux; Android 7.0;) AppleWebKit/537.36 (KHTML, like Gecko) Mobile Safari/537.36 (compatible; PetalBot;+https://webmaster.petalsearch.com/site/petalbot)"
114.119.155.144 - - [19/Jun/2021:21:38:14 +0200] "GET /pmwiki/pmwiki.php/Main/WikiSandbox?action=diff HTTP/1.1" 200 264091 "-" "Mozilla/5.0 (Linux; Android 7.0;) AppleWebKit/537.36 (KHTML, like Gecko) Mobile Safari/537.36 (compatible; PetalBot;+https://webmaster.petalsearch.com/site/petalbot)"
114.119.130.67 - - [19/Jun/2021:21:44:30 +0200] "GET /pmwiki/pmwiki.php/Main/DRM?action=edit&restore=diff%3A1112895343%3A1112121266%3A&preview=y HTTP/1.1" 200 12370 "-" "Mozilla/5.0 (Linux; Android 7.0;) AppleWebKit/537.36 (KHTML, like Gecko) Mobile Safari/537.36 (compatible; PetalBot;+https://webmaster.petalsearch.com/site/petalbot)"
114.119.151.72 - - [19/Jun/2021:21:47:10 +0200] "GET /pmwiki/pmwiki.php/Main/LehetsegesJavitasokEuropaban?action=diff HTTP/1.1" 200 31061 "-" "Mozilla/5.0 (Linux; Android 7.0;) AppleWebKit/537.36 (KHTML, like Gecko) Mobile Safari/537.36 (compatible; PetalBot;+https://webmaster.petalsearch.com/site/petalbot)"
159.69.145.50 - - [19/Jun/2021:21:55:05 +0200] "HEAD /pmwiki/pmwiki.php HTTP/1.1" 200 0 "-" "Alert_Alligator_webmonitoring_service_1.6.3_(alertalligator.com)"
114.119.151.72 - - [19/Jun/2021:22:02:43 +0200] "GET /pmwiki/pmwiki.php/Main/AdelphiAlapokm%e1ny?action=print HTTP/1.1" 200 6473 "-" "Mozilla/5.0 (Linux; Android 7.0;) AppleWebKit/537.36 (KHTML, like Gecko) Mobile Safari/537.36 (compatible; PetalBot;+https://webmaster.petalsearch.com/site/petalbot)"
114.119.142.124 - - [19/Jun/2021:22:07:59 +0200] "GET /robots.txt HTTP/1.1" 404 1181 "-" "Mozilla/5.0 (compatible;PetalBot;+https://webmaster.petalsearch.com/site/petalbot)"
114.119.151.72 - - [19/Jun/2021:22:53:05 +0200] "GET /pmwiki/pmwiki.php/PmWiki/ChangesFromPmWiki1 HTTP/1.1" 200 19777 "-" "Mozilla/5.0 (Linux; Android 7.0;) AppleWebKit/537.36 (KHTML, like Gecko) Mobile Safari/537.36 (compatible; PetalBot;+https://webmaster.petalsearch.com/site/petalbot)"
212.237.53.115 - - [19/Jun/2021:22:54:09 +0200] "HEAD /pmwiki/pmwiki.php HTTP/1.1" 200 0 "-" "Alert_Alligator_webmonitoring_service_1.6.3_(alertalligator.com)"
114.119.130.67 - - [19/Jun/2021:23:13:07 +0200] "GET /pmwiki/pmwiki.php/Main/JogiOldal?action=edit HTTP/1.1" 200 12418 "-" "Mozilla/5.0 (Linux; Android 7.0;) AppleWebKit/537.36 (KHTML, like Gecko) Mobile Safari/537.36 (compatible; PetalBot;+https://webmaster.petalsearch.com/site/petalbot)"
185.191.171.11 - - [19/Jun/2021:23:42:07 +0200] "GET /robots.txt HTTP/1.1" 404 1181 "-" "Mozilla/5.0 (compatible; SemrushBot/7~bl; +http://www.semrush.com/bot.html)"
185.191.171.39 - - [19/Jun/2021:23:42:08 +0200] "GET /pmwiki/pmwiki.php/Main/2004Augusztus18 HTTP/1.1" 200 13214 "-" "Mozilla/5.0 (compatible; SemrushBot/7~bl; +http://www.semrush.com/bot.html)"
212.237.23.143 - - [19/Jun/2021:23:55:04 +0200] "HEAD /pmwiki/pmwiki.php HTTP/1.1" 200 0 "-" "Alert_Alligator_webmonitoring_service_1.6.3_(alertalligator.com)"
185.191.171.33 - - [20/Jun/2021:00:12:14 +0200] "GET /pmwiki/pmwiki.php/Main/Comission-negatesDemocracy HTTP/1.1" 200 16717 "-" "Mozilla/5.0 (compatible; SemrushBot/7~bl; +http://www.semrush.com/bot.html)"
114.119.129.205 - - [20/Jun/2021:00:32:32 +0200] "GET /pmwiki/pmwiki.php/PmWiki/WikiWord HTTP/1.1" 200 12735 "-" "Mozilla/5.0 (Linux; Android 7.0;) AppleWebKit/537.36 (KHTML, like Gecko) Mobile Safari/537.36 (compatible; PetalBot;+https://webmaster.petalsearch.com/site/petalbot)"
114.119.151.72 - - [20/Jun/2021:00:50:49 +0200] "GET /pmwiki/pmwiki.php/Main/Gazdas%e1giOldal?action=edit HTTP/1.1" 200 12526 "-" "Mozilla/5.0 (Linux; Android 7.0;) AppleWebKit/537.36 (KHTML, like Gecko) Mobile Safari/537.36 (compatible; PetalBot;+https://webmaster.petalsearch.com/site/petalbot)"
49.12.13.109 - - [20/Jun/2021:00:54:16 +0200] "HEAD /pmwiki/pmwiki.php HTTP/1.1" 200 0 "-" "Alert_Alligator_webmonitoring_service_1.6.3_(alertalligator.com)"
114.119.135.53 - - [20/Jun/2021:01:01:49 +0200] "GET /robots.txt HTTP/1.1" 404 1181 "-" "Mozilla/5.0 (compatible;PetalBot;+https://webmaster.petalsearch.com/site/petalbot)"
51.15.20.50 - - [20/Jun/2021:01:52:16 +0200] "GET /robots.txt HTTP/1.1" 404 1181 "-" "Mozilla/5.0 (compatible; Barkrowler/0.9; +https://babbar.tech/crawler)"
51.15.20.50 - - [20/Jun/2021:01:53:05 +0200] "GET /pmwiki/pmwiki.php/PmWiki/Categories?action=diff&source=y&minor=n HTTP/1.1" 200 12875 "-" "Mozilla/5.0 (compatible; Barkrowler/0.9; +https://babbar.tech/crawler)"
49.12.13.109 - - [20/Jun/2021:01:53:57 +0200] "HEAD /pmwiki/pmwiki.php HTTP/1.1" 200 0 "-" "Alert_Alligator_webmonitoring_service_1.6.3_(alertalligator.com)"
51.15.20.50 - - [20/Jun/2021:01:59:20 +0200] "GET /pmwiki/pmwiki.php/Main/2004Augusztus15?action=upload&upname=wiki.png HTTP/1.1" 200 12406 "-" "Mozilla/5.0 (compatible; Barkrowler/0.9; +https://babbar.tech/crawler)"
51.15.20.50 - - [20/Jun/2021:01:59:54 +0200] "GET /pmwiki/pmwiki.php/Main/2005M%E1rcius8?action=diff&source=y&minor=y HTTP/1.1" 200 35358 "-" "Mozilla/5.0 (compatible; Barkrowler/0.9; +https://babbar.tech/crawler)"
51.15.20.50 - - [20/Jun/2021:02:00:19 +0200] "GET /pmwiki/pmwiki.php/Main/DRM?action=edit&restore=diff:1110471226:1110471170:&preview=y HTTP/1.1" 200 12364 "-" "Mozilla/5.0 (compatible; Barkrowler/0.9; +https://babbar.tech/crawler)"
51.15.20.50 - - [20/Jun/2021:02:00:44 +0200] "GET /pmwiki/pmwiki.php/Main/Rocard?action=edit&restore=diff:1115799450:1115799450:&preview=y HTTP/1.1" 200 12411 "-" "Mozilla/5.0 (compatible; Barkrowler/0.9; +https://babbar.tech/crawler)"
51.15.20.50 - - [20/Jun/2021:02:01:06 +0200] "GET /pmwiki/pmwiki.php/Main/HomePage?action=edit&restore=diff:1129029914:1129022318:minor&preview=y HTTP/1.1" 200 12452 "-" "Mozilla/5.0 (compatible; Barkrowler/0.9; +https://babbar.tech/crawler)"
51.15.20.50 - - [20/Jun/2021:02:01:20 +0200] "GET /pmwiki/pmwiki.php/Main/Linkek?action=edit&restore=diff:1110470147:1110470147:&preview=y HTTP/1.1" 200 12416 "-" "Mozilla/5.0 (compatible; Barkrowler/0.9; +https://babbar.tech/crawler)"
51.15.20.50 - - [20/Jun/2021:02:01:33 +0200] "GET /pmwiki/pmwiki.php/PmWiki/PmWiki?action=edit&restore=diff:1113312523:1113243712:minor&preview=y HTTP/1.1" 200 12451 "-" "Mozilla/5.0 (compatible; Barkrowler/0.9; +https://babbar.tech/crawler)"
5.255.231.195 - - [20/Jun/2021:02:28:56 +0200] "GET /robots.txt HTTP/1.1" 404 1181 "-" "Mozilla/5.0 (compatible; YandexBot/3.0; +http://yandex.com/bots)"
5.255.231.195 - - [20/Jun/2021:02:29:00 +0200] "GET /pmwiki/pmwiki.php/Main/C%E9lok HTTP/1.1" 200 12698 "-" "Mozilla/5.0 (compatible; YandexBot/3.0; +http://yandex.com/bots)"
159.69.145.50 - - [20/Jun/2021:02:52:57 +0200] "HEAD /pmwiki/pmwiki.php HTTP/1.1" 200 0 "-" "Alert_Alligator_webmonitoring_service_1.6.3_(alertalligator.com)"
185.191.171.10 - - [20/Jun/2021:02:58:06 +0200] "GET /robots.txt HTTP/1.1" 404 1181 "-" "Mozilla/5.0 (compatible; SemrushBot/7~bl; +http://www.semrush.com/bot.html)"
185.191.171.24 - - [20/Jun/2021:02:58:06 +0200] "GET /pmwiki/pmwiki.php/Main/AJelenlegiSzerzoiJogiTorveny?action=print HTTP/1.1" 200 8868 "-" "Mozilla/5.0 (compatible; SemrushBot/7~bl; +http://www.semrush.com/bot.html)"
207.46.13.137 - - [20/Jun/2021:03:20:23 +0200] "GET /pmwiki/pmwiki.php/PmWiki/MailPosts HTTP/1.1" 200 24440 "-" "Mozilla/5.0 (compatible; bingbot/2.0; +http://www.bing.com/bingbot.htm)"
114.119.129.205 - - [20/Jun/2021:03:21:59 +0200] "GET /pmwiki/pmwiki.php/Main/2005J%fanius?action=diff HTTP/1.1" 200 17830 "-" "Mozilla/5.0 (Linux; Android 7.0;) AppleWebKit/537.36 (KHTML, like Gecko) Mobile Safari/537.36 (compatible; PetalBot;+https://webmaster.petalsearch.com/site/petalbot)"
212.237.23.143 - - [20/Jun/2021:03:53:32 +0200] "HEAD /pmwiki/pmwiki.php HTTP/1.1" 200 0 "-" "Alert_Alligator_webmonitoring_service_1.6.3_(alertalligator.com)"
114.119.151.81 - - [20/Jun/2021:04:33:32 +0200] "GET /pmwiki/pmwiki.php/Main/Cache?action=edit HTTP/1.1" 200 12350 "-" "Mozilla/5.0 (Linux; Android 7.0;) AppleWebKit/537.36 (KHTML, like Gecko) Mobile Safari/537.36 (compatible; PetalBot;+https://webmaster.petalsearch.com/site/petalbot)"
185.191.171.38 - - [20/Jun/2021:04:38:49 +0200] "GET /robots.txt HTTP/1.1" 404 1181 "-" "Mozilla/5.0 (compatible; SemrushBot/7~bl; +http://www.semrush.com/bot.html)"
185.191.171.8 - - [20/Jun/2021:04:38:50 +0200] "GET /pmwiki/pmwiki.php/Main/Comission-negatesDemocracy?action=upload HTTP/1.1" 200 12567 "-" "Mozilla/5.0 (compatible; SemrushBot/7~bl; +http://www.semrush.com/bot.html)"
49.12.13.109 - - [20/Jun/2021:04:52:53 +0200] "HEAD /pmwiki/pmwiki.php HTTP/1.1" 200 0 "-" "Alert_Alligator_webmonitoring_service_1.6.3_(alertalligator.com)"
212.237.23.143 - - [20/Jun/2021:05:52:13 +0200] "HEAD /pmwiki/pmwiki.php HTTP/1.1" 200 0 "-" "Alert_Alligator_webmonitoring_service_1.6.3_(alertalligator.com)"
159.69.145.50 - - [20/Jun/2021:06:51:15 +0200] "HEAD /pmwiki/pmwiki.php HTTP/1.1" 200 0 "-" "Alert_Alligator_webmonitoring_service_1.6.3_(alertalligator.com)"
178.151.245.174 - - [20/Jun/2021:06:51:53 +0200] "GET /robots.txt HTTP/1.1" 404 1181 "-" "Mozilla/5.0 (compatible; MJ12bot/v1.4.8; http://mj12bot.com/)"
178.151.245.174 - - [20/Jun/2021:06:51:59 +0200] "GET /pmwiki/pmwiki.php/Main/Privacy?action=diff&source=n&minor=n HTTP/1.1" 404 30 "-" "Mozilla/5.0 (compatible; MJ12bot/v1.4.8; http://mj12bot.com/)"
178.151.245.174 - - [20/Jun/2021:06:52:08 +0200] "GET /pmwiki/pmwiki.php/Main/Privacy?action=diff&source=y&minor=y HTTP/1.1" 404 30 "-" "Mozilla/5.0 (compatible; MJ12bot/v1.4.8; http://mj12bot.com/)"
185.191.171.23 - - [20/Jun/2021:07:26:35 +0200] "GET /robots.txt HTTP/1.1" 404 1181 "-" "Mozilla/5.0 (compatible; SemrushBot/7~bl; +http://www.semrush.com/bot.html)"
185.191.171.1 - - [20/Jun/2021:07:26:36 +0200] "GET /pmwiki/pmwiki.php/Main/Befektet%E9sv%E9delem?action=print HTTP/1.1" 200 6102 "-" "Mozilla/5.0 (compatible; SemrushBot/7~bl; +http://www.semrush.com/bot.html)"
159.69.145.50 - - [20/Jun/2021:07:50:30 +0200] "HEAD /pmwiki/pmwiki.php HTTP/1.1" 200 0 "-" "Alert_Alligator_webmonitoring_service_1.6.3_(alertalligator.com)"
34.215.69.55 - - [20/Jun/2021:07:55:58 +0200] "GET / HTTP/1.1" 302 5 "-" "Mozilla/5.0 (Windows NT 6.2) AppleWebKit/537.36 (KHTML, like Gecko) Chrome/28.0.1464.0 Safari/537.36"
34.215.69.55 - - [20/Jun/2021:07:56:00 +0200] "GET /pmwiki/pmwiki.php HTTP/1.1" 200 37269 "-" "Mozilla/5.0 (Windows NT 6.2) AppleWebKit/537.36 (KHTML, like Gecko) Chrome/28.0.1464.0 Safari/537.36"
34.215.69.55 - - [20/Jun/2021:07:56:01 +0200] "GET /wp-login.php HTTP/1.1" 404 1181 "-" "Mozilla/5.0 (Windows NT 6.2) AppleWebKit/537.36 (KHTML, like Gecko) Chrome/28.0.1464.0 Safari/537.36"
34.215.69.55 - - [20/Jun/2021:07:56:02 +0200] "GET /wordpress/wp-login.php HTTP/1.1" 404 1181 "-" "Mozilla/5.0 (Windows NT 6.2) AppleWebKit/537.36 (KHTML, like Gecko) Chrome/28.0.1464.0 Safari/537.36"
34.215.69.55 - - [20/Jun/2021:07:56:02 +0200] "GET /blog/wp-login.php HTTP/1.1" 404 1181 "-" "Mozilla/5.0 (Windows NT 6.2) AppleWebKit/537.36 (KHTML, like Gecko) Chrome/28.0.1464.0 Safari/537.36"
34.215.69.55 - - [20/Jun/2021:07:56:03 +0200] "GET /wp/wp-login.php HTTP/1.1" 404 1181 "-" "Mozilla/5.0 (Windows NT 6.2) AppleWebKit/537.36 (KHTML, like Gecko) Chrome/28.0.1464.0 Safari/537.36"
185.191.171.21 - - [20/Jun/2021:07:56:23 +0200] "GET /pmwiki/pmwiki.php/PmWiki/PmWiki?action=edit HTTP/1.1" 200 12400 "-" "Mozilla/5.0 (compatible; SemrushBot/7~bl; +http://www.semrush.com/bot.html)"
114.119.158.146 - - [20/Jun/2021:08:04:18 +0200] "GET /pmwiki/pmwiki.php/Main/Todo HTTP/1.1" 200 12537 "-" "Mozilla/5.0 (Linux; Android 7.0;) AppleWebKit/537.36 (KHTML, like Gecko) Mobile Safari/537.36 (compatible; PetalBot;+https://webmaster.petalsearch.com/site/petalbot)"
114.119.158.146 - - [20/Jun/2021:08:28:24 +0200] "GET /pmwiki/pmwiki.php/Main/Marc06LMEPR?action=edit HTTP/1.1" 200 12447 "-" "Mozilla/5.0 (Linux; Android 7.0;) AppleWebKit/537.36 (KHTML, like Gecko) Mobile Safari/537.36 (compatible; PetalBot;+https://webmaster.petalsearch.com/site/petalbot)"
212.237.53.115 - - [20/Jun/2021:08:50:09 +0200] "HEAD /pmwiki/pmwiki.php HTTP/1.1" 200 0 "-" "Alert_Alligator_webmonitoring_service_1.6.3_(alertalligator.com)"
212.237.51.151 - - [20/Jun/2021:09:49:15 +0200] "HEAD /pmwiki/pmwiki.php HTTP/1.1" 200 0 "-" "Alert_Alligator_webmonitoring_service_1.6.3_(alertalligator.com)"
185.191.171.40 - - [20/Jun/2021:09:59:03 +0200] "GET /robots.txt HTTP/1.1" 404 1181 "-" "Mozilla/5.0 (compatible; SemrushBot/7~bl; +http://www.semrush.com/bot.html)"
185.191.171.5 - - [20/Jun/2021:09:59:04 +0200] "GET /pmwiki/pmwiki.php/Emeltdijas/Hu?action=upload HTTP/1.1" 200 12284 "-" "Mozilla/5.0 (compatible; SemrushBot/7~bl; +http://www.semrush.com/bot.html)"
5.188.211.16 - - [20/Jun/2021:10:19:50 +0200] "GET / HTTP/1.1" 302 5 "-" "Mozilla/4.0 (compatible; MSIE 6.0; Windows NT 5.1; SV1)"
5.188.211.16 - - [20/Jun/2021:10:19:50 +0200] "GET /pmwiki/pmwiki.php HTTP/1.1" 200 37269 "-" "Mozilla/4.0 (compatible; MSIE 6.0; Windows NT 5.1; SV1)"
5.188.211.16 - - [20/Jun/2021:10:19:51 +0200] "GET /pmwiki/pmwiki.php/Main/SideBar?action=edit HTTP/1.1" 200 12384 "-" "Mozilla/4.0 (compatible; MSIE 6.0; Windows NT 5.1; SV1)"
5.188.211.16 - - [20/Jun/2021:10:19:51 +0200] "GET /pmwiki/pmwiki.php/Main/HomePage HTTP/1.1" 200 37269 "-" "Mozilla/4.0 (compatible; MSIE 6.0; Windows NT 5.1; SV1)"
5.188.211.16 - - [20/Jun/2021:10:19:52 +0200] "GET /pmwiki/pmwiki.php/Main/MitTehetek? HTTP/1.1" 200 13755 "-" "Mozilla/4.0 (compatible; MSIE 6.0; Windows NT 5.1; SV1)"
5.188.211.16 - - [20/Jun/2021:10:19:53 +0200] "GET /pmwiki/pmwiki.php/Main/Cikkek HTTP/1.1" 200 66799 "-" "Mozilla/4.0 (compatible; MSIE 6.0; Windows NT 5.1; SV1)"
5.188.211.16 - - [20/Jun/2021:10:19:53 +0200] "GET /pmwiki/pmwiki.php/Main/SzoftverSzabadalmak HTTP/1.1" 200 15057 "-" "Mozilla/4.0 (compatible; MSIE 6.0; Windows NT 5.1; SV1)"
5.188.211.16 - - [20/Jun/2021:10:19:54 +0200] "GET /pmwiki/pmwiki.php/Main/FAQ HTTP/1.1" 200 17652 "-" "Mozilla/4.0 (compatible; MSIE 6.0; Windows NT 5.1; SV1)"
5.188.211.16 - - [20/Jun/2021:10:19:54 +0200] "GET /pmwiki/pmwiki.php/Main/Nyilatkozatok HTTP/1.1" 200 16071 "-" "Mozilla/4.0 (compatible; MSIE 6.0; Windows NT 5.1; SV1)"
5.188.211.16 - - [20/Jun/2021:10:19:55 +0200] "GET /pmwiki/pmwiki.php/Main/Sajt%F3anyag HTTP/1.1" 200 13697 "-" "Mozilla/4.0 (compatible; MSIE 6.0; Windows NT 5.1; SV1)"
5.188.211.16 - - [20/Jun/2021:10:19:56 +0200] "GET /pmwiki/pmwiki.php/Main/HeringgelMegval%F3s%EDtottTal%E1lm%E1nyok HTTP/1.1" 200 18448 "-" "Mozilla/4.0 (compatible; MSIE 6.0; Windows NT 5.1; SV1)"
5.188.211.16 - - [20/Jun/2021:10:19:56 +0200] "GET /pmwiki/pmwiki.php/Main/JogiOldal HTTP/1.1" 200 26044 "-" "Mozilla/4.0 (compatible; MSIE 6.0; Windows NT 5.1; SV1)"
5.188.211.16 - - [20/Jun/2021:10:19:57 +0200] "GET /pmwiki/pmwiki.php/Main/Gazdas%E1giOldal HTTP/1.1" 200 19537 "-" "Mozilla/4.0 (compatible; MSIE 6.0; Windows NT 5.1; SV1)"
5.188.211.16 - - [20/Jun/2021:10:19:57 +0200] "GET /pmwiki/pmwiki.php/Main/AzIPRJavaslat HTTP/1.1" 200 14797 "-" "Mozilla/4.0 (compatible; MSIE 6.0; Windows NT 5.1; SV1)"
5.188.211.16 - - [20/Jun/2021:10:19:58 +0200] "GET /pmwiki/pmwiki.php/Main/RocardEp2 HTTP/1.1" 200 28076 "-" "Mozilla/4.0 (compatible; MSIE 6.0; Windows NT 5.1; SV1)"
5.188.211.16 - - [20/Jun/2021:10:19:58 +0200] "GET /pmwiki/pmwiki.php/Main/Minimum HTTP/1.1" 200 15284 "-" "Mozilla/4.0 (compatible; MSIE 6.0; Windows NT 5.1; SV1)"
5.188.211.16 - - [20/Jun/2021:10:19:59 +0200] "GET /pmwiki/pmwiki.php/Main/Telefonon HTTP/1.1" 200 16251 "-" "Mozilla/4.0 (compatible; MSIE 6.0; Windows NT 5.1; SV1)"
5.188.211.16 - - [20/Jun/2021:10:20:00 +0200] "GET /pmwiki/pmwiki.php/Main/K%F6zlem%E9nye HTTP/1.1" 200 17975 "-" "Mozilla/4.0 (compatible; MSIE 6.0; Windows NT 5.1; SV1)"
5.188.211.16 - - [20/Jun/2021:10:20:00 +0200] "GET /pmwiki/pmwiki.php?n=Main.Mintalevel0509 HTTP/1.1" 200 16475 "-" "Mozilla/4.0 (compatible; MSIE 6.0; Windows NT 5.1; SV1)"
5.188.211.16 - - [20/Jun/2021:10:20:01 +0200] "GET /pmwiki/pmwiki.php/Main/Marc08essay HTTP/1.1" 200 18792 "-" "Mozilla/4.0 (compatible; MSIE 6.0; Windows NT 5.1; SV1)"
5.188.211.16 - - [20/Jun/2021:10:20:01 +0200] "GET /pmwiki/pmwiki.php/Main/BMEKonferencia HTTP/1.1" 200 14864 "-" "Mozilla/4.0 (compatible; MSIE 6.0; Windows NT 5.1; SV1)"
212.237.23.143 - - [20/Jun/2021:10:48:19 +0200] "HEAD /pmwiki/pmwiki.php HTTP/1.1" 200 0 "-" "Alert_Alligator_webmonitoring_service_1.6.3_(alertalligator.com)"
185.191.171.21 - - [20/Jun/2021:11:25:10 +0200] "GET /robots.txt HTTP/1.1" 404 1181 "-" "Mozilla/5.0 (compatible; SemrushBot/7~bl; +http://www.semrush.com/bot.html)"
185.191.171.17 - - [20/Jun/2021:11:25:12 +0200] "GET /pmwiki/pmwiki.php/PmWiki/PmWiki?action=print HTTP/1.1" 200 106902 "-" "Mozilla/5.0 (compatible; SemrushBot/7~bl; +http://www.semrush.com/bot.html)"
5.188.211.26 - - [20/Jun/2021:11:30:08 +0200] "GET /pmwiki/pmwiki.php/Main/AJelenlegiSzerzoiJogiTorveny HTTP/1.1" 200 18664 "-" "Mozilla/4.0 (compatible; MSIE 6.0; Windows NT 5.1; SV1)"
5.188.211.26 - - [20/Jun/2021:11:30:09 +0200] "GET /pmwiki/pmwiki.php HTTP/1.1" 200 37269 "-" "Mozilla/4.0 (compatible; MSIE 6.0; Windows NT 5.1; SV1)"
5.188.211.26 - - [20/Jun/2021:11:30:09 +0200] "GET /pmwiki/pmwiki.php/Main/SideBar?action=edit HTTP/1.1" 200 12384 "-" "Mozilla/4.0 (compatible; MSIE 6.0; Windows NT 5.1; SV1)"
5.188.211.26 - - [20/Jun/2021:11:30:10 +0200] "GET /pmwiki/pmwiki.php/Main/HomePage HTTP/1.1" 200 37269 "-" "Mozilla/4.0 (compatible; MSIE 6.0; Windows NT 5.1; SV1)"
5.188.211.26 - - [20/Jun/2021:11:30:10 +0200] "GET /pmwiki/pmwiki.php/Main/MitTehetek? HTTP/1.1" 200 13755 "-" "Mozilla/4.0 (compatible; MSIE 6.0; Windows NT 5.1; SV1)"
5.188.211.26 - - [20/Jun/2021:11:30:11 +0200] "GET /pmwiki/pmwiki.php/Main/Cikkek HTTP/1.1" 200 66799 "-" "Mozilla/4.0 (compatible; MSIE 6.0; Windows NT 5.1; SV1)"
5.188.211.26 - - [20/Jun/2021:11:30:12 +0200] "GET /pmwiki/pmwiki.php/Main/SzoftverSzabadalmak HTTP/1.1" 200 15057 "-" "Mozilla/4.0 (compatible; MSIE 6.0; Windows NT 5.1; SV1)"
