114.119.155.144 - - [04/Jun/2021:10:06:43 +0200] "GET /pmwiki/pmwiki.php/Main/2004Augusztus5?action=edit HTTP/1.1" 200 12494 "-" "Mozilla/5.0 (Linux; Android 7.0;) AppleWebKit/537.36 (KHTML, like Gecko) Mobile Safari/537.36 (compatible; PetalBot;+https://webmaster.petalsearch.com/site/petalbot)"
54.36.148.151 - - [04/Jun/2021:10:15:32 +0200] "GET /pmwiki/pmwiki.php/Main/Nyilatkozatok?action=print HTTP/1.1" 200 6767 "-" "Mozilla/5.0 (compatible; AhrefsBot/7.0; +http://ahrefs.com/robot/)"
159.69.145.50 - - [04/Jun/2021:10:19:01 +0200] "HEAD /pmwiki/pmwiki.php HTTP/1.1" 200 0 "-" "Alert_Alligator_webmonitoring_service_1.6.3_(alertalligator.com)"
114.119.129.205 - - [04/Jun/2021:10:29:26 +0200] "GET /pmwiki/pmwiki.php/Main/2004Augusztus5?action=diff HTTP/1.1" 200 16408 "-" "Mozilla/5.0 (Linux; Android 7.0;) AppleWebKit/537.36 (KHTML, like Gecko) Mobile Safari/537.36 (compatible; PetalBot;+https://webmaster.petalsearch.com/site/petalbot)"
54.36.148.222 - - [04/Jun/2021:10:33:27 +0200] "GET /pmwiki/pmwiki.php/Main/Ipr?action=edit HTTP/1.1" 200 12322 "-" "Mozilla/5.0 (compatible; AhrefsBot/7.0; +http://ahrefs.com/robot/)"
114.119.149.252 - - [04/Jun/2021:10:35:19 +0200] "GET /pmwiki/pmwiki.php/PmWiki/CustomInterMap HTTP/1.1" 200 14187 "-" "Mozilla/5.0 (Linux; Android 7.0;) AppleWebKit/537.36 (KHTML, like Gecko) Mobile Safari/537.36 (compatible; PetalBot;+https://webmaster.petalsearch.com/site/petalbot)"
114.119.156.251 - - [04/Jun/2021:10:41:07 +0200] "GET /pmwiki/pmwiki.php/Main/2005M%e1rciusiK%f6z%f6sNyilatkozat?action=upload HTTP/1.1" 200 12682 "-" "Mozilla/5.0 (Linux; Android 7.0;) AppleWebKit/537.36 (KHTML, like Gecko) Mobile Safari/537.36 (compatible; PetalBot;+https://webmaster.petalsearch.com/site/petalbot)"
54.36.149.72 - - [04/Jun/2021:10:51:37 +0200] "GET /pmwiki/pmwiki.php/Main/Virsligy%E1r?action=print HTTP/1.1" 200 15382 "-" "Mozilla/5.0 (compatible; AhrefsBot/7.0; +http://ahrefs.com/robot/)"
114.119.151.72 - - [04/Jun/2021:10:55:08 +0200] "GET /pmwiki/pmwiki.php/Main/HomePage?action=print HTTP/1.1" 200 27869 "-" "Mozilla/5.0 (Linux; Android 7.0;) AppleWebKit/537.36 (KHTML, like Gecko) Mobile Safari/537.36 (compatible; PetalBot;+https://webmaster.petalsearch.com/site/petalbot)"
114.119.151.72 - - [04/Jun/2021:10:59:23 +0200] "GET /pmwiki/pmwiki.php/Main/Nyilatkozatok?action=edit HTTP/1.1" 200 12478 "-" "Mozilla/5.0 (Linux; Android 7.0;) AppleWebKit/537.36 (KHTML, like Gecko) Mobile Safari/537.36 (compatible; PetalBot;+https://webmaster.petalsearch.com/site/petalbot)"
114.119.155.144 - - [04/Jun/2021:11:07:35 +0200] "GET /pmwiki/pmwiki.php/Main/Telefonon?action=upload HTTP/1.1" 200 12294 "-" "Mozilla/5.0 (Linux; Android 7.0;) AppleWebKit/537.36 (KHTML, like Gecko) Mobile Safari/537.36 (compatible; PetalBot;+https://webmaster.petalsearch.com/site/petalbot)"
114.119.155.230 - - [04/Jun/2021:11:15:48 +0200] "GET /pmwiki/pmwiki.php/Main HTTP/1.1" 302 186 "-" "Mozilla/5.0 (Linux; Android 7.0;) AppleWebKit/537.36 (KHTML, like Gecko) Mobile Safari/537.36 (compatible; PetalBot;+https://webmaster.petalsearch.com/site/petalbot)"
114.119.155.230 - - [04/Jun/2021:11:15:49 +0200] "GET /pmwiki/pmwiki.php/Main/HomePage HTTP/1.1" 200 37269 "-" "Mozilla/5.0 (Linux; Android 7.0;) AppleWebKit/537.36 (KHTML, like Gecko) Mobile Safari/537.36 (compatible; PetalBot;+https://webmaster.petalsearch.com/site/petalbot)"
49.12.13.109 - - [04/Jun/2021:11:18:05 +0200] "HEAD /pmwiki/pmwiki.php HTTP/1.1" 200 0 "-" "Alert_Alligator_webmonitoring_service_1.6.3_(alertalligator.com)"
54.36.148.24 - - [04/Jun/2021:11:26:42 +0200] "GET /pmwiki/pmwiki.php/Main/2005M%E1rciusiK%F6z%F6sNyilatkozat?action=print HTTP/1.1" 200 2943 "-" "Mozilla/5.0 (compatible; AhrefsBot/7.0; +http://ahrefs.com/robot/)"
114.119.155.230 - - [04/Jun/2021:11:34:23 +0200] "GET /pmwiki/pmwiki.php/Main/CenZored?action=print HTTP/1.1" 200 5573 "-" "Mozilla/5.0 (Linux; Android 7.0;) AppleWebKit/537.36 (KHTML, like Gecko) Mobile Safari/537.36 (compatible; PetalBot;+https://webmaster.petalsearch.com/site/petalbot)"
114.119.130.67 - - [04/Jun/2021:11:38:47 +0200] "GET /pmwiki/pmwiki.php/Main/CenZored?action=upload HTTP/1.1" 200 12282 "-" "Mozilla/5.0 (Linux; Android 7.0;) AppleWebKit/537.36 (KHTML, like Gecko) Mobile Safari/537.36 (compatible; PetalBot;+https://webmaster.petalsearch.com/site/petalbot)"
114.119.129.205 - - [04/Jun/2021:12:02:32 +0200] "GET /pmwiki/pmwiki.php/Main/Cutts?action=edit HTTP/1.1" 200 12352 "-" "Mozilla/5.0 (Linux; Android 7.0;) AppleWebKit/537.36 (KHTML, like Gecko) Mobile Safari/537.36 (compatible; PetalBot;+https://webmaster.petalsearch.com/site/petalbot)"
54.36.148.236 - - [04/Jun/2021:12:04:28 +0200] "GET /pmwiki/pmwiki.php/Main/Marc08essay HTTP/1.1" 200 18792 "-" "Mozilla/5.0 (compatible; AhrefsBot/7.0; +http://ahrefs.com/robot/)"
159.69.145.50 - - [04/Jun/2021:12:17:25 +0200] "HEAD /pmwiki/pmwiki.php HTTP/1.1" 200 0 "-" "Alert_Alligator_webmonitoring_service_1.6.3_(alertalligator.com)"
54.36.148.151 - - [04/Jun/2021:12:42:49 +0200] "GET /pmwiki/pmwiki.php/Main/WikiSandbox?action=print HTTP/1.1" 200 2537 "-" "Mozilla/5.0 (compatible; AhrefsBot/7.0; +http://ahrefs.com/robot/)"
185.191.171.5 - - [04/Jun/2021:12:57:59 +0200] "GET /robots.txt HTTP/1.1" 404 1181 "-" "Mozilla/5.0 (compatible; SemrushBot/7~bl; +http://www.semrush.com/bot.html)"
185.191.171.35 - - [04/Jun/2021:12:57:59 +0200] "GET /pmwiki/pmwiki.php/Main/SMELie?action=diff HTTP/1.1" 200 14999 "-" "Mozilla/5.0 (compatible; SemrushBot/7~bl; +http://www.semrush.com/bot.html)"
114.119.155.144 - - [04/Jun/2021:13:02:07 +0200] "GET /pmwiki/pmwiki.php/Main/2004Augusztus18 HTTP/1.1" 200 13214 "-" "Mozilla/5.0 (Linux; Android 7.0;) AppleWebKit/537.36 (KHTML, like Gecko) Mobile Safari/537.36 (compatible; PetalBot;+https://webmaster.petalsearch.com/site/petalbot)"
212.237.53.115 - - [04/Jun/2021:13:19:27 +0200] "HEAD /pmwiki/pmwiki.php HTTP/1.1" 200 0 "-" "Alert_Alligator_webmonitoring_service_1.6.3_(alertalligator.com)"
54.36.149.79 - - [04/Jun/2021:13:21:51 +0200] "GET /pmwiki/pmwiki.php/Main/2005J%FAniusEKTBBesz%E1mol%F3?action=print HTTP/1.1" 200 8585 "-" "Mozilla/5.0 (compatible; AhrefsBot/7.0; +http://ahrefs.com/robot/)"
54.36.148.55 - - [04/Jun/2021:14:00:31 +0200] "GET /pmwiki/pmwiki.php/Main/2005J%FAniusEKTBBesz%E1mol%F3?action=upload HTTP/1.1" 200 12602 "-" "Mozilla/5.0 (compatible; AhrefsBot/7.0; +http://ahrefs.com/robot/)"
114.119.130.67 - - [04/Jun/2021:14:16:51 +0200] "GET /pmwiki/pmwiki.php/PmWiki/ChangeLog HTTP/1.1" 200 44191 "-" "Mozilla/5.0 (Linux; Android 7.0;) AppleWebKit/537.36 (KHTML, like Gecko) Mobile Safari/537.36 (compatible; PetalBot;+https://webmaster.petalsearch.com/site/petalbot)"
185.191.171.1 - - [04/Jun/2021:14:19:13 +0200] "GET /robots.txt HTTP/1.1" 404 1181 "-" "Mozilla/5.0 (compatible; SemrushBot/7~bl; +http://www.semrush.com/bot.html)"
185.191.171.4 - - [04/Jun/2021:14:19:14 +0200] "GET /pmwiki/pmwiki.php/Main/2005M%E1rcius8?action=edit HTTP/1.1" 200 12490 "-" "Mozilla/5.0 (compatible; SemrushBot/7~bl; +http://www.semrush.com/bot.html)"
49.12.13.109 - - [04/Jun/2021:14:19:17 +0200] "HEAD /pmwiki/pmwiki.php HTTP/1.1" 200 0 "-" "Alert_Alligator_webmonitoring_service_1.6.3_(alertalligator.com)"
114.119.149.252 - - [04/Jun/2021:14:31:50 +0200] "GET /pmwiki/pmwiki.php/Main/DRM?action=diff HTTP/1.1" 200 91419 "-" "Mozilla/5.0 (Linux; Android 7.0;) AppleWebKit/537.36 (KHTML, like Gecko) Mobile Safari/537.36 (compatible; PetalBot;+https://webmaster.petalsearch.com/site/petalbot)"
54.36.148.151 - - [04/Jun/2021:14:37:55 +0200] "GET /pmwiki/pmwiki.php/Main/2005J%FAniusEKTBBesz%E1mol%F3?action=edit HTTP/1.1" 200 12722 "-" "Mozilla/5.0 (compatible; AhrefsBot/7.0; +http://ahrefs.com/robot/)"
114.119.155.230 - - [04/Jun/2021:14:40:20 +0200] "GET /pmwiki/pmwiki.php/Main/DRM?action=upload HTTP/1.1" 200 12198 "-" "Mozilla/5.0 (Linux; Android 7.0;) AppleWebKit/537.36 (KHTML, like Gecko) Mobile Safari/537.36 (compatible; PetalBot;+https://webmaster.petalsearch.com/site/petalbot)"
185.191.171.1 - - [04/Jun/2021:14:41:13 +0200] "GET /pmwiki/pmwiki.php/Main/Minta?action=edit HTTP/1.1" 200 12350 "-" "Mozilla/5.0 (compatible; SemrushBot/7~bl; +http://www.semrush.com/bot.html)"
54.36.148.151 - - [04/Jun/2021:14:57:25 +0200] "GET /pmwiki/pmwiki.php/Main/2005J%FAniusEKTBBesz%E1mol%F3?action=diff HTTP/1.1" 200 19642 "-" "Mozilla/5.0 (compatible; AhrefsBot/7.0; +http://ahrefs.com/robot/)"
185.191.171.20 - - [04/Jun/2021:14:58:47 +0200] "GET /pmwiki/pmwiki.php/Main/2005M%E1rcius8 HTTP/1.1" 200 30044 "-" "Mozilla/5.0 (compatible; SemrushBot/7~bl; +http://www.semrush.com/bot.html)"
185.191.171.15 - - [04/Jun/2021:15:01:10 +0200] "GET /pmwiki/pmwiki.php/Main/TRIPSLie HTTP/1.1" 200 12874 "-" "Mozilla/5.0 (compatible; SemrushBot/7~bl; +http://www.semrush.com/bot.html)"
114.119.155.230 - - [04/Jun/2021:15:05:23 +0200] "GET /pmwiki/pmwiki.php/PmWiki/AvailableActions HTTP/1.1" 200 14504 "-" "Mozilla/5.0 (Linux; Android 7.0;) AppleWebKit/537.36 (KHTML, like Gecko) Mobile Safari/537.36 (compatible; PetalBot;+https://webmaster.petalsearch.com/site/petalbot)"
114.119.132.6 - - [04/Jun/2021:15:15:40 +0200] "GET /pmwiki/pmwiki.php/Main/2005M%e1jus HTTP/1.1" 200 15288 "-" "Mozilla/5.0 (Linux; Android 7.0;) AppleWebKit/537.36 (KHTML, like Gecko) Mobile Safari/537.36 (compatible; PetalBot;+https://webmaster.petalsearch.com/site/petalbot)"
54.36.148.151 - - [04/Jun/2021:15:15:47 +0200] "GET /pmwiki/pmwiki.php/Main/AzEUBizotts%E1gaL%E1bbalTiporjaADemokr%E1ci%E1t?action=print HTTP/1.1" 200 7059 "-" "Mozilla/5.0 (compatible; AhrefsBot/7.0; +http://ahrefs.com/robot/)"
49.12.13.109 - - [04/Jun/2021:15:18:18 +0200] "HEAD /pmwiki/pmwiki.php HTTP/1.1" 200 0 "-" "Alert_Alligator_webmonitoring_service_1.6.3_(alertalligator.com)"
54.36.148.144 - - [04/Jun/2021:15:35:26 +0200] "GET /pmwiki/pmwiki.php/Main/AzEUBizotts%E1gaL%E1bbalTiporjaADemokr%E1ci%E1t?action=upload HTTP/1.1" 200 12886 "-" "Mozilla/5.0 (compatible; AhrefsBot/7.0; +http://ahrefs.com/robot/)"
114.119.130.67 - - [04/Jun/2021:15:36:35 +0200] "GET /pmwiki/pmwiki.php/Main/2004-esNyilatkozat HTTP/1.1" 200 15702 "-" "Mozilla/5.0 (Linux; Android 7.0;) AppleWebKit/537.36 (KHTML, like Gecko) Mobile Safari/537.36 (compatible; PetalBot;+https://webmaster.petalsearch.com/site/petalbot)"
114.119.130.67 - - [04/Jun/2021:15:43:33 +0200] "GET /pmwiki/pmwiki.php/Main/Comission-negatesDemocracy?action=upload HTTP/1.1" 200 12567 "-" "Mozilla/5.0 (Linux; Android 7.0;) AppleWebKit/537.36 (KHTML, like Gecko) Mobile Safari/537.36 (compatible; PetalBot;+https://webmaster.petalsearch.com/site/petalbot)"
54.36.148.151 - - [04/Jun/2021:15:54:54 +0200] "GET /pmwiki/pmwiki.php/Main/AzEUBizotts%E1gaL%E1bbalTiporjaADemokr%E1ci%E1t?action=diff HTTP/1.1" 200 20118 "-" "Mozilla/5.0 (compatible; AhrefsBot/7.0; +http://ahrefs.com/robot/)"
207.46.13.0 - - [04/Jun/2021:16:05:35 +0200] "GET /robots.txt HTTP/1.1" 404 1181 "-" "Mozilla/5.0 (compatible; bingbot/2.0; +http://www.bing.com/bingbot.htm)"
40.77.167.25 - - [04/Jun/2021:16:05:42 +0200] "GET /pmwiki/pmwiki.php/Main/Patentpools HTTP/1.1" 200 20710 "-" "Mozilla/5.0 (compatible; bingbot/2.0; +http://www.bing.com/bingbot.htm)"
54.36.148.251 - - [04/Jun/2021:16:14:35 +0200] "GET /pmwiki/pmwiki.php/Main/AzEUBizotts%E1gaL%E1bbalTiporjaADemokr%E1ci%E1t?action=edit HTTP/1.1" 200 13006 "-" "Mozilla/5.0 (compatible; AhrefsBot/7.0; +http://ahrefs.com/robot/)"
212.237.23.143 - - [04/Jun/2021:16:18:27 +0200] "HEAD /pmwiki/pmwiki.php HTTP/1.1" 200 0 "-" "Alert_Alligator_webmonitoring_service_1.6.3_(alertalligator.com)"
114.119.130.67 - - [04/Jun/2021:16:30:23 +0200] "GET /pmwiki/pmwiki.php/Main/SzoftverSzabadalmak HTTP/1.1" 200 15057 "-" "Mozilla/5.0 (Linux; Android 7.0;) AppleWebKit/537.36 (KHTML, like Gecko) Mobile Safari/537.36 (compatible; PetalBot;+https://webmaster.petalsearch.com/site/petalbot)"
54.36.148.84 - - [04/Jun/2021:16:35:36 +0200] "GET /pmwiki/pmwiki.php/Main/Google HTTP/1.1" 200 25006 "-" "Mozilla/5.0 (compatible; AhrefsBot/7.0; +http://ahrefs.com/robot/)"
114.119.149.252 - - [04/Jun/2021:16:44:12 +0200] "GET /pmwiki/pmwiki.php/Main/Feb08PR?action=print HTTP/1.1" 200 8241 "-" "Mozilla/5.0 (Linux; Android 7.0;) AppleWebKit/537.36 (KHTML, like Gecko) Mobile Safari/537.36 (compatible; PetalBot;+https://webmaster.petalsearch.com/site/petalbot)"
54.36.148.41 - - [04/Jun/2021:16:46:05 +0200] "GET /pmwiki/pmwiki.php/Main/Tud%E1smonop%F3lium?action=edit HTTP/1.1" 200 12566 "-" "Mozilla/5.0 (compatible; AhrefsBot/7.0; +http://ahrefs.com/robot/)"
212.237.53.115 - - [04/Jun/2021:17:17:50 +0200] "HEAD /pmwiki/pmwiki.php HTTP/1.1" 200 0 "-" "Alert_Alligator_webmonitoring_service_1.6.3_(alertalligator.com)"
114.119.132.6 - - [04/Jun/2021:17:18:06 +0200] "GET /pmwiki/pmwiki.php/Main/2005J%faniusEKTBBesz%e1mol%f3?action=edit HTTP/1.1" 200 12722 "-" "Mozilla/5.0 (Linux; Android 7.0;) AppleWebKit/537.36 (KHTML, like Gecko) Mobile Safari/537.36 (compatible; PetalBot;+https://webmaster.petalsearch.com/site/petalbot)"
54.36.148.137 - - [04/Jun/2021:17:18:15 +0200] "GET /pmwiki/pmwiki.php/Main/Sajt%F3anyag?action=diff HTTP/1.1" 200 24576 "-" "Mozilla/5.0 (compatible; AhrefsBot/7.0; +http://ahrefs.com/robot/)"
114.119.149.252 - - [04/Jun/2021:17:23:17 +0200] "GET /pmwiki/pmwiki.php/Main/Virsligy%e1r?action=edit HTTP/1.1" 200 12462 "-" "Mozilla/5.0 (Linux; Android 7.0;) AppleWebKit/537.36 (KHTML, like Gecko) Mobile Safari/537.36 (compatible; PetalBot;+https://webmaster.petalsearch.com/site/petalbot)"
54.36.148.151 - - [04/Jun/2021:17:38:57 +0200] "GET /pmwiki/pmwiki.php/Main/Feb08PR HTTP/1.1" 200 17785 "-" "Mozilla/5.0 (compatible; AhrefsBot/7.0; +http://ahrefs.com/robot/)"
157.55.39.54 - - [04/Jun/2021:17:44:56 +0200] "GET /pmwiki/pmwiki.php/Main/MitTehetek?action=diff HTTP/1.1" 200 26258 "-" "Mozilla/5.0 (compatible; bingbot/2.0; +http://www.bing.com/bingbot.htm)"
114.119.151.72 - - [04/Jun/2021:17:57:22 +0200] "GET /pmwiki/pmwiki.php/Main/AzEUBizotts%e1gaL%e1bbalTiporjaADemokr%e1ci%e1t?action=edit HTTP/1.1" 200 13006 "-" "Mozilla/5.0 (Linux; Android 7.0;) AppleWebKit/537.36 (KHTML, like Gecko) Mobile Safari/537.36 (compatible; PetalBot;+https://webmaster.petalsearch.com/site/petalbot)"
54.36.148.151 - - [04/Jun/2021:18:00:05 +0200] "GET /pmwiki/pmwiki.php/Main/Cikkek?action=edit HTTP/1.1" 200 12371 "-" "Mozilla/5.0 (compatible; AhrefsBot/7.0; +http://ahrefs.com/robot/)"
185.191.171.1 - - [04/Jun/2021:18:01:13 +0200] "GET /robots.txt HTTP/1.1" 404 1181 "-" "Mozilla/5.0 (compatible; SemrushBot/7~bl; +http://www.semrush.com/bot.html)"
185.191.171.3 - - [04/Jun/2021:18:01:14 +0200] "GET /pmwiki/pmwiki.php/Main/AzEUBizotts%E1gaL%E1bbalTiporjaADemokr%E1ci%E1t?action=diff HTTP/1.1" 200 20118 "-" "Mozilla/5.0 (compatible; SemrushBot/7~bl; +http://www.semrush.com/bot.html)"
5.45.207.189 - - [04/Jun/2021:18:11:21 +0200] "GET /robots.txt HTTP/1.1" 404 1181 "-" "Mozilla/5.0 (compatible; YandexBot/3.0; +http://yandex.com/bots)"
5.255.231.195 - - [04/Jun/2021:18:11:24 +0200] "GET / HTTP/1.1" 302 5 "-" "Mozilla/5.0 (compatible; YandexBot/3.0; +http://yandex.com/bots)"
5.255.253.138 - - [04/Jun/2021:18:11:37 +0200] "GET /pmwiki/pmwiki.php HTTP/1.1" 200 37269 "-" "Mozilla/5.0 (compatible; YandexBot/3.0; +http://yandex.com/bots)"
185.191.171.38 - - [04/Jun/2021:18:15:21 +0200] "GET /pmwiki/pmwiki.php/PmWiki/WikiSandbox HTTP/1.1" 302 213 "-" "Mozilla/5.0 (compatible; SemrushBot/7~bl; +http://www.semrush.com/bot.html)"
185.191.171.1 - - [04/Jun/2021:18:15:23 +0200] "GET /pmwiki/pmwiki.php/Main/WikiSandbox?from=PmWiki.WikiSandbox HTTP/1.1" 200 12279 "-" "Mozilla/5.0 (compatible; SemrushBot/7~bl; +http://www.semrush.com/bot.html)"
114.119.151.81 - - [04/Jun/2021:18:16:37 +0200] "GET /pmwiki/pmwiki.php/Main/Marc07PR?action=diff HTTP/1.1" 200 15457 "-" "Mozilla/5.0 (Linux; Android 7.0;) AppleWebKit/537.36 (KHTML, like Gecko) Mobile Safari/537.36 (compatible; PetalBot;+https://webmaster.petalsearch.com/site/petalbot)"
212.237.23.143 - - [04/Jun/2021:18:18:13 +0200] "HEAD /pmwiki/pmwiki.php HTTP/1.1" 200 0 "-" "Alert_Alligator_webmonitoring_service_1.6.3_(alertalligator.com)"
114.119.151.72 - - [04/Jun/2021:18:22:49 +0200] "GET /pmwiki/pmwiki.php/Main/2004Szeptember1?action=print HTTP/1.1" 200 4483 "-" "Mozilla/5.0 (Linux; Android 7.0;) AppleWebKit/537.36 (KHTML, like Gecko) Mobile Safari/537.36 (compatible; PetalBot;+https://webmaster.petalsearch.com/site/petalbot)"
114.119.151.81 - - [04/Jun/2021:18:34:13 +0200] "GET /pmwiki/pmwiki.php/Main/FAQ?action=edit HTTP/1.1" 200 12318 "-" "Mozilla/5.0 (Linux; Android 7.0;) AppleWebKit/537.36 (KHTML, like Gecko) Mobile Safari/537.36 (compatible; PetalBot;+https://webmaster.petalsearch.com/site/petalbot)"
54.36.149.49 - - [04/Jun/2021:18:41:40 +0200] "GET /pmwiki/pmwiki.php/Main/Google?action=diff HTTP/1.1" 200 54350 "-" "Mozilla/5.0 (compatible; AhrefsBot/7.0; +http://ahrefs.com/robot/)"
114.119.158.146 - - [04/Jun/2021:18:51:28 +0200] "GET /pmwiki/pmwiki.php/Main/Privacy?action=edit HTTP/1.1" 200 12382 "-" "Mozilla/5.0 (Linux; Android 7.0;) AppleWebKit/537.36 (KHTML, like Gecko) Mobile Safari/537.36 (compatible; PetalBot;+https://webmaster.petalsearch.com/site/petalbot)"
114.119.151.81 - - [04/Jun/2021:18:57:24 +0200] "GET /pmwiki/pmwiki.php/Main/AJelenlegiSzerzoiJogiTorveny?action=edit HTTP/1.1" 200 12718 "-" "Mozilla/5.0 (Linux; Android 7.0;) AppleWebKit/537.36 (KHTML, like Gecko) Mobile Safari/537.36 (compatible; PetalBot;+https://webmaster.petalsearch.com/site/petalbot)"
5.255.231.195 - - [04/Jun/2021:19:01:08 +0200] "GET /robots.txt HTTP/1.1" 404 1181 "-" "Mozilla/5.0 (compatible; YandexBot/3.0; +http://yandex.com/bots)"
5.255.231.195 - - [04/Jun/2021:19:01:12 +0200] "GET / HTTP/1.1" 302 5 "-" "Mozilla/5.0 (compatible; YandexBot/3.0; +http://yandex.com/bots)"
213.180.203.115 - - [04/Jun/2021:19:01:39 +0200] "GET /pmwiki/pmwiki.php HTTP/1.1" 200 37269 "-" "Mozilla/5.0 (compatible; YandexBot/3.0; +http://yandex.com/bots)"
114.119.151.72 - - [04/Jun/2021:19:15:17 +0200] "GET /pmwiki/pmwiki.php/Main/CikkekPrivacy HTTP/1.1" 200 12503 "-" "Mozilla/5.0 (Linux; Android 7.0;) AppleWebKit/537.36 (KHTML, like Gecko) Mobile Safari/537.36 (compatible; PetalBot;+https://webmaster.petalsearch.com/site/petalbot)"
49.12.13.109 - - [04/Jun/2021:19:17:16 +0200] "HEAD /pmwiki/pmwiki.php HTTP/1.1" 200 0 "-" "Alert_Alligator_webmonitoring_service_1.6.3_(alertalligator.com)"
54.36.148.120 - - [04/Jun/2021:19:23:50 +0200] "GET /pmwiki/pmwiki.php/Main/ATan%E1cs%C9rdembenT%E1rgyalhatASzoftverszabadalmiDirekt%EDv%E1r%F3l?action=edit HTTP/1.1" 200 13334 "-" "Mozilla/5.0 (compatible; AhrefsBot/7.0; +http://ahrefs.com/robot/)"
114.119.130.67 - - [04/Jun/2021:19:50:34 +0200] "GET /pmwiki/pmwiki.php/Main/Gazdas%e1giOldal?action=diff HTTP/1.1" 200 19856 "-" "Mozilla/5.0 (Linux; Android 7.0;) AppleWebKit/537.36 (KHTML, like Gecko) Mobile Safari/537.36 (compatible; PetalBot;+https://webmaster.petalsearch.com/site/petalbot)"
159.69.145.50 - - [04/Jun/2021:20:16:43 +0200] "HEAD /pmwiki/pmwiki.php HTTP/1.1" 200 0 "-" "Alert_Alligator_webmonitoring_service_1.6.3_(alertalligator.com)"
185.191.171.20 - - [04/Jun/2021:20:18:39 +0200] "GET /robots.txt HTTP/1.1" 404 1181 "-" "Mozilla/5.0 (compatible; SemrushBot/7~bl; +http://www.semrush.com/bot.html)"
185.191.171.37 - - [04/Jun/2021:20:18:40 +0200] "GET /pmwiki/pmwiki.php/Main/AzEUBizotts%E1gaL%E1bbalTiporjaADemokr%E1ci%E1t?action=print HTTP/1.1" 200 7059 "-" "Mozilla/5.0 (compatible; SemrushBot/7~bl; +http://www.semrush.com/bot.html)"
114.119.155.230 - - [04/Jun/2021:20:20:00 +0200] "GET /pmwiki/pmwiki.php/Main/Sajt%f3anyag?action=print HTTP/1.1" 200 4224 "-" "Mozilla/5.0 (Linux; Android 7.0;) AppleWebKit/537.36 (KHTML, like Gecko) Mobile Safari/537.36 (compatible; PetalBot;+https://webmaster.petalsearch.com/site/petalbot)"
185.191.171.21 - - [04/Jun/2021:20:23:52 +0200] "GET /pmwiki/pmwiki.php/Main/ADRMH%E1tr%E1nyai HTTP/1.1" 200 14752 "-" "Mozilla/5.0 (compatible; SemrushBot/7~bl; +http://www.semrush.com/bot.html)"
114.119.156.251 - - [04/Jun/2021:20:26:27 +0200] "GET /pmwiki/pmwiki.php/Main/LehetsegesJavitasokEuropaban?action=upload HTTP/1.1" 200 12598 "-" "Mozilla/5.0 (Linux; Android 7.0;) AppleWebKit/537.36 (KHTML, like Gecko) Mobile Safari/537.36 (compatible; PetalBot;+https://webmaster.petalsearch.com/site/petalbot)"
114.119.158.146 - - [04/Jun/2021:20:32:09 +0200] "GET /pmwiki/pmwiki.php/Main/MiADRM HTTP/1.1" 200 12869 "-" "Mozilla/5.0 (Linux; Android 7.0;) AppleWebKit/537.36 (KHTML, like Gecko) Mobile Safari/537.36 (compatible; PetalBot;+https://webmaster.petalsearch.com/site/petalbot)"
114.119.129.205 - - [04/Jun/2021:20:38:22 +0200] "GET /pmwiki/pmwiki.php/Main/Marc06LMEPR?action=edit HTTP/1.1" 200 12447 "-" "Mozilla/5.0 (Linux; Android 7.0;) AppleWebKit/537.36 (KHTML, like Gecko) Mobile Safari/537.36 (compatible; PetalBot;+https://webmaster.petalsearch.com/site/petalbot)"
114.119.158.146 - - [04/Jun/2021:21:08:14 +0200] "GET /pmwiki/pmwiki.php/Main/Doksik?action=upload HTTP/1.1" 200 12246 "-" "Mozilla/5.0 (Linux; Android 7.0;) AppleWebKit/537.36 (KHTML, like Gecko) Mobile Safari/537.36 (compatible; PetalBot;+https://webmaster.petalsearch.com/site/petalbot)"
159.69.145.50 - - [04/Jun/2021:21:16:02 +0200] "HEAD /pmwiki/pmwiki.php HTTP/1.1" 200 0 "-" "Alert_Alligator_webmonitoring_service_1.6.3_(alertalligator.com)"
54.36.148.151 - - [04/Jun/2021:21:30:03 +0200] "GET /pmwiki/pmwiki.php/Main/SzoftverSzabadalmak?action=diff HTTP/1.1" 200 16505 "-" "Mozilla/5.0 (compatible; AhrefsBot/7.0; +http://ahrefs.com/robot/)"
114.119.149.252 - - [04/Jun/2021:21:32:05 +0200] "GET /pmwiki/pmwiki.php/PmWiki/LayoutVariables HTTP/1.1" 200 17190 "-" "Mozilla/5.0 (Linux; Android 7.0;) AppleWebKit/537.36 (KHTML, like Gecko) Mobile Safari/537.36 (compatible; PetalBot;+https://webmaster.petalsearch.com/site/petalbot)"
159.69.145.50 - - [04/Jun/2021:22:16:22 +0200] "HEAD /pmwiki/pmwiki.php HTTP/1.1" 200 0 "-" "Alert_Alligator_webmonitoring_service_1.6.3_(alertalligator.com)"
114.119.156.251 - - [04/Jun/2021:22:18:18 +0200] "GET /pmwiki/pmwiki.php/Main/WikiSandbox?action=upload HTTP/1.1" 200 12326 "-" "Mozilla/5.0 (Linux; Android 7.0;) AppleWebKit/537.36 (KHTML, like Gecko) Mobile Safari/537.36 (compatible; PetalBot;+https://webmaster.petalsearch.com/site/petalbot)"
114.119.151.72 - - [04/Jun/2021:22:47:51 +0200] "GET /pmwiki/pmwiki.php/Main/BillGates%c9sM%e1sKommunist%e1k HTTP/1.1" 200 18614 "-" "Mozilla/5.0 (Linux; Android 7.0;) AppleWebKit/537.36 (KHTML, like Gecko) Mobile Safari/537.36 (compatible; PetalBot;+https://webmaster.petalsearch.com/site/petalbot)"
114.119.155.230 - - [04/Jun/2021:22:53:50 +0200] "GET /pmwiki/pmwiki.php/Main/MitTehetek?action=edit&restore=diff%3A1118731058%3A1118731012%3A&preview=y HTTP/1.1" 200 12482 "-" "Mozilla/5.0 (Linux; Android 7.0;) AppleWebKit/537.36 (KHTML, like Gecko) Mobile Safari/537.36 (compatible; PetalBot;+https://webmaster.petalsearch.com/site/petalbot)"
114.119.151.81 - - [04/Jun/2021:22:59:42 +0200] "GET /pmwiki/pmwiki.php/Main/2004Augusztus18?action=upload HTTP/1.1" 200 12390 "-" "Mozilla/5.0 (Linux; Android 7.0;) AppleWebKit/537.36 (KHTML, like Gecko) Mobile Safari/537.36 (compatible; PetalBot;+https://webmaster.petalsearch.com/site/petalbot)"
54.36.149.84 - - [04/Jun/2021:23:01:21 +0200] "GET /pmwiki/pmwiki.php/Main/Feb08PR?action=edit HTTP/1.1" 200 12386 "-" "Mozilla/5.0 (compatible; AhrefsBot/7.0; +http://ahrefs.com/robot/)"
114.119.155.144 - - [04/Jun/2021:23:05:42 +0200] "GET /pmwiki/pmwiki.php/Main/Gazdas%e1giOldal HTTP/1.1" 200 19537 "-" "Mozilla/5.0 (Linux; Android 7.0;) AppleWebKit/537.36 (KHTML, like Gecko) Mobile Safari/537.36 (compatible; PetalBot;+https://webmaster.petalsearch.com/site/petalbot)"
114.119.155.230 - - [04/Jun/2021:23:11:39 +0200] "GET /pmwiki/pmwiki.php/Main/ADRMH%e1tr%e1nyai?action=diff HTTP/1.1" 200 32626 "-" "Mozilla/5.0 (Linux; Android 7.0;) AppleWebKit/537.36 (KHTML, like Gecko) Mobile Safari/537.36 (compatible; PetalBot;+https://webmaster.petalsearch.com/site/petalbot)"
159.69.145.50 - - [04/Jun/2021:23:16:24 +0200] "HEAD /pmwiki/pmwiki.php HTTP/1.1" 200 0 "-" "Alert_Alligator_webmonitoring_service_1.6.3_(alertalligator.com)"
114.119.158.146 - - [04/Jun/2021:23:52:59 +0200] "GET /pmwiki/pmwiki.php/Main/AzEUBizotts%e1gaL%e1bbalTiporjaADemokr%e1ci%e1t?action=diff HTTP/1.1" 200 20118 "-" "Mozilla/5.0 (Linux; Android 7.0;) AppleWebKit/537.36 (KHTML, like Gecko) Mobile Safari/537.36 (compatible; PetalBot;+https://webmaster.petalsearch.com/site/petalbot)"
49.12.13.109 - - [05/Jun/2021:00:15:31 +0200] "HEAD /pmwiki/pmwiki.php HTTP/1.1" 200 0 "-" "Alert_Alligator_webmonitoring_service_1.6.3_(alertalligator.com)"
114.119.155.144 - - [05/Jun/2021:00:16:28 +0200] "GET /pmwiki/pmwiki.php/Main/2005J%faniusEKTBBesz%e1mol%f3?action=print HTTP/1.1" 200 8585 "-" "Mozilla/5.0 (Linux; Android 7.0;) AppleWebKit/537.36 (KHTML, like Gecko) Mobile Safari/537.36 (compatible; PetalBot;+https://webmaster.petalsearch.com/site/petalbot)"
185.191.171.5 - - [05/Jun/2021:00:17:35 +0200] "GET /robots.txt HTTP/1.1" 404 1181 "-" "Mozilla/5.0 (compatible; SemrushBot/7~bl; +http://www.semrush.com/bot.html)"
185.191.171.40 - - [05/Jun/2021:00:17:36 +0200] "GET /pmwiki/pmwiki.php/PmWiki/DocumentationIndex HTTP/1.1" 200 18850 "-" "Mozilla/5.0 (compatible; SemrushBot/7~bl; +http://www.semrush.com/bot.html)"
54.36.148.3 - - [05/Jun/2021:00:29:17 +0200] "GET /robots.txt HTTP/1.1" 404 1181 "-" "Mozilla/5.0 (compatible; AhrefsBot/7.0; +http://ahrefs.com/robot/)"
54.36.148.85 - - [05/Jun/2021:00:29:18 +0200] "GET /pmwiki/pmwiki.php/Main/Feb08PR?action=print HTTP/1.1" 200 8241 "-" "Mozilla/5.0 (compatible; AhrefsBot/7.0; +http://ahrefs.com/robot/)"
54.36.148.151 - - [05/Jun/2021:01:12:33 +0200] "GET /pmwiki/pmwiki.php/Main/Feb08PR?action=upload HTTP/1.1" 200 12266 "-" "Mozilla/5.0 (compatible; AhrefsBot/7.0; +http://ahrefs.com/robot/)"
114.119.156.251 - - [05/Jun/2021:01:15:38 +0200] "GET /pmwiki/pmwiki.php/Main/Gazdas%e1giOldal?action=upload HTTP/1.1" 200 12406 "-" "Mozilla/5.0 (Linux; Android 7.0;) AppleWebKit/537.36 (KHTML, like Gecko) Mobile Safari/537.36 (compatible; PetalBot;+https://webmaster.petalsearch.com/site/petalbot)"
212.237.23.143 - - [05/Jun/2021:01:16:15 +0200] "HEAD /pmwiki/pmwiki.php HTTP/1.1" 200 0 "-" "Alert_Alligator_webmonitoring_service_1.6.3_(alertalligator.com)"
185.191.171.4 - - [05/Jun/2021:01:16:17 +0200] "GET /pmwiki/pmwiki.php/Main/WikiSandbox?action=print HTTP/1.1" 200 2537 "-" "Mozilla/5.0 (compatible; SemrushBot/7~bl; +http://www.semrush.com/bot.html)"
114.119.155.144 - - [05/Jun/2021:01:27:03 +0200] "GET /pmwiki/pmwiki.php/PmWiki/Upgrades?action=upload HTTP/1.1" 200 12315 "-" "Mozilla/5.0 (Linux; Android 7.0;) AppleWebKit/537.36 (KHTML, like Gecko) Mobile Safari/537.36 (compatible; PetalBot;+https://webmaster.petalsearch.com/site/petalbot)"
185.191.171.1 - - [05/Jun/2021:01:27:14 +0200] "GET /robots.txt HTTP/1.1" 404 1181 "-" "Mozilla/5.0 (compatible; SemrushBot/7~bl; +http://www.semrush.com/bot.html)"
185.191.171.5 - - [05/Jun/2021:01:27:15 +0200] "GET /pmwiki/pmwiki.php/Main/WikiSandbox?action=upload HTTP/1.1" 200 12326 "-" "Mozilla/5.0 (compatible; SemrushBot/7~bl; +http://www.semrush.com/bot.html)"
114.119.151.81 - - [05/Jun/2021:01:33:06 +0200] "GET /pmwiki/pmwiki.php/Main/Virsligy%e1r?action=diff HTTP/1.1" 200 26293 "-" "Mozilla/5.0 (Linux; Android 7.0;) AppleWebKit/537.36 (KHTML, like Gecko) Mobile Safari/537.36 (compatible; PetalBot;+https://webmaster.petalsearch.com/site/petalbot)"
173.231.59.202 - - [05/Jun/2021:01:52:56 +0200] "GET /robots.txt HTTP/1.1" 404 1181 "-" "Mozilla/5.0 (compatible; Adsbot/3.1; +https://seostar.co/robot/)"
173.231.59.202 - - [05/Jun/2021:01:53:02 +0200] "GET /pmwiki/pmwiki.php/PmWiki/FAQ HTTP/1.1" 200 23861 "http://swpat.zpok.hu/" "Mozilla/5.0 (compatible; Adsbot/3.1; +https://seostar.co/robot/)"
173.231.59.202 - - [05/Jun/2021:01:57:43 +0200] "GET /pmwiki/pmwiki.php/Main/SideBar?action=edit HTTP/1.1" 200 12384 "http://swpat.zpok.hu/" "Mozilla/5.0 (compatible; Adsbot/3.1; +https://seostar.co/robot/)"
185.191.171.19 - - [05/Jun/2021:01:58:25 +0200] "GET /pmwiki/pmwiki.php/Main/ADRMH%E1tr%E1nyai?action=upload HTTP/1.1" 200 12414 "-" "Mozilla/5.0 (compatible; SemrushBot/7~bl; +http://www.semrush.com/bot.html)"
173.231.59.202 - - [05/Jun/2021:02:02:26 +0200] "GET /pmwiki/pmwiki.php/PmWiki/ChangeLog HTTP/1.1" 200 44191 "http://swpat.zpok.hu/" "Mozilla/5.0 (compatible; Adsbot/3.1; +https://seostar.co/robot/)"
114.119.158.146 - - [05/Jun/2021:02:02:50 +0200] "GET /pmwiki/pmwiki.php/Main/2003M%e1jusBr%fcsszeliT%fara?action=diff HTTP/1.1" 200 14621 "-" "Mozilla/5.0 (Linux; Android 7.0;) AppleWebKit/537.36 (KHTML, like Gecko) Mobile Safari/537.36 (compatible; PetalBot;+https://webmaster.petalsearch.com/site/petalbot)"
173.231.59.202 - - [05/Jun/2021:02:06:20 +0200] "GET /pmwiki/pmwiki.php/PmWiki/Installation HTTP/1.1" 200 17595 "http://swpat.zpok.hu/" "Mozilla/5.0 (compatible; Adsbot/3.1; +https://seostar.co/robot/)"
114.119.129.205 - - [05/Jun/2021:02:08:33 +0200] "GET /pmwiki/pmwiki.php/PmWiki/WikiStyleExamples?action=edit HTTP/1.1" 200 12579 "-" "Mozilla/5.0 (Linux; Android 7.0;) AppleWebKit/537.36 (KHTML, like Gecko) Mobile Safari/537.36 (compatible; PetalBot;+https://webmaster.petalsearch.com/site/petalbot)"
173.231.59.202 - - [05/Jun/2021:02:10:16 +0200] "GET /pmwiki/pmwiki.php/PmWiki/ReleaseNotes HTTP/1.1" 200 29978 "http://swpat.zpok.hu/" "Mozilla/5.0 (compatible; Adsbot/3.1; +https://seostar.co/robot/)"
173.231.59.202 - - [05/Jun/2021:02:14:54 +0200] "GET /pmwiki/pmwiki.php/PmWiki/TipsForEditing HTTP/1.1" 200 15017 "http://swpat.zpok.hu/" "Mozilla/5.0 (compatible; Adsbot/3.1; +https://seostar.co/robot/)"
212.237.51.151 - - [05/Jun/2021:02:15:17 +0200] "HEAD /pmwiki/pmwiki.php HTTP/1.1" 200 0 "-" "Alert_Alligator_webmonitoring_service_1.6.3_(alertalligator.com)"
173.231.59.202 - - [05/Jun/2021:02:19:40 +0200] "GET /pmwiki/pmwiki.php/PmWiki/PmWikiPhilosophy HTTP/1.1" 200 16736 "http://swpat.zpok.hu/" "Mozilla/5.0 (compatible; Adsbot/3.1; +https://seostar.co/robot/)"
173.231.59.202 - - [05/Jun/2021:02:22:45 +0200] "GET /pmwiki/pmwiki.php/Main/Tud%e1smonop%f3lium?action=diff HTTP/1.1" 200 29474 "http://swpat.zpok.hu/" "Mozilla/5.0 (compatible; Adsbot/3.1; +https://seostar.co/robot/)"
185.191.171.7 - - [05/Jun/2021:02:22:47 +0200] "GET /pmwiki/pmwiki.php/Main/MitTehetek?action=print HTTP/1.1" 200 4202 "-" "Mozilla/5.0 (compatible; SemrushBot/7~bl; +http://www.semrush.com/bot.html)"
114.119.155.144 - - [05/Jun/2021:02:26:17 +0200] "GET /pmwiki/pmwiki.php/Main/FAQ HTTP/1.1" 200 17652 "-" "Mozilla/5.0 (Linux; Android 7.0;) AppleWebKit/537.36 (KHTML, like Gecko) Mobile Safari/537.36 (compatible; PetalBot;+https://webmaster.petalsearch.com/site/petalbot)"
173.231.59.202 - - [05/Jun/2021:02:26:47 +0200] "GET /pmwiki/pmwiki.php/Main/Tud%e1smonop%f3lium?action=edit HTTP/1.1" 200 12566 "http://swpat.zpok.hu/" "Mozilla/5.0 (compatible; Adsbot/3.1; +https://seostar.co/robot/)"
173.231.59.202 - - [05/Jun/2021:02:29:48 +0200] "GET /pmwiki/pmwiki.php/Main/Tud%e1smonop%f3lium?action=print HTTP/1.1" 200 7085 "http://swpat.zpok.hu/" "Mozilla/5.0 (compatible; Adsbot/3.1; +https://seostar.co/robot/)"
114.119.129.205 - - [05/Jun/2021:02:32:06 +0200] "GET /pmwiki/pmwiki.php/Main/Nyilatkozatok?action=diff HTTP/1.1" 200 33585 "-" "Mozilla/5.0 (Linux; Android 7.0;) AppleWebKit/537.36 (KHTML, like Gecko) Mobile Safari/537.36 (compatible; PetalBot;+https://webmaster.petalsearch.com/site/petalbot)"
173.231.59.202 - - [05/Jun/2021:02:32:09 +0200] "GET /pmwiki/pmwiki.php/Main/Tud%e1smonop%f3lium?action=upload HTTP/1.1" 200 12446 "http://swpat.zpok.hu/" "Mozilla/5.0 (compatible; Adsbot/3.1; +https://seostar.co/robot/)"
51.77.52.160 - - [05/Jun/2021:02:33:40 +0200] "GET / HTTP/1.1" 302 5 "-" "Mozilla/5.0 (X11; Linux x86_64) AppleWebKit/537.36 (KHTML, like Gecko) Chrome/75.0.3770.100 Safari/537.36 OPR/62.0.3331.99"
51.77.52.160 - - [05/Jun/2021:02:33:40 +0200] "GET /pmwiki/pmwiki.php HTTP/1.1" 200 37269 "-" "Mozilla/5.0 (X11; Linux x86_64) AppleWebKit/537.36 (KHTML, like Gecko) Chrome/75.0.3770.100 Safari/537.36 OPR/62.0.3331.99"
173.231.59.202 - - [05/Jun/2021:02:36:06 +0200] "GET /pmwiki/pmwiki.php/PmWiki/ChangesFromPmWiki1 HTTP/1.1" 200 19777 "http://swpat.zpok.hu/" "Mozilla/5.0 (compatible; Adsbot/3.1; +https://seostar.co/robot/)"
173.231.59.202 - - [05/Jun/2021:02:39:15 +0200] "GET /pmwiki/pmwiki.php/PmWiki/DocumentationIndex HTTP/1.1" 200 18850 "http://swpat.zpok.hu/" "Mozilla/5.0 (compatible; Adsbot/3.1; +https://seostar.co/robot/)"
207.46.13.55 - - [05/Jun/2021:02:40:14 +0200] "GET /pmwiki/pmwiki.php/Main/JogiOldal HTTP/1.1" 200 26044 "-" "Mozilla/5.0 (compatible; bingbot/2.0; +http://www.bing.com/bingbot.htm)"
173.231.59.202 - - [05/Jun/2021:02:43:16 +0200] "GET /pmwiki/pmwiki.php/Main/DRM?action=diff HTTP/1.1" 200 91419 "http://swpat.zpok.hu/" "Mozilla/5.0 (compatible; Adsbot/3.1; +https://seostar.co/robot/)"
114.119.156.251 - - [05/Jun/2021:02:43:47 +0200] "GET /pmwiki/pmwiki.php/Main/MiADRM HTTP/1.1" 200 12869 "-" "Mozilla/5.0 (Linux; Android 7.0;) AppleWebKit/537.36 (KHTML, like Gecko) Mobile Safari/537.36 (compatible; PetalBot;+https://webmaster.petalsearch.com/site/petalbot)"
173.231.59.202 - - [05/Jun/2021:02:47:19 +0200] "GET /pmwiki/pmwiki.php/Main/DRM?action=edit HTTP/1.1" 200 12318 "http://swpat.zpok.hu/" "Mozilla/5.0 (compatible; Adsbot/3.1; +https://seostar.co/robot/)"
173.231.59.202 - - [05/Jun/2021:02:51:17 +0200] "GET /pmwiki/pmwiki.php/Main/DRM?action=print HTTP/1.1" 200 5476 "http://swpat.zpok.hu/" "Mozilla/5.0 (compatible; Adsbot/3.1; +https://seostar.co/robot/)"
207.46.13.170 - - [05/Jun/2021:02:54:11 +0200] "GET /robots.txt HTTP/1.1" 404 1181 "-" "Mozilla/5.0 (compatible; bingbot/2.0; +http://www.bing.com/bingbot.htm)"
40.77.167.80 - - [05/Jun/2021:02:54:18 +0200] "GET /pmwiki/pub/skins/gila/gila.css HTTP/1.1" 200 8887 "-" "Mozilla/5.0 (compatible; bingbot/2.0; +http://www.bing.com/bingbot.htm)"
173.231.59.202 - - [05/Jun/2021:02:55:01 +0200] "GET /pmwiki/pmwiki.php/Main/DRM?action=upload HTTP/1.1" 200 12198 "http://swpat.zpok.hu/" "Mozilla/5.0 (compatible; Adsbot/3.1; +https://seostar.co/robot/)"
173.231.59.202 - - [05/Jun/2021:02:58:47 +0200] "GET /pmwiki/pmwiki.php/Main/FAQ?action=diff HTTP/1.1" 200 19015 "http://swpat.zpok.hu/" "Mozilla/5.0 (compatible; Adsbot/3.1; +https://seostar.co/robot/)"
173.231.59.202 - - [05/Jun/2021:03:02:43 +0200] "GET /pmwiki/pmwiki.php/Main/FAQ?action=edit HTTP/1.1" 200 12318 "http://swpat.zpok.hu/" "Mozilla/5.0 (compatible; Adsbot/3.1; +https://seostar.co/robot/)"
173.231.59.202 - - [05/Jun/2021:03:06:39 +0200] "GET /pmwiki/pmwiki.php/Main/FAQ?action=print HTTP/1.1" 200 8156 "http://swpat.zpok.hu/" "Mozilla/5.0 (compatible; Adsbot/3.1; +https://seostar.co/robot/)"
173.231.59.202 - - [05/Jun/2021:03:10:17 +0200] "GET /pmwiki/pmwiki.php/Main/FAQ?action=upload HTTP/1.1" 200 12198 "http://swpat.zpok.hu/" "Mozilla/5.0 (compatible; Adsbot/3.1; +https://seostar.co/robot/)"
159.69.145.50 - - [05/Jun/2021:03:14:47 +0200] "HEAD /pmwiki/pmwiki.php HTTP/1.1" 200 0 "-" "Alert_Alligator_webmonitoring_service_1.6.3_(alertalligator.com)"
173.231.59.202 - - [05/Jun/2021:03:14:54 +0200] "GET /pmwiki/pmwiki.php/Main/Ipr?action=diff HTTP/1.1" 200 15128 "http://swpat.zpok.hu/" "Mozilla/5.0 (compatible; Adsbot/3.1; +https://seostar.co/robot/)"
173.231.59.202 - - [05/Jun/2021:03:18:39 +0200] "GET /pmwiki/pmwiki.php/Main/Ipr?action=edit HTTP/1.1" 200 12322 "http://swpat.zpok.hu/" "Mozilla/5.0 (compatible; Adsbot/3.1; +https://seostar.co/robot/)"
54.36.148.151 - - [05/Jun/2021:03:21:50 +0200] "GET /pmwiki/pmwiki.php/Main/Linkek HTTP/1.1" 200 28889 "-" "Mozilla/5.0 (compatible; AhrefsBot/7.0; +http://ahrefs.com/robot/)"
173.231.59.202 - - [05/Jun/2021:03:22:32 +0200] "GET /pmwiki/pmwiki.php/Main/Ipr?action=print HTTP/1.1" 200 3775 "http://swpat.zpok.hu/" "Mozilla/5.0 (compatible; Adsbot/3.1; +https://seostar.co/robot/)"
173.231.59.202 - - [05/Jun/2021:03:26:29 +0200] "GET /pmwiki/pmwiki.php/Main/Ipr?action=upload HTTP/1.1" 200 12202 "http://swpat.zpok.hu/" "Mozilla/5.0 (compatible; Adsbot/3.1; +https://seostar.co/robot/)"
173.231.59.202 - - [05/Jun/2021:03:30:22 +0200] "GET /pmwiki/pmwiki.php/Main/EUCD?action=diff HTTP/1.1" 200 24892 "http://swpat.zpok.hu/" "Mozilla/5.0 (compatible; Adsbot/3.1; +https://seostar.co/robot/)"
114.119.151.72 - - [05/Jun/2021:03:30:51 +0200] "GET /pmwiki/pmwiki.php/Main/Direkt%edva?action=edit HTTP/1.1" 200 12446 "-" "Mozilla/5.0 (Linux; Android 7.0;) AppleWebKit/537.36 (KHTML, like Gecko) Mobile Safari/537.36 (compatible; PetalBot;+https://webmaster.petalsearch.com/site/petalbot)"
173.231.59.202 - - [05/Jun/2021:03:34:10 +0200] "GET /pmwiki/pmwiki.php/Main/EUCD?action=edit HTTP/1.1" 200 12334 "http://swpat.zpok.hu/" "Mozilla/5.0 (compatible; Adsbot/3.1; +https://seostar.co/robot/)"
114.119.158.146 - - [05/Jun/2021:03:36:40 +0200] "GET /pmwiki/pmwiki.php/Main/BillGates%c9sM%e1sKommunist%e1k?action=print HTTP/1.1" 200 8782 "-" "Mozilla/5.0 (Linux; Android 7.0;) AppleWebKit/537.36 (KHTML, like Gecko) Mobile Safari/537.36 (compatible; PetalBot;+https://webmaster.petalsearch.com/site/petalbot)"
173.231.59.202 - - [05/Jun/2021:03:37:58 +0200] "GET /pmwiki/pmwiki.php/Main/EUCD?action=print HTTP/1.1" 200 3455 "http://swpat.zpok.hu/" "Mozilla/5.0 (compatible; Adsbot/3.1; +https://seostar.co/robot/)"
173.231.59.202 - - [05/Jun/2021:03:41:48 +0200] "GET /pmwiki/pmwiki.php/Main/EUCD?action=upload HTTP/1.1" 200 12214 "http://swpat.zpok.hu/" "Mozilla/5.0 (compatible; Adsbot/3.1; +https://seostar.co/robot/)"
173.231.59.202 - - [05/Jun/2021:03:45:34 +0200] "GET /pmwiki/pmwiki.php/Main/Cikkek?action=diff HTTP/1.1" 200 107776 "http://swpat.zpok.hu/" "Mozilla/5.0 (compatible; Adsbot/3.1; +https://seostar.co/robot/)"
185.191.171.18 - - [05/Jun/2021:03:49:51 +0200] "GET /robots.txt HTTP/1.1" 404 1181 "-" "Mozilla/5.0 (compatible; SemrushBot/7~bl; +http://www.semrush.com/bot.html)"
185.191.171.41 - - [05/Jun/2021:03:49:52 +0200] "GET /pmwiki/pmwiki.php/Main/Feb08PR?action=upload HTTP/1.1" 200 12266 "-" "Mozilla/5.0 (compatible; SemrushBot/7~bl; +http://www.semrush.com/bot.html)"
173.231.59.202 - - [05/Jun/2021:03:50:02 +0200] "GET /pmwiki/pmwiki.php/Main/Cikkek?action=edit HTTP/1.1" 200 12371 "http://swpat.zpok.hu/" "Mozilla/5.0 (compatible; Adsbot/3.1; +https://seostar.co/robot/)"
114.119.130.67 - - [05/Jun/2021:03:53:39 +0200] "GET /pmwiki/pmwiki.php/PmWiki/ChangesFromPmWiki1?action=diff HTTP/1.1" 200 13018 "-" "Mozilla/5.0 (Linux; Android 7.0;) AppleWebKit/537.36 (KHTML, like Gecko) Mobile Safari/537.36 (compatible; PetalBot;+https://webmaster.petalsearch.com/site/petalbot)"
173.231.59.202 - - [05/Jun/2021:03:53:44 +0200] "GET /pmwiki/pmwiki.php/Main/Cikkek?action=print HTTP/1.1" 200 57345 "http://swpat.zpok.hu/" "Mozilla/5.0 (compatible; Adsbot/3.1; +https://seostar.co/robot/)"
173.231.59.202 - - [05/Jun/2021:03:58:03 +0200] "GET /pmwiki/pmwiki.php/Main/Cikkek?action=upload HTTP/1.1" 200 12251 "http://swpat.zpok.hu/" "Mozilla/5.0 (compatible; Adsbot/3.1; +https://seostar.co/robot/)"
173.231.59.202 - - [05/Jun/2021:04:02:31 +0200] "GET /pmwiki/pmwiki.php/Main/Doksik?action=diff HTTP/1.1" 200 19426 "http://swpat.zpok.hu/" "Mozilla/5.0 (compatible; Adsbot/3.1; +https://seostar.co/robot/)"
173.231.59.202 - - [05/Jun/2021:04:05:18 +0200] "GET /pmwiki/pmwiki.php/Main/Doksik?action=edit HTTP/1.1" 200 12366 "http://swpat.zpok.hu/" "Mozilla/5.0 (compatible; Adsbot/3.1; +https://seostar.co/robot/)"
173.231.59.202 - - [05/Jun/2021:04:09:37 +0200] "GET /pmwiki/pmwiki.php/Main/Doksik?action=print HTTP/1.1" 200 4591 "http://swpat.zpok.hu/" "Mozilla/5.0 (compatible; Adsbot/3.1; +https://seostar.co/robot/)"
173.231.59.202 - - [05/Jun/2021:04:13:14 +0200] "GET /pmwiki/pmwiki.php/Main/Doksik?action=upload HTTP/1.1" 200 12246 "http://swpat.zpok.hu/" "Mozilla/5.0 (compatible; Adsbot/3.1; +https://seostar.co/robot/)"
212.237.53.115 - - [05/Jun/2021:04:15:46 +0200] "HEAD /pmwiki/pmwiki.php HTTP/1.1" 200 0 "-" "Alert_Alligator_webmonitoring_service_1.6.3_(alertalligator.com)"
173.231.59.202 - - [05/Jun/2021:04:16:58 +0200] "GET /pmwiki/pmwiki.php/Main/Google?action=diff HTTP/1.1" 200 54350 "http://swpat.zpok.hu/" "Mozilla/5.0 (compatible; Adsbot/3.1; +https://seostar.co/robot/)"
173.231.59.202 - - [05/Jun/2021:04:21:16 +0200] "GET /pmwiki/pmwiki.php/Main/Google?action=edit HTTP/1.1" 200 12366 "http://swpat.zpok.hu/" "Mozilla/5.0 (compatible; Adsbot/3.1; +https://seostar.co/robot/)"
173.231.59.202 - - [05/Jun/2021:04:25:43 +0200] "GET /pmwiki/pmwiki.php/Main/Google?action=print HTTP/1.1" 200 15513 "http://swpat.zpok.hu/" "Mozilla/5.0 (compatible; Adsbot/3.1; +https://seostar.co/robot/)"
173.231.59.202 - - [05/Jun/2021:04:30:05 +0200] "GET /pmwiki/pmwiki.php/Main/Google?action=upload HTTP/1.1" 200 12246 "http://swpat.zpok.hu/" "Mozilla/5.0 (compatible; Adsbot/3.1; +https://seostar.co/robot/)"
173.231.59.202 - - [05/Jun/2021:04:33:36 +0200] "GET /pmwiki/pmwiki.php/Main/Linkek?action=diff HTTP/1.1" 200 38966 "http://swpat.zpok.hu/" "Mozilla/5.0 (compatible; Adsbot/3.1; +https://seostar.co/robot/)"
173.231.59.202 - - [05/Jun/2021:04:37:19 +0200] "GET /pmwiki/pmwiki.php/Main/Linkek?action=edit HTTP/1.1" 200 12370 "http://swpat.zpok.hu/" "Mozilla/5.0 (compatible; Adsbot/3.1; +https://seostar.co/robot/)"
173.231.59.202 - - [05/Jun/2021:04:41:38 +0200] "GET /pmwiki/pmwiki.php/Main/Linkek?action=print HTTP/1.1" 200 19357 "http://swpat.zpok.hu/" "Mozilla/5.0 (compatible; Adsbot/3.1; +https://seostar.co/robot/)"
114.119.156.251 - - [05/Jun/2021:04:45:51 +0200] "GET /pmwiki/pmwiki.php/Main/Rocard?action=edit HTTP/1.1" 200 12365 "-" "Mozilla/5.0 (Linux; Android 7.0;) AppleWebKit/537.36 (KHTML, like Gecko) Mobile Safari/537.36 (compatible; PetalBot;+https://webmaster.petalsearch.com/site/petalbot)"
173.231.59.202 - - [05/Jun/2021:04:45:58 +0200] "GET /pmwiki/pmwiki.php/Main/Linkek?action=upload HTTP/1.1" 200 12250 "http://swpat.zpok.hu/" "Mozilla/5.0 (compatible; Adsbot/3.1; +https://seostar.co/robot/)"
173.231.59.202 - - [05/Jun/2021:04:51:01 +0200] "GET /pmwiki/pmwiki.php/Main/MiADRM?action=diff HTTP/1.1" 200 25129 "http://swpat.zpok.hu/" "Mozilla/5.0 (compatible; Adsbot/3.1; +https://seostar.co/robot/)"
173.231.59.202 - - [05/Jun/2021:04:55:18 +0200] "GET /pmwiki/pmwiki.php/Main/MiADRM?action=edit HTTP/1.1" 200 12366 "http://swpat.zpok.hu/" "Mozilla/5.0 (compatible; Adsbot/3.1; +https://seostar.co/robot/)"
114.119.129.205 - - [05/Jun/2021:04:57:29 +0200] "GET /pmwiki/pmwiki.php/Main/Power HTTP/1.1" 200 20204 "-" "Mozilla/5.0 (Linux; Android 7.0;) AppleWebKit/537.36 (KHTML, like Gecko) Mobile Safari/537.36 (compatible; PetalBot;+https://webmaster.petalsearch.com/site/petalbot)"
173.231.59.202 - - [05/Jun/2021:04:59:25 +0200] "GET /pmwiki/pmwiki.php/Main/MiADRM?action=print HTTP/1.1" 200 3337 "http://swpat.zpok.hu/" "Mozilla/5.0 (compatible; Adsbot/3.1; +https://seostar.co/robot/)"
173.231.59.202 - - [05/Jun/2021:05:04:22 +0200] "GET /pmwiki/pmwiki.php/Main/MiADRM?action=upload HTTP/1.1" 200 12246 "http://swpat.zpok.hu/" "Mozilla/5.0 (compatible; Adsbot/3.1; +https://seostar.co/robot/)"
173.231.59.202 - - [05/Jun/2021:05:08:34 +0200] "GET /pmwiki/pmwiki.php/Main/C%e9lok?action=diff HTTP/1.1" 200 23024 "http://swpat.zpok.hu/" "Mozilla/5.0 (compatible; Adsbot/3.1; +https://seostar.co/robot/)"
173.231.59.202 - - [05/Jun/2021:05:11:54 +0200] "GET /pmwiki/pmwiki.php/Main/C%e9lok?action=edit HTTP/1.1" 200 12378 "http://swpat.zpok.hu/" "Mozilla/5.0 (compatible; Adsbot/3.1; +https://seostar.co/robot/)"
212.237.53.115 - - [05/Jun/2021:05:16:30 +0200] "HEAD /pmwiki/pmwiki.php HTTP/1.1" 200 0 "-" "Alert_Alligator_webmonitoring_service_1.6.3_(alertalligator.com)"
173.231.59.202 - - [05/Jun/2021:05:16:46 +0200] "GET /pmwiki/pmwiki.php/Main/C%e9lok?action=print HTTP/1.1" 200 3154 "http://swpat.zpok.hu/" "Mozilla/5.0 (compatible; Adsbot/3.1; +https://seostar.co/robot/)"
173.231.59.202 - - [05/Jun/2021:05:21:38 +0200] "GET /pmwiki/pmwiki.php/Main/C%e9lok?action=upload HTTP/1.1" 200 12258 "http://swpat.zpok.hu/" "Mozilla/5.0 (compatible; Adsbot/3.1; +https://seostar.co/robot/)"
173.231.59.202 - - [05/Jun/2021:05:24:57 +0200] "GET /pmwiki/pmwiki.php/Main/H%edrek?action=diff HTTP/1.1" 200 21348 "http://swpat.zpok.hu/" "Mozilla/5.0 (compatible; Adsbot/3.1; +https://seostar.co/robot/)"
173.231.59.202 - - [05/Jun/2021:05:28:09 +0200] "GET /pmwiki/pmwiki.php/Main/H%edrek?action=edit HTTP/1.1" 200 12380 "http://swpat.zpok.hu/" "Mozilla/5.0 (compatible; Adsbot/3.1; +https://seostar.co/robot/)"
114.119.129.205 - - [05/Jun/2021:05:32:09 +0200] "GET /pmwiki/pmwiki.php/Main/Cutts HTTP/1.1" 200 31570 "-" "Mozilla/5.0 (Linux; Android 7.0;) AppleWebKit/537.36 (KHTML, like Gecko) Mobile Safari/537.36 (compatible; PetalBot;+https://webmaster.petalsearch.com/site/petalbot)"
173.231.59.202 - - [05/Jun/2021:05:32:56 +0200] "GET /pmwiki/pmwiki.php/Main/H%edrek?action=print HTTP/1.1" 200 5506 "http://swpat.zpok.hu/" "Mozilla/5.0 (compatible; Adsbot/3.1; +https://seostar.co/robot/)"
173.231.59.202 - - [05/Jun/2021:05:36:58 +0200] "GET /pmwiki/pmwiki.php/Main/H%edrek?action=upload HTTP/1.1" 200 12260 "http://swpat.zpok.hu/" "Mozilla/5.0 (compatible; Adsbot/3.1; +https://seostar.co/robot/)"
185.191.171.8 - - [05/Jun/2021:05:38:51 +0200] "GET /robots.txt HTTP/1.1" 404 1181 "-" "Mozilla/5.0 (compatible; SemrushBot/7~bl; +http://www.semrush.com/bot.html)"
185.191.171.44 - - [05/Jun/2021:05:38:52 +0200] "GET /pmwiki/pmwiki.php/Main/MiADRM?action=diff HTTP/1.1" 200 25129 "-" "Mozilla/5.0 (compatible; SemrushBot/7~bl; +http://www.semrush.com/bot.html)"
54.36.148.151 - - [05/Jun/2021:05:39:48 +0200] "GET /pmwiki/pmwiki.php/Main/AzEur%F3paiParlament%DAjraind%EDt%E1stK%F6vetelAzEln%F6kiKonferenciaElfogadtaAzInd%EDtv%E1nyt HTTP/1.1" 200 16658 "-" "Mozilla/5.0 (compatible; AhrefsBot/7.0; +http://ahrefs.com/robot/)"
173.231.59.202 - - [05/Jun/2021:05:41:04 +0200] "GET /pmwiki/pmwiki.php/Main/HomePage?action=diff HTTP/1.1" 200 115393 "http://swpat.zpok.hu/" "Mozilla/5.0 (compatible; Adsbot/3.1; +https://seostar.co/robot/)"
114.119.151.81 - - [05/Jun/2021:05:43:45 +0200] "GET /pmwiki/pmwiki.php/Main/H%edrek?action=edit HTTP/1.1" 200 12380 "-" "Mozilla/5.0 (Linux; Android 7.0;) AppleWebKit/537.36 (KHTML, like Gecko) Mobile Safari/537.36 (compatible; PetalBot;+https://webmaster.petalsearch.com/site/petalbot)"
173.231.59.202 - - [05/Jun/2021:05:48:24 +0200] "GET /pmwiki/pmwiki.php/Main/HomePage?action=edit HTTP/1.1" 200 12401 "http://swpat.zpok.hu/" "Mozilla/5.0 (compatible; Adsbot/3.1; +https://seostar.co/robot/)"
185.191.171.36 - - [05/Jun/2021:05:52:43 +0200] "GET /pmwiki/pmwiki.php/Main/MitTehetek?action=diff HTTP/1.1" 200 26258 "-" "Mozilla/5.0 (compatible; SemrushBot/7~bl; +http://www.semrush.com/bot.html)"
173.231.59.202 - - [05/Jun/2021:05:53:10 +0200] "GET /pmwiki/pmwiki.php/Main/HomePage?action=print HTTP/1.1" 200 27869 "http://swpat.zpok.hu/" "Mozilla/5.0 (compatible; Adsbot/3.1; +https://seostar.co/robot/)"
114.119.149.252 - - [05/Jun/2021:05:55:21 +0200] "GET /pmwiki/pmwiki.php/Main/Marc08essay HTTP/1.1" 200 18792 "-" "Mozilla/5.0 (Linux; Android 7.0;) AppleWebKit/537.36 (KHTML, like Gecko) Mobile Safari/537.36 (compatible; PetalBot;+https://webmaster.petalsearch.com/site/petalbot)"
173.231.59.202 - - [05/Jun/2021:05:57:13 +0200] "GET /pmwiki/pmwiki.php/Main/HomePage?action=upload HTTP/1.1" 200 12281 "http://swpat.zpok.hu/" "Mozilla/5.0 (compatible; Adsbot/3.1; +https://seostar.co/robot/)"
173.231.59.202 - - [05/Jun/2021:06:02:43 +0200] "GET /pmwiki/pmwiki.php/PmWiki/PmWiki?action=diff HTTP/1.1" 200 457953 "http://swpat.zpok.hu/" "Mozilla/5.0 (compatible; Adsbot/3.1; +https://seostar.co/robot/)"
173.231.59.202 - - [05/Jun/2021:06:07:27 +0200] "GET /pmwiki/pmwiki.php/PmWiki/PmWiki?action=edit HTTP/1.1" 200 12400 "http://swpat.zpok.hu/" "Mozilla/5.0 (compatible; Adsbot/3.1; +https://seostar.co/robot/)"
173.231.59.202 - - [05/Jun/2021:06:10:33 +0200] "GET /pmwiki/pmwiki.php/PmWiki/PmWiki?action=print HTTP/1.1" 200 106902 "http://swpat.zpok.hu/" "Mozilla/5.0 (compatible; Adsbot/3.1; +https://seostar.co/robot/)"
173.231.59.202 - - [05/Jun/2021:06:13:38 +0200] "GET /pmwiki/pmwiki.php/PmWiki/PmWiki?action=upload HTTP/1.1" 200 12280 "http://swpat.zpok.hu/" "Mozilla/5.0 (compatible; Adsbot/3.1; +https://seostar.co/robot/)"
173.231.59.202 - - [05/Jun/2021:06:17:26 +0200] "GET /pmwiki/pmwiki.php/Main/CikkekDRM?action=diff HTTP/1.1" 200 21048 "http://swpat.zpok.hu/" "Mozilla/5.0 (compatible; Adsbot/3.1; +https://seostar.co/robot/)"
114.119.130.67 - - [05/Jun/2021:06:18:25 +0200] "GET /pmwiki/pmwiki.php/Main/CikkekDRM?action=edit HTTP/1.1" 200 12418 "-" "Mozilla/5.0 (Linux; Android 7.0;) AppleWebKit/537.36 (KHTML, like Gecko) Mobile Safari/537.36 (compatible; PetalBot;+https://webmaster.petalsearch.com/site/petalbot)"
212.237.23.143 - - [05/Jun/2021:06:18:31 +0200] "HEAD /pmwiki/pmwiki.php HTTP/1.1" 200 0 "-" "Alert_Alligator_webmonitoring_service_1.6.3_(alertalligator.com)"
173.231.59.202 - - [05/Jun/2021:06:21:12 +0200] "GET /pmwiki/pmwiki.php/Main/CikkekDRM?action=edit HTTP/1.1" 200 12418 "http://swpat.zpok.hu/" "Mozilla/5.0 (compatible; Adsbot/3.1; +https://seostar.co/robot/)"
173.231.59.202 - - [05/Jun/2021:06:24:16 +0200] "GET /pmwiki/pmwiki.php/Main/CikkekDRM?action=print HTTP/1.1" 200 8479 "http://swpat.zpok.hu/" "Mozilla/5.0 (compatible; Adsbot/3.1; +https://seostar.co/robot/)"
185.191.171.1 - - [05/Jun/2021:06:24:58 +0200] "GET /pmwiki/pmwiki.php/Main/Virsligy%E1r?action=diff HTTP/1.1" 200 26293 "-" "Mozilla/5.0 (compatible; SemrushBot/7~bl; +http://www.semrush.com/bot.html)"
173.231.59.202 - - [05/Jun/2021:06:26:32 +0200] "GET /pmwiki/pmwiki.php/Main/CikkekDRM?action=upload HTTP/1.1" 200 12298 "http://swpat.zpok.hu/" "Mozilla/5.0 (compatible; Adsbot/3.1; +https://seostar.co/robot/)"
173.231.59.202 - - [05/Jun/2021:06:28:04 +0200] "GET /pmwiki/pmwiki.php/Main/JogiOldal?action=diff HTTP/1.1" 200 27426 "http://swpat.zpok.hu/" "Mozilla/5.0 (compatible; Adsbot/3.1; +https://seostar.co/robot/)"
