114.119.158.146 - - [18/Jun/2021:23:59:43 +0200] "GET /pmwiki/pmwiki.php/Main/AJelenlegiSzerzoiJogiTorveny?action=diff HTTP/1.1" 200 35610 "-" "Mozilla/5.0 (Linux; Android 7.0;) AppleWebKit/537.36 (KHTML, like Gecko) Mobile Safari/537.36 (compatible; PetalBot;+https://webmaster.petalsearch.com/site/petalbot)"
159.69.145.50 - - [19/Jun/2021:00:01:00 +0200] "HEAD /pmwiki/pmwiki.php HTTP/1.1" 200 0 "-" "Alert_Alligator_webmonitoring_service_1.6.3_(alertalligator.com)"
185.191.171.15 - - [19/Jun/2021:00:06:57 +0200] "GET /robots.txt HTTP/1.1" 404 1181 "-" "Mozilla/5.0 (compatible; SemrushBot/7~bl; +http://www.semrush.com/bot.html)"
185.191.171.11 - - [19/Jun/2021:00:07:03 +0200] "GET /pmwiki/pmwiki.php/Main/2005J%FAnius HTTP/1.1" 200 15094 "-" "Mozilla/5.0 (compatible; SemrushBot/7~bl; +http://www.semrush.com/bot.html)"
114.119.149.252 - - [19/Jun/2021:00:07:08 +0200] "GET /pmwiki/pmwiki.php/Main/HarcT%edzITSzabadalomEllen?action=diff HTTP/1.1" 200 16498 "-" "Mozilla/5.0 (Linux; Android 7.0;) AppleWebKit/537.36 (KHTML, like Gecko) Mobile Safari/537.36 (compatible; PetalBot;+https://webmaster.petalsearch.com/site/petalbot)"
114.119.149.252 - - [19/Jun/2021:00:16:00 +0200] "GET /pmwiki/pmwiki.php/Main/AzIPRJavaslat?action=print HTTP/1.1" 200 5182 "-" "Mozilla/5.0 (Linux; Android 7.0;) AppleWebKit/537.36 (KHTML, like Gecko) Mobile Safari/537.36 (compatible; PetalBot;+https://webmaster.petalsearch.com/site/petalbot)"
114.119.158.146 - - [19/Jun/2021:00:20:08 +0200] "GET /pmwiki/pmwiki.php/Main/AzEUBizotts%e1gaL%e1bbalTiporjaADemokr%e1ci%e1t?action=diff HTTP/1.1" 200 20118 "-" "Mozilla/5.0 (Linux; Android 7.0;) AppleWebKit/537.36 (KHTML, like Gecko) Mobile Safari/537.36 (compatible; PetalBot;+https://webmaster.petalsearch.com/site/petalbot)"
114.119.151.81 - - [19/Jun/2021:00:26:53 +0200] "GET /pmwiki/pmwiki.php/Main/2005M%e1rciusiNy%edltLev%e9l?action=diff HTTP/1.1" 200 15621 "-" "Mozilla/5.0 (Linux; Android 7.0;) AppleWebKit/537.36 (KHTML, like Gecko) Mobile Safari/537.36 (compatible; PetalBot;+https://webmaster.petalsearch.com/site/petalbot)"
114.119.129.205 - - [19/Jun/2021:00:29:08 +0200] "GET /pmwiki/pmwiki.php/Main/2005M%e1rcius8 HTTP/1.1" 200 30044 "-" "Mozilla/5.0 (Linux; Android 7.0;) AppleWebKit/537.36 (KHTML, like Gecko) Mobile Safari/537.36 (compatible; PetalBot;+https://webmaster.petalsearch.com/site/petalbot)"
114.119.155.230 - - [19/Jun/2021:00:44:24 +0200] "GET /pmwiki/pmwiki.php/Main/BillGates%c9sM%e1sKommunist%e1k?action=edit HTTP/1.1" 200 12758 "-" "Mozilla/5.0 (Linux; Android 7.0;) AppleWebKit/537.36 (KHTML, like Gecko) Mobile Safari/537.36 (compatible; PetalBot;+https://webmaster.petalsearch.com/site/petalbot)"
114.119.156.251 - - [19/Jun/2021:00:46:31 +0200] "GET /pmwiki/pmwiki.php/Main/ADRMH%e1tr%e1nyai?action=upload HTTP/1.1" 200 12414 "-" "Mozilla/5.0 (Linux; Android 7.0;) AppleWebKit/537.36 (KHTML, like Gecko) Mobile Safari/537.36 (compatible; PetalBot;+https://webmaster.petalsearch.com/site/petalbot)"
114.119.149.252 - - [19/Jun/2021:00:50:53 +0200] "GET /pmwiki/pmwiki.php/Main/MitTehetek HTTP/1.1" 200 13755 "-" "Mozilla/5.0 (Linux; Android 7.0;) AppleWebKit/537.36 (KHTML, like Gecko) Mobile Safari/537.36 (compatible; PetalBot;+https://webmaster.petalsearch.com/site/petalbot)"
114.119.151.72 - - [19/Jun/2021:00:53:34 +0200] "GET /pmwiki/pmwiki.php/Main/ThankYouPoland?action=diff HTTP/1.1" 200 15641 "-" "Mozilla/5.0 (Linux; Android 7.0;) AppleWebKit/537.36 (KHTML, like Gecko) Mobile Safari/537.36 (compatible; PetalBot;+https://webmaster.petalsearch.com/site/petalbot)"
49.12.13.109 - - [19/Jun/2021:01:00:02 +0200] "HEAD /pmwiki/pmwiki.php HTTP/1.1" 200 0 "-" "Alert_Alligator_webmonitoring_service_1.6.3_(alertalligator.com)"
114.119.158.146 - - [19/Jun/2021:01:08:32 +0200] "GET /pmwiki/pmwiki.php/PmWiki/TipsForEditing?action=edit HTTP/1.1" 200 12532 "-" "Mozilla/5.0 (Linux; Android 7.0;) AppleWebKit/537.36 (KHTML, like Gecko) Mobile Safari/537.36 (compatible; PetalBot;+https://webmaster.petalsearch.com/site/petalbot)"
114.119.156.251 - - [19/Jun/2021:01:21:37 +0200] "GET /pmwiki/pmwiki.php/PmWiki/UpgradingFromPmWiki1 HTTP/1.1" 200 18372 "-" "Mozilla/5.0 (Linux; Android 7.0;) AppleWebKit/537.36 (KHTML, like Gecko) Mobile Safari/537.36 (compatible; PetalBot;+https://webmaster.petalsearch.com/site/petalbot)"
114.119.130.67 - - [19/Jun/2021:01:37:02 +0200] "GET /pmwiki/pmwiki.php/Main/JogiOldal?action=diff&source=n&minor=n HTTP/1.1" 200 27426 "-" "Mozilla/5.0 (Linux; Android 7.0;) AppleWebKit/537.36 (KHTML, like Gecko) Mobile Safari/537.36 (compatible; PetalBot;+https://webmaster.petalsearch.com/site/petalbot)"
114.119.155.230 - - [19/Jun/2021:01:39:13 +0200] "GET /pmwiki/pmwiki.php/Main/HeringgelMegval%f3s%edtottTal%e1lm%e1nyok?action=upload HTTP/1.1" 200 12794 "-" "Mozilla/5.0 (Linux; Android 7.0;) AppleWebKit/537.36 (KHTML, like Gecko) Mobile Safari/537.36 (compatible; PetalBot;+https://webmaster.petalsearch.com/site/petalbot)"
114.119.132.6 - - [19/Jun/2021:01:45:49 +0200] "GET /pmwiki/pmwiki.php/Main/MitTehetek?action=edit&restore=diff%3A1118731058%3A1118731012%3A&preview=y HTTP/1.1" 200 12482 "-" "Mozilla/5.0 (Linux; Android 7.0;) AppleWebKit/537.36 (KHTML, like Gecko) Mobile Safari/537.36 (compatible; PetalBot;+https://webmaster.petalsearch.com/site/petalbot)"
114.119.156.251 - - [19/Jun/2021:01:54:49 +0200] "GET /pmwiki/pmwiki.php/Main/Marc08essay?action=print HTTP/1.1" 200 9200 "-" "Mozilla/5.0 (Linux; Android 7.0;) AppleWebKit/537.36 (KHTML, like Gecko) Mobile Safari/537.36 (compatible; PetalBot;+https://webmaster.petalsearch.com/site/petalbot)"
114.119.132.6 - - [19/Jun/2021:01:59:09 +0200] "GET /pmwiki/pmwiki.php/PmWiki/LocalCustomizations HTTP/1.1" 200 16199 "-" "Mozilla/5.0 (Linux; Android 7.0;) AppleWebKit/537.36 (KHTML, like Gecko) Mobile Safari/537.36 (compatible; PetalBot;+https://webmaster.petalsearch.com/site/petalbot)"
159.69.145.50 - - [19/Jun/2021:01:59:46 +0200] "HEAD /pmwiki/pmwiki.php HTTP/1.1" 200 0 "-" "Alert_Alligator_webmonitoring_service_1.6.3_(alertalligator.com)"
185.191.171.26 - - [19/Jun/2021:02:10:27 +0200] "GET /robots.txt HTTP/1.1" 404 1181 "-" "Mozilla/5.0 (compatible; SemrushBot/7~bl; +http://www.semrush.com/bot.html)"
185.191.171.44 - - [19/Jun/2021:02:10:28 +0200] "GET /pmwiki/pmwiki.php/Main/JuriHPOEloterjesztes?action=upload HTTP/1.1" 200 12470 "-" "Mozilla/5.0 (compatible; SemrushBot/7~bl; +http://www.semrush.com/bot.html)"
114.119.158.146 - - [19/Jun/2021:02:12:24 +0200] "GET /pmwiki/pmwiki.php/Main/2004-esNyilatkozat?action=print HTTP/1.1" 200 6026 "-" "Mozilla/5.0 (Linux; Android 7.0;) AppleWebKit/537.36 (KHTML, like Gecko) Mobile Safari/537.36 (compatible; PetalBot;+https://webmaster.petalsearch.com/site/petalbot)"
114.119.155.144 - - [19/Jun/2021:02:15:51 +0200] "GET /pmwiki/pmwiki.php/Main/Bitem0304?action=edit HTTP/1.1" 200 12415 "-" "Mozilla/5.0 (Linux; Android 7.0;) AppleWebKit/537.36 (KHTML, like Gecko) Mobile Safari/537.36 (compatible; PetalBot;+https://webmaster.petalsearch.com/site/petalbot)"
114.119.129.205 - - [19/Jun/2021:02:25:37 +0200] "GET /pmwiki/pmwiki.php/Main/Lev%e9lAParlamentInformaitikaiBizotts%e1gaEln%f6k%e9nek?action=edit HTTP/1.1" 200 13134 "-" "Mozilla/5.0 (Linux; Android 7.0;) AppleWebKit/537.36 (KHTML, like Gecko) Mobile Safari/537.36 (compatible; PetalBot;+https://webmaster.petalsearch.com/site/petalbot)"
157.90.209.78 - - [19/Jun/2021:02:38:40 +0200] "GET /robots.txt HTTP/1.1" 404 1181 "-" "Mozilla/5.0 (compatible; BLEXBot/1.0; +http://webmeup-crawler.com/)"
157.90.209.78 - - [19/Jun/2021:02:38:41 +0200] "GET /pmwiki/pmwiki.php/Main/Tud%EF%BF%BDsmonop%EF%BF%BDlium HTTP/1.1" 302 181 "-" "Mozilla/5.0 (compatible; BLEXBot/1.0; +http://webmeup-crawler.com/)"
157.90.209.78 - - [19/Jun/2021:02:38:41 +0200] "GET /pmwiki/pmwiki.php/Main/Tud HTTP/1.1" 404 11843 "-" "Mozilla/5.0 (compatible; BLEXBot/1.0; +http://webmeup-crawler.com/)"
157.90.209.78 - - [19/Jun/2021:02:38:45 +0200] "GET /sitemap.xml HTTP/1.1" 404 1181 "-" "Mozilla/5.0 (compatible; BLEXBot/1.0; +http://webmeup-crawler.com/)"
157.90.209.78 - - [19/Jun/2021:02:38:46 +0200] "GET /sitemap.xml HTTP/1.1" 404 1181 "-" "Mozilla/5.0 (compatible; BLEXBot/1.0; +http://webmeup-crawler.com/)"
157.90.209.78 - - [19/Jun/2021:02:38:49 +0200] "GET /pmwiki/pmwiki.php HTTP/1.1" 200 37269 "-" "Mozilla/5.0 (compatible; BLEXBot/1.0; +http://webmeup-crawler.com/)"
157.90.209.78 - - [19/Jun/2021:02:38:52 +0200] "GET /pmwiki/pmwiki.php/Main HTTP/1.1" 302 186 "-" "Mozilla/5.0 (compatible; BLEXBot/1.0; +http://webmeup-crawler.com/)"
157.90.209.78 - - [19/Jun/2021:02:38:52 +0200] "GET /pmwiki/pmwiki.php/Main/HomePage HTTP/1.1" 200 37269 "-" "Mozilla/5.0 (compatible; BLEXBot/1.0; +http://webmeup-crawler.com/)"
157.90.209.78 - - [19/Jun/2021:02:38:55 +0200] "GET /pmwiki/pmwiki.php/Main/ABundestagT%EF%BF%BDmogatjaAzEur%EF%BF%BDpaiParlamentet HTTP/1.1" 302 189 "-" "Mozilla/5.0 (compatible; BLEXBot/1.0; +http://webmeup-crawler.com/)"
157.90.209.78 - - [19/Jun/2021:02:38:55 +0200] "GET /pmwiki/pmwiki.php/Main/ABundestagT HTTP/1.1" 404 11971 "-" "Mozilla/5.0 (compatible; BLEXBot/1.0; +http://webmeup-crawler.com/)"
114.119.158.146 - - [19/Jun/2021:02:38:58 +0200] "GET /pmwiki/pmwiki.php/Main/GatesMegzsaroltaD%e1ni%e1t?action=upload HTTP/1.1" 200 12562 "-" "Mozilla/5.0 (Linux; Android 7.0;) AppleWebKit/537.36 (KHTML, like Gecko) Mobile Safari/537.36 (compatible; PetalBot;+https://webmaster.petalsearch.com/site/petalbot)"
157.90.209.78 - - [19/Jun/2021:02:38:59 +0200] "GET /pmwiki/pmwiki.php/Main/ADRMH%EF%BF%BDtr%EF%BF%BDnyai HTTP/1.1" 302 183 "-" "Mozilla/5.0 (compatible; BLEXBot/1.0; +http://webmeup-crawler.com/)"
157.90.209.78 - - [19/Jun/2021:02:39:00 +0200] "GET /pmwiki/pmwiki.php/Main/ADRMH HTTP/1.1" 404 11875 "-" "Mozilla/5.0 (compatible; BLEXBot/1.0; +http://webmeup-crawler.com/)"
157.90.209.78 - - [19/Jun/2021:02:39:04 +0200] "GET /pmwiki/pmwiki.php/Main/AJelenlegiSzerzoiJogiTorveny HTTP/1.1" 200 18664 "-" "Mozilla/5.0 (compatible; BLEXBot/1.0; +http://webmeup-crawler.com/)"
157.90.209.78 - - [19/Jun/2021:02:39:07 +0200] "GET /pmwiki/pmwiki.php/Main/AdelphiAlapokm%EF%BF%BDny HTTP/1.1" 302 192 "-" "Mozilla/5.0 (compatible; BLEXBot/1.0; +http://webmeup-crawler.com/)"
157.90.209.78 - - [19/Jun/2021:02:39:07 +0200] "GET /pmwiki/pmwiki.php/Main/AdelphiAlapokm HTTP/1.1" 404 12019 "-" "Mozilla/5.0 (compatible; BLEXBot/1.0; +http://webmeup-crawler.com/)"
157.90.209.78 - - [19/Jun/2021:02:39:10 +0200] "GET /pmwiki/pmwiki.php/Main/AzIPRJavaslat HTTP/1.1" 200 14797 "-" "Mozilla/5.0 (compatible; BLEXBot/1.0; +http://webmeup-crawler.com/)"
157.90.209.78 - - [19/Jun/2021:02:39:14 +0200] "GET /pmwiki/pmwiki.php/Main/BMEKonferencia HTTP/1.1" 200 14864 "-" "Mozilla/5.0 (compatible; BLEXBot/1.0; +http://webmeup-crawler.com/)"
157.90.209.78 - - [19/Jun/2021:02:39:18 +0200] "GET /pmwiki/pmwiki.php/Main/Befektet%EF%BF%BDsv%EF%BF%BDdelem HTTP/1.1" 302 186 "-" "Mozilla/5.0 (compatible; BLEXBot/1.0; +http://webmeup-crawler.com/)"
157.90.209.78 - - [19/Jun/2021:02:39:18 +0200] "GET /pmwiki/pmwiki.php/Main/Befektet HTTP/1.1" 404 11923 "-" "Mozilla/5.0 (compatible; BLEXBot/1.0; +http://webmeup-crawler.com/)"
157.90.209.78 - - [19/Jun/2021:02:39:21 +0200] "GET /pmwiki/pmwiki.php/Main/C%EF%BF%BDlok HTTP/1.1" 302 179 "-" "Mozilla/5.0 (compatible; BLEXBot/1.0; +http://webmeup-crawler.com/)"
157.90.209.78 - - [19/Jun/2021:02:39:21 +0200] "GET /pmwiki/pmwiki.php/Main/C HTTP/1.1" 404 11811 "-" "Mozilla/5.0 (compatible; BLEXBot/1.0; +http://webmeup-crawler.com/)"
157.90.209.78 - - [19/Jun/2021:02:39:25 +0200] "GET /pmwiki/pmwiki.php/Main/Cikkek HTTP/1.1" 200 66799 "-" "Mozilla/5.0 (compatible; BLEXBot/1.0; +http://webmeup-crawler.com/)"
157.90.209.78 - - [19/Jun/2021:02:39:27 +0200] "GET /pmwiki/pmwiki.php/Main/CikkekDRM HTTP/1.1" 200 18047 "-" "Mozilla/5.0 (compatible; BLEXBot/1.0; +http://webmeup-crawler.com/)"
157.90.209.78 - - [19/Jun/2021:02:39:30 +0200] "GET /pmwiki/pmwiki.php/Main/CikkekPrivacy HTTP/1.1" 200 12503 "-" "Mozilla/5.0 (compatible; BLEXBot/1.0; +http://webmeup-crawler.com/)"
157.90.209.78 - - [19/Jun/2021:02:39:33 +0200] "GET /pmwiki/pmwiki.php/Main/DRM HTTP/1.1" 200 14856 "-" "Mozilla/5.0 (compatible; BLEXBot/1.0; +http://webmeup-crawler.com/)"
157.90.209.78 - - [19/Jun/2021:02:39:37 +0200] "GET /pmwiki/pmwiki.php/Main/DRMMunkacsoport HTTP/1.1" 200 12700 "-" "Mozilla/5.0 (compatible; BLEXBot/1.0; +http://webmeup-crawler.com/)"
157.90.209.78 - - [19/Jun/2021:02:39:40 +0200] "GET /pmwiki/pmwiki.php/Main/Direkt%EF%BF%BDva HTTP/1.1" 302 184 "-" "Mozilla/5.0 (compatible; BLEXBot/1.0; +http://webmeup-crawler.com/)"
157.90.209.78 - - [19/Jun/2021:02:39:40 +0200] "GET /pmwiki/pmwiki.php/Main/Direkt HTTP/1.1" 404 11891 "-" "Mozilla/5.0 (compatible; BLEXBot/1.0; +http://webmeup-crawler.com/)"
157.90.209.78 - - [19/Jun/2021:02:39:43 +0200] "GET /pmwiki/pmwiki.php/Main/Doksik HTTP/1.1" 200 14123 "-" "Mozilla/5.0 (compatible; BLEXBot/1.0; +http://webmeup-crawler.com/)"
157.90.209.78 - - [19/Jun/2021:02:39:46 +0200] "GET /pmwiki/pmwiki.php/Main/EUCD HTTP/1.1" 200 12963 "-" "Mozilla/5.0 (compatible; BLEXBot/1.0; +http://webmeup-crawler.com/)"
157.90.209.78 - - [19/Jun/2021:02:39:50 +0200] "GET /pmwiki/pmwiki.php/Main/FAQ HTTP/1.1" 200 17652 "-" "Mozilla/5.0 (compatible; BLEXBot/1.0; +http://webmeup-crawler.com/)"
157.90.209.78 - - [19/Jun/2021:02:39:52 +0200] "GET /pmwiki/pmwiki.php/Main/Gazdas%EF%BF%BDgiOldal HTTP/1.1" 302 184 "-" "Mozilla/5.0 (compatible; BLEXBot/1.0; +http://webmeup-crawler.com/)"
157.90.209.78 - - [19/Jun/2021:02:39:52 +0200] "GET /pmwiki/pmwiki.php/Main/Gazdas HTTP/1.1" 404 11891 "-" "Mozilla/5.0 (compatible; BLEXBot/1.0; +http://webmeup-crawler.com/)"
157.90.209.78 - - [19/Jun/2021:02:39:56 +0200] "GET /pmwiki/pmwiki.php/Main/Google HTTP/1.1" 200 25006 "-" "Mozilla/5.0 (compatible; BLEXBot/1.0; +http://webmeup-crawler.com/)"
157.90.209.78 - - [19/Jun/2021:02:39:58 +0200] "GET /pmwiki/pmwiki.php/Main/H%EF%BF%BDrek HTTP/1.1" 302 179 "-" "Mozilla/5.0 (compatible; BLEXBot/1.0; +http://webmeup-crawler.com/)"
157.90.209.78 - - [19/Jun/2021:02:39:59 +0200] "GET /pmwiki/pmwiki.php/Main/H HTTP/1.1" 404 11811 "-" "Mozilla/5.0 (compatible; BLEXBot/1.0; +http://webmeup-crawler.com/)"
157.90.209.78 - - [19/Jun/2021:02:40:01 +0200] "GET /pmwiki/pmwiki.php/Main/HeringgelMegval%EF%BF%BDs%EF%BF%BDtottTal%EF%BF%BDlm%EF%BF%BDnyok HTTP/1.1" 302 193 "-" "Mozilla/5.0 (compatible; BLEXBot/1.0; +http://webmeup-crawler.com/)"
157.90.209.78 - - [19/Jun/2021:02:40:01 +0200] "GET /pmwiki/pmwiki.php/Main/HeringgelMegval HTTP/1.1" 404 12035 "-" "Mozilla/5.0 (compatible; BLEXBot/1.0; +http://webmeup-crawler.com/)"
157.90.209.78 - - [19/Jun/2021:02:40:04 +0200] "GET /pmwiki/pmwiki.php/Main/HomePage HTTP/1.1" 200 37269 "-" "Mozilla/5.0 (compatible; BLEXBot/1.0; +http://webmeup-crawler.com/)"
157.90.209.78 - - [19/Jun/2021:02:40:08 +0200] "GET /pmwiki/pmwiki.php/Main/HomePage?action=diff HTTP/1.1" 200 115393 "-" "Mozilla/5.0 (compatible; BLEXBot/1.0; +http://webmeup-crawler.com/)"
157.90.209.78 - - [19/Jun/2021:02:40:11 +0200] "GET /pmwiki/pmwiki.php/Main/HomePage?action=edit HTTP/1.1" 200 12401 "-" "Mozilla/5.0 (compatible; BLEXBot/1.0; +http://webmeup-crawler.com/)"
157.90.209.78 - - [19/Jun/2021:02:40:14 +0200] "GET /pmwiki/pmwiki.php/Main/HomePage?action=print HTTP/1.1" 200 27869 "-" "Mozilla/5.0 (compatible; BLEXBot/1.0; +http://webmeup-crawler.com/)"
157.90.209.78 - - [19/Jun/2021:02:40:17 +0200] "GET /pmwiki/pmwiki.php/Main/HomePage?action=upload HTTP/1.1" 200 12281 "-" "Mozilla/5.0 (compatible; BLEXBot/1.0; +http://webmeup-crawler.com/)"
157.90.209.78 - - [19/Jun/2021:02:40:20 +0200] "GET /pmwiki/pmwiki.php/Main/Ipr HTTP/1.1" 200 13258 "-" "Mozilla/5.0 (compatible; BLEXBot/1.0; +http://webmeup-crawler.com/)"
157.90.209.78 - - [19/Jun/2021:02:40:23 +0200] "GET /pmwiki/pmwiki.php/Main/JogiOldal HTTP/1.1" 200 26044 "-" "Mozilla/5.0 (compatible; BLEXBot/1.0; +http://webmeup-crawler.com/)"
157.90.209.78 - - [19/Jun/2021:02:40:26 +0200] "GET /pmwiki/pmwiki.php/Main/LehetsegesJavitasokEuropaban HTTP/1.1" 200 14070 "-" "Mozilla/5.0 (compatible; BLEXBot/1.0; +http://webmeup-crawler.com/)"
157.90.209.78 - - [19/Jun/2021:02:40:29 +0200] "GET /pmwiki/pmwiki.php/Main/Linkek HTTP/1.1" 200 28889 "-" "Mozilla/5.0 (compatible; BLEXBot/1.0; +http://webmeup-crawler.com/)"
157.90.209.78 - - [19/Jun/2021:02:40:32 +0200] "GET /pmwiki/pmwiki.php/Main/Marc08essay HTTP/1.1" 200 18792 "-" "Mozilla/5.0 (compatible; BLEXBot/1.0; +http://webmeup-crawler.com/)"
157.90.209.78 - - [19/Jun/2021:02:40:35 +0200] "GET /pmwiki/pmwiki.php/Main/MiADRM? HTTP/1.1" 200 12869 "-" "Mozilla/5.0 (compatible; BLEXBot/1.0; +http://webmeup-crawler.com/)"
157.90.209.78 - - [19/Jun/2021:02:40:37 +0200] "GET /pmwiki/pmwiki.php/Main/Minimum HTTP/1.1" 200 15284 "-" "Mozilla/5.0 (compatible; BLEXBot/1.0; +http://webmeup-crawler.com/)"
157.90.209.78 - - [19/Jun/2021:02:40:40 +0200] "GET /pmwiki/pmwiki.php/Main/MitTehetek? HTTP/1.1" 200 13755 "-" "Mozilla/5.0 (compatible; BLEXBot/1.0; +http://webmeup-crawler.com/)"
157.90.209.78 - - [19/Jun/2021:02:40:43 +0200] "GET /pmwiki/pmwiki.php/Main/Nyilatkozatok HTTP/1.1" 200 16071 "-" "Mozilla/5.0 (compatible; BLEXBot/1.0; +http://webmeup-crawler.com/)"
157.90.209.78 - - [19/Jun/2021:02:40:46 +0200] "GET /pmwiki/pmwiki.php/Main/RocardEp2 HTTP/1.1" 200 28076 "-" "Mozilla/5.0 (compatible; BLEXBot/1.0; +http://webmeup-crawler.com/)"
157.90.209.78 - - [19/Jun/2021:02:40:49 +0200] "GET /pmwiki/pmwiki.php/Main/Sajt%EF%BF%BDanyag HTTP/1.1" 302 182 "-" "Mozilla/5.0 (compatible; BLEXBot/1.0; +http://webmeup-crawler.com/)"
157.90.209.78 - - [19/Jun/2021:02:40:49 +0200] "GET /pmwiki/pmwiki.php/Main/Sajt HTTP/1.1" 404 11859 "-" "Mozilla/5.0 (compatible; BLEXBot/1.0; +http://webmeup-crawler.com/)"
157.90.209.78 - - [19/Jun/2021:02:40:52 +0200] "GET /pmwiki/pmwiki.php/Main/SideBar?action=edit HTTP/1.1" 200 12384 "-" "Mozilla/5.0 (compatible; BLEXBot/1.0; +http://webmeup-crawler.com/)"
157.90.209.78 - - [19/Jun/2021:02:40:55 +0200] "GET /pmwiki/pmwiki.php/Main/SzoftverSzabadalmak HTTP/1.1" 200 15057 "-" "Mozilla/5.0 (compatible; BLEXBot/1.0; +http://webmeup-crawler.com/)"
157.90.209.78 - - [19/Jun/2021:02:40:57 +0200] "GET /pmwiki/pmwiki.php/Main/Telefonon HTTP/1.1" 200 16251 "-" "Mozilla/5.0 (compatible; BLEXBot/1.0; +http://webmeup-crawler.com/)"
157.90.209.78 - - [19/Jun/2021:02:41:00 +0200] "GET /pmwiki/pmwiki.php/Main/ThankYouPoland HTTP/1.1" 200 13952 "-" "Mozilla/5.0 (compatible; BLEXBot/1.0; +http://webmeup-crawler.com/)"
157.90.209.78 - - [19/Jun/2021:02:41:03 +0200] "GET /pmwiki/pmwiki.php/Main/V%EF%BF%BDdelmiP%EF%BF%BDnz HTTP/1.1" 302 179 "-" "Mozilla/5.0 (compatible; BLEXBot/1.0; +http://webmeup-crawler.com/)"
157.90.209.78 - - [19/Jun/2021:02:41:03 +0200] "GET /pmwiki/pmwiki.php/Main/V HTTP/1.1" 404 11811 "-" "Mozilla/5.0 (compatible; BLEXBot/1.0; +http://webmeup-crawler.com/)"
157.90.209.78 - - [19/Jun/2021:02:41:06 +0200] "GET /pmwiki/pmwiki.php/Main/Virsligy%EF%BF%BDr HTTP/1.1" 302 186 "-" "Mozilla/5.0 (compatible; BLEXBot/1.0; +http://webmeup-crawler.com/)"
157.90.209.78 - - [19/Jun/2021:02:41:06 +0200] "GET /pmwiki/pmwiki.php/Main/Virsligy HTTP/1.1" 404 11923 "-" "Mozilla/5.0 (compatible; BLEXBot/1.0; +http://webmeup-crawler.com/)"
157.90.209.78 - - [19/Jun/2021:02:41:09 +0200] "GET /pmwiki/pmwiki.php/Main/WikiSandbox HTTP/1.1" 200 12116 "-" "Mozilla/5.0 (compatible; BLEXBot/1.0; +http://webmeup-crawler.com/)"
157.90.209.78 - - [19/Jun/2021:02:41:12 +0200] "GET /pmwiki/pmwiki.php/PmWiki/ChangeLog HTTP/1.1" 200 44191 "-" "Mozilla/5.0 (compatible; BLEXBot/1.0; +http://webmeup-crawler.com/)"
157.90.209.78 - - [19/Jun/2021:02:41:15 +0200] "GET /pmwiki/pmwiki.php/PmWiki/ChangesFromPmWiki1 HTTP/1.1" 200 19777 "-" "Mozilla/5.0 (compatible; BLEXBot/1.0; +http://webmeup-crawler.com/)"
157.90.209.78 - - [19/Jun/2021:02:41:18 +0200] "GET /pmwiki/pmwiki.php/PmWiki/DocumentationIndex HTTP/1.1" 200 18850 "-" "Mozilla/5.0 (compatible; BLEXBot/1.0; +http://webmeup-crawler.com/)"
157.90.209.78 - - [19/Jun/2021:02:41:21 +0200] "GET /pmwiki/pmwiki.php/PmWiki/FAQ HTTP/1.1" 200 23861 "-" "Mozilla/5.0 (compatible; BLEXBot/1.0; +http://webmeup-crawler.com/)"
157.90.209.78 - - [19/Jun/2021:02:41:24 +0200] "GET /pmwiki/pmwiki.php/PmWiki/Installation HTTP/1.1" 200 17595 "-" "Mozilla/5.0 (compatible; BLEXBot/1.0; +http://webmeup-crawler.com/)"
157.90.209.78 - - [19/Jun/2021:02:41:27 +0200] "GET /pmwiki/pmwiki.php/PmWiki/PmWiki HTTP/1.1" 200 116458 "-" "Mozilla/5.0 (compatible; BLEXBot/1.0; +http://webmeup-crawler.com/)"
157.90.209.78 - - [19/Jun/2021:02:41:30 +0200] "GET /pmwiki/pmwiki.php/PmWiki/PmWikiPhilosophy HTTP/1.1" 200 16736 "-" "Mozilla/5.0 (compatible; BLEXBot/1.0; +http://webmeup-crawler.com/)"
157.90.209.78 - - [19/Jun/2021:02:41:33 +0200] "GET /pmwiki/pmwiki.php/PmWiki/ReleaseNotes HTTP/1.1" 200 29978 "-" "Mozilla/5.0 (compatible; BLEXBot/1.0; +http://webmeup-crawler.com/)"
157.90.209.78 - - [19/Jun/2021:02:41:36 +0200] "GET /pmwiki/pmwiki.php/PmWiki/TipsForEditing HTTP/1.1" 200 15017 "-" "Mozilla/5.0 (compatible; BLEXBot/1.0; +http://webmeup-crawler.com/)"
114.119.130.67 - - [19/Jun/2021:02:52:18 +0200] "GET /pmwiki/pmwiki.php/Main/MiADRM?action=edit HTTP/1.1" 200 12366 "-" "Mozilla/5.0 (Linux; Android 7.0;) AppleWebKit/537.36 (KHTML, like Gecko) Mobile Safari/537.36 (compatible; PetalBot;+https://webmaster.petalsearch.com/site/petalbot)"
212.237.23.143 - - [19/Jun/2021:03:01:51 +0200] "HEAD /pmwiki/pmwiki.php HTTP/1.1" 200 0 "-" "Alert_Alligator_webmonitoring_service_1.6.3_(alertalligator.com)"
114.119.149.252 - - [19/Jun/2021:03:10:02 +0200] "GET /pmwiki/pmwiki.php/Main/DRM?action=edit&restore=diff%3A1112895343%3A1112121266%3A&preview=y HTTP/1.1" 200 12370 "-" "Mozilla/5.0 (Linux; Android 7.0;) AppleWebKit/537.36 (KHTML, like Gecko) Mobile Safari/537.36 (compatible; PetalBot;+https://webmaster.petalsearch.com/site/petalbot)"
114.119.129.205 - - [19/Jun/2021:03:16:49 +0200] "GET /pmwiki/pmwiki.php/Main/2004Augusztus5?action=diff HTTP/1.1" 200 16408 "-" "Mozilla/5.0 (Linux; Android 7.0;) AppleWebKit/537.36 (KHTML, like Gecko) Mobile Safari/537.36 (compatible; PetalBot;+https://webmaster.petalsearch.com/site/petalbot)"
114.119.129.205 - - [19/Jun/2021:03:22:40 +0200] "GET /pmwiki/pmwiki.php/PmWiki/WikiStyleExamples?action=edit HTTP/1.1" 200 12579 "-" "Mozilla/5.0 (Linux; Android 7.0;) AppleWebKit/537.36 (KHTML, like Gecko) Mobile Safari/537.36 (compatible; PetalBot;+https://webmaster.petalsearch.com/site/petalbot)"
114.119.155.144 - - [19/Jun/2021:03:23:27 +0200] "GET /pmwiki/pmwiki.php/Main/2003M%e1jusBr%fcsszeliT%fara HTTP/1.1" 200 13133 "-" "Mozilla/5.0 (Linux; Android 7.0;) AppleWebKit/537.36 (KHTML, like Gecko) Mobile Safari/537.36 (compatible; PetalBot;+https://webmaster.petalsearch.com/site/petalbot)"
114.119.151.81 - - [19/Jun/2021:03:36:49 +0200] "GET /pmwiki/pmwiki.php/Main/MiADRM?action=print HTTP/1.1" 200 3337 "-" "Mozilla/5.0 (Linux; Android 7.0;) AppleWebKit/537.36 (KHTML, like Gecko) Mobile Safari/537.36 (compatible; PetalBot;+https://webmaster.petalsearch.com/site/petalbot)"
114.119.158.146 - - [19/Jun/2021:03:47:42 +0200] "GET /pmwiki/pmwiki.php/Main/Marc07PR?action=edit HTTP/1.1" 200 12399 "-" "Mozilla/5.0 (Linux; Android 7.0;) AppleWebKit/537.36 (KHTML, like Gecko) Mobile Safari/537.36 (compatible; PetalBot;+https://webmaster.petalsearch.com/site/petalbot)"
114.119.156.251 - - [19/Jun/2021:03:50:07 +0200] "GET /pmwiki/pmwiki.php/Main/2005M%e1rciusiK%f6z%f6sNyilatkozat?action=diff HTTP/1.1" 200 14318 "-" "Mozilla/5.0 (Linux; Android 7.0;) AppleWebKit/537.36 (KHTML, like Gecko) Mobile Safari/537.36 (compatible; PetalBot;+https://webmaster.petalsearch.com/site/petalbot)"
114.119.158.146 - - [19/Jun/2021:03:56:42 +0200] "GET /pmwiki/pmwiki.php/PmWiki/ReleaseNotes?action=print HTTP/1.1" 200 20359 "-" "Mozilla/5.0 (Linux; Android 7.0;) AppleWebKit/537.36 (KHTML, like Gecko) Mobile Safari/537.36 (compatible; PetalBot;+https://webmaster.petalsearch.com/site/petalbot)"
114.119.155.144 - - [19/Jun/2021:03:58:45 +0200] "GET /pmwiki/pmwiki.php/Main/C%e9lok?action=print HTTP/1.1" 200 3154 "-" "Mozilla/5.0 (Linux; Android 7.0;) AppleWebKit/537.36 (KHTML, like Gecko) Mobile Safari/537.36 (compatible; PetalBot;+https://webmaster.petalsearch.com/site/petalbot)"
49.12.13.109 - - [19/Jun/2021:04:01:23 +0200] "HEAD /pmwiki/pmwiki.php HTTP/1.1" 200 0 "-" "Alert_Alligator_webmonitoring_service_1.6.3_(alertalligator.com)"
114.119.156.251 - - [19/Jun/2021:04:03:19 +0200] "GET /pmwiki/pmwiki.php/PmWiki/PmWiki?action=upload HTTP/1.1" 200 12280 "-" "Mozilla/5.0 (Linux; Android 7.0;) AppleWebKit/537.36 (KHTML, like Gecko) Mobile Safari/537.36 (compatible; PetalBot;+https://webmaster.petalsearch.com/site/petalbot)"
114.119.149.252 - - [19/Jun/2021:04:14:14 +0200] "GET /pmwiki/pmwiki.php/Main/AdelphiAlapokm%e1ny?action=edit HTTP/1.1" 200 12573 "-" "Mozilla/5.0 (Linux; Android 7.0;) AppleWebKit/537.36 (KHTML, like Gecko) Mobile Safari/537.36 (compatible; PetalBot;+https://webmaster.petalsearch.com/site/petalbot)"
114.119.156.251 - - [19/Jun/2021:04:20:49 +0200] "GET /pmwiki/pmwiki.php/Main/Feb08PR?action=upload HTTP/1.1" 200 12266 "-" "Mozilla/5.0 (Linux; Android 7.0;) AppleWebKit/537.36 (KHTML, like Gecko) Mobile Safari/537.36 (compatible; PetalBot;+https://webmaster.petalsearch.com/site/petalbot)"
185.191.171.33 - - [19/Jun/2021:04:26:14 +0200] "GET /robots.txt HTTP/1.1" 404 1181 "-" "Mozilla/5.0 (compatible; SemrushBot/7~bl; +http://www.semrush.com/bot.html)"
185.191.171.24 - - [19/Jun/2021:04:26:15 +0200] "GET /pmwiki/pmwiki.php/PmWiki/PmWiki?action=upload HTTP/1.1" 200 12280 "-" "Mozilla/5.0 (compatible; SemrushBot/7~bl; +http://www.semrush.com/bot.html)"
114.119.149.252 - - [19/Jun/2021:04:27:28 +0200] "GET /pmwiki/pmwiki.php/Main/2004-esNyilatkozat HTTP/1.1" 200 15702 "-" "Mozilla/5.0 (Linux; Android 7.0;) AppleWebKit/537.36 (KHTML, like Gecko) Mobile Safari/537.36 (compatible; PetalBot;+https://webmaster.petalsearch.com/site/petalbot)"
114.119.149.252 - - [19/Jun/2021:04:43:07 +0200] "GET /pmwiki/pmwiki.php/Main/2003M%e1jusBr%fcsszeliT%fara?action=diff HTTP/1.1" 200 14621 "-" "Mozilla/5.0 (Linux; Android 7.0;) AppleWebKit/537.36 (KHTML, like Gecko) Mobile Safari/537.36 (compatible; PetalBot;+https://webmaster.petalsearch.com/site/petalbot)"
114.119.151.81 - - [19/Jun/2021:04:45:10 +0200] "GET /pmwiki/pmwiki.php/Main/HomePage HTTP/1.1" 200 37269 "-" "Mozilla/5.0 (Linux; Android 7.0;) AppleWebKit/537.36 (KHTML, like Gecko) Mobile Safari/537.36 (compatible; PetalBot;+https://webmaster.petalsearch.com/site/petalbot)"
185.191.171.37 - - [19/Jun/2021:04:49:30 +0200] "GET /pmwiki/pmwiki.php/Main/JogiOldal HTTP/1.1" 200 26044 "-" "Mozilla/5.0 (compatible; SemrushBot/7~bl; +http://www.semrush.com/bot.html)"
114.119.155.144 - - [19/Jun/2021:04:59:46 +0200] "GET /pmwiki/pmwiki.php/PmWiki/InitialSetupTasks?action=print HTTP/1.1" 200 6008 "-" "Mozilla/5.0 (Linux; Android 7.0;) AppleWebKit/537.36 (KHTML, like Gecko) Mobile Safari/537.36 (compatible; PetalBot;+https://webmaster.petalsearch.com/site/petalbot)"
212.237.53.115 - - [19/Jun/2021:05:01:35 +0200] "HEAD /pmwiki/pmwiki.php HTTP/1.1" 200 0 "-" "Alert_Alligator_webmonitoring_service_1.6.3_(alertalligator.com)"
185.191.171.38 - - [19/Jun/2021:05:05:17 +0200] "GET /pmwiki/pmwiki.php/Main/Marc07PR HTTP/1.1" 200 14243 "-" "Mozilla/5.0 (compatible; SemrushBot/7~bl; +http://www.semrush.com/bot.html)"
114.119.155.230 - - [19/Jun/2021:05:07:11 +0200] "GET /pmwiki/pmwiki.php/Main/Damokl%e9szKardjaLebegAMagyarSzoftveriparFelett?action=diff HTTP/1.1" 200 17434 "-" "Mozilla/5.0 (Linux; Android 7.0;) AppleWebKit/537.36 (KHTML, like Gecko) Mobile Safari/537.36 (compatible; PetalBot;+https://webmaster.petalsearch.com/site/petalbot)"
114.119.155.230 - - [19/Jun/2021:05:09:21 +0200] "GET /pmwiki/pmwiki.php/Main/Nyilatkozat?action=edit HTTP/1.1" 200 12450 "-" "Mozilla/5.0 (Linux; Android 7.0;) AppleWebKit/537.36 (KHTML, like Gecko) Mobile Safari/537.36 (compatible; PetalBot;+https://webmaster.petalsearch.com/site/petalbot)"
114.119.132.6 - - [19/Jun/2021:05:15:57 +0200] "GET /pmwiki/pmwiki.php/Main/Cache?action=print HTTP/1.1" 200 6932 "-" "Mozilla/5.0 (Linux; Android 7.0;) AppleWebKit/537.36 (KHTML, like Gecko) Mobile Safari/537.36 (compatible; PetalBot;+https://webmaster.petalsearch.com/site/petalbot)"
114.119.130.67 - - [19/Jun/2021:05:18:16 +0200] "GET /pmwiki/pmwiki.php/Main/Feb09PR?action=upload HTTP/1.1" 200 12266 "-" "Mozilla/5.0 (Linux; Android 7.0;) AppleWebKit/537.36 (KHTML, like Gecko) Mobile Safari/537.36 (compatible; PetalBot;+https://webmaster.petalsearch.com/site/petalbot)"
114.119.156.251 - - [19/Jun/2021:05:24:47 +0200] "GET /pmwiki/pmwiki.php/PmWiki/AvailableActions HTTP/1.1" 200 14504 "-" "Mozilla/5.0 (Linux; Android 7.0;) AppleWebKit/537.36 (KHTML, like Gecko) Mobile Safari/537.36 (compatible; PetalBot;+https://webmaster.petalsearch.com/site/petalbot)"
185.191.171.10 - - [19/Jun/2021:05:28:39 +0200] "GET /robots.txt HTTP/1.1" 404 1181 "-" "Mozilla/5.0 (compatible; SemrushBot/7~bl; +http://www.semrush.com/bot.html)"
185.191.171.15 - - [19/Jun/2021:05:28:40 +0200] "GET /pmwiki/pmwiki.php/Main/Gazdas%E1giOldal?action=upload HTTP/1.1" 200 12406 "-" "Mozilla/5.0 (compatible; SemrushBot/7~bl; +http://www.semrush.com/bot.html)"
114.119.158.146 - - [19/Jun/2021:05:29:15 +0200] "GET /pmwiki/pmwiki.php/Main/MitTehetek?action=print HTTP/1.1" 200 4202 "-" "Mozilla/5.0 (Linux; Android 7.0;) AppleWebKit/537.36 (KHTML, like Gecko) Mobile Safari/537.36 (compatible; PetalBot;+https://webmaster.petalsearch.com/site/petalbot)"
114.119.130.67 - - [19/Jun/2021:05:35:44 +0200] "GET /pmwiki/pmwiki.php/Main/2005M%e1jus HTTP/1.1" 200 15288 "-" "Mozilla/5.0 (Linux; Android 7.0;) AppleWebKit/537.36 (KHTML, like Gecko) Mobile Safari/537.36 (compatible; PetalBot;+https://webmaster.petalsearch.com/site/petalbot)"
114.119.149.252 - - [19/Jun/2021:05:42:32 +0200] "GET /pmwiki/pmwiki.php/Main/JogiOldal?action=diff HTTP/1.1" 200 27426 "-" "Mozilla/5.0 (Linux; Android 7.0;) AppleWebKit/537.36 (KHTML, like Gecko) Mobile Safari/537.36 (compatible; PetalBot;+https://webmaster.petalsearch.com/site/petalbot)"
5.188.48.14 - - [19/Jun/2021:05:46:50 +0200] "GET /pmwiki/pmwiki.php HTTP/1.0" 200 37227 "http://swpat.zpok.hu/pmwiki/pmwiki.php" "Mozilla/5.0 (Windows NT 6.3; Win64; x64) AppleWebKit/537.36 (KHTML, like Gecko) Chrome/83.0.4103.44 Safari/537.36"
114.119.151.72 - - [19/Jun/2021:05:51:08 +0200] "GET /pmwiki/pmwiki.php/Main/2004Szeptember1 HTTP/1.1" 200 14123 "-" "Mozilla/5.0 (Linux; Android 7.0;) AppleWebKit/537.36 (KHTML, like Gecko) Mobile Safari/537.36 (compatible; PetalBot;+https://webmaster.petalsearch.com/site/petalbot)"
114.119.155.230 - - [19/Jun/2021:05:53:19 +0200] "GET /pmwiki/pmwiki.php/Main/Tud%e1smonop%f3lium?action=print HTTP/1.1" 200 7085 "-" "Mozilla/5.0 (Linux; Android 7.0;) AppleWebKit/537.36 (KHTML, like Gecko) Mobile Safari/537.36 (compatible; PetalBot;+https://webmaster.petalsearch.com/site/petalbot)"
178.63.87.197 - - [19/Jun/2021:05:58:47 +0200] "GET /robots.txt HTTP/1.1" 404 1181 "-" "Mozilla/5.0 (compatible; MJ12bot/v1.4.8; http://mj12bot.com/)"
178.63.87.197 - - [19/Jun/2021:05:58:49 +0200] "GET /pmwiki/pmwiki.php?action=edit HTTP/1.1" 403 30 "-" "Mozilla/5.0 (compatible; MJ12bot/v1.4.8; http://mj12bot.com/)"
114.119.151.81 - - [19/Jun/2021:05:59:56 +0200] "GET /pmwiki/pmwiki.php/Main/Linkek?action=upload HTTP/1.1" 200 12250 "-" "Mozilla/5.0 (Linux; Android 7.0;) AppleWebKit/537.36 (KHTML, like Gecko) Mobile Safari/537.36 (compatible; PetalBot;+https://webmaster.petalsearch.com/site/petalbot)"
49.12.13.109 - - [19/Jun/2021:06:00:37 +0200] "HEAD /pmwiki/pmwiki.php HTTP/1.1" 200 0 "-" "Alert_Alligator_webmonitoring_service_1.6.3_(alertalligator.com)"
114.119.158.146 - - [19/Jun/2021:06:08:48 +0200] "GET /pmwiki/pmwiki.php/Main/2005M%e1rciusiNyilatkozat HTTP/1.1" 200 15044 "-" "Mozilla/5.0 (Linux; Android 7.0;) AppleWebKit/537.36 (KHTML, like Gecko) Mobile Safari/537.36 (compatible; PetalBot;+https://webmaster.petalsearch.com/site/petalbot)"
114.119.155.144 - - [19/Jun/2021:06:13:22 +0200] "GET /pmwiki/pmwiki.php/Main/JogiOldal?action=upload HTTP/1.1" 200 12298 "-" "Mozilla/5.0 (Linux; Android 7.0;) AppleWebKit/537.36 (KHTML, like Gecko) Mobile Safari/537.36 (compatible; PetalBot;+https://webmaster.petalsearch.com/site/petalbot)"
114.119.156.251 - - [19/Jun/2021:06:15:33 +0200] "GET /pmwiki/pmwiki.php/Main/ThankYouPoland?action=upload HTTP/1.1" 200 12375 "-" "Mozilla/5.0 (Linux; Android 7.0;) AppleWebKit/537.36 (KHTML, like Gecko) Mobile Safari/537.36 (compatible; PetalBot;+https://webmaster.petalsearch.com/site/petalbot)"
114.119.149.252 - - [19/Jun/2021:06:50:34 +0200] "GET /pmwiki/pmwiki.php/Main/BillGates%c9sM%e1sKommunist%e1k HTTP/1.1" 200 18614 "-" "Mozilla/5.0 (Linux; Android 7.0;) AppleWebKit/537.36 (KHTML, like Gecko) Mobile Safari/537.36 (compatible; PetalBot;+https://webmaster.petalsearch.com/site/petalbot)"
159.69.145.50 - - [19/Jun/2021:07:01:23 +0200] "HEAD /pmwiki/pmwiki.php HTTP/1.1" 200 0 "-" "Alert_Alligator_webmonitoring_service_1.6.3_(alertalligator.com)"
114.119.129.205 - - [19/Jun/2021:07:26:05 +0200] "GET /pmwiki/pmwiki.php/Main/Telefonon?action=edit HTTP/1.1" 200 12414 "-" "Mozilla/5.0 (Linux; Android 7.0;) AppleWebKit/537.36 (KHTML, like Gecko) Mobile Safari/537.36 (compatible; PetalBot;+https://webmaster.petalsearch.com/site/petalbot)"
114.119.149.252 - - [19/Jun/2021:07:28:17 +0200] "GET /pmwiki/pmwiki.php/Main/DRMMunkacsoport HTTP/1.1" 200 12700 "-" "Mozilla/5.0 (Linux; Android 7.0;) AppleWebKit/537.36 (KHTML, like Gecko) Mobile Safari/537.36 (compatible; PetalBot;+https://webmaster.petalsearch.com/site/petalbot)"
212.237.53.115 - - [19/Jun/2021:08:00:24 +0200] "HEAD /pmwiki/pmwiki.php HTTP/1.1" 200 0 "-" "Alert_Alligator_webmonitoring_service_1.6.3_(alertalligator.com)"
114.119.155.144 - - [19/Jun/2021:08:05:46 +0200] "GET /pmwiki/pmwiki.php/Main/2005J%faniusEKTBBesz%e1mol%f3?action=upload HTTP/1.1" 200 12602 "-" "Mozilla/5.0 (Linux; Android 7.0;) AppleWebKit/537.36 (KHTML, like Gecko) Mobile Safari/537.36 (compatible; PetalBot;+https://webmaster.petalsearch.com/site/petalbot)"
114.119.149.252 - - [19/Jun/2021:08:10:11 +0200] "GET /pmwiki/pmwiki.php/PmWiki/FAQ?action=edit HTTP/1.1" 200 12356 "-" "Mozilla/5.0 (Linux; Android 7.0;) AppleWebKit/537.36 (KHTML, like Gecko) Mobile Safari/537.36 (compatible; PetalBot;+https://webmaster.petalsearch.com/site/petalbot)"
114.119.132.6 - - [19/Jun/2021:08:14:38 +0200] "GET /pmwiki/pmwiki.php/Main/Marc07PR?action=print HTTP/1.1" 200 4687 "-" "Mozilla/5.0 (Linux; Android 7.0;) AppleWebKit/537.36 (KHTML, like Gecko) Mobile Safari/537.36 (compatible; PetalBot;+https://webmaster.petalsearch.com/site/petalbot)"
114.119.156.251 - - [19/Jun/2021:08:36:34 +0200] "GET /pmwiki/pmwiki.php/Main/RocardEp2?action=edit HTTP/1.1" 200 12414 "-" "Mozilla/5.0 (Linux; Android 7.0;) AppleWebKit/537.36 (KHTML, like Gecko) Mobile Safari/537.36 (compatible; PetalBot;+https://webmaster.petalsearch.com/site/petalbot)"
114.119.158.146 - - [19/Jun/2021:08:38:43 +0200] "GET /pmwiki/pmwiki.php/Main/Power?action=diff HTTP/1.1" 200 21611 "-" "Mozilla/5.0 (Linux; Android 7.0;) AppleWebKit/537.36 (KHTML, like Gecko) Mobile Safari/537.36 (compatible; PetalBot;+https://webmaster.petalsearch.com/site/petalbot)"
114.119.155.230 - - [19/Jun/2021:08:43:06 +0200] "GET /pmwiki/pmwiki.php/Main/WikiSandbox?action=upload HTTP/1.1" 200 12326 "-" "Mozilla/5.0 (Linux; Android 7.0;) AppleWebKit/537.36 (KHTML, like Gecko) Mobile Safari/537.36 (compatible; PetalBot;+https://webmaster.petalsearch.com/site/petalbot)"
114.119.130.67 - - [19/Jun/2021:08:45:18 +0200] "GET /pmwiki/pmwiki.php/Main/Feb09PR?action=print HTTP/1.1" 200 5713 "-" "Mozilla/5.0 (Linux; Android 7.0;) AppleWebKit/537.36 (KHTML, like Gecko) Mobile Safari/537.36 (compatible; PetalBot;+https://webmaster.petalsearch.com/site/petalbot)"
159.69.145.50 - - [19/Jun/2021:08:59:27 +0200] "HEAD /pmwiki/pmwiki.php HTTP/1.1" 200 0 "-" "Alert_Alligator_webmonitoring_service_1.6.3_(alertalligator.com)"
114.119.132.6 - - [19/Jun/2021:09:09:38 +0200] "GET /pmwiki/pmwiki.php/Main/2005M%e1jus?action=print HTTP/1.1" 200 5696 "-" "Mozilla/5.0 (Linux; Android 7.0;) AppleWebKit/537.36 (KHTML, like Gecko) Mobile Safari/537.36 (compatible; PetalBot;+https://webmaster.petalsearch.com/site/petalbot)"
114.119.158.146 - - [19/Jun/2021:09:20:32 +0200] "GET /pmwiki/pmwiki.php/Main/Telefonon?action=print HTTP/1.1" 200 6709 "-" "Mozilla/5.0 (Linux; Android 7.0;) AppleWebKit/537.36 (KHTML, like Gecko) Mobile Safari/537.36 (compatible; PetalBot;+https://webmaster.petalsearch.com/site/petalbot)"
185.191.171.37 - - [19/Jun/2021:09:29:26 +0200] "GET /robots.txt HTTP/1.1" 404 1181 "-" "Mozilla/5.0 (compatible; SemrushBot/7~bl; +http://www.semrush.com/bot.html)"
185.191.171.23 - - [19/Jun/2021:09:29:31 +0200] "GET /pmwiki/pmwiki.php/PmWiki/PmWiki?action=diff HTTP/1.1" 200 457953 "-" "Mozilla/5.0 (compatible; SemrushBot/7~bl; +http://www.semrush.com/bot.html)"
77.75.76.170 - - [19/Jun/2021:09:42:55 +0200] "GET /robots.txt HTTP/1.1" 404 1181 "-" "Mozilla/5.0 (compatible; SeznamBot/3.2; +http://napoveda.seznam.cz/en/seznambot-intro/)"
77.75.76.170 - - [19/Jun/2021:09:42:56 +0200] "GET /pmwiki/pmwiki.php/Main/H%EDrek HTTP/1.1" 200 15050 "-" "Mozilla/5.0 (compatible; SeznamBot/3.2; +http://napoveda.seznam.cz/en/seznambot-intro/)"
114.119.149.252 - - [19/Jun/2021:09:48:53 +0200] "GET /pmwiki/pmwiki.php/PmWiki/ImagesInWikiPages HTTP/1.1" 200 14089 "-" "Mozilla/5.0 (Linux; Android 7.0;) AppleWebKit/537.36 (KHTML, like Gecko) Mobile Safari/537.36 (compatible; PetalBot;+https://webmaster.petalsearch.com/site/petalbot)"
207.46.13.137 - - [19/Jun/2021:09:57:34 +0200] "GET /pmwiki/pmwiki.php/PmWiki/MailPosts HTTP/1.1" 200 24440 "-" "Mozilla/5.0 (compatible; bingbot/2.0; +http://www.bing.com/bingbot.htm)"
49.12.13.109 - - [19/Jun/2021:09:58:29 +0200] "HEAD /pmwiki/pmwiki.php HTTP/1.1" 200 0 "-" "Alert_Alligator_webmonitoring_service_1.6.3_(alertalligator.com)"
77.75.76.170 - - [19/Jun/2021:10:12:34 +0200] "GET /robots.txt HTTP/1.1" 404 1181 "-" "Mozilla/5.0 (compatible; SeznamBot/3.2; +http://napoveda.seznam.cz/en/seznambot-intro/)"
77.75.76.170 - - [19/Jun/2021:10:12:35 +0200] "GET /pmwiki/pmwiki.php/PmWiki/AuthorTracking HTTP/1.1" 200 13641 "-" "Mozilla/5.0 (compatible; SeznamBot/3.2; +http://napoveda.seznam.cz/en/seznambot-intro/)"
114.119.151.72 - - [19/Jun/2021:10:15:14 +0200] "GET /pmwiki/pmwiki.php/PmWiki/Installation?action=upload HTTP/1.1" 200 12379 "-" "Mozilla/5.0 (Linux; Android 7.0;) AppleWebKit/537.36 (KHTML, like Gecko) Mobile Safari/537.36 (compatible; PetalBot;+https://webmaster.petalsearch.com/site/petalbot)"
114.119.130.67 - - [19/Jun/2021:10:27:35 +0200] "GET /pmwiki/pmwiki.php/Main/ABundestagT%e1mogatjaAzEur%f3paiParlamentet?action=print HTTP/1.1" 200 8394 "-" "Mozilla/5.0 (Linux; Android 7.0;) AppleWebKit/537.36 (KHTML, like Gecko) Mobile Safari/537.36 (compatible; PetalBot;+https://webmaster.petalsearch.com/site/petalbot)"
114.119.132.6 - - [19/Jun/2021:10:30:47 +0200] "GET /pmwiki/pmwiki.php/Main/2004Szeptember1?action=edit HTTP/1.1" 200 12510 "-" "Mozilla/5.0 (Linux; Android 7.0;) AppleWebKit/537.36 (KHTML, like Gecko) Mobile Safari/537.36 (compatible; PetalBot;+https://webmaster.petalsearch.com/site/petalbot)"
114.119.155.230 - - [19/Jun/2021:10:32:38 +0200] "GET /pmwiki/pmwiki.php/Main/2004-esNyilatkozat?action=diff HTTP/1.1" 200 17019 "-" "Mozilla/5.0 (Linux; Android 7.0;) AppleWebKit/537.36 (KHTML, like Gecko) Mobile Safari/537.36 (compatible; PetalBot;+https://webmaster.petalsearch.com/site/petalbot)"
114.119.129.205 - - [19/Jun/2021:10:36:59 +0200] "GET /pmwiki/pmwiki.php/PmWiki/TipsForEditing?action=diff HTTP/1.1" 200 12947 "-" "Mozilla/5.0 (Linux; Android 7.0;) AppleWebKit/537.36 (KHTML, like Gecko) Mobile Safari/537.36 (compatible; PetalBot;+https://webmaster.petalsearch.com/site/petalbot)"
114.119.156.251 - - [19/Jun/2021:10:47:58 +0200] "GET /pmwiki/pmwiki.php/Main/BillGates%c9sM%e1sKommunist%e1k?action=print HTTP/1.1" 200 8782 "-" "Mozilla/5.0 (Linux; Android 7.0;) AppleWebKit/537.36 (KHTML, like Gecko) Mobile Safari/537.36 (compatible; PetalBot;+https://webmaster.petalsearch.com/site/petalbot)"
185.191.171.42 - - [19/Jun/2021:10:56:18 +0200] "GET /robots.txt HTTP/1.1" 404 1181 "-" "Mozilla/5.0 (compatible; SemrushBot/7~bl; +http://www.semrush.com/bot.html)"
185.191.171.11 - - [19/Jun/2021:10:56:19 +0200] "GET /pmwiki/pmwiki.php/Main/Feb09PR HTTP/1.1" 200 15257 "-" "Mozilla/5.0 (compatible; SemrushBot/7~bl; +http://www.semrush.com/bot.html)"
159.69.145.50 - - [19/Jun/2021:10:59:47 +0200] "HEAD /pmwiki/pmwiki.php HTTP/1.1" 200 0 "-" "Alert_Alligator_webmonitoring_service_1.6.3_(alertalligator.com)"
185.191.171.41 - - [19/Jun/2021:11:00:11 +0200] "GET /pmwiki/pmwiki.php/Main/AzIPRJavaslat HTTP/1.1" 200 14797 "-" "Mozilla/5.0 (compatible; SemrushBot/7~bl; +http://www.semrush.com/bot.html)"
114.119.156.251 - - [19/Jun/2021:11:03:20 +0200] "GET /pmwiki/pmwiki.php/Main/Comission-negatesDemocracy HTTP/1.1" 200 16717 "-" "Mozilla/5.0 (Linux; Android 7.0;) AppleWebKit/537.36 (KHTML, like Gecko) Mobile Safari/537.36 (compatible; PetalBot;+https://webmaster.petalsearch.com/site/petalbot)"
114.119.155.144 - - [19/Jun/2021:11:07:44 +0200] "GET /pmwiki/pmwiki.php/Main/TRIPSLie?action=diff HTTP/1.1" 200 14070 "-" "Mozilla/5.0 (Linux; Android 7.0;) AppleWebKit/537.36 (KHTML, like Gecko) Mobile Safari/537.36 (compatible; PetalBot;+https://webmaster.petalsearch.com/site/petalbot)"
114.119.132.6 - - [19/Jun/2021:11:33:58 +0200] "GET /pmwiki/pmwiki.php/Main/ThankYouPoland?action=edit HTTP/1.1" 200 12495 "-" "Mozilla/5.0 (Linux; Android 7.0;) AppleWebKit/537.36 (KHTML, like Gecko) Mobile Safari/537.36 (compatible; PetalBot;+https://webmaster.petalsearch.com/site/petalbot)"
159.69.145.50 - - [19/Jun/2021:11:58:51 +0200] "HEAD /pmwiki/pmwiki.php HTTP/1.1" 200 0 "-" "Alert_Alligator_webmonitoring_service_1.6.3_(alertalligator.com)"
114.119.130.67 - - [19/Jun/2021:12:02:27 +0200] "GET /pmwiki/pmwiki.php/Main/Doksik?action=diff HTTP/1.1" 200 19426 "-" "Mozilla/5.0 (Linux; Android 7.0;) AppleWebKit/537.36 (KHTML, like Gecko) Mobile Safari/537.36 (compatible; PetalBot;+https://webmaster.petalsearch.com/site/petalbot)"
114.119.155.144 - - [19/Jun/2021:12:06:58 +0200] "GET /pmwiki/pmwiki.php/PmWiki/Requirements?action=upload HTTP/1.1" 200 12379 "-" "Mozilla/5.0 (Linux; Android 7.0;) AppleWebKit/537.36 (KHTML, like Gecko) Mobile Safari/537.36 (compatible; PetalBot;+https://webmaster.petalsearch.com/site/petalbot)"
114.119.151.72 - - [19/Jun/2021:12:13:26 +0200] "GET /pmwiki/pmwiki.php/Main/FAQ?action=upload HTTP/1.1" 200 12198 "-" "Mozilla/5.0 (Linux; Android 7.0;) AppleWebKit/537.36 (KHTML, like Gecko) Mobile Safari/537.36 (compatible; PetalBot;+https://webmaster.petalsearch.com/site/petalbot)"
185.191.171.7 - - [19/Jun/2021:12:16:49 +0200] "GET /robots.txt HTTP/1.1" 404 1181 "-" "Mozilla/5.0 (compatible; SemrushBot/7~bl; +http://www.semrush.com/bot.html)"
185.191.171.43 - - [19/Jun/2021:12:16:50 +0200] "GET /pmwiki/pmwiki.php/Main/Damokl%E9szKardjaLebegAMagyarSzoftveriparFelett?action=diff HTTP/1.1" 200 17434 "-" "Mozilla/5.0 (compatible; SemrushBot/7~bl; +http://www.semrush.com/bot.html)"
114.119.151.72 - - [19/Jun/2021:12:20:09 +0200] "GET /pmwiki/pmwiki.php/Main/DRMMunkacsoport?action=upload HTTP/1.1" 200 12390 "-" "Mozilla/5.0 (Linux; Android 7.0;) AppleWebKit/537.36 (KHTML, like Gecko) Mobile Safari/537.36 (compatible; PetalBot;+https://webmaster.petalsearch.com/site/petalbot)"
114.119.149.252 - - [19/Jun/2021:12:39:48 +0200] "GET /pmwiki/pmwiki.php/Main/2005M%e1jus?action=edit HTTP/1.1" 200 12442 "-" "Mozilla/5.0 (Linux; Android 7.0;) AppleWebKit/537.36 (KHTML, like Gecko) Mobile Safari/537.36 (compatible; PetalBot;+https://webmaster.petalsearch.com/site/petalbot)"
114.119.149.252 - - [19/Jun/2021:12:44:35 +0200] "GET /pmwiki/pmwiki.php/Main/2005Szeptember2?action=edit HTTP/1.1" 200 12510 "-" "Mozilla/5.0 (Linux; Android 7.0;) AppleWebKit/537.36 (KHTML, like Gecko) Mobile Safari/537.36 (compatible; PetalBot;+https://webmaster.petalsearch.com/site/petalbot)"
114.119.158.146 - - [19/Jun/2021:12:57:33 +0200] "GET /pmwiki/pmwiki.php/Main/2004Szeptember1?action=upload HTTP/1.1" 200 12390 "-" "Mozilla/5.0 (Linux; Android 7.0;) AppleWebKit/537.36 (KHTML, like Gecko) Mobile Safari/537.36 (compatible; PetalBot;+https://webmaster.petalsearch.com/site/petalbot)"
212.237.53.115 - - [19/Jun/2021:12:58:56 +0200] "HEAD /pmwiki/pmwiki.php HTTP/1.1" 200 0 "-" "Alert_Alligator_webmonitoring_service_1.6.3_(alertalligator.com)"
185.191.171.1 - - [19/Jun/2021:13:10:37 +0200] "GET /pmwiki/pmwiki.php/Main/SideBar HTTP/1.1" 200 18306 "-" "Mozilla/5.0 (compatible; SemrushBot/7~bl; +http://www.semrush.com/bot.html)"
114.119.158.146 - - [19/Jun/2021:13:14:41 +0200] "GET /pmwiki/pmwiki.php/Main/LehetsegesJavitasokEuropaban HTTP/1.1" 200 14070 "-" "Mozilla/5.0 (Linux; Android 7.0;) AppleWebKit/537.36 (KHTML, like Gecko) Mobile Safari/537.36 (compatible; PetalBot;+https://webmaster.petalsearch.com/site/petalbot)"
185.191.171.43 - - [19/Jun/2021:13:18:54 +0200] "GET /robots.txt HTTP/1.1" 404 1181 "-" "Mozilla/5.0 (compatible; SemrushBot/7~bl; +http://www.semrush.com/bot.html)"
185.191.171.37 - - [19/Jun/2021:13:18:55 +0200] "GET /pmwiki/pmwiki.php/Main/2003M%E1jusiNyilatkozat?action=print HTTP/1.1" 200 7268 "-" "Mozilla/5.0 (compatible; SemrushBot/7~bl; +http://www.semrush.com/bot.html)"
34.239.179.228 - - [19/Jun/2021:13:21:15 +0200] "GET /robots.txt HTTP/1.1" 404 1181 "-" "CCBot/2.0 (https://commoncrawl.org/faq/)"
34.239.179.228 - - [19/Jun/2021:13:21:16 +0200] "GET /pmwiki/pmwiki.php/Main/EUCD?action=diff HTTP/1.1" 200 24892 "-" "CCBot/2.0 (https://commoncrawl.org/faq/)"
114.119.155.230 - - [19/Jun/2021:13:38:21 +0200] "GET /pmwiki/pmwiki.php/Main/JogiOldal?action=print HTTP/1.1" 200 16476 "-" "Mozilla/5.0 (Linux; Android 7.0;) AppleWebKit/537.36 (KHTML, like Gecko) Mobile Safari/537.36 (compatible; PetalBot;+https://webmaster.petalsearch.com/site/petalbot)"
34.239.179.228 - - [19/Jun/2021:13:40:54 +0200] "GET /pmwiki/pmwiki.php/Main/LehetsegesJavitasokEuropaban HTTP/1.1" 200 14070 "-" "CCBot/2.0 (https://commoncrawl.org/faq/)"
34.239.179.228 - - [19/Jun/2021:13:43:56 +0200] "GET /pmwiki/pmwiki.php/Main/Virsligy%E1r?action=upload HTTP/1.1" 200 12342 "-" "CCBot/2.0 (https://commoncrawl.org/faq/)"
34.239.179.228 - - [19/Jun/2021:13:49:32 +0200] "GET /pmwiki/pmwiki.php/Main/RocardEp2 HTTP/1.1" 200 28076 "-" "CCBot/2.0 (https://commoncrawl.org/faq/)"
34.239.179.228 - - [19/Jun/2021:13:50:21 +0200] "GET /pmwiki/pmwiki.php/Main/ABundestagT%E1mogatjaAzEur%F3paiParlamentet HTTP/1.1" 200 18357 "-" "CCBot/2.0 (https://commoncrawl.org/faq/)"
34.239.179.228 - - [19/Jun/2021:13:51:24 +0200] "GET /pmwiki/pmwiki.php/Main/Virsligy%E1r?action=edit HTTP/1.1" 200 12462 "-" "CCBot/2.0 (https://commoncrawl.org/faq/)"
49.12.13.109 - - [19/Jun/2021:13:58:01 +0200] "HEAD /pmwiki/pmwiki.php HTTP/1.1" 200 0 "-" "Alert_Alligator_webmonitoring_service_1.6.3_(alertalligator.com)"
34.239.179.228 - - [19/Jun/2021:14:01:49 +0200] "GET /pmwiki/pmwiki.php/Main/Nyilatkozatok HTTP/1.1" 200 16071 "-" "CCBot/2.0 (https://commoncrawl.org/faq/)"
34.239.179.228 - - [19/Jun/2021:14:11:10 +0200] "GET /pmwiki/pmwiki.php/Main/Virsligy%E1r?action=print HTTP/1.1" 200 15382 "-" "CCBot/2.0 (https://commoncrawl.org/faq/)"
114.119.151.72 - - [19/Jun/2021:14:18:12 +0200] "GET /pmwiki/pmwiki.php/Main/2003M%e1jusiNyilatkozathozKapcsol%f3d%f3Cikk?action=diff HTTP/1.1" 200 16507 "-" "Mozilla/5.0 (Linux; Android 7.0;) AppleWebKit/537.36 (KHTML, like Gecko) Mobile Safari/537.36 (compatible; PetalBot;+https://webmaster.petalsearch.com/site/petalbot)"
34.239.179.228 - - [19/Jun/2021:14:23:56 +0200] "GET /pmwiki/pmwiki.php/Main/Virsligy%E1r?action=upload&upname=wiki.png HTTP/1.1" 200 12358 "-" "CCBot/2.0 (https://commoncrawl.org/faq/)"
34.239.179.228 - - [19/Jun/2021:14:26:38 +0200] "GET /pmwiki/pmwiki.php/PmWiki/PmWiki HTTP/1.1" 200 116458 "-" "CCBot/2.0 (https://commoncrawl.org/faq/)"
114.119.158.146 - - [19/Jun/2021:14:27:07 +0200] "GET /pmwiki/pmwiki.php/Main/Cutts?action=print HTTP/1.1" 200 22050 "-" "Mozilla/5.0 (Linux; Android 7.0;) AppleWebKit/537.36 (KHTML, like Gecko) Mobile Safari/537.36 (compatible; PetalBot;+https://webmaster.petalsearch.com/site/petalbot)"
34.239.179.228 - - [19/Jun/2021:14:29:56 +0200] "GET /pmwiki/pmwiki.php/Main/HomePage?action=edit HTTP/1.1" 200 12401 "-" "CCBot/2.0 (https://commoncrawl.org/faq/)"
114.119.155.144 - - [19/Jun/2021:14:31:24 +0200] "GET /pmwiki/pmwiki.php/Main/ATan%e1cs%c9rdembenT%e1rgyalhatASzoftverszabadalmiDirekt%edv%e1r%f3l?action=upload HTTP/1.1" 200 13214 "-" "Mozilla/5.0 (Linux; Android 7.0;) AppleWebKit/537.36 (KHTML, like Gecko) Mobile Safari/537.36 (compatible; PetalBot;+https://webmaster.petalsearch.com/site/petalbot)"
34.239.179.228 - - [19/Jun/2021:14:34:30 +0200] "GET /pmwiki/pmwiki.php/Main/EUCD?action=print HTTP/1.1" 200 3455 "-" "CCBot/2.0 (https://commoncrawl.org/faq/)"
114.119.132.6 - - [19/Jun/2021:14:35:51 +0200] "GET /pmwiki/pmwiki.php/Main/MitTehetek?action=edit&restore=diff%3A1118742508%3A1118731058%3A&preview=y HTTP/1.1" 200 12482 "-" "Mozilla/5.0 (Linux; Android 7.0;) AppleWebKit/537.36 (KHTML, like Gecko) Mobile Safari/537.36 (compatible; PetalBot;+https://webmaster.petalsearch.com/site/petalbot)"
34.239.179.228 - - [19/Jun/2021:14:41:11 +0200] "GET /pmwiki/pmwiki.php/Main/V%E9delmiP%E9nz HTTP/1.1" 200 12560 "-" "CCBot/2.0 (https://commoncrawl.org/faq/)"
34.239.179.228 - - [19/Jun/2021:14:41:50 +0200] "GET /pmwiki/pmwiki.php/Main/Privacy?action=edit HTTP/1.1" 200 12382 "-" "CCBot/2.0 (https://commoncrawl.org/faq/)"
114.119.129.205 - - [19/Jun/2021:14:44:24 +0200] "GET /pmwiki/pmwiki.php/Main/C%e9lok?action=upload HTTP/1.1" 200 12258 "-" "Mozilla/5.0 (Linux; Android 7.0;) AppleWebKit/537.36 (KHTML, like Gecko) Mobile Safari/537.36 (compatible; PetalBot;+https://webmaster.petalsearch.com/site/petalbot)"
