114.119.155.144 - - [07/Jun/2021:11:34:43 +0200] "GET /pmwiki/pmwiki.php/Main HTTP/1.1" 302 186 "-" "Mozilla/5.0 (Linux; Android 7.0;) AppleWebKit/537.36 (KHTML, like Gecko) Mobile Safari/537.36 (compatible; PetalBot;+https://webmaster.petalsearch.com/site/petalbot)"
114.119.155.144 - - [07/Jun/2021:11:34:45 +0200] "GET /pmwiki/pmwiki.php/Main/HomePage HTTP/1.1" 200 37269 "-" "Mozilla/5.0 (Linux; Android 7.0;) AppleWebKit/537.36 (KHTML, like Gecko) Mobile Safari/537.36 (compatible; PetalBot;+https://webmaster.petalsearch.com/site/petalbot)"
49.12.13.109 - - [07/Jun/2021:11:45:46 +0200] "HEAD /pmwiki/pmwiki.php HTTP/1.1" 200 0 "-" "Alert_Alligator_webmonitoring_service_1.6.3_(alertalligator.com)"
114.119.151.72 - - [07/Jun/2021:12:07:26 +0200] "GET /pmwiki/pmwiki.php/Main/HarcT%edzITSzabadalomEllen?action=print HTTP/1.1" 200 3973 "-" "Mozilla/5.0 (Linux; Android 7.0;) AppleWebKit/537.36 (KHTML, like Gecko) Mobile Safari/537.36 (compatible; PetalBot;+https://webmaster.petalsearch.com/site/petalbot)"
114.119.155.144 - - [07/Jun/2021:12:24:34 +0200] "GET /pmwiki/pmwiki.php/Main/Google HTTP/1.1" 200 25006 "-" "Mozilla/5.0 (Linux; Android 7.0;) AppleWebKit/537.36 (KHTML, like Gecko) Mobile Safari/537.36 (compatible; PetalBot;+https://webmaster.petalsearch.com/site/petalbot)"
173.231.59.202 - - [07/Jun/2021:12:30:52 +0200] "GET /robots.txt HTTP/1.1" 404 1181 "-" "Mozilla/5.0 (compatible; Adsbot/3.1; +https://seostar.co/robot/)"
173.231.59.202 - - [07/Jun/2021:12:31:19 +0200] "GET /pmwiki/pmwiki.php/Main/CikkekPrivacy?action=edit HTTP/1.1" 200 12480 "http://swpat.zpok.hu/" "Mozilla/5.0 (compatible; Adsbot/3.1; +https://seostar.co/robot/)"
173.231.59.202 - - [07/Jun/2021:12:31:31 +0200] "GET /pmwiki/pmwiki.php/Main/CikkekPrivacy?action=print HTTP/1.1" 200 2887 "http://swpat.zpok.hu/" "Mozilla/5.0 (compatible; Adsbot/3.1; +https://seostar.co/robot/)"
173.231.59.202 - - [07/Jun/2021:12:31:40 +0200] "GET /pmwiki/pmwiki.php/Main/CikkekPrivacy?action=upload HTTP/1.1" 200 12360 "http://swpat.zpok.hu/" "Mozilla/5.0 (compatible; Adsbot/3.1; +https://seostar.co/robot/)"
173.231.59.202 - - [07/Jun/2021:12:31:52 +0200] "GET /pmwiki/pmwiki.php/Main/Nyilatkozatok?action=diff HTTP/1.1" 200 33585 "http://swpat.zpok.hu/" "Mozilla/5.0 (compatible; Adsbot/3.1; +https://seostar.co/robot/)"
173.231.59.202 - - [07/Jun/2021:12:32:02 +0200] "GET /pmwiki/pmwiki.php/Main/Nyilatkozatok?action=edit HTTP/1.1" 200 12478 "http://swpat.zpok.hu/" "Mozilla/5.0 (compatible; Adsbot/3.1; +https://seostar.co/robot/)"
173.231.59.202 - - [07/Jun/2021:12:32:08 +0200] "GET /pmwiki/pmwiki.php/Main/Nyilatkozatok?action=print HTTP/1.1" 200 6767 "http://swpat.zpok.hu/" "Mozilla/5.0 (compatible; Adsbot/3.1; +https://seostar.co/robot/)"
173.231.59.202 - - [07/Jun/2021:12:32:17 +0200] "GET /pmwiki/pmwiki.php/Main/Nyilatkozatok?action=upload HTTP/1.1" 200 12358 "http://swpat.zpok.hu/" "Mozilla/5.0 (compatible; Adsbot/3.1; +https://seostar.co/robot/)"
173.231.59.202 - - [07/Jun/2021:12:32:26 +0200] "GET /pmwiki/pmwiki.php/Main/2004Augusztus5 HTTP/1.1" 200 15089 "http://swpat.zpok.hu/" "Mozilla/5.0 (compatible; Adsbot/3.1; +https://seostar.co/robot/)"
173.231.59.202 - - [07/Jun/2021:12:33:12 +0200] "GET /pmwiki/pmwiki.php/Main/2005M%e1rcius8 HTTP/1.1" 200 30044 "http://swpat.zpok.hu/" "Mozilla/5.0 (compatible; Adsbot/3.1; +https://seostar.co/robot/)"
173.231.59.202 - - [07/Jun/2021:12:34:02 +0200] "GET /pmwiki/pmwiki.php/Main/BMEKonferencia HTTP/1.1" 200 14864 "http://swpat.zpok.hu/" "Mozilla/5.0 (compatible; Adsbot/3.1; +https://seostar.co/robot/)"
173.231.59.202 - - [07/Jun/2021:12:35:00 +0200] "GET /pmwiki/pmwiki.php/Main/ThankYouPoland HTTP/1.1" 200 13952 "http://swpat.zpok.hu/" "Mozilla/5.0 (compatible; Adsbot/3.1; +https://seostar.co/robot/)"
173.231.59.202 - - [07/Jun/2021:12:35:59 +0200] "GET /pmwiki/pmwiki.php/Main/2004Augusztus18 HTTP/1.1" 200 13214 "http://swpat.zpok.hu/" "Mozilla/5.0 (compatible; Adsbot/3.1; +https://seostar.co/robot/)"
173.231.59.202 - - [07/Jun/2021:12:36:53 +0200] "GET /pmwiki/pmwiki.php/Main/2004Szeptember1 HTTP/1.1" 200 14123 "http://swpat.zpok.hu/" "Mozilla/5.0 (compatible; Adsbot/3.1; +https://seostar.co/robot/)"
173.231.59.202 - - [07/Jun/2021:12:37:57 +0200] "GET /pmwiki/pmwiki.php/Main/2005Szeptember2 HTTP/1.1" 200 13809 "http://swpat.zpok.hu/" "Mozilla/5.0 (compatible; Adsbot/3.1; +https://seostar.co/robot/)"
173.231.59.202 - - [07/Jun/2021:12:38:55 +0200] "GET /pmwiki/pmwiki.php/Main/DRMMunkacsoport?action=diff HTTP/1.1" 200 14573 "http://swpat.zpok.hu/" "Mozilla/5.0 (compatible; Adsbot/3.1; +https://seostar.co/robot/)"
173.231.59.202 - - [07/Jun/2021:12:39:34 +0200] "GET /pmwiki/pmwiki.php/Main/DRMMunkacsoport?action=edit HTTP/1.1" 200 12510 "http://swpat.zpok.hu/" "Mozilla/5.0 (compatible; Adsbot/3.1; +https://seostar.co/robot/)"
173.231.59.202 - - [07/Jun/2021:12:40:20 +0200] "GET /pmwiki/pmwiki.php/Main/DRMMunkacsoport?action=print HTTP/1.1" 200 3060 "http://swpat.zpok.hu/" "Mozilla/5.0 (compatible; Adsbot/3.1; +https://seostar.co/robot/)"
173.231.59.202 - - [07/Jun/2021:12:41:06 +0200] "GET /pmwiki/pmwiki.php/Main/DRMMunkacsoport?action=upload HTTP/1.1" 200 12390 "http://swpat.zpok.hu/" "Mozilla/5.0 (compatible; Adsbot/3.1; +https://seostar.co/robot/)"
173.231.59.202 - - [07/Jun/2021:12:41:55 +0200] "GET /pmwiki/pmwiki.php/Main/V%e9delmiP%e9nz?action=diff HTTP/1.1" 200 13896 "http://swpat.zpok.hu/" "Mozilla/5.0 (compatible; Adsbot/3.1; +https://seostar.co/robot/)"
173.231.59.202 - - [07/Jun/2021:12:42:42 +0200] "GET /pmwiki/pmwiki.php/Main/V%e9delmiP%e9nz?action=edit HTTP/1.1" 200 12502 "http://swpat.zpok.hu/" "Mozilla/5.0 (compatible; Adsbot/3.1; +https://seostar.co/robot/)"
173.231.59.202 - - [07/Jun/2021:12:43:48 +0200] "GET /pmwiki/pmwiki.php/Main/V%e9delmiP%e9nz?action=print HTTP/1.1" 200 2920 "http://swpat.zpok.hu/" "Mozilla/5.0 (compatible; Adsbot/3.1; +https://seostar.co/robot/)"
173.231.59.202 - - [07/Jun/2021:12:44:47 +0200] "GET /pmwiki/pmwiki.php/Main/V%e9delmiP%e9nz?action=upload HTTP/1.1" 200 12382 "http://swpat.zpok.hu/" "Mozilla/5.0 (compatible; Adsbot/3.1; +https://seostar.co/robot/)"
173.231.59.202 - - [07/Jun/2021:12:45:51 +0200] "GET /pmwiki/pmwiki.php/Main/Gazdas%e1giOldal?action=diff HTTP/1.1" 200 19856 "http://swpat.zpok.hu/" "Mozilla/5.0 (compatible; Adsbot/3.1; +https://seostar.co/robot/)"
173.231.59.202 - - [07/Jun/2021:12:47:01 +0200] "GET /pmwiki/pmwiki.php/Main/Gazdas%e1giOldal?action=edit HTTP/1.1" 200 12526 "http://swpat.zpok.hu/" "Mozilla/5.0 (compatible; Adsbot/3.1; +https://seostar.co/robot/)"
173.231.59.202 - - [07/Jun/2021:12:48:06 +0200] "GET /pmwiki/pmwiki.php/Main/Gazdas%e1giOldal?action=print HTTP/1.1" 200 9885 "http://swpat.zpok.hu/" "Mozilla/5.0 (compatible; Adsbot/3.1; +https://seostar.co/robot/)"
212.237.51.151 - - [07/Jun/2021:12:49:23 +0200] "HEAD /pmwiki/pmwiki.php HTTP/1.1" 200 0 "-" "Alert_Alligator_webmonitoring_service_1.6.3_(alertalligator.com)"
173.231.59.202 - - [07/Jun/2021:12:49:32 +0200] "GET /pmwiki/pmwiki.php/Main/Gazdas%e1giOldal?action=upload HTTP/1.1" 200 12406 "http://swpat.zpok.hu/" "Mozilla/5.0 (compatible; Adsbot/3.1; +https://seostar.co/robot/)"
173.231.59.202 - - [07/Jun/2021:12:50:46 +0200] "GET /pmwiki/pmwiki.php/Main/ADRMH%e1tr%e1nyai?action=diff HTTP/1.1" 200 32626 "http://swpat.zpok.hu/" "Mozilla/5.0 (compatible; Adsbot/3.1; +https://seostar.co/robot/)"
173.231.59.202 - - [07/Jun/2021:12:51:46 +0200] "GET /pmwiki/pmwiki.php/Main/ADRMH%e1tr%e1nyai?action=edit HTTP/1.1" 200 12534 "http://swpat.zpok.hu/" "Mozilla/5.0 (compatible; Adsbot/3.1; +https://seostar.co/robot/)"
173.231.59.202 - - [07/Jun/2021:12:52:59 +0200] "GET /pmwiki/pmwiki.php/Main/ADRMH%e1tr%e1nyai?action=print HTTP/1.1" 200 5095 "http://swpat.zpok.hu/" "Mozilla/5.0 (compatible; Adsbot/3.1; +https://seostar.co/robot/)"
173.231.59.202 - - [07/Jun/2021:12:54:26 +0200] "GET /pmwiki/pmwiki.php/Main/ADRMH%e1tr%e1nyai?action=upload HTTP/1.1" 200 12414 "http://swpat.zpok.hu/" "Mozilla/5.0 (compatible; Adsbot/3.1; +https://seostar.co/robot/)"
173.231.59.202 - - [07/Jun/2021:12:55:56 +0200] "GET /pmwiki/pmwiki.php/Main/2004-esNyilatkozat HTTP/1.1" 200 15702 "http://swpat.zpok.hu/" "Mozilla/5.0 (compatible; Adsbot/3.1; +https://seostar.co/robot/)"
173.231.59.202 - - [07/Jun/2021:12:57:47 +0200] "GET /pmwiki/pmwiki.php/Main/AdelphiAlapokm%e1ny HTTP/1.1" 200 16161 "http://swpat.zpok.hu/" "Mozilla/5.0 (compatible; Adsbot/3.1; +https://seostar.co/robot/)"
114.119.151.72 - - [07/Jun/2021:12:58:07 +0200] "GET /pmwiki/pmwiki.php/Main/H%edrek?action=diff HTTP/1.1" 200 21348 "-" "Mozilla/5.0 (Linux; Android 7.0;) AppleWebKit/537.36 (KHTML, like Gecko) Mobile Safari/537.36 (compatible; PetalBot;+https://webmaster.petalsearch.com/site/petalbot)"
173.231.59.202 - - [07/Jun/2021:12:59:30 +0200] "GET /pmwiki/pmwiki.php/Main/SzoftverSzabadalmak?action=diff HTTP/1.1" 200 16505 "http://swpat.zpok.hu/" "Mozilla/5.0 (compatible; Adsbot/3.1; +https://seostar.co/robot/)"
173.231.59.202 - - [07/Jun/2021:13:00:47 +0200] "GET /pmwiki/pmwiki.php/Main/SzoftverSzabadalmak?action=edit HTTP/1.1" 200 12578 "http://swpat.zpok.hu/" "Mozilla/5.0 (compatible; Adsbot/3.1; +https://seostar.co/robot/)"
173.231.59.202 - - [07/Jun/2021:13:02:03 +0200] "GET /pmwiki/pmwiki.php/Main/SzoftverSzabadalmak?action=print HTTP/1.1" 200 5369 "http://swpat.zpok.hu/" "Mozilla/5.0 (compatible; Adsbot/3.1; +https://seostar.co/robot/)"
173.231.59.202 - - [07/Jun/2021:13:03:23 +0200] "GET /pmwiki/pmwiki.php/Main/SzoftverSzabadalmak?action=upload HTTP/1.1" 200 12458 "http://swpat.zpok.hu/" "Mozilla/5.0 (compatible; Adsbot/3.1; +https://seostar.co/robot/)"
173.231.59.202 - - [07/Jun/2021:13:04:26 +0200] "GET /pmwiki/pmwiki.php/Main/Befektet%e9sv%e9delem?action=diff HTTP/1.1" 200 17266 "http://swpat.zpok.hu/" "Mozilla/5.0 (compatible; Adsbot/3.1; +https://seostar.co/robot/)"
173.231.59.202 - - [07/Jun/2021:13:05:19 +0200] "GET /pmwiki/pmwiki.php/Main/Befektet%e9sv%e9delem?action=edit HTTP/1.1" 200 12602 "http://swpat.zpok.hu/" "Mozilla/5.0 (compatible; Adsbot/3.1; +https://seostar.co/robot/)"
173.231.59.202 - - [07/Jun/2021:13:06:01 +0200] "GET /pmwiki/pmwiki.php/Main/Befektet%e9sv%e9delem?action=print HTTP/1.1" 200 6102 "http://swpat.zpok.hu/" "Mozilla/5.0 (compatible; Adsbot/3.1; +https://seostar.co/robot/)"
173.231.59.202 - - [07/Jun/2021:13:06:44 +0200] "GET /pmwiki/pmwiki.php/Main/Befektet%e9sv%e9delem?action=upload HTTP/1.1" 200 12482 "http://swpat.zpok.hu/" "Mozilla/5.0 (compatible; Adsbot/3.1; +https://seostar.co/robot/)"
173.231.59.202 - - [07/Jun/2021:13:07:26 +0200] "GET /pmwiki/pmwiki.php/PmWiki/TextFormattingRules HTTP/1.1" 200 21329 "http://swpat.zpok.hu/" "Mozilla/5.0 (compatible; Adsbot/3.1; +https://seostar.co/robot/)"
173.231.59.202 - - [07/Jun/2021:13:08:36 +0200] "GET /pmwiki/pmwiki.php/Main/2003M%e1jusiNyilatkozat HTTP/1.1" 200 17004 "http://swpat.zpok.hu/" "Mozilla/5.0 (compatible; Adsbot/3.1; +https://seostar.co/robot/)"
114.119.132.6 - - [07/Jun/2021:13:09:23 +0200] "GET /pmwiki/pmwiki.php/Main/2005M%e1rciusiNyilatkozat?action=upload HTTP/1.1" 200 12546 "-" "Mozilla/5.0 (Linux; Android 7.0;) AppleWebKit/537.36 (KHTML, like Gecko) Mobile Safari/537.36 (compatible; PetalBot;+https://webmaster.petalsearch.com/site/petalbot)"
173.231.59.202 - - [07/Jun/2021:13:11:34 +0200] "GET /pmwiki/pmwiki.php/Main/2005M%e1rciusiNyilatkozat HTTP/1.1" 200 15044 "http://swpat.zpok.hu/" "Mozilla/5.0 (compatible; Adsbot/3.1; +https://seostar.co/robot/)"
173.231.59.202 - - [07/Jun/2021:13:14:31 +0200] "GET /pmwiki/pmwiki.php/Main/Comission-negatesDemocracy HTTP/1.1" 200 16717 "http://swpat.zpok.hu/" "Mozilla/5.0 (compatible; Adsbot/3.1; +https://seostar.co/robot/)"
185.191.171.34 - - [07/Jun/2021:13:14:45 +0200] "GET /robots.txt HTTP/1.1" 404 1181 "-" "Mozilla/5.0 (compatible; SemrushBot/7~bl; +http://www.semrush.com/bot.html)"
185.191.171.36 - - [07/Jun/2021:13:14:46 +0200] "GET /pmwiki/pmwiki.php/Main/ADRMH%E1tr%E1nyai?action=diff HTTP/1.1" 200 32626 "-" "Mozilla/5.0 (compatible; SemrushBot/7~bl; +http://www.semrush.com/bot.html)"
173.231.59.202 - - [07/Jun/2021:13:17:02 +0200] "GET /pmwiki/pmwiki.php/Main/GatesMegzsaroltaD%e1ni%e1t HTTP/1.1" 200 12993 "http://swpat.zpok.hu/" "Mozilla/5.0 (compatible; Adsbot/3.1; +https://seostar.co/robot/)"
173.231.59.202 - - [07/Jun/2021:13:20:35 +0200] "GET /pmwiki/pmwiki.php/Main/HarcT%edzITSzabadalomEllen HTTP/1.1" 200 13731 "http://swpat.zpok.hu/" "Mozilla/5.0 (compatible; Adsbot/3.1; +https://seostar.co/robot/)"
114.119.132.6 - - [07/Jun/2021:13:20:56 +0200] "GET /pmwiki/pmwiki.php/Main/2004Augusztus5?action=edit HTTP/1.1" 200 12494 "-" "Mozilla/5.0 (Linux; Android 7.0;) AppleWebKit/537.36 (KHTML, like Gecko) Mobile Safari/537.36 (compatible; PetalBot;+https://webmaster.petalsearch.com/site/petalbot)"
35.239.58.193 - - [07/Jun/2021:13:23:00 +0200] "GET /robots.txt HTTP/1.1" 404 1181 "-" "ltx71 - (http://ltx71.com/)"
173.231.59.202 - - [07/Jun/2021:13:23:36 +0200] "GET /pmwiki/pmwiki.php/Main/2003M%e1jusBr%fcsszeliT%fara HTTP/1.1" 200 13133 "http://swpat.zpok.hu/" "Mozilla/5.0 (compatible; Adsbot/3.1; +https://seostar.co/robot/)"
35.239.58.193 - - [07/Jun/2021:13:24:24 +0200] "GET /pmwiki/pmwiki.php/Main/SzoftverSzabadalmak HTTP/1.1" 200 15057 "-" "ltx71 - (http://ltx71.com/)"
35.239.58.193 - - [07/Jun/2021:13:24:35 +0200] "GET /pmwiki/pmwiki.php HTTP/1.1" 200 37269 "-" "ltx71 - (http://ltx71.com/)"
173.231.59.202 - - [07/Jun/2021:13:27:55 +0200] "GET /pmwiki/pmwiki.php/Main/2005M%e1rciusiNy%edltLev%e9l HTTP/1.1" 200 14140 "http://swpat.zpok.hu/" "Mozilla/5.0 (compatible; Adsbot/3.1; +https://seostar.co/robot/)"
173.231.59.202 - - [07/Jun/2021:13:32:18 +0200] "GET /pmwiki/pmwiki.php/Main/AJelenlegiSzerzoiJogiTorveny?action=diff HTTP/1.1" 200 35610 "http://swpat.zpok.hu/" "Mozilla/5.0 (compatible; Adsbot/3.1; +https://seostar.co/robot/)"
173.231.59.202 - - [07/Jun/2021:13:35:11 +0200] "GET /pmwiki/pmwiki.php/Main/AJelenlegiSzerzoiJogiTorveny?action=edit HTTP/1.1" 200 12718 "http://swpat.zpok.hu/" "Mozilla/5.0 (compatible; Adsbot/3.1; +https://seostar.co/robot/)"
173.231.59.202 - - [07/Jun/2021:13:37:54 +0200] "GET /pmwiki/pmwiki.php/Main/AJelenlegiSzerzoiJogiTorveny?action=print HTTP/1.1" 200 8868 "http://swpat.zpok.hu/" "Mozilla/5.0 (compatible; Adsbot/3.1; +https://seostar.co/robot/)"
173.231.59.202 - - [07/Jun/2021:13:39:45 +0200] "GET /pmwiki/pmwiki.php/Main/AJelenlegiSzerzoiJogiTorveny?action=upload HTTP/1.1" 200 12598 "http://swpat.zpok.hu/" "Mozilla/5.0 (compatible; Adsbot/3.1; +https://seostar.co/robot/)"
173.231.59.202 - - [07/Jun/2021:13:42:35 +0200] "GET /pmwiki/pmwiki.php/Main/LehetsegesJavitasokEuropaban?action=diff HTTP/1.1" 200 31061 "http://swpat.zpok.hu/" "Mozilla/5.0 (compatible; Adsbot/3.1; +https://seostar.co/robot/)"
173.231.59.202 - - [07/Jun/2021:13:45:05 +0200] "GET /pmwiki/pmwiki.php/Main/LehetsegesJavitasokEuropaban?action=edit HTTP/1.1" 200 12718 "http://swpat.zpok.hu/" "Mozilla/5.0 (compatible; Adsbot/3.1; +https://seostar.co/robot/)"
173.231.59.202 - - [07/Jun/2021:13:47:50 +0200] "GET /pmwiki/pmwiki.php/Main/LehetsegesJavitasokEuropaban?action=print HTTP/1.1" 200 4274 "http://swpat.zpok.hu/" "Mozilla/5.0 (compatible; Adsbot/3.1; +https://seostar.co/robot/)"
114.119.149.252 - - [07/Jun/2021:13:49:18 +0200] "GET /pmwiki/pmwiki.php/Main/MiADRM?action=print HTTP/1.1" 200 3337 "-" "Mozilla/5.0 (Linux; Android 7.0;) AppleWebKit/537.36 (KHTML, like Gecko) Mobile Safari/537.36 (compatible; PetalBot;+https://webmaster.petalsearch.com/site/petalbot)"
173.231.59.202 - - [07/Jun/2021:13:49:19 +0200] "GET /pmwiki/pmwiki.php/Main/LehetsegesJavitasokEuropaban?action=upload HTTP/1.1" 200 12598 "http://swpat.zpok.hu/" "Mozilla/5.0 (compatible; Adsbot/3.1; +https://seostar.co/robot/)"
159.69.145.50 - - [07/Jun/2021:13:49:35 +0200] "HEAD /pmwiki/pmwiki.php HTTP/1.1" 200 0 "-" "Alert_Alligator_webmonitoring_service_1.6.3_(alertalligator.com)"
173.231.59.202 - - [07/Jun/2021:13:51:27 +0200] "GET /pmwiki/pmwiki.php/Main/2005J%faniusEKTBBesz%e1mol%f3 HTTP/1.1" 200 18393 "http://swpat.zpok.hu/" "Mozilla/5.0 (compatible; Adsbot/3.1; +https://seostar.co/robot/)"
173.231.59.202 - - [07/Jun/2021:13:54:59 +0200] "GET /pmwiki/pmwiki.php/Main/BillGates%c9sM%e1sKommunist%e1k HTTP/1.1" 200 18614 "http://swpat.zpok.hu/" "Mozilla/5.0 (compatible; Adsbot/3.1; +https://seostar.co/robot/)"
173.231.59.202 - - [07/Jun/2021:13:58:38 +0200] "GET /pmwiki/pmwiki.php/Main/2005M%e1rciusiK%f6z%f6sNyilatkozat HTTP/1.1" 200 12811 "http://swpat.zpok.hu/" "Mozilla/5.0 (compatible; Adsbot/3.1; +https://seostar.co/robot/)"
173.231.59.202 - - [07/Jun/2021:14:01:55 +0200] "GET /pmwiki/pmwiki.php/Main/HeringgelMegval%f3s%edtottTal%e1lm%e1nyok?action=diff HTTP/1.1" 200 26578 "http://swpat.zpok.hu/" "Mozilla/5.0 (compatible; Adsbot/3.1; +https://seostar.co/robot/)"
173.231.59.202 - - [07/Jun/2021:14:05:23 +0200] "GET /pmwiki/pmwiki.php/Main/HeringgelMegval%f3s%edtottTal%e1lm%e1nyok?action=edit HTTP/1.1" 200 12914 "http://swpat.zpok.hu/" "Mozilla/5.0 (compatible; Adsbot/3.1; +https://seostar.co/robot/)"
173.231.59.202 - - [07/Jun/2021:14:07:39 +0200] "GET /pmwiki/pmwiki.php/Main/HeringgelMegval%f3s%edtottTal%e1lm%e1nyok?action=print HTTP/1.1" 200 8496 "http://swpat.zpok.hu/" "Mozilla/5.0 (compatible; Adsbot/3.1; +https://seostar.co/robot/)"
173.231.59.202 - - [07/Jun/2021:14:10:15 +0200] "GET /pmwiki/pmwiki.php/Main/HeringgelMegval%f3s%edtottTal%e1lm%e1nyok?action=upload HTTP/1.1" 200 12794 "http://swpat.zpok.hu/" "Mozilla/5.0 (compatible; Adsbot/3.1; +https://seostar.co/robot/)"
173.231.59.202 - - [07/Jun/2021:14:12:44 +0200] "GET /pmwiki/pmwiki.php/Main/ABundestagT%e1mogatjaAzEur%f3paiParlamentet HTTP/1.1" 200 18357 "http://swpat.zpok.hu/" "Mozilla/5.0 (compatible; Adsbot/3.1; +https://seostar.co/robot/)"
173.231.59.202 - - [07/Jun/2021:14:16:01 +0200] "GET /pmwiki/pmwiki.php/Main/2003M%e1jusiNyilatkozathozKapcsol%f3d%f3Cikk HTTP/1.1" 200 14960 "http://swpat.zpok.hu/" "Mozilla/5.0 (compatible; Adsbot/3.1; +https://seostar.co/robot/)"
173.231.59.202 - - [07/Jun/2021:14:19:36 +0200] "GET /pmwiki/pmwiki.php/Main/2004Febru%e1riK%f6sz%f6netLengyelorsz%e1gnak HTTP/1.1" 200 15642 "http://swpat.zpok.hu/" "Mozilla/5.0 (compatible; Adsbot/3.1; +https://seostar.co/robot/)"
114.119.155.144 - - [07/Jun/2021:14:22:43 +0200] "GET /pmwiki/pmwiki.php/Main/2004-esNyilatkozat?action=print HTTP/1.1" 200 6026 "-" "Mozilla/5.0 (Linux; Android 7.0;) AppleWebKit/537.36 (KHTML, like Gecko) Mobile Safari/537.36 (compatible; PetalBot;+https://webmaster.petalsearch.com/site/petalbot)"
173.231.59.202 - - [07/Jun/2021:14:23:02 +0200] "GET /pmwiki/pmwiki.php/Main/AzEUBizotts%e1gaL%e1bbalTiporjaADemokr%e1ci%e1t HTTP/1.1" 200 17083 "http://swpat.zpok.hu/" "Mozilla/5.0 (compatible; Adsbot/3.1; +https://seostar.co/robot/)"
173.231.59.202 - - [07/Jun/2021:14:26:40 +0200] "GET /pmwiki/pmwiki.php/Main/Damokl%e9szKardjaLebegAMagyarSzoftveriparFelett HTTP/1.1" 200 16099 "http://swpat.zpok.hu/" "Mozilla/5.0 (compatible; Adsbot/3.1; +https://seostar.co/robot/)"
173.231.59.202 - - [07/Jun/2021:14:30:43 +0200] "GET /pmwiki/pmwiki.php/Main/Lev%e9lAParlamentInformaitikaiBizotts%e1gaEln%f6k%e9nek HTTP/1.1" 200 13984 "http://swpat.zpok.hu/" "Mozilla/5.0 (compatible; Adsbot/3.1; +https://seostar.co/robot/)"
173.231.59.202 - - [07/Jun/2021:14:34:33 +0200] "GET /pmwiki/pmwiki.php/Main/ATan%e1cs%c9rdembenT%e1rgyalhatASzoftverszabadalmiDirekt%edv%e1r%f3l HTTP/1.1" 200 18291 "http://swpat.zpok.hu/" "Mozilla/5.0 (compatible; Adsbot/3.1; +https://seostar.co/robot/)"
173.231.59.202 - - [07/Jun/2021:14:38:33 +0200] "GET /pmwiki/pmwiki.php/Main/AzEur%f3paiParlament%dajraind%edt%e1stK%f6vetelAzEln%f6kiKonferenciaElfogadtaAzInd%edtv%e1nyt HTTP/1.1" 200 16658 "http://swpat.zpok.hu/" "Mozilla/5.0 (compatible; Adsbot/3.1; +https://seostar.co/robot/)"
212.237.53.115 - - [07/Jun/2021:14:53:10 +0200] "HEAD /pmwiki/pmwiki.php HTTP/1.1" 200 0 "-" "Alert_Alligator_webmonitoring_service_1.6.3_(alertalligator.com)"
114.119.156.251 - - [07/Jun/2021:14:53:57 +0200] "GET /pmwiki/pmwiki.php/Main/MitTehetek?action=edit HTTP/1.1" 200 12430 "-" "Mozilla/5.0 (Linux; Android 7.0;) AppleWebKit/537.36 (KHTML, like Gecko) Mobile Safari/537.36 (compatible; PetalBot;+https://webmaster.petalsearch.com/site/petalbot)"
212.237.51.151 - - [07/Jun/2021:15:53:03 +0200] "HEAD /pmwiki/pmwiki.php HTTP/1.1" 200 0 "-" "Alert_Alligator_webmonitoring_service_1.6.3_(alertalligator.com)"
114.119.151.72 - - [07/Jun/2021:16:48:36 +0200] "GET /pmwiki/pmwiki.php/Main/Tud%e1smonop%f3lium?action=edit HTTP/1.1" 200 12566 "-" "Mozilla/5.0 (Linux; Android 7.0;) AppleWebKit/537.36 (KHTML, like Gecko) Mobile Safari/537.36 (compatible; PetalBot;+https://webmaster.petalsearch.com/site/petalbot)"
212.237.53.115 - - [07/Jun/2021:16:52:54 +0200] "HEAD /pmwiki/pmwiki.php HTTP/1.1" 200 0 "-" "Alert_Alligator_webmonitoring_service_1.6.3_(alertalligator.com)"
185.191.171.37 - - [07/Jun/2021:16:54:07 +0200] "GET /robots.txt HTTP/1.1" 404 1181 "-" "Mozilla/5.0 (compatible; SemrushBot/7~bl; +http://www.semrush.com/bot.html)"
185.191.171.1 - - [07/Jun/2021:16:54:07 +0200] "GET /pmwiki/pmwiki.php/Main/Google?action=edit HTTP/1.1" 200 12366 "-" "Mozilla/5.0 (compatible; SemrushBot/7~bl; +http://www.semrush.com/bot.html)"
114.119.158.146 - - [07/Jun/2021:16:55:02 +0200] "GET /pmwiki/pmwiki.php/Main/EUCD?action=upload HTTP/1.1" 200 12214 "-" "Mozilla/5.0 (Linux; Android 7.0;) AppleWebKit/537.36 (KHTML, like Gecko) Mobile Safari/537.36 (compatible; PetalBot;+https://webmaster.petalsearch.com/site/petalbot)"
114.119.129.205 - - [07/Jun/2021:17:15:18 +0200] "GET /pmwiki/pmwiki.php/Main/AJelenlegiSzerzoiJogiTorveny?action=print HTTP/1.1" 200 8868 "-" "Mozilla/5.0 (Linux; Android 7.0;) AppleWebKit/537.36 (KHTML, like Gecko) Mobile Safari/537.36 (compatible; PetalBot;+https://webmaster.petalsearch.com/site/petalbot)"
185.191.171.2 - - [07/Jun/2021:17:16:08 +0200] "GET /pmwiki/pmwiki.php/Main/Google?action=print HTTP/1.1" 200 15513 "-" "Mozilla/5.0 (compatible; SemrushBot/7~bl; +http://www.semrush.com/bot.html)"
114.119.155.230 - - [07/Jun/2021:17:22:04 +0200] "GET /pmwiki/pmwiki.php/PmWiki/Requirements HTTP/1.1" 200 12196 "-" "Mozilla/5.0 (Linux; Android 7.0;) AppleWebKit/537.36 (KHTML, like Gecko) Mobile Safari/537.36 (compatible; PetalBot;+https://webmaster.petalsearch.com/site/petalbot)"
114.119.149.252 - - [07/Jun/2021:17:28:30 +0200] "GET /pmwiki/pmwiki.php/Main/DRMMunkacsoport?action=edit HTTP/1.1" 200 12510 "-" "Mozilla/5.0 (Linux; Android 7.0;) AppleWebKit/537.36 (KHTML, like Gecko) Mobile Safari/537.36 (compatible; PetalBot;+https://webmaster.petalsearch.com/site/petalbot)"
114.119.156.251 - - [07/Jun/2021:17:35:19 +0200] "GET /pmwiki/pmwiki.php/Main/Cikkek?action=print HTTP/1.1" 200 57345 "-" "Mozilla/5.0 (Linux; Android 7.0;) AppleWebKit/537.36 (KHTML, like Gecko) Mobile Safari/537.36 (compatible; PetalBot;+https://webmaster.petalsearch.com/site/petalbot)"
212.237.51.151 - - [07/Jun/2021:17:51:56 +0200] "HEAD /pmwiki/pmwiki.php HTTP/1.1" 200 0 "-" "Alert_Alligator_webmonitoring_service_1.6.3_(alertalligator.com)"
114.119.155.230 - - [07/Jun/2021:18:27:28 +0200] "GET /pmwiki/pmwiki.php/PmWiki/DocumentationIndex?action=edit HTTP/1.1" 200 12596 "-" "Mozilla/5.0 (Linux; Android 7.0;) AppleWebKit/537.36 (KHTML, like Gecko) Mobile Safari/537.36 (compatible; PetalBot;+https://webmaster.petalsearch.com/site/petalbot)"
173.231.59.202 - - [07/Jun/2021:18:30:41 +0200] "GET /pmwiki/pmwiki.php/Main/SMELie HTTP/1.1" 200 13592 "http://swpat.zpok.hu/" "Mozilla/5.0 (compatible; Adsbot/3.1; +https://seostar.co/robot/)"
173.231.59.202 - - [07/Jun/2021:18:33:17 +0200] "GET /pmwiki/pmwiki.php/Main/McCreevy HTTP/1.1" 200 13220 "http://swpat.zpok.hu/" "Mozilla/5.0 (compatible; Adsbot/3.1; +https://seostar.co/robot/)"
114.119.158.146 - - [07/Jun/2021:18:34:04 +0200] "GET /pmwiki/pmwiki.php/Main/2004Augusztus18 HTTP/1.1" 200 13214 "-" "Mozilla/5.0 (Linux; Android 7.0;) AppleWebKit/537.36 (KHTML, like Gecko) Mobile Safari/537.36 (compatible; PetalBot;+https://webmaster.petalsearch.com/site/petalbot)"
173.231.59.202 - - [07/Jun/2021:18:36:29 +0200] "GET /pmwiki/pmwiki.php/Main/TRIPSLie HTTP/1.1" 200 12874 "http://swpat.zpok.hu/" "Mozilla/5.0 (compatible; Adsbot/3.1; +https://seostar.co/robot/)"
173.231.59.202 - - [07/Jun/2021:18:39:17 +0200] "GET /pmwiki/pmwiki.php/Main/2004Augusztus5?action=diff HTTP/1.1" 200 16408 "http://swpat.zpok.hu/" "Mozilla/5.0 (compatible; Adsbot/3.1; +https://seostar.co/robot/)"
173.231.59.202 - - [07/Jun/2021:18:40:10 +0200] "GET /pmwiki/pmwiki.php/Main/2004Augusztus5?action=edit HTTP/1.1" 200 12494 "http://swpat.zpok.hu/" "Mozilla/5.0 (compatible; Adsbot/3.1; +https://seostar.co/robot/)"
173.231.59.202 - - [07/Jun/2021:18:40:54 +0200] "GET /pmwiki/pmwiki.php/Main/2004Augusztus5?action=print HTTP/1.1" 200 5461 "http://swpat.zpok.hu/" "Mozilla/5.0 (compatible; Adsbot/3.1; +https://seostar.co/robot/)"
173.231.59.202 - - [07/Jun/2021:18:41:47 +0200] "GET /pmwiki/pmwiki.php/Main/2004Augusztus5?action=upload HTTP/1.1" 200 12374 "http://swpat.zpok.hu/" "Mozilla/5.0 (compatible; Adsbot/3.1; +https://seostar.co/robot/)"
173.231.59.202 - - [07/Jun/2021:18:42:19 +0200] "GET /pmwiki/pmwiki.php/Main/2005M%e1rcius8?action=diff HTTP/1.1" 200 33027 "http://swpat.zpok.hu/" "Mozilla/5.0 (compatible; Adsbot/3.1; +https://seostar.co/robot/)"
173.231.59.202 - - [07/Jun/2021:18:43:04 +0200] "GET /pmwiki/pmwiki.php/Main/2005M%e1rcius8?action=edit HTTP/1.1" 200 12490 "http://swpat.zpok.hu/" "Mozilla/5.0 (compatible; Adsbot/3.1; +https://seostar.co/robot/)"
173.231.59.202 - - [07/Jun/2021:18:44:18 +0200] "GET /pmwiki/pmwiki.php/Main/2005M%e1rcius8?action=print HTTP/1.1" 200 20416 "http://swpat.zpok.hu/" "Mozilla/5.0 (compatible; Adsbot/3.1; +https://seostar.co/robot/)"
173.231.59.202 - - [07/Jun/2021:18:45:11 +0200] "GET /pmwiki/pmwiki.php/Main/2005M%e1rcius8?action=upload HTTP/1.1" 200 12370 "http://swpat.zpok.hu/" "Mozilla/5.0 (compatible; Adsbot/3.1; +https://seostar.co/robot/)"
173.231.59.202 - - [07/Jun/2021:18:46:03 +0200] "GET /pmwiki/pmwiki.php/Main/BMEKonferencia?action=diff HTTP/1.1" 200 76698 "http://swpat.zpok.hu/" "Mozilla/5.0 (compatible; Adsbot/3.1; +https://seostar.co/robot/)"
173.231.59.202 - - [07/Jun/2021:18:46:48 +0200] "GET /pmwiki/pmwiki.php/Main/BMEKonferencia?action=edit HTTP/1.1" 200 12494 "http://swpat.zpok.hu/" "Mozilla/5.0 (compatible; Adsbot/3.1; +https://seostar.co/robot/)"
173.231.59.202 - - [07/Jun/2021:18:47:34 +0200] "GET /pmwiki/pmwiki.php/Main/BMEKonferencia?action=print HTTP/1.1" 200 5262 "http://swpat.zpok.hu/" "Mozilla/5.0 (compatible; Adsbot/3.1; +https://seostar.co/robot/)"
173.231.59.202 - - [07/Jun/2021:18:48:49 +0200] "GET /pmwiki/pmwiki.php/Main/BMEKonferencia?action=upload HTTP/1.1" 200 12374 "http://swpat.zpok.hu/" "Mozilla/5.0 (compatible; Adsbot/3.1; +https://seostar.co/robot/)"
173.231.59.202 - - [07/Jun/2021:18:50:19 +0200] "GET /pmwiki/pmwiki.php/Main/ThankYouPoland?action=diff HTTP/1.1" 200 15641 "http://swpat.zpok.hu/" "Mozilla/5.0 (compatible; Adsbot/3.1; +https://seostar.co/robot/)"
173.231.59.202 - - [07/Jun/2021:18:51:49 +0200] "GET /pmwiki/pmwiki.php/Main/ThankYouPoland?action=edit HTTP/1.1" 200 12495 "http://swpat.zpok.hu/" "Mozilla/5.0 (compatible; Adsbot/3.1; +https://seostar.co/robot/)"
49.12.13.109 - - [07/Jun/2021:18:52:15 +0200] "HEAD /pmwiki/pmwiki.php HTTP/1.1" 200 0 "-" "Alert_Alligator_webmonitoring_service_1.6.3_(alertalligator.com)"
173.231.59.202 - - [07/Jun/2021:18:53:43 +0200] "GET /pmwiki/pmwiki.php/Main/ThankYouPoland?action=print HTTP/1.1" 200 4332 "http://swpat.zpok.hu/" "Mozilla/5.0 (compatible; Adsbot/3.1; +https://seostar.co/robot/)"
173.231.59.202 - - [07/Jun/2021:18:56:05 +0200] "GET /pmwiki/pmwiki.php/Main/ThankYouPoland?action=upload HTTP/1.1" 200 12375 "http://swpat.zpok.hu/" "Mozilla/5.0 (compatible; Adsbot/3.1; +https://seostar.co/robot/)"
173.231.59.202 - - [07/Jun/2021:18:58:26 +0200] "GET /pmwiki/pmwiki.php/Main/2004Augusztus18?action=diff HTTP/1.1" 200 14665 "http://swpat.zpok.hu/" "Mozilla/5.0 (compatible; Adsbot/3.1; +https://seostar.co/robot/)"
173.231.59.202 - - [07/Jun/2021:19:00:56 +0200] "GET /pmwiki/pmwiki.php/Main/2004Augusztus18?action=edit HTTP/1.1" 200 12510 "http://swpat.zpok.hu/" "Mozilla/5.0 (compatible; Adsbot/3.1; +https://seostar.co/robot/)"
173.231.59.202 - - [07/Jun/2021:19:03:42 +0200] "GET /pmwiki/pmwiki.php/Main/2004Augusztus18?action=print HTTP/1.1" 200 3574 "http://swpat.zpok.hu/" "Mozilla/5.0 (compatible; Adsbot/3.1; +https://seostar.co/robot/)"
173.231.59.202 - - [07/Jun/2021:19:06:07 +0200] "GET /pmwiki/pmwiki.php/Main/2004Augusztus18?action=upload HTTP/1.1" 200 12390 "http://swpat.zpok.hu/" "Mozilla/5.0 (compatible; Adsbot/3.1; +https://seostar.co/robot/)"
173.231.59.202 - - [07/Jun/2021:19:08:19 +0200] "GET /pmwiki/pmwiki.php/Main/2004Szeptember1?action=diff HTTP/1.1" 200 15558 "http://swpat.zpok.hu/" "Mozilla/5.0 (compatible; Adsbot/3.1; +https://seostar.co/robot/)"
173.231.59.202 - - [07/Jun/2021:19:10:33 +0200] "GET /pmwiki/pmwiki.php/Main/2004Szeptember1?action=edit HTTP/1.1" 200 12510 "http://swpat.zpok.hu/" "Mozilla/5.0 (compatible; Adsbot/3.1; +https://seostar.co/robot/)"
173.231.59.202 - - [07/Jun/2021:19:12:41 +0200] "GET /pmwiki/pmwiki.php/Main/2004Szeptember1?action=print HTTP/1.1" 200 4483 "http://swpat.zpok.hu/" "Mozilla/5.0 (compatible; Adsbot/3.1; +https://seostar.co/robot/)"
173.231.59.202 - - [07/Jun/2021:19:14:49 +0200] "GET /pmwiki/pmwiki.php/Main/2004Szeptember1?action=upload HTTP/1.1" 200 12390 "http://swpat.zpok.hu/" "Mozilla/5.0 (compatible; Adsbot/3.1; +https://seostar.co/robot/)"
173.231.59.202 - - [07/Jun/2021:19:16:46 +0200] "GET /pmwiki/pmwiki.php/Main/2005Szeptember2?action=diff HTTP/1.1" 200 15260 "http://swpat.zpok.hu/" "Mozilla/5.0 (compatible; Adsbot/3.1; +https://seostar.co/robot/)"
173.231.59.202 - - [07/Jun/2021:19:19:01 +0200] "GET /pmwiki/pmwiki.php/Main/2005Szeptember2?action=edit HTTP/1.1" 200 12510 "http://swpat.zpok.hu/" "Mozilla/5.0 (compatible; Adsbot/3.1; +https://seostar.co/robot/)"
173.231.59.202 - - [07/Jun/2021:19:21:30 +0200] "GET /pmwiki/pmwiki.php/Main/2005Szeptember2?action=print HTTP/1.1" 200 4183 "http://swpat.zpok.hu/" "Mozilla/5.0 (compatible; Adsbot/3.1; +https://seostar.co/robot/)"
173.231.59.202 - - [07/Jun/2021:19:24:14 +0200] "GET /pmwiki/pmwiki.php/Main/2005Szeptember2?action=upload HTTP/1.1" 200 12390 "http://swpat.zpok.hu/" "Mozilla/5.0 (compatible; Adsbot/3.1; +https://seostar.co/robot/)"
173.231.59.202 - - [07/Jun/2021:19:27:00 +0200] "GET /pmwiki/pmwiki.php/Main/2004-esNyilatkozat?action=diff HTTP/1.1" 200 17019 "http://swpat.zpok.hu/" "Mozilla/5.0 (compatible; Adsbot/3.1; +https://seostar.co/robot/)"
173.231.59.202 - - [07/Jun/2021:19:29:54 +0200] "GET /pmwiki/pmwiki.php/Main/2004-esNyilatkozat?action=edit HTTP/1.1" 200 12558 "http://swpat.zpok.hu/" "Mozilla/5.0 (compatible; Adsbot/3.1; +https://seostar.co/robot/)"
173.231.59.202 - - [07/Jun/2021:19:32:18 +0200] "GET /pmwiki/pmwiki.php/Main/2004-esNyilatkozat?action=print HTTP/1.1" 200 6026 "http://swpat.zpok.hu/" "Mozilla/5.0 (compatible; Adsbot/3.1; +https://seostar.co/robot/)"
173.231.59.202 - - [07/Jun/2021:19:35:02 +0200] "GET /pmwiki/pmwiki.php/Main/2004-esNyilatkozat?action=upload HTTP/1.1" 200 12438 "http://swpat.zpok.hu/" "Mozilla/5.0 (compatible; Adsbot/3.1; +https://seostar.co/robot/)"
173.231.59.202 - - [07/Jun/2021:19:37:59 +0200] "GET /pmwiki/pmwiki.php/Main/AdelphiAlapokm%e1ny?action=diff HTTP/1.1" 200 17542 "http://swpat.zpok.hu/" "Mozilla/5.0 (compatible; Adsbot/3.1; +https://seostar.co/robot/)"
173.231.59.202 - - [07/Jun/2021:19:40:57 +0200] "GET /pmwiki/pmwiki.php/Main/AdelphiAlapokm%e1ny?action=edit HTTP/1.1" 200 12573 "http://swpat.zpok.hu/" "Mozilla/5.0 (compatible; Adsbot/3.1; +https://seostar.co/robot/)"
173.231.59.202 - - [07/Jun/2021:19:44:09 +0200] "GET /pmwiki/pmwiki.php/Main/AdelphiAlapokm%e1ny?action=print HTTP/1.1" 200 6473 "http://swpat.zpok.hu/" "Mozilla/5.0 (compatible; Adsbot/3.1; +https://seostar.co/robot/)"
173.231.59.202 - - [07/Jun/2021:19:46:31 +0200] "GET /pmwiki/pmwiki.php/Main/AdelphiAlapokm%e1ny?action=upload HTTP/1.1" 200 12453 "http://swpat.zpok.hu/" "Mozilla/5.0 (compatible; Adsbot/3.1; +https://seostar.co/robot/)"
173.231.59.202 - - [07/Jun/2021:19:48:53 +0200] "GET /pmwiki/pmwiki.php/Main/2003M%e1jusiNyilatkozat?action=diff HTTP/1.1" 200 16688 "http://swpat.zpok.hu/" "Mozilla/5.0 (compatible; Adsbot/3.1; +https://seostar.co/robot/)"
49.12.13.109 - - [07/Jun/2021:19:51:19 +0200] "HEAD /pmwiki/pmwiki.php HTTP/1.1" 200 0 "-" "Alert_Alligator_webmonitoring_service_1.6.3_(alertalligator.com)"
173.231.59.202 - - [07/Jun/2021:19:51:29 +0200] "GET /pmwiki/pmwiki.php/Main/2003M%e1jusiNyilatkozat?action=edit HTTP/1.1" 200 12634 "http://swpat.zpok.hu/" "Mozilla/5.0 (compatible; Adsbot/3.1; +https://seostar.co/robot/)"
173.231.59.202 - - [07/Jun/2021:19:54:32 +0200] "GET /pmwiki/pmwiki.php/Main/2003M%e1jusiNyilatkozat?action=print HTTP/1.1" 200 7268 "http://swpat.zpok.hu/" "Mozilla/5.0 (compatible; Adsbot/3.1; +https://seostar.co/robot/)"
173.231.59.202 - - [07/Jun/2021:19:57:32 +0200] "GET /pmwiki/pmwiki.php/Main/2003M%e1jusiNyilatkozat?action=upload HTTP/1.1" 200 12514 "http://swpat.zpok.hu/" "Mozilla/5.0 (compatible; Adsbot/3.1; +https://seostar.co/robot/)"
114.119.155.230 - - [07/Jun/2021:19:59:15 +0200] "GET /pmwiki/pmwiki.php/Main/SMELie?action=diff HTTP/1.1" 200 14999 "-" "Mozilla/5.0 (Linux; Android 7.0;) AppleWebKit/537.36 (KHTML, like Gecko) Mobile Safari/537.36 (compatible; PetalBot;+https://webmaster.petalsearch.com/site/petalbot)"
173.231.59.202 - - [07/Jun/2021:20:00:15 +0200] "GET /pmwiki/pmwiki.php/Main/2005M%e1rciusiNyilatkozat?action=diff HTTP/1.1" 200 16519 "http://swpat.zpok.hu/" "Mozilla/5.0 (compatible; Adsbot/3.1; +https://seostar.co/robot/)"
173.231.59.202 - - [07/Jun/2021:20:02:52 +0200] "GET /pmwiki/pmwiki.php/Main/2005M%e1rciusiNyilatkozat?action=edit HTTP/1.1" 200 12666 "http://swpat.zpok.hu/" "Mozilla/5.0 (compatible; Adsbot/3.1; +https://seostar.co/robot/)"
173.231.59.202 - - [07/Jun/2021:20:05:57 +0200] "GET /pmwiki/pmwiki.php/Main/2005M%e1rciusiNyilatkozat?action=print HTTP/1.1" 200 5284 "http://swpat.zpok.hu/" "Mozilla/5.0 (compatible; Adsbot/3.1; +https://seostar.co/robot/)"
173.231.59.202 - - [07/Jun/2021:20:09:18 +0200] "GET /pmwiki/pmwiki.php/Main/2005M%e1rciusiNyilatkozat?action=upload HTTP/1.1" 200 12546 "http://swpat.zpok.hu/" "Mozilla/5.0 (compatible; Adsbot/3.1; +https://seostar.co/robot/)"
173.231.59.202 - - [07/Jun/2021:20:12:19 +0200] "GET /pmwiki/pmwiki.php/Main/Comission-negatesDemocracy?action=diff HTTP/1.1" 200 17875 "http://swpat.zpok.hu/" "Mozilla/5.0 (compatible; Adsbot/3.1; +https://seostar.co/robot/)"
173.231.59.202 - - [07/Jun/2021:20:14:54 +0200] "GET /pmwiki/pmwiki.php/Main/Comission-negatesDemocracy?action=edit HTTP/1.1" 200 12687 "http://swpat.zpok.hu/" "Mozilla/5.0 (compatible; Adsbot/3.1; +https://seostar.co/robot/)"
173.231.59.202 - - [07/Jun/2021:20:17:34 +0200] "GET /pmwiki/pmwiki.php/Main/Comission-negatesDemocracy?action=print HTTP/1.1" 200 6945 "http://swpat.zpok.hu/" "Mozilla/5.0 (compatible; Adsbot/3.1; +https://seostar.co/robot/)"
173.231.59.202 - - [07/Jun/2021:20:20:19 +0200] "GET /pmwiki/pmwiki.php/Main/Comission-negatesDemocracy?action=upload HTTP/1.1" 200 12567 "http://swpat.zpok.hu/" "Mozilla/5.0 (compatible; Adsbot/3.1; +https://seostar.co/robot/)"
173.231.59.202 - - [07/Jun/2021:20:22:55 +0200] "GET /pmwiki/pmwiki.php/Main/GatesMegzsaroltaD%e1ni%e1t?action=diff HTTP/1.1" 200 15072 "http://swpat.zpok.hu/" "Mozilla/5.0 (compatible; Adsbot/3.1; +https://seostar.co/robot/)"
173.231.59.202 - - [07/Jun/2021:20:25:45 +0200] "GET /pmwiki/pmwiki.php/Main/GatesMegzsaroltaD%e1ni%e1t?action=edit HTTP/1.1" 200 12682 "http://swpat.zpok.hu/" "Mozilla/5.0 (compatible; Adsbot/3.1; +https://seostar.co/robot/)"
173.231.59.202 - - [07/Jun/2021:20:38:14 +0200] "GET /pmwiki/pmwiki.php/Main/GatesMegzsaroltaD%e1ni%e1t?action=print HTTP/1.1" 200 3221 "http://swpat.zpok.hu/" "Mozilla/5.0 (compatible; Adsbot/3.1; +https://seostar.co/robot/)"
173.231.59.202 - - [07/Jun/2021:20:41:20 +0200] "GET /pmwiki/pmwiki.php/Main/GatesMegzsaroltaD%e1ni%e1t?action=upload HTTP/1.1" 200 12562 "http://swpat.zpok.hu/" "Mozilla/5.0 (compatible; Adsbot/3.1; +https://seostar.co/robot/)"
54.36.148.151 - - [07/Jun/2021:20:42:17 +0200] "GET /pmwiki/pmwiki.php/Main/Power?action=edit HTTP/1.1" 200 12354 "-" "Mozilla/5.0 (compatible; AhrefsBot/7.0; +http://ahrefs.com/robot/)"
173.231.59.202 - - [07/Jun/2021:20:44:53 +0200] "GET /pmwiki/pmwiki.php/Main/HarcT%edzITSzabadalomEllen?action=diff HTTP/1.1" 200 16498 "http://swpat.zpok.hu/" "Mozilla/5.0 (compatible; Adsbot/3.1; +https://seostar.co/robot/)"
173.231.59.202 - - [07/Jun/2021:20:48:26 +0200] "GET /pmwiki/pmwiki.php/Main/HarcT%edzITSzabadalomEllen?action=edit HTTP/1.1" 200 12682 "http://swpat.zpok.hu/" "Mozilla/5.0 (compatible; Adsbot/3.1; +https://seostar.co/robot/)"
159.69.145.50 - - [07/Jun/2021:20:50:46 +0200] "HEAD /pmwiki/pmwiki.php HTTP/1.1" 200 0 "-" "Alert_Alligator_webmonitoring_service_1.6.3_(alertalligator.com)"
173.231.59.202 - - [07/Jun/2021:20:51:36 +0200] "GET /pmwiki/pmwiki.php/Main/HarcT%edzITSzabadalomEllen?action=print HTTP/1.1" 200 3972 "http://swpat.zpok.hu/" "Mozilla/5.0 (compatible; Adsbot/3.1; +https://seostar.co/robot/)"
173.231.59.202 - - [07/Jun/2021:20:54:39 +0200] "GET /pmwiki/pmwiki.php/Main/HarcT%edzITSzabadalomEllen?action=upload HTTP/1.1" 200 12562 "http://swpat.zpok.hu/" "Mozilla/5.0 (compatible; Adsbot/3.1; +https://seostar.co/robot/)"
173.231.59.202 - - [07/Jun/2021:20:58:01 +0200] "GET /pmwiki/pmwiki.php/Main/2003M%e1jusBr%fcsszeliT%fara?action=diff HTTP/1.1" 200 14621 "http://swpat.zpok.hu/" "Mozilla/5.0 (compatible; Adsbot/3.1; +https://seostar.co/robot/)"
173.231.59.202 - - [07/Jun/2021:21:01:35 +0200] "GET /pmwiki/pmwiki.php/Main/2003M%e1jusBr%fcsszeliT%fara?action=edit HTTP/1.1" 200 12706 "http://swpat.zpok.hu/" "Mozilla/5.0 (compatible; Adsbot/3.1; +https://seostar.co/robot/)"
114.119.149.252 - - [07/Jun/2021:21:01:49 +0200] "GET /pmwiki/pmwiki.php/Main/Google?action=diff HTTP/1.1" 200 54350 "-" "Mozilla/5.0 (Linux; Android 7.0;) AppleWebKit/537.36 (KHTML, like Gecko) Mobile Safari/537.36 (compatible; PetalBot;+https://webmaster.petalsearch.com/site/petalbot)"
173.231.59.202 - - [07/Jun/2021:21:05:09 +0200] "GET /pmwiki/pmwiki.php/Main/2003M%e1jusBr%fcsszeliT%fara?action=print HTTP/1.1" 200 3337 "http://swpat.zpok.hu/" "Mozilla/5.0 (compatible; Adsbot/3.1; +https://seostar.co/robot/)"
173.231.59.202 - - [07/Jun/2021:21:08:19 +0200] "GET /pmwiki/pmwiki.php/Main/2003M%e1jusBr%fcsszeliT%fara?action=upload HTTP/1.1" 200 12586 "http://swpat.zpok.hu/" "Mozilla/5.0 (compatible; Adsbot/3.1; +https://seostar.co/robot/)"
173.231.59.202 - - [07/Jun/2021:21:11:35 +0200] "GET /pmwiki/pmwiki.php/Main/2005M%e1rciusiNy%edltLev%e9l?action=diff HTTP/1.1" 200 15621 "http://swpat.zpok.hu/" "Mozilla/5.0 (compatible; Adsbot/3.1; +https://seostar.co/robot/)"
173.231.59.202 - - [07/Jun/2021:21:15:20 +0200] "GET /pmwiki/pmwiki.php/Main/2005M%e1rciusiNy%edltLev%e9l?action=edit HTTP/1.1" 200 12706 "http://swpat.zpok.hu/" "Mozilla/5.0 (compatible; Adsbot/3.1; +https://seostar.co/robot/)"
173.231.59.202 - - [07/Jun/2021:21:19:02 +0200] "GET /pmwiki/pmwiki.php/Main/2005M%e1rciusiNy%edltLev%e9l?action=print HTTP/1.1" 200 4344 "http://swpat.zpok.hu/" "Mozilla/5.0 (compatible; Adsbot/3.1; +https://seostar.co/robot/)"
114.119.149.252 - - [07/Jun/2021:21:20:48 +0200] "GET /pmwiki/pmwiki.php/Main/CenZored?action=upload HTTP/1.1" 200 12282 "-" "Mozilla/5.0 (Linux; Android 7.0;) AppleWebKit/537.36 (KHTML, like Gecko) Mobile Safari/537.36 (compatible; PetalBot;+https://webmaster.petalsearch.com/site/petalbot)"
173.231.59.202 - - [07/Jun/2021:21:22:05 +0200] "GET /pmwiki/pmwiki.php/Main/2005M%e1rciusiNy%edltLev%e9l?action=upload HTTP/1.1" 200 12586 "http://swpat.zpok.hu/" "Mozilla/5.0 (compatible; Adsbot/3.1; +https://seostar.co/robot/)"
173.231.59.202 - - [07/Jun/2021:21:24:47 +0200] "GET /pmwiki/pmwiki.php/Main/2005J%faniusEKTBBesz%e1mol%f3?action=diff HTTP/1.1" 200 19642 "http://swpat.zpok.hu/" "Mozilla/5.0 (compatible; Adsbot/3.1; +https://seostar.co/robot/)"
173.231.59.202 - - [07/Jun/2021:21:28:09 +0200] "GET /pmwiki/pmwiki.php/Main/2005J%faniusEKTBBesz%e1mol%f3?action=edit HTTP/1.1" 200 12722 "http://swpat.zpok.hu/" "Mozilla/5.0 (compatible; Adsbot/3.1; +https://seostar.co/robot/)"
185.191.171.34 - - [07/Jun/2021:21:29:06 +0200] "GET /robots.txt HTTP/1.1" 404 1181 "-" "Mozilla/5.0 (compatible; SemrushBot/7~bl; +http://www.semrush.com/bot.html)"
185.191.171.45 - - [07/Jun/2021:21:29:07 +0200] "GET /pmwiki/pmwiki.php/PmWiki/ReleaseNotes HTTP/1.1" 200 29978 "-" "Mozilla/5.0 (compatible; SemrushBot/7~bl; +http://www.semrush.com/bot.html)"
173.231.59.202 - - [07/Jun/2021:21:31:41 +0200] "GET /pmwiki/pmwiki.php/Main/2005J%faniusEKTBBesz%e1mol%f3?action=print HTTP/1.1" 200 8585 "http://swpat.zpok.hu/" "Mozilla/5.0 (compatible; Adsbot/3.1; +https://seostar.co/robot/)"
173.231.59.202 - - [07/Jun/2021:21:34:59 +0200] "GET /pmwiki/pmwiki.php/Main/2005J%faniusEKTBBesz%e1mol%f3?action=upload HTTP/1.1" 200 12602 "http://swpat.zpok.hu/" "Mozilla/5.0 (compatible; Adsbot/3.1; +https://seostar.co/robot/)"
173.231.59.202 - - [07/Jun/2021:21:38:22 +0200] "GET /pmwiki/pmwiki.php/Main/BillGates%c9sM%e1sKommunist%e1k?action=diff HTTP/1.1" 200 20908 "http://swpat.zpok.hu/" "Mozilla/5.0 (compatible; Adsbot/3.1; +https://seostar.co/robot/)"
114.119.158.146 - - [07/Jun/2021:21:39:53 +0200] "GET /pmwiki/pmwiki.php/Main/HeringgelMegval%f3s%edtottTal%e1lm%e1nyok?action=print HTTP/1.1" 200 8496 "-" "Mozilla/5.0 (Linux; Android 7.0;) AppleWebKit/537.36 (KHTML, like Gecko) Mobile Safari/537.36 (compatible; PetalBot;+https://webmaster.petalsearch.com/site/petalbot)"
173.231.59.202 - - [07/Jun/2021:21:41:30 +0200] "GET /pmwiki/pmwiki.php/Main/BillGates%c9sM%e1sKommunist%e1k?action=edit HTTP/1.1" 200 12758 "http://swpat.zpok.hu/" "Mozilla/5.0 (compatible; Adsbot/3.1; +https://seostar.co/robot/)"
173.231.59.202 - - [07/Jun/2021:21:44:56 +0200] "GET /pmwiki/pmwiki.php/Main/BillGates%c9sM%e1sKommunist%e1k?action=print HTTP/1.1" 200 8782 "http://swpat.zpok.hu/" "Mozilla/5.0 (compatible; Adsbot/3.1; +https://seostar.co/robot/)"
173.231.59.202 - - [07/Jun/2021:21:48:27 +0200] "GET /pmwiki/pmwiki.php/Main/BillGates%c9sM%e1sKommunist%e1k?action=upload HTTP/1.1" 200 12638 "http://swpat.zpok.hu/" "Mozilla/5.0 (compatible; Adsbot/3.1; +https://seostar.co/robot/)"
49.12.13.109 - - [07/Jun/2021:21:49:49 +0200] "HEAD /pmwiki/pmwiki.php HTTP/1.1" 200 0 "-" "Alert_Alligator_webmonitoring_service_1.6.3_(alertalligator.com)"
173.231.59.202 - - [07/Jun/2021:21:51:24 +0200] "GET /pmwiki/pmwiki.php/Main/2005M%e1rciusiK%f6z%f6sNyilatkozat?action=diff HTTP/1.1" 200 14318 "http://swpat.zpok.hu/" "Mozilla/5.0 (compatible; Adsbot/3.1; +https://seostar.co/robot/)"
173.231.59.202 - - [07/Jun/2021:21:53:59 +0200] "GET /pmwiki/pmwiki.php/Main/2005M%e1rciusiK%f6z%f6sNyilatkozat?action=edit HTTP/1.1" 200 12802 "http://swpat.zpok.hu/" "Mozilla/5.0 (compatible; Adsbot/3.1; +https://seostar.co/robot/)"
173.231.59.202 - - [07/Jun/2021:21:56:06 +0200] "GET /pmwiki/pmwiki.php/Main/2005M%e1rciusiK%f6z%f6sNyilatkozat?action=print HTTP/1.1" 200 2943 "http://swpat.zpok.hu/" "Mozilla/5.0 (compatible; Adsbot/3.1; +https://seostar.co/robot/)"
114.119.130.67 - - [07/Jun/2021:21:58:27 +0200] "GET /pmwiki/pmwiki.php/PmWiki/EditVariables HTTP/1.1" 200 17602 "-" "Mozilla/5.0 (Linux; Android 7.0;) AppleWebKit/537.36 (KHTML, like Gecko) Mobile Safari/537.36 (compatible; PetalBot;+https://webmaster.petalsearch.com/site/petalbot)"
173.231.59.202 - - [07/Jun/2021:21:59:04 +0200] "GET /pmwiki/pmwiki.php/Main/2005M%e1rciusiK%f6z%f6sNyilatkozat?action=upload HTTP/1.1" 200 12682 "http://swpat.zpok.hu/" "Mozilla/5.0 (compatible; Adsbot/3.1; +https://seostar.co/robot/)"
173.231.59.202 - - [07/Jun/2021:22:02:09 +0200] "GET /pmwiki/pmwiki.php/Main/ABundestagT%e1mogatjaAzEur%f3paiParlamentet?action=diff HTTP/1.1" 200 20974 "http://swpat.zpok.hu/" "Mozilla/5.0 (compatible; Adsbot/3.1; +https://seostar.co/robot/)"
185.191.171.39 - - [07/Jun/2021:22:05:11 +0200] "GET /pmwiki/pmwiki.php/Main/AllRecentChanges?action=diff HTTP/1.1" 200 12941 "-" "Mozilla/5.0 (compatible; SemrushBot/7~bl; +http://www.semrush.com/bot.html)"
173.231.59.202 - - [07/Jun/2021:22:05:11 +0200] "GET /pmwiki/pmwiki.php/Main/ABundestagT%e1mogatjaAzEur%f3paiParlamentet?action=edit HTTP/1.1" 200 12954 "http://swpat.zpok.hu/" "Mozilla/5.0 (compatible; Adsbot/3.1; +https://seostar.co/robot/)"
173.231.59.202 - - [07/Jun/2021:22:07:54 +0200] "GET /pmwiki/pmwiki.php/Main/ABundestagT%e1mogatjaAzEur%f3paiParlamentet?action=print HTTP/1.1" 200 8394 "http://swpat.zpok.hu/" "Mozilla/5.0 (compatible; Adsbot/3.1; +https://seostar.co/robot/)"
173.231.59.202 - - [07/Jun/2021:22:10:28 +0200] "GET /pmwiki/pmwiki.php/Main/ABundestagT%e1mogatjaAzEur%f3paiParlamentet?action=upload HTTP/1.1" 200 12834 "http://swpat.zpok.hu/" "Mozilla/5.0 (compatible; Adsbot/3.1; +https://seostar.co/robot/)"
173.231.59.202 - - [07/Jun/2021:22:13:51 +0200] "GET /pmwiki/pmwiki.php/Main/2003M%e1jusiNyilatkozathozKapcsol%f3d%f3Cikk?action=diff HTTP/1.1" 200 16507 "http://swpat.zpok.hu/" "Mozilla/5.0 (compatible; Adsbot/3.1; +https://seostar.co/robot/)"
173.231.59.202 - - [07/Jun/2021:22:17:05 +0200] "GET /pmwiki/pmwiki.php/Main/2003M%e1jusiNyilatkozathozKapcsol%f3d%f3Cikk?action=edit HTTP/1.1" 200 12962 "http://swpat.zpok.hu/" "Mozilla/5.0 (compatible; Adsbot/3.1; +https://seostar.co/robot/)"
173.231.59.202 - - [07/Jun/2021:22:20:24 +0200] "GET /pmwiki/pmwiki.php/Main/2003M%e1jusiNyilatkozathozKapcsol%f3d%f3Cikk?action=print HTTP/1.1" 200 4972 "http://swpat.zpok.hu/" "Mozilla/5.0 (compatible; Adsbot/3.1; +https://seostar.co/robot/)"
173.231.59.202 - - [07/Jun/2021:22:23:44 +0200] "GET /pmwiki/pmwiki.php/Main/2003M%e1jusiNyilatkozathozKapcsol%f3d%f3Cikk?action=upload HTTP/1.1" 200 12842 "http://swpat.zpok.hu/" "Mozilla/5.0 (compatible; Adsbot/3.1; +https://seostar.co/robot/)"
173.231.59.202 - - [07/Jun/2021:22:26:54 +0200] "GET /pmwiki/pmwiki.php/Main/2004Febru%e1riK%f6sz%f6netLengyelorsz%e1gnak?action=diff HTTP/1.1" 200 17729 "http://swpat.zpok.hu/" "Mozilla/5.0 (compatible; Adsbot/3.1; +https://seostar.co/robot/)"
173.231.59.202 - - [07/Jun/2021:22:30:07 +0200] "GET /pmwiki/pmwiki.php/Main/2004Febru%e1riK%f6sz%f6netLengyelorsz%e1gnak?action=edit HTTP/1.1" 200 12958 "http://swpat.zpok.hu/" "Mozilla/5.0 (compatible; Adsbot/3.1; +https://seostar.co/robot/)"
173.231.59.202 - - [07/Jun/2021:22:33:09 +0200] "GET /pmwiki/pmwiki.php/Main/2004Febru%e1riK%f6sz%f6netLengyelorsz%e1gnak?action=print HTTP/1.1" 200 5654 "http://swpat.zpok.hu/" "Mozilla/5.0 (compatible; Adsbot/3.1; +https://seostar.co/robot/)"
173.231.59.202 - - [07/Jun/2021:22:35:43 +0200] "GET /pmwiki/pmwiki.php/Main/2004Febru%e1riK%f6sz%f6netLengyelorsz%e1gnak?action=upload HTTP/1.1" 200 12838 "http://swpat.zpok.hu/" "Mozilla/5.0 (compatible; Adsbot/3.1; +https://seostar.co/robot/)"
173.231.59.202 - - [07/Jun/2021:22:37:56 +0200] "GET /pmwiki/pmwiki.php/Main/AzEUBizotts%e1gaL%e1bbalTiporjaADemokr%e1ci%e1t?action=diff HTTP/1.1" 200 20118 "http://swpat.zpok.hu/" "Mozilla/5.0 (compatible; Adsbot/3.1; +https://seostar.co/robot/)"
173.231.59.202 - - [07/Jun/2021:22:40:32 +0200] "GET /pmwiki/pmwiki.php/Main/AzEUBizotts%e1gaL%e1bbalTiporjaADemokr%e1ci%e1t?action=edit HTTP/1.1" 200 13006 "http://swpat.zpok.hu/" "Mozilla/5.0 (compatible; Adsbot/3.1; +https://seostar.co/robot/)"
173.231.59.202 - - [07/Jun/2021:22:43:34 +0200] "GET /pmwiki/pmwiki.php/Main/AzEUBizotts%e1gaL%e1bbalTiporjaADemokr%e1ci%e1t?action=print HTTP/1.1" 200 7059 "http://swpat.zpok.hu/" "Mozilla/5.0 (compatible; Adsbot/3.1; +https://seostar.co/robot/)"
173.231.59.202 - - [07/Jun/2021:22:46:33 +0200] "GET /pmwiki/pmwiki.php/Main/AzEUBizotts%e1gaL%e1bbalTiporjaADemokr%e1ci%e1t?action=upload HTTP/1.1" 200 12886 "http://swpat.zpok.hu/" "Mozilla/5.0 (compatible; Adsbot/3.1; +https://seostar.co/robot/)"
114.119.151.72 - - [07/Jun/2021:22:47:38 +0200] "GET /pmwiki/pmwiki.php/Main/Linkek?action=edit&restore=diff%3A1110470511%3A1110470147%3A&preview=y HTTP/1.1" 200 12422 "-" "Mozilla/5.0 (Linux; Android 7.0;) AppleWebKit/537.36 (KHTML, like Gecko) Mobile Safari/537.36 (compatible; PetalBot;+https://webmaster.petalsearch.com/site/petalbot)"
173.231.59.202 - - [07/Jun/2021:22:49:05 +0200] "GET /pmwiki/pmwiki.php/Main/Damokl%e9szKardjaLebegAMagyarSzoftveriparFelett?action=diff HTTP/1.1" 200 17434 "http://swpat.zpok.hu/" "Mozilla/5.0 (compatible; Adsbot/3.1; +https://seostar.co/robot/)"
49.12.13.109 - - [07/Jun/2021:22:50:20 +0200] "HEAD /pmwiki/pmwiki.php HTTP/1.1" 200 0 "-" "Alert_Alligator_webmonitoring_service_1.6.3_(alertalligator.com)"
173.231.59.202 - - [07/Jun/2021:22:51:18 +0200] "GET /pmwiki/pmwiki.php/Main/Damokl%e9szKardjaLebegAMagyarSzoftveriparFelett?action=edit HTTP/1.1" 200 13018 "http://swpat.zpok.hu/" "Mozilla/5.0 (compatible; Adsbot/3.1; +https://seostar.co/robot/)"
173.231.59.202 - - [07/Jun/2021:22:54:24 +0200] "GET /pmwiki/pmwiki.php/Main/Damokl%e9szKardjaLebegAMagyarSzoftveriparFelett?action=print HTTP/1.1" 200 6075 "http://swpat.zpok.hu/" "Mozilla/5.0 (compatible; Adsbot/3.1; +https://seostar.co/robot/)"
17.121.114.154 - - [07/Jun/2021:22:56:01 +0200] "GET /robots.txt HTTP/1.1" 404 1181 "-" "Mozilla/5.0 (Macintosh; Intel Mac OS X 10_15_5) AppleWebKit/605.1.15 (KHTML, like Gecko) Version/13.1.1 Safari/605.1.15 (Applebot/0.1; +http://www.apple.com/go/applebot)"
17.121.115.240 - - [07/Jun/2021:22:56:02 +0200] "GET /pmwiki/pmwiki.php HTTP/1.1" 200 37269 "-" "Mozilla/5.0 (Macintosh; Intel Mac OS X 10_15_5) AppleWebKit/605.1.15 (KHTML, like Gecko) Version/13.1.1 Safari/605.1.15 (Applebot/0.1; +http://www.apple.com/go/applebot)"
173.231.59.202 - - [07/Jun/2021:22:57:09 +0200] "GET /pmwiki/pmwiki.php/Main/Damokl%e9szKardjaLebegAMagyarSzoftveriparFelett?action=upload HTTP/1.1" 200 12898 "http://swpat.zpok.hu/" "Mozilla/5.0 (compatible; Adsbot/3.1; +https://seostar.co/robot/)"
