144.76.96.236 - - [24/Jun/2021:00:18:01 +0200] "GET /pmwiki/pmwiki.php/Main/Nyilatkozat?action=upload&upname=wiki.png HTTP/1.1" 403 30 "-" "Mozilla/5.0 (compatible; MJ12bot/v1.4.8; http://mj12bot.com/)"
176.31.125.95 - - [24/Jun/2021:00:18:04 +0200] "GET /pmwiki/pmwiki.php/PmWiki/SimpleTables2 HTTP/1.1" 200 16649 "-" "Mozilla/5.0 (compatible; MJ12bot/v1.4.8; http://mj12bot.com/)"
144.76.96.236 - - [24/Jun/2021:00:18:08 +0200] "GET /pmwiki/pmwiki.php/Main/Nyilatkozatok?action=diff HTTP/1.1" 403 30 "-" "Mozilla/5.0 (compatible; MJ12bot/v1.4.8; http://mj12bot.com/)"
176.31.125.95 - - [24/Jun/2021:00:18:13 +0200] "GET /pmwiki/pmwiki.php/PmWiki/SimpleTables2?action=diff HTTP/1.1" 403 30 "-" "Mozilla/5.0 (compatible; MJ12bot/v1.4.8; http://mj12bot.com/)"
144.76.96.236 - - [24/Jun/2021:00:18:15 +0200] "GET /pmwiki/pmwiki.php/Main/Nyilatkozatok?action=edit HTTP/1.1" 403 30 "-" "Mozilla/5.0 (compatible; MJ12bot/v1.4.8; http://mj12bot.com/)"
144.76.96.236 - - [24/Jun/2021:00:18:21 +0200] "GET /pmwiki/pmwiki.php/Main/Nyilatkozatok?action=print HTTP/1.1" 403 30 "-" "Mozilla/5.0 (compatible; MJ12bot/v1.4.8; http://mj12bot.com/)"
176.31.125.95 - - [24/Jun/2021:00:18:27 +0200] "GET /pmwiki/pmwiki.php/PmWiki/SimpleTables2?action=edit HTTP/1.1" 403 30 "-" "Mozilla/5.0 (compatible; MJ12bot/v1.4.8; http://mj12bot.com/)"
144.76.96.236 - - [24/Jun/2021:00:18:28 +0200] "GET /pmwiki/pmwiki.php/Main/Nyilatkozatok?action=upload HTTP/1.1" 403 30 "-" "Mozilla/5.0 (compatible; MJ12bot/v1.4.8; http://mj12bot.com/)"
144.76.96.236 - - [24/Jun/2021:00:18:35 +0200] "GET /pmwiki/pmwiki.php/Main/Nyilatkozatok?action=upload&upname=wiki.png HTTP/1.1" 403 30 "-" "Mozilla/5.0 (compatible; MJ12bot/v1.4.8; http://mj12bot.com/)"
176.31.125.95 - - [24/Jun/2021:00:18:39 +0200] "GET /pmwiki/pmwiki.php/PmWiki/SimpleTables2?action=print HTTP/1.1" 403 30 "-" "Mozilla/5.0 (compatible; MJ12bot/v1.4.8; http://mj12bot.com/)"
144.76.96.236 - - [24/Jun/2021:00:18:40 +0200] "GET /pmwiki/pmwiki.php/Main/PDF417 HTTP/1.1" 200 29642 "-" "Mozilla/5.0 (compatible; MJ12bot/v1.4.8; http://mj12bot.com/)"
144.76.96.236 - - [24/Jun/2021:00:18:46 +0200] "GET /pmwiki/pmwiki.php/Main/PDF417?action=diff HTTP/1.1" 403 30 "-" "Mozilla/5.0 (compatible; MJ12bot/v1.4.8; http://mj12bot.com/)"
176.31.125.95 - - [24/Jun/2021:00:18:46 +0200] "GET /pmwiki/pmwiki.php/PmWiki/SimpleTables2?action=upload HTTP/1.1" 403 30 "-" "Mozilla/5.0 (compatible; MJ12bot/v1.4.8; http://mj12bot.com/)"
144.76.96.236 - - [24/Jun/2021:00:18:52 +0200] "GET /pmwiki/pmwiki.php/Main/PDF417?action=edit HTTP/1.1" 403 30 "-" "Mozilla/5.0 (compatible; MJ12bot/v1.4.8; http://mj12bot.com/)"
144.76.96.236 - - [24/Jun/2021:00:18:59 +0200] "GET /pmwiki/pmwiki.php/Main/PDF417?action=print HTTP/1.1" 403 30 "-" "Mozilla/5.0 (compatible; MJ12bot/v1.4.8; http://mj12bot.com/)"
176.31.125.95 - - [24/Jun/2021:00:19:00 +0200] "GET /pmwiki/pmwiki.php/PmWiki/SimpleTables2?action=upload&upname=wiki.png HTTP/1.1" 403 30 "-" "Mozilla/5.0 (compatible; MJ12bot/v1.4.8; http://mj12bot.com/)"
144.76.96.236 - - [24/Jun/2021:00:19:07 +0200] "GET /pmwiki/pmwiki.php/Main/PDF417?action=upload HTTP/1.1" 403 30 "-" "Mozilla/5.0 (compatible; MJ12bot/v1.4.8; http://mj12bot.com/)"
176.31.125.95 - - [24/Jun/2021:00:19:12 +0200] "GET /pmwiki/pmwiki.php/PmWiki/SpecialMarkups HTTP/1.1" 200 16284 "-" "Mozilla/5.0 (compatible; MJ12bot/v1.4.8; http://mj12bot.com/)"
144.76.96.236 - - [24/Jun/2021:00:19:13 +0200] "GET /pmwiki/pmwiki.php/Main/PDF417?action=upload&upname=wiki.png HTTP/1.1" 403 30 "-" "Mozilla/5.0 (compatible; MJ12bot/v1.4.8; http://mj12bot.com/)"
144.76.96.236 - - [24/Jun/2021:00:19:19 +0200] "GET /pmwiki/pmwiki.php/Main/Patentpools HTTP/1.1" 200 20710 "-" "Mozilla/5.0 (compatible; MJ12bot/v1.4.8; http://mj12bot.com/)"
144.76.96.236 - - [24/Jun/2021:00:19:26 +0200] "GET /pmwiki/pmwiki.php/Main/Patentpools?action=diff HTTP/1.1" 403 30 "-" "Mozilla/5.0 (compatible; MJ12bot/v1.4.8; http://mj12bot.com/)"
176.31.125.95 - - [24/Jun/2021:00:19:29 +0200] "GET /pmwiki/pmwiki.php/PmWiki/SpecialMarkups?action=diff HTTP/1.1" 403 30 "-" "Mozilla/5.0 (compatible; MJ12bot/v1.4.8; http://mj12bot.com/)"
144.76.96.236 - - [24/Jun/2021:00:19:32 +0200] "GET /pmwiki/pmwiki.php/Main/Patentpools?action=edit HTTP/1.1" 403 30 "-" "Mozilla/5.0 (compatible; MJ12bot/v1.4.8; http://mj12bot.com/)"
144.76.96.236 - - [24/Jun/2021:00:19:40 +0200] "GET /pmwiki/pmwiki.php/Main/Patentpools?action=print HTTP/1.1" 403 30 "-" "Mozilla/5.0 (compatible; MJ12bot/v1.4.8; http://mj12bot.com/)"
51.15.20.50 - - [24/Jun/2021:00:19:42 +0200] "GET /pmwiki/pmwiki.php/Profiles/Eve?action=diff&source=y&minor=n HTTP/1.1" 200 12783 "-" "Mozilla/5.0 (compatible; Barkrowler/0.9; +https://babbar.tech/crawler)"
144.76.96.236 - - [24/Jun/2021:00:19:46 +0200] "GET /pmwiki/pmwiki.php/Main/Patentpools?action=upload HTTP/1.1" 403 30 "-" "Mozilla/5.0 (compatible; MJ12bot/v1.4.8; http://mj12bot.com/)"
176.31.125.95 - - [24/Jun/2021:00:19:48 +0200] "GET /pmwiki/pmwiki.php/PmWiki/SpecialMarkups?action=edit HTTP/1.1" 403 30 "-" "Mozilla/5.0 (compatible; MJ12bot/v1.4.8; http://mj12bot.com/)"
144.76.96.236 - - [24/Jun/2021:00:19:51 +0200] "GET /pmwiki/pmwiki.php/Main/Patentpools?action=upload&upname=wiki.png HTTP/1.1" 403 30 "-" "Mozilla/5.0 (compatible; MJ12bot/v1.4.8; http://mj12bot.com/)"
51.15.20.50 - - [24/Jun/2021:00:19:52 +0200] "GET /pmwiki/pmwiki.php/UTF8/UTF8?action=upload&upname=wiki.png HTTP/1.1" 200 12230 "-" "Mozilla/5.0 (compatible; Barkrowler/0.9; +https://babbar.tech/crawler)"
176.31.125.95 - - [24/Jun/2021:00:19:57 +0200] "GET /pmwiki/pmwiki.php/PmWiki/SpecialMarkups?action=print HTTP/1.1" 403 30 "-" "Mozilla/5.0 (compatible; MJ12bot/v1.4.8; http://mj12bot.com/)"
144.76.96.236 - - [24/Jun/2021:00:19:59 +0200] "GET /pmwiki/pmwiki.php/Main/Power HTTP/1.1" 200 20204 "-" "Mozilla/5.0 (compatible; MJ12bot/v1.4.8; http://mj12bot.com/)"
51.15.20.50 - - [24/Jun/2021:00:20:01 +0200] "GET /pmwiki/pmwiki.php/Main/EUCD?action=diff&source=n&minor=n HTTP/1.1" 200 22165 "-" "Mozilla/5.0 (compatible; Barkrowler/0.9; +https://babbar.tech/crawler)"
144.76.96.236 - - [24/Jun/2021:00:20:06 +0200] "GET /pmwiki/pmwiki.php/Main/Power?action=diff HTTP/1.1" 403 30 "-" "Mozilla/5.0 (compatible; MJ12bot/v1.4.8; http://mj12bot.com/)"
51.15.20.50 - - [24/Jun/2021:00:20:12 +0200] "GET /pmwiki/pmwiki.php/Main/EUCD?action=diff&source=y&minor=y HTTP/1.1" 200 25161 "-" "Mozilla/5.0 (compatible; Barkrowler/0.9; +https://babbar.tech/crawler)"
144.76.96.236 - - [24/Jun/2021:00:20:14 +0200] "GET /pmwiki/pmwiki.php/Main/Power?action=edit HTTP/1.1" 403 30 "-" "Mozilla/5.0 (compatible; MJ12bot/v1.4.8; http://mj12bot.com/)"
144.76.96.236 - - [24/Jun/2021:00:20:20 +0200] "GET /pmwiki/pmwiki.php/Main/Power?action=print HTTP/1.1" 403 30 "-" "Mozilla/5.0 (compatible; MJ12bot/v1.4.8; http://mj12bot.com/)"
176.31.125.95 - - [24/Jun/2021:00:20:22 +0200] "GET /pmwiki/pmwiki.php/PmWiki/SpecialMarkups?action=upload HTTP/1.1" 403 30 "-" "Mozilla/5.0 (compatible; MJ12bot/v1.4.8; http://mj12bot.com/)"
51.15.20.50 - - [24/Jun/2021:00:20:22 +0200] "GET /pmwiki/pmwiki.php/Main/EUCD?action=diff&source=y&minor=n HTTP/1.1" 200 22369 "-" "Mozilla/5.0 (compatible; Barkrowler/0.9; +https://babbar.tech/crawler)"
144.76.96.236 - - [24/Jun/2021:00:20:27 +0200] "GET /pmwiki/pmwiki.php/Main/Power?action=upload HTTP/1.1" 403 30 "-" "Mozilla/5.0 (compatible; MJ12bot/v1.4.8; http://mj12bot.com/)"
51.15.20.50 - - [24/Jun/2021:00:20:32 +0200] "GET /pmwiki/pmwiki.php/Main/DRM?action=diff&source=n&minor=y HTTP/1.1" 200 91419 "-" "Mozilla/5.0 (compatible; Barkrowler/0.9; +https://babbar.tech/crawler)"
144.76.96.236 - - [24/Jun/2021:00:20:33 +0200] "GET /pmwiki/pmwiki.php/Main/Power?action=upload&upname=wiki.png HTTP/1.1" 403 30 "-" "Mozilla/5.0 (compatible; MJ12bot/v1.4.8; http://mj12bot.com/)"
176.31.125.95 - - [24/Jun/2021:00:20:35 +0200] "GET /pmwiki/pmwiki.php/PmWiki/SpecialMarkups?action=upload&upname=wiki.png HTTP/1.1" 403 30 "-" "Mozilla/5.0 (compatible; MJ12bot/v1.4.8; http://mj12bot.com/)"
144.76.96.236 - - [24/Jun/2021:00:20:39 +0200] "GET /pmwiki/pmwiki.php/Main/Rocard HTTP/1.1" 200 17404 "-" "Mozilla/5.0 (compatible; MJ12bot/v1.4.8; http://mj12bot.com/)"
51.15.20.50 - - [24/Jun/2021:00:20:42 +0200] "GET /pmwiki/pmwiki.php/Main/DRM?action=diff&source=n&minor=n HTTP/1.1" 200 82812 "-" "Mozilla/5.0 (compatible; Barkrowler/0.9; +https://babbar.tech/crawler)"
144.76.96.236 - - [24/Jun/2021:00:20:46 +0200] "GET /pmwiki/pmwiki.php/Main/Rocard?action=diff HTTP/1.1" 403 30 "-" "Mozilla/5.0 (compatible; MJ12bot/v1.4.8; http://mj12bot.com/)"
176.31.125.95 - - [24/Jun/2021:00:20:51 +0200] "GET /pmwiki/pmwiki.php/PmWiki/TextFormattingRules HTTP/1.1" 200 21329 "-" "Mozilla/5.0 (compatible; MJ12bot/v1.4.8; http://mj12bot.com/)"
144.76.96.236 - - [24/Jun/2021:00:20:52 +0200] "GET /pmwiki/pmwiki.php/Main/Rocard?action=edit HTTP/1.1" 403 30 "-" "Mozilla/5.0 (compatible; MJ12bot/v1.4.8; http://mj12bot.com/)"
51.15.20.50 - - [24/Jun/2021:00:20:53 +0200] "GET /pmwiki/pmwiki.php/Main/DRM?action=diff&source=y&minor=y HTTP/1.1" 200 89708 "-" "Mozilla/5.0 (compatible; Barkrowler/0.9; +https://babbar.tech/crawler)"
144.76.96.236 - - [24/Jun/2021:00:20:58 +0200] "GET /pmwiki/pmwiki.php/Main/Rocard?action=print HTTP/1.1" 403 30 "-" "Mozilla/5.0 (compatible; MJ12bot/v1.4.8; http://mj12bot.com/)"
144.76.96.236 - - [24/Jun/2021:00:21:02 +0200] "GET /pmwiki/pmwiki.php/Main/Rocard?action=upload HTTP/1.1" 403 30 "-" "Mozilla/5.0 (compatible; MJ12bot/v1.4.8; http://mj12bot.com/)"
51.15.20.50 - - [24/Jun/2021:00:21:03 +0200] "GET /pmwiki/pmwiki.php/Main/DRM?action=diff&source=y&minor=n HTTP/1.1" 200 80879 "-" "Mozilla/5.0 (compatible; Barkrowler/0.9; +https://babbar.tech/crawler)"
176.31.125.95 - - [24/Jun/2021:00:21:06 +0200] "GET /pmwiki/pmwiki.php/PmWiki/TextFormattingRules?action=diff HTTP/1.1" 403 30 "-" "Mozilla/5.0 (compatible; MJ12bot/v1.4.8; http://mj12bot.com/)"
144.76.96.236 - - [24/Jun/2021:00:21:09 +0200] "GET /pmwiki/pmwiki.php/Main/Rocard?action=upload&upname=wiki.png HTTP/1.1" 403 30 "-" "Mozilla/5.0 (compatible; MJ12bot/v1.4.8; http://mj12bot.com/)"
51.15.20.50 - - [24/Jun/2021:00:21:12 +0200] "GET /pmwiki/pmwiki.php/Main/SzoftverSzabadalmak?action=edit HTTP/1.1" 200 12578 "-" "Mozilla/5.0 (compatible; Barkrowler/0.9; +https://babbar.tech/crawler)"
144.76.96.236 - - [24/Jun/2021:00:21:16 +0200] "GET /pmwiki/pmwiki.php/Main/RocardEp2 HTTP/1.1" 200 28076 "-" "Mozilla/5.0 (compatible; MJ12bot/v1.4.8; http://mj12bot.com/)"
144.76.96.236 - - [24/Jun/2021:00:21:21 +0200] "GET /pmwiki/pmwiki.php/Main/RocardEp2?action=diff HTTP/1.1" 403 30 "-" "Mozilla/5.0 (compatible; MJ12bot/v1.4.8; http://mj12bot.com/)"
176.31.125.95 - - [24/Jun/2021:00:21:22 +0200] "GET /pmwiki/pmwiki.php/PmWiki/TextFormattingRules?action=edit HTTP/1.1" 403 30 "-" "Mozilla/5.0 (compatible; MJ12bot/v1.4.8; http://mj12bot.com/)"
51.15.20.50 - - [24/Jun/2021:00:21:23 +0200] "GET /pmwiki/pmwiki.php/Main/SzoftverSzabadalmak?action=upload HTTP/1.1" 200 12458 "-" "Mozilla/5.0 (compatible; Barkrowler/0.9; +https://babbar.tech/crawler)"
144.76.96.236 - - [24/Jun/2021:00:21:27 +0200] "GET /pmwiki/pmwiki.php/Main/RocardEp2?action=edit HTTP/1.1" 403 30 "-" "Mozilla/5.0 (compatible; MJ12bot/v1.4.8; http://mj12bot.com/)"
51.15.20.50 - - [24/Jun/2021:00:21:32 +0200] "GET /pmwiki/pmwiki.php/Main/SzoftverSzabadalmak?action=print HTTP/1.1" 200 5369 "-" "Mozilla/5.0 (compatible; Barkrowler/0.9; +https://babbar.tech/crawler)"
176.31.125.95 - - [24/Jun/2021:00:21:33 +0200] "GET /pmwiki/pmwiki.php/PmWiki/TextFormattingRules?action=print HTTP/1.1" 403 30 "-" "Mozilla/5.0 (compatible; MJ12bot/v1.4.8; http://mj12bot.com/)"
144.76.96.236 - - [24/Jun/2021:00:21:34 +0200] "GET /pmwiki/pmwiki.php/Main/RocardEp2?action=print HTTP/1.1" 403 30 "-" "Mozilla/5.0 (compatible; MJ12bot/v1.4.8; http://mj12bot.com/)"
144.76.96.236 - - [24/Jun/2021:00:21:40 +0200] "GET /pmwiki/pmwiki.php/Main/RocardEp2?action=upload HTTP/1.1" 403 30 "-" "Mozilla/5.0 (compatible; MJ12bot/v1.4.8; http://mj12bot.com/)"
51.15.20.50 - - [24/Jun/2021:00:21:43 +0200] "GET /pmwiki/pmwiki.php/Main/SzoftverSzabadalmak?action=diff HTTP/1.1" 200 16505 "-" "Mozilla/5.0 (compatible; Barkrowler/0.9; +https://babbar.tech/crawler)"
176.31.125.95 - - [24/Jun/2021:00:21:46 +0200] "GET /pmwiki/pmwiki.php/PmWiki/TextFormattingRules?action=upload HTTP/1.1" 403 30 "-" "Mozilla/5.0 (compatible; MJ12bot/v1.4.8; http://mj12bot.com/)"
144.76.96.236 - - [24/Jun/2021:00:21:46 +0200] "GET /pmwiki/pmwiki.php/Main/RocardEp2?action=upload&upname=wiki.png HTTP/1.1" 403 30 "-" "Mozilla/5.0 (compatible; MJ12bot/v1.4.8; http://mj12bot.com/)"
144.76.96.236 - - [24/Jun/2021:00:21:52 +0200] "GET /pmwiki/pmwiki.php/Main/SMELie HTTP/1.1" 200 13592 "-" "Mozilla/5.0 (compatible; MJ12bot/v1.4.8; http://mj12bot.com/)"
176.31.125.95 - - [24/Jun/2021:00:21:56 +0200] "GET /pmwiki/pmwiki.php/PmWiki/TextFormattingRules?action=upload&upname=wiki.png HTTP/1.1" 403 30 "-" "Mozilla/5.0 (compatible; MJ12bot/v1.4.8; http://mj12bot.com/)"
144.76.96.236 - - [24/Jun/2021:00:21:58 +0200] "GET /pmwiki/pmwiki.php/Main/SMELie?action=diff HTTP/1.1" 403 30 "-" "Mozilla/5.0 (compatible; MJ12bot/v1.4.8; http://mj12bot.com/)"
54.36.148.151 - - [24/Jun/2021:00:22:01 +0200] "GET /pmwiki/pmwiki.php/Main/AJelenlegiSzerzoiJogiTorveny?action=diff HTTP/1.1" 200 35610 "-" "Mozilla/5.0 (compatible; AhrefsBot/7.0; +http://ahrefs.com/robot/)"
144.76.96.236 - - [24/Jun/2021:00:22:04 +0200] "GET /pmwiki/pmwiki.php/Main/SMELie?action=edit HTTP/1.1" 403 30 "-" "Mozilla/5.0 (compatible; MJ12bot/v1.4.8; http://mj12bot.com/)"
51.15.20.50 - - [24/Jun/2021:00:22:08 +0200] "GET /pmwiki/pmwiki.php/Main/SMELie?action=diff&source=n&minor=y HTTP/1.1" 200 14999 "-" "Mozilla/5.0 (compatible; Barkrowler/0.9; +https://babbar.tech/crawler)"
144.76.96.236 - - [24/Jun/2021:00:22:10 +0200] "GET /pmwiki/pmwiki.php/Main/SMELie?action=print HTTP/1.1" 403 30 "-" "Mozilla/5.0 (compatible; MJ12bot/v1.4.8; http://mj12bot.com/)"
176.31.125.95 - - [24/Jun/2021:00:22:14 +0200] "GET /pmwiki/pmwiki.php/PmWiki/TipsForEditing?action=diff HTTP/1.1" 403 30 "-" "Mozilla/5.0 (compatible; MJ12bot/v1.4.8; http://mj12bot.com/)"
144.76.96.236 - - [24/Jun/2021:00:22:17 +0200] "GET /pmwiki/pmwiki.php/Main/SMELie?action=upload HTTP/1.1" 403 30 "-" "Mozilla/5.0 (compatible; MJ12bot/v1.4.8; http://mj12bot.com/)"
51.15.20.50 - - [24/Jun/2021:00:22:20 +0200] "GET /pmwiki/pmwiki.php/Main/SideBar?action=diff&source=n&minor=n HTTP/1.1" 200 151923 "-" "Mozilla/5.0 (compatible; Barkrowler/0.9; +https://babbar.tech/crawler)"
144.76.96.236 - - [24/Jun/2021:00:22:24 +0200] "GET /pmwiki/pmwiki.php/Main/SMELie?action=upload&upname=wiki.png HTTP/1.1" 403 30 "-" "Mozilla/5.0 (compatible; MJ12bot/v1.4.8; http://mj12bot.com/)"
176.31.125.95 - - [24/Jun/2021:00:22:24 +0200] "GET /pmwiki/pmwiki.php/PmWiki/TipsForEditing?action=edit HTTP/1.1" 403 30 "-" "Mozilla/5.0 (compatible; MJ12bot/v1.4.8; http://mj12bot.com/)"
51.15.20.50 - - [24/Jun/2021:00:22:30 +0200] "GET /pmwiki/pmwiki.php/Main/Rocard?action=diff&source=y&minor=y HTTP/1.1" 200 18917 "-" "Mozilla/5.0 (compatible; Barkrowler/0.9; +https://babbar.tech/crawler)"
144.76.96.236 - - [24/Jun/2021:00:22:30 +0200] "GET /pmwiki/pmwiki.php/Main/SearchWiki HTTP/1.1" 200 13669 "-" "Mozilla/5.0 (compatible; MJ12bot/v1.4.8; http://mj12bot.com/)"
144.76.96.236 - - [24/Jun/2021:00:22:36 +0200] "GET /pmwiki/pmwiki.php/Main/SearchWiki?action=diff HTTP/1.1" 403 30 "-" "Mozilla/5.0 (compatible; MJ12bot/v1.4.8; http://mj12bot.com/)"
176.31.125.95 - - [24/Jun/2021:00:22:38 +0200] "GET /pmwiki/pmwiki.php/PmWiki/TipsForEditing?action=print HTTP/1.1" 403 30 "-" "Mozilla/5.0 (compatible; MJ12bot/v1.4.8; http://mj12bot.com/)"
51.15.20.50 - - [24/Jun/2021:00:22:39 +0200] "GET /pmwiki/pmwiki.php/Main/Rocard?action=diff&source=y&minor=n HTTP/1.1" 200 18917 "-" "Mozilla/5.0 (compatible; Barkrowler/0.9; +https://babbar.tech/crawler)"
144.76.96.236 - - [24/Jun/2021:00:22:42 +0200] "GET /pmwiki/pmwiki.php/Main/SearchWiki?action=edit HTTP/1.1" 403 30 "-" "Mozilla/5.0 (compatible; MJ12bot/v1.4.8; http://mj12bot.com/)"
176.31.125.95 - - [24/Jun/2021:00:22:47 +0200] "GET /pmwiki/pmwiki.php/PmWiki/TipsForEditing?action=upload HTTP/1.1" 403 30 "-" "Mozilla/5.0 (compatible; MJ12bot/v1.4.8; http://mj12bot.com/)"
144.76.96.236 - - [24/Jun/2021:00:22:49 +0200] "GET /pmwiki/pmwiki.php/Main/SearchWiki?action=print HTTP/1.1" 403 30 "-" "Mozilla/5.0 (compatible; MJ12bot/v1.4.8; http://mj12bot.com/)"
51.15.20.50 - - [24/Jun/2021:00:22:50 +0200] "GET /pmwiki/pmwiki.php/Main/Patentpools?action=upload&upname=wiki.png HTTP/1.1" 200 12346 "-" "Mozilla/5.0 (compatible; Barkrowler/0.9; +https://babbar.tech/crawler)"
144.76.96.236 - - [24/Jun/2021:00:22:56 +0200] "GET /pmwiki/pmwiki.php/Main/SearchWiki?action=upload HTTP/1.1" 403 30 "-" "Mozilla/5.0 (compatible; MJ12bot/v1.4.8; http://mj12bot.com/)"
176.31.125.95 - - [24/Jun/2021:00:22:59 +0200] "GET /pmwiki/pmwiki.php/PmWiki/TipsForEditing?action=upload&upname=wiki.png HTTP/1.1" 403 30 "-" "Mozilla/5.0 (compatible; MJ12bot/v1.4.8; http://mj12bot.com/)"
51.15.20.50 - - [24/Jun/2021:00:22:59 +0200] "GET /pmwiki/pmwiki.php/Main/HomePage?action=diff&source=n&minor=y HTTP/1.1" 200 115393 "-" "Mozilla/5.0 (compatible; Barkrowler/0.9; +https://babbar.tech/crawler)"
144.76.96.236 - - [24/Jun/2021:00:23:02 +0200] "GET /pmwiki/pmwiki.php/Main/SearchWiki?action=upload&upname=wiki.png HTTP/1.1" 403 30 "-" "Mozilla/5.0 (compatible; MJ12bot/v1.4.8; http://mj12bot.com/)"
178.151.245.174 - - [24/Jun/2021:00:23:09 +0200] "GET /robots.txt HTTP/1.1" 404 1181 "-" "Mozilla/5.0 (compatible; MJ12bot/v1.4.8; http://mj12bot.com/)"
51.15.20.50 - - [24/Jun/2021:00:23:09 +0200] "GET /pmwiki/pmwiki.php/Main/HomePage?action=diff&source=y&minor=y HTTP/1.1" 200 119876 "-" "Mozilla/5.0 (compatible; Barkrowler/0.9; +https://babbar.tech/crawler)"
144.76.96.236 - - [24/Jun/2021:00:23:14 +0200] "GET /pmwiki/pmwiki.php/Main/SideBar?action=diff HTTP/1.1" 403 30 "-" "Mozilla/5.0 (compatible; MJ12bot/v1.4.8; http://mj12bot.com/)"
178.151.245.174 - - [24/Jun/2021:00:23:14 +0200] "GET /pmwiki/pmwiki.php/Emeltdijas/Hu HTTP/1.1" 200 13003 "-" "Mozilla/5.0 (compatible; MJ12bot/v1.4.8; http://mj12bot.com/)"
176.31.125.95 - - [24/Jun/2021:00:23:14 +0200] "GET /pmwiki/pmwiki.php/PmWiki/Upgrades HTTP/1.1" 200 15449 "-" "Mozilla/5.0 (compatible; MJ12bot/v1.4.8; http://mj12bot.com/)"
178.151.245.174 - - [24/Jun/2021:00:23:17 +0200] "GET /pmwiki/pmwiki.php/Emeltdijas/Hu?action=diff HTTP/1.1" 403 30 "-" "Mozilla/5.0 (compatible; MJ12bot/v1.4.8; http://mj12bot.com/)"
51.15.20.50 - - [24/Jun/2021:00:23:18 +0200] "GET /pmwiki/pmwiki.php/Main/Minimum?action=diff&source=y&minor=y HTTP/1.1" 200 26187 "-" "Mozilla/5.0 (compatible; Barkrowler/0.9; +https://babbar.tech/crawler)"
144.76.96.236 - - [24/Jun/2021:00:23:20 +0200] "GET /pmwiki/pmwiki.php/Main/TRIPSLie HTTP/1.1" 200 12874 "-" "Mozilla/5.0 (compatible; MJ12bot/v1.4.8; http://mj12bot.com/)"
178.151.245.174 - - [24/Jun/2021:00:23:21 +0200] "GET /pmwiki/pmwiki.php/Emeltdijas/Hu?action=edit HTTP/1.1" 403 30 "-" "Mozilla/5.0 (compatible; MJ12bot/v1.4.8; http://mj12bot.com/)"
178.151.245.174 - - [24/Jun/2021:00:23:24 +0200] "GET /pmwiki/pmwiki.php/Emeltdijas/Hu?action=print HTTP/1.1" 403 30 "-" "Mozilla/5.0 (compatible; MJ12bot/v1.4.8; http://mj12bot.com/)"
176.31.125.95 - - [24/Jun/2021:00:23:26 +0200] "GET /pmwiki/pmwiki.php/PmWiki/Upgrades?action=diff HTTP/1.1" 403 30 "-" "Mozilla/5.0 (compatible; MJ12bot/v1.4.8; http://mj12bot.com/)"
144.76.96.236 - - [24/Jun/2021:00:23:27 +0200] "GET /pmwiki/pmwiki.php/Main/TRIPSLie?action=diff HTTP/1.1" 403 30 "-" "Mozilla/5.0 (compatible; MJ12bot/v1.4.8; http://mj12bot.com/)"
178.151.245.174 - - [24/Jun/2021:00:23:27 +0200] "GET /pmwiki/pmwiki.php/Emeltdijas/Hu?action=upload HTTP/1.1" 403 30 "-" "Mozilla/5.0 (compatible; MJ12bot/v1.4.8; http://mj12bot.com/)"
51.15.20.50 - - [24/Jun/2021:00:23:28 +0200] "GET /pmwiki/pmwiki.php/Main/GroupAttributes?action=diff&source=n&minor=y HTTP/1.1" 200 12927 "-" "Mozilla/5.0 (compatible; Barkrowler/0.9; +https://babbar.tech/crawler)"
178.151.245.174 - - [24/Jun/2021:00:23:31 +0200] "GET /pmwiki/pmwiki.php/Emeltdijas/Hu?action=upload&upname=wiki.png HTTP/1.1" 403 30 "-" "Mozilla/5.0 (compatible; MJ12bot/v1.4.8; http://mj12bot.com/)"
144.76.96.236 - - [24/Jun/2021:00:23:32 +0200] "GET /pmwiki/pmwiki.php/Main/TRIPSLie?action=print HTTP/1.1" 403 30 "-" "Mozilla/5.0 (compatible; MJ12bot/v1.4.8; http://mj12bot.com/)"
178.151.245.174 - - [24/Jun/2021:00:23:34 +0200] "GET /pmwiki/pmwiki.php/Main HTTP/1.1" 302 186 "-" "Mozilla/5.0 (compatible; MJ12bot/v1.4.8; http://mj12bot.com/)"
51.15.20.50 - - [24/Jun/2021:00:23:38 +0200] "GET /pmwiki/pmwiki.php/PmWiki/Categories?action=upload&upname=wiki.png HTTP/1.1" 200 12364 "-" "Mozilla/5.0 (compatible; Barkrowler/0.9; +https://babbar.tech/crawler)"
176.31.125.95 - - [24/Jun/2021:00:23:38 +0200] "GET /pmwiki/pmwiki.php/PmWiki/Upgrades?action=edit HTTP/1.1" 403 30 "-" "Mozilla/5.0 (compatible; MJ12bot/v1.4.8; http://mj12bot.com/)"
144.76.96.236 - - [24/Jun/2021:00:23:38 +0200] "GET /pmwiki/pmwiki.php/Main/TRIPSLie?action=upload HTTP/1.1" 403 30 "-" "Mozilla/5.0 (compatible; MJ12bot/v1.4.8; http://mj12bot.com/)"
178.151.245.174 - - [24/Jun/2021:00:23:40 +0200] "GET /pmwiki/pmwiki.php/Main/HomePage HTTP/1.1" 200 37269 "-" "Mozilla/5.0 (compatible; MJ12bot/v1.4.8; http://mj12bot.com/)"
178.151.245.174 - - [24/Jun/2021:00:23:43 +0200] "GET /pmwiki/pmwiki.php/Main/2004-esNyilatkozat HTTP/1.1" 200 15702 "-" "Mozilla/5.0 (compatible; MJ12bot/v1.4.8; http://mj12bot.com/)"
178.151.245.174 - - [24/Jun/2021:00:23:45 +0200] "GET /pmwiki/pmwiki.php/Main/2004-esNyilatkozat?action=diff HTTP/1.1" 403 30 "-" "Mozilla/5.0 (compatible; MJ12bot/v1.4.8; http://mj12bot.com/)"
51.15.20.50 - - [24/Jun/2021:00:23:47 +0200] "GET /pmwiki/pmwiki.php/PmWiki/FAQ?action=diff&source=n&minor=n HTTP/1.1" 200 12749 "-" "Mozilla/5.0 (compatible; Barkrowler/0.9; +https://babbar.tech/crawler)"
176.31.125.95 - - [24/Jun/2021:00:23:47 +0200] "GET /pmwiki/pmwiki.php/PmWiki/Upgrades?action=print HTTP/1.1" 403 30 "-" "Mozilla/5.0 (compatible; MJ12bot/v1.4.8; http://mj12bot.com/)"
178.151.245.174 - - [24/Jun/2021:00:23:49 +0200] "GET /pmwiki/pmwiki.php/Main/2004-esNyilatkozat?action=edit HTTP/1.1" 403 30 "-" "Mozilla/5.0 (compatible; MJ12bot/v1.4.8; http://mj12bot.com/)"
144.76.96.236 - - [24/Jun/2021:00:23:50 +0200] "GET /pmwiki/pmwiki.php/Main/Todo HTTP/1.1" 200 12537 "-" "Mozilla/5.0 (compatible; MJ12bot/v1.4.8; http://mj12bot.com/)"
178.151.245.174 - - [24/Jun/2021:00:23:54 +0200] "GET /pmwiki/pmwiki.php/Main/2004-esNyilatkozat?action=print HTTP/1.1" 403 30 "-" "Mozilla/5.0 (compatible; MJ12bot/v1.4.8; http://mj12bot.com/)"
144.76.96.236 - - [24/Jun/2021:00:23:55 +0200] "GET /pmwiki/pmwiki.php/Main/Todo?action=diff HTTP/1.1" 403 30 "-" "Mozilla/5.0 (compatible; MJ12bot/v1.4.8; http://mj12bot.com/)"
176.31.125.95 - - [24/Jun/2021:00:23:56 +0200] "GET /pmwiki/pmwiki.php/PmWiki/Upgrades?action=upload HTTP/1.1" 403 30 "-" "Mozilla/5.0 (compatible; MJ12bot/v1.4.8; http://mj12bot.com/)"
51.15.20.50 - - [24/Jun/2021:00:23:58 +0200] "GET /pmwiki/pmwiki.php/PmWiki/InitialSetupTasks?action=print HTTP/1.1" 200 6008 "-" "Mozilla/5.0 (compatible; Barkrowler/0.9; +https://babbar.tech/crawler)"
178.151.245.174 - - [24/Jun/2021:00:24:00 +0200] "GET /pmwiki/pmwiki.php/Main/2004-esNyilatkozat?action=upload HTTP/1.1" 403 30 "-" "Mozilla/5.0 (compatible; MJ12bot/v1.4.8; http://mj12bot.com/)"
144.76.96.236 - - [24/Jun/2021:00:24:03 +0200] "GET /pmwiki/pmwiki.php/Main/Todo?action=edit HTTP/1.1" 403 30 "-" "Mozilla/5.0 (compatible; MJ12bot/v1.4.8; http://mj12bot.com/)"
178.151.245.174 - - [24/Jun/2021:00:24:06 +0200] "GET /pmwiki/pmwiki.php/Main/2004-esNyilatkozat?action=upload&upname=wiki.png HTTP/1.1" 403 30 "-" "Mozilla/5.0 (compatible; MJ12bot/v1.4.8; http://mj12bot.com/)"
176.31.125.95 - - [24/Jun/2021:00:24:06 +0200] "GET /pmwiki/pmwiki.php/PmWiki/Upgrades?action=upload&upname=wiki.png HTTP/1.1" 403 30 "-" "Mozilla/5.0 (compatible; MJ12bot/v1.4.8; http://mj12bot.com/)"
51.15.20.50 - - [24/Jun/2021:00:24:06 +0200] "GET /pmwiki/pmwiki.php/PmWiki/Links?action=diff&source=n&minor=n HTTP/1.1" 200 12784 "-" "Mozilla/5.0 (compatible; Barkrowler/0.9; +https://babbar.tech/crawler)"
144.76.96.236 - - [24/Jun/2021:00:24:08 +0200] "GET /pmwiki/pmwiki.php/Main/Todo?action=print HTTP/1.1" 403 30 "-" "Mozilla/5.0 (compatible; MJ12bot/v1.4.8; http://mj12bot.com/)"
178.151.245.174 - - [24/Jun/2021:00:24:10 +0200] "GET /pmwiki/pmwiki.php/Main/2004Augusztus18 HTTP/1.1" 200 13214 "-" "Mozilla/5.0 (compatible; MJ12bot/v1.4.8; http://mj12bot.com/)"
176.31.125.95 - - [24/Jun/2021:00:24:15 +0200] "GET /pmwiki/pmwiki.php/PmWiki/UpgradingFromPmWiki1 HTTP/1.1" 200 18372 "-" "Mozilla/5.0 (compatible; MJ12bot/v1.4.8; http://mj12bot.com/)"
178.151.245.174 - - [24/Jun/2021:00:24:16 +0200] "GET /pmwiki/pmwiki.php/Main/2004Augusztus18?action=diff HTTP/1.1" 403 30 "-" "Mozilla/5.0 (compatible; MJ12bot/v1.4.8; http://mj12bot.com/)"
51.15.20.50 - - [24/Jun/2021:00:24:16 +0200] "GET /pmwiki/pmwiki.php/API/SDV?action=upload&upname=wiki.png HTTP/1.1" 200 12197 "-" "Mozilla/5.0 (compatible; Barkrowler/0.9; +https://babbar.tech/crawler)"
144.76.96.236 - - [24/Jun/2021:00:24:19 +0200] "GET /pmwiki/pmwiki.php/Main/Todo?action=upload&upname=wiki.png HTTP/1.1" 403 30 "-" "Mozilla/5.0 (compatible; MJ12bot/v1.4.8; http://mj12bot.com/)"
178.151.245.174 - - [24/Jun/2021:00:24:21 +0200] "GET /pmwiki/pmwiki.php/Main/2004Augusztus18?action=edit HTTP/1.1" 403 30 "-" "Mozilla/5.0 (compatible; MJ12bot/v1.4.8; http://mj12bot.com/)"
51.15.20.50 - - [24/Jun/2021:00:24:25 +0200] "GET /pmwiki/pmwiki.php/Profiles/Profiles?action=diff&source=n&minor=y HTTP/1.1" 200 12873 "-" "Mozilla/5.0 (compatible; Barkrowler/0.9; +https://babbar.tech/crawler)"
176.31.125.95 - - [24/Jun/2021:00:24:25 +0200] "GET /pmwiki/pmwiki.php/PmWiki/UpgradingFromPmWiki1?action=diff HTTP/1.1" 403 30 "-" "Mozilla/5.0 (compatible; MJ12bot/v1.4.8; http://mj12bot.com/)"
144.76.96.236 - - [24/Jun/2021:00:24:26 +0200] "GET /pmwiki/pmwiki.php/Main/ToughLetter HTTP/1.1" 200 16216 "-" "Mozilla/5.0 (compatible; MJ12bot/v1.4.8; http://mj12bot.com/)"
178.151.245.174 - - [24/Jun/2021:00:24:28 +0200] "GET /pmwiki/pmwiki.php/Main/2004Augusztus18?action=print HTTP/1.1" 403 30 "-" "Mozilla/5.0 (compatible; MJ12bot/v1.4.8; http://mj12bot.com/)"
144.76.96.236 - - [24/Jun/2021:00:24:31 +0200] "GET /pmwiki/pmwiki.php/Main/ToughLetter?action=diff HTTP/1.1" 403 30 "-" "Mozilla/5.0 (compatible; MJ12bot/v1.4.8; http://mj12bot.com/)"
178.151.245.174 - - [24/Jun/2021:00:24:33 +0200] "GET /pmwiki/pmwiki.php/Main/2004Augusztus18?action=upload HTTP/1.1" 403 30 "-" "Mozilla/5.0 (compatible; MJ12bot/v1.4.8; http://mj12bot.com/)"
51.15.20.50 - - [24/Jun/2021:00:24:35 +0200] "GET /pmwiki/pmwiki.php/Profiles/Profiles?action=diff&source=n&minor=n HTTP/1.1" 200 12873 "-" "Mozilla/5.0 (compatible; Barkrowler/0.9; +https://babbar.tech/crawler)"
176.31.125.95 - - [24/Jun/2021:00:24:35 +0200] "GET /pmwiki/pmwiki.php/PmWiki/UpgradingFromPmWiki1?action=edit HTTP/1.1" 403 30 "-" "Mozilla/5.0 (compatible; MJ12bot/v1.4.8; http://mj12bot.com/)"
144.76.96.236 - - [24/Jun/2021:00:24:37 +0200] "GET /pmwiki/pmwiki.php/Main/ToughLetter?action=edit HTTP/1.1" 403 30 "-" "Mozilla/5.0 (compatible; MJ12bot/v1.4.8; http://mj12bot.com/)"
178.151.245.174 - - [24/Jun/2021:00:24:37 +0200] "GET /pmwiki/pmwiki.php/Main/2004Augusztus5 HTTP/1.1" 200 15089 "-" "Mozilla/5.0 (compatible; MJ12bot/v1.4.8; http://mj12bot.com/)"
178.151.245.174 - - [24/Jun/2021:00:24:42 +0200] "GET /pmwiki/pmwiki.php/Main/2004Augusztus5?action=diff HTTP/1.1" 403 30 "-" "Mozilla/5.0 (compatible; MJ12bot/v1.4.8; http://mj12bot.com/)"
51.15.20.50 - - [24/Jun/2021:00:24:43 +0200] "GET /pmwiki/pmwiki.php/Profiles/Mag?action=upload&upname=wiki.png HTTP/1.1" 200 12282 "-" "Mozilla/5.0 (compatible; Barkrowler/0.9; +https://babbar.tech/crawler)"
144.76.96.236 - - [24/Jun/2021:00:24:43 +0200] "GET /pmwiki/pmwiki.php/Main/ToughLetter?action=print HTTP/1.1" 403 30 "-" "Mozilla/5.0 (compatible; MJ12bot/v1.4.8; http://mj12bot.com/)"
176.31.125.95 - - [24/Jun/2021:00:24:48 +0200] "GET /pmwiki/pmwiki.php/PmWiki/UpgradingFromPmWiki1?action=print HTTP/1.1" 403 30 "-" "Mozilla/5.0 (compatible; MJ12bot/v1.4.8; http://mj12bot.com/)"
178.151.245.174 - - [24/Jun/2021:00:24:48 +0200] "GET /pmwiki/pmwiki.php/Main/2004Augusztus5?action=edit HTTP/1.1" 403 30 "-" "Mozilla/5.0 (compatible; MJ12bot/v1.4.8; http://mj12bot.com/)"
144.76.96.236 - - [24/Jun/2021:00:24:50 +0200] "GET /pmwiki/pmwiki.php/Main/ToughLetter?action=upload HTTP/1.1" 403 30 "-" "Mozilla/5.0 (compatible; MJ12bot/v1.4.8; http://mj12bot.com/)"
178.151.245.174 - - [24/Jun/2021:00:24:52 +0200] "GET /pmwiki/pmwiki.php/Main/2004Augusztus5?action=print HTTP/1.1" 403 30 "-" "Mozilla/5.0 (compatible; MJ12bot/v1.4.8; http://mj12bot.com/)"
51.15.20.50 - - [24/Jun/2021:00:24:53 +0200] "GET /pmwiki/pmwiki.php/Profiles/DirectPhone?action=diff&source=n&minor=n HTTP/1.1" 200 12927 "-" "Mozilla/5.0 (compatible; Barkrowler/0.9; +https://babbar.tech/crawler)"
178.151.245.174 - - [24/Jun/2021:00:24:56 +0200] "GET /pmwiki/pmwiki.php/Main/2004Augusztus5?action=upload HTTP/1.1" 403 30 "-" "Mozilla/5.0 (compatible; MJ12bot/v1.4.8; http://mj12bot.com/)"
144.76.96.236 - - [24/Jun/2021:00:24:57 +0200] "GET /pmwiki/pmwiki.php/Main/ToughLetter?action=upload&upname=wiki.png HTTP/1.1" 403 30 "-" "Mozilla/5.0 (compatible; MJ12bot/v1.4.8; http://mj12bot.com/)"
176.31.125.95 - - [24/Jun/2021:00:24:59 +0200] "GET /pmwiki/pmwiki.php/PmWiki/UpgradingFromPmWiki1?action=upload HTTP/1.1" 403 30 "-" "Mozilla/5.0 (compatible; MJ12bot/v1.4.8; http://mj12bot.com/)"
51.15.20.50 - - [24/Jun/2021:00:25:01 +0200] "GET /pmwiki/pmwiki.php/Main/SMELie?action=diff&source=y&minor=y HTTP/1.1" 200 14710 "-" "Mozilla/5.0 (compatible; Barkrowler/0.9; +https://babbar.tech/crawler)"
178.151.245.174 - - [24/Jun/2021:00:25:02 +0200] "GET /pmwiki/pmwiki.php/Main/2004Augusztus5?action=upload&upname=wiki.png HTTP/1.1" 403 30 "-" "Mozilla/5.0 (compatible; MJ12bot/v1.4.8; http://mj12bot.com/)"
144.76.96.236 - - [24/Jun/2021:00:25:05 +0200] "GET /pmwiki/pmwiki.php/Main/WikiPediaban HTTP/1.1" 200 12009 "-" "Mozilla/5.0 (compatible; MJ12bot/v1.4.8; http://mj12bot.com/)"
178.151.245.174 - - [24/Jun/2021:00:25:06 +0200] "GET /pmwiki/pmwiki.php/Main/2004Szeptember1 HTTP/1.1" 200 14123 "-" "Mozilla/5.0 (compatible; MJ12bot/v1.4.8; http://mj12bot.com/)"
51.15.20.50 - - [24/Jun/2021:00:25:09 +0200] "GET /pmwiki/pmwiki.php/Main/AdelphiAlapokm%E1ny?action=diff HTTP/1.1" 200 17542 "-" "Mozilla/5.0 (compatible; Barkrowler/0.9; +https://babbar.tech/crawler)"
176.31.125.95 - - [24/Jun/2021:00:25:10 +0200] "GET /pmwiki/pmwiki.php/PmWiki/UpgradingFromPmWiki1?action=upload&upname=wiki.png HTTP/1.1" 403 30 "-" "Mozilla/5.0 (compatible; MJ12bot/v1.4.8; http://mj12bot.com/)"
144.76.96.236 - - [24/Jun/2021:00:25:10 +0200] "GET /pmwiki/pmwiki.php/Main/WikiPediaban?action=diff HTTP/1.1" 403 30 "-" "Mozilla/5.0 (compatible; MJ12bot/v1.4.8; http://mj12bot.com/)"
178.151.245.174 - - [24/Jun/2021:00:25:11 +0200] "GET /pmwiki/pmwiki.php/Main/2004Szeptember1?action=diff HTTP/1.1" 403 30 "-" "Mozilla/5.0 (compatible; MJ12bot/v1.4.8; http://mj12bot.com/)"
178.151.245.174 - - [24/Jun/2021:00:25:16 +0200] "GET /pmwiki/pmwiki.php/Main/2004Szeptember1?action=edit HTTP/1.1" 403 30 "-" "Mozilla/5.0 (compatible; MJ12bot/v1.4.8; http://mj12bot.com/)"
144.76.96.236 - - [24/Jun/2021:00:25:16 +0200] "GET /pmwiki/pmwiki.php/Main/WikiPediaban?action=edit HTTP/1.1" 403 30 "-" "Mozilla/5.0 (compatible; MJ12bot/v1.4.8; http://mj12bot.com/)"
178.151.245.174 - - [24/Jun/2021:00:25:20 +0200] "GET /pmwiki/pmwiki.php/Main/2004Szeptember1?action=print HTTP/1.1" 403 30 "-" "Mozilla/5.0 (compatible; MJ12bot/v1.4.8; http://mj12bot.com/)"
51.15.20.50 - - [24/Jun/2021:00:25:22 +0200] "GET /pmwiki/pmwiki.php/Main/JuriHPOEloterjesztes?action=upload HTTP/1.1" 200 12470 "-" "Mozilla/5.0 (compatible; Barkrowler/0.9; +https://babbar.tech/crawler)"
176.31.125.95 - - [24/Jun/2021:00:25:22 +0200] "GET /pmwiki/pmwiki.php/PmWiki/UploadVariables HTTP/1.1" 200 13858 "-" "Mozilla/5.0 (compatible; MJ12bot/v1.4.8; http://mj12bot.com/)"
144.76.96.236 - - [24/Jun/2021:00:25:23 +0200] "GET /pmwiki/pmwiki.php/Main/WikiPediaban?action=print HTTP/1.1" 403 30 "-" "Mozilla/5.0 (compatible; MJ12bot/v1.4.8; http://mj12bot.com/)"
178.151.245.174 - - [24/Jun/2021:00:25:26 +0200] "GET /pmwiki/pmwiki.php/Main/2004Szeptember1?action=upload HTTP/1.1" 403 30 "-" "Mozilla/5.0 (compatible; MJ12bot/v1.4.8; http://mj12bot.com/)"
144.76.96.236 - - [24/Jun/2021:00:25:29 +0200] "GET /pmwiki/pmwiki.php/Main/WikiPediaban?action=upload HTTP/1.1" 403 30 "-" "Mozilla/5.0 (compatible; MJ12bot/v1.4.8; http://mj12bot.com/)"
51.15.20.50 - - [24/Jun/2021:00:25:30 +0200] "GET /pmwiki/pmwiki.php/PmWiki/UploadsAdmin?action=diff&source=y&minor=y HTTP/1.1" 200 12910 "-" "Mozilla/5.0 (compatible; Barkrowler/0.9; +https://babbar.tech/crawler)"
178.151.245.174 - - [24/Jun/2021:00:25:31 +0200] "GET /pmwiki/pmwiki.php/Main/2004Szeptember1?action=upload&upname=wiki.png HTTP/1.1" 403 30 "-" "Mozilla/5.0 (compatible; MJ12bot/v1.4.8; http://mj12bot.com/)"
176.31.125.95 - - [24/Jun/2021:00:25:31 +0200] "GET /pmwiki/pmwiki.php/PmWiki/UploadVariables?action=diff HTTP/1.1" 403 30 "-" "Mozilla/5.0 (compatible; MJ12bot/v1.4.8; http://mj12bot.com/)"
144.76.96.236 - - [24/Jun/2021:00:25:33 +0200] "GET /pmwiki/pmwiki.php/Main/WikiPediaban?action=upload&upname=wiki.png HTTP/1.1" 403 30 "-" "Mozilla/5.0 (compatible; MJ12bot/v1.4.8; http://mj12bot.com/)"
178.151.245.174 - - [24/Jun/2021:00:25:34 +0200] "GET /pmwiki/pmwiki.php/Main/2005Szeptember2 HTTP/1.1" 200 13809 "-" "Mozilla/5.0 (compatible; MJ12bot/v1.4.8; http://mj12bot.com/)"
178.151.245.174 - - [24/Jun/2021:00:25:39 +0200] "GET /pmwiki/pmwiki.php/Main/2005Szeptember2?action=edit HTTP/1.1" 403 30 "-" "Mozilla/5.0 (compatible; MJ12bot/v1.4.8; http://mj12bot.com/)"
144.76.96.236 - - [24/Jun/2021:00:25:40 +0200] "GET /pmwiki/pmwiki.php/Main/WikiSandbox?action=diff HTTP/1.1" 403 30 "-" "Mozilla/5.0 (compatible; MJ12bot/v1.4.8; http://mj12bot.com/)"
178.151.245.174 - - [24/Jun/2021:00:25:43 +0200] "GET /pmwiki/pmwiki.php/Main/2005Szeptember2?action=print HTTP/1.1" 403 30 "-" "Mozilla/5.0 (compatible; MJ12bot/v1.4.8; http://mj12bot.com/)"
176.31.125.95 - - [24/Jun/2021:00:25:46 +0200] "GET /pmwiki/pmwiki.php/PmWiki/UploadVariables?action=edit HTTP/1.1" 403 30 "-" "Mozilla/5.0 (compatible; MJ12bot/v1.4.8; http://mj12bot.com/)"
51.15.20.50 - - [24/Jun/2021:00:25:46 +0200] "GET /pmwiki/pmwiki.php/Main/DRM?action=edit&restore=diff:1118762920:1118762871:&preview=y HTTP/1.1" 200 12364 "-" "Mozilla/5.0 (compatible; Barkrowler/0.9; +https://babbar.tech/crawler)"
144.76.96.236 - - [24/Jun/2021:00:25:47 +0200] "GET /pmwiki/pmwiki.php/Main/WikiSandbox?action=edit HTTP/1.1" 403 30 "-" "Mozilla/5.0 (compatible; MJ12bot/v1.4.8; http://mj12bot.com/)"
178.151.245.174 - - [24/Jun/2021:00:25:49 +0200] "GET /pmwiki/pmwiki.php/Main/2005Szeptember2?action=upload HTTP/1.1" 403 30 "-" "Mozilla/5.0 (compatible; MJ12bot/v1.4.8; http://mj12bot.com/)"
176.31.125.95 - - [24/Jun/2021:00:25:52 +0200] "GET /pmwiki/pmwiki.php/PmWiki/UploadVariables?action=print HTTP/1.1" 403 30 "-" "Mozilla/5.0 (compatible; MJ12bot/v1.4.8; http://mj12bot.com/)"
144.76.96.236 - - [24/Jun/2021:00:25:53 +0200] "GET /pmwiki/pmwiki.php/Main/WikiSandbox?action=print HTTP/1.1" 403 30 "-" "Mozilla/5.0 (compatible; MJ12bot/v1.4.8; http://mj12bot.com/)"
178.151.245.174 - - [24/Jun/2021:00:25:54 +0200] "GET /pmwiki/pmwiki.php/Main/2005Szeptember2?action=upload&upname=wiki.png HTTP/1.1" 403 30 "-" "Mozilla/5.0 (compatible; MJ12bot/v1.4.8; http://mj12bot.com/)"
51.15.20.50 - - [24/Jun/2021:00:25:55 +0200] "GET /pmwiki/pmwiki.php/Main/DRM?action=edit&restore=diff:1118762513:1118407893:&preview=y HTTP/1.1" 200 12364 "-" "Mozilla/5.0 (compatible; Barkrowler/0.9; +https://babbar.tech/crawler)"
144.76.96.236 - - [24/Jun/2021:00:25:58 +0200] "GET /pmwiki/pmwiki.php/Main/WikiSandbox?action=upload HTTP/1.1" 403 30 "-" "Mozilla/5.0 (compatible; MJ12bot/v1.4.8; http://mj12bot.com/)"
178.151.245.174 - - [24/Jun/2021:00:26:00 +0200] "GET /pmwiki/pmwiki.php/Main/AJelenlegiSzerzoiJogiTorveny?action=diff HTTP/1.1" 403 30 "-" "Mozilla/5.0 (compatible; MJ12bot/v1.4.8; http://mj12bot.com/)"
178.151.245.174 - - [24/Jun/2021:00:26:05 +0200] "GET /pmwiki/pmwiki.php/Main/AJelenlegiSzerzoiJogiTorveny?action=edit HTTP/1.1" 403 30 "-" "Mozilla/5.0 (compatible; MJ12bot/v1.4.8; http://mj12bot.com/)"
176.31.125.95 - - [24/Jun/2021:00:26:05 +0200] "GET /pmwiki/pmwiki.php/PmWiki/UploadVariables?action=upload HTTP/1.1" 403 30 "-" "Mozilla/5.0 (compatible; MJ12bot/v1.4.8; http://mj12bot.com/)"
144.76.96.236 - - [24/Jun/2021:00:26:05 +0200] "GET /pmwiki/pmwiki.php/Main/WikiSandbox?action=upload&upname=wiki.png HTTP/1.1" 403 30 "-" "Mozilla/5.0 (compatible; MJ12bot/v1.4.8; http://mj12bot.com/)"
178.151.245.174 - - [24/Jun/2021:00:26:10 +0200] "GET /pmwiki/pmwiki.php/Main/AJelenlegiSzerzoiJogiTorveny?action=print HTTP/1.1" 403 30 "-" "Mozilla/5.0 (compatible; MJ12bot/v1.4.8; http://mj12bot.com/)"
144.76.96.236 - - [24/Jun/2021:00:26:12 +0200] "GET /pmwiki/pmwiki.php/Main/WikiSandbox?from=PmWiki.WikiSandbox HTTP/1.1" 200 12279 "-" "Mozilla/5.0 (compatible; MJ12bot/v1.4.8; http://mj12bot.com/)"
176.31.125.95 - - [24/Jun/2021:00:26:13 +0200] "GET /pmwiki/pmwiki.php/PmWiki/UploadVariables?action=upload&upname=wiki.png HTTP/1.1" 403 30 "-" "Mozilla/5.0 (compatible; MJ12bot/v1.4.8; http://mj12bot.com/)"
178.151.245.174 - - [24/Jun/2021:00:26:14 +0200] "GET /pmwiki/pmwiki.php/Main/AJelenlegiSzerzoiJogiTorveny?action=upload HTTP/1.1" 403 30 "-" "Mozilla/5.0 (compatible; MJ12bot/v1.4.8; http://mj12bot.com/)"
144.76.96.236 - - [24/Jun/2021:00:26:20 +0200] "GET /pmwiki/pmwiki.php/PmWiki/AdvancedTables HTTP/1.1" 200 18559 "-" "Mozilla/5.0 (compatible; MJ12bot/v1.4.8; http://mj12bot.com/)"
178.151.245.174 - - [24/Jun/2021:00:26:20 +0200] "GET /pmwiki/pmwiki.php/Main/AJelenlegiSzerzoiJogiTorveny?action=upload&upname=wiki.png HTTP/1.1" 403 30 "-" "Mozilla/5.0 (compatible; MJ12bot/v1.4.8; http://mj12bot.com/)"
176.31.125.95 - - [24/Jun/2021:00:26:21 +0200] "GET /pmwiki/pmwiki.php/PmWiki/Uploads HTTP/1.1" 200 14578 "-" "Mozilla/5.0 (compatible; MJ12bot/v1.4.8; http://mj12bot.com/)"
178.151.245.174 - - [24/Jun/2021:00:26:23 +0200] "GET /pmwiki/pmwiki.php/Main/AllRecentChanges HTTP/1.1" 200 53080 "-" "Mozilla/5.0 (compatible; MJ12bot/v1.4.8; http://mj12bot.com/)"
144.76.96.236 - - [24/Jun/2021:00:26:26 +0200] "GET /pmwiki/pmwiki.php/PmWiki/AdvancedTables?action=diff HTTP/1.1" 403 30 "-" "Mozilla/5.0 (compatible; MJ12bot/v1.4.8; http://mj12bot.com/)"
176.31.125.95 - - [24/Jun/2021:00:26:27 +0200] "GET /pmwiki/pmwiki.php/PmWiki/Uploads?action=diff HTTP/1.1" 403 30 "-" "Mozilla/5.0 (compatible; MJ12bot/v1.4.8; http://mj12bot.com/)"
178.151.245.174 - - [24/Jun/2021:00:26:27 +0200] "GET /pmwiki/pmwiki.php/Main/AllRecentChanges?action=diff HTTP/1.1" 403 30 "-" "Mozilla/5.0 (compatible; MJ12bot/v1.4.8; http://mj12bot.com/)"
178.151.245.174 - - [24/Jun/2021:00:26:33 +0200] "GET /pmwiki/pmwiki.php/Main/AllRecentChanges?action=edit HTTP/1.1" 403 30 "-" "Mozilla/5.0 (compatible; MJ12bot/v1.4.8; http://mj12bot.com/)"
144.76.96.236 - - [24/Jun/2021:00:26:34 +0200] "GET /pmwiki/pmwiki.php/PmWiki/AdvancedTables?action=edit HTTP/1.1" 403 30 "-" "Mozilla/5.0 (compatible; MJ12bot/v1.4.8; http://mj12bot.com/)"
178.151.245.174 - - [24/Jun/2021:00:26:38 +0200] "GET /pmwiki/pmwiki.php/Main/AllRecentChanges?action=print HTTP/1.1" 403 30 "-" "Mozilla/5.0 (compatible; MJ12bot/v1.4.8; http://mj12bot.com/)"
176.31.125.95 - - [24/Jun/2021:00:26:38 +0200] "GET /pmwiki/pmwiki.php/PmWiki/Uploads?action=edit HTTP/1.1" 403 30 "-" "Mozilla/5.0 (compatible; MJ12bot/v1.4.8; http://mj12bot.com/)"
144.76.96.236 - - [24/Jun/2021:00:26:41 +0200] "GET /pmwiki/pmwiki.php/PmWiki/AdvancedTables?action=print HTTP/1.1" 403 30 "-" "Mozilla/5.0 (compatible; MJ12bot/v1.4.8; http://mj12bot.com/)"
178.151.245.174 - - [24/Jun/2021:00:26:44 +0200] "GET /pmwiki/pmwiki.php/Main/AllRecentChanges?action=upload HTTP/1.1" 403 30 "-" "Mozilla/5.0 (compatible; MJ12bot/v1.4.8; http://mj12bot.com/)"
144.76.96.236 - - [24/Jun/2021:00:26:48 +0200] "GET /pmwiki/pmwiki.php/PmWiki/AdvancedTables?action=upload HTTP/1.1" 403 30 "-" "Mozilla/5.0 (compatible; MJ12bot/v1.4.8; http://mj12bot.com/)"
176.31.125.95 - - [24/Jun/2021:00:26:50 +0200] "GET /pmwiki/pmwiki.php/PmWiki/Uploads?action=print HTTP/1.1" 403 30 "-" "Mozilla/5.0 (compatible; MJ12bot/v1.4.8; http://mj12bot.com/)"
178.151.245.174 - - [24/Jun/2021:00:26:50 +0200] "GET /pmwiki/pmwiki.php/Main/AllRecentChanges?action=upload&upname=wiki.png HTTP/1.1" 403 30 "-" "Mozilla/5.0 (compatible; MJ12bot/v1.4.8; http://mj12bot.com/)"
144.76.96.236 - - [24/Jun/2021:00:26:53 +0200] "GET /pmwiki/pmwiki.php/PmWiki/AdvancedTables?action=upload&upname=wiki.png HTTP/1.1" 403 30 "-" "Mozilla/5.0 (compatible; MJ12bot/v1.4.8; http://mj12bot.com/)"
178.151.245.174 - - [24/Jun/2021:00:26:55 +0200] "GET /pmwiki/pmwiki.php/Main/AzIPRJavaslat HTTP/1.1" 200 14797 "-" "Mozilla/5.0 (compatible; MJ12bot/v1.4.8; http://mj12bot.com/)"
176.31.125.95 - - [24/Jun/2021:00:26:59 +0200] "GET /pmwiki/pmwiki.php/PmWiki/Uploads?action=upload HTTP/1.1" 403 30 "-" "Mozilla/5.0 (compatible; MJ12bot/v1.4.8; http://mj12bot.com/)"
144.76.96.236 - - [24/Jun/2021:00:27:00 +0200] "GET /pmwiki/pmwiki.php/PmWiki/Audiences HTTP/1.1" 200 16668 "-" "Mozilla/5.0 (compatible; MJ12bot/v1.4.8; http://mj12bot.com/)"
178.151.245.174 - - [24/Jun/2021:00:27:02 +0200] "GET /pmwiki/pmwiki.php/Main/AzIPRJavaslat?action=diff HTTP/1.1" 403 30 "-" "Mozilla/5.0 (compatible; MJ12bot/v1.4.8; http://mj12bot.com/)"
144.76.96.236 - - [24/Jun/2021:00:27:07 +0200] "GET /pmwiki/pmwiki.php/PmWiki/Audiences?action=diff HTTP/1.1" 403 30 "-" "Mozilla/5.0 (compatible; MJ12bot/v1.4.8; http://mj12bot.com/)"
178.151.245.174 - - [24/Jun/2021:00:27:08 +0200] "GET /pmwiki/pmwiki.php/Main/AzIPRJavaslat?action=edit HTTP/1.1" 403 30 "-" "Mozilla/5.0 (compatible; MJ12bot/v1.4.8; http://mj12bot.com/)"
176.31.125.95 - - [24/Jun/2021:00:27:08 +0200] "GET /pmwiki/pmwiki.php/PmWiki/Uploads?action=upload&upname=wiki.png HTTP/1.1" 403 30 "-" "Mozilla/5.0 (compatible; MJ12bot/v1.4.8; http://mj12bot.com/)"
178.151.245.174 - - [24/Jun/2021:00:27:12 +0200] "GET /pmwiki/pmwiki.php/Main/AzIPRJavaslat?action=print HTTP/1.1" 403 30 "-" "Mozilla/5.0 (compatible; MJ12bot/v1.4.8; http://mj12bot.com/)"
178.151.245.174 - - [24/Jun/2021:00:27:15 +0200] "GET /pmwiki/pmwiki.php/Main/AzIPRJavaslat?action=upload HTTP/1.1" 403 30 "-" "Mozilla/5.0 (compatible; MJ12bot/v1.4.8; http://mj12bot.com/)"
176.31.125.95 - - [24/Jun/2021:00:27:17 +0200] "GET /pmwiki/pmwiki.php/PmWiki/UploadsAdmin HTTP/1.1" 200 21828 "-" "Mozilla/5.0 (compatible; MJ12bot/v1.4.8; http://mj12bot.com/)"
144.76.96.236 - - [24/Jun/2021:00:27:18 +0200] "GET /pmwiki/pmwiki.php/PmWiki/Audiences?action=print HTTP/1.1" 403 30 "-" "Mozilla/5.0 (compatible; MJ12bot/v1.4.8; http://mj12bot.com/)"
178.151.245.174 - - [24/Jun/2021:00:27:19 +0200] "GET /pmwiki/pmwiki.php/Main/AzIPRJavaslat?action=upload&upname=wiki.png HTTP/1.1" 403 30 "-" "Mozilla/5.0 (compatible; MJ12bot/v1.4.8; http://mj12bot.com/)"
178.151.245.174 - - [24/Jun/2021:00:27:24 +0200] "GET /pmwiki/pmwiki.php/Main/Bitem0304 HTTP/1.1" 200 17668 "-" "Mozilla/5.0 (compatible; MJ12bot/v1.4.8; http://mj12bot.com/)"
144.76.96.236 - - [24/Jun/2021:00:27:26 +0200] "GET /pmwiki/pmwiki.php/PmWiki/Audiences?action=upload HTTP/1.1" 403 30 "-" "Mozilla/5.0 (compatible; MJ12bot/v1.4.8; http://mj12bot.com/)"
178.151.245.174 - - [24/Jun/2021:00:27:29 +0200] "GET /pmwiki/pmwiki.php/Main/Bitem0304?action=diff HTTP/1.1" 403 30 "-" "Mozilla/5.0 (compatible; MJ12bot/v1.4.8; http://mj12bot.com/)"
176.31.125.95 - - [24/Jun/2021:00:27:29 +0200] "GET /pmwiki/pmwiki.php/PmWiki/UploadsAdmin?action=diff HTTP/1.1" 403 30 "-" "Mozilla/5.0 (compatible; MJ12bot/v1.4.8; http://mj12bot.com/)"
144.76.96.236 - - [24/Jun/2021:00:27:31 +0200] "GET /pmwiki/pmwiki.php/PmWiki/Audiences?action=upload&upname=wiki.png HTTP/1.1" 403 30 "-" "Mozilla/5.0 (compatible; MJ12bot/v1.4.8; http://mj12bot.com/)"
178.151.245.174 - - [24/Jun/2021:00:27:33 +0200] "GET /pmwiki/pmwiki.php/Main/Bitem0304?action=edit HTTP/1.1" 403 30 "-" "Mozilla/5.0 (compatible; MJ12bot/v1.4.8; http://mj12bot.com/)"
178.151.245.174 - - [24/Jun/2021:00:27:37 +0200] "GET /pmwiki/pmwiki.php/Main/Bitem0304?action=print HTTP/1.1" 403 30 "-" "Mozilla/5.0 (compatible; MJ12bot/v1.4.8; http://mj12bot.com/)"
144.76.96.236 - - [24/Jun/2021:00:27:41 +0200] "GET /pmwiki/pmwiki.php/PmWiki/AuthorTracking HTTP/1.1" 200 13641 "-" "Mozilla/5.0 (compatible; MJ12bot/v1.4.8; http://mj12bot.com/)"
178.151.245.174 - - [24/Jun/2021:00:27:42 +0200] "GET /pmwiki/pmwiki.php/Main/Bitem0304?action=upload HTTP/1.1" 403 30 "-" "Mozilla/5.0 (compatible; MJ12bot/v1.4.8; http://mj12bot.com/)"
176.31.125.95 - - [24/Jun/2021:00:27:44 +0200] "GET /pmwiki/pmwiki.php/PmWiki/UploadsAdmin?action=edit HTTP/1.1" 403 30 "-" "Mozilla/5.0 (compatible; MJ12bot/v1.4.8; http://mj12bot.com/)"
144.76.96.236 - - [24/Jun/2021:00:27:46 +0200] "GET /pmwiki/pmwiki.php/PmWiki/AuthorTracking?action=diff HTTP/1.1" 403 30 "-" "Mozilla/5.0 (compatible; MJ12bot/v1.4.8; http://mj12bot.com/)"
178.151.245.174 - - [24/Jun/2021:00:27:47 +0200] "GET /pmwiki/pmwiki.php/Main/Bitem0304?action=upload&upname=wiki.png HTTP/1.1" 403 30 "-" "Mozilla/5.0 (compatible; MJ12bot/v1.4.8; http://mj12bot.com/)"
178.151.245.174 - - [24/Jun/2021:00:27:49 +0200] "GET /pmwiki/pmwiki.php/Main/Cache HTTP/1.1" 200 16452 "-" "Mozilla/5.0 (compatible; MJ12bot/v1.4.8; http://mj12bot.com/)"
144.76.96.236 - - [24/Jun/2021:00:27:53 +0200] "GET /pmwiki/pmwiki.php/PmWiki/AuthorTracking?action=edit HTTP/1.1" 403 30 "-" "Mozilla/5.0 (compatible; MJ12bot/v1.4.8; http://mj12bot.com/)"
178.151.245.174 - - [24/Jun/2021:00:27:54 +0200] "GET /pmwiki/pmwiki.php/Main/Cache?action=diff HTTP/1.1" 403 30 "-" "Mozilla/5.0 (compatible; MJ12bot/v1.4.8; http://mj12bot.com/)"
176.31.125.95 - - [24/Jun/2021:00:27:54 +0200] "GET /pmwiki/pmwiki.php/PmWiki/UploadsAdmin?action=print HTTP/1.1" 403 30 "-" "Mozilla/5.0 (compatible; MJ12bot/v1.4.8; http://mj12bot.com/)"
178.151.245.174 - - [24/Jun/2021:00:27:59 +0200] "GET /pmwiki/pmwiki.php/Main/Cache?action=edit HTTP/1.1" 403 30 "-" "Mozilla/5.0 (compatible; MJ12bot/v1.4.8; http://mj12bot.com/)"
144.76.96.236 - - [24/Jun/2021:00:28:00 +0200] "GET /pmwiki/pmwiki.php/PmWiki/AuthorTracking?action=print HTTP/1.1" 403 30 "-" "Mozilla/5.0 (compatible; MJ12bot/v1.4.8; http://mj12bot.com/)"
178.151.245.174 - - [24/Jun/2021:00:28:03 +0200] "GET /pmwiki/pmwiki.php/Main/Cache?action=print HTTP/1.1" 403 30 "-" "Mozilla/5.0 (compatible; MJ12bot/v1.4.8; http://mj12bot.com/)"
144.76.96.236 - - [24/Jun/2021:00:28:07 +0200] "GET /pmwiki/pmwiki.php/PmWiki/AuthorTracking?action=upload HTTP/1.1" 403 30 "-" "Mozilla/5.0 (compatible; MJ12bot/v1.4.8; http://mj12bot.com/)"
178.151.245.174 - - [24/Jun/2021:00:28:08 +0200] "GET /pmwiki/pmwiki.php/Main/Cache?action=upload HTTP/1.1" 403 30 "-" "Mozilla/5.0 (compatible; MJ12bot/v1.4.8; http://mj12bot.com/)"
178.151.245.174 - - [24/Jun/2021:00:28:10 +0200] "GET /pmwiki/pmwiki.php/Main/Cache?action=upload&upname=wiki.png HTTP/1.1" 403 30 "-" "Mozilla/5.0 (compatible; MJ12bot/v1.4.8; http://mj12bot.com/)"
176.31.125.95 - - [24/Jun/2021:00:28:10 +0200] "GET /pmwiki/pmwiki.php/PmWiki/UploadsAdmin?action=upload HTTP/1.1" 403 30 "-" "Mozilla/5.0 (compatible; MJ12bot/v1.4.8; http://mj12bot.com/)"
144.76.96.236 - - [24/Jun/2021:00:28:13 +0200] "GET /pmwiki/pmwiki.php/PmWiki/AuthorTracking?action=upload&upname=wiki.png HTTP/1.1" 403 30 "-" "Mozilla/5.0 (compatible; MJ12bot/v1.4.8; http://mj12bot.com/)"
178.151.245.174 - - [24/Jun/2021:00:28:15 +0200] "GET /pmwiki/pmwiki.php/Main/CenZored HTTP/1.1" 200 15129 "-" "Mozilla/5.0 (compatible; MJ12bot/v1.4.8; http://mj12bot.com/)"
178.151.245.174 - - [24/Jun/2021:00:28:20 +0200] "GET /pmwiki/pmwiki.php/Main/CenZored?action=diff HTTP/1.1" 403 30 "-" "Mozilla/5.0 (compatible; MJ12bot/v1.4.8; http://mj12bot.com/)"
144.76.96.236 - - [24/Jun/2021:00:28:20 +0200] "GET /pmwiki/pmwiki.php/PmWiki/AvailableActions HTTP/1.1" 200 14504 "-" "Mozilla/5.0 (compatible; MJ12bot/v1.4.8; http://mj12bot.com/)"
176.31.125.95 - - [24/Jun/2021:00:28:21 +0200] "GET /pmwiki/pmwiki.php/PmWiki/UploadsAdmin?action=upload&upname=wiki.png HTTP/1.1" 403 30 "-" "Mozilla/5.0 (compatible; MJ12bot/v1.4.8; http://mj12bot.com/)"
178.151.245.174 - - [24/Jun/2021:00:28:25 +0200] "GET /pmwiki/pmwiki.php/Main/CenZored?action=edit HTTP/1.1" 403 30 "-" "Mozilla/5.0 (compatible; MJ12bot/v1.4.8; http://mj12bot.com/)"
144.76.96.236 - - [24/Jun/2021:00:28:25 +0200] "GET /pmwiki/pmwiki.php/PmWiki/AvailableActions?action=diff HTTP/1.1" 403 30 "-" "Mozilla/5.0 (compatible; MJ12bot/v1.4.8; http://mj12bot.com/)"
178.151.245.174 - - [24/Jun/2021:00:28:29 +0200] "GET /pmwiki/pmwiki.php/Main/CenZored?action=print HTTP/1.1" 403 30 "-" "Mozilla/5.0 (compatible; MJ12bot/v1.4.8; http://mj12bot.com/)"
144.76.96.236 - - [24/Jun/2021:00:28:32 +0200] "GET /pmwiki/pmwiki.php/PmWiki/AvailableActions?action=edit HTTP/1.1" 403 30 "-" "Mozilla/5.0 (compatible; MJ12bot/v1.4.8; http://mj12bot.com/)"
178.151.245.174 - - [24/Jun/2021:00:28:32 +0200] "GET /pmwiki/pmwiki.php/Main/CenZored?action=upload HTTP/1.1" 403 30 "-" "Mozilla/5.0 (compatible; MJ12bot/v1.4.8; http://mj12bot.com/)"
176.31.125.95 - - [24/Jun/2021:00:28:35 +0200] "GET /pmwiki/pmwiki.php/PmWiki/UrlApprovals HTTP/1.1" 200 14828 "-" "Mozilla/5.0 (compatible; MJ12bot/v1.4.8; http://mj12bot.com/)"
178.151.245.174 - - [24/Jun/2021:00:28:38 +0200] "GET /pmwiki/pmwiki.php/Main/CenZored?action=upload&upname=wiki.png HTTP/1.1" 403 30 "-" "Mozilla/5.0 (compatible; MJ12bot/v1.4.8; http://mj12bot.com/)"
