93.158.90.109 - - [14/Jun/2021:18:16:46 +0200] "GET /pmwiki/pmwiki.php/PmWiki/AdvancedTables?action=upload HTTP/1.1" 200 12412 "-" "Mozilla/5.0 (Macintosh; Intel Mac OS X 11.1; rv:84.0) Gecko/20100101 Firefox/84.0"
93.158.90.109 - - [14/Jun/2021:18:16:48 +0200] "GET /pmwiki/pmwiki.php/PmWiki/AdvancedTables?action=upload&upname=wiki.png HTTP/1.1" 200 12428 "-" "Mozilla/5.0 (Macintosh; Intel Mac OS X 11.1; rv:84.0) Gecko/20100101 Firefox/84.0"
93.158.90.109 - - [14/Jun/2021:18:16:50 +0200] "GET /pmwiki/pmwiki.php/PmWiki/Audiences?action=diff HTTP/1.1" 200 12855 "-" "Mozilla/5.0 (Macintosh; Intel Mac OS X 11.1; rv:84.0) Gecko/20100101 Firefox/84.0"
93.158.90.109 - - [14/Jun/2021:18:16:52 +0200] "GET /pmwiki/pmwiki.php/PmWiki/Audiences?action=edit HTTP/1.1" 200 12450 "-" "Mozilla/5.0 (Macintosh; Intel Mac OS X 11.1; rv:84.0) Gecko/20100101 Firefox/84.0"
93.158.90.109 - - [14/Jun/2021:18:16:54 +0200] "GET /pmwiki/pmwiki.php/PmWiki/Audiences?action=print HTTP/1.1" 200 7183 "-" "Mozilla/5.0 (Macintosh; Intel Mac OS X 11.1; rv:84.0) Gecko/20100101 Firefox/84.0"
93.158.90.109 - - [14/Jun/2021:18:16:56 +0200] "GET /pmwiki/pmwiki.php/PmWiki/Audiences?action=upload HTTP/1.1" 200 12330 "-" "Mozilla/5.0 (Macintosh; Intel Mac OS X 11.1; rv:84.0) Gecko/20100101 Firefox/84.0"
93.158.90.109 - - [14/Jun/2021:18:16:58 +0200] "GET /pmwiki/pmwiki.php/PmWiki/Audiences?action=upload&upname=wiki.png HTTP/1.1" 200 12346 "-" "Mozilla/5.0 (Macintosh; Intel Mac OS X 11.1; rv:84.0) Gecko/20100101 Firefox/84.0"
93.158.90.109 - - [14/Jun/2021:18:17:00 +0200] "GET /pmwiki/pmwiki.php/PmWiki/AuthorTracking?action=diff HTTP/1.1" 200 12947 "-" "Mozilla/5.0 (Macintosh; Intel Mac OS X 11.1; rv:84.0) Gecko/20100101 Firefox/84.0"
93.158.90.109 - - [14/Jun/2021:18:17:03 +0200] "GET /pmwiki/pmwiki.php/PmWiki/AuthorTracking?action=edit HTTP/1.1" 200 12532 "-" "Mozilla/5.0 (Macintosh; Intel Mac OS X 11.1; rv:84.0) Gecko/20100101 Firefox/84.0"
93.158.90.109 - - [14/Jun/2021:18:17:04 +0200] "GET /pmwiki/pmwiki.php/PmWiki/AuthorTracking?action=print HTTP/1.1" 200 4032 "-" "Mozilla/5.0 (Macintosh; Intel Mac OS X 11.1; rv:84.0) Gecko/20100101 Firefox/84.0"
93.158.90.109 - - [14/Jun/2021:18:17:06 +0200] "GET /pmwiki/pmwiki.php/PmWiki/AuthorTracking?action=upload HTTP/1.1" 200 12412 "-" "Mozilla/5.0 (Macintosh; Intel Mac OS X 11.1; rv:84.0) Gecko/20100101 Firefox/84.0"
93.158.90.109 - - [14/Jun/2021:18:17:08 +0200] "GET /pmwiki/pmwiki.php/PmWiki/AuthorTracking?action=upload&upname=wiki.png HTTP/1.1" 200 12428 "-" "Mozilla/5.0 (Macintosh; Intel Mac OS X 11.1; rv:84.0) Gecko/20100101 Firefox/84.0"
93.158.90.109 - - [14/Jun/2021:18:17:10 +0200] "GET /pmwiki/pmwiki.php/PmWiki/AvailableActions?action=diff HTTP/1.1" 200 12983 "-" "Mozilla/5.0 (Macintosh; Intel Mac OS X 11.1; rv:84.0) Gecko/20100101 Firefox/84.0"
93.158.90.109 - - [14/Jun/2021:18:17:12 +0200] "GET /pmwiki/pmwiki.php/PmWiki/AvailableActions?action=edit HTTP/1.1" 200 12564 "-" "Mozilla/5.0 (Macintosh; Intel Mac OS X 11.1; rv:84.0) Gecko/20100101 Firefox/84.0"
93.158.90.109 - - [14/Jun/2021:18:17:14 +0200] "GET /pmwiki/pmwiki.php/PmWiki/AvailableActions?action=print HTTP/1.1" 200 4857 "-" "Mozilla/5.0 (Macintosh; Intel Mac OS X 11.1; rv:84.0) Gecko/20100101 Firefox/84.0"
93.158.90.109 - - [14/Jun/2021:18:17:16 +0200] "GET /pmwiki/pmwiki.php/PmWiki/AvailableActions?action=upload HTTP/1.1" 200 12444 "-" "Mozilla/5.0 (Macintosh; Intel Mac OS X 11.1; rv:84.0) Gecko/20100101 Firefox/84.0"
93.158.90.109 - - [14/Jun/2021:18:17:18 +0200] "GET /pmwiki/pmwiki.php/PmWiki/AvailableActions?action=upload&upname=wiki.png HTTP/1.1" 200 12460 "-" "Mozilla/5.0 (Macintosh; Intel Mac OS X 11.1; rv:84.0) Gecko/20100101 Firefox/84.0"
93.158.90.109 - - [14/Jun/2021:18:17:20 +0200] "GET /pmwiki/pmwiki.php/PmWiki/BasicEditing HTTP/1.1" 200 14335 "-" "Mozilla/5.0 (Macintosh; Intel Mac OS X 11.1; rv:84.0) Gecko/20100101 Firefox/84.0"
93.158.90.109 - - [14/Jun/2021:18:17:22 +0200] "GET /pmwiki/pmwiki.php/PmWiki/BasicEditing?action=print HTTP/1.1" 200 4763 "-" "Mozilla/5.0 (Macintosh; Intel Mac OS X 11.1; rv:84.0) Gecko/20100101 Firefox/84.0"
93.158.90.109 - - [14/Jun/2021:18:17:24 +0200] "GET /pmwiki/pmwiki.php/PmWiki/BasicVariables?action=diff HTTP/1.1" 200 12947 "-" "Mozilla/5.0 (Macintosh; Intel Mac OS X 11.1; rv:84.0) Gecko/20100101 Firefox/84.0"
93.158.90.109 - - [14/Jun/2021:18:17:26 +0200] "GET /pmwiki/pmwiki.php/PmWiki/BasicVariables?action=edit HTTP/1.1" 200 12532 "-" "Mozilla/5.0 (Macintosh; Intel Mac OS X 11.1; rv:84.0) Gecko/20100101 Firefox/84.0"
93.158.90.109 - - [14/Jun/2021:18:17:28 +0200] "GET /pmwiki/pmwiki.php/PmWiki/BasicVariables?action=print HTTP/1.1" 200 9250 "-" "Mozilla/5.0 (Macintosh; Intel Mac OS X 11.1; rv:84.0) Gecko/20100101 Firefox/84.0"
93.158.90.109 - - [14/Jun/2021:18:17:30 +0200] "GET /pmwiki/pmwiki.php/PmWiki/BasicVariables?action=upload HTTP/1.1" 200 12412 "-" "Mozilla/5.0 (Macintosh; Intel Mac OS X 11.1; rv:84.0) Gecko/20100101 Firefox/84.0"
93.158.90.109 - - [14/Jun/2021:18:17:32 +0200] "GET /pmwiki/pmwiki.php/PmWiki/BasicVariables?action=upload&upname=wiki.png HTTP/1.1" 200 12428 "-" "Mozilla/5.0 (Macintosh; Intel Mac OS X 11.1; rv:84.0) Gecko/20100101 Firefox/84.0"
93.158.90.109 - - [14/Jun/2021:18:17:34 +0200] "GET /pmwiki/pmwiki.php/PmWiki/Categories?action=print HTTP/1.1" 200 2352 "-" "Mozilla/5.0 (Macintosh; Intel Mac OS X 11.1; rv:84.0) Gecko/20100101 Firefox/84.0"
93.158.90.109 - - [14/Jun/2021:18:17:37 +0200] "GET /pmwiki/pmwiki.php/PmWiki/ChangeLog HTTP/1.1" 200 44191 "-" "Mozilla/5.0 (Macintosh; Intel Mac OS X 11.1; rv:84.0) Gecko/20100101 Firefox/84.0"
93.158.90.109 - - [14/Jun/2021:18:17:40 +0200] "GET /pmwiki/pmwiki.php/PmWiki/ChangeLog?action=upload&upname=wiki.png HTTP/1.1" 200 12347 "-" "Mozilla/5.0 (Macintosh; Intel Mac OS X 11.1; rv:84.0) Gecko/20100101 Firefox/84.0"
93.158.90.109 - - [14/Jun/2021:18:17:42 +0200] "GET /pmwiki/pmwiki.php/PmWiki/ChangeLog?action=upload&upname=wiki.png HTTP/1.1" 200 12347 "-" "Mozilla/5.0 (Macintosh; Intel Mac OS X 11.1; rv:84.0) Gecko/20100101 Firefox/84.0"
93.158.90.109 - - [14/Jun/2021:18:17:44 +0200] "GET /pmwiki/pmwiki.php/PmWiki/ChangesFromPmWiki1 HTTP/1.1" 200 19777 "-" "Mozilla/5.0 (Macintosh; Intel Mac OS X 11.1; rv:84.0) Gecko/20100101 Firefox/84.0"
93.158.90.109 - - [14/Jun/2021:18:17:46 +0200] "GET /pmwiki/pmwiki.php/PmWiki/ChangesFromPmWiki1?action=upload&upname=wiki.png HTTP/1.1" 200 12491 "-" "Mozilla/5.0 (Macintosh; Intel Mac OS X 11.1; rv:84.0) Gecko/20100101 Firefox/84.0"
93.158.90.109 - - [14/Jun/2021:18:17:49 +0200] "GET /pmwiki/pmwiki.php/PmWiki/ChangesFromPmWiki1?action=upload&upname=wiki.png HTTP/1.1" 200 12491 "-" "Mozilla/5.0 (Macintosh; Intel Mac OS X 11.1; rv:84.0) Gecko/20100101 Firefox/84.0"
93.158.90.109 - - [14/Jun/2021:18:17:51 +0200] "GET /pmwiki/pmwiki.php/PmWiki/ConditionalMarkup HTTP/1.1" 200 16144 "-" "Mozilla/5.0 (Macintosh; Intel Mac OS X 11.1; rv:84.0) Gecko/20100101 Firefox/84.0"
93.158.90.109 - - [14/Jun/2021:18:17:53 +0200] "GET /pmwiki/pmwiki.php/PmWiki/Contributors?action=print HTTP/1.1" 200 4504 "-" "Mozilla/5.0 (Macintosh; Intel Mac OS X 11.1; rv:84.0) Gecko/20100101 Firefox/84.0"
93.158.90.109 - - [14/Jun/2021:18:17:54 +0200] "GET /pmwiki/pmwiki.php/PmWiki/CreatingNewPages?action=print HTTP/1.1" 200 4884 "-" "Mozilla/5.0 (Macintosh; Intel Mac OS X 11.1; rv:84.0) Gecko/20100101 Firefox/84.0"
93.158.90.109 - - [14/Jun/2021:18:17:57 +0200] "GET /pmwiki/pmwiki.php/PmWiki/CustomInterMap?action=diff HTTP/1.1" 200 12948 "-" "Mozilla/5.0 (Macintosh; Intel Mac OS X 11.1; rv:84.0) Gecko/20100101 Firefox/84.0"
93.158.90.109 - - [14/Jun/2021:18:17:59 +0200] "GET /pmwiki/pmwiki.php/PmWiki/CustomInterMap?action=edit HTTP/1.1" 200 12533 "-" "Mozilla/5.0 (Macintosh; Intel Mac OS X 11.1; rv:84.0) Gecko/20100101 Firefox/84.0"
93.158.90.109 - - [14/Jun/2021:18:18:01 +0200] "GET /pmwiki/pmwiki.php/PmWiki/CustomInterMap?action=print HTTP/1.1" 200 4564 "-" "Mozilla/5.0 (Macintosh; Intel Mac OS X 11.1; rv:84.0) Gecko/20100101 Firefox/84.0"
93.158.90.109 - - [14/Jun/2021:18:18:03 +0200] "GET /pmwiki/pmwiki.php/PmWiki/CustomInterMap?action=upload HTTP/1.1" 200 12413 "-" "Mozilla/5.0 (Macintosh; Intel Mac OS X 11.1; rv:84.0) Gecko/20100101 Firefox/84.0"
93.158.90.109 - - [14/Jun/2021:18:18:05 +0200] "GET /pmwiki/pmwiki.php/PmWiki/CustomInterMap?action=upload&upname=wiki.png HTTP/1.1" 200 12429 "-" "Mozilla/5.0 (Macintosh; Intel Mac OS X 11.1; rv:84.0) Gecko/20100101 Firefox/84.0"
93.158.90.109 - - [14/Jun/2021:18:18:07 +0200] "GET /pmwiki/pmwiki.php/PmWiki/CustomMarkup?action=print HTTP/1.1" 200 8313 "-" "Mozilla/5.0 (Macintosh; Intel Mac OS X 11.1; rv:84.0) Gecko/20100101 Firefox/84.0"
93.158.90.109 - - [14/Jun/2021:18:18:09 +0200] "GET /pmwiki/pmwiki.php/PmWiki/CustomWikiStyles HTTP/1.1" 200 18919 "-" "Mozilla/5.0 (Macintosh; Intel Mac OS X 11.1; rv:84.0) Gecko/20100101 Firefox/84.0"
93.158.90.109 - - [14/Jun/2021:18:18:11 +0200] "GET /pmwiki/pmwiki.php/PmWiki/CustomWikiStyles?action=print HTTP/1.1" 200 9229 "-" "Mozilla/5.0 (Macintosh; Intel Mac OS X 11.1; rv:84.0) Gecko/20100101 Firefox/84.0"
93.158.90.109 - - [14/Jun/2021:18:18:13 +0200] "GET /pmwiki/pmwiki.php/PmWiki/Directives?action=diff HTTP/1.1" 200 12874 "-" "Mozilla/5.0 (Macintosh; Intel Mac OS X 11.1; rv:84.0) Gecko/20100101 Firefox/84.0"
93.158.90.109 - - [14/Jun/2021:18:18:15 +0200] "GET /pmwiki/pmwiki.php/PmWiki/Directives?action=edit HTTP/1.1" 200 12467 "-" "Mozilla/5.0 (Macintosh; Intel Mac OS X 11.1; rv:84.0) Gecko/20100101 Firefox/84.0"
93.158.90.109 - - [14/Jun/2021:18:18:17 +0200] "GET /pmwiki/pmwiki.php/PmWiki/Directives?action=print HTTP/1.1" 200 11373 "-" "Mozilla/5.0 (Macintosh; Intel Mac OS X 11.1; rv:84.0) Gecko/20100101 Firefox/84.0"
93.158.90.109 - - [14/Jun/2021:18:18:19 +0200] "GET /pmwiki/pmwiki.php/PmWiki/Directives?action=upload HTTP/1.1" 200 12347 "-" "Mozilla/5.0 (Macintosh; Intel Mac OS X 11.1; rv:84.0) Gecko/20100101 Firefox/84.0"
93.158.90.109 - - [14/Jun/2021:18:18:21 +0200] "GET /pmwiki/pmwiki.php/PmWiki/Directives?action=upload&upname=wiki.png HTTP/1.1" 200 12363 "-" "Mozilla/5.0 (Macintosh; Intel Mac OS X 11.1; rv:84.0) Gecko/20100101 Firefox/84.0"
93.158.90.109 - - [14/Jun/2021:18:18:24 +0200] "GET /pmwiki/pmwiki.php/PmWiki/DocumentationIndex HTTP/1.1" 200 18850 "-" "Mozilla/5.0 (Macintosh; Intel Mac OS X 11.1; rv:84.0) Gecko/20100101 Firefox/84.0"
93.158.90.109 - - [14/Jun/2021:18:18:26 +0200] "GET /pmwiki/pmwiki.php/PmWiki/DocumentationIndex?action=diff HTTP/1.1" 200 13019 "-" "Mozilla/5.0 (Macintosh; Intel Mac OS X 11.1; rv:84.0) Gecko/20100101 Firefox/84.0"
93.158.90.109 - - [14/Jun/2021:18:18:27 +0200] "GET /pmwiki/pmwiki.php/PmWiki/DocumentationIndex?action=edit HTTP/1.1" 200 12596 "-" "Mozilla/5.0 (Macintosh; Intel Mac OS X 11.1; rv:84.0) Gecko/20100101 Firefox/84.0"
93.158.90.109 - - [14/Jun/2021:18:18:29 +0200] "GET /pmwiki/pmwiki.php/PmWiki/DocumentationIndex?action=upload HTTP/1.1" 200 12476 "-" "Mozilla/5.0 (Macintosh; Intel Mac OS X 11.1; rv:84.0) Gecko/20100101 Firefox/84.0"
93.158.90.109 - - [14/Jun/2021:18:18:32 +0200] "GET /pmwiki/pmwiki.php/PmWiki/DocumentationIndex?action=upload&upname=wiki.png HTTP/1.1" 200 12492 "-" "Mozilla/5.0 (Macintosh; Intel Mac OS X 11.1; rv:84.0) Gecko/20100101 Firefox/84.0"
93.158.90.109 - - [14/Jun/2021:18:18:34 +0200] "GET /pmwiki/pmwiki.php/PmWiki/FAQ HTTP/1.1" 200 23861 "-" "Mozilla/5.0 (Macintosh; Intel Mac OS X 11.1; rv:84.0) Gecko/20100101 Firefox/84.0"
93.158.90.109 - - [14/Jun/2021:18:18:36 +0200] "GET /pmwiki/pmwiki.php/PmWiki/FAQ?action=diff&minor=n&source=n HTTP/1.1" 200 12749 "-" "Mozilla/5.0 (Macintosh; Intel Mac OS X 11.1; rv:84.0) Gecko/20100101 Firefox/84.0"
93.158.90.109 - - [14/Jun/2021:18:18:38 +0200] "GET /pmwiki/pmwiki.php/PmWiki/FAQ?action=diff&minor=y&source=y HTTP/1.1" 200 12749 "-" "Mozilla/5.0 (Macintosh; Intel Mac OS X 11.1; rv:84.0) Gecko/20100101 Firefox/84.0"
93.158.90.109 - - [14/Jun/2021:18:18:40 +0200] "GET /pmwiki/pmwiki.php/PmWiki/FAQ?action=upload&upname=wiki.png HTTP/1.1" 200 12252 "-" "Mozilla/5.0 (Macintosh; Intel Mac OS X 11.1; rv:84.0) Gecko/20100101 Firefox/84.0"
93.158.90.109 - - [14/Jun/2021:18:18:42 +0200] "GET /pmwiki/pmwiki.php/PmWiki/FAQ?action=upload&upname=wiki.png HTTP/1.1" 200 12252 "-" "Mozilla/5.0 (Macintosh; Intel Mac OS X 11.1; rv:84.0) Gecko/20100101 Firefox/84.0"
93.158.90.109 - - [14/Jun/2021:18:18:44 +0200] "GET /pmwiki/pmwiki.php/PmWiki/FreeLinks?action=edit HTTP/1.1" 200 12448 "-" "Mozilla/5.0 (Macintosh; Intel Mac OS X 11.1; rv:84.0) Gecko/20100101 Firefox/84.0"
93.158.90.109 - - [14/Jun/2021:18:18:46 +0200] "GET /pmwiki/pmwiki.php/PmWiki/GoodStyle HTTP/1.1" 200 12858 "-" "Mozilla/5.0 (Macintosh; Intel Mac OS X 11.1; rv:84.0) Gecko/20100101 Firefox/84.0"
93.158.90.109 - - [14/Jun/2021:18:18:49 +0200] "GET /pmwiki/pmwiki.php/PmWiki/GroupHeaders HTTP/1.1" 200 14105 "-" "Mozilla/5.0 (Macintosh; Intel Mac OS X 11.1; rv:84.0) Gecko/20100101 Firefox/84.0"
93.158.90.109 - - [14/Jun/2021:18:18:51 +0200] "GET /pmwiki/pmwiki.php/PmWiki/GroupHeaders?action=print HTTP/1.1" 200 4564 "-" "Mozilla/5.0 (Macintosh; Intel Mac OS X 11.1; rv:84.0) Gecko/20100101 Firefox/84.0"
93.158.90.109 - - [14/Jun/2021:18:18:53 +0200] "GET /pmwiki/pmwiki.php/PmWiki/I18nVariables HTTP/1.1" 200 12528 "-" "Mozilla/5.0 (Macintosh; Intel Mac OS X 11.1; rv:84.0) Gecko/20100101 Firefox/84.0"
93.158.90.109 - - [14/Jun/2021:18:18:55 +0200] "GET /pmwiki/pmwiki.php/PmWiki/ImagesInWikiPages?action=diff HTTP/1.1" 200 13001 "-" "Mozilla/5.0 (Macintosh; Intel Mac OS X 11.1; rv:84.0) Gecko/20100101 Firefox/84.0"
93.158.90.109 - - [14/Jun/2021:18:18:58 +0200] "GET /pmwiki/pmwiki.php/PmWiki/ImagesInWikiPages?action=edit HTTP/1.1" 200 12580 "-" "Mozilla/5.0 (Macintosh; Intel Mac OS X 11.1; rv:84.0) Gecko/20100101 Firefox/84.0"
93.158.90.109 - - [14/Jun/2021:18:19:00 +0200] "GET /pmwiki/pmwiki.php/PmWiki/ImagesInWikiPages?action=print HTTP/1.1" 200 4417 "-" "Mozilla/5.0 (Macintosh; Intel Mac OS X 11.1; rv:84.0) Gecko/20100101 Firefox/84.0"
93.158.90.109 - - [14/Jun/2021:18:19:02 +0200] "GET /pmwiki/pmwiki.php/PmWiki/ImagesInWikiPages?action=upload HTTP/1.1" 200 12460 "-" "Mozilla/5.0 (Macintosh; Intel Mac OS X 11.1; rv:84.0) Gecko/20100101 Firefox/84.0"
93.158.90.109 - - [14/Jun/2021:18:19:04 +0200] "GET /pmwiki/pmwiki.php/PmWiki/ImagesInWikiPages?action=upload&upname=wiki.png HTTP/1.1" 200 12476 "-" "Mozilla/5.0 (Macintosh; Intel Mac OS X 11.1; rv:84.0) Gecko/20100101 Firefox/84.0"
93.158.90.109 - - [14/Jun/2021:18:19:06 +0200] "GET /pmwiki/pmwiki.php/PmWiki/InitialSetupTasks?action=diff HTTP/1.1" 200 13001 "-" "Mozilla/5.0 (Macintosh; Intel Mac OS X 11.1; rv:84.0) Gecko/20100101 Firefox/84.0"
93.158.90.109 - - [14/Jun/2021:18:19:08 +0200] "GET /pmwiki/pmwiki.php/PmWiki/InitialSetupTasks?action=edit HTTP/1.1" 200 12580 "-" "Mozilla/5.0 (Macintosh; Intel Mac OS X 11.1; rv:84.0) Gecko/20100101 Firefox/84.0"
93.158.90.109 - - [14/Jun/2021:18:19:10 +0200] "GET /pmwiki/pmwiki.php/PmWiki/InitialSetupTasks?action=print HTTP/1.1" 200 6008 "-" "Mozilla/5.0 (Macintosh; Intel Mac OS X 11.1; rv:84.0) Gecko/20100101 Firefox/84.0"
93.158.90.109 - - [14/Jun/2021:18:19:12 +0200] "GET /pmwiki/pmwiki.php/PmWiki/InitialSetupTasks?action=upload HTTP/1.1" 200 12460 "-" "Mozilla/5.0 (Macintosh; Intel Mac OS X 11.1; rv:84.0) Gecko/20100101 Firefox/84.0"
93.158.90.109 - - [14/Jun/2021:18:19:14 +0200] "GET /pmwiki/pmwiki.php/PmWiki/InitialSetupTasks?action=upload&upname=wiki.png HTTP/1.1" 200 12476 "-" "Mozilla/5.0 (Macintosh; Intel Mac OS X 11.1; rv:84.0) Gecko/20100101 Firefox/84.0"
93.158.90.109 - - [14/Jun/2021:18:19:16 +0200] "GET /pmwiki/pmwiki.php/PmWiki/Installation HTTP/1.1" 200 17595 "-" "Mozilla/5.0 (Macintosh; Intel Mac OS X 11.1; rv:84.0) Gecko/20100101 Firefox/84.0"
93.158.90.109 - - [14/Jun/2021:18:19:19 +0200] "GET /pmwiki/pmwiki.php/PmWiki/Installation?action=upload&upname=wiki.png HTTP/1.1" 200 12395 "-" "Mozilla/5.0 (Macintosh; Intel Mac OS X 11.1; rv:84.0) Gecko/20100101 Firefox/84.0"
93.158.90.109 - - [14/Jun/2021:18:19:21 +0200] "GET /pmwiki/pmwiki.php/PmWiki/Installation?action=upload&upname=wiki.png HTTP/1.1" 200 12395 "-" "Mozilla/5.0 (Macintosh; Intel Mac OS X 11.1; rv:84.0) Gecko/20100101 Firefox/84.0"
93.158.90.109 - - [14/Jun/2021:18:19:23 +0200] "GET /pmwiki/pmwiki.php/PmWiki/InterMap?action=diff HTTP/1.1" 200 12839 "-" "Mozilla/5.0 (Macintosh; Intel Mac OS X 11.1; rv:84.0) Gecko/20100101 Firefox/84.0"
93.158.90.109 - - [14/Jun/2021:18:19:25 +0200] "GET /pmwiki/pmwiki.php/PmWiki/InterMap?action=edit HTTP/1.1" 200 12436 "-" "Mozilla/5.0 (Macintosh; Intel Mac OS X 11.1; rv:84.0) Gecko/20100101 Firefox/84.0"
93.158.90.109 - - [14/Jun/2021:18:19:27 +0200] "GET /pmwiki/pmwiki.php/PmWiki/InterMap?action=print HTTP/1.1" 200 4938 "-" "Mozilla/5.0 (Macintosh; Intel Mac OS X 11.1; rv:84.0) Gecko/20100101 Firefox/84.0"
93.158.90.109 - - [14/Jun/2021:18:19:29 +0200] "GET /pmwiki/pmwiki.php/PmWiki/InterMap?action=upload HTTP/1.1" 200 12316 "-" "Mozilla/5.0 (Macintosh; Intel Mac OS X 11.1; rv:84.0) Gecko/20100101 Firefox/84.0"
93.158.90.109 - - [14/Jun/2021:18:19:31 +0200] "GET /pmwiki/pmwiki.php/PmWiki/InterMap?action=upload&upname=wiki.png HTTP/1.1" 200 12332 "-" "Mozilla/5.0 (Macintosh; Intel Mac OS X 11.1; rv:84.0) Gecko/20100101 Firefox/84.0"
173.231.59.202 - - [14/Jun/2021:18:40:25 +0200] "GET /pmwiki/pmwiki.php/Main/SMELie HTTP/1.1" 200 13592 "http://swpat.zpok.hu/" "Mozilla/5.0 (compatible; Adsbot/3.1; +https://seostar.co/robot/)"
173.231.59.202 - - [14/Jun/2021:18:45:55 +0200] "GET /pmwiki/pmwiki.php/Main/McCreevy HTTP/1.1" 200 13220 "http://swpat.zpok.hu/" "Mozilla/5.0 (compatible; Adsbot/3.1; +https://seostar.co/robot/)"
173.231.59.202 - - [14/Jun/2021:18:46:29 +0200] "GET /pmwiki/pmwiki.php/Main/TRIPSLie HTTP/1.1" 200 12874 "http://swpat.zpok.hu/" "Mozilla/5.0 (compatible; Adsbot/3.1; +https://seostar.co/robot/)"
114.119.158.146 - - [14/Jun/2021:18:50:12 +0200] "GET /pmwiki/pmwiki.php/Main/RocardEp2?action=print HTTP/1.1" 200 18508 "-" "Mozilla/5.0 (Linux; Android 7.0;) AppleWebKit/537.36 (KHTML, like Gecko) Mobile Safari/537.36 (compatible; PetalBot;+https://webmaster.petalsearch.com/site/petalbot)"
114.119.155.230 - - [14/Jun/2021:18:55:40 +0200] "GET /pmwiki/pmwiki.php/Main/BMEKonferencia?action=diff HTTP/1.1" 200 76698 "-" "Mozilla/5.0 (Linux; Android 7.0;) AppleWebKit/537.36 (KHTML, like Gecko) Mobile Safari/537.36 (compatible; PetalBot;+https://webmaster.petalsearch.com/site/petalbot)"
114.119.155.230 - - [14/Jun/2021:19:00:30 +0200] "GET /pmwiki/pmwiki.php/PmWiki/DocumentationIndex HTTP/1.1" 200 18850 "-" "Mozilla/5.0 (Linux; Android 7.0;) AppleWebKit/537.36 (KHTML, like Gecko) Mobile Safari/537.36 (compatible; PetalBot;+https://webmaster.petalsearch.com/site/petalbot)"
49.12.13.109 - - [14/Jun/2021:19:07:42 +0200] "HEAD /pmwiki/pmwiki.php HTTP/1.1" 200 0 "-" "Alert_Alligator_webmonitoring_service_1.6.3_(alertalligator.com)"
114.119.132.6 - - [14/Jun/2021:19:10:47 +0200] "GET /pmwiki/pmwiki.php/PmWiki/WikiWikiWeb HTTP/1.1" 200 16011 "-" "Mozilla/5.0 (Linux; Android 7.0;) AppleWebKit/537.36 (KHTML, like Gecko) Mobile Safari/537.36 (compatible; PetalBot;+https://webmaster.petalsearch.com/site/petalbot)"
212.237.51.151 - - [14/Jun/2021:20:06:46 +0200] "HEAD /pmwiki/pmwiki.php HTTP/1.1" 200 0 "-" "Alert_Alligator_webmonitoring_service_1.6.3_(alertalligator.com)"
114.119.151.72 - - [14/Jun/2021:20:50:26 +0200] "GET /pmwiki/pmwiki.php/Main/Cutts?action=upload HTTP/1.1" 200 12232 "-" "Mozilla/5.0 (Linux; Android 7.0;) AppleWebKit/537.36 (KHTML, like Gecko) Mobile Safari/537.36 (compatible; PetalBot;+https://webmaster.petalsearch.com/site/petalbot)"
49.12.13.109 - - [14/Jun/2021:21:05:48 +0200] "HEAD /pmwiki/pmwiki.php HTTP/1.1" 200 0 "-" "Alert_Alligator_webmonitoring_service_1.6.3_(alertalligator.com)"
185.191.171.9 - - [14/Jun/2021:21:19:25 +0200] "GET /robots.txt HTTP/1.1" 404 1181 "-" "Mozilla/5.0 (compatible; SemrushBot/7~bl; +http://www.semrush.com/bot.html)"
185.191.171.26 - - [14/Jun/2021:21:19:26 +0200] "GET /pmwiki/pmwiki.php/Main/Direkt%EDva HTTP/1.1" 200 20621 "-" "Mozilla/5.0 (compatible; SemrushBot/7~bl; +http://www.semrush.com/bot.html)"
114.119.130.67 - - [14/Jun/2021:21:27:34 +0200] "GET /pmwiki/pmwiki.php/Main/CenZored?action=diff HTTP/1.1" 200 16528 "-" "Mozilla/5.0 (Linux; Android 7.0;) AppleWebKit/537.36 (KHTML, like Gecko) Mobile Safari/537.36 (compatible; PetalBot;+https://webmaster.petalsearch.com/site/petalbot)"
212.237.23.143 - - [14/Jun/2021:22:05:40 +0200] "HEAD /pmwiki/pmwiki.php HTTP/1.1" 200 0 "-" "Alert_Alligator_webmonitoring_service_1.6.3_(alertalligator.com)"
114.119.132.6 - - [14/Jun/2021:22:36:57 +0200] "GET /pmwiki/pmwiki.php/Main/Gazdas%e1giOldal?action=upload HTTP/1.1" 200 12406 "-" "Mozilla/5.0 (Linux; Android 7.0;) AppleWebKit/537.36 (KHTML, like Gecko) Mobile Safari/537.36 (compatible; PetalBot;+https://webmaster.petalsearch.com/site/petalbot)"
114.119.155.230 - - [14/Jun/2021:22:42:23 +0200] "GET /pmwiki/pmwiki.php/PmWiki/PmWiki?action=print HTTP/1.1" 200 106902 "-" "Mozilla/5.0 (Linux; Android 7.0;) AppleWebKit/537.36 (KHTML, like Gecko) Mobile Safari/537.36 (compatible; PetalBot;+https://webmaster.petalsearch.com/site/petalbot)"
114.119.130.67 - - [14/Jun/2021:22:53:09 +0200] "GET /pmwiki/pmwiki.php/Main/Nyilatkozatok?action=edit HTTP/1.1" 200 12478 "-" "Mozilla/5.0 (Linux; Android 7.0;) AppleWebKit/537.36 (KHTML, like Gecko) Mobile Safari/537.36 (compatible; PetalBot;+https://webmaster.petalsearch.com/site/petalbot)"
212.237.51.151 - - [14/Jun/2021:23:05:00 +0200] "HEAD /pmwiki/pmwiki.php HTTP/1.1" 200 0 "-" "Alert_Alligator_webmonitoring_service_1.6.3_(alertalligator.com)"
114.119.158.146 - - [14/Jun/2021:23:52:55 +0200] "GET /pmwiki/pmwiki.php/Main/Cutts?action=upload HTTP/1.1" 200 12232 "-" "Mozilla/5.0 (Linux; Android 7.0;) AppleWebKit/537.36 (KHTML, like Gecko) Mobile Safari/537.36 (compatible; PetalBot;+https://webmaster.petalsearch.com/site/petalbot)"
212.237.53.115 - - [15/Jun/2021:00:04:02 +0200] "HEAD /pmwiki/pmwiki.php HTTP/1.1" 200 0 "-" "Alert_Alligator_webmonitoring_service_1.6.3_(alertalligator.com)"
114.119.151.81 - - [15/Jun/2021:00:14:14 +0200] "GET /pmwiki/pmwiki.php/Main/SideBar?action=edit HTTP/1.1" 200 12384 "-" "Mozilla/5.0 (Linux; Android 7.0;) AppleWebKit/537.36 (KHTML, like Gecko) Mobile Safari/537.36 (compatible; PetalBot;+https://webmaster.petalsearch.com/site/petalbot)"
114.119.151.81 - - [15/Jun/2021:00:46:55 +0200] "GET /pmwiki/pmwiki.php/Main/EztMondjukNekik?action=edit HTTP/1.1" 200 12510 "-" "Mozilla/5.0 (Linux; Android 7.0;) AppleWebKit/537.36 (KHTML, like Gecko) Mobile Safari/537.36 (compatible; PetalBot;+https://webmaster.petalsearch.com/site/petalbot)"
114.119.155.230 - - [15/Jun/2021:00:58:00 +0200] "GET /pmwiki/pmwiki.php/Main/Ipr HTTP/1.1" 200 13258 "-" "Mozilla/5.0 (Linux; Android 7.0;) AppleWebKit/537.36 (KHTML, like Gecko) Mobile Safari/537.36 (compatible; PetalBot;+https://webmaster.petalsearch.com/site/petalbot)"
49.12.13.109 - - [15/Jun/2021:01:03:05 +0200] "HEAD /pmwiki/pmwiki.php HTTP/1.1" 200 0 "-" "Alert_Alligator_webmonitoring_service_1.6.3_(alertalligator.com)"
185.191.171.18 - - [15/Jun/2021:01:22:04 +0200] "GET /robots.txt HTTP/1.1" 404 1181 "-" "Mozilla/5.0 (compatible; SemrushBot/7~bl; +http://www.semrush.com/bot.html)"
185.191.171.23 - - [15/Jun/2021:01:22:06 +0200] "GET /pmwiki/pmwiki.php/PmWiki/PmWiki HTTP/1.1" 200 116458 "-" "Mozilla/5.0 (compatible; SemrushBot/7~bl; +http://www.semrush.com/bot.html)"
114.119.155.144 - - [15/Jun/2021:01:30:29 +0200] "GET /pmwiki/pmwiki.php/Main/HarcT%edzITSzabadalomEllen?action=print HTTP/1.1" 200 3973 "-" "Mozilla/5.0 (Linux; Android 7.0;) AppleWebKit/537.36 (KHTML, like Gecko) Mobile Safari/537.36 (compatible; PetalBot;+https://webmaster.petalsearch.com/site/petalbot)"
114.119.156.251 - - [15/Jun/2021:01:54:01 +0200] "GET /pmwiki/pmwiki.php/Main/Linkek?action=edit HTTP/1.1" 200 12370 "-" "Mozilla/5.0 (Linux; Android 7.0;) AppleWebKit/537.36 (KHTML, like Gecko) Mobile Safari/537.36 (compatible; PetalBot;+https://webmaster.petalsearch.com/site/petalbot)"
49.12.13.109 - - [15/Jun/2021:02:02:06 +0200] "HEAD /pmwiki/pmwiki.php HTTP/1.1" 200 0 "-" "Alert_Alligator_webmonitoring_service_1.6.3_(alertalligator.com)"
114.119.151.81 - - [15/Jun/2021:02:09:15 +0200] "GET /pmwiki/pmwiki.php/Main/2005Szeptember2?action=print HTTP/1.1" 200 4183 "-" "Mozilla/5.0 (Linux; Android 7.0;) AppleWebKit/537.36 (KHTML, like Gecko) Mobile Safari/537.36 (compatible; PetalBot;+https://webmaster.petalsearch.com/site/petalbot)"
114.119.130.67 - - [15/Jun/2021:02:14:44 +0200] "GET /pmwiki/pmwiki.php/PmWiki/DocumentationIndex HTTP/1.1" 200 18850 "-" "Mozilla/5.0 (Linux; Android 7.0;) AppleWebKit/537.36 (KHTML, like Gecko) Mobile Safari/537.36 (compatible; PetalBot;+https://webmaster.petalsearch.com/site/petalbot)"
114.119.151.72 - - [15/Jun/2021:02:31:01 +0200] "GET /pmwiki/pmwiki.php/Main/Google?action=print HTTP/1.1" 200 15513 "-" "Mozilla/5.0 (Linux; Android 7.0;) AppleWebKit/537.36 (KHTML, like Gecko) Mobile Safari/537.36 (compatible; PetalBot;+https://webmaster.petalsearch.com/site/petalbot)"
114.119.129.205 - - [15/Jun/2021:02:37:56 +0200] "GET /pmwiki/pmwiki.php/Main/ADRMH%e1tr%e1nyai?action=diff HTTP/1.1" 200 32626 "-" "Mozilla/5.0 (Linux; Android 7.0;) AppleWebKit/537.36 (KHTML, like Gecko) Mobile Safari/537.36 (compatible; PetalBot;+https://webmaster.petalsearch.com/site/petalbot)"
114.119.130.67 - - [15/Jun/2021:02:42:16 +0200] "GET /pmwiki/pmwiki.php/Main/Befektet%e9sv%e9delem?action=print HTTP/1.1" 200 6102 "-" "Mozilla/5.0 (Linux; Android 7.0;) AppleWebKit/537.36 (KHTML, like Gecko) Mobile Safari/537.36 (compatible; PetalBot;+https://webmaster.petalsearch.com/site/petalbot)"
212.237.23.143 - - [15/Jun/2021:03:01:09 +0200] "HEAD /pmwiki/pmwiki.php HTTP/1.1" 200 0 "-" "Alert_Alligator_webmonitoring_service_1.6.3_(alertalligator.com)"
114.119.155.144 - - [15/Jun/2021:03:24:30 +0200] "GET /pmwiki/pmwiki.php/Emeltdijas/Hu?action=edit HTTP/1.1" 200 12404 "-" "Mozilla/5.0 (Linux; Android 7.0;) AppleWebKit/537.36 (KHTML, like Gecko) Mobile Safari/537.36 (compatible; PetalBot;+https://webmaster.petalsearch.com/site/petalbot)"
185.191.171.10 - - [15/Jun/2021:03:45:30 +0200] "GET /robots.txt HTTP/1.1" 404 1181 "-" "Mozilla/5.0 (compatible; SemrushBot/7~bl; +http://www.semrush.com/bot.html)"
185.191.171.45 - - [15/Jun/2021:03:45:31 +0200] "GET /pmwiki/pmwiki.php/Main/Befektet%E9sv%E9delem HTTP/1.1" 200 15814 "-" "Mozilla/5.0 (compatible; SemrushBot/7~bl; +http://www.semrush.com/bot.html)"
159.69.145.50 - - [15/Jun/2021:04:00:15 +0200] "HEAD /pmwiki/pmwiki.php HTTP/1.1" 200 0 "-" "Alert_Alligator_webmonitoring_service_1.6.3_(alertalligator.com)"
89.38.148.64 - - [15/Jun/2021:04:21:32 +0200] "GET /pmwiki/pmwiki.php HTTP/1.1" 200 37269 "-" "Wget/1.13.4 (linux-gnu)"
159.69.145.50 - - [15/Jun/2021:04:59:38 +0200] "HEAD /pmwiki/pmwiki.php HTTP/1.1" 200 0 "-" "Alert_Alligator_webmonitoring_service_1.6.3_(alertalligator.com)"
114.119.149.252 - - [15/Jun/2021:05:17:46 +0200] "GET /pmwiki/pmwiki.php/Main/2005M%e1jus?action=diff HTTP/1.1" 200 16708 "-" "Mozilla/5.0 (Linux; Android 7.0;) AppleWebKit/537.36 (KHTML, like Gecko) Mobile Safari/537.36 (compatible; PetalBot;+https://webmaster.petalsearch.com/site/petalbot)"
114.119.151.81 - - [15/Jun/2021:05:53:09 +0200] "GET /pmwiki/pmwiki.php/Main/Google?action=diff HTTP/1.1" 200 54350 "-" "Mozilla/5.0 (Linux; Android 7.0;) AppleWebKit/537.36 (KHTML, like Gecko) Mobile Safari/537.36 (compatible; PetalBot;+https://webmaster.petalsearch.com/site/petalbot)"
159.69.145.50 - - [15/Jun/2021:05:59:28 +0200] "HEAD /pmwiki/pmwiki.php HTTP/1.1" 200 0 "-" "Alert_Alligator_webmonitoring_service_1.6.3_(alertalligator.com)"
114.119.151.72 - - [15/Jun/2021:06:15:10 +0200] "GET /pmwiki/pmwiki.php/Main/Gazdas%e1giOldal?action=upload HTTP/1.1" 200 12406 "-" "Mozilla/5.0 (Linux; Android 7.0;) AppleWebKit/537.36 (KHTML, like Gecko) Mobile Safari/537.36 (compatible; PetalBot;+https://webmaster.petalsearch.com/site/petalbot)"
185.191.171.9 - - [15/Jun/2021:06:25:26 +0200] "GET /robots.txt HTTP/1.1" 404 1181 "-" "Mozilla/5.0 (compatible; SemrushBot/7~bl; +http://www.semrush.com/bot.html)"
185.191.171.26 - - [15/Jun/2021:06:25:29 +0200] "GET /pmwiki/pmwiki.php/Main/Gazdas%E1giOldal HTTP/1.1" 200 19537 "-" "Mozilla/5.0 (compatible; SemrushBot/7~bl; +http://www.semrush.com/bot.html)"
114.119.151.72 - - [15/Jun/2021:06:49:31 +0200] "GET /pmwiki/pmwiki.php/Main/C%e9lok?action=edit HTTP/1.1" 200 12378 "-" "Mozilla/5.0 (Linux; Android 7.0;) AppleWebKit/537.36 (KHTML, like Gecko) Mobile Safari/537.36 (compatible; PetalBot;+https://webmaster.petalsearch.com/site/petalbot)"
49.12.13.109 - - [15/Jun/2021:06:58:33 +0200] "HEAD /pmwiki/pmwiki.php HTTP/1.1" 200 0 "-" "Alert_Alligator_webmonitoring_service_1.6.3_(alertalligator.com)"
185.191.171.39 - - [15/Jun/2021:07:11:02 +0200] "GET /pmwiki/pmwiki.php/Main/JuriVelemeny?action=upload HTTP/1.1" 200 12342 "-" "Mozilla/5.0 (compatible; SemrushBot/7~bl; +http://www.semrush.com/bot.html)"
114.119.146.255 - - [15/Jun/2021:07:36:30 +0200] "GET /robots.txt HTTP/1.1" 404 1181 "-" "Mozilla/5.0 (compatible;PetalBot;+https://webmaster.petalsearch.com/site/petalbot)"
114.119.132.6 - - [15/Jun/2021:07:44:30 +0200] "GET /pmwiki/pmwiki.php/Main/SMELie?action=edit HTTP/1.1" 200 12367 "-" "Mozilla/5.0 (Linux; Android 7.0;) AppleWebKit/537.36 (KHTML, like Gecko) Mobile Safari/537.36 (compatible; PetalBot;+https://webmaster.petalsearch.com/site/petalbot)"
185.191.171.45 - - [15/Jun/2021:07:51:20 +0200] "GET /robots.txt HTTP/1.1" 404 1181 "-" "Mozilla/5.0 (compatible; SemrushBot/7~bl; +http://www.semrush.com/bot.html)"
185.191.171.23 - - [15/Jun/2021:07:51:21 +0200] "GET /pmwiki/pmwiki.php/Main/2004Febru%E1riK%F6sz%F6netLengyelorsz%E1gnak HTTP/1.1" 200 15642 "-" "Mozilla/5.0 (compatible; SemrushBot/7~bl; +http://www.semrush.com/bot.html)"
49.12.13.109 - - [15/Jun/2021:07:57:40 +0200] "HEAD /pmwiki/pmwiki.php HTTP/1.1" 200 0 "-" "Alert_Alligator_webmonitoring_service_1.6.3_(alertalligator.com)"
114.119.129.205 - - [15/Jun/2021:08:03:27 +0200] "GET /pmwiki/pmwiki.php/Main/Marc08essay?action=upload HTTP/1.1" 200 12326 "-" "Mozilla/5.0 (Linux; Android 7.0;) AppleWebKit/537.36 (KHTML, like Gecko) Mobile Safari/537.36 (compatible; PetalBot;+https://webmaster.petalsearch.com/site/petalbot)"
185.191.171.45 - - [15/Jun/2021:08:19:39 +0200] "GET /pmwiki/pmwiki.php/Main/JuriVelemeny?action=diff HTTP/1.1" 200 26944 "-" "Mozilla/5.0 (compatible; SemrushBot/7~bl; +http://www.semrush.com/bot.html)"
114.119.158.146 - - [15/Jun/2021:08:51:34 +0200] "GET /pmwiki/pmwiki.php/Main/Minimum HTTP/1.1" 200 15284 "-" "Mozilla/5.0 (Linux; Android 7.0;) AppleWebKit/537.36 (KHTML, like Gecko) Mobile Safari/537.36 (compatible; PetalBot;+https://webmaster.petalsearch.com/site/petalbot)"
49.12.13.109 - - [15/Jun/2021:08:56:45 +0200] "HEAD /pmwiki/pmwiki.php HTTP/1.1" 200 0 "-" "Alert_Alligator_webmonitoring_service_1.6.3_(alertalligator.com)"
114.119.155.144 - - [15/Jun/2021:09:02:57 +0200] "GET /pmwiki/pmwiki.php/Main/2005M%e1rciusiNy%edltLev%e9l?action=print HTTP/1.1" 200 4344 "-" "Mozilla/5.0 (Linux; Android 7.0;) AppleWebKit/537.36 (KHTML, like Gecko) Mobile Safari/537.36 (compatible; PetalBot;+https://webmaster.petalsearch.com/site/petalbot)"
114.119.130.67 - - [15/Jun/2021:09:07:56 +0200] "GET /pmwiki/pmwiki.php/Main/CikkekPrivacy HTTP/1.1" 200 12503 "-" "Mozilla/5.0 (Linux; Android 7.0;) AppleWebKit/537.36 (KHTML, like Gecko) Mobile Safari/537.36 (compatible; PetalBot;+https://webmaster.petalsearch.com/site/petalbot)"
114.119.155.144 - - [15/Jun/2021:09:43:14 +0200] "GET /pmwiki/pmwiki.php/Main/AJelenlegiSzerzoiJogiTorveny HTTP/1.1" 200 18664 "-" "Mozilla/5.0 (Linux; Android 7.0;) AppleWebKit/537.36 (KHTML, like Gecko) Mobile Safari/537.36 (compatible; PetalBot;+https://webmaster.petalsearch.com/site/petalbot)"
185.191.171.2 - - [15/Jun/2021:09:55:44 +0200] "GET /robots.txt HTTP/1.1" 404 1181 "-" "Mozilla/5.0 (compatible; SemrushBot/7~bl; +http://www.semrush.com/bot.html)"
185.191.171.15 - - [15/Jun/2021:09:55:45 +0200] "GET /pmwiki/pmwiki.php/Main/2003M%E1jusiNyilatkozat?action=upload HTTP/1.1" 200 12514 "-" "Mozilla/5.0 (compatible; SemrushBot/7~bl; +http://www.semrush.com/bot.html)"
159.69.145.50 - - [15/Jun/2021:09:56:59 +0200] "HEAD /pmwiki/pmwiki.php HTTP/1.1" 200 0 "-" "Alert_Alligator_webmonitoring_service_1.6.3_(alertalligator.com)"
212.237.23.143 - - [15/Jun/2021:10:56:25 +0200] "HEAD /pmwiki/pmwiki.php HTTP/1.1" 200 0 "-" "Alert_Alligator_webmonitoring_service_1.6.3_(alertalligator.com)"
114.119.156.251 - - [15/Jun/2021:11:29:46 +0200] "GET /pmwiki/pmwiki.php/Main/SMELie?action=diff HTTP/1.1" 200 14999 "-" "Mozilla/5.0 (Linux; Android 7.0;) AppleWebKit/537.36 (KHTML, like Gecko) Mobile Safari/537.36 (compatible; PetalBot;+https://webmaster.petalsearch.com/site/petalbot)"
114.119.149.252 - - [15/Jun/2021:11:42:09 +0200] "GET /pmwiki/pmwiki.php/Main/Virsligy%e1r?action=print HTTP/1.1" 200 15382 "-" "Mozilla/5.0 (Linux; Android 7.0;) AppleWebKit/537.36 (KHTML, like Gecko) Mobile Safari/537.36 (compatible; PetalBot;+https://webmaster.petalsearch.com/site/petalbot)"
212.237.51.151 - - [15/Jun/2021:11:55:27 +0200] "HEAD /pmwiki/pmwiki.php HTTP/1.1" 200 0 "-" "Alert_Alligator_webmonitoring_service_1.6.3_(alertalligator.com)"
114.119.129.205 - - [15/Jun/2021:12:00:18 +0200] "GET /pmwiki/pmwiki.php/Main/JogiOldal HTTP/1.1" 200 26044 "-" "Mozilla/5.0 (Linux; Android 7.0;) AppleWebKit/537.36 (KHTML, like Gecko) Mobile Safari/537.36 (compatible; PetalBot;+https://webmaster.petalsearch.com/site/petalbot)"
114.119.129.205 - - [15/Jun/2021:12:10:52 +0200] "GET /pmwiki/pmwiki.php/Main/H%edrek?action=diff HTTP/1.1" 200 21348 "-" "Mozilla/5.0 (Linux; Android 7.0;) AppleWebKit/537.36 (KHTML, like Gecko) Mobile Safari/537.36 (compatible; PetalBot;+https://webmaster.petalsearch.com/site/petalbot)"
114.119.151.72 - - [15/Jun/2021:12:37:17 +0200] "GET /pmwiki/pmwiki.php/PmWiki/WikiStructure HTTP/1.1" 200 14527 "-" "Mozilla/5.0 (Linux; Android 7.0;) AppleWebKit/537.36 (KHTML, like Gecko) Mobile Safari/537.36 (compatible; PetalBot;+https://webmaster.petalsearch.com/site/petalbot)"
49.12.13.109 - - [15/Jun/2021:12:54:29 +0200] "HEAD /pmwiki/pmwiki.php HTTP/1.1" 200 0 "-" "Alert_Alligator_webmonitoring_service_1.6.3_(alertalligator.com)"
212.237.23.143 - - [15/Jun/2021:13:54:23 +0200] "HEAD /pmwiki/pmwiki.php HTTP/1.1" 200 0 "-" "Alert_Alligator_webmonitoring_service_1.6.3_(alertalligator.com)"
114.119.155.230 - - [15/Jun/2021:14:03:55 +0200] "GET /pmwiki/pmwiki.php/Main/EztMondjukNekik?action=upload HTTP/1.1" 200 12390 "-" "Mozilla/5.0 (Linux; Android 7.0;) AppleWebKit/537.36 (KHTML, like Gecko) Mobile Safari/537.36 (compatible; PetalBot;+https://webmaster.petalsearch.com/site/petalbot)"
185.191.171.35 - - [15/Jun/2021:14:06:16 +0200] "GET /robots.txt HTTP/1.1" 404 1181 "-" "Mozilla/5.0 (compatible; SemrushBot/7~bl; +http://www.semrush.com/bot.html)"
185.191.171.19 - - [15/Jun/2021:14:06:16 +0200] "GET /pmwiki/pmwiki.php/Main/Damokl%E9szKardjaLebegAMagyarSzoftveriparFelett HTTP/1.1" 200 16099 "-" "Mozilla/5.0 (compatible; SemrushBot/7~bl; +http://www.semrush.com/bot.html)"
114.119.155.144 - - [15/Jun/2021:14:28:50 +0200] "GET /pmwiki/pmwiki.php/Main/2005M%e1rcius8?action=edit HTTP/1.1" 200 12490 "-" "Mozilla/5.0 (Linux; Android 7.0;) AppleWebKit/537.36 (KHTML, like Gecko) Mobile Safari/537.36 (compatible; PetalBot;+https://webmaster.petalsearch.com/site/petalbot)"
114.119.155.144 - - [15/Jun/2021:14:41:32 +0200] "GET /pmwiki/pmwiki.php/Main/2005J%faniusEKTBBesz%e1mol%f3 HTTP/1.1" 200 18393 "-" "Mozilla/5.0 (Linux; Android 7.0;) AppleWebKit/537.36 (KHTML, like Gecko) Mobile Safari/537.36 (compatible; PetalBot;+https://webmaster.petalsearch.com/site/petalbot)"
114.119.151.81 - - [15/Jun/2021:14:49:29 +0200] "GET /pmwiki/pmwiki.php/Main/2004Augusztus18?action=upload HTTP/1.1" 200 12390 "-" "Mozilla/5.0 (Linux; Android 7.0;) AppleWebKit/537.36 (KHTML, like Gecko) Mobile Safari/537.36 (compatible; PetalBot;+https://webmaster.petalsearch.com/site/petalbot)"
49.12.13.109 - - [15/Jun/2021:14:53:34 +0200] "HEAD /pmwiki/pmwiki.php HTTP/1.1" 200 0 "-" "Alert_Alligator_webmonitoring_service_1.6.3_(alertalligator.com)"
114.119.155.230 - - [15/Jun/2021:15:18:44 +0200] "GET /pmwiki/pmwiki.php/Main/CenZored?action=edit HTTP/1.1" 200 12402 "-" "Mozilla/5.0 (Linux; Android 7.0;) AppleWebKit/537.36 (KHTML, like Gecko) Mobile Safari/537.36 (compatible; PetalBot;+https://webmaster.petalsearch.com/site/petalbot)"
81.71.132.39 - - [15/Jun/2021:15:51:40 +0200] "GET /xmlrpc.php HTTP/1.1" 404 1181 "-" "Mozilla/5.0 (Windows NT 6.1; WOW64; rv:45.0) Gecko/20100101 Firefox/45.0"
212.237.53.115 - - [15/Jun/2021:15:52:55 +0200] "HEAD /pmwiki/pmwiki.php HTTP/1.1" 200 0 "-" "Alert_Alligator_webmonitoring_service_1.6.3_(alertalligator.com)"
114.119.132.6 - - [15/Jun/2021:15:55:24 +0200] "GET /pmwiki/pmwiki.php/Main/2004Augusztus5 HTTP/1.1" 200 15089 "-" "Mozilla/5.0 (Linux; Android 7.0;) AppleWebKit/537.36 (KHTML, like Gecko) Mobile Safari/537.36 (compatible; PetalBot;+https://webmaster.petalsearch.com/site/petalbot)"
114.119.129.205 - - [15/Jun/2021:16:18:32 +0200] "GET /pmwiki/pmwiki.php/Main/2004-esNyilatkozat?action=edit HTTP/1.1" 200 12558 "-" "Mozilla/5.0 (Linux; Android 7.0;) AppleWebKit/537.36 (KHTML, like Gecko) Mobile Safari/537.36 (compatible; PetalBot;+https://webmaster.petalsearch.com/site/petalbot)"
114.119.155.230 - - [15/Jun/2021:16:27:55 +0200] "GET /pmwiki/pmwiki.php/Main/HomePage?action=upload HTTP/1.1" 200 12281 "-" "Mozilla/5.0 (Linux; Android 7.0;) AppleWebKit/537.36 (KHTML, like Gecko) Mobile Safari/537.36 (compatible; PetalBot;+https://webmaster.petalsearch.com/site/petalbot)"
114.119.155.230 - - [15/Jun/2021:16:30:40 +0200] "GET /pmwiki/pmwiki.php/Main/BMEKonferencia HTTP/1.1" 200 14864 "-" "Mozilla/5.0 (Linux; Android 7.0;) AppleWebKit/537.36 (KHTML, like Gecko) Mobile Safari/537.36 (compatible; PetalBot;+https://webmaster.petalsearch.com/site/petalbot)"
114.119.158.146 - - [15/Jun/2021:16:50:06 +0200] "GET /pmwiki/pmwiki.php/PmWiki/Requirements?action=print HTTP/1.1" 200 2564 "-" "Mozilla/5.0 (Linux; Android 7.0;) AppleWebKit/537.36 (KHTML, like Gecko) Mobile Safari/537.36 (compatible; PetalBot;+https://webmaster.petalsearch.com/site/petalbot)"
212.237.23.143 - - [15/Jun/2021:16:52:06 +0200] "HEAD /pmwiki/pmwiki.php HTTP/1.1" 200 0 "-" "Alert_Alligator_webmonitoring_service_1.6.3_(alertalligator.com)"
185.191.171.19 - - [15/Jun/2021:17:34:52 +0200] "GET /robots.txt HTTP/1.1" 404 1181 "-" "Mozilla/5.0 (compatible; SemrushBot/7~bl; +http://www.semrush.com/bot.html)"
185.191.171.44 - - [15/Jun/2021:17:34:53 +0200] "GET /pmwiki/pmwiki.php/Main/Cutts?action=print HTTP/1.1" 200 22050 "-" "Mozilla/5.0 (compatible; SemrushBot/7~bl; +http://www.semrush.com/bot.html)"
114.119.130.67 - - [15/Jun/2021:17:37:40 +0200] "GET /pmwiki/pmwiki.php/Main/2004Augusztus5?action=print HTTP/1.1" 200 5461 "-" "Mozilla/5.0 (Linux; Android 7.0;) AppleWebKit/537.36 (KHTML, like Gecko) Mobile Safari/537.36 (compatible; PetalBot;+https://webmaster.petalsearch.com/site/petalbot)"
159.69.145.50 - - [15/Jun/2021:17:51:13 +0200] "HEAD /pmwiki/pmwiki.php HTTP/1.1" 200 0 "-" "Alert_Alligator_webmonitoring_service_1.6.3_(alertalligator.com)"
157.90.209.78 - - [15/Jun/2021:18:11:21 +0200] "GET /robots.txt HTTP/1.1" 404 1181 "-" "Mozilla/5.0 (compatible; BLEXBot/1.0; +http://webmeup-crawler.com/)"
157.90.209.78 - - [15/Jun/2021:18:11:22 +0200] "GET / HTTP/1.1" 302 5 "-" "Mozilla/5.0 (compatible; BLEXBot/1.0; +http://webmeup-crawler.com/)"
157.90.209.78 - - [15/Jun/2021:18:11:22 +0200] "GET /pmwiki/pmwiki.php HTTP/1.1" 200 37269 "-" "Mozilla/5.0 (compatible; BLEXBot/1.0; +http://webmeup-crawler.com/)"
114.119.151.81 - - [15/Jun/2021:18:43:40 +0200] "GET /pmwiki/pmwiki.php/Main/Tud%e1smonop%f3lium?action=upload HTTP/1.1" 200 12446 "-" "Mozilla/5.0 (Linux; Android 7.0;) AppleWebKit/537.36 (KHTML, like Gecko) Mobile Safari/537.36 (compatible; PetalBot;+https://webmaster.petalsearch.com/site/petalbot)"
212.237.53.115 - - [15/Jun/2021:18:50:19 +0200] "HEAD /pmwiki/pmwiki.php HTTP/1.1" 200 0 "-" "Alert_Alligator_webmonitoring_service_1.6.3_(alertalligator.com)"
114.119.155.230 - - [15/Jun/2021:18:50:41 +0200] "GET /pmwiki/pmwiki.php/Main/Nyilatkozat?action=upload HTTP/1.1" 200 12330 "-" "Mozilla/5.0 (Linux; Android 7.0;) AppleWebKit/537.36 (KHTML, like Gecko) Mobile Safari/537.36 (compatible; PetalBot;+https://webmaster.petalsearch.com/site/petalbot)"
37.203.214.44 - - [15/Jun/2021:19:09:32 +0200] "GET /pmwiki/pmwiki.php/Main/Linkek HTTP/1.1" 200 28889 "http://swpat.zpok.hu" "Mozilla/5.0 (Windows NT 10.0; Win64; x64) AppleWebKit/537.36 (KHTML, like Gecko) Chrome/62.0.3202.94 Safari/537.36"
114.119.155.144 - - [15/Jun/2021:19:14:38 +0200] "GET /pmwiki/pmwiki.php/Main/Lev%e9lAParlamentInformaitikaiBizotts%e1gaEln%f6k%e9nek?action=print HTTP/1.1" 200 3877 "-" "Mozilla/5.0 (Linux; Android 7.0;) AppleWebKit/537.36 (KHTML, like Gecko) Mobile Safari/537.36 (compatible; PetalBot;+https://webmaster.petalsearch.com/site/petalbot)"
212.237.23.143 - - [15/Jun/2021:19:50:34 +0200] "HEAD /pmwiki/pmwiki.php HTTP/1.1" 200 0 "-" "Alert_Alligator_webmonitoring_service_1.6.3_(alertalligator.com)"
114.119.130.67 - - [15/Jun/2021:20:24:24 +0200] "GET /pmwiki/pmwiki.php/Main/Telefonon HTTP/1.1" 200 16251 "-" "Mozilla/5.0 (Linux; Android 7.0;) AppleWebKit/537.36 (KHTML, like Gecko) Mobile Safari/537.36 (compatible; PetalBot;+https://webmaster.petalsearch.com/site/petalbot)"
114.119.129.205 - - [15/Jun/2021:20:24:45 +0200] "GET /pmwiki/pmwiki.php/Main/Telefonon HTTP/1.1" 200 16251 "-" "Mozilla/5.0 (Linux; Android 7.0;) AppleWebKit/537.36 (KHTML, like Gecko) Mobile Safari/537.36 (compatible; PetalBot;+https://webmaster.petalsearch.com/site/petalbot)"
114.119.151.72 - - [15/Jun/2021:20:30:10 +0200] "GET /pmwiki/pmwiki.php/Cookbook/EditBar?action=edit HTTP/1.1" 200 12450 "-" "Mozilla/5.0 (Linux; Android 7.0;) AppleWebKit/537.36 (KHTML, like Gecko) Mobile Safari/537.36 (compatible; PetalBot;+https://webmaster.petalsearch.com/site/petalbot)"
212.237.23.143 - - [15/Jun/2021:20:49:41 +0200] "HEAD /pmwiki/pmwiki.php HTTP/1.1" 200 0 "-" "Alert_Alligator_webmonitoring_service_1.6.3_(alertalligator.com)"
114.119.151.81 - - [15/Jun/2021:21:13:22 +0200] "GET /pmwiki/pmwiki.php/Main/Feb03PR?action=diff HTTP/1.1" 200 18340 "-" "Mozilla/5.0 (Linux; Android 7.0;) AppleWebKit/537.36 (KHTML, like Gecko) Mobile Safari/537.36 (compatible; PetalBot;+https://webmaster.petalsearch.com/site/petalbot)"
114.119.132.6 - - [15/Jun/2021:21:20:08 +0200] "GET /pmwiki/pmwiki.php/Emeltdijas/Hu?action=diff HTTP/1.1" 200 14411 "-" "Mozilla/5.0 (Linux; Android 7.0;) AppleWebKit/537.36 (KHTML, like Gecko) Mobile Safari/537.36 (compatible; PetalBot;+https://webmaster.petalsearch.com/site/petalbot)"
159.69.145.50 - - [15/Jun/2021:21:48:45 +0200] "HEAD /pmwiki/pmwiki.php HTTP/1.1" 200 0 "-" "Alert_Alligator_webmonitoring_service_1.6.3_(alertalligator.com)"
159.69.145.50 - - [15/Jun/2021:22:48:05 +0200] "HEAD /pmwiki/pmwiki.php HTTP/1.1" 200 0 "-" "Alert_Alligator_webmonitoring_service_1.6.3_(alertalligator.com)"
114.119.158.146 - - [15/Jun/2021:22:49:55 +0200] "GET /pmwiki/pmwiki.php/Main/2005M%e1rcius8?action=print HTTP/1.1" 200 20416 "-" "Mozilla/5.0 (Linux; Android 7.0;) AppleWebKit/537.36 (KHTML, like Gecko) Mobile Safari/537.36 (compatible; PetalBot;+https://webmaster.petalsearch.com/site/petalbot)"
17.121.114.199 - - [15/Jun/2021:23:38:41 +0200] "GET /robots.txt HTTP/1.1" 404 1181 "-" "Mozilla/5.0 (Macintosh; Intel Mac OS X 10_15_5) AppleWebKit/605.1.15 (KHTML, like Gecko) Version/13.1.1 Safari/605.1.15 (Applebot/0.1; +http://www.apple.com/go/applebot)"
17.121.113.196 - - [15/Jun/2021:23:38:43 +0200] "GET /pmwiki/pmwiki.php HTTP/1.1" 200 37269 "-" "Mozilla/5.0 (Macintosh; Intel Mac OS X 10_15_5) AppleWebKit/605.1.15 (KHTML, like Gecko) Version/13.1.1 Safari/605.1.15 (Applebot/0.1; +http://www.apple.com/go/applebot)"
212.237.23.143 - - [15/Jun/2021:23:47:44 +0200] "HEAD /pmwiki/pmwiki.php HTTP/1.1" 200 0 "-" "Alert_Alligator_webmonitoring_service_1.6.3_(alertalligator.com)"
114.119.129.205 - - [16/Jun/2021:00:29:19 +0200] "GET /pmwiki/pmwiki.php/Main/Bitem0304?action=diff HTTP/1.1" 200 28044 "-" "Mozilla/5.0 (Linux; Android 7.0;) AppleWebKit/537.36 (KHTML, like Gecko) Mobile Safari/537.36 (compatible; PetalBot;+https://webmaster.petalsearch.com/site/petalbot)"
212.237.53.115 - - [16/Jun/2021:00:46:51 +0200] "HEAD /pmwiki/pmwiki.php HTTP/1.1" 200 0 "-" "Alert_Alligator_webmonitoring_service_1.6.3_(alertalligator.com)"
114.119.149.252 - - [16/Jun/2021:00:59:43 +0200] "GET /pmwiki/pmwiki.php/Main/Cikkek?action=diff HTTP/1.1" 200 107776 "-" "Mozilla/5.0 (Linux; Android 7.0;) AppleWebKit/537.36 (KHTML, like Gecko) Mobile Safari/537.36 (compatible; PetalBot;+https://webmaster.petalsearch.com/site/petalbot)"
114.119.129.205 - - [16/Jun/2021:01:20:16 +0200] "GET /pmwiki/pmwiki.php/Main/Doksik?action=edit HTTP/1.1" 200 12366 "-" "Mozilla/5.0 (Linux; Android 7.0;) AppleWebKit/537.36 (KHTML, like Gecko) Mobile Safari/537.36 (compatible; PetalBot;+https://webmaster.petalsearch.com/site/petalbot)"
114.119.158.146 - - [16/Jun/2021:01:33:19 +0200] "GET /pmwiki/pmwiki.php/Main/WikiSandbox?action=print HTTP/1.1" 200 2537 "-" "Mozilla/5.0 (Linux; Android 7.0;) AppleWebKit/537.36 (KHTML, like Gecko) Mobile Safari/537.36 (compatible; PetalBot;+https://webmaster.petalsearch.com/site/petalbot)"
114.119.130.67 - - [16/Jun/2021:01:37:04 +0200] "GET /pmwiki/pmwiki.php/Main/TRIPSLie?action=print HTTP/1.1" 200 3318 "-" "Mozilla/5.0 (Linux; Android 7.0;) AppleWebKit/537.36 (KHTML, like Gecko) Mobile Safari/537.36 (compatible; PetalBot;+https://webmaster.petalsearch.com/site/petalbot)"
212.237.53.115 - - [16/Jun/2021:01:46:16 +0200] "HEAD /pmwiki/pmwiki.php HTTP/1.1" 200 0 "-" "Alert_Alligator_webmonitoring_service_1.6.3_(alertalligator.com)"
114.119.130.67 - - [16/Jun/2021:02:02:09 +0200] "GET /pmwiki/pmwiki.php/Main/Linkek?action=diff HTTP/1.1" 200 38966 "-" "Mozilla/5.0 (Linux; Android 7.0;) AppleWebKit/537.36 (KHTML, like Gecko) Mobile Safari/537.36 (compatible; PetalBot;+https://webmaster.petalsearch.com/site/petalbot)"
114.119.158.146 - - [16/Jun/2021:02:33:26 +0200] "GET /pmwiki/pmwiki.php/Main/Power?action=print HTTP/1.1" 200 10684 "-" "Mozilla/5.0 (Linux; Android 7.0;) AppleWebKit/537.36 (KHTML, like Gecko) Mobile Safari/537.36 (compatible; PetalBot;+https://webmaster.petalsearch.com/site/petalbot)"
212.237.51.151 - - [16/Jun/2021:02:45:21 +0200] "HEAD /pmwiki/pmwiki.php HTTP/1.1" 200 0 "-" "Alert_Alligator_webmonitoring_service_1.6.3_(alertalligator.com)"
114.119.147.248 - - [16/Jun/2021:02:51:42 +0200] "GET /robots.txt HTTP/1.1" 404 1181 "-" "Mozilla/5.0 (compatible;PetalBot;+https://webmaster.petalsearch.com/site/petalbot)"
49.12.13.109 - - [16/Jun/2021:03:44:24 +0200] "HEAD /pmwiki/pmwiki.php HTTP/1.1" 200 0 "-" "Alert_Alligator_webmonitoring_service_1.6.3_(alertalligator.com)"
114.119.151.72 - - [16/Jun/2021:04:16:56 +0200] "GET /pmwiki/pmwiki.php/Main/MitTehetek?action=edit&restore=diff%3A1119922524%3A1119922422%3Aminor&preview=y HTTP/1.1" 200 12487 "-" "Mozilla/5.0 (Linux; Android 7.0;) AppleWebKit/537.36 (KHTML, like Gecko) Mobile Safari/537.36 (compatible; PetalBot;+https://webmaster.petalsearch.com/site/petalbot)"
185.191.171.40 - - [16/Jun/2021:04:39:39 +0200] "GET /robots.txt HTTP/1.1" 404 1181 "-" "Mozilla/5.0 (compatible; SemrushBot/7~bl; +http://www.semrush.com/bot.html)"
185.191.171.13 - - [16/Jun/2021:04:39:40 +0200] "GET /pmwiki/pmwiki.php/Main/JuriVelemeny?action=print HTTP/1.1" 200 14161 "-" "Mozilla/5.0 (compatible; SemrushBot/7~bl; +http://www.semrush.com/bot.html)"
49.12.13.109 - - [16/Jun/2021:04:43:49 +0200] "HEAD /pmwiki/pmwiki.php HTTP/1.1" 200 0 "-" "Alert_Alligator_webmonitoring_service_1.6.3_(alertalligator.com)"
114.119.155.230 - - [16/Jun/2021:05:06:01 +0200] "GET /pmwiki/pmwiki.php/Main/Google?action=edit HTTP/1.1" 200 12366 "-" "Mozilla/5.0 (Linux; Android 7.0;) AppleWebKit/537.36 (KHTML, like Gecko) Mobile Safari/537.36 (compatible; PetalBot;+https://webmaster.petalsearch.com/site/petalbot)"
114.119.137.174 - - [16/Jun/2021:05:15:18 +0200] "GET /robots.txt HTTP/1.1" 404 1181 "-" "Mozilla/5.0 (compatible;PetalBot;+https://webmaster.petalsearch.com/site/petalbot)"
49.12.13.109 - - [16/Jun/2021:05:42:52 +0200] "HEAD /pmwiki/pmwiki.php HTTP/1.1" 200 0 "-" "Alert_Alligator_webmonitoring_service_1.6.3_(alertalligator.com)"
167.114.100.201 - - [16/Jun/2021:06:18:30 +0200] "GET /robots.txt HTTP/1.1" 404 1181 "-" "Mozilla/5.0 (compatible; MJ12bot/v1.4.8; http://mj12bot.com/)"
167.114.100.201 - - [16/Jun/2021:06:19:00 +0200] "GET /pmwiki/pmwiki.php?action=edit HTTP/1.1" 403 30 "-" "Mozilla/5.0 (compatible; MJ12bot/v1.4.8; http://mj12bot.com/)"
159.69.145.50 - - [16/Jun/2021:06:41:54 +0200] "HEAD /pmwiki/pmwiki.php HTTP/1.1" 200 0 "-" "Alert_Alligator_webmonitoring_service_1.6.3_(alertalligator.com)"
114.119.155.144 - - [16/Jun/2021:06:43:25 +0200] "GET /pmwiki/pmwiki.php/PmWiki/Requirements?action=diff HTTP/1.1" 200 12910 "-" "Mozilla/5.0 (Linux; Android 7.0;) AppleWebKit/537.36 (KHTML, like Gecko) Mobile Safari/537.36 (compatible; PetalBot;+https://webmaster.petalsearch.com/site/petalbot)"
212.237.53.115 - - [16/Jun/2021:07:41:17 +0200] "HEAD /pmwiki/pmwiki.php HTTP/1.1" 200 0 "-" "Alert_Alligator_webmonitoring_service_1.6.3_(alertalligator.com)"
114.119.158.146 - - [16/Jun/2021:08:00:21 +0200] "GET /pmwiki/pmwiki.php/Main/Nyilatkozatok HTTP/1.1" 200 16071 "-" "Mozilla/5.0 (Linux; Android 7.0;) AppleWebKit/537.36 (KHTML, like Gecko) Mobile Safari/537.36 (compatible; PetalBot;+https://webmaster.petalsearch.com/site/petalbot)"
159.69.145.50 - - [16/Jun/2021:08:40:29 +0200] "HEAD /pmwiki/pmwiki.php HTTP/1.1" 200 0 "-" "Alert_Alligator_webmonitoring_service_1.6.3_(alertalligator.com)"
