51.15.20.50 - - [23/Jun/2021:23:52:22 +0200] "GET /pmwiki/pmwiki.php/API/API?action=diff&source=n&minor=n HTTP/1.1" 200 12688 "-" "Mozilla/5.0 (compatible; Barkrowler/0.9; +https://babbar.tech/crawler)"
176.31.125.95 - - [23/Jun/2021:23:52:23 +0200] "GET /pmwiki/pmwiki.php/PmWiki/LinkVariables?action=upload HTTP/1.1" 403 30 "-" "Mozilla/5.0 (compatible; MJ12bot/v1.4.8; http://mj12bot.com/)"
51.15.20.50 - - [23/Jun/2021:23:52:31 +0200] "GET /pmwiki/pmwiki.php/Profiles/J?action=diff&source=y&minor=y HTTP/1.1" 200 12747 "-" "Mozilla/5.0 (compatible; Barkrowler/0.9; +https://babbar.tech/crawler)"
176.31.125.95 - - [23/Jun/2021:23:52:35 +0200] "GET /pmwiki/pmwiki.php/PmWiki/LinkVariables?action=upload&upname=wiki.png HTTP/1.1" 403 30 "-" "Mozilla/5.0 (compatible; MJ12bot/v1.4.8; http://mj12bot.com/)"
51.15.20.50 - - [23/Jun/2021:23:52:40 +0200] "GET /pmwiki/pmwiki.php/Profiles/J?action=diff&source=y&minor=n HTTP/1.1" 200 12747 "-" "Mozilla/5.0 (compatible; Barkrowler/0.9; +https://babbar.tech/crawler)"
176.31.125.95 - - [23/Jun/2021:23:52:48 +0200] "GET /pmwiki/pmwiki.php/PmWiki/Links HTTP/1.1" 200 17719 "-" "Mozilla/5.0 (compatible; MJ12bot/v1.4.8; http://mj12bot.com/)"
51.15.20.50 - - [23/Jun/2021:23:52:51 +0200] "GET /pmwiki/pmwiki.php/Profiles/J?action=diff&source=n&minor=y HTTP/1.1" 200 12747 "-" "Mozilla/5.0 (compatible; Barkrowler/0.9; +https://babbar.tech/crawler)"
176.31.125.95 - - [23/Jun/2021:23:52:52 +0200] "GET /pmwiki/pmwiki.php/PmWiki/Links?action=diff HTTP/1.1" 403 30 "-" "Mozilla/5.0 (compatible; MJ12bot/v1.4.8; http://mj12bot.com/)"
51.15.20.50 - - [23/Jun/2021:23:53:00 +0200] "GET /pmwiki/pmwiki.php/Profiles/J?action=diff&source=n&minor=n HTTP/1.1" 200 12747 "-" "Mozilla/5.0 (compatible; Barkrowler/0.9; +https://babbar.tech/crawler)"
176.31.125.95 - - [23/Jun/2021:23:53:00 +0200] "GET /pmwiki/pmwiki.php/PmWiki/Links?action=edit HTTP/1.1" 403 30 "-" "Mozilla/5.0 (compatible; MJ12bot/v1.4.8; http://mj12bot.com/)"
176.31.125.95 - - [23/Jun/2021:23:53:09 +0200] "GET /pmwiki/pmwiki.php/PmWiki/Links?action=print HTTP/1.1" 403 30 "-" "Mozilla/5.0 (compatible; MJ12bot/v1.4.8; http://mj12bot.com/)"
51.15.20.50 - - [23/Jun/2021:23:53:13 +0200] "GET /pmwiki/pmwiki.php/Profiles/V6?action=upload&upname=wiki.png HTTP/1.1" 200 12266 "-" "Mozilla/5.0 (compatible; Barkrowler/0.9; +https://babbar.tech/crawler)"
176.31.125.95 - - [23/Jun/2021:23:53:20 +0200] "GET /pmwiki/pmwiki.php/PmWiki/Links?action=upload HTTP/1.1" 403 30 "-" "Mozilla/5.0 (compatible; MJ12bot/v1.4.8; http://mj12bot.com/)"
51.15.20.50 - - [23/Jun/2021:23:53:22 +0200] "GET /pmwiki/pmwiki.php/Profiles/Eve?action=diff&source=n&minor=y HTTP/1.1" 200 12783 "-" "Mozilla/5.0 (compatible; Barkrowler/0.9; +https://babbar.tech/crawler)"
176.31.125.95 - - [23/Jun/2021:23:53:29 +0200] "GET /pmwiki/pmwiki.php/PmWiki/Links?action=upload&upname=wiki.png HTTP/1.1" 403 30 "-" "Mozilla/5.0 (compatible; MJ12bot/v1.4.8; http://mj12bot.com/)"
51.15.20.50 - - [23/Jun/2021:23:53:31 +0200] "GET /pmwiki/pmwiki.php/Profiles/Eve?action=diff&source=n&minor=n HTTP/1.1" 200 12783 "-" "Mozilla/5.0 (compatible; Barkrowler/0.9; +https://babbar.tech/crawler)"
51.15.20.50 - - [23/Jun/2021:23:53:41 +0200] "GET /pmwiki/pmwiki.php/Profiles/Mod?action=diff&source=n&minor=n HTTP/1.1" 200 12783 "-" "Mozilla/5.0 (compatible; Barkrowler/0.9; +https://babbar.tech/crawler)"
54.36.148.6 - - [23/Jun/2021:23:53:42 +0200] "GET /pmwiki/pmwiki.php/Main/HomePage?action=diff HTTP/1.1" 200 115393 "-" "Mozilla/5.0 (compatible; AhrefsBot/7.0; +http://ahrefs.com/robot/)"
176.31.125.95 - - [23/Jun/2021:23:53:48 +0200] "GET /pmwiki/pmwiki.php/PmWiki/LocalCustomizations HTTP/1.1" 200 16199 "-" "Mozilla/5.0 (compatible; MJ12bot/v1.4.8; http://mj12bot.com/)"
51.15.20.50 - - [23/Jun/2021:23:53:50 +0200] "GET /pmwiki/pmwiki.php/Profiles/Mod?action=diff&source=y&minor=y HTTP/1.1" 200 12783 "-" "Mozilla/5.0 (compatible; Barkrowler/0.9; +https://babbar.tech/crawler)"
176.31.125.95 - - [23/Jun/2021:23:54:00 +0200] "GET /pmwiki/pmwiki.php/PmWiki/LocalCustomizations?action=diff HTTP/1.1" 403 30 "-" "Mozilla/5.0 (compatible; MJ12bot/v1.4.8; http://mj12bot.com/)"
51.15.20.50 - - [23/Jun/2021:23:54:01 +0200] "GET /pmwiki/pmwiki.php/Profiles/Mod?action=diff&source=y&minor=n HTTP/1.1" 200 12783 "-" "Mozilla/5.0 (compatible; Barkrowler/0.9; +https://babbar.tech/crawler)"
51.15.20.50 - - [23/Jun/2021:23:54:09 +0200] "GET /pmwiki/pmwiki.php/Main/EUCD?action=upload&upname=wiki.png HTTP/1.1" 200 12230 "-" "Mozilla/5.0 (compatible; Barkrowler/0.9; +https://babbar.tech/crawler)"
176.31.125.95 - - [23/Jun/2021:23:54:12 +0200] "GET /pmwiki/pmwiki.php/PmWiki/LocalCustomizations?action=edit HTTP/1.1" 403 30 "-" "Mozilla/5.0 (compatible; MJ12bot/v1.4.8; http://mj12bot.com/)"
51.15.20.50 - - [23/Jun/2021:23:54:20 +0200] "GET /pmwiki/pmwiki.php/Main/DRM?action=upload&upname=wiki.png HTTP/1.1" 200 12214 "-" "Mozilla/5.0 (compatible; Barkrowler/0.9; +https://babbar.tech/crawler)"
176.31.125.95 - - [23/Jun/2021:23:54:25 +0200] "GET /pmwiki/pmwiki.php/PmWiki/LocalCustomizations?action=print HTTP/1.1" 403 30 "-" "Mozilla/5.0 (compatible; MJ12bot/v1.4.8; http://mj12bot.com/)"
51.15.20.50 - - [23/Jun/2021:23:54:28 +0200] "GET /pmwiki/pmwiki.php/Main/Ipr?action=diff&source=n&minor=y HTTP/1.1" 200 15128 "-" "Mozilla/5.0 (compatible; Barkrowler/0.9; +https://babbar.tech/crawler)"
51.15.20.50 - - [23/Jun/2021:23:54:39 +0200] "GET /pmwiki/pmwiki.php/Main/Ipr?action=diff&source=n&minor=n HTTP/1.1" 200 13590 "-" "Mozilla/5.0 (compatible; Barkrowler/0.9; +https://babbar.tech/crawler)"
176.31.125.95 - - [23/Jun/2021:23:54:44 +0200] "GET /pmwiki/pmwiki.php/PmWiki/LocalCustomizations?action=upload HTTP/1.1" 403 30 "-" "Mozilla/5.0 (compatible; MJ12bot/v1.4.8; http://mj12bot.com/)"
51.15.20.50 - - [23/Jun/2021:23:54:47 +0200] "GET /pmwiki/pmwiki.php/Main/Ipr?action=diff&source=y&minor=y HTTP/1.1" 200 15263 "-" "Mozilla/5.0 (compatible; Barkrowler/0.9; +https://babbar.tech/crawler)"
51.15.20.50 - - [23/Jun/2021:23:54:58 +0200] "GET /pmwiki/pmwiki.php/Main/Ipr?action=diff&source=y&minor=n HTTP/1.1" 200 13639 "-" "Mozilla/5.0 (compatible; Barkrowler/0.9; +https://babbar.tech/crawler)"
176.31.125.95 - - [23/Jun/2021:23:54:59 +0200] "GET /pmwiki/pmwiki.php/PmWiki/LocalCustomizations?action=upload&upname=wiki.png HTTP/1.1" 403 30 "-" "Mozilla/5.0 (compatible; MJ12bot/v1.4.8; http://mj12bot.com/)"
51.15.20.50 - - [23/Jun/2021:23:55:06 +0200] "GET /pmwiki/pmwiki.php/Main/Fsn?action=diff&source=n&minor=y HTTP/1.1" 200 18467 "-" "Mozilla/5.0 (compatible; Barkrowler/0.9; +https://babbar.tech/crawler)"
51.15.20.50 - - [23/Jun/2021:23:55:16 +0200] "GET /pmwiki/pmwiki.php/Main/Fsn?action=diff&source=n&minor=n HTTP/1.1" 200 13967 "-" "Mozilla/5.0 (compatible; Barkrowler/0.9; +https://babbar.tech/crawler)"
176.31.125.95 - - [23/Jun/2021:23:55:19 +0200] "GET /pmwiki/pmwiki.php/PmWiki/MailPosts HTTP/1.1" 200 24440 "-" "Mozilla/5.0 (compatible; MJ12bot/v1.4.8; http://mj12bot.com/)"
51.15.20.50 - - [23/Jun/2021:23:55:26 +0200] "GET /pmwiki/pmwiki.php/Main/Fsn?action=diff&source=y&minor=y HTTP/1.1" 200 18045 "-" "Mozilla/5.0 (compatible; Barkrowler/0.9; +https://babbar.tech/crawler)"
176.31.125.95 - - [23/Jun/2021:23:55:33 +0200] "GET /pmwiki/pmwiki.php/PmWiki/MailPosts?action=diff HTTP/1.1" 403 30 "-" "Mozilla/5.0 (compatible; MJ12bot/v1.4.8; http://mj12bot.com/)"
51.15.20.50 - - [23/Jun/2021:23:55:36 +0200] "GET /pmwiki/pmwiki.php/Main/Fsn?action=diff&source=y&minor=n HTTP/1.1" 200 13867 "-" "Mozilla/5.0 (compatible; Barkrowler/0.9; +https://babbar.tech/crawler)"
51.15.20.50 - - [23/Jun/2021:23:55:45 +0200] "GET /pmwiki/pmwiki.php/Main/Nyilatkozatok?action=diff HTTP/1.1" 200 33585 "-" "Mozilla/5.0 (compatible; Barkrowler/0.9; +https://babbar.tech/crawler)"
176.31.125.95 - - [23/Jun/2021:23:55:51 +0200] "GET /pmwiki/pmwiki.php/PmWiki/MailPosts?action=edit HTTP/1.1" 403 30 "-" "Mozilla/5.0 (compatible; MJ12bot/v1.4.8; http://mj12bot.com/)"
51.15.20.50 - - [23/Jun/2021:23:55:56 +0200] "GET /pmwiki/pmwiki.php/Main/SearchWiki?action=diff&source=n&minor=y HTTP/1.1" 200 126662 "-" "Mozilla/5.0 (compatible; Barkrowler/0.9; +https://babbar.tech/crawler)"
51.15.20.50 - - [23/Jun/2021:23:56:05 +0200] "GET /pmwiki/pmwiki.php/Main/SearchWiki?action=diff&source=n&minor=n HTTP/1.1" 200 60945 "-" "Mozilla/5.0 (compatible; Barkrowler/0.9; +https://babbar.tech/crawler)"
176.31.125.95 - - [23/Jun/2021:23:56:06 +0200] "GET /pmwiki/pmwiki.php/PmWiki/MailPosts?action=print HTTP/1.1" 403 30 "-" "Mozilla/5.0 (compatible; MJ12bot/v1.4.8; http://mj12bot.com/)"
51.15.20.50 - - [23/Jun/2021:23:56:15 +0200] "GET /pmwiki/pmwiki.php/Main/SearchWiki?action=diff&source=y&minor=y HTTP/1.1" 200 119804 "-" "Mozilla/5.0 (compatible; Barkrowler/0.9; +https://babbar.tech/crawler)"
176.31.125.95 - - [23/Jun/2021:23:56:23 +0200] "GET /pmwiki/pmwiki.php/PmWiki/MailPosts?action=upload HTTP/1.1" 403 30 "-" "Mozilla/5.0 (compatible; MJ12bot/v1.4.8; http://mj12bot.com/)"
51.15.20.50 - - [23/Jun/2021:23:56:25 +0200] "GET /pmwiki/pmwiki.php/Main/SearchWiki?action=diff&source=y&minor=n HTTP/1.1" 200 57795 "-" "Mozilla/5.0 (compatible; Barkrowler/0.9; +https://babbar.tech/crawler)"
51.15.20.50 - - [23/Jun/2021:23:56:36 +0200] "GET /pmwiki/pmwiki.php/Main/LehetsegesJavitasokEuropaban HTTP/1.1" 200 14070 "-" "Mozilla/5.0 (compatible; Barkrowler/0.9; +https://babbar.tech/crawler)"
176.31.125.95 - - [23/Jun/2021:23:56:37 +0200] "GET /pmwiki/pmwiki.php/PmWiki/MailPosts?action=upload&upname=wiki.png HTTP/1.1" 403 30 "-" "Mozilla/5.0 (compatible; MJ12bot/v1.4.8; http://mj12bot.com/)"
176.31.125.95 - - [23/Jun/2021:23:56:48 +0200] "GET /pmwiki/pmwiki.php/PmWiki/MailingLists HTTP/1.1" 200 14155 "-" "Mozilla/5.0 (compatible; MJ12bot/v1.4.8; http://mj12bot.com/)"
176.31.125.95 - - [23/Jun/2021:23:57:00 +0200] "GET /pmwiki/pmwiki.php/PmWiki/MailingLists?action=diff HTTP/1.1" 403 30 "-" "Mozilla/5.0 (compatible; MJ12bot/v1.4.8; http://mj12bot.com/)"
176.31.125.95 - - [23/Jun/2021:23:57:16 +0200] "GET /pmwiki/pmwiki.php/PmWiki/MailingLists?action=edit HTTP/1.1" 403 30 "-" "Mozilla/5.0 (compatible; MJ12bot/v1.4.8; http://mj12bot.com/)"
176.31.125.95 - - [23/Jun/2021:23:57:31 +0200] "GET /pmwiki/pmwiki.php/PmWiki/MailingLists?action=print HTTP/1.1" 403 30 "-" "Mozilla/5.0 (compatible; MJ12bot/v1.4.8; http://mj12bot.com/)"
176.31.125.95 - - [23/Jun/2021:23:57:47 +0200] "GET /pmwiki/pmwiki.php/PmWiki/MailingLists?action=upload HTTP/1.1" 403 30 "-" "Mozilla/5.0 (compatible; MJ12bot/v1.4.8; http://mj12bot.com/)"
176.31.125.95 - - [23/Jun/2021:23:58:04 +0200] "GET /pmwiki/pmwiki.php/PmWiki/MailingLists?action=upload&upname=wiki.png HTTP/1.1" 403 30 "-" "Mozilla/5.0 (compatible; MJ12bot/v1.4.8; http://mj12bot.com/)"
176.31.125.95 - - [23/Jun/2021:23:58:17 +0200] "GET /pmwiki/pmwiki.php/PmWiki/MarkupMasterIndex HTTP/1.1" 200 20542 "-" "Mozilla/5.0 (compatible; MJ12bot/v1.4.8; http://mj12bot.com/)"
176.31.125.95 - - [23/Jun/2021:23:58:31 +0200] "GET /pmwiki/pmwiki.php/PmWiki/MarkupMasterIndex?action=diff HTTP/1.1" 403 30 "-" "Mozilla/5.0 (compatible; MJ12bot/v1.4.8; http://mj12bot.com/)"
176.31.125.95 - - [23/Jun/2021:23:58:47 +0200] "GET /pmwiki/pmwiki.php/PmWiki/MarkupMasterIndex?action=edit HTTP/1.1" 403 30 "-" "Mozilla/5.0 (compatible; MJ12bot/v1.4.8; http://mj12bot.com/)"
176.31.125.95 - - [23/Jun/2021:23:59:03 +0200] "GET /pmwiki/pmwiki.php/PmWiki/MarkupMasterIndex?action=print HTTP/1.1" 403 30 "-" "Mozilla/5.0 (compatible; MJ12bot/v1.4.8; http://mj12bot.com/)"
176.31.125.95 - - [23/Jun/2021:23:59:18 +0200] "GET /pmwiki/pmwiki.php/PmWiki/MarkupMasterIndex?action=upload HTTP/1.1" 403 30 "-" "Mozilla/5.0 (compatible; MJ12bot/v1.4.8; http://mj12bot.com/)"
176.31.125.95 - - [23/Jun/2021:23:59:33 +0200] "GET /pmwiki/pmwiki.php/PmWiki/MarkupMasterIndex?action=upload&upname=wiki.png HTTP/1.1" 403 30 "-" "Mozilla/5.0 (compatible; MJ12bot/v1.4.8; http://mj12bot.com/)"
176.31.125.95 - - [23/Jun/2021:23:59:50 +0200] "GET /pmwiki/pmwiki.php/PmWiki/OtherVariables HTTP/1.1" 200 17184 "-" "Mozilla/5.0 (compatible; MJ12bot/v1.4.8; http://mj12bot.com/)"
176.31.125.95 - - [24/Jun/2021:00:00:05 +0200] "GET /pmwiki/pmwiki.php/PmWiki/OtherVariables?action=diff HTTP/1.1" 403 30 "-" "Mozilla/5.0 (compatible; MJ12bot/v1.4.8; http://mj12bot.com/)"
176.31.125.95 - - [24/Jun/2021:00:00:25 +0200] "GET /pmwiki/pmwiki.php/PmWiki/OtherVariables?action=edit HTTP/1.1" 403 30 "-" "Mozilla/5.0 (compatible; MJ12bot/v1.4.8; http://mj12bot.com/)"
176.31.125.95 - - [24/Jun/2021:00:00:42 +0200] "GET /pmwiki/pmwiki.php/PmWiki/OtherVariables?action=print HTTP/1.1" 403 30 "-" "Mozilla/5.0 (compatible; MJ12bot/v1.4.8; http://mj12bot.com/)"
176.31.125.95 - - [24/Jun/2021:00:00:50 +0200] "GET /pmwiki/pmwiki.php/PmWiki/OtherVariables?action=upload HTTP/1.1" 403 30 "-" "Mozilla/5.0 (compatible; MJ12bot/v1.4.8; http://mj12bot.com/)"
176.31.125.95 - - [24/Jun/2021:00:01:10 +0200] "GET /pmwiki/pmwiki.php/PmWiki/OtherVariables?action=upload&upname=wiki.png HTTP/1.1" 403 30 "-" "Mozilla/5.0 (compatible; MJ12bot/v1.4.8; http://mj12bot.com/)"
176.31.125.95 - - [24/Jun/2021:00:01:32 +0200] "GET /pmwiki/pmwiki.php/PmWiki/PageHistory HTTP/1.1" 200 13257 "-" "Mozilla/5.0 (compatible; MJ12bot/v1.4.8; http://mj12bot.com/)"
176.31.125.95 - - [24/Jun/2021:00:01:45 +0200] "GET /pmwiki/pmwiki.php/PmWiki/PageHistory?action=diff HTTP/1.1" 403 30 "-" "Mozilla/5.0 (compatible; MJ12bot/v1.4.8; http://mj12bot.com/)"
114.119.158.146 - - [24/Jun/2021:00:01:46 +0200] "GET /pmwiki/pmwiki.php/Main/Marc07PR?action=diff HTTP/1.1" 200 15457 "-" "Mozilla/5.0 (Linux; Android 7.0;) AppleWebKit/537.36 (KHTML, like Gecko) Mobile Safari/537.36 (compatible; PetalBot;+https://webmaster.petalsearch.com/site/petalbot)"
176.31.125.95 - - [24/Jun/2021:00:01:56 +0200] "GET /pmwiki/pmwiki.php/PmWiki/PageHistory?action=edit HTTP/1.1" 403 30 "-" "Mozilla/5.0 (compatible; MJ12bot/v1.4.8; http://mj12bot.com/)"
176.31.125.95 - - [24/Jun/2021:00:02:17 +0200] "GET /pmwiki/pmwiki.php/PmWiki/PageHistory?action=print HTTP/1.1" 403 30 "-" "Mozilla/5.0 (compatible; MJ12bot/v1.4.8; http://mj12bot.com/)"
176.31.125.95 - - [24/Jun/2021:00:02:31 +0200] "GET /pmwiki/pmwiki.php/PmWiki/PageHistory?action=upload HTTP/1.1" 403 30 "-" "Mozilla/5.0 (compatible; MJ12bot/v1.4.8; http://mj12bot.com/)"
176.31.125.95 - - [24/Jun/2021:00:02:46 +0200] "GET /pmwiki/pmwiki.php/PmWiki/PageHistory?action=upload&upname=wiki.png HTTP/1.1" 403 30 "-" "Mozilla/5.0 (compatible; MJ12bot/v1.4.8; http://mj12bot.com/)"
176.31.125.95 - - [24/Jun/2021:00:03:01 +0200] "GET /pmwiki/pmwiki.php/PmWiki/Passwords HTTP/1.1" 200 17899 "-" "Mozilla/5.0 (compatible; MJ12bot/v1.4.8; http://mj12bot.com/)"
176.31.125.95 - - [24/Jun/2021:00:03:23 +0200] "GET /pmwiki/pmwiki.php/PmWiki/Passwords?action=diff HTTP/1.1" 403 30 "-" "Mozilla/5.0 (compatible; MJ12bot/v1.4.8; http://mj12bot.com/)"
176.31.125.95 - - [24/Jun/2021:00:03:33 +0200] "GET /pmwiki/pmwiki.php/PmWiki/Passwords?action=edit HTTP/1.1" 403 30 "-" "Mozilla/5.0 (compatible; MJ12bot/v1.4.8; http://mj12bot.com/)"
176.31.125.95 - - [24/Jun/2021:00:03:51 +0200] "GET /pmwiki/pmwiki.php/PmWiki/Passwords?action=print HTTP/1.1" 403 30 "-" "Mozilla/5.0 (compatible; MJ12bot/v1.4.8; http://mj12bot.com/)"
54.36.148.45 - - [24/Jun/2021:00:03:55 +0200] "GET /pmwiki/pmwiki.php/Main/Doksik?action=diff HTTP/1.1" 200 19426 "-" "Mozilla/5.0 (compatible; AhrefsBot/7.0; +http://ahrefs.com/robot/)"
176.31.125.95 - - [24/Jun/2021:00:04:08 +0200] "GET /pmwiki/pmwiki.php/PmWiki/Passwords?action=upload HTTP/1.1" 403 30 "-" "Mozilla/5.0 (compatible; MJ12bot/v1.4.8; http://mj12bot.com/)"
176.31.125.95 - - [24/Jun/2021:00:04:31 +0200] "GET /pmwiki/pmwiki.php/PmWiki/Passwords?action=upload&upname=wiki.png HTTP/1.1" 403 30 "-" "Mozilla/5.0 (compatible; MJ12bot/v1.4.8; http://mj12bot.com/)"
176.31.125.95 - - [24/Jun/2021:00:04:43 +0200] "GET /pmwiki/pmwiki.php/PmWiki/PasswordsAdmin HTTP/1.1" 200 18531 "-" "Mozilla/5.0 (compatible; MJ12bot/v1.4.8; http://mj12bot.com/)"
176.31.125.95 - - [24/Jun/2021:00:04:55 +0200] "GET /pmwiki/pmwiki.php/PmWiki/PasswordsAdmin?action=crypt HTTP/1.1" 403 30 "-" "Mozilla/5.0 (compatible; MJ12bot/v1.4.8; http://mj12bot.com/)"
176.31.125.95 - - [24/Jun/2021:00:05:11 +0200] "GET /pmwiki/pmwiki.php/PmWiki/PasswordsAdmin?action=diff HTTP/1.1" 403 30 "-" "Mozilla/5.0 (compatible; MJ12bot/v1.4.8; http://mj12bot.com/)"
51.15.20.50 - - [24/Jun/2021:00:05:15 +0200] "GET /pmwiki/pmwiki.php/Main/SMELie?action=upload&upname=wiki.png HTTP/1.1" 200 12263 "-" "Mozilla/5.0 (compatible; Barkrowler/0.9; +https://babbar.tech/crawler)"
176.31.125.95 - - [24/Jun/2021:00:05:26 +0200] "GET /pmwiki/pmwiki.php/PmWiki/PasswordsAdmin?action=edit HTTP/1.1" 403 30 "-" "Mozilla/5.0 (compatible; MJ12bot/v1.4.8; http://mj12bot.com/)"
51.15.20.50 - - [24/Jun/2021:00:05:29 +0200] "GET /pmwiki/pmwiki.php/Main/Tud%E1smonop%F3lium HTTP/1.1" 200 16773 "-" "Mozilla/5.0 (compatible; Barkrowler/0.9; +https://babbar.tech/crawler)"
51.15.20.50 - - [24/Jun/2021:00:05:40 +0200] "GET /pmwiki/pmwiki.php/Main/SideBar?action=upload&upname=wiki.png HTTP/1.1" 200 12280 "-" "Mozilla/5.0 (compatible; Barkrowler/0.9; +https://babbar.tech/crawler)"
176.31.125.95 - - [24/Jun/2021:00:05:43 +0200] "GET /pmwiki/pmwiki.php/PmWiki/PasswordsAdmin?action=print HTTP/1.1" 403 30 "-" "Mozilla/5.0 (compatible; MJ12bot/v1.4.8; http://mj12bot.com/)"
51.15.20.50 - - [24/Jun/2021:00:05:49 +0200] "GET /pmwiki/pmwiki.php/Main/Rocard?action=diff&source=n&minor=y HTTP/1.1" 200 18777 "-" "Mozilla/5.0 (compatible; Barkrowler/0.9; +https://babbar.tech/crawler)"
176.31.125.95 - - [24/Jun/2021:00:05:57 +0200] "GET /pmwiki/pmwiki.php/PmWiki/PasswordsAdmin?action=upload HTTP/1.1" 403 30 "-" "Mozilla/5.0 (compatible; MJ12bot/v1.4.8; http://mj12bot.com/)"
51.15.20.50 - - [24/Jun/2021:00:05:59 +0200] "GET /pmwiki/pmwiki.php/Main/Rocard?action=diff&source=n&minor=n HTTP/1.1" 200 18777 "-" "Mozilla/5.0 (compatible; Barkrowler/0.9; +https://babbar.tech/crawler)"
176.31.125.95 - - [24/Jun/2021:00:06:05 +0200] "GET /pmwiki/pmwiki.php/PmWiki/PasswordsAdmin?action=upload&upname=wiki.png HTTP/1.1" 403 30 "-" "Mozilla/5.0 (compatible; MJ12bot/v1.4.8; http://mj12bot.com/)"
51.15.20.50 - - [24/Jun/2021:00:06:08 +0200] "GET /pmwiki/pmwiki.php/Main/Cutts?action=upload&upname=wiki.png HTTP/1.1" 200 12248 "-" "Mozilla/5.0 (compatible; Barkrowler/0.9; +https://babbar.tech/crawler)"
51.15.20.50 - - [24/Jun/2021:00:06:18 +0200] "GET /pmwiki/pmwiki.php/Main/ADRMHib%E1i?action=diff HTTP/1.1" 200 12845 "-" "Mozilla/5.0 (compatible; Barkrowler/0.9; +https://babbar.tech/crawler)"
176.31.125.95 - - [24/Jun/2021:00:06:24 +0200] "GET /pmwiki/pmwiki.php/PmWiki/PatrickMichaud HTTP/1.1" 200 12146 "-" "Mozilla/5.0 (compatible; MJ12bot/v1.4.8; http://mj12bot.com/)"
51.15.20.50 - - [24/Jun/2021:00:06:29 +0200] "GET /pmwiki/pmwiki.php/Main/ADRMH%E1tr%E1nyai HTTP/1.1" 200 14752 "-" "Mozilla/5.0 (compatible; Barkrowler/0.9; +https://babbar.tech/crawler)"
51.15.20.50 - - [24/Jun/2021:00:06:37 +0200] "GET /pmwiki/pmwiki.php/Main/Minimum?action=diff&source=n&minor=n HTTP/1.1" 200 21869 "-" "Mozilla/5.0 (compatible; Barkrowler/0.9; +https://babbar.tech/crawler)"
176.31.125.95 - - [24/Jun/2021:00:06:40 +0200] "GET /pmwiki/pmwiki.php/PmWiki/PatrickMichaud?action=diff HTTP/1.1" 403 30 "-" "Mozilla/5.0 (compatible; MJ12bot/v1.4.8; http://mj12bot.com/)"
51.15.20.50 - - [24/Jun/2021:00:06:47 +0200] "GET /pmwiki/pmwiki.php/Main/Todo?action=upload&upname=wiki.png HTTP/1.1" 200 12231 "-" "Mozilla/5.0 (compatible; Barkrowler/0.9; +https://babbar.tech/crawler)"
51.15.20.50 - - [24/Jun/2021:00:06:56 +0200] "GET /pmwiki/pmwiki.php/Main/Cache?action=diff&source=y&minor=y HTTP/1.1" 200 17703 "-" "Mozilla/5.0 (compatible; Barkrowler/0.9; +https://babbar.tech/crawler)"
176.31.125.95 - - [24/Jun/2021:00:07:01 +0200] "GET /pmwiki/pmwiki.php/PmWiki/PatrickMichaud?action=edit HTTP/1.1" 403 30 "-" "Mozilla/5.0 (compatible; MJ12bot/v1.4.8; http://mj12bot.com/)"
51.15.20.50 - - [24/Jun/2021:00:07:06 +0200] "GET /pmwiki/pmwiki.php/Main/Cache?action=diff&source=y&minor=n HTTP/1.1" 200 12743 "-" "Mozilla/5.0 (compatible; Barkrowler/0.9; +https://babbar.tech/crawler)"
176.31.125.95 - - [24/Jun/2021:00:07:08 +0200] "GET /pmwiki/pmwiki.php/PmWiki/PatrickMichaud?action=print HTTP/1.1" 403 30 "-" "Mozilla/5.0 (compatible; MJ12bot/v1.4.8; http://mj12bot.com/)"
51.15.20.50 - - [24/Jun/2021:00:07:15 +0200] "GET /pmwiki/pmwiki.php/Main/GroupAttributes?action=upload&upname=wiki.png HTTP/1.1" 200 12410 "-" "Mozilla/5.0 (compatible; Barkrowler/0.9; +https://babbar.tech/crawler)"
176.31.125.95 - - [24/Jun/2021:00:07:24 +0200] "GET /pmwiki/pmwiki.php/PmWiki/PatrickMichaud?action=upload HTTP/1.1" 403 30 "-" "Mozilla/5.0 (compatible; MJ12bot/v1.4.8; http://mj12bot.com/)"
51.15.20.50 - - [24/Jun/2021:00:07:25 +0200] "GET /pmwiki/pmwiki.php/Main/PDF417?action=upload&upname=wiki.png HTTP/1.1" 200 12262 "-" "Mozilla/5.0 (compatible; Barkrowler/0.9; +https://babbar.tech/crawler)"
176.31.125.95 - - [24/Jun/2021:00:07:33 +0200] "GET /pmwiki/pmwiki.php/PmWiki/PatrickMichaud?action=upload&upname=wiki.png HTTP/1.1" 403 30 "-" "Mozilla/5.0 (compatible; MJ12bot/v1.4.8; http://mj12bot.com/)"
51.15.20.50 - - [24/Jun/2021:00:07:35 +0200] "GET /pmwiki/pmwiki.php/Main/PDF417?action=diff&source=n&minor=y HTTP/1.1" 200 41178 "-" "Mozilla/5.0 (compatible; Barkrowler/0.9; +https://babbar.tech/crawler)"
51.15.20.50 - - [24/Jun/2021:00:07:45 +0200] "GET /pmwiki/pmwiki.php/Main/PDF417?action=diff&source=n&minor=n HTTP/1.1" 200 41178 "-" "Mozilla/5.0 (compatible; Barkrowler/0.9; +https://babbar.tech/crawler)"
176.31.125.95 - - [24/Jun/2021:00:07:51 +0200] "GET /pmwiki/pmwiki.php/PmWiki/PerGroupCustomizations HTTP/1.1" 200 15556 "-" "Mozilla/5.0 (compatible; MJ12bot/v1.4.8; http://mj12bot.com/)"
51.15.20.50 - - [24/Jun/2021:00:07:56 +0200] "GET /pmwiki/pmwiki.php/Main/Minta?action=diff&source=n&minor=y HTTP/1.1" 200 15808 "-" "Mozilla/5.0 (compatible; Barkrowler/0.9; +https://babbar.tech/crawler)"
51.15.20.50 - - [24/Jun/2021:00:08:04 +0200] "GET /pmwiki/pmwiki.php/Main/Minta?action=diff&source=n&minor=n HTTP/1.1" 200 15808 "-" "Mozilla/5.0 (compatible; Barkrowler/0.9; +https://babbar.tech/crawler)"
176.31.125.95 - - [24/Jun/2021:00:08:06 +0200] "GET /pmwiki/pmwiki.php/PmWiki/PerGroupCustomizations?action=diff HTTP/1.1" 403 30 "-" "Mozilla/5.0 (compatible; MJ12bot/v1.4.8; http://mj12bot.com/)"
51.15.20.50 - - [24/Jun/2021:00:08:15 +0200] "GET /pmwiki/pmwiki.php/Main/Minta?action=diff&source=y&minor=y HTTP/1.1" 200 15688 "-" "Mozilla/5.0 (compatible; Barkrowler/0.9; +https://babbar.tech/crawler)"
176.31.125.95 - - [24/Jun/2021:00:08:16 +0200] "GET /pmwiki/pmwiki.php/PmWiki/PerGroupCustomizations?action=edit HTTP/1.1" 403 30 "-" "Mozilla/5.0 (compatible; MJ12bot/v1.4.8; http://mj12bot.com/)"
51.15.20.50 - - [24/Jun/2021:00:08:23 +0200] "GET /pmwiki/pmwiki.php/Main/Minta?action=diff&source=y&minor=n HTTP/1.1" 200 15688 "-" "Mozilla/5.0 (compatible; Barkrowler/0.9; +https://babbar.tech/crawler)"
176.31.125.95 - - [24/Jun/2021:00:08:31 +0200] "GET /pmwiki/pmwiki.php/PmWiki/PerGroupCustomizations?action=print HTTP/1.1" 403 30 "-" "Mozilla/5.0 (compatible; MJ12bot/v1.4.8; http://mj12bot.com/)"
51.15.20.50 - - [24/Jun/2021:00:08:34 +0200] "GET /pmwiki/pmwiki.php/PmWiki/RSS?action=upload&upname=wiki.png HTTP/1.1" 200 12252 "-" "Mozilla/5.0 (compatible; Barkrowler/0.9; +https://babbar.tech/crawler)"
51.15.20.50 - - [24/Jun/2021:00:08:43 +0200] "GET /pmwiki/pmwiki.php/PmWiki/FAQ?action=upload&upname=wiki.png HTTP/1.1" 200 12252 "-" "Mozilla/5.0 (compatible; Barkrowler/0.9; +https://babbar.tech/crawler)"
51.15.20.50 - - [24/Jun/2021:00:08:52 +0200] "GET /pmwiki/pmwiki.php/PmWiki/Links?action=upload&upname=wiki.png HTTP/1.1" 200 12283 "-" "Mozilla/5.0 (compatible; Barkrowler/0.9; +https://babbar.tech/crawler)"
176.31.125.95 - - [24/Jun/2021:00:08:52 +0200] "GET /pmwiki/pmwiki.php/PmWiki/PerGroupCustomizations?action=upload HTTP/1.1" 403 30 "-" "Mozilla/5.0 (compatible; MJ12bot/v1.4.8; http://mj12bot.com/)"
144.76.96.236 - - [24/Jun/2021:00:08:55 +0200] "GET /robots.txt HTTP/1.1" 404 1181 "-" "Mozilla/5.0 (compatible; MJ12bot/v1.4.8; http://mj12bot.com/)"
144.76.96.236 - - [24/Jun/2021:00:09:00 +0200] "GET /pmwiki/pmwiki.php/Main/HomePage?action=edit&restore=diff:1121415639:1121361899:minor&preview=y HTTP/1.1" 403 30 "-" "Mozilla/5.0 (compatible; MJ12bot/v1.4.8; http://mj12bot.com/)"
51.15.20.50 - - [24/Jun/2021:00:09:01 +0200] "GET /pmwiki/pmwiki.php/API/API?action=diff&source=y&minor=y HTTP/1.1" 200 12688 "-" "Mozilla/5.0 (compatible; Barkrowler/0.9; +https://babbar.tech/crawler)"
176.31.125.95 - - [24/Jun/2021:00:09:05 +0200] "GET /pmwiki/pmwiki.php/PmWiki/PerGroupCustomizations?action=upload&upname=wiki.png HTTP/1.1" 403 30 "-" "Mozilla/5.0 (compatible; MJ12bot/v1.4.8; http://mj12bot.com/)"
144.76.96.236 - - [24/Jun/2021:00:09:06 +0200] "GET /pmwiki/pmwiki.php/Main/HomePage?action=edit&restore=diff:1121632651:1121415639:&preview=y HTTP/1.1" 403 30 "-" "Mozilla/5.0 (compatible; MJ12bot/v1.4.8; http://mj12bot.com/)"
51.15.20.50 - - [24/Jun/2021:00:09:11 +0200] "GET /pmwiki/pmwiki.php/API/API?action=diff&source=y&minor=n HTTP/1.1" 200 12688 "-" "Mozilla/5.0 (compatible; Barkrowler/0.9; +https://babbar.tech/crawler)"
144.76.96.236 - - [24/Jun/2021:00:09:12 +0200] "GET /pmwiki/pmwiki.php/Main/HomePage?action=edit&restore=diff:1121689438:1121632651:minor&preview=y HTTP/1.1" 403 30 "-" "Mozilla/5.0 (compatible; MJ12bot/v1.4.8; http://mj12bot.com/)"
144.76.96.236 - - [24/Jun/2021:00:09:19 +0200] "GET /pmwiki/pmwiki.php/Main/HomePage?action=edit&restore=diff:1129022318:1121689438:minor&preview=y HTTP/1.1" 403 30 "-" "Mozilla/5.0 (compatible; MJ12bot/v1.4.8; http://mj12bot.com/)"
51.15.20.50 - - [24/Jun/2021:00:09:21 +0200] "GET /pmwiki/pmwiki.php/Profiles/Profiles?action=upload&upname=wiki.png HTTP/1.1" 200 12362 "-" "Mozilla/5.0 (compatible; Barkrowler/0.9; +https://babbar.tech/crawler)"
176.31.125.95 - - [24/Jun/2021:00:09:25 +0200] "GET /pmwiki/pmwiki.php/PmWiki/RSS HTTP/1.1" 200 15085 "-" "Mozilla/5.0 (compatible; MJ12bot/v1.4.8; http://mj12bot.com/)"
144.76.96.236 - - [24/Jun/2021:00:09:26 +0200] "GET /pmwiki/pmwiki.php/Main/HomePage?action=edit&restore=diff:1129029914:1129022318:minor&preview=y HTTP/1.1" 403 30 "-" "Mozilla/5.0 (compatible; MJ12bot/v1.4.8; http://mj12bot.com/)"
51.15.20.50 - - [24/Jun/2021:00:09:29 +0200] "GET /pmwiki/pmwiki.php/Profiles/Ed?action=diff&source=n&minor=y HTTP/1.1" 200 12765 "-" "Mozilla/5.0 (compatible; Barkrowler/0.9; +https://babbar.tech/crawler)"
144.76.96.236 - - [24/Jun/2021:00:09:32 +0200] "GET /pmwiki/pmwiki.php/Main/HomePage?action=edit&restore=diff:1129033765:1129029914:minor&preview=y HTTP/1.1" 403 30 "-" "Mozilla/5.0 (compatible; MJ12bot/v1.4.8; http://mj12bot.com/)"
144.76.96.236 - - [24/Jun/2021:00:09:36 +0200] "GET /pmwiki/pmwiki.php/Main/HomePage?action=edit&restore=diff:1129544646:1129033765:&preview=y HTTP/1.1" 403 30 "-" "Mozilla/5.0 (compatible; MJ12bot/v1.4.8; http://mj12bot.com/)"
51.15.20.50 - - [24/Jun/2021:00:09:39 +0200] "GET /pmwiki/pmwiki.php/Profiles/Ed?action=diff&source=n&minor=n HTTP/1.1" 200 12765 "-" "Mozilla/5.0 (compatible; Barkrowler/0.9; +https://babbar.tech/crawler)"
144.76.96.236 - - [24/Jun/2021:00:09:42 +0200] "GET /pmwiki/pmwiki.php/Main/HomePage?action=edit&restore=diff:1129800653:1129544646:minor&preview=y HTTP/1.1" 403 30 "-" "Mozilla/5.0 (compatible; MJ12bot/v1.4.8; http://mj12bot.com/)"
176.31.125.95 - - [24/Jun/2021:00:09:44 +0200] "GET /pmwiki/pmwiki.php/PmWiki/RSS?action=diff HTTP/1.1" 403 30 "-" "Mozilla/5.0 (compatible; MJ12bot/v1.4.8; http://mj12bot.com/)"
144.76.96.236 - - [24/Jun/2021:00:09:47 +0200] "GET /pmwiki/pmwiki.php/Main/HomePage?action=edit&restore=diff:1132153292:1129800653:&preview=y HTTP/1.1" 403 30 "-" "Mozilla/5.0 (compatible; MJ12bot/v1.4.8; http://mj12bot.com/)"
51.15.20.50 - - [24/Jun/2021:00:09:48 +0200] "GET /pmwiki/pmwiki.php/Profiles/Xmouse?action=upload&upname=wiki.png HTTP/1.1" 200 12330 "-" "Mozilla/5.0 (compatible; Barkrowler/0.9; +https://babbar.tech/crawler)"
51.15.20.50 - - [24/Jun/2021:00:09:59 +0200] "GET /pmwiki/pmwiki.php/Profiles/Df?action=upload&upname=wiki.png HTTP/1.1" 200 12266 "-" "Mozilla/5.0 (compatible; Barkrowler/0.9; +https://babbar.tech/crawler)"
144.76.96.236 - - [24/Jun/2021:00:09:59 +0200] "GET /pmwiki/pmwiki.php/Main/HomePage?action=edit&restore=diff:1159876857:1133872270:&preview=y HTTP/1.1" 403 30 "-" "Mozilla/5.0 (compatible; MJ12bot/v1.4.8; http://mj12bot.com/)"
176.31.125.95 - - [24/Jun/2021:00:10:00 +0200] "GET /pmwiki/pmwiki.php/PmWiki/RSS?action=edit HTTP/1.1" 403 30 "-" "Mozilla/5.0 (compatible; MJ12bot/v1.4.8; http://mj12bot.com/)"
144.76.96.236 - - [24/Jun/2021:00:10:06 +0200] "GET /pmwiki/pmwiki.php/Main/HomePage?action=print HTTP/1.1" 403 30 "-" "Mozilla/5.0 (compatible; MJ12bot/v1.4.8; http://mj12bot.com/)"
51.15.20.50 - - [24/Jun/2021:00:10:07 +0200] "GET /pmwiki/pmwiki.php/Profiles/Df?action=diff&source=n&minor=y HTTP/1.1" 200 12765 "-" "Mozilla/5.0 (compatible; Barkrowler/0.9; +https://babbar.tech/crawler)"
144.76.96.236 - - [24/Jun/2021:00:10:12 +0200] "GET /pmwiki/pmwiki.php/Main/HomePage?action=upload&upname=wiki.png HTTP/1.1" 403 30 "-" "Mozilla/5.0 (compatible; MJ12bot/v1.4.8; http://mj12bot.com/)"
176.31.125.95 - - [24/Jun/2021:00:10:18 +0200] "GET /pmwiki/pmwiki.php/PmWiki/RSS?action=print HTTP/1.1" 403 30 "-" "Mozilla/5.0 (compatible; MJ12bot/v1.4.8; http://mj12bot.com/)"
51.15.20.50 - - [24/Jun/2021:00:10:19 +0200] "GET /pmwiki/pmwiki.php/Profiles/Df?action=diff&source=n&minor=n HTTP/1.1" 200 12765 "-" "Mozilla/5.0 (compatible; Barkrowler/0.9; +https://babbar.tech/crawler)"
144.76.96.236 - - [24/Jun/2021:00:10:21 +0200] "GET /pmwiki/pmwiki.php/Main/Ipr?action=diff HTTP/1.1" 403 30 "-" "Mozilla/5.0 (compatible; MJ12bot/v1.4.8; http://mj12bot.com/)"
176.31.125.95 - - [24/Jun/2021:00:10:26 +0200] "GET /pmwiki/pmwiki.php/PmWiki/RSS?action=upload HTTP/1.1" 403 30 "-" "Mozilla/5.0 (compatible; MJ12bot/v1.4.8; http://mj12bot.com/)"
144.76.96.236 - - [24/Jun/2021:00:10:27 +0200] "GET /pmwiki/pmwiki.php/Main/Ipr?action=edit HTTP/1.1" 403 30 "-" "Mozilla/5.0 (compatible; MJ12bot/v1.4.8; http://mj12bot.com/)"
51.15.20.50 - - [24/Jun/2021:00:10:27 +0200] "GET /pmwiki/pmwiki.php/Profiles/V6?action=diff&source=n&minor=y HTTP/1.1" 200 12765 "-" "Mozilla/5.0 (compatible; Barkrowler/0.9; +https://babbar.tech/crawler)"
144.76.96.236 - - [24/Jun/2021:00:10:33 +0200] "GET /pmwiki/pmwiki.php/Main/Ipr?action=print HTTP/1.1" 403 30 "-" "Mozilla/5.0 (compatible; MJ12bot/v1.4.8; http://mj12bot.com/)"
51.15.20.50 - - [24/Jun/2021:00:10:38 +0200] "GET /pmwiki/pmwiki.php/Profiles/V6?action=diff&source=n&minor=n HTTP/1.1" 200 12765 "-" "Mozilla/5.0 (compatible; Barkrowler/0.9; +https://babbar.tech/crawler)"
144.76.96.236 - - [24/Jun/2021:00:10:40 +0200] "GET /pmwiki/pmwiki.php/Main/Ipr?action=upload HTTP/1.1" 403 30 "-" "Mozilla/5.0 (compatible; MJ12bot/v1.4.8; http://mj12bot.com/)"
144.76.96.236 - - [24/Jun/2021:00:10:46 +0200] "GET /pmwiki/pmwiki.php/Main/Ipr?action=upload&upname=wiki.png HTTP/1.1" 403 30 "-" "Mozilla/5.0 (compatible; MJ12bot/v1.4.8; http://mj12bot.com/)"
51.15.20.50 - - [24/Jun/2021:00:10:46 +0200] "GET /pmwiki/pmwiki.php/Profiles/Pm?action=upload&upname=wiki.png HTTP/1.1" 200 12266 "-" "Mozilla/5.0 (compatible; Barkrowler/0.9; +https://babbar.tech/crawler)"
176.31.125.95 - - [24/Jun/2021:00:10:47 +0200] "GET /pmwiki/pmwiki.php/PmWiki/RSS?action=upload&upname=wiki.png HTTP/1.1" 403 30 "-" "Mozilla/5.0 (compatible; MJ12bot/v1.4.8; http://mj12bot.com/)"
144.76.96.236 - - [24/Jun/2021:00:10:53 +0200] "GET /pmwiki/pmwiki.php/Main/JuriEktbEloterjesztes HTTP/1.1" 200 17840 "-" "Mozilla/5.0 (compatible; MJ12bot/v1.4.8; http://mj12bot.com/)"
51.15.20.50 - - [24/Jun/2021:00:10:56 +0200] "GET /pmwiki/pmwiki.php/Profiles/Itms?action=upload&upname=wiki.png HTTP/1.1" 200 12298 "-" "Mozilla/5.0 (compatible; Barkrowler/0.9; +https://babbar.tech/crawler)"
144.76.96.236 - - [24/Jun/2021:00:11:00 +0200] "GET /pmwiki/pmwiki.php/Main/JuriEktbEloterjesztes?action=diff HTTP/1.1" 403 30 "-" "Mozilla/5.0 (compatible; MJ12bot/v1.4.8; http://mj12bot.com/)"
176.31.125.95 - - [24/Jun/2021:00:11:01 +0200] "GET /pmwiki/pmwiki.php/PmWiki/RecentChanges HTTP/1.1" 200 21633 "-" "Mozilla/5.0 (compatible; MJ12bot/v1.4.8; http://mj12bot.com/)"
51.15.20.50 - - [24/Jun/2021:00:11:05 +0200] "GET /pmwiki/pmwiki.php/Profiles/Eve?action=diff&source=y&minor=y HTTP/1.1" 200 12783 "-" "Mozilla/5.0 (compatible; Barkrowler/0.9; +https://babbar.tech/crawler)"
144.76.96.236 - - [24/Jun/2021:00:11:06 +0200] "GET /pmwiki/pmwiki.php/Main/JuriEktbEloterjesztes?action=edit HTTP/1.1" 403 30 "-" "Mozilla/5.0 (compatible; MJ12bot/v1.4.8; http://mj12bot.com/)"
144.76.96.236 - - [24/Jun/2021:00:11:13 +0200] "GET /pmwiki/pmwiki.php/Main/JuriEktbEloterjesztes?action=print HTTP/1.1" 403 30 "-" "Mozilla/5.0 (compatible; MJ12bot/v1.4.8; http://mj12bot.com/)"
176.31.125.95 - - [24/Jun/2021:00:11:16 +0200] "GET /pmwiki/pmwiki.php/PmWiki/RecentChanges?action=diff HTTP/1.1" 403 30 "-" "Mozilla/5.0 (compatible; MJ12bot/v1.4.8; http://mj12bot.com/)"
144.76.96.236 - - [24/Jun/2021:00:11:20 +0200] "GET /pmwiki/pmwiki.php/Main/JuriEktbEloterjesztes?action=upload HTTP/1.1" 403 30 "-" "Mozilla/5.0 (compatible; MJ12bot/v1.4.8; http://mj12bot.com/)"
144.76.96.236 - - [24/Jun/2021:00:11:26 +0200] "GET /pmwiki/pmwiki.php/Main/JuriEktbEloterjesztes?action=upload&upname=wiki.png HTTP/1.1" 403 30 "-" "Mozilla/5.0 (compatible; MJ12bot/v1.4.8; http://mj12bot.com/)"
144.76.96.236 - - [24/Jun/2021:00:11:33 +0200] "GET /pmwiki/pmwiki.php/Main/JuriHPOEloterjesztes HTTP/1.1" 200 45369 "-" "Mozilla/5.0 (compatible; MJ12bot/v1.4.8; http://mj12bot.com/)"
144.76.96.236 - - [24/Jun/2021:00:11:37 +0200] "GET /pmwiki/pmwiki.php/Main/JuriHPOEloterjesztes?action=diff HTTP/1.1" 403 30 "-" "Mozilla/5.0 (compatible; MJ12bot/v1.4.8; http://mj12bot.com/)"
176.31.125.95 - - [24/Jun/2021:00:11:43 +0200] "GET /pmwiki/pmwiki.php/PmWiki/RecentChanges?action=print HTTP/1.1" 403 30 "-" "Mozilla/5.0 (compatible; MJ12bot/v1.4.8; http://mj12bot.com/)"
144.76.96.236 - - [24/Jun/2021:00:11:46 +0200] "GET /pmwiki/pmwiki.php/Main/JuriHPOEloterjesztes?action=edit HTTP/1.1" 403 30 "-" "Mozilla/5.0 (compatible; MJ12bot/v1.4.8; http://mj12bot.com/)"
144.76.96.236 - - [24/Jun/2021:00:11:51 +0200] "GET /pmwiki/pmwiki.php/Main/JuriHPOEloterjesztes?action=print HTTP/1.1" 403 30 "-" "Mozilla/5.0 (compatible; MJ12bot/v1.4.8; http://mj12bot.com/)"
176.31.125.95 - - [24/Jun/2021:00:11:56 +0200] "GET /pmwiki/pmwiki.php/PmWiki/RecentChanges?action=upload HTTP/1.1" 403 30 "-" "Mozilla/5.0 (compatible; MJ12bot/v1.4.8; http://mj12bot.com/)"
144.76.96.236 - - [24/Jun/2021:00:11:58 +0200] "GET /pmwiki/pmwiki.php/Main/JuriHPOEloterjesztes?action=upload HTTP/1.1" 403 30 "-" "Mozilla/5.0 (compatible; MJ12bot/v1.4.8; http://mj12bot.com/)"
144.76.96.236 - - [24/Jun/2021:00:12:04 +0200] "GET /pmwiki/pmwiki.php/Main/JuriHPOEloterjesztes?action=upload&upname=wiki.png HTTP/1.1" 403 30 "-" "Mozilla/5.0 (compatible; MJ12bot/v1.4.8; http://mj12bot.com/)"
144.76.96.236 - - [24/Jun/2021:00:12:10 +0200] "GET /pmwiki/pmwiki.php/Main/JuriVelemeny HTTP/1.1" 200 23765 "-" "Mozilla/5.0 (compatible; MJ12bot/v1.4.8; http://mj12bot.com/)"
144.76.96.236 - - [24/Jun/2021:00:12:15 +0200] "GET /pmwiki/pmwiki.php/Main/JuriVelemeny?action=diff HTTP/1.1" 403 30 "-" "Mozilla/5.0 (compatible; MJ12bot/v1.4.8; http://mj12bot.com/)"
176.31.125.95 - - [24/Jun/2021:00:12:16 +0200] "GET /pmwiki/pmwiki.php/PmWiki/RecentChanges?action=upload&upname=wiki.png HTTP/1.1" 403 30 "-" "Mozilla/5.0 (compatible; MJ12bot/v1.4.8; http://mj12bot.com/)"
144.76.96.236 - - [24/Jun/2021:00:12:22 +0200] "GET /pmwiki/pmwiki.php/Main/JuriVelemeny?action=edit HTTP/1.1" 403 30 "-" "Mozilla/5.0 (compatible; MJ12bot/v1.4.8; http://mj12bot.com/)"
144.76.96.236 - - [24/Jun/2021:00:12:28 +0200] "GET /pmwiki/pmwiki.php/Main/JuriVelemeny?action=print HTTP/1.1" 403 30 "-" "Mozilla/5.0 (compatible; MJ12bot/v1.4.8; http://mj12bot.com/)"
144.76.96.236 - - [24/Jun/2021:00:12:34 +0200] "GET /pmwiki/pmwiki.php/Main/JuriVelemeny?action=upload HTTP/1.1" 403 30 "-" "Mozilla/5.0 (compatible; MJ12bot/v1.4.8; http://mj12bot.com/)"
176.31.125.95 - - [24/Jun/2021:00:12:35 +0200] "GET /pmwiki/pmwiki.php/PmWiki/RefCount HTTP/1.1" 200 14202 "-" "Mozilla/5.0 (compatible; MJ12bot/v1.4.8; http://mj12bot.com/)"
144.76.96.236 - - [24/Jun/2021:00:12:39 +0200] "GET /pmwiki/pmwiki.php/Main/JuriVelemeny?action=upload&upname=wiki.png HTTP/1.1" 403 30 "-" "Mozilla/5.0 (compatible; MJ12bot/v1.4.8; http://mj12bot.com/)"
144.76.96.236 - - [24/Jun/2021:00:12:46 +0200] "GET /pmwiki/pmwiki.php/Main/LehetsegesJavitasokEuropaban?action=diff HTTP/1.1" 403 30 "-" "Mozilla/5.0 (compatible; MJ12bot/v1.4.8; http://mj12bot.com/)"
176.31.125.95 - - [24/Jun/2021:00:12:49 +0200] "GET /pmwiki/pmwiki.php/PmWiki/RefCount?action=diff HTTP/1.1" 403 30 "-" "Mozilla/5.0 (compatible; MJ12bot/v1.4.8; http://mj12bot.com/)"
144.76.96.236 - - [24/Jun/2021:00:12:53 +0200] "GET /pmwiki/pmwiki.php/Main/LehetsegesJavitasokEuropaban?action=edit HTTP/1.1" 403 30 "-" "Mozilla/5.0 (compatible; MJ12bot/v1.4.8; http://mj12bot.com/)"
144.76.96.236 - - [24/Jun/2021:00:13:00 +0200] "GET /pmwiki/pmwiki.php/Main/LehetsegesJavitasokEuropaban?action=print HTTP/1.1" 403 30 "-" "Mozilla/5.0 (compatible; MJ12bot/v1.4.8; http://mj12bot.com/)"
144.76.96.236 - - [24/Jun/2021:00:13:05 +0200] "GET /pmwiki/pmwiki.php/Main/LehetsegesJavitasokEuropaban?action=upload HTTP/1.1" 403 30 "-" "Mozilla/5.0 (compatible; MJ12bot/v1.4.8; http://mj12bot.com/)"
176.31.125.95 - - [24/Jun/2021:00:13:10 +0200] "GET /pmwiki/pmwiki.php/PmWiki/RefCount?action=edit HTTP/1.1" 403 30 "-" "Mozilla/5.0 (compatible; MJ12bot/v1.4.8; http://mj12bot.com/)"
144.76.96.236 - - [24/Jun/2021:00:13:11 +0200] "GET /pmwiki/pmwiki.php/Main/Marc06LMEPR HTTP/1.1" 200 14049 "-" "Mozilla/5.0 (compatible; MJ12bot/v1.4.8; http://mj12bot.com/)"
144.76.96.236 - - [24/Jun/2021:00:13:18 +0200] "GET /pmwiki/pmwiki.php/Main/Marc06LMEPR?action=diff HTTP/1.1" 403 30 "-" "Mozilla/5.0 (compatible; MJ12bot/v1.4.8; http://mj12bot.com/)"
144.76.96.236 - - [24/Jun/2021:00:13:23 +0200] "GET /pmwiki/pmwiki.php/Main/Marc06LMEPR?action=edit HTTP/1.1" 403 30 "-" "Mozilla/5.0 (compatible; MJ12bot/v1.4.8; http://mj12bot.com/)"
185.191.171.12 - - [24/Jun/2021:00:13:23 +0200] "GET /pmwiki/pmwiki.php/Main/Marc07PR?action=print HTTP/1.1" 200 4687 "-" "Mozilla/5.0 (compatible; SemrushBot/7~bl; +http://www.semrush.com/bot.html)"
144.76.96.236 - - [24/Jun/2021:00:13:30 +0200] "GET /pmwiki/pmwiki.php/Main/Marc06LMEPR?action=print HTTP/1.1" 403 30 "-" "Mozilla/5.0 (compatible; MJ12bot/v1.4.8; http://mj12bot.com/)"
176.31.125.95 - - [24/Jun/2021:00:13:30 +0200] "GET /pmwiki/pmwiki.php/PmWiki/RefCount?action=print HTTP/1.1" 403 30 "-" "Mozilla/5.0 (compatible; MJ12bot/v1.4.8; http://mj12bot.com/)"
144.76.96.236 - - [24/Jun/2021:00:13:36 +0200] "GET /pmwiki/pmwiki.php/Main/Marc06LMEPR?action=upload HTTP/1.1" 403 30 "-" "Mozilla/5.0 (compatible; MJ12bot/v1.4.8; http://mj12bot.com/)"
144.76.96.236 - - [24/Jun/2021:00:13:42 +0200] "GET /pmwiki/pmwiki.php/Main/Marc06LMEPR?action=upload&upname=wiki.png HTTP/1.1" 403 30 "-" "Mozilla/5.0 (compatible; MJ12bot/v1.4.8; http://mj12bot.com/)"
176.31.125.95 - - [24/Jun/2021:00:13:47 +0200] "GET /pmwiki/pmwiki.php/PmWiki/RefCount?action=upload HTTP/1.1" 403 30 "-" "Mozilla/5.0 (compatible; MJ12bot/v1.4.8; http://mj12bot.com/)"
144.76.96.236 - - [24/Jun/2021:00:13:49 +0200] "GET /pmwiki/pmwiki.php/Main/McCreevy HTTP/1.1" 200 13220 "-" "Mozilla/5.0 (compatible; MJ12bot/v1.4.8; http://mj12bot.com/)"
144.76.96.236 - - [24/Jun/2021:00:13:56 +0200] "GET /pmwiki/pmwiki.php/Main/McCreevy?action=diff HTTP/1.1" 403 30 "-" "Mozilla/5.0 (compatible; MJ12bot/v1.4.8; http://mj12bot.com/)"
144.76.96.236 - - [24/Jun/2021:00:14:02 +0200] "GET /pmwiki/pmwiki.php/Main/McCreevy?action=edit HTTP/1.1" 403 30 "-" "Mozilla/5.0 (compatible; MJ12bot/v1.4.8; http://mj12bot.com/)"
176.31.125.95 - - [24/Jun/2021:00:14:05 +0200] "GET /pmwiki/pmwiki.php/PmWiki/RefCount?action=upload&upname=wiki.png HTTP/1.1" 403 30 "-" "Mozilla/5.0 (compatible; MJ12bot/v1.4.8; http://mj12bot.com/)"
144.76.96.236 - - [24/Jun/2021:00:14:08 +0200] "GET /pmwiki/pmwiki.php/Main/McCreevy?action=print HTTP/1.1" 403 30 "-" "Mozilla/5.0 (compatible; MJ12bot/v1.4.8; http://mj12bot.com/)"
144.76.96.236 - - [24/Jun/2021:00:14:14 +0200] "GET /pmwiki/pmwiki.php/Main/McCreevy?action=upload HTTP/1.1" 403 30 "-" "Mozilla/5.0 (compatible; MJ12bot/v1.4.8; http://mj12bot.com/)"
176.31.125.95 - - [24/Jun/2021:00:14:21 +0200] "GET /pmwiki/pmwiki.php/PmWiki/ReleaseNotes?action=diff HTTP/1.1" 403 30 "-" "Mozilla/5.0 (compatible; MJ12bot/v1.4.8; http://mj12bot.com/)"
144.76.96.236 - - [24/Jun/2021:00:14:26 +0200] "GET /pmwiki/pmwiki.php/Main/MiADRM?action=diff HTTP/1.1" 403 30 "-" "Mozilla/5.0 (compatible; MJ12bot/v1.4.8; http://mj12bot.com/)"
144.76.96.236 - - [24/Jun/2021:00:14:31 +0200] "GET /pmwiki/pmwiki.php/Main/MiADRM?action=edit HTTP/1.1" 403 30 "-" "Mozilla/5.0 (compatible; MJ12bot/v1.4.8; http://mj12bot.com/)"
176.31.125.95 - - [24/Jun/2021:00:14:32 +0200] "GET /pmwiki/pmwiki.php/PmWiki/ReleaseNotes?action=edit HTTP/1.1" 403 30 "-" "Mozilla/5.0 (compatible; MJ12bot/v1.4.8; http://mj12bot.com/)"
144.76.96.236 - - [24/Jun/2021:00:14:38 +0200] "GET /pmwiki/pmwiki.php/Main/MiADRM?action=print HTTP/1.1" 403 30 "-" "Mozilla/5.0 (compatible; MJ12bot/v1.4.8; http://mj12bot.com/)"
144.76.96.236 - - [24/Jun/2021:00:14:43 +0200] "GET /pmwiki/pmwiki.php/Main/MiADRM?action=upload HTTP/1.1" 403 30 "-" "Mozilla/5.0 (compatible; MJ12bot/v1.4.8; http://mj12bot.com/)"
176.31.125.95 - - [24/Jun/2021:00:14:44 +0200] "GET /pmwiki/pmwiki.php/PmWiki/ReleaseNotes?action=print HTTP/1.1" 403 30 "-" "Mozilla/5.0 (compatible; MJ12bot/v1.4.8; http://mj12bot.com/)"
144.76.96.236 - - [24/Jun/2021:00:14:50 +0200] "GET /pmwiki/pmwiki.php/Main/MiADRM?action=upload&upname=wiki.png HTTP/1.1" 403 30 "-" "Mozilla/5.0 (compatible; MJ12bot/v1.4.8; http://mj12bot.com/)"
144.76.96.236 - - [24/Jun/2021:00:14:57 +0200] "GET /pmwiki/pmwiki.php/Main/Minta HTTP/1.1" 200 14526 "-" "Mozilla/5.0 (compatible; MJ12bot/v1.4.8; http://mj12bot.com/)"
176.31.125.95 - - [24/Jun/2021:00:15:02 +0200] "GET /pmwiki/pmwiki.php/PmWiki/ReleaseNotes?action=upload HTTP/1.1" 403 30 "-" "Mozilla/5.0 (compatible; MJ12bot/v1.4.8; http://mj12bot.com/)"
144.76.96.236 - - [24/Jun/2021:00:15:05 +0200] "GET /pmwiki/pmwiki.php/Main/Minta?action=diff HTTP/1.1" 403 30 "-" "Mozilla/5.0 (compatible; MJ12bot/v1.4.8; http://mj12bot.com/)"
144.76.96.236 - - [24/Jun/2021:00:15:13 +0200] "GET /pmwiki/pmwiki.php/Main/Minta?action=edit HTTP/1.1" 403 30 "-" "Mozilla/5.0 (compatible; MJ12bot/v1.4.8; http://mj12bot.com/)"
144.76.96.236 - - [24/Jun/2021:00:15:20 +0200] "GET /pmwiki/pmwiki.php/Main/Minta?action=print HTTP/1.1" 403 30 "-" "Mozilla/5.0 (compatible; MJ12bot/v1.4.8; http://mj12bot.com/)"
176.31.125.95 - - [24/Jun/2021:00:15:20 +0200] "GET /pmwiki/pmwiki.php/PmWiki/ReleaseNotes?action=upload&upname=wiki.png HTTP/1.1" 403 30 "-" "Mozilla/5.0 (compatible; MJ12bot/v1.4.8; http://mj12bot.com/)"
144.76.96.236 - - [24/Jun/2021:00:15:27 +0200] "GET /pmwiki/pmwiki.php/Main/Minta?action=upload HTTP/1.1" 403 30 "-" "Mozilla/5.0 (compatible; MJ12bot/v1.4.8; http://mj12bot.com/)"
144.76.96.236 - - [24/Jun/2021:00:15:35 +0200] "GET /pmwiki/pmwiki.php/Main/Minta?action=upload&upname=wiki.png HTTP/1.1" 403 30 "-" "Mozilla/5.0 (compatible; MJ12bot/v1.4.8; http://mj12bot.com/)"
176.31.125.95 - - [24/Jun/2021:00:15:38 +0200] "GET /pmwiki/pmwiki.php/PmWiki/Requirements HTTP/1.1" 200 12196 "-" "Mozilla/5.0 (compatible; MJ12bot/v1.4.8; http://mj12bot.com/)"
144.76.96.236 - - [24/Jun/2021:00:15:42 +0200] "GET /pmwiki/pmwiki.php/Main/Mintalevel0509 HTTP/1.1" 200 16475 "-" "Mozilla/5.0 (compatible; MJ12bot/v1.4.8; http://mj12bot.com/)"
144.76.96.236 - - [24/Jun/2021:00:15:48 +0200] "GET /pmwiki/pmwiki.php/Main/Mintalevel0509?action=edit HTTP/1.1" 403 30 "-" "Mozilla/5.0 (compatible; MJ12bot/v1.4.8; http://mj12bot.com/)"
176.31.125.95 - - [24/Jun/2021:00:15:52 +0200] "GET /pmwiki/pmwiki.php/PmWiki/Requirements?action=diff HTTP/1.1" 403 30 "-" "Mozilla/5.0 (compatible; MJ12bot/v1.4.8; http://mj12bot.com/)"
144.76.96.236 - - [24/Jun/2021:00:15:55 +0200] "GET /pmwiki/pmwiki.php/Main/Mintalevel0509?action=print HTTP/1.1" 403 30 "-" "Mozilla/5.0 (compatible; MJ12bot/v1.4.8; http://mj12bot.com/)"
144.76.96.236 - - [24/Jun/2021:00:16:03 +0200] "GET /pmwiki/pmwiki.php/Main/Mintalevel0509?action=upload HTTP/1.1" 403 30 "-" "Mozilla/5.0 (compatible; MJ12bot/v1.4.8; http://mj12bot.com/)"
144.76.96.236 - - [24/Jun/2021:00:16:08 +0200] "GET /pmwiki/pmwiki.php/Main/Mintalevel0509?action=upload&upname=wiki.png HTTP/1.1" 403 30 "-" "Mozilla/5.0 (compatible; MJ12bot/v1.4.8; http://mj12bot.com/)"
176.31.125.95 - - [24/Jun/2021:00:16:10 +0200] "GET /pmwiki/pmwiki.php/PmWiki/Requirements?action=edit HTTP/1.1" 403 30 "-" "Mozilla/5.0 (compatible; MJ12bot/v1.4.8; http://mj12bot.com/)"
144.76.96.236 - - [24/Jun/2021:00:16:13 +0200] "GET /pmwiki/pmwiki.php/Main/MitTehetek?action=diff HTTP/1.1" 403 30 "-" "Mozilla/5.0 (compatible; MJ12bot/v1.4.8; http://mj12bot.com/)"
144.76.96.236 - - [24/Jun/2021:00:16:19 +0200] "GET /pmwiki/pmwiki.php/Main/MitTehetek?action=edit HTTP/1.1" 403 30 "-" "Mozilla/5.0 (compatible; MJ12bot/v1.4.8; http://mj12bot.com/)"
176.31.125.95 - - [24/Jun/2021:00:16:22 +0200] "GET /pmwiki/pmwiki.php/PmWiki/Requirements?action=print HTTP/1.1" 403 30 "-" "Mozilla/5.0 (compatible; MJ12bot/v1.4.8; http://mj12bot.com/)"
144.76.96.236 - - [24/Jun/2021:00:16:22 +0200] "GET /pmwiki/pmwiki.php/Main/MitTehetek?action=print HTTP/1.1" 403 30 "-" "Mozilla/5.0 (compatible; MJ12bot/v1.4.8; http://mj12bot.com/)"
144.76.96.236 - - [24/Jun/2021:00:16:31 +0200] "GET /pmwiki/pmwiki.php/Main/MitTehetek?action=upload HTTP/1.1" 403 30 "-" "Mozilla/5.0 (compatible; MJ12bot/v1.4.8; http://mj12bot.com/)"
176.31.125.95 - - [24/Jun/2021:00:16:35 +0200] "GET /pmwiki/pmwiki.php/PmWiki/Requirements?action=upload HTTP/1.1" 403 30 "-" "Mozilla/5.0 (compatible; MJ12bot/v1.4.8; http://mj12bot.com/)"
144.76.96.236 - - [24/Jun/2021:00:16:39 +0200] "GET /pmwiki/pmwiki.php/Main/MitTehetek?action=upload&upname=wiki.png HTTP/1.1" 403 30 "-" "Mozilla/5.0 (compatible; MJ12bot/v1.4.8; http://mj12bot.com/)"
144.76.96.236 - - [24/Jun/2021:00:16:45 +0200] "GET /pmwiki/pmwiki.php/Main/NoSoftwarePatents HTTP/1.1" 200 12114 "-" "Mozilla/5.0 (compatible; MJ12bot/v1.4.8; http://mj12bot.com/)"
176.31.125.95 - - [24/Jun/2021:00:16:46 +0200] "GET /pmwiki/pmwiki.php/PmWiki/Requirements?action=upload&upname=wiki.png HTTP/1.1" 403 30 "-" "Mozilla/5.0 (compatible; MJ12bot/v1.4.8; http://mj12bot.com/)"
144.76.96.236 - - [24/Jun/2021:00:16:53 +0200] "GET /pmwiki/pmwiki.php/Main/NoSoftwarePatents?action=diff HTTP/1.1" 403 30 "-" "Mozilla/5.0 (compatible; MJ12bot/v1.4.8; http://mj12bot.com/)"
144.76.96.236 - - [24/Jun/2021:00:16:58 +0200] "GET /pmwiki/pmwiki.php/Main/NoSoftwarePatents?action=edit HTTP/1.1" 403 30 "-" "Mozilla/5.0 (compatible; MJ12bot/v1.4.8; http://mj12bot.com/)"
176.31.125.95 - - [24/Jun/2021:00:16:59 +0200] "GET /pmwiki/pmwiki.php/PmWiki/Security HTTP/1.1" 200 14640 "-" "Mozilla/5.0 (compatible; MJ12bot/v1.4.8; http://mj12bot.com/)"
144.76.96.236 - - [24/Jun/2021:00:17:04 +0200] "GET /pmwiki/pmwiki.php/Main/NoSoftwarePatents?action=print HTTP/1.1" 403 30 "-" "Mozilla/5.0 (compatible; MJ12bot/v1.4.8; http://mj12bot.com/)"
144.76.96.236 - - [24/Jun/2021:00:17:10 +0200] "GET /pmwiki/pmwiki.php/Main/NoSoftwarePatents?action=upload HTTP/1.1" 403 30 "-" "Mozilla/5.0 (compatible; MJ12bot/v1.4.8; http://mj12bot.com/)"
176.31.125.95 - - [24/Jun/2021:00:17:11 +0200] "GET /pmwiki/pmwiki.php/PmWiki/Security?action=diff HTTP/1.1" 403 30 "-" "Mozilla/5.0 (compatible; MJ12bot/v1.4.8; http://mj12bot.com/)"
144.76.96.236 - - [24/Jun/2021:00:17:18 +0200] "GET /pmwiki/pmwiki.php/Main/NoSoftwarePatents?action=upload&upname=wiki.png HTTP/1.1" 403 30 "-" "Mozilla/5.0 (compatible; MJ12bot/v1.4.8; http://mj12bot.com/)"
176.31.125.95 - - [24/Jun/2021:00:17:22 +0200] "GET /pmwiki/pmwiki.php/PmWiki/Security?action=edit HTTP/1.1" 403 30 "-" "Mozilla/5.0 (compatible; MJ12bot/v1.4.8; http://mj12bot.com/)"
144.76.96.236 - - [24/Jun/2021:00:17:25 +0200] "GET /pmwiki/pmwiki.php/Main/Nyilatkozat HTTP/1.1" 200 18473 "-" "Mozilla/5.0 (compatible; MJ12bot/v1.4.8; http://mj12bot.com/)"
176.31.125.95 - - [24/Jun/2021:00:17:29 +0200] "GET /pmwiki/pmwiki.php/PmWiki/Security?action=print HTTP/1.1" 403 30 "-" "Mozilla/5.0 (compatible; MJ12bot/v1.4.8; http://mj12bot.com/)"
144.76.96.236 - - [24/Jun/2021:00:17:32 +0200] "GET /pmwiki/pmwiki.php/Main/Nyilatkozat?action=diff HTTP/1.1" 403 30 "-" "Mozilla/5.0 (compatible; MJ12bot/v1.4.8; http://mj12bot.com/)"
144.76.96.236 - - [24/Jun/2021:00:17:40 +0200] "GET /pmwiki/pmwiki.php/Main/Nyilatkozat?action=edit HTTP/1.1" 403 30 "-" "Mozilla/5.0 (compatible; MJ12bot/v1.4.8; http://mj12bot.com/)"
176.31.125.95 - - [24/Jun/2021:00:17:41 +0200] "GET /pmwiki/pmwiki.php/PmWiki/Security?action=upload HTTP/1.1" 403 30 "-" "Mozilla/5.0 (compatible; MJ12bot/v1.4.8; http://mj12bot.com/)"
144.76.96.236 - - [24/Jun/2021:00:17:47 +0200] "GET /pmwiki/pmwiki.php/Main/Nyilatkozat?action=print HTTP/1.1" 403 30 "-" "Mozilla/5.0 (compatible; MJ12bot/v1.4.8; http://mj12bot.com/)"
176.31.125.95 - - [24/Jun/2021:00:17:50 +0200] "GET /pmwiki/pmwiki.php/PmWiki/Security?action=upload&upname=wiki.png HTTP/1.1" 403 30 "-" "Mozilla/5.0 (compatible; MJ12bot/v1.4.8; http://mj12bot.com/)"
144.76.96.236 - - [24/Jun/2021:00:17:54 +0200] "GET /pmwiki/pmwiki.php/Main/Nyilatkozat?action=upload HTTP/1.1" 403 30 "-" "Mozilla/5.0 (compatible; MJ12bot/v1.4.8; http://mj12bot.com/)"
176.31.125.95 - - [24/Jun/2021:00:17:57 +0200] "GET /pmwiki/pmwiki.php/PmWiki/SimpleTables HTTP/1.1" 200 15263 "-" "Mozilla/5.0 (compatible; MJ12bot/v1.4.8; http://mj12bot.com/)"
