51.15.20.50 - - [23/Jun/2021:22:36:07 +0200] "GET /pmwiki/pmwiki.php/Main/JuriVelemeny?action=print HTTP/1.1" 200 14161 "-" "Mozilla/5.0 (compatible; Barkrowler/0.9; +https://babbar.tech/crawler)"
51.15.20.50 - - [23/Jun/2021:22:36:16 +0200] "GET /pmwiki/pmwiki.php/Main/JuriVelemeny?action=upload HTTP/1.1" 200 12342 "-" "Mozilla/5.0 (compatible; Barkrowler/0.9; +https://babbar.tech/crawler)"
51.15.20.50 - - [23/Jun/2021:22:36:28 +0200] "GET /pmwiki/pmwiki.php/Main/JuriVelemeny?action=edit HTTP/1.1" 200 12462 "-" "Mozilla/5.0 (compatible; Barkrowler/0.9; +https://babbar.tech/crawler)"
51.15.20.50 - - [23/Jun/2021:22:36:37 +0200] "GET /pmwiki/pmwiki.php/Main/MitTehetek?action=diff HTTP/1.1" 200 26258 "-" "Mozilla/5.0 (compatible; Barkrowler/0.9; +https://babbar.tech/crawler)"
51.15.20.50 - - [23/Jun/2021:22:36:48 +0200] "GET /pmwiki/pmwiki.php/Main/Virsligy%E1r?action=upload HTTP/1.1" 200 12342 "-" "Mozilla/5.0 (compatible; Barkrowler/0.9; +https://babbar.tech/crawler)"
51.15.20.50 - - [23/Jun/2021:22:37:00 +0200] "GET /pmwiki/pmwiki.php/Main/RocardEp2?action=diff HTTP/1.1" 200 29492 "-" "Mozilla/5.0 (compatible; Barkrowler/0.9; +https://babbar.tech/crawler)"
51.15.20.50 - - [23/Jun/2021:22:37:11 +0200] "GET /pmwiki/pmwiki.php/Main/FAQ?action=upload&upname=wiki.png HTTP/1.1" 200 12214 "-" "Mozilla/5.0 (compatible; Barkrowler/0.9; +https://babbar.tech/crawler)"
51.15.20.50 - - [23/Jun/2021:22:37:22 +0200] "GET /pmwiki/pmwiki.php/Main/2005M%E1rcius8?action=edit HTTP/1.1" 200 12490 "-" "Mozilla/5.0 (compatible; Barkrowler/0.9; +https://babbar.tech/crawler)"
51.15.20.50 - - [23/Jun/2021:22:37:31 +0200] "GET /pmwiki/pmwiki.php/Main/2005J%FAnius?action=diff HTTP/1.1" 200 17830 "-" "Mozilla/5.0 (compatible; Barkrowler/0.9; +https://babbar.tech/crawler)"
51.15.20.50 - - [23/Jun/2021:22:37:43 +0200] "GET /pmwiki/pmwiki.php/Main/2005J%FAnius?action=upload HTTP/1.1" 200 12338 "-" "Mozilla/5.0 (compatible; Barkrowler/0.9; +https://babbar.tech/crawler)"
51.15.20.50 - - [23/Jun/2021:22:37:52 +0200] "GET /pmwiki/pmwiki.php/Main/2005J%FAnius?action=print HTTP/1.1" 200 5490 "-" "Mozilla/5.0 (compatible; Barkrowler/0.9; +https://babbar.tech/crawler)"
51.15.20.50 - - [23/Jun/2021:22:38:03 +0200] "GET /pmwiki/pmwiki.php/Main/2005Szeptember2?action=upload HTTP/1.1" 200 12390 "-" "Mozilla/5.0 (compatible; Barkrowler/0.9; +https://babbar.tech/crawler)"
51.15.20.50 - - [23/Jun/2021:22:38:14 +0200] "GET /pmwiki/pmwiki.php/Main/Google?action=upload&upname=wiki.png HTTP/1.1" 200 12262 "-" "Mozilla/5.0 (compatible; Barkrowler/0.9; +https://babbar.tech/crawler)"
51.15.20.50 - - [23/Jun/2021:22:38:24 +0200] "GET /pmwiki/pmwiki.php/PmWiki/AvailableActions?action=print HTTP/1.1" 200 4857 "-" "Mozilla/5.0 (compatible; Barkrowler/0.9; +https://babbar.tech/crawler)"
114.119.129.205 - - [23/Jun/2021:22:38:40 +0200] "GET /pmwiki/pmwiki.php/PmWiki/PmWiki?action=diff HTTP/1.1" 200 457953 "-" "Mozilla/5.0 (Linux; Android 7.0;) AppleWebKit/537.36 (KHTML, like Gecko) Mobile Safari/537.36 (compatible; PetalBot;+https://webmaster.petalsearch.com/site/petalbot)"
51.15.20.50 - - [23/Jun/2021:22:38:41 +0200] "GET /pmwiki/pmwiki.php/PmWiki/AvailableActions?action=upload HTTP/1.1" 200 12444 "-" "Mozilla/5.0 (compatible; Barkrowler/0.9; +https://babbar.tech/crawler)"
51.15.20.50 - - [23/Jun/2021:22:38:52 +0200] "GET /pmwiki/pmwiki.php/PmWiki/AvailableActions?action=edit HTTP/1.1" 200 12564 "-" "Mozilla/5.0 (compatible; Barkrowler/0.9; +https://babbar.tech/crawler)"
51.15.20.50 - - [23/Jun/2021:22:39:02 +0200] "GET /pmwiki/pmwiki.php/PmWiki/MarkupMasterIndex?action=edit HTTP/1.1" 200 12601 "-" "Mozilla/5.0 (compatible; Barkrowler/0.9; +https://babbar.tech/crawler)"
51.15.20.50 - - [23/Jun/2021:22:39:13 +0200] "GET /pmwiki/pmwiki.php/PmWiki/MarkupMasterIndex?action=upload HTTP/1.1" 200 12481 "-" "Mozilla/5.0 (compatible; Barkrowler/0.9; +https://babbar.tech/crawler)"
51.15.20.50 - - [23/Jun/2021:22:39:23 +0200] "GET /pmwiki/pmwiki.php/PmWiki/MarkupMasterIndex?action=print HTTP/1.1" 200 10915 "-" "Mozilla/5.0 (compatible; Barkrowler/0.9; +https://babbar.tech/crawler)"
51.15.20.50 - - [23/Jun/2021:22:39:34 +0200] "GET /pmwiki/pmwiki.php/PmWiki/MarkupMasterIndex?action=diff HTTP/1.1" 200 13022 "-" "Mozilla/5.0 (compatible; Barkrowler/0.9; +https://babbar.tech/crawler)"
51.15.20.50 - - [23/Jun/2021:22:39:44 +0200] "GET /pmwiki/pmwiki.php/PmWiki/AdvancedTables?action=edit HTTP/1.1" 200 12532 "-" "Mozilla/5.0 (compatible; Barkrowler/0.9; +https://babbar.tech/crawler)"
51.15.20.50 - - [23/Jun/2021:22:39:54 +0200] "GET /pmwiki/pmwiki.php/PmWiki/SimpleTables2?action=upload HTTP/1.1" 200 12396 "-" "Mozilla/5.0 (compatible; Barkrowler/0.9; +https://babbar.tech/crawler)"
51.15.20.50 - - [23/Jun/2021:22:40:04 +0200] "GET /pmwiki/pmwiki.php/PmWiki/UrlApprovals?action=diff HTTP/1.1" 200 12910 "-" "Mozilla/5.0 (compatible; Barkrowler/0.9; +https://babbar.tech/crawler)"
51.15.20.50 - - [23/Jun/2021:22:40:14 +0200] "GET /pmwiki/pmwiki.php/PmWiki/UrlApprovals?action=upload HTTP/1.1" 200 12379 "-" "Mozilla/5.0 (compatible; Barkrowler/0.9; +https://babbar.tech/crawler)"
51.15.20.50 - - [23/Jun/2021:22:40:25 +0200] "GET /pmwiki/pmwiki.php/PmWiki/UrlApprovals?action=print HTTP/1.1" 200 5249 "-" "Mozilla/5.0 (compatible; Barkrowler/0.9; +https://babbar.tech/crawler)"
51.15.20.50 - - [23/Jun/2021:22:40:34 +0200] "GET /pmwiki/pmwiki.php/PmWiki/MailingLists?action=diff HTTP/1.1" 200 12910 "-" "Mozilla/5.0 (compatible; Barkrowler/0.9; +https://babbar.tech/crawler)"
51.15.20.50 - - [23/Jun/2021:22:40:45 +0200] "GET /pmwiki/pmwiki.php/PmWiki/ImagesInWikiPages?action=print HTTP/1.1" 200 4417 "-" "Mozilla/5.0 (compatible; Barkrowler/0.9; +https://babbar.tech/crawler)"
54.36.148.114 - - [23/Jun/2021:22:42:07 +0200] "GET /pmwiki/pmwiki.php/Main/Befektet%E9sv%E9delem?action=edit HTTP/1.1" 200 12602 "-" "Mozilla/5.0 (compatible; AhrefsBot/7.0; +http://ahrefs.com/robot/)"
114.119.151.81 - - [23/Jun/2021:22:46:19 +0200] "GET /pmwiki/pmwiki.php/Main/Cikkek?action=edit HTTP/1.1" 200 12371 "-" "Mozilla/5.0 (Linux; Android 7.0;) AppleWebKit/537.36 (KHTML, like Gecko) Mobile Safari/537.36 (compatible; PetalBot;+https://webmaster.petalsearch.com/site/petalbot)"
51.15.20.50 - - [23/Jun/2021:22:49:29 +0200] "GET /pmwiki/pmwiki.php/PmWiki/ImagesInWikiPages?action=edit HTTP/1.1" 200 12580 "-" "Mozilla/5.0 (compatible; Barkrowler/0.9; +https://babbar.tech/crawler)"
51.15.20.50 - - [23/Jun/2021:22:50:06 +0200] "GET /pmwiki/pmwiki.php/PmWiki/ImagesInWikiPages?action=upload HTTP/1.1" 200 12460 "-" "Mozilla/5.0 (compatible; Barkrowler/0.9; +https://babbar.tech/crawler)"
51.15.20.50 - - [23/Jun/2021:22:50:15 +0200] "GET /pmwiki/pmwiki.php/PmWiki/ChangesFromPmWiki1 HTTP/1.1" 200 19777 "-" "Mozilla/5.0 (compatible; Barkrowler/0.9; +https://babbar.tech/crawler)"
51.15.20.50 - - [23/Jun/2021:22:50:26 +0200] "GET /pmwiki/pmwiki.php/PmWiki/InitialSetupTasks HTTP/1.1" 200 15628 "-" "Mozilla/5.0 (compatible; Barkrowler/0.9; +https://babbar.tech/crawler)"
51.15.20.50 - - [23/Jun/2021:22:50:35 +0200] "GET /pmwiki/pmwiki.php/PmWiki/PatrickMichaud?action=edit HTTP/1.1" 200 12529 "-" "Mozilla/5.0 (compatible; Barkrowler/0.9; +https://babbar.tech/crawler)"
51.15.20.50 - - [23/Jun/2021:22:50:45 +0200] "GET /pmwiki/pmwiki.php/PmWiki/PatrickMichaud?action=diff HTTP/1.1" 200 12944 "-" "Mozilla/5.0 (compatible; Barkrowler/0.9; +https://babbar.tech/crawler)"
51.15.20.50 - - [23/Jun/2021:22:50:54 +0200] "GET /pmwiki/pmwiki.php/PmWiki/PatrickMichaud?action=upload HTTP/1.1" 200 12409 "-" "Mozilla/5.0 (compatible; Barkrowler/0.9; +https://babbar.tech/crawler)"
51.15.20.50 - - [23/Jun/2021:22:51:04 +0200] "GET /pmwiki/pmwiki.php/PmWiki/PatrickMichaud?action=print HTTP/1.1" 200 2490 "-" "Mozilla/5.0 (compatible; Barkrowler/0.9; +https://babbar.tech/crawler)"
51.15.20.50 - - [23/Jun/2021:22:51:12 +0200] "GET /pmwiki/pmwiki.php/PmWiki/ConditionalMarkup?action=edit HTTP/1.1" 200 12579 "-" "Mozilla/5.0 (compatible; Barkrowler/0.9; +https://babbar.tech/crawler)"
51.15.20.50 - - [23/Jun/2021:22:51:22 +0200] "GET /pmwiki/pmwiki.php/PmWiki/ConditionalMarkup?action=upload HTTP/1.1" 200 12459 "-" "Mozilla/5.0 (compatible; Barkrowler/0.9; +https://babbar.tech/crawler)"
51.15.20.50 - - [23/Jun/2021:22:51:32 +0200] "GET /pmwiki/pmwiki.php/PmWiki/ConditionalMarkup?action=diff HTTP/1.1" 200 13000 "-" "Mozilla/5.0 (compatible; Barkrowler/0.9; +https://babbar.tech/crawler)"
51.15.20.50 - - [23/Jun/2021:22:51:42 +0200] "GET /pmwiki/pmwiki.php/PmWiki/ConditionalMarkup?action=print HTTP/1.1" 200 6452 "-" "Mozilla/5.0 (compatible; Barkrowler/0.9; +https://babbar.tech/crawler)"
51.15.20.50 - - [23/Jun/2021:22:51:50 +0200] "GET /pmwiki/pmwiki.php/PmWiki/WikiStyleExamples?action=edit HTTP/1.1" 200 12579 "-" "Mozilla/5.0 (compatible; Barkrowler/0.9; +https://babbar.tech/crawler)"
51.15.20.50 - - [23/Jun/2021:22:52:01 +0200] "GET /pmwiki/pmwiki.php/PmWiki/WikiStyleExamples?action=print HTTP/1.1" 200 13740 "-" "Mozilla/5.0 (compatible; Barkrowler/0.9; +https://babbar.tech/crawler)"
51.15.20.50 - - [23/Jun/2021:22:52:11 +0200] "GET /pmwiki/pmwiki.php/PmWiki/WikiStyleExamples?action=upload HTTP/1.1" 200 12459 "-" "Mozilla/5.0 (compatible; Barkrowler/0.9; +https://babbar.tech/crawler)"
54.36.148.238 - - [23/Jun/2021:22:52:16 +0200] "GET /pmwiki/pmwiki.php/Main/Befektet%E9sv%E9delem?action=diff HTTP/1.1" 200 17266 "-" "Mozilla/5.0 (compatible; AhrefsBot/7.0; +http://ahrefs.com/robot/)"
51.15.20.50 - - [23/Jun/2021:22:52:19 +0200] "GET /pmwiki/pmwiki.php/PmWiki/PerGroupCustomizations?action=edit HTTP/1.1" 200 12660 "-" "Mozilla/5.0 (compatible; Barkrowler/0.9; +https://babbar.tech/crawler)"
51.15.20.50 - - [23/Jun/2021:22:52:28 +0200] "GET /pmwiki/pmwiki.php/PmWiki/PerGroupCustomizations?action=diff HTTP/1.1" 200 13091 "-" "Mozilla/5.0 (compatible; Barkrowler/0.9; +https://babbar.tech/crawler)"
51.15.20.50 - - [23/Jun/2021:22:52:38 +0200] "GET /pmwiki/pmwiki.php/PmWiki/PerGroupCustomizations?action=upload HTTP/1.1" 200 12540 "-" "Mozilla/5.0 (compatible; Barkrowler/0.9; +https://babbar.tech/crawler)"
51.15.20.50 - - [23/Jun/2021:22:52:46 +0200] "GET /pmwiki/pmwiki.php/PmWiki/PerGroupCustomizations?action=print HTTP/1.1" 200 5876 "-" "Mozilla/5.0 (compatible; Barkrowler/0.9; +https://babbar.tech/crawler)"
51.15.20.50 - - [23/Jun/2021:22:52:55 +0200] "GET /pmwiki/pmwiki.php/PmWiki/TextFormattingRules?action=print HTTP/1.1" 200 11659 "-" "Mozilla/5.0 (compatible; Barkrowler/0.9; +https://babbar.tech/crawler)"
51.15.20.50 - - [23/Jun/2021:22:53:06 +0200] "GET /pmwiki/pmwiki.php/PmWiki/TextFormattingRules?action=edit HTTP/1.1" 200 12611 "-" "Mozilla/5.0 (compatible; Barkrowler/0.9; +https://babbar.tech/crawler)"
51.15.20.50 - - [23/Jun/2021:22:53:17 +0200] "GET /pmwiki/pmwiki.php/PmWiki/CreatingNewPages?action=print HTTP/1.1" 200 4884 "-" "Mozilla/5.0 (compatible; Barkrowler/0.9; +https://babbar.tech/crawler)"
51.15.20.50 - - [23/Jun/2021:22:53:25 +0200] "GET /pmwiki/pmwiki.php/PmWiki/CreatingNewPages?action=edit HTTP/1.1" 200 12565 "-" "Mozilla/5.0 (compatible; Barkrowler/0.9; +https://babbar.tech/crawler)"
51.15.20.50 - - [23/Jun/2021:22:53:35 +0200] "GET /pmwiki/pmwiki.php/PmWiki/Internationalizations?action=diff HTTP/1.1" 200 13072 "-" "Mozilla/5.0 (compatible; Barkrowler/0.9; +https://babbar.tech/crawler)"
51.15.20.50 - - [23/Jun/2021:22:53:43 +0200] "GET /pmwiki/pmwiki.php/Cookbook-V1/UserAuth?action=edit HTTP/1.1" 200 12517 "-" "Mozilla/5.0 (compatible; Barkrowler/0.9; +https://babbar.tech/crawler)"
51.15.20.50 - - [23/Jun/2021:22:53:53 +0200] "GET /pmwiki/pmwiki.php/Cookbook-V1/UserAuth?action=diff HTTP/1.1" 200 12930 "-" "Mozilla/5.0 (compatible; Barkrowler/0.9; +https://babbar.tech/crawler)"
51.15.20.50 - - [23/Jun/2021:22:54:02 +0200] "GET /pmwiki/pmwiki.php/Cookbook-V1/UserAuth?action=upload HTTP/1.1" 200 12397 "-" "Mozilla/5.0 (compatible; Barkrowler/0.9; +https://babbar.tech/crawler)"
51.15.20.50 - - [23/Jun/2021:22:54:11 +0200] "GET /pmwiki/pmwiki.php/Cookbook-V1/UserAuth?action=print HTTP/1.1" 404 2398 "-" "Mozilla/5.0 (compatible; Barkrowler/0.9; +https://babbar.tech/crawler)"
51.15.20.50 - - [23/Jun/2021:22:54:19 +0200] "GET /pmwiki/pmwiki.php/Profiles/AdelphiCharter?action=diff HTTP/1.1" 200 12981 "-" "Mozilla/5.0 (compatible; Barkrowler/0.9; +https://babbar.tech/crawler)"
51.15.20.50 - - [23/Jun/2021:22:54:29 +0200] "GET /pmwiki/pmwiki.php/Profiles/Leforditando?action=diff HTTP/1.1" 200 12945 "-" "Mozilla/5.0 (compatible; Barkrowler/0.9; +https://babbar.tech/crawler)"
51.15.20.50 - - [23/Jun/2021:22:54:38 +0200] "GET /pmwiki/pmwiki.php/Main/Privacy?action=diff&source=n&minor=y HTTP/1.1" 200 12779 "-" "Mozilla/5.0 (compatible; Barkrowler/0.9; +https://babbar.tech/crawler)"
51.15.20.50 - - [23/Jun/2021:22:54:46 +0200] "GET /pmwiki/pmwiki.php/Main/Privacy?action=diff&source=n&minor=n HTTP/1.1" 200 12779 "-" "Mozilla/5.0 (compatible; Barkrowler/0.9; +https://babbar.tech/crawler)"
51.15.20.50 - - [23/Jun/2021:22:54:56 +0200] "GET /pmwiki/pmwiki.php/Main/Privacy?action=diff&source=y&minor=y HTTP/1.1" 200 12779 "-" "Mozilla/5.0 (compatible; Barkrowler/0.9; +https://babbar.tech/crawler)"
51.15.20.50 - - [23/Jun/2021:22:55:05 +0200] "GET /pmwiki/pmwiki.php/Main/Privacy?action=diff&source=y&minor=n HTTP/1.1" 200 12779 "-" "Mozilla/5.0 (compatible; Barkrowler/0.9; +https://babbar.tech/crawler)"
51.15.20.50 - - [23/Jun/2021:22:55:13 +0200] "GET /pmwiki/pmwiki.php/Main/DRMMunkacsoport?action=diff HTTP/1.1" 200 14573 "-" "Mozilla/5.0 (compatible; Barkrowler/0.9; +https://babbar.tech/crawler)"
51.15.20.50 - - [23/Jun/2021:22:55:22 +0200] "GET /pmwiki/pmwiki.php/Main/DRMMunkacsoport?action=print HTTP/1.1" 200 3060 "-" "Mozilla/5.0 (compatible; Barkrowler/0.9; +https://babbar.tech/crawler)"
51.15.20.50 - - [23/Jun/2021:22:55:30 +0200] "GET /pmwiki/pmwiki.php/Main/DRMMunkacsoport?action=edit HTTP/1.1" 200 12510 "-" "Mozilla/5.0 (compatible; Barkrowler/0.9; +https://babbar.tech/crawler)"
54.36.149.40 - - [23/Jun/2021:23:03:06 +0200] "GET /pmwiki/pmwiki.php/Main/2005M%E1rciusiNyilatkozat?action=upload HTTP/1.1" 200 12546 "-" "Mozilla/5.0 (compatible; AhrefsBot/7.0; +http://ahrefs.com/robot/)"
51.15.20.50 - - [23/Jun/2021:23:05:06 +0200] "GET /pmwiki/pmwiki.php/Main/DRMMunkacsoport?action=upload HTTP/1.1" 200 12390 "-" "Mozilla/5.0 (compatible; Barkrowler/0.9; +https://babbar.tech/crawler)"
51.15.20.50 - - [23/Jun/2021:23:05:16 +0200] "GET /pmwiki/pmwiki.php/Main/SzoftverSzabadalmak HTTP/1.1" 200 15057 "-" "Mozilla/5.0 (compatible; Barkrowler/0.9; +https://babbar.tech/crawler)"
51.15.20.50 - - [23/Jun/2021:23:05:25 +0200] "GET /pmwiki/pmwiki.php/Main/K%F6zlem%E9nye?action=diff HTTP/1.1" 200 22947 "-" "Mozilla/5.0 (compatible; Barkrowler/0.9; +https://babbar.tech/crawler)"
51.15.20.50 - - [23/Jun/2021:23:05:35 +0200] "GET /pmwiki/pmwiki.php/Main/K%F6zlem%E9nye?action=upload HTTP/1.1" 200 12366 "-" "Mozilla/5.0 (compatible; Barkrowler/0.9; +https://babbar.tech/crawler)"
51.15.20.50 - - [23/Jun/2021:23:05:45 +0200] "GET /pmwiki/pmwiki.php/Main/K%F6zlem%E9nye?action=print HTTP/1.1" 200 8347 "-" "Mozilla/5.0 (compatible; Barkrowler/0.9; +https://babbar.tech/crawler)"
51.15.20.50 - - [23/Jun/2021:23:05:54 +0200] "GET /pmwiki/pmwiki.php/Main/C?action=diff&source=n&minor=y HTTP/1.1" 200 12671 "-" "Mozilla/5.0 (compatible; Barkrowler/0.9; +https://babbar.tech/crawler)"
51.15.20.50 - - [23/Jun/2021:23:06:03 +0200] "GET /pmwiki/pmwiki.php/Main/C?action=diff&source=n&minor=n HTTP/1.1" 200 12671 "-" "Mozilla/5.0 (compatible; Barkrowler/0.9; +https://babbar.tech/crawler)"
51.15.20.50 - - [23/Jun/2021:23:06:13 +0200] "GET /pmwiki/pmwiki.php/Main/C?action=diff&source=y&minor=y HTTP/1.1" 200 12671 "-" "Mozilla/5.0 (compatible; Barkrowler/0.9; +https://babbar.tech/crawler)"
51.15.20.50 - - [23/Jun/2021:23:06:23 +0200] "GET /pmwiki/pmwiki.php/Main/C?action=diff&source=y&minor=n HTTP/1.1" 200 12671 "-" "Mozilla/5.0 (compatible; Barkrowler/0.9; +https://babbar.tech/crawler)"
51.15.20.50 - - [23/Jun/2021:23:06:32 +0200] "GET /pmwiki/pmwiki.php/Main/Nyilatkozatok?action=edit HTTP/1.1" 200 12478 "-" "Mozilla/5.0 (compatible; Barkrowler/0.9; +https://babbar.tech/crawler)"
51.15.20.50 - - [23/Jun/2021:23:06:44 +0200] "GET /pmwiki/pmwiki.php/Main/Nyilatkozatok?action=print HTTP/1.1" 200 6767 "-" "Mozilla/5.0 (compatible; Barkrowler/0.9; +https://babbar.tech/crawler)"
51.15.20.50 - - [23/Jun/2021:23:06:52 +0200] "GET /pmwiki/pmwiki.php/Main/AzIPRJavaslat?action=print HTTP/1.1" 200 5182 "-" "Mozilla/5.0 (compatible; Barkrowler/0.9; +https://babbar.tech/crawler)"
51.15.20.50 - - [23/Jun/2021:23:07:01 +0200] "GET /pmwiki/pmwiki.php/Main/AzIPRJavaslat?action=edit HTTP/1.1" 200 12478 "-" "Mozilla/5.0 (compatible; Barkrowler/0.9; +https://babbar.tech/crawler)"
51.15.20.50 - - [23/Jun/2021:23:07:10 +0200] "GET /pmwiki/pmwiki.php/Main/AzIPRJavaslat?action=upload HTTP/1.1" 200 12358 "-" "Mozilla/5.0 (compatible; Barkrowler/0.9; +https://babbar.tech/crawler)"
51.15.20.50 - - [23/Jun/2021:23:07:20 +0200] "GET /pmwiki/pmwiki.php/Main/2004Szeptember1?action=upload HTTP/1.1" 200 12390 "-" "Mozilla/5.0 (compatible; Barkrowler/0.9; +https://babbar.tech/crawler)"
51.15.20.50 - - [23/Jun/2021:23:07:29 +0200] "GET /pmwiki/pmwiki.php/Main/2004Augusztus15?action=edit HTTP/1.1" 200 12510 "-" "Mozilla/5.0 (compatible; Barkrowler/0.9; +https://babbar.tech/crawler)"
51.15.20.50 - - [23/Jun/2021:23:07:39 +0200] "GET /pmwiki/pmwiki.php/Main/2004Augusztus15?action=upload HTTP/1.1" 200 12390 "-" "Mozilla/5.0 (compatible; Barkrowler/0.9; +https://babbar.tech/crawler)"
51.15.20.50 - - [23/Jun/2021:23:07:47 +0200] "GET /pmwiki/pmwiki.php/Main/2004Augusztus15?action=diff HTTP/1.1" 200 12923 "-" "Mozilla/5.0 (compatible; Barkrowler/0.9; +https://babbar.tech/crawler)"
51.15.20.50 - - [23/Jun/2021:23:07:57 +0200] "GET /pmwiki/pmwiki.php/Main/2004Augusztus15?action=print HTTP/1.1" 404 2391 "-" "Mozilla/5.0 (compatible; Barkrowler/0.9; +https://babbar.tech/crawler)"
51.15.20.50 - - [23/Jun/2021:23:08:05 +0200] "GET /pmwiki/pmwiki.php/Main/2004Augusztus18?action=edit HTTP/1.1" 200 12510 "-" "Mozilla/5.0 (compatible; Barkrowler/0.9; +https://babbar.tech/crawler)"
51.15.20.50 - - [23/Jun/2021:23:08:14 +0200] "GET /pmwiki/pmwiki.php/Main/2004Augusztus18?action=upload HTTP/1.1" 200 12390 "-" "Mozilla/5.0 (compatible; Barkrowler/0.9; +https://babbar.tech/crawler)"
51.15.20.50 - - [23/Jun/2021:23:08:22 +0200] "GET /pmwiki/pmwiki.php/Main/2004Augusztus18?action=diff HTTP/1.1" 200 14665 "-" "Mozilla/5.0 (compatible; Barkrowler/0.9; +https://babbar.tech/crawler)"
51.15.20.50 - - [23/Jun/2021:23:08:31 +0200] "GET /pmwiki/pmwiki.php/Main/2004Augusztus18?action=print HTTP/1.1" 200 3574 "-" "Mozilla/5.0 (compatible; Barkrowler/0.9; +https://babbar.tech/crawler)"
51.15.20.50 - - [23/Jun/2021:23:08:39 +0200] "GET /pmwiki/pmwiki.php/Main/2004Augusztus5?action=diff HTTP/1.1" 200 16408 "-" "Mozilla/5.0 (compatible; Barkrowler/0.9; +https://babbar.tech/crawler)"
51.15.20.50 - - [23/Jun/2021:23:08:50 +0200] "GET /pmwiki/pmwiki.php/Main/2004Augusztus5?action=upload HTTP/1.1" 200 12374 "-" "Mozilla/5.0 (compatible; Barkrowler/0.9; +https://babbar.tech/crawler)"
51.15.20.50 - - [23/Jun/2021:23:08:59 +0200] "GET /pmwiki/pmwiki.php/Main/2004Augusztus5?action=print HTTP/1.1" 200 5461 "-" "Mozilla/5.0 (compatible; Barkrowler/0.9; +https://babbar.tech/crawler)"
51.15.20.50 - - [23/Jun/2021:23:09:09 +0200] "GET /pmwiki/pmwiki.php/Main/Power?action=diff&source=n&minor=y HTTP/1.1" 200 21611 "-" "Mozilla/5.0 (compatible; Barkrowler/0.9; +https://babbar.tech/crawler)"
51.15.20.50 - - [23/Jun/2021:23:09:17 +0200] "GET /pmwiki/pmwiki.php/Main/Power?action=diff&source=n&minor=n HTTP/1.1" 200 12747 "-" "Mozilla/5.0 (compatible; Barkrowler/0.9; +https://babbar.tech/crawler)"
51.15.20.50 - - [23/Jun/2021:23:09:27 +0200] "GET /pmwiki/pmwiki.php/Main/Power?action=diff&source=y&minor=y HTTP/1.1" 200 21368 "-" "Mozilla/5.0 (compatible; Barkrowler/0.9; +https://babbar.tech/crawler)"
114.119.151.72 - - [23/Jun/2021:23:09:34 +0200] "GET /pmwiki/pmwiki.php/Main/AdelphiAlapokm%e1ny HTTP/1.1" 200 16161 "-" "Mozilla/5.0 (Linux; Android 7.0;) AppleWebKit/537.36 (KHTML, like Gecko) Mobile Safari/537.36 (compatible; PetalBot;+https://webmaster.petalsearch.com/site/petalbot)"
51.15.20.50 - - [23/Jun/2021:23:09:36 +0200] "GET /pmwiki/pmwiki.php/Main/Power?action=diff&source=y&minor=n HTTP/1.1" 200 12747 "-" "Mozilla/5.0 (compatible; Barkrowler/0.9; +https://babbar.tech/crawler)"
51.15.20.50 - - [23/Jun/2021:23:09:44 +0200] "GET /pmwiki/pmwiki.php/Main/AdelphiAlapokm%E1ny HTTP/1.1" 200 16161 "-" "Mozilla/5.0 (compatible; Barkrowler/0.9; +https://babbar.tech/crawler)"
51.15.20.50 - - [23/Jun/2021:23:09:53 +0200] "GET /pmwiki/pmwiki.php/Main/2004-esNyilatkozat?action=edit HTTP/1.1" 200 12558 "-" "Mozilla/5.0 (compatible; Barkrowler/0.9; +https://babbar.tech/crawler)"
51.15.20.50 - - [23/Jun/2021:23:10:01 +0200] "GET /pmwiki/pmwiki.php/Main/2004-esNyilatkozat?action=diff HTTP/1.1" 200 17019 "-" "Mozilla/5.0 (compatible; Barkrowler/0.9; +https://babbar.tech/crawler)"
51.15.20.50 - - [23/Jun/2021:23:10:09 +0200] "GET /pmwiki/pmwiki.php/Main/2004-esNyilatkozat?action=upload HTTP/1.1" 200 12438 "-" "Mozilla/5.0 (compatible; Barkrowler/0.9; +https://babbar.tech/crawler)"
51.15.20.50 - - [23/Jun/2021:23:10:18 +0200] "GET /pmwiki/pmwiki.php/Main/2004-esNyilatkozat?action=print HTTP/1.1" 200 6026 "-" "Mozilla/5.0 (compatible; Barkrowler/0.9; +https://babbar.tech/crawler)"
51.15.20.50 - - [23/Jun/2021:23:10:27 +0200] "GET /pmwiki/pmwiki.php/Main/JuriVelemeny?action=diff HTTP/1.1" 200 26944 "-" "Mozilla/5.0 (compatible; Barkrowler/0.9; +https://babbar.tech/crawler)"
51.15.20.50 - - [23/Jun/2021:23:10:37 +0200] "GET /pmwiki/pmwiki.php/Main/Befektet%E9sv%E9delem HTTP/1.1" 200 15814 "-" "Mozilla/5.0 (compatible; Barkrowler/0.9; +https://babbar.tech/crawler)"
54.36.148.5 - - [23/Jun/2021:23:13:20 +0200] "GET /pmwiki/pmwiki.php/Main/Befektet%E9sv%E9delem?action=print HTTP/1.1" 200 6102 "-" "Mozilla/5.0 (compatible; AhrefsBot/7.0; +http://ahrefs.com/robot/)"
51.15.20.50 - - [23/Jun/2021:23:20:38 +0200] "GET /pmwiki/pmwiki.php/Main/Virsligy%E1r?action=diff HTTP/1.1" 200 26293 "-" "Mozilla/5.0 (compatible; Barkrowler/0.9; +https://babbar.tech/crawler)"
51.15.20.50 - - [23/Jun/2021:23:20:46 +0200] "GET /pmwiki/pmwiki.php/Main/ADRMHib%E1i?action=print HTTP/1.1" 404 2369 "-" "Mozilla/5.0 (compatible; Barkrowler/0.9; +https://babbar.tech/crawler)"
51.15.20.50 - - [23/Jun/2021:23:20:55 +0200] "GET /pmwiki/pmwiki.php/Main/FAQ?action=diff&source=n&minor=y HTTP/1.1" 200 19015 "-" "Mozilla/5.0 (compatible; Barkrowler/0.9; +https://babbar.tech/crawler)"
51.15.20.50 - - [23/Jun/2021:23:21:03 +0200] "GET /pmwiki/pmwiki.php/Main/FAQ?action=diff&source=n&minor=n HTTP/1.1" 200 19015 "-" "Mozilla/5.0 (compatible; Barkrowler/0.9; +https://babbar.tech/crawler)"
51.15.20.50 - - [23/Jun/2021:23:21:11 +0200] "GET /pmwiki/pmwiki.php/Main/FAQ?action=diff&source=y&minor=y HTTP/1.1" 200 19113 "-" "Mozilla/5.0 (compatible; Barkrowler/0.9; +https://babbar.tech/crawler)"
51.15.20.50 - - [23/Jun/2021:23:21:20 +0200] "GET /pmwiki/pmwiki.php/Main/FAQ?action=diff&source=y&minor=n HTTP/1.1" 200 19113 "-" "Mozilla/5.0 (compatible; Barkrowler/0.9; +https://babbar.tech/crawler)"
51.15.20.50 - - [23/Jun/2021:23:21:28 +0200] "GET /pmwiki/pmwiki.php/Main/HomePage?action=upload&upname=wiki.png HTTP/1.1" 200 12297 "-" "Mozilla/5.0 (compatible; Barkrowler/0.9; +https://babbar.tech/crawler)"
51.15.20.50 - - [23/Jun/2021:23:21:37 +0200] "GET /pmwiki/pmwiki.php/Main/2005M%E1rcius8?action=diff HTTP/1.1" 200 33027 "-" "Mozilla/5.0 (compatible; Barkrowler/0.9; +https://babbar.tech/crawler)"
51.15.20.50 - - [23/Jun/2021:23:21:47 +0200] "GET /pmwiki/pmwiki.php/Main/2005M%E1rcius8?action=upload HTTP/1.1" 200 12370 "-" "Mozilla/5.0 (compatible; Barkrowler/0.9; +https://babbar.tech/crawler)"
51.15.20.50 - - [23/Jun/2021:23:21:55 +0200] "GET /pmwiki/pmwiki.php/Main/2005M%E1rcius8?action=print HTTP/1.1" 200 20416 "-" "Mozilla/5.0 (compatible; Barkrowler/0.9; +https://babbar.tech/crawler)"
51.15.20.50 - - [23/Jun/2021:23:22:05 +0200] "GET /pmwiki/pmwiki.php/Main/2005Szeptember2?action=diff HTTP/1.1" 200 15260 "-" "Mozilla/5.0 (compatible; Barkrowler/0.9; +https://babbar.tech/crawler)"
51.15.20.50 - - [23/Jun/2021:23:22:13 +0200] "GET /pmwiki/pmwiki.php/Main/Google?action=diff&source=y&minor=y HTTP/1.1" 200 56595 "-" "Mozilla/5.0 (compatible; Barkrowler/0.9; +https://babbar.tech/crawler)"
51.15.20.50 - - [23/Jun/2021:23:22:22 +0200] "GET /pmwiki/pmwiki.php/Main/Google?action=diff&source=y&minor=n HTTP/1.1" 200 13496 "-" "Mozilla/5.0 (compatible; Barkrowler/0.9; +https://babbar.tech/crawler)"
51.15.20.50 - - [23/Jun/2021:23:22:31 +0200] "GET /pmwiki/pmwiki.php/Main/Google?action=diff&source=n&minor=y HTTP/1.1" 200 54350 "-" "Mozilla/5.0 (compatible; Barkrowler/0.9; +https://babbar.tech/crawler)"
51.15.20.50 - - [23/Jun/2021:23:22:42 +0200] "GET /pmwiki/pmwiki.php/Main/Google?action=diff&source=n&minor=n HTTP/1.1" 200 13289 "-" "Mozilla/5.0 (compatible; Barkrowler/0.9; +https://babbar.tech/crawler)"
51.15.20.50 - - [23/Jun/2021:23:22:51 +0200] "GET /pmwiki/pmwiki.php/PmWiki/PredefinedWikiStyles?action=edit HTTP/1.1" 200 12624 "-" "Mozilla/5.0 (compatible; Barkrowler/0.9; +https://babbar.tech/crawler)"
51.15.20.50 - - [23/Jun/2021:23:22:59 +0200] "GET /pmwiki/pmwiki.php/PmWiki/PredefinedWikiStyles?action=upload HTTP/1.1" 200 12504 "-" "Mozilla/5.0 (compatible; Barkrowler/0.9; +https://babbar.tech/crawler)"
51.15.20.50 - - [23/Jun/2021:23:23:08 +0200] "GET /pmwiki/pmwiki.php/PmWiki/PredefinedWikiStyles?action=diff HTTP/1.1" 200 13051 "-" "Mozilla/5.0 (compatible; Barkrowler/0.9; +https://babbar.tech/crawler)"
54.36.148.59 - - [23/Jun/2021:23:23:13 +0200] "GET /pmwiki/pmwiki.php/Main/2005M%E1rciusiNyilatkozat?action=edit HTTP/1.1" 200 12666 "-" "Mozilla/5.0 (compatible; AhrefsBot/7.0; +http://ahrefs.com/robot/)"
51.15.20.50 - - [23/Jun/2021:23:23:16 +0200] "GET /pmwiki/pmwiki.php/PmWiki/PredefinedWikiStyles?action=print HTTP/1.1" 404 2421 "-" "Mozilla/5.0 (compatible; Barkrowler/0.9; +https://babbar.tech/crawler)"
51.15.20.50 - - [23/Jun/2021:23:23:25 +0200] "GET /pmwiki/pmwiki.php/PmWiki/AvailableActions?action=diff HTTP/1.1" 200 12983 "-" "Mozilla/5.0 (compatible; Barkrowler/0.9; +https://babbar.tech/crawler)"
51.15.20.50 - - [23/Jun/2021:23:23:34 +0200] "GET /pmwiki/pmwiki.php/PmWiki/AdvancedTables?action=diff HTTP/1.1" 200 12947 "-" "Mozilla/5.0 (compatible; Barkrowler/0.9; +https://babbar.tech/crawler)"
51.15.20.50 - - [23/Jun/2021:23:23:42 +0200] "GET /pmwiki/pmwiki.php/PmWiki/AdvancedTables?action=upload HTTP/1.1" 200 12412 "-" "Mozilla/5.0 (compatible; Barkrowler/0.9; +https://babbar.tech/crawler)"
51.15.20.50 - - [23/Jun/2021:23:23:51 +0200] "GET /pmwiki/pmwiki.php/PmWiki/AdvancedTables?action=print HTTP/1.1" 200 8923 "-" "Mozilla/5.0 (compatible; Barkrowler/0.9; +https://babbar.tech/crawler)"
51.15.20.50 - - [23/Jun/2021:23:24:00 +0200] "GET /pmwiki/pmwiki.php/PmWiki/SimpleTables2?action=diff HTTP/1.1" 200 12929 "-" "Mozilla/5.0 (compatible; Barkrowler/0.9; +https://babbar.tech/crawler)"
51.15.20.50 - - [23/Jun/2021:23:24:09 +0200] "GET /pmwiki/pmwiki.php/PmWiki/UpgradingFromPmWiki1 HTTP/1.1" 200 18372 "-" "Mozilla/5.0 (compatible; Barkrowler/0.9; +https://babbar.tech/crawler)"
51.15.20.50 - - [23/Jun/2021:23:24:19 +0200] "GET /pmwiki/pmwiki.php/PmWiki/PmWikiPhilosophy?action=edit HTTP/1.1" 200 12563 "-" "Mozilla/5.0 (compatible; Barkrowler/0.9; +https://babbar.tech/crawler)"
51.15.20.50 - - [23/Jun/2021:23:24:28 +0200] "GET /pmwiki/pmwiki.php/PmWiki/I18nVariables?action=edit HTTP/1.1" 200 12516 "-" "Mozilla/5.0 (compatible; Barkrowler/0.9; +https://babbar.tech/crawler)"
51.15.20.50 - - [23/Jun/2021:23:24:37 +0200] "GET /pmwiki/pmwiki.php/PmWiki/ImagesInWikiPages?action=diff HTTP/1.1" 200 13001 "-" "Mozilla/5.0 (compatible; Barkrowler/0.9; +https://babbar.tech/crawler)"
51.15.20.50 - - [23/Jun/2021:23:24:47 +0200] "GET /pmwiki/pmwiki.php/PmWiki/WikiStyleExamples?action=diff HTTP/1.1" 200 13000 "-" "Mozilla/5.0 (compatible; Barkrowler/0.9; +https://babbar.tech/crawler)"
51.15.20.50 - - [23/Jun/2021:23:24:55 +0200] "GET /pmwiki/pmwiki.php/PmWiki/TextFormattingRules?action=diff HTTP/1.1" 200 13036 "-" "Mozilla/5.0 (compatible; Barkrowler/0.9; +https://babbar.tech/crawler)"
51.15.20.50 - - [23/Jun/2021:23:25:04 +0200] "GET /pmwiki/pmwiki.php/PmWiki/TextFormattingRules?action=upload HTTP/1.1" 200 12491 "-" "Mozilla/5.0 (compatible; Barkrowler/0.9; +https://babbar.tech/crawler)"
51.15.20.50 - - [23/Jun/2021:23:25:12 +0200] "GET /pmwiki/pmwiki.php/PmWiki/CreatingNewPages?action=diff HTTP/1.1" 200 12984 "-" "Mozilla/5.0 (compatible; Barkrowler/0.9; +https://babbar.tech/crawler)"
51.15.20.50 - - [23/Jun/2021:23:25:27 +0200] "GET /pmwiki/pmwiki.php/PmWiki/IncludeOtherPages?action=diff HTTP/1.1" 200 13002 "-" "Mozilla/5.0 (compatible; Barkrowler/0.9; +https://babbar.tech/crawler)"
51.15.20.50 - - [23/Jun/2021:23:25:36 +0200] "GET /pmwiki/pmwiki.php/PmWiki/IncludeOtherPages?action=print HTTP/1.1" 200 8211 "-" "Mozilla/5.0 (compatible; Barkrowler/0.9; +https://babbar.tech/crawler)"
51.15.20.50 - - [23/Jun/2021:23:25:45 +0200] "GET /pmwiki/pmwiki.php/PmWiki/IncludeOtherPages?action=edit HTTP/1.1" 200 12581 "-" "Mozilla/5.0 (compatible; Barkrowler/0.9; +https://babbar.tech/crawler)"
51.15.20.50 - - [23/Jun/2021:23:25:53 +0200] "GET /pmwiki/pmwiki.php/PmWiki/IncludeOtherPages?action=upload HTTP/1.1" 200 12461 "-" "Mozilla/5.0 (compatible; Barkrowler/0.9; +https://babbar.tech/crawler)"
51.15.20.50 - - [23/Jun/2021:23:26:02 +0200] "GET /pmwiki/pmwiki.php/API/API?action=upload&upname=wiki.png HTTP/1.1" 200 12197 "-" "Mozilla/5.0 (compatible; Barkrowler/0.9; +https://babbar.tech/crawler)"
185.191.171.12 - - [23/Jun/2021:23:30:01 +0200] "GET /robots.txt HTTP/1.1" 404 1181 "-" "Mozilla/5.0 (compatible; SemrushBot/7~bl; +http://www.semrush.com/bot.html)"
185.191.171.12 - - [23/Jun/2021:23:30:02 +0200] "GET /pmwiki/pmwiki.php/Main/JogiOldal?action=print HTTP/1.1" 200 16476 "-" "Mozilla/5.0 (compatible; SemrushBot/7~bl; +http://www.semrush.com/bot.html)"
212.237.53.115 - - [23/Jun/2021:23:31:02 +0200] "HEAD /pmwiki/pmwiki.php HTTP/1.1" 200 0 "-" "Alert_Alligator_webmonitoring_service_1.6.3_(alertalligator.com)"
114.119.132.6 - - [23/Jun/2021:23:32:26 +0200] "GET /pmwiki/pmwiki.php/Main/C%e9lok?action=diff HTTP/1.1" 200 23024 "-" "Mozilla/5.0 (Linux; Android 7.0;) AppleWebKit/537.36 (KHTML, like Gecko) Mobile Safari/537.36 (compatible; PetalBot;+https://webmaster.petalsearch.com/site/petalbot)"
54.36.148.151 - - [23/Jun/2021:23:33:18 +0200] "GET /pmwiki/pmwiki.php/Main/Lev%E9lAParlamentInformaitikaiBizotts%E1gaEln%F6k%E9nek?action=print HTTP/1.1" 200 3877 "-" "Mozilla/5.0 (compatible; AhrefsBot/7.0; +http://ahrefs.com/robot/)"
51.15.20.50 - - [23/Jun/2021:23:35:45 +0200] "GET /pmwiki/pmwiki.php/Profiles/J?action=upload&upname=wiki.png HTTP/1.1" 200 12250 "-" "Mozilla/5.0 (compatible; Barkrowler/0.9; +https://babbar.tech/crawler)"
51.15.20.50 - - [23/Jun/2021:23:35:54 +0200] "GET /pmwiki/pmwiki.php/Profiles/MacintelDRMOS?action=upload HTTP/1.1" 200 12426 "-" "Mozilla/5.0 (compatible; Barkrowler/0.9; +https://babbar.tech/crawler)"
51.15.20.50 - - [23/Jun/2021:23:36:02 +0200] "GET /pmwiki/pmwiki.php/Profiles/MacintelDRMOS?action=print HTTP/1.1" 404 2403 "-" "Mozilla/5.0 (compatible; Barkrowler/0.9; +https://babbar.tech/crawler)"
51.15.20.50 - - [23/Jun/2021:23:36:11 +0200] "GET /pmwiki/pmwiki.php/Profiles/MacintelDRMOS?action=edit HTTP/1.1" 200 12546 "-" "Mozilla/5.0 (compatible; Barkrowler/0.9; +https://babbar.tech/crawler)"
51.15.20.50 - - [23/Jun/2021:23:36:20 +0200] "GET /pmwiki/pmwiki.php/Profiles/MacintelDRMOS?action=diff HTTP/1.1" 200 12963 "-" "Mozilla/5.0 (compatible; Barkrowler/0.9; +https://babbar.tech/crawler)"
51.15.20.50 - - [23/Jun/2021:23:36:37 +0200] "GET /pmwiki/pmwiki.php/Profiles/Eve?action=upload&upname=wiki.png HTTP/1.1" 200 12282 "-" "Mozilla/5.0 (compatible; Barkrowler/0.9; +https://babbar.tech/crawler)"
51.15.20.50 - - [23/Jun/2021:23:36:45 +0200] "GET /pmwiki/pmwiki.php/Profiles/Privcikkek?action=diff HTTP/1.1" 200 12909 "-" "Mozilla/5.0 (compatible; Barkrowler/0.9; +https://babbar.tech/crawler)"
51.15.20.50 - - [23/Jun/2021:23:36:55 +0200] "GET /pmwiki/pmwiki.php/Profiles/Mod?action=upload&upname=wiki.png HTTP/1.1" 200 12282 "-" "Mozilla/5.0 (compatible; Barkrowler/0.9; +https://babbar.tech/crawler)"
51.15.20.50 - - [23/Jun/2021:23:37:04 +0200] "GET /pmwiki/pmwiki.php/Main/V%E9delmiP%E9nz?action=edit HTTP/1.1" 200 12502 "-" "Mozilla/5.0 (compatible; Barkrowler/0.9; +https://babbar.tech/crawler)"
51.15.20.50 - - [23/Jun/2021:23:37:13 +0200] "GET /pmwiki/pmwiki.php/Main/V%E9delmiP%E9nz?action=upload HTTP/1.1" 200 12382 "-" "Mozilla/5.0 (compatible; Barkrowler/0.9; +https://babbar.tech/crawler)"
51.15.20.50 - - [23/Jun/2021:23:37:21 +0200] "GET /pmwiki/pmwiki.php/Main/V%E9delmiP%E9nz?action=print HTTP/1.1" 200 2920 "-" "Mozilla/5.0 (compatible; Barkrowler/0.9; +https://babbar.tech/crawler)"
51.15.20.50 - - [23/Jun/2021:23:37:31 +0200] "GET /pmwiki/pmwiki.php/Main/V%E9delmiP%E9nz?action=diff HTTP/1.1" 200 13896 "-" "Mozilla/5.0 (compatible; Barkrowler/0.9; +https://babbar.tech/crawler)"
51.15.20.50 - - [23/Jun/2021:23:37:40 +0200] "GET /pmwiki/pmwiki.php/Main/Ipr?action=upload&upname=wiki.png HTTP/1.1" 200 12218 "-" "Mozilla/5.0 (compatible; Barkrowler/0.9; +https://babbar.tech/crawler)"
51.15.20.50 - - [23/Jun/2021:23:37:49 +0200] "GET /pmwiki/pmwiki.php/Main/Fsn?action=upload&upname=wiki.png HTTP/1.1" 200 12214 "-" "Mozilla/5.0 (compatible; Barkrowler/0.9; +https://babbar.tech/crawler)"
51.15.20.50 - - [23/Jun/2021:23:37:58 +0200] "GET /pmwiki/pmwiki.php/Main/Nyilatkozatok?action=upload HTTP/1.1" 200 12358 "-" "Mozilla/5.0 (compatible; Barkrowler/0.9; +https://babbar.tech/crawler)"
51.15.20.50 - - [23/Jun/2021:23:38:07 +0200] "GET /pmwiki/pmwiki.php/Main/AzIPRJavaslat?action=diff HTTP/1.1" 200 16096 "-" "Mozilla/5.0 (compatible; Barkrowler/0.9; +https://babbar.tech/crawler)"
51.15.20.50 - - [23/Jun/2021:23:38:15 +0200] "GET /pmwiki/pmwiki.php/Main/SearchWiki?action=upload&upname=wiki.png HTTP/1.1" 200 12326 "-" "Mozilla/5.0 (compatible; Barkrowler/0.9; +https://babbar.tech/crawler)"
51.15.20.50 - - [23/Jun/2021:23:38:24 +0200] "GET /pmwiki/pmwiki.php/Main/2004Szeptember1?action=diff HTTP/1.1" 200 15558 "-" "Mozilla/5.0 (compatible; Barkrowler/0.9; +https://babbar.tech/crawler)"
51.15.20.50 - - [23/Jun/2021:23:38:33 +0200] "GET /pmwiki/pmwiki.php/Main/JuriEktbEloterjesztes HTTP/1.1" 200 17840 "-" "Mozilla/5.0 (compatible; Barkrowler/0.9; +https://babbar.tech/crawler)"
51.15.20.50 - - [23/Jun/2021:23:38:52 +0200] "GET /pmwiki/pmwiki.php/Main/JuriHPOEloterjesztes HTTP/1.1" 200 45369 "-" "Mozilla/5.0 (compatible; Barkrowler/0.9; +https://babbar.tech/crawler)"
51.15.20.50 - - [23/Jun/2021:23:39:03 +0200] "GET /pmwiki/pmwiki.php/Main/Rocard?action=upload&upname=wiki.png HTTP/1.1" 200 12261 "-" "Mozilla/5.0 (compatible; Barkrowler/0.9; +https://babbar.tech/crawler)"
51.15.20.50 - - [23/Jun/2021:23:39:12 +0200] "GET /pmwiki/pmwiki.php/Main/ADRMHib%E1i?action=edit HTTP/1.1" 200 12442 "-" "Mozilla/5.0 (compatible; Barkrowler/0.9; +https://babbar.tech/crawler)"
51.15.20.50 - - [23/Jun/2021:23:39:21 +0200] "GET /pmwiki/pmwiki.php/Main/ADRMHib%E1i?action=upload HTTP/1.1" 200 12322 "-" "Mozilla/5.0 (compatible; Barkrowler/0.9; +https://babbar.tech/crawler)"
51.15.20.50 - - [23/Jun/2021:23:39:32 +0200] "GET /pmwiki/pmwiki.php/Main/Comission-negatesDemocracy?action=upload HTTP/1.1" 200 12567 "-" "Mozilla/5.0 (compatible; Barkrowler/0.9; +https://babbar.tech/crawler)"
51.15.20.50 - - [23/Jun/2021:23:39:40 +0200] "GET /pmwiki/pmwiki.php/Main/Comission-negatesDemocracy?action=print HTTP/1.1" 200 6945 "-" "Mozilla/5.0 (compatible; Barkrowler/0.9; +https://babbar.tech/crawler)"
114.119.151.81 - - [23/Jun/2021:23:39:47 +0200] "GET /pmwiki/pmwiki.php/Main/2004Febru%e1riK%f6sz%f6netLengyelorsz%e1gnak HTTP/1.1" 200 15642 "-" "Mozilla/5.0 (Linux; Android 7.0;) AppleWebKit/537.36 (KHTML, like Gecko) Mobile Safari/537.36 (compatible; PetalBot;+https://webmaster.petalsearch.com/site/petalbot)"
51.15.20.50 - - [23/Jun/2021:23:39:50 +0200] "GET /pmwiki/pmwiki.php/Main/Comission-negatesDemocracy?action=edit HTTP/1.1" 200 12687 "-" "Mozilla/5.0 (compatible; Barkrowler/0.9; +https://babbar.tech/crawler)"
51.15.20.50 - - [23/Jun/2021:23:39:59 +0200] "GET /pmwiki/pmwiki.php/Main/Comission-negatesDemocracy?action=diff HTTP/1.1" 200 17875 "-" "Mozilla/5.0 (compatible; Barkrowler/0.9; +https://babbar.tech/crawler)"
51.15.20.50 - - [23/Jun/2021:23:40:09 +0200] "GET /pmwiki/pmwiki.php/Main/Minimum?action=upload&upname=wiki.png HTTP/1.1" 200 12278 "-" "Mozilla/5.0 (compatible; Barkrowler/0.9; +https://babbar.tech/crawler)"
51.15.20.50 - - [23/Jun/2021:23:40:18 +0200] "GET /pmwiki/pmwiki.php/Main/Gazdas%E1giOldal?action=edit HTTP/1.1" 200 12526 "-" "Mozilla/5.0 (compatible; Barkrowler/0.9; +https://babbar.tech/crawler)"
51.15.20.50 - - [23/Jun/2021:23:40:28 +0200] "GET /pmwiki/pmwiki.php/Main/Gazdas%E1giOldal?action=upload HTTP/1.1" 200 12406 "-" "Mozilla/5.0 (compatible; Barkrowler/0.9; +https://babbar.tech/crawler)"
51.15.20.50 - - [23/Jun/2021:23:40:36 +0200] "GET /pmwiki/pmwiki.php/Main/Gazdas%E1giOldal?action=print HTTP/1.1" 200 9885 "-" "Mozilla/5.0 (compatible; Barkrowler/0.9; +https://babbar.tech/crawler)"
51.15.20.50 - - [23/Jun/2021:23:40:45 +0200] "GET /pmwiki/pmwiki.php/Main/Gazdas%E1giOldal?action=diff HTTP/1.1" 200 19856 "-" "Mozilla/5.0 (compatible; Barkrowler/0.9; +https://babbar.tech/crawler)"
51.15.20.50 - - [23/Jun/2021:23:40:54 +0200] "GET /pmwiki/pmwiki.php/Main/Sajt%F3anyag?action=edit HTTP/1.1" 200 12459 "-" "Mozilla/5.0 (compatible; Barkrowler/0.9; +https://babbar.tech/crawler)"
51.15.20.50 - - [23/Jun/2021:23:41:03 +0200] "GET /pmwiki/pmwiki.php/Main/Sajt%F3anyag?action=upload HTTP/1.1" 200 12339 "-" "Mozilla/5.0 (compatible; Barkrowler/0.9; +https://babbar.tech/crawler)"
51.15.20.50 - - [23/Jun/2021:23:41:12 +0200] "GET /pmwiki/pmwiki.php/Main/Sajt%F3anyag?action=print HTTP/1.1" 200 4224 "-" "Mozilla/5.0 (compatible; Barkrowler/0.9; +https://babbar.tech/crawler)"
51.15.20.50 - - [23/Jun/2021:23:41:21 +0200] "GET /pmwiki/pmwiki.php/Main/Sajt%F3anyag?action=diff HTTP/1.1" 200 24576 "-" "Mozilla/5.0 (compatible; Barkrowler/0.9; +https://babbar.tech/crawler)"
51.15.20.50 - - [23/Jun/2021:23:41:30 +0200] "GET /pmwiki/pmwiki.php/Main/Cache?action=upload&upname=wiki.png HTTP/1.1" 200 12246 "-" "Mozilla/5.0 (compatible; Barkrowler/0.9; +https://babbar.tech/crawler)"
54.36.148.151 - - [23/Jun/2021:23:43:40 +0200] "GET /pmwiki/pmwiki.php/Main/WikiSandbox?action=upload HTTP/1.1" 200 12326 "-" "Mozilla/5.0 (compatible; AhrefsBot/7.0; +http://ahrefs.com/robot/)"
176.31.125.95 - - [23/Jun/2021:23:47:02 +0200] "GET /robots.txt HTTP/1.1" 404 1181 "-" "Mozilla/5.0 (compatible; MJ12bot/v1.4.8; http://mj12bot.com/)"
176.31.125.95 - - [23/Jun/2021:23:47:08 +0200] "GET /pmwiki/pmwiki.php/PmWiki/IncludeOtherPages?action=print HTTP/1.1" 403 30 "-" "Mozilla/5.0 (compatible; MJ12bot/v1.4.8; http://mj12bot.com/)"
176.31.125.95 - - [23/Jun/2021:23:47:11 +0200] "GET /pmwiki/pmwiki.php/PmWiki/IncludeOtherPages?action=upload HTTP/1.1" 403 30 "-" "Mozilla/5.0 (compatible; MJ12bot/v1.4.8; http://mj12bot.com/)"
176.31.125.95 - - [23/Jun/2021:23:47:18 +0200] "GET /pmwiki/pmwiki.php/PmWiki/IncludeOtherPages?action=upload&upname=wiki.png HTTP/1.1" 403 30 "-" "Mozilla/5.0 (compatible; MJ12bot/v1.4.8; http://mj12bot.com/)"
176.31.125.95 - - [23/Jun/2021:23:47:22 +0200] "GET /pmwiki/pmwiki.php/PmWiki/InitialSetupTasks HTTP/1.1" 200 15628 "-" "Mozilla/5.0 (compatible; MJ12bot/v1.4.8; http://mj12bot.com/)"
176.31.125.95 - - [23/Jun/2021:23:47:29 +0200] "GET /pmwiki/pmwiki.php/PmWiki/InitialSetupTasks?action=diff HTTP/1.1" 403 30 "-" "Mozilla/5.0 (compatible; MJ12bot/v1.4.8; http://mj12bot.com/)"
176.31.125.95 - - [23/Jun/2021:23:47:32 +0200] "GET /pmwiki/pmwiki.php/PmWiki/InitialSetupTasks?action=edit HTTP/1.1" 403 30 "-" "Mozilla/5.0 (compatible; MJ12bot/v1.4.8; http://mj12bot.com/)"
176.31.125.95 - - [23/Jun/2021:23:47:36 +0200] "GET /pmwiki/pmwiki.php/PmWiki/InitialSetupTasks?action=print HTTP/1.1" 403 30 "-" "Mozilla/5.0 (compatible; MJ12bot/v1.4.8; http://mj12bot.com/)"
176.31.125.95 - - [23/Jun/2021:23:47:45 +0200] "GET /pmwiki/pmwiki.php/PmWiki/InitialSetupTasks?action=upload HTTP/1.1" 403 30 "-" "Mozilla/5.0 (compatible; MJ12bot/v1.4.8; http://mj12bot.com/)"
176.31.125.95 - - [23/Jun/2021:23:47:51 +0200] "GET /pmwiki/pmwiki.php/PmWiki/InitialSetupTasks?action=upload&upname=wiki.png HTTP/1.1" 403 30 "-" "Mozilla/5.0 (compatible; MJ12bot/v1.4.8; http://mj12bot.com/)"
176.31.125.95 - - [23/Jun/2021:23:47:57 +0200] "GET /pmwiki/pmwiki.php/PmWiki/Installation?action=diff HTTP/1.1" 403 30 "-" "Mozilla/5.0 (compatible; MJ12bot/v1.4.8; http://mj12bot.com/)"
176.31.125.95 - - [23/Jun/2021:23:48:01 +0200] "GET /pmwiki/pmwiki.php/PmWiki/Installation?action=edit HTTP/1.1" 403 30 "-" "Mozilla/5.0 (compatible; MJ12bot/v1.4.8; http://mj12bot.com/)"
176.31.125.95 - - [23/Jun/2021:23:48:08 +0200] "GET /pmwiki/pmwiki.php/PmWiki/Installation?action=print HTTP/1.1" 403 30 "-" "Mozilla/5.0 (compatible; MJ12bot/v1.4.8; http://mj12bot.com/)"
176.31.125.95 - - [23/Jun/2021:23:48:13 +0200] "GET /pmwiki/pmwiki.php/PmWiki/Installation?action=upload HTTP/1.1" 403 30 "-" "Mozilla/5.0 (compatible; MJ12bot/v1.4.8; http://mj12bot.com/)"
176.31.125.95 - - [23/Jun/2021:23:48:18 +0200] "GET /pmwiki/pmwiki.php/PmWiki/Installation?action=upload&upname=wiki.png HTTP/1.1" 403 30 "-" "Mozilla/5.0 (compatible; MJ12bot/v1.4.8; http://mj12bot.com/)"
176.31.125.95 - - [23/Jun/2021:23:48:23 +0200] "GET /pmwiki/pmwiki.php/PmWiki/InterMap HTTP/1.1" 200 14463 "-" "Mozilla/5.0 (compatible; MJ12bot/v1.4.8; http://mj12bot.com/)"
176.31.125.95 - - [23/Jun/2021:23:48:26 +0200] "GET /pmwiki/pmwiki.php/PmWiki/InterMap?action=diff HTTP/1.1" 403 30 "-" "Mozilla/5.0 (compatible; MJ12bot/v1.4.8; http://mj12bot.com/)"
176.31.125.95 - - [23/Jun/2021:23:48:31 +0200] "GET /pmwiki/pmwiki.php/PmWiki/InterMap?action=edit HTTP/1.1" 403 30 "-" "Mozilla/5.0 (compatible; MJ12bot/v1.4.8; http://mj12bot.com/)"
176.31.125.95 - - [23/Jun/2021:23:48:34 +0200] "GET /pmwiki/pmwiki.php/PmWiki/InterMap?action=print HTTP/1.1" 403 30 "-" "Mozilla/5.0 (compatible; MJ12bot/v1.4.8; http://mj12bot.com/)"
176.31.125.95 - - [23/Jun/2021:23:48:38 +0200] "GET /pmwiki/pmwiki.php/PmWiki/InterMap?action=upload HTTP/1.1" 403 30 "-" "Mozilla/5.0 (compatible; MJ12bot/v1.4.8; http://mj12bot.com/)"
176.31.125.95 - - [23/Jun/2021:23:48:44 +0200] "GET /pmwiki/pmwiki.php/PmWiki/InterMap?action=upload&upname=wiki.png HTTP/1.1" 403 30 "-" "Mozilla/5.0 (compatible; MJ12bot/v1.4.8; http://mj12bot.com/)"
176.31.125.95 - - [23/Jun/2021:23:48:48 +0200] "GET /pmwiki/pmwiki.php/PmWiki/Internationalizations HTTP/1.1" 200 17491 "-" "Mozilla/5.0 (compatible; MJ12bot/v1.4.8; http://mj12bot.com/)"
176.31.125.95 - - [23/Jun/2021:23:48:55 +0200] "GET /pmwiki/pmwiki.php/PmWiki/Internationalizations?action=diff HTTP/1.1" 403 30 "-" "Mozilla/5.0 (compatible; MJ12bot/v1.4.8; http://mj12bot.com/)"
176.31.125.95 - - [23/Jun/2021:23:49:01 +0200] "GET /pmwiki/pmwiki.php/PmWiki/Internationalizations?action=edit HTTP/1.1" 403 30 "-" "Mozilla/5.0 (compatible; MJ12bot/v1.4.8; http://mj12bot.com/)"
176.31.125.95 - - [23/Jun/2021:23:49:08 +0200] "GET /pmwiki/pmwiki.php/PmWiki/Internationalizations?action=print HTTP/1.1" 403 30 "-" "Mozilla/5.0 (compatible; MJ12bot/v1.4.8; http://mj12bot.com/)"
176.31.125.95 - - [23/Jun/2021:23:49:13 +0200] "GET /pmwiki/pmwiki.php/PmWiki/Internationalizations?action=upload HTTP/1.1" 403 30 "-" "Mozilla/5.0 (compatible; MJ12bot/v1.4.8; http://mj12bot.com/)"
176.31.125.95 - - [23/Jun/2021:23:49:22 +0200] "GET /pmwiki/pmwiki.php/PmWiki/Internationalizations?action=upload&upname=wiki.png HTTP/1.1" 403 30 "-" "Mozilla/5.0 (compatible; MJ12bot/v1.4.8; http://mj12bot.com/)"
176.31.125.95 - - [23/Jun/2021:23:49:25 +0200] "GET /pmwiki/pmwiki.php/PmWiki/LayoutAdvanced HTTP/1.1" 200 19064 "-" "Mozilla/5.0 (compatible; MJ12bot/v1.4.8; http://mj12bot.com/)"
176.31.125.95 - - [23/Jun/2021:23:49:36 +0200] "GET /pmwiki/pmwiki.php/PmWiki/LayoutAdvanced?action=diff HTTP/1.1" 403 30 "-" "Mozilla/5.0 (compatible; MJ12bot/v1.4.8; http://mj12bot.com/)"
176.31.125.95 - - [23/Jun/2021:23:49:45 +0200] "GET /pmwiki/pmwiki.php/PmWiki/LayoutAdvanced?action=edit HTTP/1.1" 403 30 "-" "Mozilla/5.0 (compatible; MJ12bot/v1.4.8; http://mj12bot.com/)"
176.31.125.95 - - [23/Jun/2021:23:49:56 +0200] "GET /pmwiki/pmwiki.php/PmWiki/LayoutAdvanced?action=print HTTP/1.1" 403 30 "-" "Mozilla/5.0 (compatible; MJ12bot/v1.4.8; http://mj12bot.com/)"
176.31.125.95 - - [23/Jun/2021:23:50:07 +0200] "GET /pmwiki/pmwiki.php/PmWiki/LayoutAdvanced?action=upload HTTP/1.1" 403 30 "-" "Mozilla/5.0 (compatible; MJ12bot/v1.4.8; http://mj12bot.com/)"
176.31.125.95 - - [23/Jun/2021:23:50:14 +0200] "GET /pmwiki/pmwiki.php/PmWiki/LayoutAdvanced?action=upload&upname=wiki.png HTTP/1.1" 403 30 "-" "Mozilla/5.0 (compatible; MJ12bot/v1.4.8; http://mj12bot.com/)"
176.31.125.95 - - [23/Jun/2021:23:50:23 +0200] "GET /pmwiki/pmwiki.php/PmWiki/LayoutBasics HTTP/1.1" 200 16936 "-" "Mozilla/5.0 (compatible; MJ12bot/v1.4.8; http://mj12bot.com/)"
176.31.125.95 - - [23/Jun/2021:23:50:35 +0200] "GET /pmwiki/pmwiki.php/PmWiki/LayoutBasics?action=diff HTTP/1.1" 403 30 "-" "Mozilla/5.0 (compatible; MJ12bot/v1.4.8; http://mj12bot.com/)"
176.31.125.95 - - [23/Jun/2021:23:50:46 +0200] "GET /pmwiki/pmwiki.php/PmWiki/LayoutBasics?action=edit HTTP/1.1" 403 30 "-" "Mozilla/5.0 (compatible; MJ12bot/v1.4.8; http://mj12bot.com/)"
51.15.20.50 - - [23/Jun/2021:23:50:52 +0200] "GET /pmwiki/pmwiki.php/Main/Cache?action=diff&source=n&minor=y HTTP/1.1" 200 17732 "-" "Mozilla/5.0 (compatible; Barkrowler/0.9; +https://babbar.tech/crawler)"
176.31.125.95 - - [23/Jun/2021:23:50:52 +0200] "GET /pmwiki/pmwiki.php/PmWiki/LayoutBasics?action=print HTTP/1.1" 403 30 "-" "Mozilla/5.0 (compatible; MJ12bot/v1.4.8; http://mj12bot.com/)"
176.31.125.95 - - [23/Jun/2021:23:50:57 +0200] "GET /pmwiki/pmwiki.php/PmWiki/LayoutBasics?action=upload HTTP/1.1" 403 30 "-" "Mozilla/5.0 (compatible; MJ12bot/v1.4.8; http://mj12bot.com/)"
51.15.20.50 - - [23/Jun/2021:23:51:00 +0200] "GET /pmwiki/pmwiki.php/Main/Cache?action=diff&source=n&minor=n HTTP/1.1" 200 12743 "-" "Mozilla/5.0 (compatible; Barkrowler/0.9; +https://babbar.tech/crawler)"
176.31.125.95 - - [23/Jun/2021:23:51:05 +0200] "GET /pmwiki/pmwiki.php/PmWiki/LayoutBasics?action=upload&upname=wiki.png HTTP/1.1" 403 30 "-" "Mozilla/5.0 (compatible; MJ12bot/v1.4.8; http://mj12bot.com/)"
51.15.20.50 - - [23/Jun/2021:23:51:09 +0200] "GET /pmwiki/pmwiki.php/Main/Minta?action=upload&upname=wiki.png HTTP/1.1" 200 12246 "-" "Mozilla/5.0 (compatible; Barkrowler/0.9; +https://babbar.tech/crawler)"
176.31.125.95 - - [23/Jun/2021:23:51:13 +0200] "GET /pmwiki/pmwiki.php/PmWiki/LayoutVariables HTTP/1.1" 200 17190 "-" "Mozilla/5.0 (compatible; MJ12bot/v1.4.8; http://mj12bot.com/)"
51.15.20.50 - - [23/Jun/2021:23:51:18 +0200] "GET /pmwiki/pmwiki.php/PmWiki/PmWikiPhilosophy?action=diff HTTP/1.1" 200 12982 "-" "Mozilla/5.0 (compatible; Barkrowler/0.9; +https://babbar.tech/crawler)"
176.31.125.95 - - [23/Jun/2021:23:51:19 +0200] "GET /pmwiki/pmwiki.php/PmWiki/LayoutVariables?action=diff HTTP/1.1" 403 30 "-" "Mozilla/5.0 (compatible; MJ12bot/v1.4.8; http://mj12bot.com/)"
176.31.125.95 - - [23/Jun/2021:23:51:26 +0200] "GET /pmwiki/pmwiki.php/PmWiki/LayoutVariables?action=edit HTTP/1.1" 403 30 "-" "Mozilla/5.0 (compatible; MJ12bot/v1.4.8; http://mj12bot.com/)"
51.15.20.50 - - [23/Jun/2021:23:51:27 +0200] "GET /pmwiki/pmwiki.php/PmWiki/PmWikiPhilosophy?action=upload HTTP/1.1" 200 12443 "-" "Mozilla/5.0 (compatible; Barkrowler/0.9; +https://babbar.tech/crawler)"
176.31.125.95 - - [23/Jun/2021:23:51:33 +0200] "GET /pmwiki/pmwiki.php/PmWiki/LayoutVariables?action=print HTTP/1.1" 403 30 "-" "Mozilla/5.0 (compatible; MJ12bot/v1.4.8; http://mj12bot.com/)"
51.15.20.50 - - [23/Jun/2021:23:51:36 +0200] "GET /pmwiki/pmwiki.php/PmWiki/PmWikiPhilosophy?action=print HTTP/1.1" 200 7128 "-" "Mozilla/5.0 (compatible; Barkrowler/0.9; +https://babbar.tech/crawler)"
176.31.125.95 - - [23/Jun/2021:23:51:41 +0200] "GET /pmwiki/pmwiki.php/PmWiki/LayoutVariables?action=upload HTTP/1.1" 403 30 "-" "Mozilla/5.0 (compatible; MJ12bot/v1.4.8; http://mj12bot.com/)"
51.15.20.50 - - [23/Jun/2021:23:51:45 +0200] "GET /pmwiki/pmwiki.php/PmWiki/I18nVariables?action=diff HTTP/1.1" 200 12929 "-" "Mozilla/5.0 (compatible; Barkrowler/0.9; +https://babbar.tech/crawler)"
176.31.125.95 - - [23/Jun/2021:23:51:50 +0200] "GET /pmwiki/pmwiki.php/PmWiki/LayoutVariables?action=upload&upname=wiki.png HTTP/1.1" 403 30 "-" "Mozilla/5.0 (compatible; MJ12bot/v1.4.8; http://mj12bot.com/)"
51.15.20.50 - - [23/Jun/2021:23:51:54 +0200] "GET /pmwiki/pmwiki.php/PmWiki/I18nVariables?action=upload HTTP/1.1" 200 12396 "-" "Mozilla/5.0 (compatible; Barkrowler/0.9; +https://babbar.tech/crawler)"
176.31.125.95 - - [23/Jun/2021:23:51:59 +0200] "GET /pmwiki/pmwiki.php/PmWiki/LinkVariables HTTP/1.1" 200 17801 "-" "Mozilla/5.0 (compatible; MJ12bot/v1.4.8; http://mj12bot.com/)"
51.15.20.50 - - [23/Jun/2021:23:52:03 +0200] "GET /pmwiki/pmwiki.php/PmWiki/I18nVariables?action=print HTTP/1.1" 200 2936 "-" "Mozilla/5.0 (compatible; Barkrowler/0.9; +https://babbar.tech/crawler)"
176.31.125.95 - - [23/Jun/2021:23:52:06 +0200] "GET /pmwiki/pmwiki.php/PmWiki/LinkVariables?action=diff HTTP/1.1" 403 30 "-" "Mozilla/5.0 (compatible; MJ12bot/v1.4.8; http://mj12bot.com/)"
51.15.20.50 - - [23/Jun/2021:23:52:12 +0200] "GET /pmwiki/pmwiki.php/API/API?action=diff&source=n&minor=y HTTP/1.1" 200 12688 "-" "Mozilla/5.0 (compatible; Barkrowler/0.9; +https://babbar.tech/crawler)"
176.31.125.95 - - [23/Jun/2021:23:52:13 +0200] "GET /pmwiki/pmwiki.php/PmWiki/LinkVariables?action=edit HTTP/1.1" 403 30 "-" "Mozilla/5.0 (compatible; MJ12bot/v1.4.8; http://mj12bot.com/)"
