176.9.58.227 - - [17/Jan/2023:22:47:46 +0100] "GET /pmwiki/pmwiki.php/PmWiki/PageHistory?action=diff&source=n&minor=y HTTP/1.1" 200 12893 "-" "Mozilla/5.0 (compatible; MegaIndex.ru/2.0; +http://megaindex.com/crawler)"
217.113.194.112 - - [17/Jan/2023:22:47:48 +0100] "GET /pmwiki/pmwiki.php/Profiles/Robert?action=upload&upname=wiki.png HTTP/1.1" 200 12333 "-" "Mozilla/5.0 (compatible; Barkrowler/0.9; +https://babbar.tech/crawler)"
176.9.58.227 - - [17/Jan/2023:22:47:50 +0100] "GET /pmwiki/pmwiki.php/PmWiki/PageHistory?action=diff&source=y&minor=n HTTP/1.1" 200 12893 "-" "Mozilla/5.0 (compatible; MegaIndex.ru/2.0; +http://megaindex.com/crawler)"
176.9.58.227 - - [17/Jan/2023:22:47:56 +0100] "GET /pmwiki/pmwiki.php/PmWiki/LocalCustomizations?action=diff&source=n&minor=y HTTP/1.1" 200 13035 "-" "Mozilla/5.0 (compatible; MegaIndex.ru/2.0; +http://megaindex.com/crawler)"
176.9.58.227 - - [17/Jan/2023:22:47:58 +0100] "GET /pmwiki/pmwiki.php/PmWiki/LocalCustomizations?action=diff&source=y&minor=n HTTP/1.1" 200 13035 "-" "Mozilla/5.0 (compatible; MegaIndex.ru/2.0; +http://megaindex.com/crawler)"
176.9.58.227 - - [17/Jan/2023:22:48:03 +0100] "GET /pmwiki/pmwiki.php/PmWiki/LayoutAdvanced?action=diff&source=n&minor=y HTTP/1.1" 200 12946 "-" "Mozilla/5.0 (compatible; MegaIndex.ru/2.0; +http://megaindex.com/crawler)"
217.113.194.105 - - [17/Jan/2023:22:48:04 +0100] "GET /pmwiki/pmwiki.php/Profiles/Profiles?action=diff&source=n&minor=y HTTP/1.1" 200 12876 "-" "Mozilla/5.0 (compatible; Barkrowler/0.9; +https://babbar.tech/crawler)"
176.9.58.227 - - [17/Jan/2023:22:48:07 +0100] "GET /pmwiki/pmwiki.php/PmWiki/LayoutAdvanced?action=diff&source=y&minor=n HTTP/1.1" 200 12946 "-" "Mozilla/5.0 (compatible; MegaIndex.ru/2.0; +http://megaindex.com/crawler)"
176.9.58.227 - - [17/Jan/2023:22:48:11 +0100] "GET /pmwiki/pmwiki.php/PmWiki/PerGroupCustomizations?action=diff&source=n&minor=y HTTP/1.1" 200 13091 "-" "Mozilla/5.0 (compatible; MegaIndex.ru/2.0; +http://megaindex.com/crawler)"
176.9.58.227 - - [17/Jan/2023:22:48:14 +0100] "GET /pmwiki/pmwiki.php/PmWiki/PerGroupCustomizations?action=diff&source=y&minor=n HTTP/1.1" 200 13091 "-" "Mozilla/5.0 (compatible; MegaIndex.ru/2.0; +http://megaindex.com/crawler)"
176.9.58.227 - - [17/Jan/2023:22:48:18 +0100] "GET /pmwiki/pmwiki.php/PmWiki/WikiFarms?action=diff&source=n&minor=n HTTP/1.1" 200 12856 "-" "Mozilla/5.0 (compatible; MegaIndex.ru/2.0; +http://megaindex.com/crawler)"
217.113.194.120 - - [17/Jan/2023:22:48:19 +0100] "GET /pmwiki/pmwiki.php/Profiles/Profiles?action=diff&source=n&minor=n HTTP/1.1" 200 12876 "-" "Mozilla/5.0 (compatible; Barkrowler/0.9; +https://babbar.tech/crawler)"
176.9.58.227 - - [17/Jan/2023:22:48:22 +0100] "GET /pmwiki/pmwiki.php/PmWiki/WikiFarms?action=diff&source=y&minor=y HTTP/1.1" 200 12856 "-" "Mozilla/5.0 (compatible; MegaIndex.ru/2.0; +http://megaindex.com/crawler)"
176.9.58.227 - - [17/Jan/2023:22:48:26 +0100] "GET /pmwiki/pmwiki.php/PmWiki/PasswordsAdmin?action=diff&source=n&minor=y HTTP/1.1" 200 12947 "-" "Mozilla/5.0 (compatible; MegaIndex.ru/2.0; +http://megaindex.com/crawler)"
176.9.58.227 - - [17/Jan/2023:22:48:29 +0100] "GET /pmwiki/pmwiki.php/PmWiki/PasswordsAdmin?action=diff&source=y&minor=n HTTP/1.1" 200 12947 "-" "Mozilla/5.0 (compatible; MegaIndex.ru/2.0; +http://megaindex.com/crawler)"
176.9.58.227 - - [17/Jan/2023:22:48:32 +0100] "GET /pmwiki/pmwiki.php/Main/GroupAttributes?action=diff&source=n&minor=n HTTP/1.1" 200 12927 "-" "Mozilla/5.0 (compatible; MegaIndex.ru/2.0; +http://megaindex.com/crawler)"
217.113.194.68 - - [17/Jan/2023:22:48:34 +0100] "GET /pmwiki/pmwiki.php/Profiles/Ed?action=diff&source=y&minor=y HTTP/1.1" 200 12768 "-" "Mozilla/5.0 (compatible; Barkrowler/0.9; +https://babbar.tech/crawler)"
176.9.58.227 - - [17/Jan/2023:22:48:35 +0100] "GET /pmwiki/pmwiki.php/Main/GroupAttributes?action=diff&source=y&minor=y HTTP/1.1" 200 12927 "-" "Mozilla/5.0 (compatible; MegaIndex.ru/2.0; +http://megaindex.com/crawler)"
176.9.58.227 - - [17/Jan/2023:22:48:39 +0100] "GET /pmwiki/pmwiki.php/PmWiki/GroupAttributes?action=diff&source=n&minor=n HTTP/1.1" 200 12965 "-" "Mozilla/5.0 (compatible; MegaIndex.ru/2.0; +http://megaindex.com/crawler)"
176.9.58.227 - - [17/Jan/2023:22:48:43 +0100] "GET /pmwiki/pmwiki.php/PmWiki/GroupAttributes?action=diff&source=y&minor=y HTTP/1.1" 200 12965 "-" "Mozilla/5.0 (compatible; MegaIndex.ru/2.0; +http://megaindex.com/crawler)"
176.9.58.227 - - [17/Jan/2023:22:48:47 +0100] "GET /pmwiki/pmwiki.php/PmWiki/UploadsAdmin?action=diff&source=n&minor=y HTTP/1.1" 200 12910 "-" "Mozilla/5.0 (compatible; MegaIndex.ru/2.0; +http://megaindex.com/crawler)"
176.9.58.227 - - [17/Jan/2023:22:48:49 +0100] "GET /pmwiki/pmwiki.php/PmWiki/UploadsAdmin?action=diff&source=y&minor=n HTTP/1.1" 200 12910 "-" "Mozilla/5.0 (compatible; MegaIndex.ru/2.0; +http://megaindex.com/crawler)"
217.113.194.118 - - [17/Jan/2023:22:48:50 +0100] "GET /pmwiki/pmwiki.php/Profiles/Ed?action=diff&source=y&minor=n HTTP/1.1" 200 12768 "-" "Mozilla/5.0 (compatible; Barkrowler/0.9; +https://babbar.tech/crawler)"
176.9.58.227 - - [17/Jan/2023:22:48:54 +0100] "GET /pmwiki/pmwiki.php/PmWiki/UploadVariables?action=diff&source=n&minor=n HTTP/1.1" 200 12965 "-" "Mozilla/5.0 (compatible; MegaIndex.ru/2.0; +http://megaindex.com/crawler)"
176.9.58.227 - - [17/Jan/2023:22:48:58 +0100] "GET /pmwiki/pmwiki.php/PmWiki/UploadVariables?action=diff&source=y&minor=y HTTP/1.1" 200 12965 "-" "Mozilla/5.0 (compatible; MegaIndex.ru/2.0; +http://megaindex.com/crawler)"
217.113.194.109 - - [17/Jan/2023:22:49:05 +0100] "GET /pmwiki/pmwiki.php/Profiles/Xmouse?action=diff&source=n&minor=y HTTP/1.1" 200 12840 "-" "Mozilla/5.0 (compatible; Barkrowler/0.9; +https://babbar.tech/crawler)"
176.9.58.227 - - [17/Jan/2023:22:49:09 +0100] "GET /pmwiki/pmwiki.php/PmWiki/Internationalizations?action=diff&source=n&minor=y HTTP/1.1" 200 13072 "-" "Mozilla/5.0 (compatible; MegaIndex.ru/2.0; +http://megaindex.com/crawler)"
176.9.58.227 - - [17/Jan/2023:22:49:12 +0100] "GET /pmwiki/pmwiki.php/PmWiki/Internationalizations?action=diff&source=y&minor=n HTTP/1.1" 200 13072 "-" "Mozilla/5.0 (compatible; MegaIndex.ru/2.0; +http://megaindex.com/crawler)"
176.9.58.227 - - [17/Jan/2023:22:49:16 +0100] "GET /pmwiki/pmwiki.php/PmWiki/MailPosts?action=diff&source=n&minor=y HTTP/1.1" 200 12857 "-" "Mozilla/5.0 (compatible; MegaIndex.ru/2.0; +http://megaindex.com/crawler)"
176.9.58.227 - - [17/Jan/2023:22:49:20 +0100] "GET /pmwiki/pmwiki.php/PmWiki/MailPosts?action=diff&source=y&minor=n HTTP/1.1" 200 12857 "-" "Mozilla/5.0 (compatible; MegaIndex.ru/2.0; +http://megaindex.com/crawler)"
217.113.194.67 - - [17/Jan/2023:22:49:20 +0100] "GET /pmwiki/pmwiki.php/Profiles/Xmouse?action=diff&source=n&minor=n HTTP/1.1" 200 12840 "-" "Mozilla/5.0 (compatible; Barkrowler/0.9; +https://babbar.tech/crawler)"
176.9.58.227 - - [17/Jan/2023:22:49:23 +0100] "GET /pmwiki/pmwiki.php/PmWiki/CustomInterMap?action=diff&source=n&minor=y HTTP/1.1" 200 12948 "-" "Mozilla/5.0 (compatible; MegaIndex.ru/2.0; +http://megaindex.com/crawler)"
176.9.58.227 - - [17/Jan/2023:22:49:28 +0100] "GET /pmwiki/pmwiki.php/PmWiki/CustomInterMap?action=diff&source=y&minor=n HTTP/1.1" 200 12948 "-" "Mozilla/5.0 (compatible; MegaIndex.ru/2.0; +http://megaindex.com/crawler)"
176.9.58.227 - - [17/Jan/2023:22:49:32 +0100] "GET /pmwiki/pmwiki.php/PmWiki/CustomMarkup?action=diff&source=n&minor=y HTTP/1.1" 200 12911 "-" "Mozilla/5.0 (compatible; MegaIndex.ru/2.0; +http://megaindex.com/crawler)"
217.113.194.75 - - [17/Jan/2023:22:49:36 +0100] "GET /pmwiki/pmwiki.php/Profiles/Df?action=diff&source=y&minor=y HTTP/1.1" 200 12768 "-" "Mozilla/5.0 (compatible; Barkrowler/0.9; +https://babbar.tech/crawler)"
176.9.58.227 - - [17/Jan/2023:22:49:36 +0100] "GET /pmwiki/pmwiki.php/PmWiki/CustomMarkup?action=diff&source=y&minor=n HTTP/1.1" 200 12911 "-" "Mozilla/5.0 (compatible; MegaIndex.ru/2.0; +http://megaindex.com/crawler)"
176.9.58.227 - - [17/Jan/2023:22:49:40 +0100] "GET /pmwiki/pmwiki.php/PmWiki/CustomWikiStyles?action=diff&source=n&minor=y HTTP/1.1" 200 12982 "-" "Mozilla/5.0 (compatible; MegaIndex.ru/2.0; +http://megaindex.com/crawler)"
176.9.58.227 - - [17/Jan/2023:22:49:44 +0100] "GET /pmwiki/pmwiki.php/PmWiki/CustomWikiStyles?action=diff&source=y&minor=n HTTP/1.1" 200 12982 "-" "Mozilla/5.0 (compatible; MegaIndex.ru/2.0; +http://megaindex.com/crawler)"
176.9.58.227 - - [17/Jan/2023:22:49:49 +0100] "GET /pmwiki/pmwiki.php/PmWiki/RefCount?action=diff&source=n&minor=y HTTP/1.1" 200 12839 "-" "Mozilla/5.0 (compatible; MegaIndex.ru/2.0; +http://megaindex.com/crawler)"
217.113.194.109 - - [17/Jan/2023:22:49:51 +0100] "GET /pmwiki/pmwiki.php/Profiles/Df?action=diff&source=y&minor=n HTTP/1.1" 200 12768 "-" "Mozilla/5.0 (compatible; Barkrowler/0.9; +https://babbar.tech/crawler)"
176.9.58.227 - - [17/Jan/2023:22:49:53 +0100] "GET /pmwiki/pmwiki.php/PmWiki/RefCount?action=diff&source=y&minor=n HTTP/1.1" 200 12839 "-" "Mozilla/5.0 (compatible; MegaIndex.ru/2.0; +http://megaindex.com/crawler)"
176.9.58.227 - - [17/Jan/2023:22:49:56 +0100] "GET /pmwiki/pmwiki.php/PmWiki/RSS?action=diff&source=n&minor=y HTTP/1.1" 200 12749 "-" "Mozilla/5.0 (compatible; MegaIndex.ru/2.0; +http://megaindex.com/crawler)"
176.9.58.227 - - [17/Jan/2023:22:50:00 +0100] "GET /pmwiki/pmwiki.php/PmWiki/RSS?action=diff&source=y&minor=n HTTP/1.1" 200 12749 "-" "Mozilla/5.0 (compatible; MegaIndex.ru/2.0; +http://megaindex.com/crawler)"
176.9.58.227 - - [17/Jan/2023:22:50:04 +0100] "GET /pmwiki/pmwiki.php/PmWiki/UrlApprovals?action=diff&source=n&minor=y HTTP/1.1" 200 12910 "-" "Mozilla/5.0 (compatible; MegaIndex.ru/2.0; +http://megaindex.com/crawler)"
217.113.194.67 - - [17/Jan/2023:22:50:06 +0100] "GET /pmwiki/pmwiki.php/Profiles/V6?action=diff&source=y&minor=y HTTP/1.1" 200 12768 "-" "Mozilla/5.0 (compatible; Barkrowler/0.9; +https://babbar.tech/crawler)"
176.9.58.227 - - [17/Jan/2023:22:50:07 +0100] "GET /pmwiki/pmwiki.php/PmWiki/UrlApprovals?action=diff&source=y&minor=n HTTP/1.1" 200 12910 "-" "Mozilla/5.0 (compatible; MegaIndex.ru/2.0; +http://megaindex.com/crawler)"
176.9.58.227 - - [17/Jan/2023:22:50:12 +0100] "GET /pmwiki/pmwiki.php/PmWiki/AvailableActions?action=diff&source=n&minor=y HTTP/1.1" 200 12983 "-" "Mozilla/5.0 (compatible; MegaIndex.ru/2.0; +http://megaindex.com/crawler)"
176.9.58.227 - - [17/Jan/2023:22:50:15 +0100] "GET /pmwiki/pmwiki.php/PmWiki/AvailableActions?action=diff&source=y&minor=n HTTP/1.1" 200 12983 "-" "Mozilla/5.0 (compatible; MegaIndex.ru/2.0; +http://megaindex.com/crawler)"
176.9.58.227 - - [17/Jan/2023:22:50:18 +0100] "GET /pmwiki/pmwiki.php/PmWiki/Variables?action=diff&source=n&minor=y HTTP/1.1" 200 12857 "-" "Mozilla/5.0 (compatible; MegaIndex.ru/2.0; +http://megaindex.com/crawler)"
217.113.194.97 - - [17/Jan/2023:22:50:22 +0100] "GET /pmwiki/pmwiki.php/Profiles/V6?action=diff&source=y&minor=n HTTP/1.1" 200 12768 "-" "Mozilla/5.0 (compatible; Barkrowler/0.9; +https://babbar.tech/crawler)"
176.9.58.227 - - [17/Jan/2023:22:50:22 +0100] "GET /pmwiki/pmwiki.php/PmWiki/Variables?action=diff&source=y&minor=n HTTP/1.1" 200 12857 "-" "Mozilla/5.0 (compatible; MegaIndex.ru/2.0; +http://megaindex.com/crawler)"
176.9.58.227 - - [17/Jan/2023:22:50:26 +0100] "GET /pmwiki/pmwiki.php/PmWiki/I18nVariables?action=diff&source=n&minor=n HTTP/1.1" 200 12929 "-" "Mozilla/5.0 (compatible; MegaIndex.ru/2.0; +http://megaindex.com/crawler)"
176.9.58.227 - - [17/Jan/2023:22:50:30 +0100] "GET /pmwiki/pmwiki.php/PmWiki/I18nVariables?action=diff&source=y&minor=y HTTP/1.1" 200 12929 "-" "Mozilla/5.0 (compatible; MegaIndex.ru/2.0; +http://megaindex.com/crawler)"
176.9.58.227 - - [17/Jan/2023:22:50:35 +0100] "GET /pmwiki/pmwiki.php/PmWiki/Audiences?action=diff&source=n&minor=y HTTP/1.1" 200 12855 "-" "Mozilla/5.0 (compatible; MegaIndex.ru/2.0; +http://megaindex.com/crawler)"
217.113.194.101 - - [17/Jan/2023:22:50:37 +0100] "GET /pmwiki/pmwiki.php/Profiles/Itms?action=diff&source=n&minor=y HTTP/1.1" 200 12804 "-" "Mozilla/5.0 (compatible; Barkrowler/0.9; +https://babbar.tech/crawler)"
176.9.58.227 - - [17/Jan/2023:22:50:38 +0100] "GET /pmwiki/pmwiki.php/PmWiki/Audiences?action=diff&source=y&minor=n HTTP/1.1" 200 12855 "-" "Mozilla/5.0 (compatible; MegaIndex.ru/2.0; +http://megaindex.com/crawler)"
176.9.58.227 - - [17/Jan/2023:22:50:43 +0100] "GET /pmwiki/pmwiki.php/PmWiki/Contributors?action=diff&source=n&minor=y HTTP/1.1" 200 12911 "-" "Mozilla/5.0 (compatible; MegaIndex.ru/2.0; +http://megaindex.com/crawler)"
176.9.58.227 - - [17/Jan/2023:22:50:47 +0100] "GET /pmwiki/pmwiki.php/PmWiki/Contributors?action=diff&source=y&minor=n HTTP/1.1" 200 12911 "-" "Mozilla/5.0 (compatible; MegaIndex.ru/2.0; +http://megaindex.com/crawler)"
176.9.58.227 - - [17/Jan/2023:22:50:51 +0100] "GET /pmwiki/pmwiki.php/PmWiki/UpgradingFromPmWiki1?action=diff&source=n&minor=y HTTP/1.1" 200 13055 "-" "Mozilla/5.0 (compatible; MegaIndex.ru/2.0; +http://megaindex.com/crawler)"
217.113.194.127 - - [17/Jan/2023:22:50:52 +0100] "GET /pmwiki/pmwiki.php/Profiles/Itms?action=diff&source=n&minor=n HTTP/1.1" 200 12804 "-" "Mozilla/5.0 (compatible; Barkrowler/0.9; +https://babbar.tech/crawler)"
176.9.58.227 - - [17/Jan/2023:22:50:56 +0100] "GET /pmwiki/pmwiki.php/PmWiki/UpgradingFromPmWiki1?action=diff&source=y&minor=n HTTP/1.1" 200 13055 "-" "Mozilla/5.0 (compatible; MegaIndex.ru/2.0; +http://megaindex.com/crawler)"
176.9.58.227 - - [17/Jan/2023:22:50:59 +0100] "GET /pmwiki/pmwiki.php/PmWiki/PatrickMichaud?action=diff&source=n&minor=y HTTP/1.1" 200 12944 "-" "Mozilla/5.0 (compatible; MegaIndex.ru/2.0; +http://megaindex.com/crawler)"
217.113.194.123 - - [17/Jan/2023:22:51:08 +0100] "GET /pmwiki/pmwiki.php/Profiles/Mikei?action=upload&upname=wiki.png HTTP/1.1" 200 12317 "-" "Mozilla/5.0 (compatible; Barkrowler/0.9; +https://babbar.tech/crawler)"
217.113.194.92 - - [17/Jan/2023:22:51:23 +0100] "GET /pmwiki/pmwiki.php/Profiles/Mag?action=upload&upname=wiki.png HTTP/1.1" 200 12285 "-" "Mozilla/5.0 (compatible; Barkrowler/0.9; +https://babbar.tech/crawler)"
217.113.194.122 - - [17/Jan/2023:22:51:38 +0100] "GET /pmwiki/pmwiki.php/Profiles/DirectPhone?action=diff&source=n&minor=y HTTP/1.1" 200 12930 "-" "Mozilla/5.0 (compatible; Barkrowler/0.9; +https://babbar.tech/crawler)"
217.113.194.123 - - [17/Jan/2023:22:51:54 +0100] "GET /pmwiki/pmwiki.php/Profiles/DirectPhone?action=diff&source=n&minor=n HTTP/1.1" 200 12930 "-" "Mozilla/5.0 (compatible; Barkrowler/0.9; +https://babbar.tech/crawler)"
217.113.194.66 - - [17/Jan/2023:22:52:09 +0100] "GET /pmwiki/pmwiki.php/UTF8/UTF8?action=diff&source=n&minor=y HTTP/1.1" 200 12728 "-" "Mozilla/5.0 (compatible; Barkrowler/0.9; +https://babbar.tech/crawler)"
217.113.194.101 - - [17/Jan/2023:22:52:24 +0100] "GET /pmwiki/pmwiki.php/UTF8/UTF8?action=diff&source=n&minor=n HTTP/1.1" 200 12728 "-" "Mozilla/5.0 (compatible; Barkrowler/0.9; +https://babbar.tech/crawler)"
217.113.194.110 - - [17/Jan/2023:22:52:41 +0100] "GET /pmwiki/pmwiki.php/Main/WikiSandbox?action=diff&source=n&minor=n HTTP/1.1" 200 126452 "-" "Mozilla/5.0 (compatible; Barkrowler/0.9; +https://babbar.tech/crawler)"
217.113.194.76 - - [17/Jan/2023:22:52:56 +0100] "GET /pmwiki/pmwiki.php/PmWiki/FreeLinks?action=upload&upname=wiki.png HTTP/1.1" 200 12347 "-" "Mozilla/5.0 (compatible; Barkrowler/0.9; +https://babbar.tech/crawler)"
176.9.58.227 - - [17/Jan/2023:22:53:10 +0100] "GET /pmwiki/pmwiki.php/PmWiki/PatrickMichaud?action=diff&source=n&minor=y HTTP/1.1" 200 12944 "-" "Mozilla/5.0 (compatible; MegaIndex.ru/2.0; +http://megaindex.com/crawler)"
217.113.194.69 - - [17/Jan/2023:22:53:11 +0100] "GET /pmwiki/pmwiki.php/API/PZZ?action=diff&source=n&minor=y HTTP/1.1" 200 12691 "-" "Mozilla/5.0 (compatible; Barkrowler/0.9; +https://babbar.tech/crawler)"
176.9.58.227 - - [17/Jan/2023:22:53:12 +0100] "GET /pmwiki/pmwiki.php/PmWiki/PatrickMichaud?action=diff&source=y&minor=n HTTP/1.1" 200 12944 "-" "Mozilla/5.0 (compatible; MegaIndex.ru/2.0; +http://megaindex.com/crawler)"
176.9.58.227 - - [17/Jan/2023:22:53:14 +0100] "GET /pmwiki/pmwiki.php/PmWiki/LinkVariables?action=diff&source=n&minor=y HTTP/1.1" 200 12929 "-" "Mozilla/5.0 (compatible; MegaIndex.ru/2.0; +http://megaindex.com/crawler)"
176.9.58.227 - - [17/Jan/2023:22:53:15 +0100] "GET /pmwiki/pmwiki.php/PmWiki/LinkVariables?action=diff&source=y&minor=n HTTP/1.1" 200 12929 "-" "Mozilla/5.0 (compatible; MegaIndex.ru/2.0; +http://megaindex.com/crawler)"
176.9.58.227 - - [17/Jan/2023:22:53:18 +0100] "GET /pmwiki/pmwiki.php/PmWiki/LayoutVariables?action=diff&source=n&minor=y HTTP/1.1" 200 12964 "-" "Mozilla/5.0 (compatible; MegaIndex.ru/2.0; +http://megaindex.com/crawler)"
176.9.58.227 - - [17/Jan/2023:22:53:23 +0100] "GET /pmwiki/pmwiki.php/PmWiki/LayoutVariables?action=diff&source=y&minor=n HTTP/1.1" 200 12964 "-" "Mozilla/5.0 (compatible; MegaIndex.ru/2.0; +http://megaindex.com/crawler)"
176.9.58.227 - - [17/Jan/2023:22:53:26 +0100] "GET /pmwiki/pmwiki.php/PmWiki/EditVariables?action=diff&source=n&minor=y HTTP/1.1" 200 12928 "-" "Mozilla/5.0 (compatible; MegaIndex.ru/2.0; +http://megaindex.com/crawler)"
217.113.194.84 - - [17/Jan/2023:22:53:27 +0100] "GET /pmwiki/pmwiki.php/API/PZZ?action=diff&source=n&minor=n HTTP/1.1" 200 12691 "-" "Mozilla/5.0 (compatible; Barkrowler/0.9; +https://babbar.tech/crawler)"
176.9.58.227 - - [17/Jan/2023:22:53:29 +0100] "GET /pmwiki/pmwiki.php/PmWiki/EditVariables?action=diff&source=y&minor=n HTTP/1.1" 200 12928 "-" "Mozilla/5.0 (compatible; MegaIndex.ru/2.0; +http://megaindex.com/crawler)"
176.9.58.227 - - [17/Jan/2023:22:53:32 +0100] "GET /pmwiki/pmwiki.php/PmWiki/OtherVariables?action=diff&source=n&minor=y HTTP/1.1" 200 12947 "-" "Mozilla/5.0 (compatible; MegaIndex.ru/2.0; +http://megaindex.com/crawler)"
176.9.58.227 - - [17/Jan/2023:22:53:35 +0100] "GET /pmwiki/pmwiki.php/PmWiki/OtherVariables?action=diff&source=y&minor=n HTTP/1.1" 200 12947 "-" "Mozilla/5.0 (compatible; MegaIndex.ru/2.0; +http://megaindex.com/crawler)"
176.9.58.227 - - [17/Jan/2023:22:53:37 +0100] "GET /pmwiki/pmwiki.php/PmWiki/BasicVariables?action=diff&source=n&minor=y HTTP/1.1" 200 12947 "-" "Mozilla/5.0 (compatible; MegaIndex.ru/2.0; +http://megaindex.com/crawler)"
176.9.58.227 - - [17/Jan/2023:22:53:40 +0100] "GET /pmwiki/pmwiki.php/PmWiki/BasicVariables?action=diff&source=y&minor=n HTTP/1.1" 200 12947 "-" "Mozilla/5.0 (compatible; MegaIndex.ru/2.0; +http://megaindex.com/crawler)"
217.113.194.90 - - [17/Jan/2023:22:53:42 +0100] "GET /pmwiki/pmwiki.php/API/PZZ?action=diff&source=y&minor=y HTTP/1.1" 200 12691 "-" "Mozilla/5.0 (compatible; Barkrowler/0.9; +https://babbar.tech/crawler)"
176.9.58.227 - - [17/Jan/2023:22:53:43 +0100] "GET /pmwiki/pmwiki.php/Main/K%f6zlem%e9nye?action=diff&source=n&minor=y HTTP/1.1" 200 22947 "-" "Mozilla/5.0 (compatible; MegaIndex.ru/2.0; +http://megaindex.com/crawler)"
176.9.58.227 - - [17/Jan/2023:22:53:48 +0100] "GET /pmwiki/pmwiki.php/Main/K%f6zlem%e9nye?action=diff&source=y&minor=n HTTP/1.1" 200 16147 "-" "Mozilla/5.0 (compatible; MegaIndex.ru/2.0; +http://megaindex.com/crawler)"
176.9.58.227 - - [17/Jan/2023:22:53:53 +0100] "GET /pmwiki/pmwiki.php/Main/Mintalevel0509?action=diff&source=n&minor=y HTTP/1.1" 200 23141 "-" "Mozilla/5.0 (compatible; MegaIndex.ru/2.0; +http://megaindex.com/crawler)"
217.113.194.100 - - [17/Jan/2023:22:53:57 +0100] "GET /pmwiki/pmwiki.php/API/SDV?action=diff&source=n&minor=y HTTP/1.1" 200 12691 "-" "Mozilla/5.0 (compatible; Barkrowler/0.9; +https://babbar.tech/crawler)"
176.9.58.227 - - [17/Jan/2023:22:53:58 +0100] "GET /pmwiki/pmwiki.php/Main/Mintalevel0509?action=diff&source=y&minor=n HTTP/1.1" 200 21378 "-" "Mozilla/5.0 (compatible; MegaIndex.ru/2.0; +http://megaindex.com/crawler)"
176.9.58.227 - - [17/Jan/2023:22:54:03 +0100] "GET /pmwiki/pmwiki.php/Main/Minta?action=diff&source=n&minor=y HTTP/1.1" 200 15808 "-" "Mozilla/5.0 (compatible; MegaIndex.ru/2.0; +http://megaindex.com/crawler)"
176.9.58.227 - - [17/Jan/2023:22:54:06 +0100] "GET /pmwiki/pmwiki.php/Main/Minta?action=diff&source=y&minor=n HTTP/1.1" 200 15688 "-" "Mozilla/5.0 (compatible; MegaIndex.ru/2.0; +http://megaindex.com/crawler)"
176.9.58.227 - - [17/Jan/2023:22:54:11 +0100] "GET /pmwiki/pmwiki.php/Main/EztMondjukNekik?action=diff&source=n&minor=y HTTP/1.1" 200 15515 "-" "Mozilla/5.0 (compatible; MegaIndex.ru/2.0; +http://megaindex.com/crawler)"
217.113.194.96 - - [17/Jan/2023:22:54:13 +0100] "GET /pmwiki/pmwiki.php/API/SDV?action=diff&source=n&minor=n HTTP/1.1" 200 12691 "-" "Mozilla/5.0 (compatible; Barkrowler/0.9; +https://babbar.tech/crawler)"
176.9.58.227 - - [17/Jan/2023:22:54:14 +0100] "GET /pmwiki/pmwiki.php/Main/EztMondjukNekik?action=diff&source=y&minor=n HTTP/1.1" 200 15353 "-" "Mozilla/5.0 (compatible; MegaIndex.ru/2.0; +http://megaindex.com/crawler)"
176.9.58.227 - - [17/Jan/2023:22:54:17 +0100] "GET /pmwiki/pmwiki.php/Main/TRIPSLie?action=diff&source=n&minor=y HTTP/1.1" 200 14070 "-" "Mozilla/5.0 (compatible; MegaIndex.ru/2.0; +http://megaindex.com/crawler)"
176.9.58.227 - - [17/Jan/2023:22:54:20 +0100] "GET /pmwiki/pmwiki.php/Main/TRIPSLie?action=diff&source=y&minor=n HTTP/1.1" 200 14176 "-" "Mozilla/5.0 (compatible; MegaIndex.ru/2.0; +http://megaindex.com/crawler)"
176.9.58.227 - - [17/Jan/2023:22:54:23 +0100] "GET /pmwiki/pmwiki.php/Main/SMELie?action=diff&source=n&minor=y HTTP/1.1" 200 14999 "-" "Mozilla/5.0 (compatible; MegaIndex.ru/2.0; +http://megaindex.com/crawler)"
176.9.58.227 - - [17/Jan/2023:22:54:27 +0100] "GET /pmwiki/pmwiki.php/Main/SMELie?action=diff&source=y&minor=n HTTP/1.1" 200 14710 "-" "Mozilla/5.0 (compatible; MegaIndex.ru/2.0; +http://megaindex.com/crawler)"
217.113.194.88 - - [17/Jan/2023:22:54:28 +0100] "GET /pmwiki/pmwiki.php/API/SDV?action=diff&source=y&minor=y HTTP/1.1" 200 12691 "-" "Mozilla/5.0 (compatible; Barkrowler/0.9; +https://babbar.tech/crawler)"
176.9.58.227 - - [17/Jan/2023:22:54:30 +0100] "GET /pmwiki/pmwiki.php/Main/McCreevy?action=diff&source=n&minor=y HTTP/1.1" 200 16195 "-" "Mozilla/5.0 (compatible; MegaIndex.ru/2.0; +http://megaindex.com/crawler)"
176.9.58.227 - - [17/Jan/2023:22:54:36 +0100] "GET /pmwiki/pmwiki.php/Main/McCreevy?action=diff&source=y&minor=n HTTP/1.1" 200 16154 "-" "Mozilla/5.0 (compatible; MegaIndex.ru/2.0; +http://megaindex.com/crawler)"
176.9.58.227 - - [17/Jan/2023:22:54:43 +0100] "GET /pmwiki/pmwiki.php/Emeltdijas/Emeltdijas?action=diff&source=n&minor=y HTTP/1.1" 200 12950 "-" "Mozilla/5.0 (compatible; MegaIndex.ru/2.0; +http://megaindex.com/crawler)"
217.113.194.116 - - [17/Jan/2023:22:54:43 +0100] "GET /pmwiki/pmwiki.php/API/SDV?action=diff&source=y&minor=n HTTP/1.1" 200 12691 "-" "Mozilla/5.0 (compatible; Barkrowler/0.9; +https://babbar.tech/crawler)"
176.9.58.227 - - [17/Jan/2023:22:54:46 +0100] "GET /pmwiki/pmwiki.php/Emeltdijas/Emeltdijas?action=diff&source=y&minor=n HTTP/1.1" 200 12950 "-" "Mozilla/5.0 (compatible; MegaIndex.ru/2.0; +http://megaindex.com/crawler)"
176.9.58.227 - - [17/Jan/2023:22:54:49 +0100] "GET /pmwiki/pmwiki.php/PmWiki/WikiAdministrator?action=diff&source=n&minor=y HTTP/1.1" 200 12999 "-" "Mozilla/5.0 (compatible; MegaIndex.ru/2.0; +http://megaindex.com/crawler)"
176.9.58.227 - - [17/Jan/2023:22:54:52 +0100] "GET /pmwiki/pmwiki.php/PmWiki/WikiAdministrator?action=diff&source=y&minor=n HTTP/1.1" 200 12999 "-" "Mozilla/5.0 (compatible; MegaIndex.ru/2.0; +http://megaindex.com/crawler)"
176.9.58.227 - - [17/Jan/2023:22:54:56 +0100] "GET /pmwiki/pmwiki.php/PmWiki/RecentChanges?action=diff&source=n&minor=y HTTP/1.1" 200 16087 "-" "Mozilla/5.0 (compatible; MegaIndex.ru/2.0; +http://megaindex.com/crawler)"
217.113.194.121 - - [17/Jan/2023:22:54:59 +0100] "GET /pmwiki/pmwiki.php/Cookbook/EditBar?action=upload&upname=wiki.png HTTP/1.1" 200 12349 "-" "Mozilla/5.0 (compatible; Barkrowler/0.9; +https://babbar.tech/crawler)"
176.9.58.227 - - [17/Jan/2023:22:55:06 +0100] "GET /pmwiki/pmwiki.php/PmWiki/RecentChanges?action=diff&source=y&minor=n HTTP/1.1" 200 16618 "-" "Mozilla/5.0 (compatible; MegaIndex.ru/2.0; +http://megaindex.com/crawler)"
176.9.58.227 - - [17/Jan/2023:22:55:10 +0100] "GET /pmwiki/pmwiki.php/PmWiki/WikiPage?action=diff&source=n&minor=y HTTP/1.1" 200 12839 "-" "Mozilla/5.0 (compatible; MegaIndex.ru/2.0; +http://megaindex.com/crawler)"
176.9.58.227 - - [17/Jan/2023:22:55:13 +0100] "GET /pmwiki/pmwiki.php/PmWiki/WikiPage?action=diff&source=y&minor=n HTTP/1.1" 200 12839 "-" "Mozilla/5.0 (compatible; MegaIndex.ru/2.0; +http://megaindex.com/crawler)"
217.113.194.76 - - [17/Jan/2023:22:55:14 +0100] "GET /pmwiki/pmwiki.php/Profiles/Restored?action=upload&upname=wiki.png HTTP/1.1" 200 12365 "-" "Mozilla/5.0 (compatible; Barkrowler/0.9; +https://babbar.tech/crawler)"
176.9.58.227 - - [17/Jan/2023:22:55:17 +0100] "GET /pmwiki/pmwiki.php/PmWiki/IncludeOtherPages?action=diff&source=n&minor=y HTTP/1.1" 200 13002 "-" "Mozilla/5.0 (compatible; MegaIndex.ru/2.0; +http://megaindex.com/crawler)"
176.9.58.227 - - [17/Jan/2023:22:55:20 +0100] "GET /pmwiki/pmwiki.php/PmWiki/IncludeOtherPages?action=diff&source=y&minor=n HTTP/1.1" 200 13002 "-" "Mozilla/5.0 (compatible; MegaIndex.ru/2.0; +http://megaindex.com/crawler)"
176.9.58.227 - - [17/Jan/2023:22:55:23 +0100] "GET /pmwiki/pmwiki.php/PmWiki/ConditionalMarkup?action=diff&source=n&minor=y HTTP/1.1" 200 13000 "-" "Mozilla/5.0 (compatible; MegaIndex.ru/2.0; +http://megaindex.com/crawler)"
176.9.58.227 - - [17/Jan/2023:22:55:28 +0100] "GET /pmwiki/pmwiki.php/PmWiki/ConditionalMarkup?action=diff&source=y&minor=n HTTP/1.1" 200 13000 "-" "Mozilla/5.0 (compatible; MegaIndex.ru/2.0; +http://megaindex.com/crawler)"
217.113.194.79 - - [17/Jan/2023:22:55:29 +0100] "GET /pmwiki/pmwiki.php/Profiles/Restored?action=diff&source=n&minor=y HTTP/1.1" 200 12876 "-" "Mozilla/5.0 (compatible; Barkrowler/0.9; +https://babbar.tech/crawler)"
176.9.58.227 - - [17/Jan/2023:22:55:31 +0100] "GET /pmwiki/pmwiki.php/Main/AllRecentChanges?action=diff&source=n&minor=y HTTP/1.1" 200 12941 "-" "Mozilla/5.0 (compatible; MegaIndex.ru/2.0; +http://megaindex.com/crawler)"
176.9.58.227 - - [17/Jan/2023:22:55:34 +0100] "GET /pmwiki/pmwiki.php/Main/AllRecentChanges?action=diff&source=y&minor=n HTTP/1.1" 200 12941 "-" "Mozilla/5.0 (compatible; MegaIndex.ru/2.0; +http://megaindex.com/crawler)"
176.9.58.227 - - [17/Jan/2023:22:55:41 +0100] "GET /pmwiki/pmwiki.php/Main/Patentpools?action=diff&source=n&minor=n HTTP/1.1" 200 23675 "-" "Mozilla/5.0 (compatible; MegaIndex.ru/2.0; +http://megaindex.com/crawler)"
217.113.194.112 - - [17/Jan/2023:22:55:45 +0100] "GET /pmwiki/pmwiki.php/Profiles/Restored?action=diff&source=n&minor=n HTTP/1.1" 200 12876 "-" "Mozilla/5.0 (compatible; Barkrowler/0.9; +https://babbar.tech/crawler)"
176.9.58.227 - - [17/Jan/2023:22:55:45 +0100] "GET /pmwiki/pmwiki.php/Main/Patentpools?action=diff&source=y&minor=y HTTP/1.1" 200 23818 "-" "Mozilla/5.0 (compatible; MegaIndex.ru/2.0; +http://megaindex.com/crawler)"
176.9.58.227 - - [17/Jan/2023:22:55:51 +0100] "GET /pmwiki/pmwiki.php/Main/Patentpools?action=edit&restore=diff:1132225079:1132153047:&preview=y HTTP/1.1" 200 12496 "-" "Mozilla/5.0 (compatible; MegaIndex.ru/2.0; +http://megaindex.com/crawler)"
176.9.58.227 - - [17/Jan/2023:22:55:54 +0100] "GET /pmwiki/pmwiki.php/Main/Patentpools?action=edit&restore=diff:1132153047:1132153047:&preview=y HTTP/1.1" 200 12496 "-" "Mozilla/5.0 (compatible; MegaIndex.ru/2.0; +http://megaindex.com/crawler)"
176.9.58.227 - - [17/Jan/2023:22:56:00 +0100] "GET /pmwiki/pmwiki.php/Main/PDF417?action=diff&source=n&minor=n HTTP/1.1" 200 41178 "-" "Mozilla/5.0 (compatible; MegaIndex.ru/2.0; +http://megaindex.com/crawler)"
217.113.194.86 - - [17/Jan/2023:22:56:00 +0100] "GET /pmwiki/pmwiki.php/Profiles/Artisjus?action=upload&upname=wiki.png HTTP/1.1" 200 12365 "-" "Mozilla/5.0 (compatible; Barkrowler/0.9; +https://babbar.tech/crawler)"
176.9.58.227 - - [17/Jan/2023:22:56:06 +0100] "GET /pmwiki/pmwiki.php/Main/PDF417?action=diff&source=y&minor=y HTTP/1.1" 200 41617 "-" "Mozilla/5.0 (compatible; MegaIndex.ru/2.0; +http://megaindex.com/crawler)"
176.9.58.227 - - [17/Jan/2023:22:56:14 +0100] "GET /pmwiki/pmwiki.php/Main/PDF417?action=edit&restore=diff:1121366222:1121366145:&preview=y HTTP/1.1" 200 12412 "-" "Mozilla/5.0 (compatible; MegaIndex.ru/2.0; +http://megaindex.com/crawler)"
217.113.194.79 - - [17/Jan/2023:22:56:15 +0100] "GET /pmwiki/pmwiki.php/Profiles/Profiles?action=diff&source=y&minor=y HTTP/1.1" 200 12876 "-" "Mozilla/5.0 (compatible; Barkrowler/0.9; +https://babbar.tech/crawler)"
176.9.58.227 - - [17/Jan/2023:22:56:18 +0100] "GET /pmwiki/pmwiki.php/Main/PDF417?action=edit&restore=diff:1121366145:1121366145:&preview=y HTTP/1.1" 200 12412 "-" "Mozilla/5.0 (compatible; MegaIndex.ru/2.0; +http://megaindex.com/crawler)"
176.9.58.227 - - [17/Jan/2023:22:56:22 +0100] "GET /pmwiki/pmwiki.php/Main/Fsn?action=diff&source=n&minor=n HTTP/1.1" 200 13967 "-" "Mozilla/5.0 (compatible; MegaIndex.ru/2.0; +http://megaindex.com/crawler)"
176.9.58.227 - - [17/Jan/2023:22:56:25 +0100] "GET /pmwiki/pmwiki.php/Main/Fsn?action=diff&source=y&minor=y HTTP/1.1" 200 18045 "-" "Mozilla/5.0 (compatible; MegaIndex.ru/2.0; +http://megaindex.com/crawler)"
217.113.194.83 - - [17/Jan/2023:22:56:31 +0100] "GET /pmwiki/pmwiki.php/Profiles/Profiles?action=diff&source=y&minor=n HTTP/1.1" 200 12876 "-" "Mozilla/5.0 (compatible; Barkrowler/0.9; +https://babbar.tech/crawler)"
176.9.58.227 - - [17/Jan/2023:22:56:31 +0100] "GET /pmwiki/pmwiki.php/Main/Fsn?action=edit&restore=diff:1120345451:1120345094:minor&preview=y HTTP/1.1" 200 12369 "-" "Mozilla/5.0 (compatible; MegaIndex.ru/2.0; +http://megaindex.com/crawler)"
176.9.58.227 - - [17/Jan/2023:22:56:34 +0100] "GET /pmwiki/pmwiki.php/Main/Fsn?action=edit&restore=diff:1120345094:1120344127:&preview=y HTTP/1.1" 200 12364 "-" "Mozilla/5.0 (compatible; MegaIndex.ru/2.0; +http://megaindex.com/crawler)"
176.9.58.227 - - [17/Jan/2023:22:56:38 +0100] "GET /pmwiki/pmwiki.php/Main/Fsn?action=edit&restore=diff:1120344127:1120341050:minor&preview=y HTTP/1.1" 200 12369 "-" "Mozilla/5.0 (compatible; MegaIndex.ru/2.0; +http://megaindex.com/crawler)"
176.9.58.227 - - [17/Jan/2023:22:56:41 +0100] "GET /pmwiki/pmwiki.php/Main/Fsn?action=edit&restore=diff:1120341050:1120341050:minor&preview=y HTTP/1.1" 200 12369 "-" "Mozilla/5.0 (compatible; MegaIndex.ru/2.0; +http://megaindex.com/crawler)"
176.9.58.227 - - [17/Jan/2023:22:56:45 +0100] "GET /pmwiki/pmwiki.php/Main/ToughLetter?action=diff&source=n&minor=n HTTP/1.1" 200 12851 "-" "Mozilla/5.0 (compatible; MegaIndex.ru/2.0; +http://megaindex.com/crawler)"
217.113.194.125 - - [17/Jan/2023:22:56:46 +0100] "GET /pmwiki/pmwiki.php/Profiles/Xmouse?action=diff&source=y&minor=y HTTP/1.1" 200 12840 "-" "Mozilla/5.0 (compatible; Barkrowler/0.9; +https://babbar.tech/crawler)"
176.9.58.227 - - [17/Jan/2023:22:56:49 +0100] "GET /pmwiki/pmwiki.php/Main/ToughLetter?action=diff&source=y&minor=y HTTP/1.1" 200 17433 "-" "Mozilla/5.0 (compatible; MegaIndex.ru/2.0; +http://megaindex.com/crawler)"
176.9.58.227 - - [17/Jan/2023:22:57:00 +0100] "GET /pmwiki/pmwiki.php/Main/ToughLetter?action=edit&restore=diff:1119026934:1119026934:minor&preview=y HTTP/1.1" 200 12497 "-" "Mozilla/5.0 (compatible; MegaIndex.ru/2.0; +http://megaindex.com/crawler)"
217.113.194.124 - - [17/Jan/2023:22:57:01 +0100] "GET /pmwiki/pmwiki.php/Profiles/Xmouse?action=diff&source=y&minor=n HTTP/1.1" 200 12840 "-" "Mozilla/5.0 (compatible; Barkrowler/0.9; +https://babbar.tech/crawler)"
176.9.58.227 - - [17/Jan/2023:22:57:03 +0100] "GET /pmwiki/pmwiki.php/Main/JuriHPOEloterjesztes?action=diff&source=n&minor=n HTTP/1.1" 200 46830 "-" "Mozilla/5.0 (compatible; MegaIndex.ru/2.0; +http://megaindex.com/crawler)"
176.9.58.227 - - [17/Jan/2023:22:57:11 +0100] "GET /pmwiki/pmwiki.php/Main/JuriHPOEloterjesztes?action=diff&source=y&minor=y HTTP/1.1" 200 47102 "-" "Mozilla/5.0 (compatible; MegaIndex.ru/2.0; +http://megaindex.com/crawler)"
217.113.194.121 - - [17/Jan/2023:22:57:17 +0100] "GET /pmwiki/pmwiki.php/Profiles/Pm?action=diff&source=n&minor=y HTTP/1.1" 200 12768 "-" "Mozilla/5.0 (compatible; Barkrowler/0.9; +https://babbar.tech/crawler)"
176.9.58.227 - - [17/Jan/2023:22:57:17 +0100] "GET /pmwiki/pmwiki.php/Main/JuriHPOEloterjesztes?action=edit&restore=diff:1118537269:1118537269:&preview=y HTTP/1.1" 200 12636 "-" "Mozilla/5.0 (compatible; MegaIndex.ru/2.0; +http://megaindex.com/crawler)"
176.9.58.227 - - [17/Jan/2023:22:57:21 +0100] "GET /pmwiki/pmwiki.php/Main/JuriEktbEloterjesztes?action=diff&source=n&minor=n HTTP/1.1" 200 21877 "-" "Mozilla/5.0 (compatible; MegaIndex.ru/2.0; +http://megaindex.com/crawler)"
176.9.58.227 - - [17/Jan/2023:22:57:27 +0100] "GET /pmwiki/pmwiki.php/Main/JuriEktbEloterjesztes?action=diff&source=y&minor=y HTTP/1.1" 200 20997 "-" "Mozilla/5.0 (compatible; MegaIndex.ru/2.0; +http://megaindex.com/crawler)"
217.113.194.116 - - [17/Jan/2023:22:57:32 +0100] "GET /pmwiki/pmwiki.php/Profiles/Pm?action=diff&source=n&minor=n HTTP/1.1" 200 12768 "-" "Mozilla/5.0 (compatible; Barkrowler/0.9; +https://babbar.tech/crawler)"
176.9.58.227 - - [17/Jan/2023:22:57:32 +0100] "GET /pmwiki/pmwiki.php/Main/JuriEktbEloterjesztes?action=edit&restore=diff:1118535747:1118535711:&preview=y HTTP/1.1" 200 12652 "-" "Mozilla/5.0 (compatible; MegaIndex.ru/2.0; +http://megaindex.com/crawler)"
176.9.58.227 - - [17/Jan/2023:22:57:36 +0100] "GET /pmwiki/pmwiki.php/Main/JuriEktbEloterjesztes?action=edit&restore=diff:1118535711:1118535570:&preview=y HTTP/1.1" 200 12652 "-" "Mozilla/5.0 (compatible; MegaIndex.ru/2.0; +http://megaindex.com/crawler)"
176.9.58.227 - - [17/Jan/2023:22:57:40 +0100] "GET /pmwiki/pmwiki.php/Main/JuriEktbEloterjesztes?action=edit&restore=diff:1118535570:1118535447:&preview=y HTTP/1.1" 200 12652 "-" "Mozilla/5.0 (compatible; MegaIndex.ru/2.0; +http://megaindex.com/crawler)"
176.9.58.227 - - [17/Jan/2023:22:57:44 +0100] "GET /pmwiki/pmwiki.php/Main/JuriEktbEloterjesztes?action=edit&restore=diff:1118535447:1118535447:&preview=y HTTP/1.1" 200 12652 "-" "Mozilla/5.0 (compatible; MegaIndex.ru/2.0; +http://megaindex.com/crawler)"
217.113.194.102 - - [17/Jan/2023:22:57:47 +0100] "GET /pmwiki/pmwiki.php/Profiles/Pm?action=diff&source=y&minor=y HTTP/1.1" 200 12768 "-" "Mozilla/5.0 (compatible; Barkrowler/0.9; +https://babbar.tech/crawler)"
176.9.58.227 - - [17/Jan/2023:22:57:48 +0100] "GET /pmwiki/pmwiki.php/Main/JuriVelemeny?action=diff&source=n&minor=n HTTP/1.1" 200 26944 "-" "Mozilla/5.0 (compatible; MegaIndex.ru/2.0; +http://megaindex.com/crawler)"
176.9.58.227 - - [17/Jan/2023:22:57:53 +0100] "GET /pmwiki/pmwiki.php/Main/JuriVelemeny?action=diff&source=y&minor=y HTTP/1.1" 200 27056 "-" "Mozilla/5.0 (compatible; MegaIndex.ru/2.0; +http://megaindex.com/crawler)"
176.9.58.227 - - [17/Jan/2023:22:57:59 +0100] "GET /pmwiki/pmwiki.php/Main/JuriVelemeny?action=edit&restore=diff:1118535665:1118535555:&preview=y HTTP/1.1" 200 12508 "-" "Mozilla/5.0 (compatible; MegaIndex.ru/2.0; +http://megaindex.com/crawler)"
176.9.58.227 - - [17/Jan/2023:22:58:01 +0100] "GET /pmwiki/pmwiki.php/Main/JuriVelemeny?action=edit&restore=diff:1118535555:1118535341:&preview=y HTTP/1.1" 200 12508 "-" "Mozilla/5.0 (compatible; MegaIndex.ru/2.0; +http://megaindex.com/crawler)"
217.113.194.100 - - [17/Jan/2023:22:58:03 +0100] "GET /pmwiki/pmwiki.php/Profiles/Pm?action=diff&source=y&minor=n HTTP/1.1" 200 12768 "-" "Mozilla/5.0 (compatible; Barkrowler/0.9; +https://babbar.tech/crawler)"
176.9.58.227 - - [17/Jan/2023:22:58:05 +0100] "GET /pmwiki/pmwiki.php/Main/JuriVelemeny?action=edit&restore=diff:1118535341:1118535341:&preview=y HTTP/1.1" 200 12508 "-" "Mozilla/5.0 (compatible; MegaIndex.ru/2.0; +http://megaindex.com/crawler)"
176.9.58.227 - - [17/Jan/2023:22:58:09 +0100] "GET /pmwiki/pmwiki.php/Main/SearchWiki?action=diff&source=n&minor=n HTTP/1.1" 200 60945 "-" "Mozilla/5.0 (compatible; MegaIndex.ru/2.0; +http://megaindex.com/crawler)"
217.113.194.79 - - [17/Jan/2023:22:58:18 +0100] "GET /pmwiki/pmwiki.php/Profiles/Itms?action=diff&source=y&minor=y HTTP/1.1" 200 12804 "-" "Mozilla/5.0 (compatible; Barkrowler/0.9; +https://babbar.tech/crawler)"
176.9.58.227 - - [17/Jan/2023:22:58:18 +0100] "GET /pmwiki/pmwiki.php/Main/SearchWiki?action=diff&source=y&minor=y HTTP/1.1" 200 119804 "-" "Mozilla/5.0 (compatible; MegaIndex.ru/2.0; +http://megaindex.com/crawler)"
176.9.58.227 - - [17/Jan/2023:22:58:31 +0100] "GET /pmwiki/pmwiki.php/Main/SearchWiki?action=edit&restore=diff:1117581764:1117395091:&preview=y HTTP/1.1" 200 12476 "-" "Mozilla/5.0 (compatible; MegaIndex.ru/2.0; +http://megaindex.com/crawler)"
217.113.194.105 - - [17/Jan/2023:22:58:34 +0100] "GET /pmwiki/pmwiki.php/Profiles/DirectPhone?action=diff&source=y&minor=y HTTP/1.1" 200 12930 "-" "Mozilla/5.0 (compatible; Barkrowler/0.9; +https://babbar.tech/crawler)"
176.9.58.227 - - [17/Jan/2023:22:58:34 +0100] "GET /pmwiki/pmwiki.php/Main/SearchWiki?action=edit&restore=diff:1117395091:1116817436:minor&preview=y HTTP/1.1" 200 12481 "-" "Mozilla/5.0 (compatible; MegaIndex.ru/2.0; +http://megaindex.com/crawler)"
176.9.58.227 - - [17/Jan/2023:22:58:37 +0100] "GET /pmwiki/pmwiki.php/Main/SearchWiki?action=edit&restore=diff:1116817436:1114586742:minor&preview=y HTTP/1.1" 200 12481 "-" "Mozilla/5.0 (compatible; MegaIndex.ru/2.0; +http://megaindex.com/crawler)"
176.9.58.227 - - [17/Jan/2023:22:58:41 +0100] "GET /pmwiki/pmwiki.php/Main/SearchWiki?action=edit&restore=diff:1114586742:1114406846:&preview=y HTTP/1.1" 200 12476 "-" "Mozilla/5.0 (compatible; MegaIndex.ru/2.0; +http://megaindex.com/crawler)"
176.9.58.227 - - [17/Jan/2023:22:58:45 +0100] "GET /pmwiki/pmwiki.php/Main/SearchWiki?action=edit&restore=diff:1114406846:1114271497:minor&preview=y HTTP/1.1" 200 12481 "-" "Mozilla/5.0 (compatible; MegaIndex.ru/2.0; +http://megaindex.com/crawler)"
176.9.58.227 - - [17/Jan/2023:22:58:48 +0100] "GET /pmwiki/pmwiki.php/Main/SearchWiki?action=edit&restore=diff:1114271497:1114224592:&preview=y HTTP/1.1" 200 12476 "-" "Mozilla/5.0 (compatible; MegaIndex.ru/2.0; +http://megaindex.com/crawler)"
217.113.194.85 - - [17/Jan/2023:22:58:49 +0100] "GET /pmwiki/pmwiki.php/Profiles/DirectPhone?action=diff&source=y&minor=n HTTP/1.1" 200 12930 "-" "Mozilla/5.0 (compatible; Barkrowler/0.9; +https://babbar.tech/crawler)"
176.9.58.227 - - [17/Jan/2023:22:58:52 +0100] "GET /pmwiki/pmwiki.php/Main/SearchWiki?action=edit&restore=diff:1114224592:1114166141:minor&preview=y HTTP/1.1" 200 12481 "-" "Mozilla/5.0 (compatible; MegaIndex.ru/2.0; +http://megaindex.com/crawler)"
54.36.148.151 - - [17/Jan/2023:22:58:54 +0100] "GET /pmwiki/pmwiki.php/Main/EUCD?action=print HTTP/1.1" 200 3455 "-" "Mozilla/5.0 (compatible; AhrefsBot/7.0; +http://ahrefs.com/robot/)"
176.9.58.227 - - [17/Jan/2023:22:58:55 +0100] "GET /pmwiki/pmwiki.php/Main/SearchWiki?action=edit&restore=diff:1114166141:1113972551:&preview=y HTTP/1.1" 200 12476 "-" "Mozilla/5.0 (compatible; MegaIndex.ru/2.0; +http://megaindex.com/crawler)"
176.9.58.227 - - [17/Jan/2023:22:59:00 +0100] "GET /pmwiki/pmwiki.php/Main/SearchWiki?action=edit&restore=diff:1113972551:1113819958:minor&preview=y HTTP/1.1" 200 12481 "-" "Mozilla/5.0 (compatible; MegaIndex.ru/2.0; +http://megaindex.com/crawler)"
217.113.194.84 - - [17/Jan/2023:22:59:04 +0100] "GET /pmwiki/pmwiki.php/UTF8/UTF8?action=diff&source=y&minor=y HTTP/1.1" 200 12728 "-" "Mozilla/5.0 (compatible; Barkrowler/0.9; +https://babbar.tech/crawler)"
176.9.58.227 - - [17/Jan/2023:22:59:05 +0100] "GET /pmwiki/pmwiki.php/Main/SearchWiki?action=edit&restore=diff:1113819958:1113690402:&preview=y HTTP/1.1" 200 12476 "-" "Mozilla/5.0 (compatible; MegaIndex.ru/2.0; +http://megaindex.com/crawler)"
176.9.58.227 - - [17/Jan/2023:22:59:08 +0100] "GET /pmwiki/pmwiki.php/Main/SearchWiki?action=edit&restore=diff:1113690402:1098282859:minor&preview=y HTTP/1.1" 200 12481 "-" "Mozilla/5.0 (compatible; MegaIndex.ru/2.0; +http://megaindex.com/crawler)"
176.9.58.227 - - [17/Jan/2023:22:59:11 +0100] "GET /pmwiki/pmwiki.php/Main/WikiPediaban?action=diff&source=n&minor=n HTTP/1.1" 200 13352 "-" "Mozilla/5.0 (compatible; MegaIndex.ru/2.0; +http://megaindex.com/crawler)"
176.9.58.227 - - [17/Jan/2023:22:59:15 +0100] "GET /pmwiki/pmwiki.php/Main/WikiPediaban?action=diff&source=y&minor=y HTTP/1.1" 200 13373 "-" "Mozilla/5.0 (compatible; MegaIndex.ru/2.0; +http://megaindex.com/crawler)"
176.9.58.227 - - [17/Jan/2023:22:59:18 +0100] "GET /pmwiki/pmwiki.php/Main/WikiPediaban?action=edit&restore=diff:1110454460:1110454460:&preview=y HTTP/1.1" 200 12509 "-" "Mozilla/5.0 (compatible; MegaIndex.ru/2.0; +http://megaindex.com/crawler)"
217.113.194.115 - - [17/Jan/2023:22:59:20 +0100] "GET /pmwiki/pmwiki.php/UTF8/UTF8?action=diff&source=y&minor=n HTTP/1.1" 200 12728 "-" "Mozilla/5.0 (compatible; Barkrowler/0.9; +https://babbar.tech/crawler)"
176.9.58.227 - - [17/Jan/2023:22:59:21 +0100] "GET /pmwiki/pmwiki.php/Main/NoSoftwarePatents?action=diff&source=n&minor=n HTTP/1.1" 200 13447 "-" "Mozilla/5.0 (compatible; MegaIndex.ru/2.0; +http://megaindex.com/crawler)"
176.9.58.227 - - [17/Jan/2023:22:59:26 +0100] "GET /pmwiki/pmwiki.php/Main/NoSoftwarePatents?action=diff&source=y&minor=y HTTP/1.1" 200 13474 "-" "Mozilla/5.0 (compatible; MegaIndex.ru/2.0; +http://megaindex.com/crawler)"
176.9.58.227 - - [17/Jan/2023:22:59:29 +0100] "GET /pmwiki/pmwiki.php/Main/NoSoftwarePatents?action=edit&restore=diff:1108755001:1108755001:&preview=y HTTP/1.1" 200 12592 "-" "Mozilla/5.0 (compatible; MegaIndex.ru/2.0; +http://megaindex.com/crawler)"
176.9.58.227 - - [17/Jan/2023:22:59:32 +0100] "GET /pmwiki/pmwiki.php/PmWiki/Security?action=diff&source=n&minor=y HTTP/1.1" 200 12840 "-" "Mozilla/5.0 (compatible; MegaIndex.ru/2.0; +http://megaindex.com/crawler)"
217.113.194.105 - - [17/Jan/2023:22:59:35 +0100] "GET /pmwiki/pmwiki.php/PmWiki/WikiUsers?action=upload&upname=wiki.png HTTP/1.1" 200 12347 "-" "Mozilla/5.0 (compatible; Barkrowler/0.9; +https://babbar.tech/crawler)"
176.9.58.227 - - [17/Jan/2023:22:59:35 +0100] "GET /pmwiki/pmwiki.php/PmWiki/Security?action=diff&source=y&minor=n HTTP/1.1" 200 12840 "-" "Mozilla/5.0 (compatible; MegaIndex.ru/2.0; +http://megaindex.com/crawler)"
176.9.58.227 - - [17/Jan/2023:22:59:38 +0100] "GET /pmwiki/pmwiki.php/PmWiki/WikiFarms?action=diff&source=n&minor=y HTTP/1.1" 200 12856 "-" "Mozilla/5.0 (compatible; MegaIndex.ru/2.0; +http://megaindex.com/crawler)"
176.9.58.227 - - [17/Jan/2023:22:59:41 +0100] "GET /pmwiki/pmwiki.php/PmWiki/WikiFarms?action=diff&source=y&minor=n HTTP/1.1" 200 12856 "-" "Mozilla/5.0 (compatible; MegaIndex.ru/2.0; +http://megaindex.com/crawler)"
176.9.58.227 - - [17/Jan/2023:22:59:44 +0100] "GET /pmwiki/pmwiki.php/Main/GroupAttributes?action=diff&source=n&minor=y HTTP/1.1" 200 12927 "-" "Mozilla/5.0 (compatible; MegaIndex.ru/2.0; +http://megaindex.com/crawler)"
176.9.58.227 - - [17/Jan/2023:22:59:49 +0100] "GET /pmwiki/pmwiki.php/Main/GroupAttributes?action=diff&source=y&minor=n HTTP/1.1" 200 12927 "-" "Mozilla/5.0 (compatible; MegaIndex.ru/2.0; +http://megaindex.com/crawler)"
217.113.194.118 - - [17/Jan/2023:22:59:50 +0100] "GET /pmwiki/pmwiki.php/PmWiki/FreeLinks?action=diff&source=n&minor=n HTTP/1.1" 200 12856 "-" "Mozilla/5.0 (compatible; Barkrowler/0.9; +https://babbar.tech/crawler)"
176.9.58.227 - - [17/Jan/2023:22:59:52 +0100] "GET /pmwiki/pmwiki.php/PmWiki/GroupAttributes?action=diff&source=n&minor=y HTTP/1.1" 200 12965 "-" "Mozilla/5.0 (compatible; MegaIndex.ru/2.0; +http://megaindex.com/crawler)"
176.9.58.227 - - [17/Jan/2023:22:59:56 +0100] "GET /pmwiki/pmwiki.php/PmWiki/GroupAttributes?action=diff&source=y&minor=n HTTP/1.1" 200 12965 "-" "Mozilla/5.0 (compatible; MegaIndex.ru/2.0; +http://megaindex.com/crawler)"
176.9.58.227 - - [17/Jan/2023:22:59:59 +0100] "GET /pmwiki/pmwiki.php/PmWiki/UploadVariables?action=diff&source=n&minor=y HTTP/1.1" 200 12965 "-" "Mozilla/5.0 (compatible; MegaIndex.ru/2.0; +http://megaindex.com/crawler)"
176.9.58.227 - - [17/Jan/2023:23:00:02 +0100] "GET /pmwiki/pmwiki.php/PmWiki/UploadVariables?action=diff&source=y&minor=n HTTP/1.1" 200 12965 "-" "Mozilla/5.0 (compatible; MegaIndex.ru/2.0; +http://megaindex.com/crawler)"
217.113.194.77 - - [17/Jan/2023:23:00:06 +0100] "GET /pmwiki/pmwiki.php/Cookbook/EditBar?action=diff&source=n&minor=n HTTP/1.1" 200 12858 "-" "Mozilla/5.0 (compatible; Barkrowler/0.9; +https://babbar.tech/crawler)"
176.9.58.227 - - [17/Jan/2023:23:00:07 +0100] "GET /pmwiki/pmwiki.php/PmWiki/I18nVariables?action=diff&source=n&minor=y HTTP/1.1" 200 12929 "-" "Mozilla/5.0 (compatible; MegaIndex.ru/2.0; +http://megaindex.com/crawler)"
176.9.58.227 - - [17/Jan/2023:23:00:09 +0100] "GET /pmwiki/pmwiki.php/PmWiki/I18nVariables?action=diff&source=y&minor=n HTTP/1.1" 200 12929 "-" "Mozilla/5.0 (compatible; MegaIndex.ru/2.0; +http://megaindex.com/crawler)"
176.9.58.227 - - [17/Jan/2023:23:00:13 +0100] "GET /pmwiki/pmwiki.php/Main/Patentpools?action=diff&source=n&minor=y HTTP/1.1" 200 23675 "-" "Mozilla/5.0 (compatible; MegaIndex.ru/2.0; +http://megaindex.com/crawler)"
176.9.58.227 - - [17/Jan/2023:23:00:18 +0100] "GET /pmwiki/pmwiki.php/Main/Patentpools?action=diff&source=y&minor=n HTTP/1.1" 200 23818 "-" "Mozilla/5.0 (compatible; MegaIndex.ru/2.0; +http://megaindex.com/crawler)"
217.113.194.87 - - [17/Jan/2023:23:00:21 +0100] "GET /pmwiki/pmwiki.php/Cookbook/EditBar?action=diff&source=y&minor=y HTTP/1.1" 200 12858 "-" "Mozilla/5.0 (compatible; Barkrowler/0.9; +https://babbar.tech/crawler)"
176.9.58.227 - - [17/Jan/2023:23:00:26 +0100] "GET /pmwiki/pmwiki.php/Main/PDF417?action=diff&source=n&minor=y HTTP/1.1" 200 41178 "-" "Mozilla/5.0 (compatible; MegaIndex.ru/2.0; +http://megaindex.com/crawler)"
176.9.58.227 - - [17/Jan/2023:23:00:31 +0100] "GET /pmwiki/pmwiki.php/Main/PDF417?action=diff&source=y&minor=n HTTP/1.1" 200 41617 "-" "Mozilla/5.0 (compatible; MegaIndex.ru/2.0; +http://megaindex.com/crawler)"
217.113.194.84 - - [17/Jan/2023:23:00:36 +0100] "GET /pmwiki/pmwiki.php/Cookbook/EditBar?action=diff&source=y&minor=n HTTP/1.1" 200 12858 "-" "Mozilla/5.0 (compatible; Barkrowler/0.9; +https://babbar.tech/crawler)"
176.9.58.227 - - [17/Jan/2023:23:00:37 +0100] "GET /pmwiki/pmwiki.php/Main/Fsn?action=diff&source=n&minor=y HTTP/1.1" 200 18467 "-" "Mozilla/5.0 (compatible; MegaIndex.ru/2.0; +http://megaindex.com/crawler)"
176.9.58.227 - - [17/Jan/2023:23:00:41 +0100] "GET /pmwiki/pmwiki.php/Main/Fsn?action=diff&source=y&minor=n HTTP/1.1" 200 13867 "-" "Mozilla/5.0 (compatible; MegaIndex.ru/2.0; +http://megaindex.com/crawler)"
176.9.58.227 - - [17/Jan/2023:23:00:44 +0100] "GET /pmwiki/pmwiki.php/Main/ToughLetter?action=diff&source=n&minor=y HTTP/1.1" 200 17383 "-" "Mozilla/5.0 (compatible; MegaIndex.ru/2.0; +http://megaindex.com/crawler)"
176.9.58.227 - - [17/Jan/2023:23:00:51 +0100] "GET /pmwiki/pmwiki.php/Main/ToughLetter?action=diff&source=y&minor=n HTTP/1.1" 200 12851 "-" "Mozilla/5.0 (compatible; MegaIndex.ru/2.0; +http://megaindex.com/crawler)"
217.113.194.94 - - [17/Jan/2023:23:00:52 +0100] "GET /pmwiki/pmwiki.php/Profiles/Robert?action=diff&source=n&minor=y HTTP/1.1" 200 12840 "-" "Mozilla/5.0 (compatible; Barkrowler/0.9; +https://babbar.tech/crawler)"
176.9.58.227 - - [17/Jan/2023:23:00:54 +0100] "GET /pmwiki/pmwiki.php/Main/JuriHPOEloterjesztes?action=diff&source=n&minor=y HTTP/1.1" 200 46830 "-" "Mozilla/5.0 (compatible; MegaIndex.ru/2.0; +http://megaindex.com/crawler)"
176.9.58.227 - - [17/Jan/2023:23:01:01 +0100] "GET /pmwiki/pmwiki.php/Main/JuriHPOEloterjesztes?action=diff&source=y&minor=n HTTP/1.1" 200 47102 "-" "Mozilla/5.0 (compatible; MegaIndex.ru/2.0; +http://megaindex.com/crawler)"
217.113.194.66 - - [17/Jan/2023:23:01:07 +0100] "GET /pmwiki/pmwiki.php/Profiles/Robert?action=diff&source=n&minor=n HTTP/1.1" 200 12840 "-" "Mozilla/5.0 (compatible; Barkrowler/0.9; +https://babbar.tech/crawler)"
176.9.58.227 - - [17/Jan/2023:23:01:08 +0100] "GET /pmwiki/pmwiki.php/Main/JuriEktbEloterjesztes?action=diff&source=n&minor=y HTTP/1.1" 200 21877 "-" "Mozilla/5.0 (compatible; MegaIndex.ru/2.0; +http://megaindex.com/crawler)"
176.9.58.227 - - [17/Jan/2023:23:01:12 +0100] "GET /pmwiki/pmwiki.php/Main/JuriEktbEloterjesztes?action=diff&source=y&minor=n HTTP/1.1" 200 20997 "-" "Mozilla/5.0 (compatible; MegaIndex.ru/2.0; +http://megaindex.com/crawler)"
176.9.58.227 - - [17/Jan/2023:23:01:19 +0100] "GET /pmwiki/pmwiki.php/Main/JuriVelemeny?action=diff&source=n&minor=y HTTP/1.1" 200 26944 "-" "Mozilla/5.0 (compatible; MegaIndex.ru/2.0; +http://megaindex.com/crawler)"
217.113.194.100 - - [17/Jan/2023:23:01:22 +0100] "GET /pmwiki/pmwiki.php/Profiles/FMCikk?action=upload&upname=wiki.png HTTP/1.1" 200 12333 "-" "Mozilla/5.0 (compatible; Barkrowler/0.9; +https://babbar.tech/crawler)"
176.9.58.227 - - [17/Jan/2023:23:01:23 +0100] "GET /pmwiki/pmwiki.php/Main/JuriVelemeny?action=diff&source=y&minor=n HTTP/1.1" 200 27056 "-" "Mozilla/5.0 (compatible; MegaIndex.ru/2.0; +http://megaindex.com/crawler)"
176.9.58.227 - - [17/Jan/2023:23:01:29 +0100] "GET /pmwiki/pmwiki.php/Main/SearchWiki?action=diff&source=n&minor=y HTTP/1.1" 200 126662 "-" "Mozilla/5.0 (compatible; MegaIndex.ru/2.0; +http://megaindex.com/crawler)"
217.113.194.106 - - [17/Jan/2023:23:01:38 +0100] "GET /pmwiki/pmwiki.php/Profiles/ATraduire?action=upload&upname=wiki.png HTTP/1.1" 200 12381 "-" "Mozilla/5.0 (compatible; Barkrowler/0.9; +https://babbar.tech/crawler)"
176.9.58.227 - - [17/Jan/2023:23:01:40 +0100] "GET /pmwiki/pmwiki.php/Main/SearchWiki?action=diff&source=y&minor=n HTTP/1.1" 200 57795 "-" "Mozilla/5.0 (compatible; MegaIndex.ru/2.0; +http://megaindex.com/crawler)"
176.9.58.227 - - [17/Jan/2023:23:01:48 +0100] "GET /pmwiki/pmwiki.php/Main/WikiPediaban?action=diff&source=n&minor=y HTTP/1.1" 200 13352 "-" "Mozilla/5.0 (compatible; MegaIndex.ru/2.0; +http://megaindex.com/crawler)"
176.9.58.227 - - [17/Jan/2023:23:01:51 +0100] "GET /pmwiki/pmwiki.php/Main/WikiPediaban?action=diff&source=y&minor=n HTTP/1.1" 200 13373 "-" "Mozilla/5.0 (compatible; MegaIndex.ru/2.0; +http://megaindex.com/crawler)"
217.113.194.96 - - [17/Jan/2023:23:01:53 +0100] "GET /pmwiki/pmwiki.php/Profiles/Mikei?action=diff&source=y&minor=y HTTP/1.1" 200 12822 "-" "Mozilla/5.0 (compatible; Barkrowler/0.9; +https://babbar.tech/crawler)"
