176.9.58.227 - - [17/Jan/2023:22:34:26 +0100] "GET /pmwiki/pmwiki.php/Main/Lev%e9lAParlamentInformaitikaiBizotts%e1gaEln%f6k%e9nek?action=diff&source=n&minor=y HTTP/1.1" 200 15560 "-" "Mozilla/5.0 (compatible; MegaIndex.ru/2.0; +http://megaindex.com/crawler)"
176.9.58.227 - - [17/Jan/2023:22:34:29 +0100] "GET /pmwiki/pmwiki.php/Main/Lev%e9lAParlamentInformaitikaiBizotts%e1gaEln%f6k%e9nek?action=diff&source=y&minor=n HTTP/1.1" 200 15572 "-" "Mozilla/5.0 (compatible; MegaIndex.ru/2.0; +http://megaindex.com/crawler)"
217.113.194.85 - - [17/Jan/2023:22:34:30 +0100] "GET /pmwiki/pmwiki.php/Main/AzIPRJavaslat?action=diff HTTP/1.1" 200 16096 "-" "Mozilla/5.0 (compatible; Barkrowler/0.9; +https://babbar.tech/crawler)"
176.9.58.227 - - [17/Jan/2023:22:34:33 +0100] "GET /pmwiki/pmwiki.php/Main/Damokl%e9szKardjaLebegAMagyarSzoftveriparFelett?action=diff&source=n&minor=y HTTP/1.1" 200 17434 "-" "Mozilla/5.0 (compatible; MegaIndex.ru/2.0; +http://megaindex.com/crawler)"
176.9.58.227 - - [17/Jan/2023:22:34:39 +0100] "GET /pmwiki/pmwiki.php/Main/Damokl%e9szKardjaLebegAMagyarSzoftveriparFelett?action=diff&source=y&minor=n HTTP/1.1" 200 17634 "-" "Mozilla/5.0 (compatible; MegaIndex.ru/2.0; +http://megaindex.com/crawler)"
176.9.58.227 - - [17/Jan/2023:22:34:43 +0100] "GET /pmwiki/pmwiki.php/Main/2004Augusztus5?action=diff&source=n&minor=y HTTP/1.1" 200 16408 "-" "Mozilla/5.0 (compatible; MegaIndex.ru/2.0; +http://megaindex.com/crawler)"
217.113.194.92 - - [17/Jan/2023:22:34:45 +0100] "GET /pmwiki/pmwiki.php/Main/2004Szeptember1?action=diff HTTP/1.1" 200 15558 "-" "Mozilla/5.0 (compatible; Barkrowler/0.9; +https://babbar.tech/crawler)"
176.9.58.227 - - [17/Jan/2023:22:34:48 +0100] "GET /pmwiki/pmwiki.php/Main/2004Augusztus5?action=diff&source=y&minor=n HTTP/1.1" 200 16438 "-" "Mozilla/5.0 (compatible; MegaIndex.ru/2.0; +http://megaindex.com/crawler)"
176.9.58.227 - - [17/Jan/2023:22:34:54 +0100] "GET /pmwiki/pmwiki.php/Main/2004Augusztus18?action=diff&source=n&minor=y HTTP/1.1" 200 14665 "-" "Mozilla/5.0 (compatible; MegaIndex.ru/2.0; +http://megaindex.com/crawler)"
176.9.58.227 - - [17/Jan/2023:22:34:57 +0100] "GET /pmwiki/pmwiki.php/Main/2004Augusztus18?action=diff&source=y&minor=n HTTP/1.1" 200 14631 "-" "Mozilla/5.0 (compatible; MegaIndex.ru/2.0; +http://megaindex.com/crawler)"
217.113.194.102 - - [17/Jan/2023:22:35:01 +0100] "GET /pmwiki/pmwiki.php/Main/JuriEktbEloterjesztes HTTP/1.1" 200 17840 "-" "Mozilla/5.0 (compatible; Barkrowler/0.9; +https://babbar.tech/crawler)"
176.9.58.227 - - [17/Jan/2023:22:35:01 +0100] "GET /pmwiki/pmwiki.php/Main/2004Szeptember1?action=diff&source=n&minor=y HTTP/1.1" 200 15558 "-" "Mozilla/5.0 (compatible; MegaIndex.ru/2.0; +http://megaindex.com/crawler)"
176.9.58.227 - - [17/Jan/2023:22:35:04 +0100] "GET /pmwiki/pmwiki.php/Main/2004Szeptember1?action=diff&source=y&minor=n HTTP/1.1" 200 15599 "-" "Mozilla/5.0 (compatible; MegaIndex.ru/2.0; +http://megaindex.com/crawler)"
176.9.58.227 - - [17/Jan/2023:22:35:07 +0100] "GET /pmwiki/pmwiki.php/Main/2005Szeptember2?action=diff&source=n&minor=y HTTP/1.1" 200 15260 "-" "Mozilla/5.0 (compatible; MegaIndex.ru/2.0; +http://megaindex.com/crawler)"
176.9.58.227 - - [17/Jan/2023:22:35:10 +0100] "GET /pmwiki/pmwiki.php/Main/2005Szeptember2?action=diff&source=y&minor=n HTTP/1.1" 200 15280 "-" "Mozilla/5.0 (compatible; MegaIndex.ru/2.0; +http://megaindex.com/crawler)"
176.9.58.227 - - [17/Jan/2023:22:35:13 +0100] "GET /pmwiki/pmwiki.php/Main/2004Febru%e1riK%f6sz%f6netLengyelorsz%e1gnak?action=diff&source=n&minor=y HTTP/1.1" 200 17729 "-" "Mozilla/5.0 (compatible; MegaIndex.ru/2.0; +http://megaindex.com/crawler)"
217.113.194.120 - - [17/Jan/2023:22:35:16 +0100] "GET /pmwiki/pmwiki.php/Main/ADRMHib%E1i?action=edit HTTP/1.1" 200 12445 "-" "Mozilla/5.0 (compatible; Barkrowler/0.9; +https://babbar.tech/crawler)"
176.9.58.227 - - [17/Jan/2023:22:35:22 +0100] "GET /pmwiki/pmwiki.php/Main/2004Febru%e1riK%f6sz%f6netLengyelorsz%e1gnak?action=diff&source=y&minor=n HTTP/1.1" 200 18031 "-" "Mozilla/5.0 (compatible; MegaIndex.ru/2.0; +http://megaindex.com/crawler)"
176.9.58.227 - - [17/Jan/2023:22:35:25 +0100] "GET /pmwiki/pmwiki.php/Main/ATan%e1cs%c9rdembenT%e1rgyalhatASzoftverszabadalmiDirekt%edv%e1r%f3l?action=diff&source=n&minor=y HTTP/1.1" 200 18697 "-" "Mozilla/5.0 (compatible; MegaIndex.ru/2.0; +http://megaindex.com/crawler)"
176.9.58.227 - - [17/Jan/2023:22:35:28 +0100] "GET /pmwiki/pmwiki.php/Main/ATan%e1cs%c9rdembenT%e1rgyalhatASzoftverszabadalmiDirekt%edv%e1r%f3l?action=diff&source=y&minor=n HTTP/1.1" 200 19368 "-" "Mozilla/5.0 (compatible; MegaIndex.ru/2.0; +http://megaindex.com/crawler)"
217.113.194.99 - - [17/Jan/2023:22:35:32 +0100] "GET /pmwiki/pmwiki.php/Main/ADRMHib%E1i?action=upload HTTP/1.1" 200 12325 "-" "Mozilla/5.0 (compatible; Barkrowler/0.9; +https://babbar.tech/crawler)"
176.9.58.227 - - [17/Jan/2023:22:35:33 +0100] "GET /pmwiki/pmwiki.php/Main/AzEUBizotts%e1gaL%e1bbalTiporjaADemokr%e1ci%e1t?action=diff&source=n&minor=y HTTP/1.1" 200 20118 "-" "Mozilla/5.0 (compatible; MegaIndex.ru/2.0; +http://megaindex.com/crawler)"
176.9.58.227 - - [17/Jan/2023:22:35:38 +0100] "GET /pmwiki/pmwiki.php/Main/AzEUBizotts%e1gaL%e1bbalTiporjaADemokr%e1ci%e1t?action=diff&source=y&minor=n HTTP/1.1" 200 20165 "-" "Mozilla/5.0 (compatible; MegaIndex.ru/2.0; +http://megaindex.com/crawler)"
176.9.58.227 - - [17/Jan/2023:22:35:45 +0100] "GET /pmwiki/pmwiki.php/Main/2005M%e1rciusiNyilatkozat?action=diff&source=n&minor=y HTTP/1.1" 200 16519 "-" "Mozilla/5.0 (compatible; MegaIndex.ru/2.0; +http://megaindex.com/crawler)"
217.113.194.107 - - [17/Jan/2023:22:35:47 +0100] "GET /pmwiki/pmwiki.php/Main/Comission-negatesDemocracy?action=edit HTTP/1.1" 200 12687 "-" "Mozilla/5.0 (compatible; Barkrowler/0.9; +https://babbar.tech/crawler)"
176.9.58.227 - - [17/Jan/2023:22:35:50 +0100] "GET /pmwiki/pmwiki.php/Main/2005M%e1rciusiNyilatkozat?action=diff&source=y&minor=n HTTP/1.1" 200 16433 "-" "Mozilla/5.0 (compatible; MegaIndex.ru/2.0; +http://megaindex.com/crawler)"
176.9.58.227 - - [17/Jan/2023:22:35:58 +0100] "GET /pmwiki/pmwiki.php/Main/2005M%e1rciusiNy%edltLev%e9l?action=diff&source=n&minor=y HTTP/1.1" 200 15621 "-" "Mozilla/5.0 (compatible; MegaIndex.ru/2.0; +http://megaindex.com/crawler)"
176.9.58.227 - - [17/Jan/2023:22:36:02 +0100] "GET /pmwiki/pmwiki.php/Main/2005M%e1rciusiNy%edltLev%e9l?action=diff&source=y&minor=n HTTP/1.1" 200 15621 "-" "Mozilla/5.0 (compatible; MegaIndex.ru/2.0; +http://megaindex.com/crawler)"
217.113.194.126 - - [17/Jan/2023:22:36:02 +0100] "GET /pmwiki/pmwiki.php/Main/Comission-negatesDemocracy?action=diff HTTP/1.1" 200 17875 "-" "Mozilla/5.0 (compatible; Barkrowler/0.9; +https://babbar.tech/crawler)"
176.9.58.227 - - [17/Jan/2023:22:36:05 +0100] "GET /pmwiki/pmwiki.php/Main/2005M%e1rciusiK%f6z%f6sNyilatkozat?action=diff&source=n&minor=y HTTP/1.1" 200 14318 "-" "Mozilla/5.0 (compatible; MegaIndex.ru/2.0; +http://megaindex.com/crawler)"
176.9.58.227 - - [17/Jan/2023:22:36:11 +0100] "GET /pmwiki/pmwiki.php/Main/2005M%e1rciusiK%f6z%f6sNyilatkozat?action=diff&source=y&minor=n HTTP/1.1" 200 14345 "-" "Mozilla/5.0 (compatible; MegaIndex.ru/2.0; +http://megaindex.com/crawler)"
176.9.58.227 - - [17/Jan/2023:22:36:13 +0100] "GET /pmwiki/pmwiki.php/Main/2005M%e1rcius8?action=diff&source=n&minor=y HTTP/1.1" 200 33027 "-" "Mozilla/5.0 (compatible; MegaIndex.ru/2.0; +http://megaindex.com/crawler)"
217.113.194.72 - - [17/Jan/2023:22:36:18 +0100] "GET /pmwiki/pmwiki.php/Main/Minimum?action=upload&upname=wiki.png HTTP/1.1" 200 12278 "-" "Mozilla/5.0 (compatible; Barkrowler/0.9; +https://babbar.tech/crawler)"
176.9.58.227 - - [17/Jan/2023:22:36:20 +0100] "GET /pmwiki/pmwiki.php/Main/2005M%e1rcius8?action=diff&source=y&minor=n HTTP/1.1" 200 35358 "-" "Mozilla/5.0 (compatible; MegaIndex.ru/2.0; +http://megaindex.com/crawler)"
176.9.58.227 - - [17/Jan/2023:22:36:29 +0100] "GET /pmwiki/pmwiki.php/Main/2005M%e1jus?action=diff&source=n&minor=y HTTP/1.1" 200 16708 "-" "Mozilla/5.0 (compatible; MegaIndex.ru/2.0; +http://megaindex.com/crawler)"
176.9.58.227 - - [17/Jan/2023:22:36:32 +0100] "GET /pmwiki/pmwiki.php/Main/2005M%e1jus?action=diff&source=y&minor=n HTTP/1.1" 200 16670 "-" "Mozilla/5.0 (compatible; MegaIndex.ru/2.0; +http://megaindex.com/crawler)"
217.113.194.123 - - [17/Jan/2023:22:36:33 +0100] "GET /pmwiki/pmwiki.php/Main/Gazdas%E1giOldal?action=edit HTTP/1.1" 200 12526 "-" "Mozilla/5.0 (compatible; Barkrowler/0.9; +https://babbar.tech/crawler)"
176.9.58.227 - - [17/Jan/2023:22:36:36 +0100] "GET /pmwiki/pmwiki.php/Main/2005J%fanius?action=diff&source=n&minor=y HTTP/1.1" 200 17830 "-" "Mozilla/5.0 (compatible; MegaIndex.ru/2.0; +http://megaindex.com/crawler)"
176.9.58.227 - - [17/Jan/2023:22:36:40 +0100] "GET /pmwiki/pmwiki.php/Main/2005J%fanius?action=diff&source=y&minor=n HTTP/1.1" 200 17869 "-" "Mozilla/5.0 (compatible; MegaIndex.ru/2.0; +http://megaindex.com/crawler)"
176.9.58.227 - - [17/Jan/2023:22:36:46 +0100] "GET /pmwiki/pmwiki.php/Main/2005J%faniusEKTBBesz%e1mol%f3?action=diff&source=n&minor=y HTTP/1.1" 200 19642 "-" "Mozilla/5.0 (compatible; MegaIndex.ru/2.0; +http://megaindex.com/crawler)"
217.113.194.105 - - [17/Jan/2023:22:36:49 +0100] "GET /pmwiki/pmwiki.php/Main/Gazdas%E1giOldal?action=diff HTTP/1.1" 200 19856 "-" "Mozilla/5.0 (compatible; Barkrowler/0.9; +https://babbar.tech/crawler)"
176.9.58.227 - - [17/Jan/2023:22:36:51 +0100] "GET /pmwiki/pmwiki.php/Main/2005J%faniusEKTBBesz%e1mol%f3?action=diff&source=y&minor=n HTTP/1.1" 200 19930 "-" "Mozilla/5.0 (compatible; MegaIndex.ru/2.0; +http://megaindex.com/crawler)"
176.9.58.227 - - [17/Jan/2023:22:36:57 +0100] "GET /pmwiki/pmwiki.php/Main/Nyilatkozat?action=diff&source=n&minor=y HTTP/1.1" 200 20409 "-" "Mozilla/5.0 (compatible; MegaIndex.ru/2.0; +http://megaindex.com/crawler)"
217.113.194.123 - - [17/Jan/2023:22:37:04 +0100] "GET /pmwiki/pmwiki.php/Main/Sajt%F3anyag?action=upload HTTP/1.1" 200 12339 "-" "Mozilla/5.0 (compatible; Barkrowler/0.9; +https://babbar.tech/crawler)"
176.9.58.227 - - [17/Jan/2023:22:37:05 +0100] "GET /pmwiki/pmwiki.php/Main/Nyilatkozat?action=diff&source=y&minor=n HTTP/1.1" 200 20888 "-" "Mozilla/5.0 (compatible; MegaIndex.ru/2.0; +http://megaindex.com/crawler)"
176.9.58.227 - - [17/Jan/2023:22:37:09 +0100] "GET /pmwiki/pmwiki.php/Emeltdijas/Hu?action=diff&source=n&minor=y HTTP/1.1" 200 14411 "-" "Mozilla/5.0 (compatible; MegaIndex.ru/2.0; +http://megaindex.com/crawler)"
176.9.58.227 - - [17/Jan/2023:22:37:12 +0100] "GET /pmwiki/pmwiki.php/Emeltdijas/Hu?action=diff&source=y&minor=n HTTP/1.1" 200 14491 "-" "Mozilla/5.0 (compatible; MegaIndex.ru/2.0; +http://megaindex.com/crawler)"
176.9.58.227 - - [17/Jan/2023:22:37:16 +0100] "GET /pmwiki/pmwiki.php/Emeltdijas/Emeltdijas?action=diff&source=n&minor=n HTTP/1.1" 200 12950 "-" "Mozilla/5.0 (compatible; MegaIndex.ru/2.0; +http://megaindex.com/crawler)"
217.113.194.79 - - [17/Jan/2023:22:37:19 +0100] "GET /pmwiki/pmwiki.php/Main/Cache?action=upload&upname=wiki.png HTTP/1.1" 200 12246 "-" "Mozilla/5.0 (compatible; Barkrowler/0.9; +https://babbar.tech/crawler)"
176.9.58.227 - - [17/Jan/2023:22:37:20 +0100] "GET /pmwiki/pmwiki.php/Emeltdijas/Emeltdijas?action=diff&source=y&minor=y HTTP/1.1" 200 12950 "-" "Mozilla/5.0 (compatible; MegaIndex.ru/2.0; +http://megaindex.com/crawler)"
176.9.58.227 - - [17/Jan/2023:22:37:23 +0100] "GET /pmwiki/pmwiki.php/Main/Marc07PR?action=diff&source=n&minor=y HTTP/1.1" 200 15457 "-" "Mozilla/5.0 (compatible; MegaIndex.ru/2.0; +http://megaindex.com/crawler)"
176.9.58.227 - - [17/Jan/2023:22:37:27 +0100] "GET /pmwiki/pmwiki.php/Main/Marc07PR?action=diff&source=y&minor=n HTTP/1.1" 200 15617 "-" "Mozilla/5.0 (compatible; MegaIndex.ru/2.0; +http://megaindex.com/crawler)"
176.9.58.227 - - [17/Jan/2023:22:37:30 +0100] "GET /pmwiki/pmwiki.php/Main/Marc06LMEPR?action=diff&source=n&minor=y HTTP/1.1" 200 17638 "-" "Mozilla/5.0 (compatible; MegaIndex.ru/2.0; +http://megaindex.com/crawler)"
217.113.194.107 - - [17/Jan/2023:22:37:35 +0100] "GET /pmwiki/pmwiki.php/Main/Minta?action=upload&upname=wiki.png HTTP/1.1" 200 12246 "-" "Mozilla/5.0 (compatible; Barkrowler/0.9; +https://babbar.tech/crawler)"
176.9.58.227 - - [17/Jan/2023:22:37:38 +0100] "GET /pmwiki/pmwiki.php/Main/Marc06LMEPR?action=diff&source=y&minor=n HTTP/1.1" 200 17316 "-" "Mozilla/5.0 (compatible; MegaIndex.ru/2.0; +http://megaindex.com/crawler)"
176.9.58.227 - - [17/Jan/2023:22:37:42 +0100] "GET /pmwiki/pmwiki.php/Main/Bitem0304?action=diff&source=n&minor=y HTTP/1.1" 200 28044 "-" "Mozilla/5.0 (compatible; MegaIndex.ru/2.0; +http://megaindex.com/crawler)"
176.9.58.227 - - [17/Jan/2023:22:37:47 +0100] "GET /pmwiki/pmwiki.php/Main/Bitem0304?action=diff&source=y&minor=n HTTP/1.1" 200 29614 "-" "Mozilla/5.0 (compatible; MegaIndex.ru/2.0; +http://megaindex.com/crawler)"
217.113.194.103 - - [17/Jan/2023:22:37:50 +0100] "GET /pmwiki/pmwiki.php/PmWiki/I18nVariables?action=diff HTTP/1.1" 200 12929 "-" "Mozilla/5.0 (compatible; Barkrowler/0.9; +https://babbar.tech/crawler)"
176.9.58.227 - - [17/Jan/2023:22:37:52 +0100] "GET /pmwiki/pmwiki.php/Main/Comission-negatesDemocracy?action=diff&source=n&minor=y HTTP/1.1" 200 17875 "-" "Mozilla/5.0 (compatible; MegaIndex.ru/2.0; +http://megaindex.com/crawler)"
176.9.58.227 - - [17/Jan/2023:22:37:57 +0100] "GET /pmwiki/pmwiki.php/Main/Comission-negatesDemocracy?action=diff&source=y&minor=n HTTP/1.1" 200 17934 "-" "Mozilla/5.0 (compatible; MegaIndex.ru/2.0; +http://megaindex.com/crawler)"
176.9.58.227 - - [17/Jan/2023:22:38:02 +0100] "GET /pmwiki/pmwiki.php/Main/Feb08PR?action=diff&source=n&minor=y HTTP/1.1" 200 20619 "-" "Mozilla/5.0 (compatible; MegaIndex.ru/2.0; +http://megaindex.com/crawler)"
217.113.194.115 - - [17/Jan/2023:22:38:05 +0100] "GET /pmwiki/pmwiki.php/API/API?action=diff&source=n&minor=y HTTP/1.1" 200 12691 "-" "Mozilla/5.0 (compatible; Barkrowler/0.9; +https://babbar.tech/crawler)"
176.9.58.227 - - [17/Jan/2023:22:38:09 +0100] "GET /pmwiki/pmwiki.php/Main/Feb08PR?action=diff&source=y&minor=n HTTP/1.1" 200 20919 "-" "Mozilla/5.0 (compatible; MegaIndex.ru/2.0; +http://megaindex.com/crawler)"
176.9.58.227 - - [17/Jan/2023:22:38:13 +0100] "GET /pmwiki/pmwiki.php/Main/Feb09PR?action=diff&source=n&minor=y HTTP/1.1" 200 17891 "-" "Mozilla/5.0 (compatible; MegaIndex.ru/2.0; +http://megaindex.com/crawler)"
176.9.58.227 - - [17/Jan/2023:22:38:18 +0100] "GET /pmwiki/pmwiki.php/Main/Feb09PR?action=diff&source=y&minor=n HTTP/1.1" 200 18090 "-" "Mozilla/5.0 (compatible; MegaIndex.ru/2.0; +http://megaindex.com/crawler)"
217.113.194.69 - - [17/Jan/2023:22:38:21 +0100] "GET /pmwiki/pmwiki.php/API/API?action=diff&source=n&minor=n HTTP/1.1" 200 12691 "-" "Mozilla/5.0 (compatible; Barkrowler/0.9; +https://babbar.tech/crawler)"
176.9.58.227 - - [17/Jan/2023:22:38:25 +0100] "GET /pmwiki/pmwiki.php/Main/Feb03PR?action=diff&source=n&minor=y HTTP/1.1" 200 18340 "-" "Mozilla/5.0 (compatible; MegaIndex.ru/2.0; +http://megaindex.com/crawler)"
176.9.58.227 - - [17/Jan/2023:22:38:30 +0100] "GET /pmwiki/pmwiki.php/Main/Feb03PR?action=diff&source=y&minor=n HTTP/1.1" 200 18565 "-" "Mozilla/5.0 (compatible; MegaIndex.ru/2.0; +http://megaindex.com/crawler)"
217.113.194.105 - - [17/Jan/2023:22:38:36 +0100] "GET /pmwiki/pmwiki.php/Profiles/J?action=diff&source=y&minor=y HTTP/1.1" 200 12750 "-" "Mozilla/5.0 (compatible; Barkrowler/0.9; +https://babbar.tech/crawler)"
176.9.58.227 - - [17/Jan/2023:22:38:37 +0100] "GET /pmwiki/pmwiki.php/PmWiki/TextFormattingRules?action=diff&source=n&minor=y HTTP/1.1" 200 13036 "-" "Mozilla/5.0 (compatible; MegaIndex.ru/2.0; +http://megaindex.com/crawler)"
176.9.58.227 - - [17/Jan/2023:22:38:40 +0100] "GET /pmwiki/pmwiki.php/PmWiki/TextFormattingRules?action=diff&source=y&minor=n HTTP/1.1" 200 13036 "-" "Mozilla/5.0 (compatible; MegaIndex.ru/2.0; +http://megaindex.com/crawler)"
185.191.171.6 - - [17/Jan/2023:22:38:41 +0100] "GET /robots.txt HTTP/1.1" 404 1181 "-" "Mozilla/5.0 (compatible; SemrushBot/7~bl; +http://www.semrush.com/bot.html)"
185.191.171.13 - - [17/Jan/2023:22:38:43 +0100] "GET /pmwiki/pmwiki.php/Main/AJelenlegiSzerzoiJogiTorveny HTTP/1.1" 200 18664 "-" "Mozilla/5.0 (compatible; SemrushBot/7~bl; +http://www.semrush.com/bot.html)"
176.9.58.227 - - [17/Jan/2023:22:38:45 +0100] "GET /pmwiki/pmwiki.php/Main/Todo?action=diff&source=n&minor=y HTTP/1.1" 200 15378 "-" "Mozilla/5.0 (compatible; MegaIndex.ru/2.0; +http://megaindex.com/crawler)"
176.9.58.227 - - [17/Jan/2023:22:38:49 +0100] "GET /pmwiki/pmwiki.php/Main/Todo?action=diff&source=y&minor=n HTTP/1.1" 200 15510 "-" "Mozilla/5.0 (compatible; MegaIndex.ru/2.0; +http://megaindex.com/crawler)"
217.113.194.64 - - [17/Jan/2023:22:38:51 +0100] "GET /pmwiki/pmwiki.php/Profiles/J?action=diff&source=y&minor=n HTTP/1.1" 200 12750 "-" "Mozilla/5.0 (compatible; Barkrowler/0.9; +https://babbar.tech/crawler)"
176.9.58.227 - - [17/Jan/2023:22:38:52 +0100] "GET /pmwiki/pmwiki.php/Main/Cache?action=diff&source=n&minor=y HTTP/1.1" 200 17732 "-" "Mozilla/5.0 (compatible; MegaIndex.ru/2.0; +http://megaindex.com/crawler)"
176.9.58.227 - - [17/Jan/2023:22:38:57 +0100] "GET /pmwiki/pmwiki.php/Main/Cache?action=diff&source=y&minor=n HTTP/1.1" 200 12743 "-" "Mozilla/5.0 (compatible; MegaIndex.ru/2.0; +http://megaindex.com/crawler)"
176.9.58.227 - - [17/Jan/2023:22:39:02 +0100] "GET /pmwiki/pmwiki.php/Main/Cutts?action=diff&source=n&minor=y HTTP/1.1" 200 32499 "-" "Mozilla/5.0 (compatible; MegaIndex.ru/2.0; +http://megaindex.com/crawler)"
217.113.194.89 - - [17/Jan/2023:22:39:07 +0100] "GET /pmwiki/pmwiki.php/Profiles/J?action=diff&source=n&minor=y HTTP/1.1" 200 12750 "-" "Mozilla/5.0 (compatible; Barkrowler/0.9; +https://babbar.tech/crawler)"
176.9.58.227 - - [17/Jan/2023:22:39:10 +0100] "GET /pmwiki/pmwiki.php/Main/Cutts?action=diff&source=y&minor=n HTTP/1.1" 200 12745 "-" "Mozilla/5.0 (compatible; MegaIndex.ru/2.0; +http://megaindex.com/crawler)"
176.9.58.227 - - [17/Jan/2023:22:39:14 +0100] "GET /pmwiki/pmwiki.php/Main/Power?action=diff&source=n&minor=y HTTP/1.1" 200 21611 "-" "Mozilla/5.0 (compatible; MegaIndex.ru/2.0; +http://megaindex.com/crawler)"
176.9.58.227 - - [17/Jan/2023:22:39:21 +0100] "GET /pmwiki/pmwiki.php/Main/Power?action=diff&source=y&minor=n HTTP/1.1" 200 12747 "-" "Mozilla/5.0 (compatible; MegaIndex.ru/2.0; +http://megaindex.com/crawler)"
217.113.194.82 - - [17/Jan/2023:22:39:22 +0100] "GET /pmwiki/pmwiki.php/Profiles/J?action=diff&source=n&minor=n HTTP/1.1" 200 12750 "-" "Mozilla/5.0 (compatible; Barkrowler/0.9; +https://babbar.tech/crawler)"
176.9.58.227 - - [17/Jan/2023:22:39:24 +0100] "GET /pmwiki/pmwiki.php/PmWiki/Upgrades?action=diff&source=n&minor=y HTTP/1.1" 200 12838 "-" "Mozilla/5.0 (compatible; MegaIndex.ru/2.0; +http://megaindex.com/crawler)"
176.9.58.227 - - [17/Jan/2023:22:39:29 +0100] "GET /pmwiki/pmwiki.php/PmWiki/Upgrades?action=diff&source=y&minor=n HTTP/1.1" 200 12838 "-" "Mozilla/5.0 (compatible; MegaIndex.ru/2.0; +http://megaindex.com/crawler)"
176.9.58.227 - - [17/Jan/2023:22:39:32 +0100] "GET /pmwiki/pmwiki.php/PmWiki/Requirements?action=diff&source=n&minor=y HTTP/1.1" 200 12910 "-" "Mozilla/5.0 (compatible; MegaIndex.ru/2.0; +http://megaindex.com/crawler)"
176.9.58.227 - - [17/Jan/2023:22:39:36 +0100] "GET /pmwiki/pmwiki.php/PmWiki/Requirements?action=diff&source=y&minor=n HTTP/1.1" 200 12910 "-" "Mozilla/5.0 (compatible; MegaIndex.ru/2.0; +http://megaindex.com/crawler)"
217.113.194.120 - - [17/Jan/2023:22:39:37 +0100] "GET /pmwiki/pmwiki.php/Profiles/V6?action=upload&upname=wiki.png HTTP/1.1" 200 12269 "-" "Mozilla/5.0 (compatible; Barkrowler/0.9; +https://babbar.tech/crawler)"
176.9.58.227 - - [17/Jan/2023:22:39:40 +0100] "GET /pmwiki/pmwiki.php/PmWiki/MailingLists?action=diff&source=n&minor=y HTTP/1.1" 200 12910 "-" "Mozilla/5.0 (compatible; MegaIndex.ru/2.0; +http://megaindex.com/crawler)"
176.9.58.227 - - [17/Jan/2023:22:39:45 +0100] "GET /pmwiki/pmwiki.php/PmWiki/MailingLists?action=diff&source=y&minor=n HTTP/1.1" 200 12910 "-" "Mozilla/5.0 (compatible; MegaIndex.ru/2.0; +http://megaindex.com/crawler)"
176.9.58.227 - - [17/Jan/2023:22:39:50 +0100] "GET /pmwiki/pmwiki.php/PmWiki/LayoutBasics?action=diff&source=n&minor=y HTTP/1.1" 200 12911 "-" "Mozilla/5.0 (compatible; MegaIndex.ru/2.0; +http://megaindex.com/crawler)"
217.113.194.110 - - [17/Jan/2023:22:39:53 +0100] "GET /pmwiki/pmwiki.php/Profiles/Eve?action=diff&source=n&minor=y HTTP/1.1" 200 12786 "-" "Mozilla/5.0 (compatible; Barkrowler/0.9; +https://babbar.tech/crawler)"
176.9.58.227 - - [17/Jan/2023:22:39:53 +0100] "GET /pmwiki/pmwiki.php/PmWiki/LayoutBasics?action=diff&source=y&minor=n HTTP/1.1" 200 12911 "-" "Mozilla/5.0 (compatible; MegaIndex.ru/2.0; +http://megaindex.com/crawler)"
176.9.58.227 - - [17/Jan/2023:22:39:58 +0100] "GET /pmwiki/pmwiki.php/PmWiki/WikiAdministrator?action=diff&source=n&minor=n HTTP/1.1" 200 12999 "-" "Mozilla/5.0 (compatible; MegaIndex.ru/2.0; +http://megaindex.com/crawler)"
176.9.58.227 - - [17/Jan/2023:22:40:02 +0100] "GET /pmwiki/pmwiki.php/PmWiki/WikiAdministrator?action=diff&source=y&minor=y HTTP/1.1" 200 12999 "-" "Mozilla/5.0 (compatible; MegaIndex.ru/2.0; +http://megaindex.com/crawler)"
176.9.58.227 - - [17/Jan/2023:22:40:07 +0100] "GET /pmwiki/pmwiki.php/PmWiki/AuthorTracking?action=diff&source=n&minor=y HTTP/1.1" 200 12947 "-" "Mozilla/5.0 (compatible; MegaIndex.ru/2.0; +http://megaindex.com/crawler)"
217.113.194.74 - - [17/Jan/2023:22:40:08 +0100] "GET /pmwiki/pmwiki.php/Profiles/Eve?action=diff&source=n&minor=n HTTP/1.1" 200 12786 "-" "Mozilla/5.0 (compatible; Barkrowler/0.9; +https://babbar.tech/crawler)"
176.9.58.227 - - [17/Jan/2023:22:40:10 +0100] "GET /pmwiki/pmwiki.php/PmWiki/AuthorTracking?action=diff&source=y&minor=n HTTP/1.1" 200 12947 "-" "Mozilla/5.0 (compatible; MegaIndex.ru/2.0; +http://megaindex.com/crawler)"
176.9.58.227 - - [17/Jan/2023:22:40:14 +0100] "GET /pmwiki/pmwiki.php/PmWiki/InitialSetupTasks?action=diff&source=n&minor=y HTTP/1.1" 200 13001 "-" "Mozilla/5.0 (compatible; MegaIndex.ru/2.0; +http://megaindex.com/crawler)"
176.9.58.227 - - [17/Jan/2023:22:40:18 +0100] "GET /pmwiki/pmwiki.php/PmWiki/InitialSetupTasks?action=diff&source=y&minor=n HTTP/1.1" 200 13001 "-" "Mozilla/5.0 (compatible; MegaIndex.ru/2.0; +http://megaindex.com/crawler)"
176.9.58.227 - - [17/Jan/2023:22:40:22 +0100] "GET /pmwiki/pmwiki.php/PmWiki/WikiWikiWeb?action=diff&source=n&minor=y HTTP/1.1" 200 12892 "-" "Mozilla/5.0 (compatible; MegaIndex.ru/2.0; +http://megaindex.com/crawler)"
217.113.194.104 - - [17/Jan/2023:22:40:23 +0100] "GET /pmwiki/pmwiki.php/Profiles/Mod?action=diff&source=n&minor=y HTTP/1.1" 200 12786 "-" "Mozilla/5.0 (compatible; Barkrowler/0.9; +https://babbar.tech/crawler)"
176.9.58.227 - - [17/Jan/2023:22:40:25 +0100] "GET /pmwiki/pmwiki.php/PmWiki/WikiWikiWeb?action=diff&source=y&minor=n HTTP/1.1" 200 12892 "-" "Mozilla/5.0 (compatible; MegaIndex.ru/2.0; +http://megaindex.com/crawler)"
176.9.58.227 - - [17/Jan/2023:22:40:29 +0100] "GET /pmwiki/pmwiki.php/PmWiki/RecentChanges?action=diff&source=n&minor=n HTTP/1.1" 200 16087 "-" "Mozilla/5.0 (compatible; MegaIndex.ru/2.0; +http://megaindex.com/crawler)"
176.9.58.227 - - [17/Jan/2023:22:40:38 +0100] "GET /pmwiki/pmwiki.php/PmWiki/RecentChanges?action=diff&source=y&minor=y HTTP/1.1" 200 16618 "-" "Mozilla/5.0 (compatible; MegaIndex.ru/2.0; +http://megaindex.com/crawler)"
217.113.194.83 - - [17/Jan/2023:22:40:39 +0100] "GET /pmwiki/pmwiki.php/Profiles/Mod?action=diff&source=n&minor=n HTTP/1.1" 200 12786 "-" "Mozilla/5.0 (compatible; Barkrowler/0.9; +https://babbar.tech/crawler)"
176.9.58.227 - - [17/Jan/2023:22:40:45 +0100] "GET /pmwiki/pmwiki.php/PmWiki/RecentChanges?action=edit&restore=diff:1117518595:1117444601:&preview=y HTTP/1.1" 200 12558 "-" "Mozilla/5.0 (compatible; MegaIndex.ru/2.0; +http://megaindex.com/crawler)"
176.9.58.227 - - [17/Jan/2023:22:40:48 +0100] "GET /pmwiki/pmwiki.php/PmWiki/WikiNature?action=diff&source=n&minor=y HTTP/1.1" 200 12875 "-" "Mozilla/5.0 (compatible; MegaIndex.ru/2.0; +http://megaindex.com/crawler)"
176.9.58.227 - - [17/Jan/2023:22:40:51 +0100] "GET /pmwiki/pmwiki.php/PmWiki/WikiNature?action=diff&source=y&minor=n HTTP/1.1" 200 12875 "-" "Mozilla/5.0 (compatible; MegaIndex.ru/2.0; +http://megaindex.com/crawler)"
217.113.194.86 - - [17/Jan/2023:22:40:54 +0100] "GET /pmwiki/pmwiki.php/Profiles/Mod?action=diff&source=y&minor=y HTTP/1.1" 200 12786 "-" "Mozilla/5.0 (compatible; Barkrowler/0.9; +https://babbar.tech/crawler)"
176.9.58.227 - - [17/Jan/2023:22:40:55 +0100] "GET /pmwiki/pmwiki.php/PmWiki/WikiWord?action=diff&source=n&minor=y HTTP/1.1" 200 12840 "-" "Mozilla/5.0 (compatible; MegaIndex.ru/2.0; +http://megaindex.com/crawler)"
176.9.58.227 - - [17/Jan/2023:22:40:59 +0100] "GET /pmwiki/pmwiki.php/PmWiki/WikiWord?action=diff&source=y&minor=n HTTP/1.1" 200 12840 "-" "Mozilla/5.0 (compatible; MegaIndex.ru/2.0; +http://megaindex.com/crawler)"
176.9.58.227 - - [17/Jan/2023:22:41:04 +0100] "GET /pmwiki/pmwiki.php/PmWiki/WikiStructure?action=diff&source=n&minor=y HTTP/1.1" 200 12929 "-" "Mozilla/5.0 (compatible; MegaIndex.ru/2.0; +http://megaindex.com/crawler)"
176.9.58.227 - - [17/Jan/2023:22:41:08 +0100] "GET /pmwiki/pmwiki.php/PmWiki/WikiStructure?action=diff&source=y&minor=n HTTP/1.1" 200 12929 "-" "Mozilla/5.0 (compatible; MegaIndex.ru/2.0; +http://megaindex.com/crawler)"
217.113.194.92 - - [17/Jan/2023:22:41:09 +0100] "GET /pmwiki/pmwiki.php/Profiles/Mod?action=diff&source=y&minor=n HTTP/1.1" 200 12786 "-" "Mozilla/5.0 (compatible; Barkrowler/0.9; +https://babbar.tech/crawler)"
176.9.58.227 - - [17/Jan/2023:22:41:12 +0100] "GET /pmwiki/pmwiki.php/PmWiki/WikiPage?action=diff&source=n&minor=n HTTP/1.1" 200 12839 "-" "Mozilla/5.0 (compatible; MegaIndex.ru/2.0; +http://megaindex.com/crawler)"
176.9.58.227 - - [17/Jan/2023:22:41:14 +0100] "GET /pmwiki/pmwiki.php/PmWiki/WikiPage?action=diff&source=y&minor=y HTTP/1.1" 200 12839 "-" "Mozilla/5.0 (compatible; MegaIndex.ru/2.0; +http://megaindex.com/crawler)"
176.9.58.227 - - [17/Jan/2023:22:41:17 +0100] "GET /pmwiki/pmwiki.php/PmWiki/GoodStyle?action=diff&source=n&minor=y HTTP/1.1" 200 12857 "-" "Mozilla/5.0 (compatible; MegaIndex.ru/2.0; +http://megaindex.com/crawler)"
176.9.58.227 - - [17/Jan/2023:22:41:20 +0100] "GET /pmwiki/pmwiki.php/PmWiki/GoodStyle?action=diff&source=y&minor=n HTTP/1.1" 200 12857 "-" "Mozilla/5.0 (compatible; MegaIndex.ru/2.0; +http://megaindex.com/crawler)"
176.9.58.227 - - [17/Jan/2023:22:41:24 +0100] "GET /pmwiki/pmwiki.php/PmWiki/ImagesInWikiPages?action=diff&source=n&minor=y HTTP/1.1" 200 13001 "-" "Mozilla/5.0 (compatible; MegaIndex.ru/2.0; +http://megaindex.com/crawler)"
217.113.194.64 - - [17/Jan/2023:22:41:25 +0100] "GET /pmwiki/pmwiki.php/Main/Fsn?action=diff&source=y&minor=y HTTP/1.1" 200 18045 "-" "Mozilla/5.0 (compatible; Barkrowler/0.9; +https://babbar.tech/crawler)"
176.9.58.227 - - [17/Jan/2023:22:41:29 +0100] "GET /pmwiki/pmwiki.php/PmWiki/ImagesInWikiPages?action=diff&source=y&minor=n HTTP/1.1" 200 13001 "-" "Mozilla/5.0 (compatible; MegaIndex.ru/2.0; +http://megaindex.com/crawler)"
176.9.58.227 - - [17/Jan/2023:22:41:34 +0100] "GET /pmwiki/pmwiki.php/Main/Patentpools?action=print HTTP/1.1" 200 11118 "-" "Mozilla/5.0 (compatible; MegaIndex.ru/2.0; +http://megaindex.com/crawler)"
185.191.171.4 - - [17/Jan/2023:22:41:34 +0100] "GET /pmwiki/pmwiki.php/Main/FAQ HTTP/1.1" 200 17652 "-" "Mozilla/5.0 (compatible; SemrushBot/7~bl; +http://www.semrush.com/bot.html)"
176.9.58.227 - - [17/Jan/2023:22:41:38 +0100] "GET /pmwiki/pmwiki.php/Main/PDF417?action=print HTTP/1.1" 200 20110 "-" "Mozilla/5.0 (compatible; MegaIndex.ru/2.0; +http://megaindex.com/crawler)"
217.113.194.121 - - [17/Jan/2023:22:41:40 +0100] "GET /pmwiki/pmwiki.php/Main/SearchWiki?action=diff&source=y&minor=y HTTP/1.1" 200 119804 "-" "Mozilla/5.0 (compatible; Barkrowler/0.9; +https://babbar.tech/crawler)"
176.9.58.227 - - [17/Jan/2023:22:41:46 +0100] "GET /pmwiki/pmwiki.php/Main/Fsn?action=print HTTP/1.1" 200 4713 "-" "Mozilla/5.0 (compatible; MegaIndex.ru/2.0; +http://megaindex.com/crawler)"
176.9.58.227 - - [17/Jan/2023:22:41:48 +0100] "GET /pmwiki/pmwiki.php/Main/ToughLetter?action=print HTTP/1.1" 200 6624 "-" "Mozilla/5.0 (compatible; MegaIndex.ru/2.0; +http://megaindex.com/crawler)"
176.9.58.227 - - [17/Jan/2023:22:41:53 +0100] "GET /pmwiki/pmwiki.php/Main/JuriHPOEloterjesztes?action=print HTTP/1.1" 200 35669 "-" "Mozilla/5.0 (compatible; MegaIndex.ru/2.0; +http://megaindex.com/crawler)"
217.113.194.103 - - [17/Jan/2023:22:41:55 +0100] "GET /pmwiki/pmwiki.php/Main/ADRMHib%E1i?action=diff HTTP/1.1" 200 12848 "-" "Mozilla/5.0 (compatible; Barkrowler/0.9; +https://babbar.tech/crawler)"
176.9.58.227 - - [17/Jan/2023:22:42:01 +0100] "GET /pmwiki/pmwiki.php/Main/JuriEktbEloterjesztes?action=print HTTP/1.1" 200 8128 "-" "Mozilla/5.0 (compatible; MegaIndex.ru/2.0; +http://megaindex.com/crawler)"
176.9.58.227 - - [17/Jan/2023:22:42:05 +0100] "GET /pmwiki/pmwiki.php/Main/JuriVelemeny?action=print HTTP/1.1" 200 14161 "-" "Mozilla/5.0 (compatible; MegaIndex.ru/2.0; +http://megaindex.com/crawler)"
176.9.58.227 - - [17/Jan/2023:22:42:09 +0100] "GET /pmwiki/pmwiki.php/Main/SearchWiki?action=print HTTP/1.1" 200 4103 "-" "Mozilla/5.0 (compatible; MegaIndex.ru/2.0; +http://megaindex.com/crawler)"
217.113.194.99 - - [17/Jan/2023:22:42:11 +0100] "GET /pmwiki/pmwiki.php/PmWiki/RSS?action=upload&upname=wiki.png HTTP/1.1" 200 12252 "-" "Mozilla/5.0 (compatible; Barkrowler/0.9; +https://babbar.tech/crawler)"
176.9.58.227 - - [17/Jan/2023:22:42:12 +0100] "GET /pmwiki/pmwiki.php/Main/WikiPediaban?action=print HTTP/1.1" 200 2405 "-" "Mozilla/5.0 (compatible; MegaIndex.ru/2.0; +http://megaindex.com/crawler)"
176.9.58.227 - - [17/Jan/2023:22:42:15 +0100] "GET /pmwiki/pmwiki.php/Main/NoSoftwarePatents?action=print HTTP/1.1" 200 2450 "-" "Mozilla/5.0 (compatible; MegaIndex.ru/2.0; +http://megaindex.com/crawler)"
176.9.58.227 - - [17/Jan/2023:22:42:19 +0100] "GET /pmwiki/pmwiki.php/PmWiki/BasicEditing?action=diff&source=n&minor=y HTTP/1.1" 200 12911 "-" "Mozilla/5.0 (compatible; MegaIndex.ru/2.0; +http://megaindex.com/crawler)"
176.9.58.227 - - [17/Jan/2023:22:42:22 +0100] "GET /pmwiki/pmwiki.php/PmWiki/BasicEditing?action=diff&source=y&minor=n HTTP/1.1" 200 12911 "-" "Mozilla/5.0 (compatible; MegaIndex.ru/2.0; +http://megaindex.com/crawler)"
217.113.194.116 - - [17/Jan/2023:22:42:26 +0100] "GET /pmwiki/pmwiki.php/PmWiki/Links?action=upload&upname=wiki.png HTTP/1.1" 200 12283 "-" "Mozilla/5.0 (compatible; Barkrowler/0.9; +https://babbar.tech/crawler)"
176.9.58.227 - - [17/Jan/2023:22:42:26 +0100] "GET /pmwiki/pmwiki.php/PmWiki/CreatingNewPages?action=diff&source=n&minor=y HTTP/1.1" 200 12984 "-" "Mozilla/5.0 (compatible; MegaIndex.ru/2.0; +http://megaindex.com/crawler)"
176.9.58.227 - - [17/Jan/2023:22:42:30 +0100] "GET /pmwiki/pmwiki.php/PmWiki/CreatingNewPages?action=diff&source=y&minor=n HTTP/1.1" 200 12984 "-" "Mozilla/5.0 (compatible; MegaIndex.ru/2.0; +http://megaindex.com/crawler)"
176.9.58.227 - - [17/Jan/2023:22:42:34 +0100] "GET /pmwiki/pmwiki.php/PmWiki/Links?action=diff&source=n&minor=y HTTP/1.1" 200 12784 "-" "Mozilla/5.0 (compatible; MegaIndex.ru/2.0; +http://megaindex.com/crawler)"
176.9.58.227 - - [17/Jan/2023:22:42:38 +0100] "GET /pmwiki/pmwiki.php/PmWiki/Links?action=diff&source=y&minor=n HTTP/1.1" 200 12784 "-" "Mozilla/5.0 (compatible; MegaIndex.ru/2.0; +http://megaindex.com/crawler)"
217.113.194.86 - - [17/Jan/2023:22:42:41 +0100] "GET /pmwiki/pmwiki.php/API/API?action=diff&source=y&minor=y HTTP/1.1" 200 12691 "-" "Mozilla/5.0 (compatible; Barkrowler/0.9; +https://babbar.tech/crawler)"
176.9.58.227 - - [17/Jan/2023:22:42:42 +0100] "GET /pmwiki/pmwiki.php/PmWiki/WikiStyles?action=diff&source=n&minor=y HTTP/1.1" 200 12874 "-" "Mozilla/5.0 (compatible; MegaIndex.ru/2.0; +http://megaindex.com/crawler)"
176.9.58.227 - - [17/Jan/2023:22:42:46 +0100] "GET /pmwiki/pmwiki.php/PmWiki/WikiStyles?action=diff&source=y&minor=n HTTP/1.1" 200 12874 "-" "Mozilla/5.0 (compatible; MegaIndex.ru/2.0; +http://megaindex.com/crawler)"
176.9.58.227 - - [17/Jan/2023:22:42:49 +0100] "GET /pmwiki/pmwiki.php/PmWiki/WikiStyleExamples?action=diff&source=n&minor=y HTTP/1.1" 200 13000 "-" "Mozilla/5.0 (compatible; MegaIndex.ru/2.0; +http://megaindex.com/crawler)"
176.9.58.227 - - [17/Jan/2023:22:42:53 +0100] "GET /pmwiki/pmwiki.php/PmWiki/WikiStyleExamples?action=diff&source=y&minor=n HTTP/1.1" 200 13000 "-" "Mozilla/5.0 (compatible; MegaIndex.ru/2.0; +http://megaindex.com/crawler)"
217.113.194.73 - - [17/Jan/2023:22:42:57 +0100] "GET /pmwiki/pmwiki.php/API/API?action=diff&source=y&minor=n HTTP/1.1" 200 12691 "-" "Mozilla/5.0 (compatible; Barkrowler/0.9; +https://babbar.tech/crawler)"
176.9.58.227 - - [17/Jan/2023:22:42:58 +0100] "GET /pmwiki/pmwiki.php/PmWiki/Uploads?action=diff&source=n&minor=y HTTP/1.1" 200 12821 "-" "Mozilla/5.0 (compatible; MegaIndex.ru/2.0; +http://megaindex.com/crawler)"
176.9.58.227 - - [17/Jan/2023:22:43:01 +0100] "GET /pmwiki/pmwiki.php/PmWiki/Uploads?action=diff&source=y&minor=n HTTP/1.1" 200 12821 "-" "Mozilla/5.0 (compatible; MegaIndex.ru/2.0; +http://megaindex.com/crawler)"
176.9.58.227 - - [17/Jan/2023:22:43:03 +0100] "GET /pmwiki/pmwiki.php/PmWiki/SimpleTables?action=diff&source=n&minor=y HTTP/1.1" 200 12910 "-" "Mozilla/5.0 (compatible; MegaIndex.ru/2.0; +http://megaindex.com/crawler)"
176.9.58.227 - - [17/Jan/2023:22:43:09 +0100] "GET /pmwiki/pmwiki.php/PmWiki/SimpleTables?action=diff&source=y&minor=n HTTP/1.1" 200 12910 "-" "Mozilla/5.0 (compatible; MegaIndex.ru/2.0; +http://megaindex.com/crawler)"
176.9.58.227 - - [17/Jan/2023:22:43:12 +0100] "GET /pmwiki/pmwiki.php/PmWiki/SimpleTables2?action=diff&source=n&minor=y HTTP/1.1" 200 12929 "-" "Mozilla/5.0 (compatible; MegaIndex.ru/2.0; +http://megaindex.com/crawler)"
217.113.194.98 - - [17/Jan/2023:22:43:12 +0100] "GET /pmwiki/pmwiki.php/Profiles/Profiles?action=upload&upname=wiki.png HTTP/1.1" 200 12365 "-" "Mozilla/5.0 (compatible; Barkrowler/0.9; +https://babbar.tech/crawler)"
176.9.58.227 - - [17/Jan/2023:22:43:16 +0100] "GET /pmwiki/pmwiki.php/PmWiki/SimpleTables2?action=diff&source=y&minor=n HTTP/1.1" 200 12929 "-" "Mozilla/5.0 (compatible; MegaIndex.ru/2.0; +http://megaindex.com/crawler)"
176.9.58.227 - - [17/Jan/2023:22:43:20 +0100] "GET /pmwiki/pmwiki.php/PmWiki/AdvancedTables?action=diff&source=n&minor=y HTTP/1.1" 200 12947 "-" "Mozilla/5.0 (compatible; MegaIndex.ru/2.0; +http://megaindex.com/crawler)"
176.9.58.227 - - [17/Jan/2023:22:43:24 +0100] "GET /pmwiki/pmwiki.php/PmWiki/AdvancedTables?action=diff&source=y&minor=n HTTP/1.1" 200 12947 "-" "Mozilla/5.0 (compatible; MegaIndex.ru/2.0; +http://megaindex.com/crawler)"
176.9.58.227 - - [17/Jan/2023:22:43:27 +0100] "GET /pmwiki/pmwiki.php/PmWiki/InterMap?action=diff&source=n&minor=y HTTP/1.1" 200 12839 "-" "Mozilla/5.0 (compatible; MegaIndex.ru/2.0; +http://megaindex.com/crawler)"
217.113.194.93 - - [17/Jan/2023:22:43:27 +0100] "GET /pmwiki/pmwiki.php/Profiles/Ed?action=upload&upname=wiki.png HTTP/1.1" 200 12269 "-" "Mozilla/5.0 (compatible; Barkrowler/0.9; +https://babbar.tech/crawler)"
176.9.58.227 - - [17/Jan/2023:22:43:31 +0100] "GET /pmwiki/pmwiki.php/PmWiki/InterMap?action=diff&source=y&minor=n HTTP/1.1" 200 12839 "-" "Mozilla/5.0 (compatible; MegaIndex.ru/2.0; +http://megaindex.com/crawler)"
176.9.58.227 - - [17/Jan/2023:22:43:34 +0100] "GET /pmwiki/pmwiki.php/PmWiki/SpecialMarkups?action=diff&source=n&minor=y HTTP/1.1" 200 12960 "-" "Mozilla/5.0 (compatible; MegaIndex.ru/2.0; +http://megaindex.com/crawler)"
176.9.58.227 - - [17/Jan/2023:22:43:41 +0100] "GET /pmwiki/pmwiki.php/PmWiki/SpecialMarkups?action=diff&source=y&minor=n HTTP/1.1" 200 12960 "-" "Mozilla/5.0 (compatible; MegaIndex.ru/2.0; +http://megaindex.com/crawler)"
217.113.194.100 - - [17/Jan/2023:22:43:43 +0100] "GET /pmwiki/pmwiki.php/Profiles/Ed?action=diff&source=n&minor=y HTTP/1.1" 200 12768 "-" "Mozilla/5.0 (compatible; Barkrowler/0.9; +https://babbar.tech/crawler)"
176.9.58.227 - - [17/Jan/2023:22:43:43 +0100] "GET /pmwiki/pmwiki.php/PmWiki/IncludeOtherPages?action=diff&source=n&minor=n HTTP/1.1" 200 13002 "-" "Mozilla/5.0 (compatible; MegaIndex.ru/2.0; +http://megaindex.com/crawler)"
176.9.58.227 - - [17/Jan/2023:22:43:46 +0100] "GET /pmwiki/pmwiki.php/PmWiki/IncludeOtherPages?action=diff&source=y&minor=y HTTP/1.1" 200 13002 "-" "Mozilla/5.0 (compatible; MegaIndex.ru/2.0; +http://megaindex.com/crawler)"
176.9.58.227 - - [17/Jan/2023:22:43:51 +0100] "GET /pmwiki/pmwiki.php/PmWiki/MarkupMasterIndex?action=diff&source=n&minor=y HTTP/1.1" 200 13022 "-" "Mozilla/5.0 (compatible; MegaIndex.ru/2.0; +http://megaindex.com/crawler)"
176.9.58.227 - - [17/Jan/2023:22:43:55 +0100] "GET /pmwiki/pmwiki.php/PmWiki/MarkupMasterIndex?action=diff&source=y&minor=n HTTP/1.1" 200 13022 "-" "Mozilla/5.0 (compatible; MegaIndex.ru/2.0; +http://megaindex.com/crawler)"
217.113.194.84 - - [17/Jan/2023:22:43:58 +0100] "GET /pmwiki/pmwiki.php/Profiles/Ed?action=diff&source=n&minor=n HTTP/1.1" 200 12768 "-" "Mozilla/5.0 (compatible; Barkrowler/0.9; +https://babbar.tech/crawler)"
176.9.58.227 - - [17/Jan/2023:22:43:58 +0100] "GET /pmwiki/pmwiki.php/PmWiki/Directives?action=diff&source=n&minor=y HTTP/1.1" 200 12874 "-" "Mozilla/5.0 (compatible; MegaIndex.ru/2.0; +http://megaindex.com/crawler)"
176.9.58.227 - - [17/Jan/2023:22:44:02 +0100] "GET /pmwiki/pmwiki.php/PmWiki/Directives?action=diff&source=y&minor=n HTTP/1.1" 200 12874 "-" "Mozilla/5.0 (compatible; MegaIndex.ru/2.0; +http://megaindex.com/crawler)"
176.9.58.227 - - [17/Jan/2023:22:44:06 +0100] "GET /pmwiki/pmwiki.php/PmWiki/ConditionalMarkup?action=diff&source=n&minor=n HTTP/1.1" 200 13000 "-" "Mozilla/5.0 (compatible; MegaIndex.ru/2.0; +http://megaindex.com/crawler)"
176.9.58.227 - - [17/Jan/2023:22:44:10 +0100] "GET /pmwiki/pmwiki.php/PmWiki/ConditionalMarkup?action=diff&source=y&minor=y HTTP/1.1" 200 13000 "-" "Mozilla/5.0 (compatible; MegaIndex.ru/2.0; +http://megaindex.com/crawler)"
217.113.194.100 - - [17/Jan/2023:22:44:14 +0100] "GET /pmwiki/pmwiki.php/Profiles/Xmouse?action=upload&upname=wiki.png HTTP/1.1" 200 12333 "-" "Mozilla/5.0 (compatible; Barkrowler/0.9; +https://babbar.tech/crawler)"
176.9.58.227 - - [17/Jan/2023:22:44:17 +0100] "GET /pmwiki/pmwiki.php/PmWiki/WikiGroup?action=diff&source=n&minor=y HTTP/1.1" 200 12856 "-" "Mozilla/5.0 (compatible; MegaIndex.ru/2.0; +http://megaindex.com/crawler)"
176.9.58.227 - - [17/Jan/2023:22:44:19 +0100] "GET /pmwiki/pmwiki.php/PmWiki/WikiGroup?action=diff&source=y&minor=n HTTP/1.1" 200 12856 "-" "Mozilla/5.0 (compatible; MegaIndex.ru/2.0; +http://megaindex.com/crawler)"
176.9.58.227 - - [17/Jan/2023:22:44:22 +0100] "GET /pmwiki/pmwiki.php/Main/AllRecentChanges?action=diff&source=n&minor=n HTTP/1.1" 200 12941 "-" "Mozilla/5.0 (compatible; MegaIndex.ru/2.0; +http://megaindex.com/crawler)"
176.9.58.227 - - [17/Jan/2023:22:44:27 +0100] "GET /pmwiki/pmwiki.php/Main/AllRecentChanges?action=diff&source=y&minor=y HTTP/1.1" 200 12941 "-" "Mozilla/5.0 (compatible; MegaIndex.ru/2.0; +http://megaindex.com/crawler)"
217.113.194.124 - - [17/Jan/2023:22:44:29 +0100] "GET /pmwiki/pmwiki.php/Profiles/Df?action=upload&upname=wiki.png HTTP/1.1" 200 12269 "-" "Mozilla/5.0 (compatible; Barkrowler/0.9; +https://babbar.tech/crawler)"
176.9.58.227 - - [17/Jan/2023:22:44:30 +0100] "GET /pmwiki/pmwiki.php/Main/Patentpools?action=edit HTTP/1.1" 200 12450 "-" "Mozilla/5.0 (compatible; MegaIndex.ru/2.0; +http://megaindex.com/crawler)"
176.9.58.227 - - [17/Jan/2023:22:44:34 +0100] "GET /pmwiki/pmwiki.php/Main/Patentpools?action=upload HTTP/1.1" 200 12330 "-" "Mozilla/5.0 (compatible; MegaIndex.ru/2.0; +http://megaindex.com/crawler)"
176.9.58.227 - - [17/Jan/2023:22:44:38 +0100] "GET /pmwiki/pmwiki.php/Main/Patentpools?action=diff HTTP/1.1" 200 23675 "-" "Mozilla/5.0 (compatible; MegaIndex.ru/2.0; +http://megaindex.com/crawler)"
217.113.194.119 - - [17/Jan/2023:22:44:44 +0100] "GET /pmwiki/pmwiki.php/Profiles/Df?action=diff&source=n&minor=y HTTP/1.1" 200 12768 "-" "Mozilla/5.0 (compatible; Barkrowler/0.9; +https://babbar.tech/crawler)"
176.9.58.227 - - [17/Jan/2023:22:44:45 +0100] "GET /pmwiki/pmwiki.php/Main/PDF417?action=edit HTTP/1.1" 200 12366 "-" "Mozilla/5.0 (compatible; MegaIndex.ru/2.0; +http://megaindex.com/crawler)"
176.9.58.227 - - [17/Jan/2023:22:44:48 +0100] "GET /pmwiki/pmwiki.php/Main/PDF417?action=upload HTTP/1.1" 200 12246 "-" "Mozilla/5.0 (compatible; MegaIndex.ru/2.0; +http://megaindex.com/crawler)"
176.9.58.227 - - [17/Jan/2023:22:44:54 +0100] "GET /pmwiki/pmwiki.php/Main/PDF417?action=diff HTTP/1.1" 200 41178 "-" "Mozilla/5.0 (compatible; MegaIndex.ru/2.0; +http://megaindex.com/crawler)"
217.113.194.81 - - [17/Jan/2023:22:45:00 +0100] "GET /pmwiki/pmwiki.php/Profiles/Df?action=diff&source=n&minor=n HTTP/1.1" 200 12768 "-" "Mozilla/5.0 (compatible; Barkrowler/0.9; +https://babbar.tech/crawler)"
176.9.58.227 - - [17/Jan/2023:22:45:00 +0100] "GET /pmwiki/pmwiki.php/Main/Fsn?action=edit HTTP/1.1" 200 12318 "-" "Mozilla/5.0 (compatible; MegaIndex.ru/2.0; +http://megaindex.com/crawler)"
176.9.58.227 - - [17/Jan/2023:22:45:05 +0100] "GET /pmwiki/pmwiki.php/Main/Fsn?action=upload HTTP/1.1" 200 12198 "-" "Mozilla/5.0 (compatible; MegaIndex.ru/2.0; +http://megaindex.com/crawler)"
176.9.58.227 - - [17/Jan/2023:22:45:09 +0100] "GET /pmwiki/pmwiki.php/Main/Fsn?action=diff HTTP/1.1" 200 18467 "-" "Mozilla/5.0 (compatible; MegaIndex.ru/2.0; +http://megaindex.com/crawler)"
176.9.58.227 - - [17/Jan/2023:22:45:14 +0100] "GET /pmwiki/pmwiki.php/Main/ToughLetter?action=edit HTTP/1.1" 200 12446 "-" "Mozilla/5.0 (compatible; MegaIndex.ru/2.0; +http://megaindex.com/crawler)"
217.113.194.127 - - [17/Jan/2023:22:45:15 +0100] "GET /pmwiki/pmwiki.php/Profiles/V6?action=diff&source=n&minor=y HTTP/1.1" 200 12768 "-" "Mozilla/5.0 (compatible; Barkrowler/0.9; +https://babbar.tech/crawler)"
176.9.58.227 - - [17/Jan/2023:22:45:18 +0100] "GET /pmwiki/pmwiki.php/Main/ToughLetter?action=upload HTTP/1.1" 200 12326 "-" "Mozilla/5.0 (compatible; MegaIndex.ru/2.0; +http://megaindex.com/crawler)"
176.9.58.227 - - [17/Jan/2023:22:45:23 +0100] "GET /pmwiki/pmwiki.php/Main/ToughLetter?action=diff HTTP/1.1" 200 17383 "-" "Mozilla/5.0 (compatible; MegaIndex.ru/2.0; +http://megaindex.com/crawler)"
217.113.194.126 - - [17/Jan/2023:22:45:30 +0100] "GET /pmwiki/pmwiki.php/Profiles/V6?action=diff&source=n&minor=n HTTP/1.1" 200 12768 "-" "Mozilla/5.0 (compatible; Barkrowler/0.9; +https://babbar.tech/crawler)"
176.9.58.227 - - [17/Jan/2023:22:45:31 +0100] "GET /pmwiki/pmwiki.php/Main/JuriHPOEloterjesztes?action=edit HTTP/1.1" 200 12590 "-" "Mozilla/5.0 (compatible; MegaIndex.ru/2.0; +http://megaindex.com/crawler)"
176.9.58.227 - - [17/Jan/2023:22:45:34 +0100] "GET /pmwiki/pmwiki.php/Main/JuriHPOEloterjesztes?action=upload HTTP/1.1" 200 12470 "-" "Mozilla/5.0 (compatible; MegaIndex.ru/2.0; +http://megaindex.com/crawler)"
176.9.58.227 - - [17/Jan/2023:22:45:39 +0100] "GET /pmwiki/pmwiki.php/Main/JuriHPOEloterjesztes?action=diff HTTP/1.1" 200 46830 "-" "Mozilla/5.0 (compatible; MegaIndex.ru/2.0; +http://megaindex.com/crawler)"
217.113.194.122 - - [17/Jan/2023:22:45:46 +0100] "GET /pmwiki/pmwiki.php/Profiles/Pm?action=upload&upname=wiki.png HTTP/1.1" 200 12269 "-" "Mozilla/5.0 (compatible; Barkrowler/0.9; +https://babbar.tech/crawler)"
176.9.58.227 - - [17/Jan/2023:22:45:47 +0100] "GET /pmwiki/pmwiki.php/Main/JuriEktbEloterjesztes?action=edit HTTP/1.1" 200 12606 "-" "Mozilla/5.0 (compatible; MegaIndex.ru/2.0; +http://megaindex.com/crawler)"
176.9.58.227 - - [17/Jan/2023:22:45:51 +0100] "GET /pmwiki/pmwiki.php/Main/JuriEktbEloterjesztes?action=upload HTTP/1.1" 200 12486 "-" "Mozilla/5.0 (compatible; MegaIndex.ru/2.0; +http://megaindex.com/crawler)"
176.9.58.227 - - [17/Jan/2023:22:45:56 +0100] "GET /pmwiki/pmwiki.php/Main/JuriEktbEloterjesztes?action=diff HTTP/1.1" 200 21877 "-" "Mozilla/5.0 (compatible; MegaIndex.ru/2.0; +http://megaindex.com/crawler)"
217.113.194.107 - - [17/Jan/2023:22:46:01 +0100] "GET /pmwiki/pmwiki.php/Profiles/Itms?action=upload&upname=wiki.png HTTP/1.1" 200 12301 "-" "Mozilla/5.0 (compatible; Barkrowler/0.9; +https://babbar.tech/crawler)"
176.9.58.227 - - [17/Jan/2023:22:46:03 +0100] "GET /pmwiki/pmwiki.php/Main/JuriVelemeny?action=edit HTTP/1.1" 200 12462 "-" "Mozilla/5.0 (compatible; MegaIndex.ru/2.0; +http://megaindex.com/crawler)"
176.9.58.227 - - [17/Jan/2023:22:46:07 +0100] "GET /pmwiki/pmwiki.php/Main/JuriVelemeny?action=upload HTTP/1.1" 200 12342 "-" "Mozilla/5.0 (compatible; MegaIndex.ru/2.0; +http://megaindex.com/crawler)"
176.9.58.227 - - [17/Jan/2023:22:46:11 +0100] "GET /pmwiki/pmwiki.php/Main/JuriVelemeny?action=diff HTTP/1.1" 200 26944 "-" "Mozilla/5.0 (compatible; MegaIndex.ru/2.0; +http://megaindex.com/crawler)"
217.113.194.82 - - [17/Jan/2023:22:46:16 +0100] "GET /pmwiki/pmwiki.php/Profiles/Eve?action=diff&source=y&minor=y HTTP/1.1" 200 12786 "-" "Mozilla/5.0 (compatible; Barkrowler/0.9; +https://babbar.tech/crawler)"
176.9.58.227 - - [17/Jan/2023:22:46:18 +0100] "GET /pmwiki/pmwiki.php/Main/SearchWiki?action=edit HTTP/1.1" 200 12430 "-" "Mozilla/5.0 (compatible; MegaIndex.ru/2.0; +http://megaindex.com/crawler)"
176.9.58.227 - - [17/Jan/2023:22:46:21 +0100] "GET /pmwiki/pmwiki.php/Main/SearchWiki?action=upload HTTP/1.1" 200 12310 "-" "Mozilla/5.0 (compatible; MegaIndex.ru/2.0; +http://megaindex.com/crawler)"
176.9.58.227 - - [17/Jan/2023:22:46:27 +0100] "GET /pmwiki/pmwiki.php/Main/SearchWiki?action=diff HTTP/1.1" 200 126662 "-" "Mozilla/5.0 (compatible; MegaIndex.ru/2.0; +http://megaindex.com/crawler)"
217.113.194.100 - - [17/Jan/2023:22:46:32 +0100] "GET /pmwiki/pmwiki.php/Profiles/Eve?action=diff&source=y&minor=n HTTP/1.1" 200 12786 "-" "Mozilla/5.0 (compatible; Barkrowler/0.9; +https://babbar.tech/crawler)"
176.9.58.227 - - [17/Jan/2023:22:46:43 +0100] "GET /pmwiki/pmwiki.php/Main/WikiPediaban?action=edit HTTP/1.1" 200 12463 "-" "Mozilla/5.0 (compatible; MegaIndex.ru/2.0; +http://megaindex.com/crawler)"
217.113.194.84 - - [17/Jan/2023:22:46:47 +0100] "GET /pmwiki/pmwiki.php/Profiles/DirectPhone?action=upload&upname=wiki.png HTTP/1.1" 200 12413 "-" "Mozilla/5.0 (compatible; Barkrowler/0.9; +https://babbar.tech/crawler)"
176.9.58.227 - - [17/Jan/2023:22:46:48 +0100] "GET /pmwiki/pmwiki.php/Main/WikiPediaban?action=upload HTTP/1.1" 200 12343 "-" "Mozilla/5.0 (compatible; MegaIndex.ru/2.0; +http://megaindex.com/crawler)"
176.9.58.227 - - [17/Jan/2023:22:46:53 +0100] "GET /pmwiki/pmwiki.php/Main/WikiPediaban?action=diff HTTP/1.1" 200 13352 "-" "Mozilla/5.0 (compatible; MegaIndex.ru/2.0; +http://megaindex.com/crawler)"
176.9.58.227 - - [17/Jan/2023:22:46:56 +0100] "GET /pmwiki/pmwiki.php/Main/NoSoftwarePatents?action=edit HTTP/1.1" 200 12546 "-" "Mozilla/5.0 (compatible; MegaIndex.ru/2.0; +http://megaindex.com/crawler)"
176.9.58.227 - - [17/Jan/2023:22:47:01 +0100] "GET /pmwiki/pmwiki.php/Main/NoSoftwarePatents?action=upload HTTP/1.1" 200 12426 "-" "Mozilla/5.0 (compatible; MegaIndex.ru/2.0; +http://megaindex.com/crawler)"
217.113.194.103 - - [17/Jan/2023:22:47:02 +0100] "GET /pmwiki/pmwiki.php/UTF8/UTF8?action=upload&upname=wiki.png HTTP/1.1" 200 12233 "-" "Mozilla/5.0 (compatible; Barkrowler/0.9; +https://babbar.tech/crawler)"
176.9.58.227 - - [17/Jan/2023:22:47:05 +0100] "GET /pmwiki/pmwiki.php/Main/NoSoftwarePatents?action=diff HTTP/1.1" 200 13447 "-" "Mozilla/5.0 (compatible; MegaIndex.ru/2.0; +http://megaindex.com/crawler)"
176.9.58.227 - - [17/Jan/2023:22:47:09 +0100] "GET /pmwiki/pmwiki.php/PmWiki/Passwords?action=diff&source=n&minor=y HTTP/1.1" 200 12856 "-" "Mozilla/5.0 (compatible; MegaIndex.ru/2.0; +http://megaindex.com/crawler)"
176.9.58.227 - - [17/Jan/2023:22:47:13 +0100] "GET /pmwiki/pmwiki.php/PmWiki/Passwords?action=diff&source=y&minor=n HTTP/1.1" 200 12856 "-" "Mozilla/5.0 (compatible; MegaIndex.ru/2.0; +http://megaindex.com/crawler)"
176.9.58.227 - - [17/Jan/2023:22:47:17 +0100] "GET /pmwiki/pmwiki.php/PmWiki/Security?action=diff&source=n&minor=n HTTP/1.1" 200 12840 "-" "Mozilla/5.0 (compatible; MegaIndex.ru/2.0; +http://megaindex.com/crawler)"
217.113.194.113 - - [17/Jan/2023:22:47:18 +0100] "GET /pmwiki/pmwiki.php/API/PZZ?action=upload&upname=wiki.png HTTP/1.1" 200 12200 "-" "Mozilla/5.0 (compatible; Barkrowler/0.9; +https://babbar.tech/crawler)"
176.9.58.227 - - [17/Jan/2023:22:47:20 +0100] "GET /pmwiki/pmwiki.php/PmWiki/Security?action=diff&source=y&minor=y HTTP/1.1" 200 12840 "-" "Mozilla/5.0 (compatible; MegaIndex.ru/2.0; +http://megaindex.com/crawler)"
176.9.58.227 - - [17/Jan/2023:22:47:24 +0100] "GET /pmwiki/pmwiki.php/PmWiki/WikiTrails?action=diff&source=n&minor=y HTTP/1.1" 200 12874 "-" "Mozilla/5.0 (compatible; MegaIndex.ru/2.0; +http://megaindex.com/crawler)"
176.9.58.227 - - [17/Jan/2023:22:47:27 +0100] "GET /pmwiki/pmwiki.php/PmWiki/WikiTrails?action=diff&source=y&minor=n HTTP/1.1" 200 12874 "-" "Mozilla/5.0 (compatible; MegaIndex.ru/2.0; +http://megaindex.com/crawler)"
176.9.58.227 - - [17/Jan/2023:22:47:30 +0100] "GET /pmwiki/pmwiki.php/PmWiki/Categories?action=diff&source=n&minor=y HTTP/1.1" 200 12875 "-" "Mozilla/5.0 (compatible; MegaIndex.ru/2.0; +http://megaindex.com/crawler)"
217.113.194.77 - - [17/Jan/2023:22:47:33 +0100] "GET /pmwiki/pmwiki.php/API/SDV?action=upload&upname=wiki.png HTTP/1.1" 200 12200 "-" "Mozilla/5.0 (compatible; Barkrowler/0.9; +https://babbar.tech/crawler)"
176.9.58.227 - - [17/Jan/2023:22:47:34 +0100] "GET /pmwiki/pmwiki.php/PmWiki/Categories?action=diff&source=y&minor=n HTTP/1.1" 200 12875 "-" "Mozilla/5.0 (compatible; MegaIndex.ru/2.0; +http://megaindex.com/crawler)"
176.9.58.227 - - [17/Jan/2023:22:47:38 +0100] "GET /pmwiki/pmwiki.php/PmWiki/GroupHeaders?action=diff&source=n&minor=y HTTP/1.1" 200 12910 "-" "Mozilla/5.0 (compatible; MegaIndex.ru/2.0; +http://megaindex.com/crawler)"
176.9.58.227 - - [17/Jan/2023:22:47:42 +0100] "GET /pmwiki/pmwiki.php/PmWiki/GroupHeaders?action=diff&source=y&minor=n HTTP/1.1" 200 12910 "-" "Mozilla/5.0 (compatible; MegaIndex.ru/2.0; +http://megaindex.com/crawler)"
