176.9.58.227 - - [17/Jan/2023:21:44:05 +0100] "GET /pmwiki/pmwiki.php/Main/BMEKonferencia?action=edit&restore=diff:1110548442:1110548379:&preview=y HTTP/1.1" 200 12540 "-" "Mozilla/5.0 (compatible; MegaIndex.ru/2.0; +http://megaindex.com/crawler)"
217.113.194.93 - - [17/Jan/2023:21:44:06 +0100] "GET /pmwiki/pmwiki.php/PmWiki/SimpleTables2?action=print HTTP/1.1" 200 7025 "-" "Mozilla/5.0 (compatible; Barkrowler/0.9; +https://babbar.tech/crawler)"
176.9.58.227 - - [17/Jan/2023:21:44:10 +0100] "GET /pmwiki/pmwiki.php/Main/BMEKonferencia?action=edit&restore=diff:1110548379:1110526433:&preview=y HTTP/1.1" 200 12540 "-" "Mozilla/5.0 (compatible; MegaIndex.ru/2.0; +http://megaindex.com/crawler)"
176.9.58.227 - - [17/Jan/2023:21:44:14 +0100] "GET /pmwiki/pmwiki.php/Main/BMEKonferencia?action=edit&restore=diff:1110526433:1110526311:&preview=y HTTP/1.1" 200 12540 "-" "Mozilla/5.0 (compatible; MegaIndex.ru/2.0; +http://megaindex.com/crawler)"
176.9.58.227 - - [17/Jan/2023:21:44:18 +0100] "GET /pmwiki/pmwiki.php/Main/BMEKonferencia?action=edit&restore=diff:1110526311:1110525304:&preview=y HTTP/1.1" 200 12540 "-" "Mozilla/5.0 (compatible; MegaIndex.ru/2.0; +http://megaindex.com/crawler)"
217.113.194.115 - - [17/Jan/2023:21:44:21 +0100] "GET /pmwiki/pmwiki.php/PmWiki/SimpleTables2?action=edit HTTP/1.1" 200 12516 "-" "Mozilla/5.0 (compatible; Barkrowler/0.9; +https://babbar.tech/crawler)"
176.9.58.227 - - [17/Jan/2023:21:44:22 +0100] "GET /pmwiki/pmwiki.php/Main/BMEKonferencia?action=edit&restore=diff:1110525304:1110525304:&preview=y HTTP/1.1" 200 12540 "-" "Mozilla/5.0 (compatible; MegaIndex.ru/2.0; +http://megaindex.com/crawler)"
176.9.58.227 - - [17/Jan/2023:21:44:26 +0100] "GET /pmwiki/pmwiki.php/Main/TRIPSLie?action=edit HTTP/1.1" 200 12399 "-" "Mozilla/5.0 (compatible; MegaIndex.ru/2.0; +http://megaindex.com/crawler)"
176.9.58.227 - - [17/Jan/2023:21:44:29 +0100] "GET /pmwiki/pmwiki.php/Main/TRIPSLie?action=upload HTTP/1.1" 200 12279 "-" "Mozilla/5.0 (compatible; MegaIndex.ru/2.0; +http://megaindex.com/crawler)"
176.9.58.227 - - [17/Jan/2023:21:44:33 +0100] "GET /pmwiki/pmwiki.php/Main/TRIPSLie?action=diff HTTP/1.1" 200 14070 "-" "Mozilla/5.0 (compatible; MegaIndex.ru/2.0; +http://megaindex.com/crawler)"
217.113.194.125 - - [17/Jan/2023:21:44:36 +0100] "GET /pmwiki/pmwiki.php/PmWiki/BasicVariables?action=diff HTTP/1.1" 200 12947 "-" "Mozilla/5.0 (compatible; Barkrowler/0.9; +https://babbar.tech/crawler)"
176.9.58.227 - - [17/Jan/2023:21:44:37 +0100] "GET /pmwiki/pmwiki.php/Main/SMELie?action=edit HTTP/1.1" 200 12367 "-" "Mozilla/5.0 (compatible; MegaIndex.ru/2.0; +http://megaindex.com/crawler)"
176.9.58.227 - - [17/Jan/2023:21:44:41 +0100] "GET /pmwiki/pmwiki.php/Main/SMELie?action=upload HTTP/1.1" 200 12247 "-" "Mozilla/5.0 (compatible; MegaIndex.ru/2.0; +http://megaindex.com/crawler)"
176.9.58.227 - - [17/Jan/2023:21:44:44 +0100] "GET /pmwiki/pmwiki.php/Main/SMELie?action=diff HTTP/1.1" 200 14999 "-" "Mozilla/5.0 (compatible; MegaIndex.ru/2.0; +http://megaindex.com/crawler)"
176.9.58.227 - - [17/Jan/2023:21:44:48 +0100] "GET /pmwiki/pmwiki.php/Main/ABundestagT%e1mogatjaAzEur%f3paiParlamentet?action=diff&source=n&minor=n HTTP/1.1" 200 20974 "-" "Mozilla/5.0 (compatible; MegaIndex.ru/2.0; +http://megaindex.com/crawler)"
217.113.194.100 - - [17/Jan/2023:21:44:52 +0100] "GET /pmwiki/pmwiki.php/PmWiki/BasicVariables?action=upload HTTP/1.1" 200 12412 "-" "Mozilla/5.0 (compatible; Barkrowler/0.9; +https://babbar.tech/crawler)"
176.9.58.227 - - [17/Jan/2023:21:44:55 +0100] "GET /pmwiki/pmwiki.php/Main/ABundestagT%e1mogatjaAzEur%f3paiParlamentet?action=diff&source=y&minor=y HTTP/1.1" 200 21303 "-" "Mozilla/5.0 (compatible; MegaIndex.ru/2.0; +http://megaindex.com/crawler)"
176.9.58.227 - - [17/Jan/2023:21:45:01 +0100] "GET /pmwiki/pmwiki.php/Main/ABundestagT%e1mogatjaAzEur%f3paiParlamentet?action=edit&restore=diff:1108755047:1108754965:&preview=y HTTP/1.1" 200 13000 "-" "Mozilla/5.0 (compatible; MegaIndex.ru/2.0; +http://megaindex.com/crawler)"
176.9.58.227 - - [17/Jan/2023:21:45:05 +0100] "GET /pmwiki/pmwiki.php/Main/ABundestagT%e1mogatjaAzEur%f3paiParlamentet?action=edit&restore=diff:1108754965:1108754711:&preview=y HTTP/1.1" 200 13000 "-" "Mozilla/5.0 (compatible; MegaIndex.ru/2.0; +http://megaindex.com/crawler)"
217.113.194.104 - - [17/Jan/2023:21:45:07 +0100] "GET /pmwiki/pmwiki.php/PmWiki/BasicVariables?action=print HTTP/1.1" 200 9250 "-" "Mozilla/5.0 (compatible; Barkrowler/0.9; +https://babbar.tech/crawler)"
176.9.58.227 - - [17/Jan/2023:21:45:10 +0100] "GET /pmwiki/pmwiki.php/Main/ABundestagT%e1mogatjaAzEur%f3paiParlamentet?action=edit&restore=diff:1108754711:1108754711:&preview=y HTTP/1.1" 200 13000 "-" "Mozilla/5.0 (compatible; MegaIndex.ru/2.0; +http://megaindex.com/crawler)"
176.9.58.227 - - [17/Jan/2023:21:45:14 +0100] "GET /pmwiki/pmwiki.php/Main/McCreevy?action=edit HTTP/1.1" 200 12402 "-" "Mozilla/5.0 (compatible; MegaIndex.ru/2.0; +http://megaindex.com/crawler)"
176.9.58.227 - - [17/Jan/2023:21:45:18 +0100] "GET /pmwiki/pmwiki.php/Main/McCreevy?action=upload HTTP/1.1" 200 12282 "-" "Mozilla/5.0 (compatible; MegaIndex.ru/2.0; +http://megaindex.com/crawler)"
217.113.194.125 - - [17/Jan/2023:21:45:22 +0100] "GET /pmwiki/pmwiki.php/PmWiki/UploadsAdmin?action=diff HTTP/1.1" 200 12910 "-" "Mozilla/5.0 (compatible; Barkrowler/0.9; +https://babbar.tech/crawler)"
176.9.58.227 - - [17/Jan/2023:21:45:24 +0100] "GET /pmwiki/pmwiki.php/Main/McCreevy?action=diff HTTP/1.1" 200 16195 "-" "Mozilla/5.0 (compatible; MegaIndex.ru/2.0; +http://megaindex.com/crawler)"
176.9.58.227 - - [17/Jan/2023:21:45:30 +0100] "GET /pmwiki/pmwiki.php/Main/ThankYouPoland?action=diff&source=n&minor=n HTTP/1.1" 200 15641 "-" "Mozilla/5.0 (compatible; MegaIndex.ru/2.0; +http://megaindex.com/crawler)"
176.9.58.227 - - [17/Jan/2023:21:45:34 +0100] "GET /pmwiki/pmwiki.php/Main/ThankYouPoland?action=diff&source=y&minor=y HTTP/1.1" 200 15714 "-" "Mozilla/5.0 (compatible; MegaIndex.ru/2.0; +http://megaindex.com/crawler)"
217.113.194.72 - - [17/Jan/2023:21:45:38 +0100] "GET /pmwiki/pmwiki.php/PmWiki/UploadVariables?action=edit HTTP/1.1" 200 12548 "-" "Mozilla/5.0 (compatible; Barkrowler/0.9; +https://babbar.tech/crawler)"
176.9.58.227 - - [17/Jan/2023:21:45:39 +0100] "GET /pmwiki/pmwiki.php/Main/ThankYouPoland?action=edit&restore=diff:1110525395:1110525335:&preview=y HTTP/1.1" 200 12541 "-" "Mozilla/5.0 (compatible; MegaIndex.ru/2.0; +http://megaindex.com/crawler)"
176.9.58.227 - - [17/Jan/2023:21:45:42 +0100] "GET /pmwiki/pmwiki.php/Main/ThankYouPoland?action=edit&restore=diff:1110525335:1110525335:&preview=y HTTP/1.1" 200 12541 "-" "Mozilla/5.0 (compatible; MegaIndex.ru/2.0; +http://megaindex.com/crawler)"
176.9.58.227 - - [17/Jan/2023:21:45:49 +0100] "GET /pmwiki/pmwiki.php/Main/SideBar?action=diff&source=n&minor=y HTTP/1.1" 200 278004 "-" "Mozilla/5.0 (compatible; MegaIndex.ru/2.0; +http://megaindex.com/crawler)"
217.113.194.80 - - [17/Jan/2023:21:45:53 +0100] "GET /pmwiki/pmwiki.php/PmWiki/UploadVariables?action=upload HTTP/1.1" 200 12428 "-" "Mozilla/5.0 (compatible; Barkrowler/0.9; +https://babbar.tech/crawler)"
217.113.194.113 - - [17/Jan/2023:21:46:08 +0100] "GET /pmwiki/pmwiki.php/PmWiki/UploadVariables?action=print HTTP/1.1" 200 4243 "-" "Mozilla/5.0 (compatible; Barkrowler/0.9; +https://babbar.tech/crawler)"
217.113.194.80 - - [17/Jan/2023:21:46:24 +0100] "GET /pmwiki/pmwiki.php/PmWiki/UploadVariables?action=diff HTTP/1.1" 200 12965 "-" "Mozilla/5.0 (compatible; Barkrowler/0.9; +https://babbar.tech/crawler)"
176.9.58.227 - - [17/Jan/2023:21:46:25 +0100] "GET /pmwiki/pmwiki.php/Main/SideBar?action=diff&source=y&minor=n HTTP/1.1" 200 130838 "-" "Mozilla/5.0 (compatible; MegaIndex.ru/2.0; +http://megaindex.com/crawler)"
217.113.194.126 - - [17/Jan/2023:21:46:39 +0100] "GET /pmwiki/pmwiki.php/PmWiki/UrlApprovals?action=edit HTTP/1.1" 200 12499 "-" "Mozilla/5.0 (compatible; Barkrowler/0.9; +https://babbar.tech/crawler)"
176.9.58.227 - - [17/Jan/2023:21:46:40 +0100] "GET /pmwiki/pmwiki.php/Main/MitTehetek?action=diff&source=n&minor=y HTTP/1.1" 200 26258 "-" "Mozilla/5.0 (compatible; MegaIndex.ru/2.0; +http://megaindex.com/crawler)"
176.9.58.227 - - [17/Jan/2023:21:46:44 +0100] "GET /pmwiki/pmwiki.php/Main/MitTehetek?action=diff&source=y&minor=n HTTP/1.1" 200 18913 "-" "Mozilla/5.0 (compatible; MegaIndex.ru/2.0; +http://megaindex.com/crawler)"
176.9.58.227 - - [17/Jan/2023:21:46:50 +0100] "GET /pmwiki/pmwiki.php/Main/Cikkek?action=diff&source=n&minor=y HTTP/1.1" 200 107776 "-" "Mozilla/5.0 (compatible; MegaIndex.ru/2.0; +http://megaindex.com/crawler)"
217.113.194.93 - - [17/Jan/2023:21:46:54 +0100] "GET /pmwiki/pmwiki.php/PmWiki/OtherVariables?action=diff HTTP/1.1" 200 12947 "-" "Mozilla/5.0 (compatible; Barkrowler/0.9; +https://babbar.tech/crawler)"
176.9.58.227 - - [17/Jan/2023:21:47:04 +0100] "GET /pmwiki/pmwiki.php/Main/Cikkek?action=diff&source=y&minor=n HTTP/1.1" 200 85161 "-" "Mozilla/5.0 (compatible; MegaIndex.ru/2.0; +http://megaindex.com/crawler)"
217.113.194.103 - - [17/Jan/2023:21:47:10 +0100] "GET /pmwiki/pmwiki.php/PmWiki/MailingLists?action=edit HTTP/1.1" 200 12499 "-" "Mozilla/5.0 (compatible; Barkrowler/0.9; +https://babbar.tech/crawler)"
176.9.58.227 - - [17/Jan/2023:21:47:16 +0100] "GET /pmwiki/pmwiki.php/Main/AzEur%f3paiParlament%dajraind%edt%e1stK%f6vetelAzEln%f6kiKonferenciaElfogadtaAzInd%edtv%e1nyt?action=diff&source=n&minor=n HTTP/1.1" 200 18112 "-" "Mozilla/5.0 (compatible; MegaIndex.ru/2.0; +http://megaindex.com/crawler)"
176.9.58.227 - - [17/Jan/2023:21:47:21 +0100] "GET /pmwiki/pmwiki.php/Main/AzEur%f3paiParlament%dajraind%edt%e1stK%f6vetelAzEln%f6kiKonferenciaElfogadtaAzInd%edtv%e1nyt?action=diff&source=y&minor=y HTTP/1.1" 200 18145 "-" "Mozilla/5.0 (compatible; MegaIndex.ru/2.0; +http://megaindex.com/crawler)"
217.113.194.91 - - [17/Jan/2023:21:47:25 +0100] "GET /pmwiki/pmwiki.php/PmWiki/MailingLists?action=print HTTP/1.1" 200 4543 "-" "Mozilla/5.0 (compatible; Barkrowler/0.9; +https://babbar.tech/crawler)"
176.9.58.227 - - [17/Jan/2023:21:47:28 +0100] "GET /pmwiki/pmwiki.php/Main/AzEur%f3paiParlament%dajraind%edt%e1stK%f6vetelAzEln%f6kiKonferenciaElfogadtaAzInd%edtv%e1nyt?action=edit&restore=diff:1108653475:1108653475:&preview=y HTTP/1.1" 200 13776 "-" "Mozilla/5.0 (compatible; MegaIndex.ru/2.0; +http://megaindex.com/crawler)"
176.9.58.227 - - [17/Jan/2023:21:47:31 +0100] "GET /pmwiki/pmwiki.php/Main/BillGates%c9sM%e1sKommunist%e1k?action=diff&source=n&minor=n HTTP/1.1" 200 20908 "-" "Mozilla/5.0 (compatible; MegaIndex.ru/2.0; +http://megaindex.com/crawler)"
176.9.58.227 - - [17/Jan/2023:21:47:38 +0100] "GET /pmwiki/pmwiki.php/Main/BillGates%c9sM%e1sKommunist%e1k?action=diff&source=y&minor=y HTTP/1.1" 200 21007 "-" "Mozilla/5.0 (compatible; MegaIndex.ru/2.0; +http://megaindex.com/crawler)"
217.113.194.123 - - [17/Jan/2023:21:47:40 +0100] "GET /pmwiki/pmwiki.php/PmWiki/MailingLists?action=upload HTTP/1.1" 200 12379 "-" "Mozilla/5.0 (compatible; Barkrowler/0.9; +https://babbar.tech/crawler)"
176.9.58.227 - - [17/Jan/2023:21:47:44 +0100] "GET /pmwiki/pmwiki.php/Main/BillGates%c9sM%e1sKommunist%e1k?action=edit&restore=diff:1108661656:1108661610:&preview=y HTTP/1.1" 200 12804 "-" "Mozilla/5.0 (compatible; MegaIndex.ru/2.0; +http://megaindex.com/crawler)"
176.9.58.227 - - [17/Jan/2023:21:47:48 +0100] "GET /pmwiki/pmwiki.php/Main/BillGates%c9sM%e1sKommunist%e1k?action=edit&restore=diff:1108661610:1108661610:&preview=y HTTP/1.1" 200 12804 "-" "Mozilla/5.0 (compatible; MegaIndex.ru/2.0; +http://megaindex.com/crawler)"
176.9.58.227 - - [17/Jan/2023:21:47:53 +0100] "GET /pmwiki/pmwiki.php/Main/GatesMegzsaroltaD%e1ni%e1t?action=diff&source=n&minor=n HTTP/1.1" 200 15072 "-" "Mozilla/5.0 (compatible; MegaIndex.ru/2.0; +http://megaindex.com/crawler)"
217.113.194.88 - - [17/Jan/2023:21:47:56 +0100] "GET /pmwiki/pmwiki.php/PmWiki/EditVariables?action=diff HTTP/1.1" 200 12928 "-" "Mozilla/5.0 (compatible; Barkrowler/0.9; +https://babbar.tech/crawler)"
176.9.58.227 - - [17/Jan/2023:21:47:57 +0100] "GET /pmwiki/pmwiki.php/Main/GatesMegzsaroltaD%e1ni%e1t?action=diff&source=y&minor=y HTTP/1.1" 200 15124 "-" "Mozilla/5.0 (compatible; MegaIndex.ru/2.0; +http://megaindex.com/crawler)"
176.9.58.227 - - [17/Jan/2023:21:48:00 +0100] "GET /pmwiki/pmwiki.php/Main/GatesMegzsaroltaD%e1ni%e1t?action=edit&restore=diff:1108662072:1108662048:&preview=y HTTP/1.1" 200 12728 "-" "Mozilla/5.0 (compatible; MegaIndex.ru/2.0; +http://megaindex.com/crawler)"
176.9.58.227 - - [17/Jan/2023:21:48:05 +0100] "GET /pmwiki/pmwiki.php/Main/GatesMegzsaroltaD%e1ni%e1t?action=edit&restore=diff:1108662048:1108662048:&preview=y HTTP/1.1" 200 12728 "-" "Mozilla/5.0 (compatible; MegaIndex.ru/2.0; +http://megaindex.com/crawler)"
176.9.58.227 - - [17/Jan/2023:21:48:09 +0100] "GET /pmwiki/pmwiki.php/Main/CenZored?action=diff&source=n&minor=n HTTP/1.1" 200 16528 "-" "Mozilla/5.0 (compatible; MegaIndex.ru/2.0; +http://megaindex.com/crawler)"
217.113.194.117 - - [17/Jan/2023:21:48:11 +0100] "GET /pmwiki/pmwiki.php/PmWiki/CustomWikiStyles?action=diff HTTP/1.1" 200 12982 "-" "Mozilla/5.0 (compatible; Barkrowler/0.9; +https://babbar.tech/crawler)"
176.9.58.227 - - [17/Jan/2023:21:48:16 +0100] "GET /pmwiki/pmwiki.php/Main/CenZored?action=diff&source=y&minor=y HTTP/1.1" 200 16562 "-" "Mozilla/5.0 (compatible; MegaIndex.ru/2.0; +http://megaindex.com/crawler)"
176.9.58.227 - - [17/Jan/2023:21:48:23 +0100] "GET /pmwiki/pmwiki.php/Main/CenZored?action=edit&restore=diff:1108897334:1108897334:&preview=y HTTP/1.1" 200 12448 "-" "Mozilla/5.0 (compatible; MegaIndex.ru/2.0; +http://megaindex.com/crawler)"
217.113.194.83 - - [17/Jan/2023:21:48:26 +0100] "GET /pmwiki/pmwiki.php/PmWiki/GroupHeaders?action=diff HTTP/1.1" 200 12910 "-" "Mozilla/5.0 (compatible; Barkrowler/0.9; +https://babbar.tech/crawler)"
176.9.58.227 - - [17/Jan/2023:21:48:27 +0100] "GET /pmwiki/pmwiki.php/Main/Rocard?action=diff&source=n&minor=n HTTP/1.1" 200 18777 "-" "Mozilla/5.0 (compatible; MegaIndex.ru/2.0; +http://megaindex.com/crawler)"
176.9.58.227 - - [17/Jan/2023:21:48:35 +0100] "GET /pmwiki/pmwiki.php/Main/Rocard?action=diff&source=y&minor=y HTTP/1.1" 200 18917 "-" "Mozilla/5.0 (compatible; MegaIndex.ru/2.0; +http://megaindex.com/crawler)"
176.9.58.227 - - [17/Jan/2023:21:48:40 +0100] "GET /pmwiki/pmwiki.php/Main/Rocard?action=edit&restore=diff:1115799450:1115799450:&preview=y HTTP/1.1" 200 12411 "-" "Mozilla/5.0 (compatible; MegaIndex.ru/2.0; +http://megaindex.com/crawler)"
217.113.194.76 - - [17/Jan/2023:21:48:42 +0100] "GET /pmwiki/pmwiki.php/PmWiki/LinkVariables?action=diff HTTP/1.1" 200 12929 "-" "Mozilla/5.0 (compatible; Barkrowler/0.9; +https://babbar.tech/crawler)"
176.9.58.227 - - [17/Jan/2023:21:48:44 +0100] "GET /pmwiki/pmwiki.php/Main/SzoftverSzabadalmak?action=diff&source=n&minor=y HTTP/1.1" 200 16505 "-" "Mozilla/5.0 (compatible; MegaIndex.ru/2.0; +http://megaindex.com/crawler)"
176.9.58.227 - - [17/Jan/2023:21:48:49 +0100] "GET /pmwiki/pmwiki.php/Main/SzoftverSzabadalmak?action=diff&source=y&minor=n HTTP/1.1" 200 16602 "-" "Mozilla/5.0 (compatible; MegaIndex.ru/2.0; +http://megaindex.com/crawler)"
176.9.58.227 - - [17/Jan/2023:21:48:56 +0100] "GET /pmwiki/pmwiki.php/Main/FAQ?action=diff&source=n&minor=y HTTP/1.1" 200 19015 "-" "Mozilla/5.0 (compatible; MegaIndex.ru/2.0; +http://megaindex.com/crawler)"
217.113.194.109 - - [17/Jan/2023:21:48:57 +0100] "GET /pmwiki/pmwiki.php/PmWiki/LinkVariables?action=upload HTTP/1.1" 200 12396 "-" "Mozilla/5.0 (compatible; Barkrowler/0.9; +https://babbar.tech/crawler)"
176.9.58.227 - - [17/Jan/2023:21:49:01 +0100] "GET /pmwiki/pmwiki.php/Main/FAQ?action=diff&source=y&minor=n HTTP/1.1" 200 19113 "-" "Mozilla/5.0 (compatible; MegaIndex.ru/2.0; +http://megaindex.com/crawler)"
176.9.58.227 - - [17/Jan/2023:21:49:08 +0100] "GET /pmwiki/pmwiki.php/Main/Nyilatkozatok?action=diff&source=n&minor=y HTTP/1.1" 200 33585 "-" "Mozilla/5.0 (compatible; MegaIndex.ru/2.0; +http://megaindex.com/crawler)"
217.113.194.122 - - [17/Jan/2023:21:49:12 +0100] "GET /pmwiki/pmwiki.php/PmWiki/TipsForEditing?action=diff HTTP/1.1" 200 12947 "-" "Mozilla/5.0 (compatible; Barkrowler/0.9; +https://babbar.tech/crawler)"
176.9.58.227 - - [17/Jan/2023:21:49:16 +0100] "GET /pmwiki/pmwiki.php/Main/Nyilatkozatok?action=diff&source=y&minor=n HTTP/1.1" 200 29019 "-" "Mozilla/5.0 (compatible; MegaIndex.ru/2.0; +http://megaindex.com/crawler)"
176.9.58.227 - - [17/Jan/2023:21:49:22 +0100] "GET /pmwiki/pmwiki.php/Main/2003M%e1jusBr%fcsszeliT%fara?action=diff&source=n&minor=n HTTP/1.1" 200 14621 "-" "Mozilla/5.0 (compatible; MegaIndex.ru/2.0; +http://megaindex.com/crawler)"
176.9.58.227 - - [17/Jan/2023:21:49:26 +0100] "GET /pmwiki/pmwiki.php/Main/2003M%e1jusBr%fcsszeliT%fara?action=diff&source=y&minor=y HTTP/1.1" 200 14643 "-" "Mozilla/5.0 (compatible; MegaIndex.ru/2.0; +http://megaindex.com/crawler)"
217.113.194.101 - - [17/Jan/2023:21:49:28 +0100] "GET /pmwiki/pmwiki.php/PmWiki/TipsForEditing?action=print HTTP/1.1" 200 5485 "-" "Mozilla/5.0 (compatible; Barkrowler/0.9; +https://babbar.tech/crawler)"
176.9.58.227 - - [17/Jan/2023:21:49:30 +0100] "GET /pmwiki/pmwiki.php/Main/2003M%e1jusBr%fcsszeliT%fara?action=edit&restore=diff:1120087378:1120087378:&preview=y HTTP/1.1" 200 12752 "-" "Mozilla/5.0 (compatible; MegaIndex.ru/2.0; +http://megaindex.com/crawler)"
176.9.58.227 - - [17/Jan/2023:21:49:33 +0100] "GET /pmwiki/pmwiki.php/Main/2003M%e1jusiNyilatkozat?action=diff&source=n&minor=n HTTP/1.1" 200 16688 "-" "Mozilla/5.0 (compatible; MegaIndex.ru/2.0; +http://megaindex.com/crawler)"
217.113.194.103 - - [17/Jan/2023:21:49:44 +0100] "GET /pmwiki/pmwiki.php/PmWiki/TipsForEditing?action=edit HTTP/1.1" 200 12532 "-" "Mozilla/5.0 (compatible; Barkrowler/0.9; +https://babbar.tech/crawler)"
217.113.194.68 - - [17/Jan/2023:21:50:00 +0100] "GET /pmwiki/pmwiki.php/PmWiki/TipsForEditing?action=upload HTTP/1.1" 200 12412 "-" "Mozilla/5.0 (compatible; Barkrowler/0.9; +https://babbar.tech/crawler)"
217.113.194.108 - - [17/Jan/2023:21:50:15 +0100] "GET /pmwiki/pmwiki.php/PmWiki/WikiStructure?action=diff HTTP/1.1" 200 12929 "-" "Mozilla/5.0 (compatible; Barkrowler/0.9; +https://babbar.tech/crawler)"
217.113.194.67 - - [17/Jan/2023:21:50:30 +0100] "GET /pmwiki/pmwiki.php/PmWiki/WikiFarms?action=diff HTTP/1.1" 200 12856 "-" "Mozilla/5.0 (compatible; Barkrowler/0.9; +https://babbar.tech/crawler)"
217.113.194.79 - - [17/Jan/2023:21:50:45 +0100] "GET /pmwiki/pmwiki.php/PmWiki/WikiAdministrator?action=diff HTTP/1.1" 200 12999 "-" "Mozilla/5.0 (compatible; Barkrowler/0.9; +https://babbar.tech/crawler)"
217.113.194.81 - - [17/Jan/2023:21:51:01 +0100] "GET /pmwiki/pmwiki.php/PmWiki/WikiAdministrator?action=upload HTTP/1.1" 200 12458 "-" "Mozilla/5.0 (compatible; Barkrowler/0.9; +https://babbar.tech/crawler)"
217.113.194.77 - - [17/Jan/2023:21:51:16 +0100] "GET /pmwiki/pmwiki.php/PmWiki/GoodStyle?action=upload HTTP/1.1" 200 12332 "-" "Mozilla/5.0 (compatible; Barkrowler/0.9; +https://babbar.tech/crawler)"
217.113.194.114 - - [17/Jan/2023:21:51:31 +0100] "GET /pmwiki/pmwiki.php/PmWiki/GoodStyle?action=print HTTP/1.1" 200 3262 "-" "Mozilla/5.0 (compatible; Barkrowler/0.9; +https://babbar.tech/crawler)"
217.113.194.76 - - [17/Jan/2023:21:51:47 +0100] "GET /pmwiki/pmwiki.php/PmWiki/GoodStyle?action=edit HTTP/1.1" 200 12452 "-" "Mozilla/5.0 (compatible; Barkrowler/0.9; +https://babbar.tech/crawler)"
217.113.194.91 - - [17/Jan/2023:21:52:02 +0100] "GET /pmwiki/pmwiki.php/PmWiki/GoodStyle?action=diff HTTP/1.1" 200 12857 "-" "Mozilla/5.0 (compatible; Barkrowler/0.9; +https://babbar.tech/crawler)"
176.9.58.227 - - [17/Jan/2023:21:52:13 +0100] "GET /pmwiki/pmwiki.php/Main/2003M%e1jusiNyilatkozat?action=edit&restore=diff:1120082921:1120082921:&preview=y HTTP/1.1" 200 12680 "-" "Mozilla/5.0 (compatible; MegaIndex.ru/2.0; +http://megaindex.com/crawler)"
176.9.58.227 - - [17/Jan/2023:21:52:16 +0100] "GET /pmwiki/pmwiki.php/Main/2003M%e1jusiNyilatkozathozKapcsol%f3d%f3Cikk?action=diff&source=n&minor=n HTTP/1.1" 200 16507 "-" "Mozilla/5.0 (compatible; MegaIndex.ru/2.0; +http://megaindex.com/crawler)"
217.113.194.99 - - [17/Jan/2023:21:52:17 +0100] "GET /pmwiki/pmwiki.php/PmWiki/PasswordsAdmin?action=diff HTTP/1.1" 200 12947 "-" "Mozilla/5.0 (compatible; Barkrowler/0.9; +https://babbar.tech/crawler)"
176.9.58.227 - - [17/Jan/2023:21:52:22 +0100] "GET /pmwiki/pmwiki.php/Main/2003M%e1jusiNyilatkozathozKapcsol%f3d%f3Cikk?action=diff&source=y&minor=y HTTP/1.1" 200 16628 "-" "Mozilla/5.0 (compatible; MegaIndex.ru/2.0; +http://megaindex.com/crawler)"
176.9.58.227 - - [17/Jan/2023:21:52:30 +0100] "GET /pmwiki/pmwiki.php/Main/2003M%e1jusiNyilatkozathozKapcsol%f3d%f3Cikk?action=edit&restore=diff:1120082972:1120082972:&preview=y HTTP/1.1" 200 13008 "-" "Mozilla/5.0 (compatible; MegaIndex.ru/2.0; +http://megaindex.com/crawler)"
217.113.194.118 - - [17/Jan/2023:21:52:33 +0100] "GET /pmwiki/pmwiki.php/PmWiki/PasswordsAdmin?action=crypt HTTP/1.1" 200 2057 "-" "Mozilla/5.0 (compatible; Barkrowler/0.9; +https://babbar.tech/crawler)"
176.9.58.227 - - [17/Jan/2023:21:52:33 +0100] "GET /pmwiki/pmwiki.php/Main/2004-esNyilatkozat?action=diff&source=n&minor=n HTTP/1.1" 200 17019 "-" "Mozilla/5.0 (compatible; MegaIndex.ru/2.0; +http://megaindex.com/crawler)"
176.9.58.227 - - [17/Jan/2023:21:52:42 +0100] "GET /pmwiki/pmwiki.php/Main/2004-esNyilatkozat?action=diff&source=y&minor=y HTTP/1.1" 200 16936 "-" "Mozilla/5.0 (compatible; MegaIndex.ru/2.0; +http://megaindex.com/crawler)"
217.113.194.70 - - [17/Jan/2023:21:52:48 +0100] "GET /pmwiki/pmwiki.php/PmWiki/Internationalizations?action=edit HTTP/1.1" 200 12643 "-" "Mozilla/5.0 (compatible; Barkrowler/0.9; +https://babbar.tech/crawler)"
176.9.58.227 - - [17/Jan/2023:21:52:49 +0100] "GET /pmwiki/pmwiki.php/Main/2004-esNyilatkozat?action=edit&restore=diff:1120083031:1120083031:&preview=y HTTP/1.1" 200 12604 "-" "Mozilla/5.0 (compatible; MegaIndex.ru/2.0; +http://megaindex.com/crawler)"
176.9.58.227 - - [17/Jan/2023:21:52:52 +0100] "GET /pmwiki/pmwiki.php/Main/HarcT%edzITSzabadalomEllen?action=diff&source=n&minor=n HTTP/1.1" 200 16498 "-" "Mozilla/5.0 (compatible; MegaIndex.ru/2.0; +http://megaindex.com/crawler)"
176.9.58.227 - - [17/Jan/2023:21:52:56 +0100] "GET /pmwiki/pmwiki.php/Main/HarcT%edzITSzabadalomEllen?action=diff&source=y&minor=y HTTP/1.1" 200 16626 "-" "Mozilla/5.0 (compatible; MegaIndex.ru/2.0; +http://megaindex.com/crawler)"
176.9.58.227 - - [17/Jan/2023:21:53:02 +0100] "GET /pmwiki/pmwiki.php/Main/HarcT%edzITSzabadalomEllen?action=edit&restore=diff:1120087250:1120087188:&preview=y HTTP/1.1" 200 12728 "-" "Mozilla/5.0 (compatible; MegaIndex.ru/2.0; +http://megaindex.com/crawler)"
217.113.194.68 - - [17/Jan/2023:21:53:03 +0100] "GET /pmwiki/pmwiki.php/PmWiki/Internationalizations?action=print HTTP/1.1" 200 7741 "-" "Mozilla/5.0 (compatible; Barkrowler/0.9; +https://babbar.tech/crawler)"
176.9.58.227 - - [17/Jan/2023:21:53:05 +0100] "GET /pmwiki/pmwiki.php/Main/HarcT%edzITSzabadalomEllen?action=edit&restore=diff:1120087188:1120087188:&preview=y HTTP/1.1" 200 12728 "-" "Mozilla/5.0 (compatible; MegaIndex.ru/2.0; +http://megaindex.com/crawler)"
176.9.58.227 - - [17/Jan/2023:21:53:08 +0100] "GET /pmwiki/pmwiki.php/Main/Lev%e9lAParlamentInformaitikaiBizotts%e1gaEln%f6k%e9nek?action=diff&source=n&minor=n HTTP/1.1" 200 15560 "-" "Mozilla/5.0 (compatible; MegaIndex.ru/2.0; +http://megaindex.com/crawler)"
176.9.58.227 - - [17/Jan/2023:21:53:13 +0100] "GET /pmwiki/pmwiki.php/Main/Lev%e9lAParlamentInformaitikaiBizotts%e1gaEln%f6k%e9nek?action=diff&source=y&minor=y HTTP/1.1" 200 15572 "-" "Mozilla/5.0 (compatible; MegaIndex.ru/2.0; +http://megaindex.com/crawler)"
176.9.58.227 - - [17/Jan/2023:21:53:16 +0100] "GET /pmwiki/pmwiki.php/Main/Lev%e9lAParlamentInformaitikaiBizotts%e1gaEln%f6k%e9nek?action=edit&restore=diff:1120083786:1120083786:&preview=y HTTP/1.1" 200 13180 "-" "Mozilla/5.0 (compatible; MegaIndex.ru/2.0; +http://megaindex.com/crawler)"
217.113.194.89 - - [17/Jan/2023:21:53:19 +0100] "GET /pmwiki/pmwiki.php/PmWiki/Internationalizations?action=upload HTTP/1.1" 200 12523 "-" "Mozilla/5.0 (compatible; Barkrowler/0.9; +https://babbar.tech/crawler)"
176.9.58.227 - - [17/Jan/2023:21:53:19 +0100] "GET /pmwiki/pmwiki.php/Main/Damokl%e9szKardjaLebegAMagyarSzoftveriparFelett?action=diff&source=n&minor=n HTTP/1.1" 200 17434 "-" "Mozilla/5.0 (compatible; MegaIndex.ru/2.0; +http://megaindex.com/crawler)"
176.9.58.227 - - [17/Jan/2023:21:53:27 +0100] "GET /pmwiki/pmwiki.php/Main/Damokl%e9szKardjaLebegAMagyarSzoftveriparFelett?action=diff&source=y&minor=y HTTP/1.1" 200 17634 "-" "Mozilla/5.0 (compatible; MegaIndex.ru/2.0; +http://megaindex.com/crawler)"
176.9.58.227 - - [17/Jan/2023:21:53:30 +0100] "GET /pmwiki/pmwiki.php/Main/Damokl%e9szKardjaLebegAMagyarSzoftveriparFelett?action=edit&restore=diff:1120085211:1120085211:&preview=y HTTP/1.1" 200 13064 "-" "Mozilla/5.0 (compatible; MegaIndex.ru/2.0; +http://megaindex.com/crawler)"
176.9.58.227 - - [17/Jan/2023:21:53:34 +0100] "GET /pmwiki/pmwiki.php/Main/2004Augusztus5?action=diff&source=n&minor=n HTTP/1.1" 200 16408 "-" "Mozilla/5.0 (compatible; MegaIndex.ru/2.0; +http://megaindex.com/crawler)"
217.113.194.86 - - [17/Jan/2023:21:53:34 +0100] "GET /pmwiki/pmwiki.php/Emeltdijas/Hu?action=diff HTTP/1.1" 200 14411 "-" "Mozilla/5.0 (compatible; Barkrowler/0.9; +https://babbar.tech/crawler)"
176.9.58.227 - - [17/Jan/2023:21:53:41 +0100] "GET /pmwiki/pmwiki.php/Main/2004Augusztus5?action=diff&source=y&minor=y HTTP/1.1" 200 16438 "-" "Mozilla/5.0 (compatible; MegaIndex.ru/2.0; +http://megaindex.com/crawler)"
176.9.58.227 - - [17/Jan/2023:21:53:49 +0100] "GET /pmwiki/pmwiki.php/Main/2004Augusztus5?action=edit&restore=diff:1120088178:1120088178:&preview=y HTTP/1.1" 200 12540 "-" "Mozilla/5.0 (compatible; MegaIndex.ru/2.0; +http://megaindex.com/crawler)"
217.113.194.107 - - [17/Jan/2023:21:53:49 +0100] "GET /pmwiki/pmwiki.php/Profiles/IPRjavaslat?action=edit HTTP/1.1" 200 12517 "-" "Mozilla/5.0 (compatible; Barkrowler/0.9; +https://babbar.tech/crawler)"
176.9.58.227 - - [17/Jan/2023:21:53:51 +0100] "GET /pmwiki/pmwiki.php/Main/2004Augusztus18?action=diff&source=n&minor=n HTTP/1.1" 200 14665 "-" "Mozilla/5.0 (compatible; MegaIndex.ru/2.0; +http://megaindex.com/crawler)"
176.9.58.227 - - [17/Jan/2023:21:53:56 +0100] "GET /pmwiki/pmwiki.php/Main/2004Augusztus18?action=diff&source=y&minor=y HTTP/1.1" 200 14631 "-" "Mozilla/5.0 (compatible; MegaIndex.ru/2.0; +http://megaindex.com/crawler)"
176.9.58.227 - - [17/Jan/2023:21:53:59 +0100] "GET /pmwiki/pmwiki.php/Main/2004Augusztus18?action=edit&restore=diff:1120087932:1120087932:&preview=y HTTP/1.1" 200 12556 "-" "Mozilla/5.0 (compatible; MegaIndex.ru/2.0; +http://megaindex.com/crawler)"
176.9.58.227 - - [17/Jan/2023:21:54:03 +0100] "GET /pmwiki/pmwiki.php/Main/2004Szeptember1?action=diff&source=n&minor=n HTTP/1.1" 200 15558 "-" "Mozilla/5.0 (compatible; MegaIndex.ru/2.0; +http://megaindex.com/crawler)"
217.113.194.106 - - [17/Jan/2023:21:54:06 +0100] "GET /pmwiki/pmwiki.php/Profiles/IPRjavaslat?action=diff HTTP/1.1" 200 12930 "-" "Mozilla/5.0 (compatible; Barkrowler/0.9; +https://babbar.tech/crawler)"
176.9.58.227 - - [17/Jan/2023:21:54:07 +0100] "GET /pmwiki/pmwiki.php/Main/2004Szeptember1?action=diff&source=y&minor=y HTTP/1.1" 200 15599 "-" "Mozilla/5.0 (compatible; MegaIndex.ru/2.0; +http://megaindex.com/crawler)"
176.9.58.227 - - [17/Jan/2023:21:54:11 +0100] "GET /pmwiki/pmwiki.php/Main/2004Szeptember1?action=edit&restore=diff:1120087799:1120087799:&preview=y HTTP/1.1" 200 12556 "-" "Mozilla/5.0 (compatible; MegaIndex.ru/2.0; +http://megaindex.com/crawler)"
176.9.58.227 - - [17/Jan/2023:21:54:15 +0100] "GET /pmwiki/pmwiki.php/Main/2005Szeptember2?action=diff&source=n&minor=n HTTP/1.1" 200 15260 "-" "Mozilla/5.0 (compatible; MegaIndex.ru/2.0; +http://megaindex.com/crawler)"
176.9.58.227 - - [17/Jan/2023:21:54:19 +0100] "GET /pmwiki/pmwiki.php/Main/2005Szeptember2?action=diff&source=y&minor=y HTTP/1.1" 200 15280 "-" "Mozilla/5.0 (compatible; MegaIndex.ru/2.0; +http://megaindex.com/crawler)"
217.113.194.95 - - [17/Jan/2023:21:54:21 +0100] "GET /pmwiki/pmwiki.php/Profiles/IPRjavaslat?action=upload HTTP/1.1" 200 12397 "-" "Mozilla/5.0 (compatible; Barkrowler/0.9; +https://babbar.tech/crawler)"
176.9.58.227 - - [17/Jan/2023:21:54:23 +0100] "GET /pmwiki/pmwiki.php/Main/2005Szeptember2?action=edit&restore=diff:1120087671:1120087671:&preview=y HTTP/1.1" 200 12556 "-" "Mozilla/5.0 (compatible; MegaIndex.ru/2.0; +http://megaindex.com/crawler)"
176.9.58.227 - - [17/Jan/2023:21:54:26 +0100] "GET /pmwiki/pmwiki.php/Main/2004Febru%e1riK%f6sz%f6netLengyelorsz%e1gnak?action=diff&source=n&minor=n HTTP/1.1" 200 17729 "-" "Mozilla/5.0 (compatible; MegaIndex.ru/2.0; +http://megaindex.com/crawler)"
176.9.58.227 - - [17/Jan/2023:21:54:34 +0100] "GET /pmwiki/pmwiki.php/Main/2004Febru%e1riK%f6sz%f6netLengyelorsz%e1gnak?action=diff&source=y&minor=y HTTP/1.1" 200 18031 "-" "Mozilla/5.0 (compatible; MegaIndex.ru/2.0; +http://megaindex.com/crawler)"
217.113.194.119 - - [17/Jan/2023:21:54:36 +0100] "GET /pmwiki/pmwiki.php/Profiles/AdelphiCharter?action=upload HTTP/1.1" 200 12445 "-" "Mozilla/5.0 (compatible; Barkrowler/0.9; +https://babbar.tech/crawler)"
176.9.58.227 - - [17/Jan/2023:21:54:39 +0100] "GET /pmwiki/pmwiki.php/Main/2004Febru%e1riK%f6sz%f6netLengyelorsz%e1gnak?action=edit&restore=diff:1120085115:1120084507:&preview=y HTTP/1.1" 200 13004 "-" "Mozilla/5.0 (compatible; MegaIndex.ru/2.0; +http://megaindex.com/crawler)"
176.9.58.227 - - [17/Jan/2023:21:54:43 +0100] "GET /pmwiki/pmwiki.php/Main/2004Febru%e1riK%f6sz%f6netLengyelorsz%e1gnak?action=edit&restore=diff:1120084507:1120084507:&preview=y HTTP/1.1" 200 13004 "-" "Mozilla/5.0 (compatible; MegaIndex.ru/2.0; +http://megaindex.com/crawler)"
176.9.58.227 - - [17/Jan/2023:21:54:46 +0100] "GET /pmwiki/pmwiki.php/Main/ATan%e1cs%c9rdembenT%e1rgyalhatASzoftverszabadalmiDirekt%edv%e1r%f3l?action=diff&source=n&minor=n HTTP/1.1" 200 18697 "-" "Mozilla/5.0 (compatible; MegaIndex.ru/2.0; +http://megaindex.com/crawler)"
176.9.58.227 - - [17/Jan/2023:21:54:51 +0100] "GET /pmwiki/pmwiki.php/Main/ATan%e1cs%c9rdembenT%e1rgyalhatASzoftverszabadalmiDirekt%edv%e1r%f3l?action=diff&source=y&minor=y HTTP/1.1" 200 19368 "-" "Mozilla/5.0 (compatible; MegaIndex.ru/2.0; +http://megaindex.com/crawler)"
217.113.194.97 - - [17/Jan/2023:21:54:52 +0100] "GET /pmwiki/pmwiki.php/Profiles/AdelphiCharter?action=edit HTTP/1.1" 200 12565 "-" "Mozilla/5.0 (compatible; Barkrowler/0.9; +https://babbar.tech/crawler)"
176.9.58.227 - - [17/Jan/2023:21:54:56 +0100] "GET /pmwiki/pmwiki.php/Main/ATan%e1cs%c9rdembenT%e1rgyalhatASzoftverszabadalmiDirekt%edv%e1r%f3l?action=edit&restore=diff:1120086994:1120086994:&preview=y HTTP/1.1" 200 13380 "-" "Mozilla/5.0 (compatible; MegaIndex.ru/2.0; +http://megaindex.com/crawler)"
176.9.58.227 - - [17/Jan/2023:21:55:00 +0100] "GET /pmwiki/pmwiki.php/Main/AzEUBizotts%e1gaL%e1bbalTiporjaADemokr%e1ci%e1t?action=diff&source=n&minor=n HTTP/1.1" 200 20118 "-" "Mozilla/5.0 (compatible; MegaIndex.ru/2.0; +http://megaindex.com/crawler)"
176.9.58.227 - - [17/Jan/2023:21:55:05 +0100] "GET /pmwiki/pmwiki.php/Main/AzEUBizotts%e1gaL%e1bbalTiporjaADemokr%e1ci%e1t?action=diff&source=y&minor=y HTTP/1.1" 200 20165 "-" "Mozilla/5.0 (compatible; MegaIndex.ru/2.0; +http://megaindex.com/crawler)"
217.113.194.67 - - [17/Jan/2023:21:55:07 +0100] "GET /pmwiki/pmwiki.php/Profiles/Leforditando?action=upload HTTP/1.1" 200 12413 "-" "Mozilla/5.0 (compatible; Barkrowler/0.9; +https://babbar.tech/crawler)"
176.9.58.227 - - [17/Jan/2023:21:55:12 +0100] "GET /pmwiki/pmwiki.php/Main/AzEUBizotts%e1gaL%e1bbalTiporjaADemokr%e1ci%e1t?action=edit&restore=diff:1120087225:1120087088:&preview=y HTTP/1.1" 200 13052 "-" "Mozilla/5.0 (compatible; MegaIndex.ru/2.0; +http://megaindex.com/crawler)"
176.9.58.227 - - [17/Jan/2023:21:55:15 +0100] "GET /pmwiki/pmwiki.php/Main/AzEUBizotts%e1gaL%e1bbalTiporjaADemokr%e1ci%e1t?action=edit&restore=diff:1120087088:1120087088:&preview=y HTTP/1.1" 200 13052 "-" "Mozilla/5.0 (compatible; MegaIndex.ru/2.0; +http://megaindex.com/crawler)"
176.9.58.227 - - [17/Jan/2023:21:55:22 +0100] "GET /pmwiki/pmwiki.php/Main/2005M%e1rciusiNyilatkozat?action=diff&source=n&minor=n HTTP/1.1" 200 16519 "-" "Mozilla/5.0 (compatible; MegaIndex.ru/2.0; +http://megaindex.com/crawler)"
217.113.194.66 - - [17/Jan/2023:21:55:22 +0100] "GET /pmwiki/pmwiki.php/Profiles/Leforditando?action=edit HTTP/1.1" 200 12533 "-" "Mozilla/5.0 (compatible; Barkrowler/0.9; +https://babbar.tech/crawler)"
176.9.58.227 - - [17/Jan/2023:21:55:28 +0100] "GET /pmwiki/pmwiki.php/Main/2005M%e1rciusiNyilatkozat?action=diff&source=y&minor=y HTTP/1.1" 200 16433 "-" "Mozilla/5.0 (compatible; MegaIndex.ru/2.0; +http://megaindex.com/crawler)"
176.9.58.227 - - [17/Jan/2023:21:55:33 +0100] "GET /pmwiki/pmwiki.php/Main/2005M%e1rciusiNyilatkozat?action=edit&restore=diff:1120083077:1120083077:&preview=y HTTP/1.1" 200 12712 "-" "Mozilla/5.0 (compatible; MegaIndex.ru/2.0; +http://megaindex.com/crawler)"
176.9.58.227 - - [17/Jan/2023:21:55:37 +0100] "GET /pmwiki/pmwiki.php/Main/2005M%e1rciusiNy%edltLev%e9l?action=diff&source=n&minor=n HTTP/1.1" 200 15621 "-" "Mozilla/5.0 (compatible; MegaIndex.ru/2.0; +http://megaindex.com/crawler)"
217.113.194.66 - - [17/Jan/2023:21:55:38 +0100] "GET /pmwiki/pmwiki.php/Profiles/Privcikkek?action=edit HTTP/1.1" 200 12501 "-" "Mozilla/5.0 (compatible; Barkrowler/0.9; +https://babbar.tech/crawler)"
176.9.58.227 - - [17/Jan/2023:21:55:42 +0100] "GET /pmwiki/pmwiki.php/Main/2005M%e1rciusiNy%edltLev%e9l?action=diff&source=y&minor=y HTTP/1.1" 200 15621 "-" "Mozilla/5.0 (compatible; MegaIndex.ru/2.0; +http://megaindex.com/crawler)"
176.9.58.227 - - [17/Jan/2023:21:55:46 +0100] "GET /pmwiki/pmwiki.php/Main/2005M%e1rciusiNy%edltLev%e9l?action=edit&restore=diff:1120083111:1120083111:&preview=y HTTP/1.1" 200 12752 "-" "Mozilla/5.0 (compatible; MegaIndex.ru/2.0; +http://megaindex.com/crawler)"
176.9.58.227 - - [17/Jan/2023:21:55:51 +0100] "GET /pmwiki/pmwiki.php/Main/2005M%e1rciusiK%f6z%f6sNyilatkozat?action=diff&source=n&minor=n HTTP/1.1" 200 14318 "-" "Mozilla/5.0 (compatible; MegaIndex.ru/2.0; +http://megaindex.com/crawler)"
217.113.194.72 - - [17/Jan/2023:21:55:53 +0100] "GET /pmwiki/pmwiki.php/Profiles/Privcikkek?action=upload HTTP/1.1" 200 12381 "-" "Mozilla/5.0 (compatible; Barkrowler/0.9; +https://babbar.tech/crawler)"
176.9.58.227 - - [17/Jan/2023:21:55:55 +0100] "GET /pmwiki/pmwiki.php/Main/2005M%e1rciusiK%f6z%f6sNyilatkozat?action=diff&source=y&minor=y HTTP/1.1" 200 14345 "-" "Mozilla/5.0 (compatible; MegaIndex.ru/2.0; +http://megaindex.com/crawler)"
176.9.58.227 - - [17/Jan/2023:21:55:59 +0100] "GET /pmwiki/pmwiki.php/Main/2005M%e1rciusiK%f6z%f6sNyilatkozat?action=edit&restore=diff:1120084067:1120084067:&preview=y HTTP/1.1" 200 12848 "-" "Mozilla/5.0 (compatible; MegaIndex.ru/2.0; +http://megaindex.com/crawler)"
176.9.58.227 - - [17/Jan/2023:21:56:02 +0100] "GET /pmwiki/pmwiki.php/Main/2005M%e1rcius8?action=diff&source=n&minor=n HTTP/1.1" 200 33027 "-" "Mozilla/5.0 (compatible; MegaIndex.ru/2.0; +http://megaindex.com/crawler)"
217.113.194.88 - - [17/Jan/2023:21:56:08 +0100] "GET /pmwiki/pmwiki.php/Main/Privacy?action=upload&upname=wiki.png HTTP/1.1" 200 12281 "-" "Mozilla/5.0 (compatible; Barkrowler/0.9; +https://babbar.tech/crawler)"
176.9.58.227 - - [17/Jan/2023:21:56:09 +0100] "GET /pmwiki/pmwiki.php/Main/2005M%e1rcius8?action=diff&source=y&minor=y HTTP/1.1" 200 35358 "-" "Mozilla/5.0 (compatible; MegaIndex.ru/2.0; +http://megaindex.com/crawler)"
176.9.58.227 - - [17/Jan/2023:21:56:17 +0100] "GET /pmwiki/pmwiki.php/Main/2005M%e1rcius8?action=edit&restore=diff:1120084277:1120084200:&preview=y HTTP/1.1" 200 12536 "-" "Mozilla/5.0 (compatible; MegaIndex.ru/2.0; +http://megaindex.com/crawler)"
176.9.58.227 - - [17/Jan/2023:21:56:21 +0100] "GET /pmwiki/pmwiki.php/Main/2005M%e1rcius8?action=edit&restore=diff:1120084200:1120084200:&preview=y HTTP/1.1" 200 12536 "-" "Mozilla/5.0 (compatible; MegaIndex.ru/2.0; +http://megaindex.com/crawler)"
217.113.194.117 - - [17/Jan/2023:21:56:24 +0100] "GET /pmwiki/pmwiki.php/Main/EztMondjukNekik HTTP/1.1" 200 14106 "-" "Mozilla/5.0 (compatible; Barkrowler/0.9; +https://babbar.tech/crawler)"
176.9.58.227 - - [17/Jan/2023:21:56:25 +0100] "GET /pmwiki/pmwiki.php/Main/2005M%e1jus?action=diff&source=n&minor=n HTTP/1.1" 200 16708 "-" "Mozilla/5.0 (compatible; MegaIndex.ru/2.0; +http://megaindex.com/crawler)"
176.9.58.227 - - [17/Jan/2023:21:56:30 +0100] "GET /pmwiki/pmwiki.php/Main/2005M%e1jus?action=diff&source=y&minor=y HTTP/1.1" 200 16670 "-" "Mozilla/5.0 (compatible; MegaIndex.ru/2.0; +http://megaindex.com/crawler)"
217.113.194.81 - - [17/Jan/2023:21:56:39 +0100] "GET /pmwiki/pmwiki.php/Main/K%F6zlem%E9nye?action=edit HTTP/1.1" 200 12486 "-" "Mozilla/5.0 (compatible; Barkrowler/0.9; +https://babbar.tech/crawler)"
176.9.58.227 - - [17/Jan/2023:21:56:41 +0100] "GET /pmwiki/pmwiki.php/Main/2005M%e1jus?action=edit&restore=diff:1120087511:1120087511:&preview=y HTTP/1.1" 200 12488 "-" "Mozilla/5.0 (compatible; MegaIndex.ru/2.0; +http://megaindex.com/crawler)"
176.9.58.227 - - [17/Jan/2023:21:56:44 +0100] "GET /pmwiki/pmwiki.php/Main/2005J%fanius?action=diff&source=n&minor=n HTTP/1.1" 200 17830 "-" "Mozilla/5.0 (compatible; MegaIndex.ru/2.0; +http://megaindex.com/crawler)"
176.9.58.227 - - [17/Jan/2023:21:56:50 +0100] "GET /pmwiki/pmwiki.php/Main/2005J%fanius?action=diff&source=y&minor=y HTTP/1.1" 200 17869 "-" "Mozilla/5.0 (compatible; MegaIndex.ru/2.0; +http://megaindex.com/crawler)"
217.113.194.109 - - [17/Jan/2023:21:56:54 +0100] "GET /pmwiki/pmwiki.php/Main/C?action=upload&upname=wiki.png HTTP/1.1" 200 12185 "-" "Mozilla/5.0 (compatible; Barkrowler/0.9; +https://babbar.tech/crawler)"
176.9.58.227 - - [17/Jan/2023:21:56:55 +0100] "GET /pmwiki/pmwiki.php/Main/2005J%fanius?action=edit&restore=diff:1120084776:1120084728:&preview=y HTTP/1.1" 200 12504 "-" "Mozilla/5.0 (compatible; MegaIndex.ru/2.0; +http://megaindex.com/crawler)"
176.9.58.227 - - [17/Jan/2023:21:57:00 +0100] "GET /pmwiki/pmwiki.php/Main/2005J%fanius?action=edit&restore=diff:1120084728:1120084728:&preview=y HTTP/1.1" 200 12504 "-" "Mozilla/5.0 (compatible; MegaIndex.ru/2.0; +http://megaindex.com/crawler)"
176.9.58.227 - - [17/Jan/2023:21:57:06 +0100] "GET /pmwiki/pmwiki.php/Main/2005J%faniusEKTBBesz%e1mol%f3?action=diff&source=n&minor=n HTTP/1.1" 200 19642 "-" "Mozilla/5.0 (compatible; MegaIndex.ru/2.0; +http://megaindex.com/crawler)"
217.113.194.115 - - [17/Jan/2023:21:57:10 +0100] "GET /pmwiki/pmwiki.php/Main/McCreevy?action=diff HTTP/1.1" 200 16195 "-" "Mozilla/5.0 (compatible; Barkrowler/0.9; +https://babbar.tech/crawler)"
176.9.58.227 - - [17/Jan/2023:21:57:11 +0100] "GET /pmwiki/pmwiki.php/Main/2005J%faniusEKTBBesz%e1mol%f3?action=diff&source=y&minor=y HTTP/1.1" 200 19930 "-" "Mozilla/5.0 (compatible; MegaIndex.ru/2.0; +http://megaindex.com/crawler)"
176.9.58.227 - - [17/Jan/2023:21:57:19 +0100] "GET /pmwiki/pmwiki.php/Main/2005J%faniusEKTBBesz%e1mol%f3?action=edit&restore=diff:1120085405:1120085405:&preview=y HTTP/1.1" 200 12768 "-" "Mozilla/5.0 (compatible; MegaIndex.ru/2.0; +http://megaindex.com/crawler)"
176.9.58.227 - - [17/Jan/2023:21:57:22 +0100] "GET /pmwiki/pmwiki.php/Main/Nyilatkozat?action=diff&source=n&minor=n HTTP/1.1" 200 20409 "-" "Mozilla/5.0 (compatible; MegaIndex.ru/2.0; +http://megaindex.com/crawler)"
217.113.194.127 - - [17/Jan/2023:21:57:25 +0100] "GET /pmwiki/pmwiki.php/Main/2004Szeptember1?action=print HTTP/1.1" 200 4483 "-" "Mozilla/5.0 (compatible; Barkrowler/0.9; +https://babbar.tech/crawler)"
176.9.58.227 - - [17/Jan/2023:21:57:30 +0100] "GET /pmwiki/pmwiki.php/Main/Nyilatkozat?action=diff&source=y&minor=y HTTP/1.1" 200 20888 "-" "Mozilla/5.0 (compatible; MegaIndex.ru/2.0; +http://megaindex.com/crawler)"
176.9.58.227 - - [17/Jan/2023:21:57:37 +0100] "GET /pmwiki/pmwiki.php/Main/Nyilatkozat?action=edit&restore=diff:1107864499:1107864462:&preview=y HTTP/1.1" 200 12496 "-" "Mozilla/5.0 (compatible; MegaIndex.ru/2.0; +http://megaindex.com/crawler)"
217.113.194.91 - - [17/Jan/2023:21:57:40 +0100] "GET /pmwiki/pmwiki.php/Main/2004Szeptember1?action=edit HTTP/1.1" 200 12510 "-" "Mozilla/5.0 (compatible; Barkrowler/0.9; +https://babbar.tech/crawler)"
176.9.58.227 - - [17/Jan/2023:21:57:41 +0100] "GET /pmwiki/pmwiki.php/Main/Nyilatkozat?action=edit&restore=diff:1107864462:1107864462:&preview=y HTTP/1.1" 200 12496 "-" "Mozilla/5.0 (compatible; MegaIndex.ru/2.0; +http://megaindex.com/crawler)"
176.9.58.227 - - [17/Jan/2023:21:57:46 +0100] "GET /pmwiki/pmwiki.php/Emeltdijas/Hu?action=diff&source=n&minor=n HTTP/1.1" 200 14411 "-" "Mozilla/5.0 (compatible; MegaIndex.ru/2.0; +http://megaindex.com/crawler)"
176.9.58.227 - - [17/Jan/2023:21:57:50 +0100] "GET /pmwiki/pmwiki.php/Emeltdijas/Hu?action=diff&source=y&minor=y HTTP/1.1" 200 14491 "-" "Mozilla/5.0 (compatible; MegaIndex.ru/2.0; +http://megaindex.com/crawler)"
176.9.58.227 - - [17/Jan/2023:21:57:55 +0100] "GET /pmwiki/pmwiki.php/Emeltdijas/Hu?action=edit&restore=diff:1120090260:1120090260:&preview=y HTTP/1.1" 200 12450 "-" "Mozilla/5.0 (compatible; MegaIndex.ru/2.0; +http://megaindex.com/crawler)"
217.113.194.103 - - [17/Jan/2023:21:57:56 +0100] "GET /pmwiki/pmwiki.php/Main/2004Augusztus5?action=edit HTTP/1.1" 200 12494 "-" "Mozilla/5.0 (compatible; Barkrowler/0.9; +https://babbar.tech/crawler)"
176.9.58.227 - - [17/Jan/2023:21:58:00 +0100] "GET /pmwiki/pmwiki.php/Emeltdijas/Emeltdijas HTTP/1.1" 404 12060 "-" "Mozilla/5.0 (compatible; MegaIndex.ru/2.0; +http://megaindex.com/crawler)"
176.9.58.227 - - [17/Jan/2023:21:58:05 +0100] "GET /pmwiki/pmwiki.php/Emeltdijas/Emeltdijas?action=edit HTTP/1.1" 200 12535 "-" "Mozilla/5.0 (compatible; MegaIndex.ru/2.0; +http://megaindex.com/crawler)"
176.9.58.227 - - [17/Jan/2023:21:58:09 +0100] "GET /pmwiki/pmwiki.php/Emeltdijas/Emeltdijas?action=upload HTTP/1.1" 200 12415 "-" "Mozilla/5.0 (compatible; MegaIndex.ru/2.0; +http://megaindex.com/crawler)"
217.113.194.75 - - [17/Jan/2023:21:58:11 +0100] "GET /pmwiki/pmwiki.php/Main/Power?action=upload&upname=wiki.png HTTP/1.1" 200 12250 "-" "Mozilla/5.0 (compatible; Barkrowler/0.9; +https://babbar.tech/crawler)"
176.9.58.227 - - [17/Jan/2023:21:58:14 +0100] "GET /pmwiki/pmwiki.php/Emeltdijas/Emeltdijas?action=print HTTP/1.1" 404 2404 "-" "Mozilla/5.0 (compatible; MegaIndex.ru/2.0; +http://megaindex.com/crawler)"
176.9.58.227 - - [17/Jan/2023:21:58:19 +0100] "GET /pmwiki/pmwiki.php/Emeltdijas/Emeltdijas?action=diff HTTP/1.1" 200 12950 "-" "Mozilla/5.0 (compatible; MegaIndex.ru/2.0; +http://megaindex.com/crawler)"
176.9.58.227 - - [17/Jan/2023:21:58:23 +0100] "GET /pmwiki/pmwiki.php/Main/Sajt%f3anyag?action=diff&source=n&minor=y HTTP/1.1" 200 24576 "-" "Mozilla/5.0 (compatible; MegaIndex.ru/2.0; +http://megaindex.com/crawler)"
217.113.194.118 - - [17/Jan/2023:21:58:26 +0100] "GET /pmwiki/pmwiki.php/Main/JuriVelemeny?action=print HTTP/1.1" 200 14161 "-" "Mozilla/5.0 (compatible; Barkrowler/0.9; +https://babbar.tech/crawler)"
176.9.58.227 - - [17/Jan/2023:21:58:31 +0100] "GET /pmwiki/pmwiki.php/Main/Sajt%f3anyag?action=diff&source=y&minor=n HTTP/1.1" 200 22268 "-" "Mozilla/5.0 (compatible; MegaIndex.ru/2.0; +http://megaindex.com/crawler)"
176.9.58.227 - - [17/Jan/2023:21:58:37 +0100] "GET /pmwiki/pmwiki.php/Main/Marc07PR?action=diff&source=n&minor=n HTTP/1.1" 200 15457 "-" "Mozilla/5.0 (compatible; MegaIndex.ru/2.0; +http://megaindex.com/crawler)"
176.9.58.227 - - [17/Jan/2023:21:58:41 +0100] "GET /pmwiki/pmwiki.php/Main/Marc07PR?action=diff&source=y&minor=y HTTP/1.1" 200 15617 "-" "Mozilla/5.0 (compatible; MegaIndex.ru/2.0; +http://megaindex.com/crawler)"
217.113.194.96 - - [17/Jan/2023:21:58:42 +0100] "GET /pmwiki/pmwiki.php/Main/JuriVelemeny?action=upload HTTP/1.1" 200 12342 "-" "Mozilla/5.0 (compatible; Barkrowler/0.9; +https://babbar.tech/crawler)"
176.9.58.227 - - [17/Jan/2023:21:58:47 +0100] "GET /pmwiki/pmwiki.php/Main/Marc07PR?action=edit&restore=diff:1110528547:1110528517:&preview=y HTTP/1.1" 200 12445 "-" "Mozilla/5.0 (compatible; MegaIndex.ru/2.0; +http://megaindex.com/crawler)"
176.9.58.227 - - [17/Jan/2023:21:58:51 +0100] "GET /pmwiki/pmwiki.php/Main/Marc07PR?action=edit&restore=diff:1110528517:1110528517:&preview=y HTTP/1.1" 200 12445 "-" "Mozilla/5.0 (compatible; MegaIndex.ru/2.0; +http://megaindex.com/crawler)"
176.9.58.227 - - [17/Jan/2023:21:58:56 +0100] "GET /pmwiki/pmwiki.php/Main/Marc06LMEPR?action=diff&source=n&minor=n HTTP/1.1" 200 17638 "-" "Mozilla/5.0 (compatible; MegaIndex.ru/2.0; +http://megaindex.com/crawler)"
217.113.194.120 - - [17/Jan/2023:21:58:57 +0100] "GET /pmwiki/pmwiki.php/Main/JuriVelemeny?action=edit HTTP/1.1" 200 12462 "-" "Mozilla/5.0 (compatible; Barkrowler/0.9; +https://babbar.tech/crawler)"
176.9.58.227 - - [17/Jan/2023:21:59:05 +0100] "GET /pmwiki/pmwiki.php/Main/Marc06LMEPR?action=diff&source=y&minor=y HTTP/1.1" 200 17316 "-" "Mozilla/5.0 (compatible; MegaIndex.ru/2.0; +http://megaindex.com/crawler)"
176.9.58.227 - - [17/Jan/2023:21:59:11 +0100] "GET /pmwiki/pmwiki.php/Main/Marc06LMEPR?action=edit&restore=diff:1110654628:1110654566:&preview=y HTTP/1.1" 200 12493 "-" "Mozilla/5.0 (compatible; MegaIndex.ru/2.0; +http://megaindex.com/crawler)"
217.113.194.112 - - [17/Jan/2023:21:59:13 +0100] "GET /pmwiki/pmwiki.php/Main/MitTehetek?action=diff HTTP/1.1" 200 26258 "-" "Mozilla/5.0 (compatible; Barkrowler/0.9; +https://babbar.tech/crawler)"
176.9.58.227 - - [17/Jan/2023:21:59:15 +0100] "GET /pmwiki/pmwiki.php/Main/Marc06LMEPR?action=edit&restore=diff:1110654566:1110528787:&preview=y HTTP/1.1" 200 12493 "-" "Mozilla/5.0 (compatible; MegaIndex.ru/2.0; +http://megaindex.com/crawler)"
176.9.58.227 - - [17/Jan/2023:21:59:21 +0100] "GET /pmwiki/pmwiki.php/Main/Marc06LMEPR?action=edit&restore=diff:1110528787:1110528765:&preview=y HTTP/1.1" 200 12493 "-" "Mozilla/5.0 (compatible; MegaIndex.ru/2.0; +http://megaindex.com/crawler)"
176.9.58.227 - - [17/Jan/2023:21:59:26 +0100] "GET /pmwiki/pmwiki.php/Main/Marc06LMEPR?action=edit&restore=diff:1110528765:1110528765:&preview=y HTTP/1.1" 200 12493 "-" "Mozilla/5.0 (compatible; MegaIndex.ru/2.0; +http://megaindex.com/crawler)"
217.113.194.118 - - [17/Jan/2023:21:59:28 +0100] "GET /pmwiki/pmwiki.php/Main/Virsligy%E1r?action=upload HTTP/1.1" 200 12342 "-" "Mozilla/5.0 (compatible; Barkrowler/0.9; +https://babbar.tech/crawler)"
176.9.58.227 - - [17/Jan/2023:21:59:32 +0100] "GET /pmwiki/pmwiki.php/Main/Bitem0304?action=diff&source=n&minor=n HTTP/1.1" 200 28044 "-" "Mozilla/5.0 (compatible; MegaIndex.ru/2.0; +http://megaindex.com/crawler)"
176.9.58.227 - - [17/Jan/2023:21:59:41 +0100] "GET /pmwiki/pmwiki.php/Main/Bitem0304?action=diff&source=y&minor=y HTTP/1.1" 200 29614 "-" "Mozilla/5.0 (compatible; MegaIndex.ru/2.0; +http://megaindex.com/crawler)"
217.113.194.127 - - [17/Jan/2023:21:59:44 +0100] "GET /pmwiki/pmwiki.php/Main/RocardEp2?action=diff HTTP/1.1" 200 29492 "-" "Mozilla/5.0 (compatible; Barkrowler/0.9; +https://babbar.tech/crawler)"
217.113.194.88 - - [17/Jan/2023:21:59:59 +0100] "GET /pmwiki/pmwiki.php/Main/FAQ?action=upload&upname=wiki.png HTTP/1.1" 200 12214 "-" "Mozilla/5.0 (compatible; Barkrowler/0.9; +https://babbar.tech/crawler)"
217.113.194.107 - - [17/Jan/2023:22:00:14 +0100] "GET /pmwiki/pmwiki.php/Main/2005M%E1rcius8?action=edit HTTP/1.1" 200 12490 "-" "Mozilla/5.0 (compatible; Barkrowler/0.9; +https://babbar.tech/crawler)"
217.113.194.77 - - [17/Jan/2023:22:00:30 +0100] "GET /pmwiki/pmwiki.php/Main/2005J%FAnius?action=diff HTTP/1.1" 200 17830 "-" "Mozilla/5.0 (compatible; Barkrowler/0.9; +https://babbar.tech/crawler)"
217.113.194.92 - - [17/Jan/2023:22:00:45 +0100] "GET /pmwiki/pmwiki.php/Main/2005J%FAnius?action=upload HTTP/1.1" 200 12338 "-" "Mozilla/5.0 (compatible; Barkrowler/0.9; +https://babbar.tech/crawler)"
217.113.194.71 - - [17/Jan/2023:22:01:00 +0100] "GET /pmwiki/pmwiki.php/Main/2005J%FAnius?action=print HTTP/1.1" 200 5490 "-" "Mozilla/5.0 (compatible; Barkrowler/0.9; +https://babbar.tech/crawler)"
217.113.194.68 - - [17/Jan/2023:22:01:16 +0100] "GET /pmwiki/pmwiki.php/Main/2005Szeptember2?action=upload HTTP/1.1" 200 12390 "-" "Mozilla/5.0 (compatible; Barkrowler/0.9; +https://babbar.tech/crawler)"
217.113.194.78 - - [17/Jan/2023:22:01:31 +0100] "GET /pmwiki/pmwiki.php/Main/Google?action=upload&upname=wiki.png HTTP/1.1" 200 12262 "-" "Mozilla/5.0 (compatible; Barkrowler/0.9; +https://babbar.tech/crawler)"
217.113.194.117 - - [17/Jan/2023:22:01:46 +0100] "GET /pmwiki/pmwiki.php/PmWiki/AvailableActions?action=print HTTP/1.1" 200 4857 "-" "Mozilla/5.0 (compatible; Barkrowler/0.9; +https://babbar.tech/crawler)"
217.113.194.90 - - [17/Jan/2023:22:02:02 +0100] "GET /pmwiki/pmwiki.php/PmWiki/AvailableActions?action=upload HTTP/1.1" 200 12444 "-" "Mozilla/5.0 (compatible; Barkrowler/0.9; +https://babbar.tech/crawler)"
217.113.194.96 - - [17/Jan/2023:22:02:17 +0100] "GET /pmwiki/pmwiki.php/PmWiki/AvailableActions?action=edit HTTP/1.1" 200 12564 "-" "Mozilla/5.0 (compatible; Barkrowler/0.9; +https://babbar.tech/crawler)"
217.113.194.111 - - [17/Jan/2023:22:02:32 +0100] "GET /pmwiki/pmwiki.php/PmWiki/MarkupMasterIndex?action=edit HTTP/1.1" 200 12601 "-" "Mozilla/5.0 (compatible; Barkrowler/0.9; +https://babbar.tech/crawler)"
217.113.194.103 - - [17/Jan/2023:22:02:48 +0100] "GET /pmwiki/pmwiki.php/PmWiki/MarkupMasterIndex?action=upload HTTP/1.1" 200 12481 "-" "Mozilla/5.0 (compatible; Barkrowler/0.9; +https://babbar.tech/crawler)"
176.9.58.227 - - [17/Jan/2023:22:02:52 +0100] "GET /pmwiki/pmwiki.php/Main/Bitem0304?action=diff&source=y&minor=y HTTP/1.1" 200 29614 "-" "Mozilla/5.0 (compatible; MegaIndex.ru/2.0; +http://megaindex.com/crawler)"
176.9.58.227 - - [17/Jan/2023:22:02:55 +0100] "GET /pmwiki/pmwiki.php/Main/Bitem0304?action=edit&restore=diff:1110529161:1110528802:&preview=y HTTP/1.1" 200 12461 "-" "Mozilla/5.0 (compatible; MegaIndex.ru/2.0; +http://megaindex.com/crawler)"
