176.9.58.227 - - [17/Jan/2023:20:27:24 +0100] "GET /pmwiki/pmwiki.php/Main/BMEKonferencia?action=print HTTP/1.1" 200 5262 "-" "Mozilla/5.0 (compatible; MegaIndex.ru/2.0; +http://megaindex.com/crawler)"
176.9.58.227 - - [17/Jan/2023:20:27:28 +0100] "GET /pmwiki/pmwiki.php/Main/ABundestagT%e1mogatjaAzEur%f3paiParlamentet?action=print HTTP/1.1" 200 8394 "-" "Mozilla/5.0 (compatible; MegaIndex.ru/2.0; +http://megaindex.com/crawler)"
217.113.194.107 - - [17/Jan/2023:20:27:30 +0100] "GET /pmwiki/pmwiki.php/PmWiki/UploadVariables HTTP/1.1" 200 13858 "-" "Mozilla/5.0 (compatible; Barkrowler/0.9; +https://babbar.tech/crawler)"
176.9.58.227 - - [17/Jan/2023:20:27:31 +0100] "GET /pmwiki/pmwiki.php/Main/ThankYouPoland?action=print HTTP/1.1" 200 4332 "-" "Mozilla/5.0 (compatible; MegaIndex.ru/2.0; +http://megaindex.com/crawler)"
176.9.58.227 - - [17/Jan/2023:20:27:35 +0100] "GET /pmwiki/pmwiki.php/Main/HomePage?action=diff&source=n&minor=n HTTP/1.1" 200 79193 "-" "Mozilla/5.0 (compatible; MegaIndex.ru/2.0; +http://megaindex.com/crawler)"
217.113.194.118 - - [17/Jan/2023:20:27:46 +0100] "GET /pmwiki/pmwiki.php/PmWiki/Upgrades?action=edit HTTP/1.1" 200 12435 "-" "Mozilla/5.0 (compatible; Barkrowler/0.9; +https://babbar.tech/crawler)"
176.9.58.227 - - [17/Jan/2023:20:27:47 +0100] "GET /pmwiki/pmwiki.php/Main/HomePage?action=diff&source=y&minor=y HTTP/1.1" 200 119876 "-" "Mozilla/5.0 (compatible; MegaIndex.ru/2.0; +http://megaindex.com/crawler)"
217.113.194.70 - - [17/Jan/2023:20:28:01 +0100] "GET /pmwiki/pmwiki.php/PmWiki/UrlApprovals HTTP/1.1" 200 14828 "-" "Mozilla/5.0 (compatible; Barkrowler/0.9; +https://babbar.tech/crawler)"
176.9.58.227 - - [17/Jan/2023:20:28:05 +0100] "GET /pmwiki/pmwiki.php/Main/HomePage?action=edit&restore=diff:1159876857:1133872270:&preview=y HTTP/1.1" 200 12447 "-" "Mozilla/5.0 (compatible; MegaIndex.ru/2.0; +http://megaindex.com/crawler)"
176.9.58.227 - - [17/Jan/2023:20:28:07 +0100] "GET /pmwiki/pmwiki.php/Main/HomePage?action=edit&restore=diff:1133872270:1132153292:minor&preview=y HTTP/1.1" 200 12452 "-" "Mozilla/5.0 (compatible; MegaIndex.ru/2.0; +http://megaindex.com/crawler)"
176.9.58.227 - - [17/Jan/2023:20:28:10 +0100] "GET /pmwiki/pmwiki.php/Main/HomePage?action=edit&restore=diff:1132153292:1129800653:&preview=y HTTP/1.1" 200 12447 "-" "Mozilla/5.0 (compatible; MegaIndex.ru/2.0; +http://megaindex.com/crawler)"
176.9.58.227 - - [17/Jan/2023:20:28:13 +0100] "GET /pmwiki/pmwiki.php/Main/HomePage?action=edit&restore=diff:1129800653:1129544646:minor&preview=y HTTP/1.1" 200 12452 "-" "Mozilla/5.0 (compatible; MegaIndex.ru/2.0; +http://megaindex.com/crawler)"
217.113.194.93 - - [17/Jan/2023:20:28:17 +0100] "GET /pmwiki/pmwiki.php/PmWiki/InterMap?action=edit HTTP/1.1" 200 12436 "-" "Mozilla/5.0 (compatible; Barkrowler/0.9; +https://babbar.tech/crawler)"
176.9.58.227 - - [17/Jan/2023:20:28:17 +0100] "GET /pmwiki/pmwiki.php/Main/HomePage?action=edit&restore=diff:1129544646:1129033765:&preview=y HTTP/1.1" 200 12447 "-" "Mozilla/5.0 (compatible; MegaIndex.ru/2.0; +http://megaindex.com/crawler)"
176.9.58.227 - - [17/Jan/2023:20:28:21 +0100] "GET /pmwiki/pmwiki.php/Main/HomePage?action=edit&restore=diff:1129033765:1129029914:minor&preview=y HTTP/1.1" 200 12452 "-" "Mozilla/5.0 (compatible; MegaIndex.ru/2.0; +http://megaindex.com/crawler)"
176.9.58.227 - - [17/Jan/2023:20:28:25 +0100] "GET /pmwiki/pmwiki.php/Main/HomePage?action=edit&restore=diff:1129029914:1129022318:minor&preview=y HTTP/1.1" 200 12452 "-" "Mozilla/5.0 (compatible; MegaIndex.ru/2.0; +http://megaindex.com/crawler)"
176.9.58.227 - - [17/Jan/2023:20:28:29 +0100] "GET /pmwiki/pmwiki.php/Main/HomePage?action=edit&restore=diff:1129022318:1121689438:minor&preview=y HTTP/1.1" 200 12452 "-" "Mozilla/5.0 (compatible; MegaIndex.ru/2.0; +http://megaindex.com/crawler)"
217.113.194.125 - - [17/Jan/2023:20:28:32 +0100] "GET /pmwiki/pmwiki.php/PmWiki/InterMap?action=diff HTTP/1.1" 200 12839 "-" "Mozilla/5.0 (compatible; Barkrowler/0.9; +https://babbar.tech/crawler)"
176.9.58.227 - - [17/Jan/2023:20:28:34 +0100] "GET /pmwiki/pmwiki.php/Main/HomePage?action=edit&restore=diff:1121689438:1121632651:minor&preview=y HTTP/1.1" 200 12452 "-" "Mozilla/5.0 (compatible; MegaIndex.ru/2.0; +http://megaindex.com/crawler)"
176.9.58.227 - - [17/Jan/2023:20:28:41 +0100] "GET /pmwiki/pmwiki.php/Main/HomePage?action=edit&restore=diff:1121632651:1121415639:&preview=y HTTP/1.1" 200 12447 "-" "Mozilla/5.0 (compatible; MegaIndex.ru/2.0; +http://megaindex.com/crawler)"
176.9.58.227 - - [17/Jan/2023:20:28:42 +0100] "GET /pmwiki/pmwiki.php/Main/HomePage?action=edit&restore=diff:1121415639:1121361899:minor&preview=y HTTP/1.1" 200 12452 "-" "Mozilla/5.0 (compatible; MegaIndex.ru/2.0; +http://megaindex.com/crawler)"
176.9.58.227 - - [17/Jan/2023:20:28:46 +0100] "GET /pmwiki/pmwiki.php/Main/HomePage?action=edit&restore=diff:1121361899:1121079706:&preview=y HTTP/1.1" 200 12447 "-" "Mozilla/5.0 (compatible; MegaIndex.ru/2.0; +http://megaindex.com/crawler)"
217.113.194.68 - - [17/Jan/2023:20:28:47 +0100] "GET /pmwiki/pmwiki.php/PmWiki/InterMap?action=upload HTTP/1.1" 200 12316 "-" "Mozilla/5.0 (compatible; Barkrowler/0.9; +https://babbar.tech/crawler)"
176.9.58.227 - - [17/Jan/2023:20:28:51 +0100] "GET /pmwiki/pmwiki.php/Main/HomePage?action=edit&restore=diff:1121079706:1120672976:minor&preview=y HTTP/1.1" 200 12452 "-" "Mozilla/5.0 (compatible; MegaIndex.ru/2.0; +http://megaindex.com/crawler)"
176.9.58.227 - - [17/Jan/2023:20:28:55 +0100] "GET /pmwiki/pmwiki.php/Main/HomePage?action=edit&restore=diff:1120672976:1120672886:&preview=y HTTP/1.1" 200 12447 "-" "Mozilla/5.0 (compatible; MegaIndex.ru/2.0; +http://megaindex.com/crawler)"
176.9.58.227 - - [17/Jan/2023:20:28:58 +0100] "GET /pmwiki/pmwiki.php/Main/HomePage?action=edit&restore=diff:1120672886:1120672851:&preview=y HTTP/1.1" 200 12447 "-" "Mozilla/5.0 (compatible; MegaIndex.ru/2.0; +http://megaindex.com/crawler)"
217.113.194.113 - - [17/Jan/2023:20:29:03 +0100] "GET /pmwiki/pmwiki.php/PmWiki/InterMap?action=print HTTP/1.1" 200 4938 "-" "Mozilla/5.0 (compatible; Barkrowler/0.9; +https://babbar.tech/crawler)"
176.9.58.227 - - [17/Jan/2023:20:29:04 +0100] "GET /pmwiki/pmwiki.php/Main/HomePage?action=edit&restore=diff:1120672851:1120472756:&preview=y HTTP/1.1" 200 12447 "-" "Mozilla/5.0 (compatible; MegaIndex.ru/2.0; +http://megaindex.com/crawler)"
176.9.58.227 - - [17/Jan/2023:20:29:08 +0100] "GET /pmwiki/pmwiki.php/Main/HomePage?action=edit&restore=diff:1120472756:1120373792:&preview=y HTTP/1.1" 200 12447 "-" "Mozilla/5.0 (compatible; MegaIndex.ru/2.0; +http://megaindex.com/crawler)"
176.9.58.227 - - [17/Jan/2023:20:29:12 +0100] "GET /pmwiki/pmwiki.php/Main/HomePage?action=edit&restore=diff:1120373792:1120345331:&preview=y HTTP/1.1" 200 12447 "-" "Mozilla/5.0 (compatible; MegaIndex.ru/2.0; +http://megaindex.com/crawler)"
176.9.58.227 - - [17/Jan/2023:20:29:16 +0100] "GET /pmwiki/pmwiki.php/Main/HomePage?action=edit&restore=diff:1120345331:1120345201:minor&preview=y HTTP/1.1" 200 12452 "-" "Mozilla/5.0 (compatible; MegaIndex.ru/2.0; +http://megaindex.com/crawler)"
217.113.194.109 - - [17/Jan/2023:20:29:18 +0100] "GET /pmwiki/pmwiki.php/PmWiki/MailPosts?action=print HTTP/1.1" 200 14877 "-" "Mozilla/5.0 (compatible; Barkrowler/0.9; +https://babbar.tech/crawler)"
176.9.58.227 - - [17/Jan/2023:20:29:19 +0100] "GET /pmwiki/pmwiki.php/Main/HomePage?action=edit&restore=diff:1120345201:1120345172:minor&preview=y HTTP/1.1" 200 12452 "-" "Mozilla/5.0 (compatible; MegaIndex.ru/2.0; +http://megaindex.com/crawler)"
176.9.58.227 - - [17/Jan/2023:20:29:23 +0100] "GET /pmwiki/pmwiki.php/Main/HomePage?action=edit&restore=diff:1120345172:1120345145:&preview=y HTTP/1.1" 200 12447 "-" "Mozilla/5.0 (compatible; MegaIndex.ru/2.0; +http://megaindex.com/crawler)"
176.9.58.227 - - [17/Jan/2023:20:29:26 +0100] "GET /pmwiki/pmwiki.php/Main/HomePage?action=edit&restore=diff:1120345145:1120344349:&preview=y HTTP/1.1" 200 12447 "-" "Mozilla/5.0 (compatible; MegaIndex.ru/2.0; +http://megaindex.com/crawler)"
176.9.58.227 - - [17/Jan/2023:20:29:30 +0100] "GET /pmwiki/pmwiki.php/Main/HomePage?action=edit&restore=diff:1120344349:1120344097:&preview=y HTTP/1.1" 200 12447 "-" "Mozilla/5.0 (compatible; MegaIndex.ru/2.0; +http://megaindex.com/crawler)"
217.113.194.71 - - [17/Jan/2023:20:29:33 +0100] "GET /pmwiki/pmwiki.php/PmWiki/MailPosts?action=edit HTTP/1.1" 200 12452 "-" "Mozilla/5.0 (compatible; Barkrowler/0.9; +https://babbar.tech/crawler)"
176.9.58.227 - - [17/Jan/2023:20:29:34 +0100] "GET /pmwiki/pmwiki.php/Main/HomePage?action=edit&restore=diff:1120344097:1120344024:minor&preview=y HTTP/1.1" 200 12452 "-" "Mozilla/5.0 (compatible; MegaIndex.ru/2.0; +http://megaindex.com/crawler)"
176.9.58.227 - - [17/Jan/2023:20:29:39 +0100] "GET /pmwiki/pmwiki.php/Main/HomePage?action=edit&restore=diff:1120344024:1120341027:minor&preview=y HTTP/1.1" 200 12452 "-" "Mozilla/5.0 (compatible; MegaIndex.ru/2.0; +http://megaindex.com/crawler)"
176.9.58.227 - - [17/Jan/2023:20:29:42 +0100] "GET /pmwiki/pmwiki.php/Main/HomePage?action=edit&restore=diff:1120341027:1120340302:&preview=y HTTP/1.1" 200 12447 "-" "Mozilla/5.0 (compatible; MegaIndex.ru/2.0; +http://megaindex.com/crawler)"
176.9.58.227 - - [17/Jan/2023:20:29:47 +0100] "GET /pmwiki/pmwiki.php/Main/HomePage?action=edit&restore=diff:1120340302:1120335850:&preview=y HTTP/1.1" 200 12447 "-" "Mozilla/5.0 (compatible; MegaIndex.ru/2.0; +http://megaindex.com/crawler)"
217.113.194.85 - - [17/Jan/2023:20:29:49 +0100] "GET /pmwiki/pmwiki.php/PmWiki/Audiences?action=print HTTP/1.1" 200 7183 "-" "Mozilla/5.0 (compatible; Barkrowler/0.9; +https://babbar.tech/crawler)"
176.9.58.227 - - [17/Jan/2023:20:29:53 +0100] "GET /pmwiki/pmwiki.php/Main/HomePage?action=edit&restore=diff:1120335850:1120224578:&preview=y HTTP/1.1" 200 12447 "-" "Mozilla/5.0 (compatible; MegaIndex.ru/2.0; +http://megaindex.com/crawler)"
176.9.58.227 - - [17/Jan/2023:20:29:56 +0100] "GET /pmwiki/pmwiki.php/Main/HomePage?action=edit&restore=diff:1120224578:1120224458:minor&preview=y HTTP/1.1" 200 12452 "-" "Mozilla/5.0 (compatible; MegaIndex.ru/2.0; +http://megaindex.com/crawler)"
176.9.58.227 - - [17/Jan/2023:20:30:00 +0100] "GET /pmwiki/pmwiki.php/Main/HomePage?action=edit&restore=diff:1120224458:1120224129:minor&preview=y HTTP/1.1" 200 12452 "-" "Mozilla/5.0 (compatible; MegaIndex.ru/2.0; +http://megaindex.com/crawler)"
176.9.58.227 - - [17/Jan/2023:20:30:03 +0100] "GET /pmwiki/pmwiki.php/Main/HomePage?action=edit&restore=diff:1120224129:1120223814:minor&preview=y HTTP/1.1" 200 12452 "-" "Mozilla/5.0 (compatible; MegaIndex.ru/2.0; +http://megaindex.com/crawler)"
217.113.194.117 - - [17/Jan/2023:20:30:04 +0100] "GET /pmwiki/pmwiki.php/PmWiki/Audiences?action=edit HTTP/1.1" 200 12450 "-" "Mozilla/5.0 (compatible; Barkrowler/0.9; +https://babbar.tech/crawler)"
176.9.58.227 - - [17/Jan/2023:20:30:07 +0100] "GET /pmwiki/pmwiki.php/Main/HomePage?action=edit&restore=diff:1120223814:1120222412:minor&preview=y HTTP/1.1" 200 12452 "-" "Mozilla/5.0 (compatible; MegaIndex.ru/2.0; +http://megaindex.com/crawler)"
176.9.58.227 - - [17/Jan/2023:20:30:11 +0100] "GET /pmwiki/pmwiki.php/Main/HomePage?action=edit&restore=diff:1120222412:1120222329:minor&preview=y HTTP/1.1" 200 12452 "-" "Mozilla/5.0 (compatible; MegaIndex.ru/2.0; +http://megaindex.com/crawler)"
176.9.58.227 - - [17/Jan/2023:20:30:14 +0100] "GET /pmwiki/pmwiki.php/Main/HomePage?action=edit&restore=diff:1120222329:1119264932:minor&preview=y HTTP/1.1" 200 12452 "-" "Mozilla/5.0 (compatible; MegaIndex.ru/2.0; +http://megaindex.com/crawler)"
176.9.58.227 - - [17/Jan/2023:20:30:18 +0100] "GET /pmwiki/pmwiki.php/Main/HomePage?action=edit&restore=diff:1119264932:1119252925:&preview=y HTTP/1.1" 200 12447 "-" "Mozilla/5.0 (compatible; MegaIndex.ru/2.0; +http://megaindex.com/crawler)"
217.113.194.65 - - [17/Jan/2023:20:30:19 +0100] "GET /pmwiki/pmwiki.php/PmWiki/RefCount?action=print HTTP/1.1" 200 4664 "-" "Mozilla/5.0 (compatible; Barkrowler/0.9; +https://babbar.tech/crawler)"
176.9.58.227 - - [17/Jan/2023:20:30:22 +0100] "GET /pmwiki/pmwiki.php/Main/K%f6zlem%e9nye HTTP/1.1" 200 17975 "-" "Mozilla/5.0 (compatible; MegaIndex.ru/2.0; +http://megaindex.com/crawler)"
176.9.58.227 - - [17/Jan/2023:20:30:28 +0100] "GET /pmwiki/pmwiki.php/Main/HomePage?action=edit&restore=diff:1119252925:1119252632:minor&preview=y HTTP/1.1" 200 12452 "-" "Mozilla/5.0 (compatible; MegaIndex.ru/2.0; +http://megaindex.com/crawler)"
176.9.58.227 - - [17/Jan/2023:20:30:31 +0100] "GET /pmwiki/pmwiki.php/Main/HomePage?action=edit&restore=diff:1119252632:1118991307:minor&preview=y HTTP/1.1" 200 12452 "-" "Mozilla/5.0 (compatible; MegaIndex.ru/2.0; +http://megaindex.com/crawler)"
217.113.194.112 - - [17/Jan/2023:20:30:35 +0100] "GET /pmwiki/pmwiki.php/PmWiki/RefCount?action=edit HTTP/1.1" 200 12436 "-" "Mozilla/5.0 (compatible; Barkrowler/0.9; +https://babbar.tech/crawler)"
176.9.58.227 - - [17/Jan/2023:20:30:35 +0100] "GET /pmwiki/pmwiki.php/Main/HomePage?action=edit&restore=diff:1118991307:1118863126:&preview=y HTTP/1.1" 200 12447 "-" "Mozilla/5.0 (compatible; MegaIndex.ru/2.0; +http://megaindex.com/crawler)"
176.9.58.227 - - [17/Jan/2023:20:30:39 +0100] "GET /pmwiki/pmwiki.php/Main/HomePage?action=edit&restore=diff:1118863126:1118863092:minor&preview=y HTTP/1.1" 200 12452 "-" "Mozilla/5.0 (compatible; MegaIndex.ru/2.0; +http://megaindex.com/crawler)"
176.9.58.227 - - [17/Jan/2023:20:30:43 +0100] "GET /pmwiki/pmwiki.php/Main/HomePage?action=edit&restore=diff:1118863092:1118862872:minor&preview=y HTTP/1.1" 200 12452 "-" "Mozilla/5.0 (compatible; MegaIndex.ru/2.0; +http://megaindex.com/crawler)"
176.9.58.227 - - [17/Jan/2023:20:30:47 +0100] "GET /pmwiki/pmwiki.php/Main/HomePage?action=edit&restore=diff:1118862872:1118862694:minor&preview=y HTTP/1.1" 200 12452 "-" "Mozilla/5.0 (compatible; MegaIndex.ru/2.0; +http://megaindex.com/crawler)"
176.9.58.227 - - [17/Jan/2023:20:30:50 +0100] "GET /pmwiki/pmwiki.php/Main/HomePage?action=edit&restore=diff:1118862694:1118862400:minor&preview=y HTTP/1.1" 200 12452 "-" "Mozilla/5.0 (compatible; MegaIndex.ru/2.0; +http://megaindex.com/crawler)"
217.113.194.125 - - [17/Jan/2023:20:30:50 +0100] "GET /pmwiki/pmwiki.php/PmWiki/ChangeLog?action=print HTTP/1.1" 200 34608 "-" "Mozilla/5.0 (compatible; Barkrowler/0.9; +https://babbar.tech/crawler)"
176.9.58.227 - - [17/Jan/2023:20:30:54 +0100] "GET /pmwiki/pmwiki.php/Main/HomePage?action=edit&restore=diff:1118862400:1118856464:minor&preview=y HTTP/1.1" 200 12452 "-" "Mozilla/5.0 (compatible; MegaIndex.ru/2.0; +http://megaindex.com/crawler)"
176.9.58.227 - - [17/Jan/2023:20:30:58 +0100] "GET /pmwiki/pmwiki.php/Main/HomePage?action=edit&restore=diff:1118856464:1118856443:&preview=y HTTP/1.1" 200 12447 "-" "Mozilla/5.0 (compatible; MegaIndex.ru/2.0; +http://megaindex.com/crawler)"
176.9.58.227 - - [17/Jan/2023:20:31:04 +0100] "GET /pmwiki/pmwiki.php/Main/HomePage?action=edit&restore=diff:1118856443:1118856415:minor&preview=y HTTP/1.1" 200 12452 "-" "Mozilla/5.0 (compatible; MegaIndex.ru/2.0; +http://megaindex.com/crawler)"
217.113.194.118 - - [17/Jan/2023:20:31:05 +0100] "GET /pmwiki/pmwiki.php/PmWiki/ChangeLog?action=edit HTTP/1.1" 200 12451 "-" "Mozilla/5.0 (compatible; Barkrowler/0.9; +https://babbar.tech/crawler)"
176.9.58.227 - - [17/Jan/2023:20:31:07 +0100] "GET /pmwiki/pmwiki.php/Main/HomePage?action=edit&restore=diff:1118856415:1118771423:&preview=y HTTP/1.1" 200 12447 "-" "Mozilla/5.0 (compatible; MegaIndex.ru/2.0; +http://megaindex.com/crawler)"
176.9.58.227 - - [17/Jan/2023:20:31:11 +0100] "GET /pmwiki/pmwiki.php/Main/HomePage?action=edit&restore=diff:1118771423:1118669436:minor&preview=y HTTP/1.1" 200 12452 "-" "Mozilla/5.0 (compatible; MegaIndex.ru/2.0; +http://megaindex.com/crawler)"
176.9.58.227 - - [17/Jan/2023:20:31:15 +0100] "GET /pmwiki/pmwiki.php/Main/HomePage?action=edit&restore=diff:1118669436:1118669126:&preview=y HTTP/1.1" 200 12447 "-" "Mozilla/5.0 (compatible; MegaIndex.ru/2.0; +http://megaindex.com/crawler)"
176.9.58.227 - - [17/Jan/2023:20:31:18 +0100] "GET /pmwiki/pmwiki.php/Main/HomePage?action=edit&restore=diff:1118669126:1118660358:minor&preview=y HTTP/1.1" 200 12452 "-" "Mozilla/5.0 (compatible; MegaIndex.ru/2.0; +http://megaindex.com/crawler)"
217.113.194.97 - - [17/Jan/2023:20:31:21 +0100] "GET /pmwiki/pmwiki.php/PmWiki/ChangeLog?action=upload HTTP/1.1" 200 12331 "-" "Mozilla/5.0 (compatible; Barkrowler/0.9; +https://babbar.tech/crawler)"
176.9.58.227 - - [17/Jan/2023:20:31:23 +0100] "GET /pmwiki/pmwiki.php/Main/HomePage?action=edit&restore=diff:1118660358:1118537025:&preview=y HTTP/1.1" 200 12447 "-" "Mozilla/5.0 (compatible; MegaIndex.ru/2.0; +http://megaindex.com/crawler)"
176.9.58.227 - - [17/Jan/2023:20:31:26 +0100] "GET /pmwiki/pmwiki.php/Main/HomePage?action=edit&restore=diff:1118537025:1118535418:&preview=y HTTP/1.1" 200 12447 "-" "Mozilla/5.0 (compatible; MegaIndex.ru/2.0; +http://megaindex.com/crawler)"
176.9.58.227 - - [17/Jan/2023:20:31:31 +0100] "GET /pmwiki/pmwiki.php/Main/HomePage?action=edit&restore=diff:1118535418:1118535220:&preview=y HTTP/1.1" 200 12447 "-" "Mozilla/5.0 (compatible; MegaIndex.ru/2.0; +http://megaindex.com/crawler)"
176.9.58.227 - - [17/Jan/2023:20:31:34 +0100] "GET /pmwiki/pmwiki.php/Main/HomePage?action=edit&restore=diff:1118535220:1118405459:&preview=y HTTP/1.1" 200 12447 "-" "Mozilla/5.0 (compatible; MegaIndex.ru/2.0; +http://megaindex.com/crawler)"
217.113.194.81 - - [17/Jan/2023:20:31:36 +0100] "GET /pmwiki/pmwiki.php/PmWiki/LayoutBasics?action=edit HTTP/1.1" 200 12500 "-" "Mozilla/5.0 (compatible; Barkrowler/0.9; +https://babbar.tech/crawler)"
176.9.58.227 - - [17/Jan/2023:20:31:39 +0100] "GET /pmwiki/pmwiki.php/Main/HomePage?action=edit&restore=diff:1118405459:1115118797:&preview=y HTTP/1.1" 200 12447 "-" "Mozilla/5.0 (compatible; MegaIndex.ru/2.0; +http://megaindex.com/crawler)"
176.9.58.227 - - [17/Jan/2023:20:31:43 +0100] "GET /pmwiki/pmwiki.php/Main/HomePage?action=edit&restore=diff:1115118797:1115118658:&preview=y HTTP/1.1" 200 12447 "-" "Mozilla/5.0 (compatible; MegaIndex.ru/2.0; +http://megaindex.com/crawler)"
176.9.58.227 - - [17/Jan/2023:20:31:47 +0100] "GET /pmwiki/pmwiki.php/Main/Mintalevel0509 HTTP/1.1" 200 16475 "-" "Mozilla/5.0 (compatible; MegaIndex.ru/2.0; +http://megaindex.com/crawler)"
217.113.194.125 - - [17/Jan/2023:20:31:52 +0100] "GET /pmwiki/pmwiki.php/PmWiki/LayoutBasics?action=upload HTTP/1.1" 200 12380 "-" "Mozilla/5.0 (compatible; Barkrowler/0.9; +https://babbar.tech/crawler)"
176.9.58.227 - - [17/Jan/2023:20:31:53 +0100] "GET /pmwiki/pmwiki.php/Main/HomePage?action=edit&restore=diff:1115118658:1115110532:&preview=y HTTP/1.1" 200 12447 "-" "Mozilla/5.0 (compatible; MegaIndex.ru/2.0; +http://megaindex.com/crawler)"
176.9.58.227 - - [17/Jan/2023:20:31:57 +0100] "GET /pmwiki/pmwiki.php/Main/HomePage?action=edit&restore=diff:1115110532:1115110455:&preview=y HTTP/1.1" 200 12447 "-" "Mozilla/5.0 (compatible; MegaIndex.ru/2.0; +http://megaindex.com/crawler)"
176.9.58.227 - - [17/Jan/2023:20:32:00 +0100] "GET /pmwiki/pmwiki.php/Main/HomePage?action=edit&restore=diff:1115110455:1115108240:&preview=y HTTP/1.1" 200 12447 "-" "Mozilla/5.0 (compatible; MegaIndex.ru/2.0; +http://megaindex.com/crawler)"
176.9.58.227 - - [17/Jan/2023:20:32:04 +0100] "GET /pmwiki/pmwiki.php/Main/HomePage?action=edit&restore=diff:1115108240:1110543897:&preview=y HTTP/1.1" 200 12447 "-" "Mozilla/5.0 (compatible; MegaIndex.ru/2.0; +http://megaindex.com/crawler)"
217.113.194.102 - - [17/Jan/2023:20:32:07 +0100] "GET /pmwiki/pmwiki.php/PmWiki/LayoutBasics?action=print HTTP/1.1" 200 7350 "-" "Mozilla/5.0 (compatible; Barkrowler/0.9; +https://babbar.tech/crawler)"
176.9.58.227 - - [17/Jan/2023:20:32:09 +0100] "GET /pmwiki/pmwiki.php/Main/HomePage?action=edit&restore=diff:1110543897:1110531317:&preview=y HTTP/1.1" 200 12447 "-" "Mozilla/5.0 (compatible; MegaIndex.ru/2.0; +http://megaindex.com/crawler)"
176.9.58.227 - - [17/Jan/2023:20:32:12 +0100] "GET /pmwiki/pmwiki.php/Main/HomePage?action=edit&restore=diff:1110531317:1110531300:&preview=y HTTP/1.1" 200 12447 "-" "Mozilla/5.0 (compatible; MegaIndex.ru/2.0; +http://megaindex.com/crawler)"
176.9.58.227 - - [17/Jan/2023:20:32:15 +0100] "GET /pmwiki/pmwiki.php/Main/HomePage?action=edit&restore=diff:1110531300:1110531268:&preview=y HTTP/1.1" 200 12447 "-" "Mozilla/5.0 (compatible; MegaIndex.ru/2.0; +http://megaindex.com/crawler)"
176.9.58.227 - - [17/Jan/2023:20:32:18 +0100] "GET /pmwiki/pmwiki.php/Main/HomePage?action=edit&restore=diff:1110531268:1110525409:&preview=y HTTP/1.1" 200 12447 "-" "Mozilla/5.0 (compatible; MegaIndex.ru/2.0; +http://megaindex.com/crawler)"
176.9.58.227 - - [17/Jan/2023:20:32:22 +0100] "GET /pmwiki/pmwiki.php/Main/HomePage?action=edit&restore=diff:1110525409:1110468970:&preview=y HTTP/1.1" 200 12447 "-" "Mozilla/5.0 (compatible; MegaIndex.ru/2.0; +http://megaindex.com/crawler)"
217.113.194.103 - - [17/Jan/2023:20:32:22 +0100] "GET /pmwiki/pmwiki.php/PmWiki/LayoutBasics?action=diff HTTP/1.1" 200 12911 "-" "Mozilla/5.0 (compatible; Barkrowler/0.9; +https://babbar.tech/crawler)"
176.9.58.227 - - [17/Jan/2023:20:32:29 +0100] "GET /pmwiki/pmwiki.php/Main/HomePage?action=edit&restore=diff:1110468970:1109325560:&preview=y HTTP/1.1" 200 12447 "-" "Mozilla/5.0 (compatible; MegaIndex.ru/2.0; +http://megaindex.com/crawler)"
176.9.58.227 - - [17/Jan/2023:20:32:32 +0100] "GET /pmwiki/pmwiki.php/Main/HomePage?action=edit&restore=diff:1109325560:1108754689:&preview=y HTTP/1.1" 200 12447 "-" "Mozilla/5.0 (compatible; MegaIndex.ru/2.0; +http://megaindex.com/crawler)"
176.9.58.227 - - [17/Jan/2023:20:32:35 +0100] "GET /pmwiki/pmwiki.php/Main/HomePage?action=edit&restore=diff:1108754689:1108754653:&preview=y HTTP/1.1" 200 12447 "-" "Mozilla/5.0 (compatible; MegaIndex.ru/2.0; +http://megaindex.com/crawler)"
217.113.194.80 - - [17/Jan/2023:20:32:38 +0100] "GET /pmwiki/pmwiki.php/PmWiki/LayoutAdvanced?action=edit HTTP/1.1" 200 12531 "-" "Mozilla/5.0 (compatible; Barkrowler/0.9; +https://babbar.tech/crawler)"
176.9.58.227 - - [17/Jan/2023:20:32:39 +0100] "GET /pmwiki/pmwiki.php/Main/HomePage?action=edit&restore=diff:1108754653:1108152658:&preview=y HTTP/1.1" 200 12447 "-" "Mozilla/5.0 (compatible; MegaIndex.ru/2.0; +http://megaindex.com/crawler)"
176.9.58.227 - - [17/Jan/2023:20:32:43 +0100] "GET /pmwiki/pmwiki.php/Main/HomePage?action=edit&restore=diff:1108152658:1107876303:&preview=y HTTP/1.1" 200 12447 "-" "Mozilla/5.0 (compatible; MegaIndex.ru/2.0; +http://megaindex.com/crawler)"
176.9.58.227 - - [17/Jan/2023:20:32:46 +0100] "GET /pmwiki/pmwiki.php/Main/HomePage?action=edit&restore=diff:1107876303:1107875006:&preview=y HTTP/1.1" 200 12447 "-" "Mozilla/5.0 (compatible; MegaIndex.ru/2.0; +http://megaindex.com/crawler)"
176.9.58.227 - - [17/Jan/2023:20:32:50 +0100] "GET /pmwiki/pmwiki.php/Main/HomePage?action=edit&restore=diff:1107875006:1107866378:&preview=y HTTP/1.1" 200 12447 "-" "Mozilla/5.0 (compatible; MegaIndex.ru/2.0; +http://megaindex.com/crawler)"
176.9.58.227 - - [17/Jan/2023:20:32:53 +0100] "GET /pmwiki/pmwiki.php/Main/HomePage?action=edit&restore=diff:1107866378:1107865557:&preview=y HTTP/1.1" 200 12447 "-" "Mozilla/5.0 (compatible; MegaIndex.ru/2.0; +http://megaindex.com/crawler)"
217.113.194.66 - - [17/Jan/2023:20:32:53 +0100] "GET /pmwiki/pmwiki.php/PmWiki/LayoutAdvanced?action=upload HTTP/1.1" 200 12411 "-" "Mozilla/5.0 (compatible; Barkrowler/0.9; +https://babbar.tech/crawler)"
176.9.58.227 - - [17/Jan/2023:20:32:55 +0100] "GET /pmwiki/pmwiki.php/Main/HomePage?action=edit&restore=diff:1107865557:1107863698:minor&preview=y HTTP/1.1" 200 12452 "-" "Mozilla/5.0 (compatible; MegaIndex.ru/2.0; +http://megaindex.com/crawler)"
176.9.58.227 - - [17/Jan/2023:20:33:00 +0100] "GET /pmwiki/pmwiki.php/Main/HomePage?action=edit&restore=diff:1107863698:1107862863:&preview=y HTTP/1.1" 200 12447 "-" "Mozilla/5.0 (compatible; MegaIndex.ru/2.0; +http://megaindex.com/crawler)"
176.9.58.227 - - [17/Jan/2023:20:33:03 +0100] "GET /pmwiki/pmwiki.php/Main/HomePage?action=edit&restore=diff:1107862863:1107862502:&preview=y HTTP/1.1" 200 12447 "-" "Mozilla/5.0 (compatible; MegaIndex.ru/2.0; +http://megaindex.com/crawler)"
176.9.58.227 - - [17/Jan/2023:20:33:07 +0100] "GET /pmwiki/pmwiki.php/Main/HomePage?action=edit&restore=diff:1107862502:1102061492:&preview=y HTTP/1.1" 200 12447 "-" "Mozilla/5.0 (compatible; MegaIndex.ru/2.0; +http://megaindex.com/crawler)"
217.113.194.106 - - [17/Jan/2023:20:33:08 +0100] "GET /pmwiki/pmwiki.php/PmWiki/LayoutAdvanced?action=diff HTTP/1.1" 200 12946 "-" "Mozilla/5.0 (compatible; Barkrowler/0.9; +https://babbar.tech/crawler)"
176.9.58.227 - - [17/Jan/2023:20:33:10 +0100] "GET /pmwiki/pmwiki.php/Main/Virsligy%e1r?action=edit HTTP/1.1" 200 12462 "-" "Mozilla/5.0 (compatible; MegaIndex.ru/2.0; +http://megaindex.com/crawler)"
176.9.58.227 - - [17/Jan/2023:20:33:13 +0100] "GET /pmwiki/pmwiki.php/Main/Virsligy%e1r?action=upload HTTP/1.1" 200 12342 "-" "Mozilla/5.0 (compatible; MegaIndex.ru/2.0; +http://megaindex.com/crawler)"
176.9.58.227 - - [17/Jan/2023:20:33:18 +0100] "GET /pmwiki/pmwiki.php/Main/Virsligy%e1r?action=diff HTTP/1.1" 200 26293 "-" "Mozilla/5.0 (compatible; MegaIndex.ru/2.0; +http://megaindex.com/crawler)"
217.113.194.90 - - [17/Jan/2023:20:33:24 +0100] "GET /pmwiki/pmwiki.php/PmWiki/LayoutAdvanced?action=print HTTP/1.1" 200 9441 "-" "Mozilla/5.0 (compatible; Barkrowler/0.9; +https://babbar.tech/crawler)"
176.9.58.227 - - [17/Jan/2023:20:33:24 +0100] "GET /pmwiki/pmwiki.php/Main/AdelphiAlapokm%e1ny?action=edit HTTP/1.1" 200 12573 "-" "Mozilla/5.0 (compatible; MegaIndex.ru/2.0; +http://megaindex.com/crawler)"
176.9.58.227 - - [17/Jan/2023:20:33:28 +0100] "GET /pmwiki/pmwiki.php/Main/AdelphiAlapokm%e1ny?action=upload HTTP/1.1" 200 12453 "-" "Mozilla/5.0 (compatible; MegaIndex.ru/2.0; +http://megaindex.com/crawler)"
176.9.58.227 - - [17/Jan/2023:20:33:31 +0100] "GET /pmwiki/pmwiki.php/Main/AdelphiAlapokm%e1ny?action=diff HTTP/1.1" 200 17542 "-" "Mozilla/5.0 (compatible; MegaIndex.ru/2.0; +http://megaindex.com/crawler)"
176.9.58.227 - - [17/Jan/2023:20:33:36 +0100] "GET /pmwiki/pmwiki.php/Main/AzIPRJavaslat?action=edit HTTP/1.1" 200 12478 "-" "Mozilla/5.0 (compatible; MegaIndex.ru/2.0; +http://megaindex.com/crawler)"
217.113.194.119 - - [17/Jan/2023:20:33:39 +0100] "GET /pmwiki/pmwiki.php/PmWiki/RecentChanges?action=print HTTP/1.1" 200 12002 "-" "Mozilla/5.0 (compatible; Barkrowler/0.9; +https://babbar.tech/crawler)"
176.9.58.227 - - [17/Jan/2023:20:33:41 +0100] "GET /pmwiki/pmwiki.php/Main/AzIPRJavaslat?action=upload HTTP/1.1" 200 12358 "-" "Mozilla/5.0 (compatible; MegaIndex.ru/2.0; +http://megaindex.com/crawler)"
176.9.58.227 - - [17/Jan/2023:20:33:44 +0100] "GET /pmwiki/pmwiki.php/Main/AzIPRJavaslat?action=diff HTTP/1.1" 200 16096 "-" "Mozilla/5.0 (compatible; MegaIndex.ru/2.0; +http://megaindex.com/crawler)"
176.9.58.227 - - [17/Jan/2023:20:33:53 +0100] "GET /pmwiki/pmwiki.php/Main/RocardEp2?action=edit HTTP/1.1" 200 12414 "-" "Mozilla/5.0 (compatible; MegaIndex.ru/2.0; +http://megaindex.com/crawler)"
217.113.194.103 - - [17/Jan/2023:20:33:54 +0100] "GET /pmwiki/pmwiki.php/PmWiki/RecentChanges?action=edit HTTP/1.1" 200 12512 "-" "Mozilla/5.0 (compatible; Barkrowler/0.9; +https://babbar.tech/crawler)"
176.9.58.227 - - [17/Jan/2023:20:33:56 +0100] "GET /pmwiki/pmwiki.php/Main/RocardEp2?action=upload HTTP/1.1" 200 12294 "-" "Mozilla/5.0 (compatible; MegaIndex.ru/2.0; +http://megaindex.com/crawler)"
176.9.58.227 - - [17/Jan/2023:20:34:00 +0100] "GET /pmwiki/pmwiki.php/Main/RocardEp2?action=diff HTTP/1.1" 200 29492 "-" "Mozilla/5.0 (compatible; MegaIndex.ru/2.0; +http://megaindex.com/crawler)"
176.9.58.227 - - [17/Jan/2023:20:34:07 +0100] "GET /pmwiki/pmwiki.php/Main/Minimum?action=edit HTTP/1.1" 200 12382 "-" "Mozilla/5.0 (compatible; MegaIndex.ru/2.0; +http://megaindex.com/crawler)"
217.113.194.97 - - [17/Jan/2023:20:34:10 +0100] "GET /pmwiki/pmwiki.php/PmWiki/PatrickMichaud HTTP/1.1" 200 12146 "-" "Mozilla/5.0 (compatible; Barkrowler/0.9; +https://babbar.tech/crawler)"
176.9.58.227 - - [17/Jan/2023:20:34:11 +0100] "GET /pmwiki/pmwiki.php/Main/Minimum?action=upload HTTP/1.1" 200 12262 "-" "Mozilla/5.0 (compatible; MegaIndex.ru/2.0; +http://megaindex.com/crawler)"
176.9.58.227 - - [17/Jan/2023:20:34:15 +0100] "GET /pmwiki/pmwiki.php/Main/Minimum?action=diff HTTP/1.1" 200 25837 "-" "Mozilla/5.0 (compatible; MegaIndex.ru/2.0; +http://megaindex.com/crawler)"
176.9.58.227 - - [17/Jan/2023:20:34:24 +0100] "GET /pmwiki/pmwiki.php/Main/Telefonon?action=edit HTTP/1.1" 200 12414 "-" "Mozilla/5.0 (compatible; MegaIndex.ru/2.0; +http://megaindex.com/crawler)"
217.113.194.77 - - [17/Jan/2023:20:34:25 +0100] "GET /pmwiki/pmwiki.php/PmWiki/Contributors?action=print HTTP/1.1" 200 4504 "-" "Mozilla/5.0 (compatible; Barkrowler/0.9; +https://babbar.tech/crawler)"
176.9.58.227 - - [17/Jan/2023:20:34:27 +0100] "GET /pmwiki/pmwiki.php/Main/Telefonon?action=upload HTTP/1.1" 200 12294 "-" "Mozilla/5.0 (compatible; MegaIndex.ru/2.0; +http://megaindex.com/crawler)"
176.9.58.227 - - [17/Jan/2023:20:34:32 +0100] "GET /pmwiki/pmwiki.php/Main/Telefonon?action=diff HTTP/1.1" 200 26833 "-" "Mozilla/5.0 (compatible; MegaIndex.ru/2.0; +http://megaindex.com/crawler)"
176.9.58.227 - - [17/Jan/2023:20:34:39 +0100] "GET /pmwiki/pmwiki.php/Main/Minta HTTP/1.1" 200 14526 "-" "Mozilla/5.0 (compatible; MegaIndex.ru/2.0; +http://megaindex.com/crawler)"
217.113.194.114 - - [17/Jan/2023:20:34:40 +0100] "GET /pmwiki/pmwiki.php/PmWiki/Contributors?action=edit HTTP/1.1" 200 12500 "-" "Mozilla/5.0 (compatible; Barkrowler/0.9; +https://babbar.tech/crawler)"
176.9.58.227 - - [17/Jan/2023:20:34:42 +0100] "GET /pmwiki/pmwiki.php/Main/EztMondjukNekik HTTP/1.1" 200 14106 "-" "Mozilla/5.0 (compatible; MegaIndex.ru/2.0; +http://megaindex.com/crawler)"
176.9.58.227 - - [17/Jan/2023:20:34:45 +0100] "GET /pmwiki/pmwiki.php/Main/Marc08essay?action=edit HTTP/1.1" 200 12446 "-" "Mozilla/5.0 (compatible; MegaIndex.ru/2.0; +http://megaindex.com/crawler)"
176.9.58.227 - - [17/Jan/2023:20:34:49 +0100] "GET /pmwiki/pmwiki.php/Main/Marc08essay?action=upload HTTP/1.1" 200 12326 "-" "Mozilla/5.0 (compatible; MegaIndex.ru/2.0; +http://megaindex.com/crawler)"
176.9.58.227 - - [17/Jan/2023:20:34:53 +0100] "GET /pmwiki/pmwiki.php/Main/Marc08essay?action=diff HTTP/1.1" 200 76748 "-" "Mozilla/5.0 (compatible; MegaIndex.ru/2.0; +http://megaindex.com/crawler)"
217.113.194.91 - - [17/Jan/2023:20:34:56 +0100] "GET /pmwiki/pmwiki.php/PmWiki/ConditionalMarkup HTTP/1.1" 200 16144 "-" "Mozilla/5.0 (compatible; Barkrowler/0.9; +https://babbar.tech/crawler)"
176.9.58.227 - - [17/Jan/2023:20:35:06 +0100] "GET /pmwiki/pmwiki.php/Main/BMEKonferencia?action=edit HTTP/1.1" 200 12494 "-" "Mozilla/5.0 (compatible; MegaIndex.ru/2.0; +http://megaindex.com/crawler)"
176.9.58.227 - - [17/Jan/2023:20:35:09 +0100] "GET /pmwiki/pmwiki.php/Main/BMEKonferencia?action=upload HTTP/1.1" 200 12374 "-" "Mozilla/5.0 (compatible; MegaIndex.ru/2.0; +http://megaindex.com/crawler)"
217.113.194.109 - - [17/Jan/2023:20:35:11 +0100] "GET /pmwiki/pmwiki.php/PmWiki/WikiUsers?action=print HTTP/1.1" 404 2380 "-" "Mozilla/5.0 (compatible; Barkrowler/0.9; +https://babbar.tech/crawler)"
176.9.58.227 - - [17/Jan/2023:20:35:14 +0100] "GET /pmwiki/pmwiki.php/Main/BMEKonferencia?action=diff HTTP/1.1" 200 76698 "-" "Mozilla/5.0 (compatible; MegaIndex.ru/2.0; +http://megaindex.com/crawler)"
176.9.58.227 - - [17/Jan/2023:20:35:26 +0100] "GET /pmwiki/pmwiki.php/Main/TRIPSLie HTTP/1.1" 200 12874 "-" "Mozilla/5.0 (compatible; MegaIndex.ru/2.0; +http://megaindex.com/crawler)"
217.113.194.78 - - [17/Jan/2023:20:35:26 +0100] "GET /pmwiki/pmwiki.php/PmWiki/WikiUsers?action=edit HTTP/1.1" 200 12451 "-" "Mozilla/5.0 (compatible; Barkrowler/0.9; +https://babbar.tech/crawler)"
176.9.58.227 - - [17/Jan/2023:20:35:29 +0100] "GET /pmwiki/pmwiki.php/Main/SMELie HTTP/1.1" 200 13592 "-" "Mozilla/5.0 (compatible; MegaIndex.ru/2.0; +http://megaindex.com/crawler)"
176.9.58.227 - - [17/Jan/2023:20:35:33 +0100] "GET /pmwiki/pmwiki.php/Main/ABundestagT%e1mogatjaAzEur%f3paiParlamentet?action=edit HTTP/1.1" 200 12954 "-" "Mozilla/5.0 (compatible; MegaIndex.ru/2.0; +http://megaindex.com/crawler)"
176.9.58.227 - - [17/Jan/2023:20:35:37 +0100] "GET /pmwiki/pmwiki.php/Main/ABundestagT%e1mogatjaAzEur%f3paiParlamentet?action=upload HTTP/1.1" 200 12834 "-" "Mozilla/5.0 (compatible; MegaIndex.ru/2.0; +http://megaindex.com/crawler)"
176.9.58.227 - - [17/Jan/2023:20:35:40 +0100] "GET /pmwiki/pmwiki.php/Main/ABundestagT%e1mogatjaAzEur%f3paiParlamentet?action=diff HTTP/1.1" 200 20974 "-" "Mozilla/5.0 (compatible; MegaIndex.ru/2.0; +http://megaindex.com/crawler)"
217.113.194.67 - - [17/Jan/2023:20:35:42 +0100] "GET /pmwiki/pmwiki.php/PmWiki/WikiUsers?action=upload HTTP/1.1" 200 12331 "-" "Mozilla/5.0 (compatible; Barkrowler/0.9; +https://babbar.tech/crawler)"
176.9.58.227 - - [17/Jan/2023:20:35:44 +0100] "GET /pmwiki/pmwiki.php/Main/McCreevy HTTP/1.1" 200 13220 "-" "Mozilla/5.0 (compatible; MegaIndex.ru/2.0; +http://megaindex.com/crawler)"
176.9.58.227 - - [17/Jan/2023:20:35:49 +0100] "GET /pmwiki/pmwiki.php/Main/ThankYouPoland?action=edit HTTP/1.1" 200 12495 "-" "Mozilla/5.0 (compatible; MegaIndex.ru/2.0; +http://megaindex.com/crawler)"
176.9.58.227 - - [17/Jan/2023:20:35:53 +0100] "GET /pmwiki/pmwiki.php/Main/ThankYouPoland?action=upload HTTP/1.1" 200 12375 "-" "Mozilla/5.0 (compatible; MegaIndex.ru/2.0; +http://megaindex.com/crawler)"
176.9.58.227 - - [17/Jan/2023:20:35:57 +0100] "GET /pmwiki/pmwiki.php/Main/ThankYouPoland?action=diff HTTP/1.1" 200 15641 "-" "Mozilla/5.0 (compatible; MegaIndex.ru/2.0; +http://megaindex.com/crawler)"
217.113.194.111 - - [17/Jan/2023:20:35:57 +0100] "GET /pmwiki/pmwiki.php/PmWiki/WikiNature?action=edit HTTP/1.1" 200 12468 "-" "Mozilla/5.0 (compatible; Barkrowler/0.9; +https://babbar.tech/crawler)"
176.9.58.227 - - [17/Jan/2023:20:36:02 +0100] "GET /pmwiki/pmwiki.php/Main/SideBar?action=diff&source=n&minor=n HTTP/1.1" 200 151923 "-" "Mozilla/5.0 (compatible; MegaIndex.ru/2.0; +http://megaindex.com/crawler)"
217.113.194.84 - - [17/Jan/2023:20:36:12 +0100] "GET /pmwiki/pmwiki.php/PmWiki/WikiNature?action=upload HTTP/1.1" 200 12348 "-" "Mozilla/5.0 (compatible; Barkrowler/0.9; +https://babbar.tech/crawler)"
176.9.58.227 - - [17/Jan/2023:20:36:24 +0100] "GET /pmwiki/pmwiki.php/Main/SideBar?action=diff&source=y&minor=y HTTP/1.1" 200 229348 "-" "Mozilla/5.0 (compatible; MegaIndex.ru/2.0; +http://megaindex.com/crawler)"
217.113.194.122 - - [17/Jan/2023:20:36:28 +0100] "GET /pmwiki/pmwiki.php/PmWiki/WikiNature?action=print HTTP/1.1" 200 2865 "-" "Mozilla/5.0 (compatible; Barkrowler/0.9; +https://babbar.tech/crawler)"
217.113.194.106 - - [17/Jan/2023:20:36:43 +0100] "GET /pmwiki/pmwiki.php/PmWiki/WikiNature?action=diff HTTP/1.1" 200 12875 "-" "Mozilla/5.0 (compatible; Barkrowler/0.9; +https://babbar.tech/crawler)"
176.9.58.227 - - [17/Jan/2023:20:36:51 +0100] "GET /pmwiki/pmwiki.php/Main/SideBar?action=edit&restore=diff:1123155542:1123155444:minor&preview=y HTTP/1.1" 200 12435 "-" "Mozilla/5.0 (compatible; MegaIndex.ru/2.0; +http://megaindex.com/crawler)"
176.9.58.227 - - [17/Jan/2023:20:36:55 +0100] "GET /pmwiki/pmwiki.php/Main/SideBar?action=edit&restore=diff:1123155444:1123052904:minor&preview=y HTTP/1.1" 200 12435 "-" "Mozilla/5.0 (compatible; MegaIndex.ru/2.0; +http://megaindex.com/crawler)"
217.113.194.67 - - [17/Jan/2023:20:36:58 +0100] "GET /pmwiki/pmwiki.php/PmWiki/WikiStyleExamples HTTP/1.1" 200 23412 "-" "Mozilla/5.0 (compatible; Barkrowler/0.9; +https://babbar.tech/crawler)"
176.9.58.227 - - [17/Jan/2023:20:36:59 +0100] "GET /pmwiki/pmwiki.php/Main/SideBar?action=edit&restore=diff:1123052904:1122908790:minor&preview=y HTTP/1.1" 200 12435 "-" "Mozilla/5.0 (compatible; MegaIndex.ru/2.0; +http://megaindex.com/crawler)"
176.9.58.227 - - [17/Jan/2023:20:37:03 +0100] "GET /pmwiki/pmwiki.php/Main/SideBar?action=edit&restore=diff:1122908790:1122891596:minor&preview=y HTTP/1.1" 200 12435 "-" "Mozilla/5.0 (compatible; MegaIndex.ru/2.0; +http://megaindex.com/crawler)"
176.9.58.227 - - [17/Jan/2023:20:37:06 +0100] "GET /pmwiki/pmwiki.php/Main/SideBar?action=edit&restore=diff:1122891596:1122638485:minor&preview=y HTTP/1.1" 200 12435 "-" "Mozilla/5.0 (compatible; MegaIndex.ru/2.0; +http://megaindex.com/crawler)"
176.9.58.227 - - [17/Jan/2023:20:37:09 +0100] "GET /pmwiki/pmwiki.php/Main/SideBar?action=edit&restore=diff:1122638485:1122636837:minor&preview=y HTTP/1.1" 200 12435 "-" "Mozilla/5.0 (compatible; MegaIndex.ru/2.0; +http://megaindex.com/crawler)"
176.9.58.227 - - [17/Jan/2023:20:37:12 +0100] "GET /pmwiki/pmwiki.php/Main/SideBar?action=edit&restore=diff:1122636837:1122622537:minor&preview=y HTTP/1.1" 200 12435 "-" "Mozilla/5.0 (compatible; MegaIndex.ru/2.0; +http://megaindex.com/crawler)"
217.113.194.92 - - [17/Jan/2023:20:37:14 +0100] "GET /pmwiki/pmwiki.php/PmWiki/WikiStyles?action=print HTTP/1.1" 200 8953 "-" "Mozilla/5.0 (compatible; Barkrowler/0.9; +https://babbar.tech/crawler)"
176.9.58.227 - - [17/Jan/2023:20:37:17 +0100] "GET /pmwiki/pmwiki.php/Main/SideBar?action=edit&restore=diff:1122622537:1122538444:minor&preview=y HTTP/1.1" 200 12435 "-" "Mozilla/5.0 (compatible; MegaIndex.ru/2.0; +http://megaindex.com/crawler)"
176.9.58.227 - - [17/Jan/2023:20:37:20 +0100] "GET /pmwiki/pmwiki.php/Main/SideBar?action=edit&restore=diff:1122538444:1122369722:minor&preview=y HTTP/1.1" 200 12435 "-" "Mozilla/5.0 (compatible; MegaIndex.ru/2.0; +http://megaindex.com/crawler)"
176.9.58.227 - - [17/Jan/2023:20:37:24 +0100] "GET /pmwiki/pmwiki.php/Main/SideBar?action=edit&restore=diff:1122369722:1120332137:minor&preview=y HTTP/1.1" 200 12435 "-" "Mozilla/5.0 (compatible; MegaIndex.ru/2.0; +http://megaindex.com/crawler)"
176.9.58.227 - - [17/Jan/2023:20:37:27 +0100] "GET /pmwiki/pmwiki.php/Main/SideBar?action=edit&restore=diff:1120332137:1120083552:minor&preview=y HTTP/1.1" 200 12435 "-" "Mozilla/5.0 (compatible; MegaIndex.ru/2.0; +http://megaindex.com/crawler)"
217.113.194.88 - - [17/Jan/2023:20:37:29 +0100] "GET /pmwiki/pmwiki.php/PmWiki/WikiStyles?action=edit HTTP/1.1" 200 12467 "-" "Mozilla/5.0 (compatible; Barkrowler/0.9; +https://babbar.tech/crawler)"
176.9.58.227 - - [17/Jan/2023:20:37:31 +0100] "GET /pmwiki/pmwiki.php/Main/SideBar?action=edit&restore=diff:1120083552:1120082784:&preview=y HTTP/1.1" 200 12430 "-" "Mozilla/5.0 (compatible; MegaIndex.ru/2.0; +http://megaindex.com/crawler)"
176.9.58.227 - - [17/Jan/2023:20:37:34 +0100] "GET /pmwiki/pmwiki.php/Main/SideBar?action=edit&restore=diff:1120082784:1119865069:&preview=y HTTP/1.1" 200 12430 "-" "Mozilla/5.0 (compatible; MegaIndex.ru/2.0; +http://megaindex.com/crawler)"
176.9.58.227 - - [17/Jan/2023:20:37:38 +0100] "GET /pmwiki/pmwiki.php/Main/SideBar?action=edit&restore=diff:1119865069:1118762671:minor&preview=y HTTP/1.1" 200 12435 "-" "Mozilla/5.0 (compatible; MegaIndex.ru/2.0; +http://megaindex.com/crawler)"
176.9.58.227 - - [17/Jan/2023:20:37:40 +0100] "GET /pmwiki/pmwiki.php/Main/SideBar?action=edit&restore=diff:1118762671:1118730004:&preview=y HTTP/1.1" 200 12430 "-" "Mozilla/5.0 (compatible; MegaIndex.ru/2.0; +http://megaindex.com/crawler)"
176.9.58.227 - - [17/Jan/2023:20:37:43 +0100] "GET /pmwiki/pmwiki.php/Main/SideBar?action=edit&restore=diff:1118730004:1118404247:&preview=y HTTP/1.1" 200 12430 "-" "Mozilla/5.0 (compatible; MegaIndex.ru/2.0; +http://megaindex.com/crawler)"
217.113.194.97 - - [17/Jan/2023:20:37:44 +0100] "GET /pmwiki/pmwiki.php/PmWiki/WikiWord?action=edit HTTP/1.1" 200 12437 "-" "Mozilla/5.0 (compatible; Barkrowler/0.9; +https://babbar.tech/crawler)"
176.9.58.227 - - [17/Jan/2023:20:37:46 +0100] "GET /pmwiki/pmwiki.php/Main/SideBar?action=edit&restore=diff:1118404247:1118242594:&preview=y HTTP/1.1" 200 12430 "-" "Mozilla/5.0 (compatible; MegaIndex.ru/2.0; +http://megaindex.com/crawler)"
176.9.58.227 - - [17/Jan/2023:20:37:49 +0100] "GET /pmwiki/pmwiki.php/Main/SideBar?action=edit&restore=diff:1118242594:1118242540:&preview=y HTTP/1.1" 200 12430 "-" "Mozilla/5.0 (compatible; MegaIndex.ru/2.0; +http://megaindex.com/crawler)"
176.9.58.227 - - [17/Jan/2023:20:37:54 +0100] "GET /pmwiki/pmwiki.php/Main/SideBar?action=edit&restore=diff:1118242540:1118242423:&preview=y HTTP/1.1" 200 12430 "-" "Mozilla/5.0 (compatible; MegaIndex.ru/2.0; +http://megaindex.com/crawler)"
176.9.58.227 - - [17/Jan/2023:20:37:56 +0100] "GET /pmwiki/pmwiki.php/Main/SideBar?action=edit&restore=diff:1118242423:1117959971:minor&preview=y HTTP/1.1" 200 12435 "-" "Mozilla/5.0 (compatible; MegaIndex.ru/2.0; +http://megaindex.com/crawler)"
176.9.58.227 - - [17/Jan/2023:20:38:00 +0100] "GET /pmwiki/pmwiki.php/Main/SideBar?action=edit&restore=diff:1117959971:1117938699:&preview=y HTTP/1.1" 200 12430 "-" "Mozilla/5.0 (compatible; MegaIndex.ru/2.0; +http://megaindex.com/crawler)"
217.113.194.69 - - [17/Jan/2023:20:38:00 +0100] "GET /pmwiki/pmwiki.php/PmWiki/WikiWord?action=upload HTTP/1.1" 200 12317 "-" "Mozilla/5.0 (compatible; Barkrowler/0.9; +https://babbar.tech/crawler)"
176.9.58.227 - - [17/Jan/2023:20:38:03 +0100] "GET /pmwiki/pmwiki.php/Main/SideBar?action=edit&restore=diff:1117938699:1117717730:minor&preview=y HTTP/1.1" 200 12435 "-" "Mozilla/5.0 (compatible; MegaIndex.ru/2.0; +http://megaindex.com/crawler)"
176.9.58.227 - - [17/Jan/2023:20:38:08 +0100] "GET /pmwiki/pmwiki.php/Main/SideBar?action=edit&restore=diff:1117717730:1117605693:minor&preview=y HTTP/1.1" 200 12435 "-" "Mozilla/5.0 (compatible; MegaIndex.ru/2.0; +http://megaindex.com/crawler)"
176.9.58.227 - - [17/Jan/2023:20:38:10 +0100] "GET /pmwiki/pmwiki.php/Main/SideBar?action=edit&restore=diff:1117605693:1117582273:minor&preview=y HTTP/1.1" 200 12435 "-" "Mozilla/5.0 (compatible; MegaIndex.ru/2.0; +http://megaindex.com/crawler)"
176.9.58.227 - - [17/Jan/2023:20:38:13 +0100] "GET /pmwiki/pmwiki.php/Main/SideBar?action=edit&restore=diff:1117582273:1116496385:&preview=y HTTP/1.1" 200 12430 "-" "Mozilla/5.0 (compatible; MegaIndex.ru/2.0; +http://megaindex.com/crawler)"
217.113.194.93 - - [17/Jan/2023:20:38:15 +0100] "GET /pmwiki/pmwiki.php/PmWiki/WikiWord?action=print HTTP/1.1" 200 3158 "-" "Mozilla/5.0 (compatible; Barkrowler/0.9; +https://babbar.tech/crawler)"
176.9.58.227 - - [17/Jan/2023:20:38:17 +0100] "GET /pmwiki/pmwiki.php/Main/SideBar?action=edit&restore=diff:1116496385:1116496355:&preview=y HTTP/1.1" 200 12430 "-" "Mozilla/5.0 (compatible; MegaIndex.ru/2.0; +http://megaindex.com/crawler)"
176.9.58.227 - - [17/Jan/2023:20:38:19 +0100] "GET /pmwiki/pmwiki.php/Main/SideBar?action=edit&restore=diff:1116496355:1116379965:&preview=y HTTP/1.1" 200 12430 "-" "Mozilla/5.0 (compatible; MegaIndex.ru/2.0; +http://megaindex.com/crawler)"
176.9.58.227 - - [17/Jan/2023:20:38:23 +0100] "GET /pmwiki/pmwiki.php/Main/SideBar?action=edit&restore=diff:1116379965:1115190432:minor&preview=y HTTP/1.1" 200 12435 "-" "Mozilla/5.0 (compatible; MegaIndex.ru/2.0; +http://megaindex.com/crawler)"
176.9.58.227 - - [17/Jan/2023:20:38:28 +0100] "GET /pmwiki/pmwiki.php/Main/SideBar?action=edit&restore=diff:1115190432:1115122695:&preview=y HTTP/1.1" 200 12430 "-" "Mozilla/5.0 (compatible; MegaIndex.ru/2.0; +http://megaindex.com/crawler)"
217.113.194.78 - - [17/Jan/2023:20:38:30 +0100] "GET /pmwiki/pmwiki.php/PmWiki/WikiWord?action=diff HTTP/1.1" 200 12840 "-" "Mozilla/5.0 (compatible; Barkrowler/0.9; +https://babbar.tech/crawler)"
176.9.58.227 - - [17/Jan/2023:20:38:32 +0100] "GET /pmwiki/pmwiki.php/Main/SideBar?action=edit&restore=diff:1115122695:1114712445:&preview=y HTTP/1.1" 200 12430 "-" "Mozilla/5.0 (compatible; MegaIndex.ru/2.0; +http://megaindex.com/crawler)"
176.9.58.227 - - [17/Jan/2023:20:38:35 +0100] "GET /pmwiki/pmwiki.php/Main/SideBar?action=edit&restore=diff:1114712445:1114710715:&preview=y HTTP/1.1" 200 12430 "-" "Mozilla/5.0 (compatible; MegaIndex.ru/2.0; +http://megaindex.com/crawler)"
176.9.58.227 - - [17/Jan/2023:20:38:38 +0100] "GET /pmwiki/pmwiki.php/Main/SideBar?action=edit&restore=diff:1114710715:1114586698:&preview=y HTTP/1.1" 200 12430 "-" "Mozilla/5.0 (compatible; MegaIndex.ru/2.0; +http://megaindex.com/crawler)"
176.9.58.227 - - [17/Jan/2023:20:38:41 +0100] "GET /pmwiki/pmwiki.php/Main/SideBar?action=edit&restore=diff:1114586698:1114313755:&preview=y HTTP/1.1" 200 12430 "-" "Mozilla/5.0 (compatible; MegaIndex.ru/2.0; +http://megaindex.com/crawler)"
176.9.58.227 - - [17/Jan/2023:20:38:45 +0100] "GET /pmwiki/pmwiki.php/Main/SideBar?action=edit&restore=diff:1114313755:1114271518:minor&preview=y HTTP/1.1" 200 12435 "-" "Mozilla/5.0 (compatible; MegaIndex.ru/2.0; +http://megaindex.com/crawler)"
217.113.194.99 - - [17/Jan/2023:20:38:46 +0100] "GET /pmwiki/pmwiki.php/PmWiki/WikiPage?action=upload HTTP/1.1" 200 12316 "-" "Mozilla/5.0 (compatible; Barkrowler/0.9; +https://babbar.tech/crawler)"
176.9.58.227 - - [17/Jan/2023:20:38:48 +0100] "GET /pmwiki/pmwiki.php/Main/SideBar?action=edit&restore=diff:1114271518:1114211713:&preview=y HTTP/1.1" 200 12430 "-" "Mozilla/5.0 (compatible; MegaIndex.ru/2.0; +http://megaindex.com/crawler)"
176.9.58.227 - - [17/Jan/2023:20:38:53 +0100] "GET /pmwiki/pmwiki.php/Main/SideBar?action=edit&restore=diff:1114211713:1114166135:minor&preview=y HTTP/1.1" 200 12435 "-" "Mozilla/5.0 (compatible; MegaIndex.ru/2.0; +http://megaindex.com/crawler)"
176.9.58.227 - - [17/Jan/2023:20:39:00 +0100] "GET /pmwiki/pmwiki.php/Main/SideBar?action=edit&restore=diff:1114166135:1113919879:&preview=y HTTP/1.1" 200 12430 "-" "Mozilla/5.0 (compatible; MegaIndex.ru/2.0; +http://megaindex.com/crawler)"
217.113.194.105 - - [17/Jan/2023:20:39:01 +0100] "GET /pmwiki/pmwiki.php/PmWiki/WikiPage?action=print HTTP/1.1" 200 2705 "-" "Mozilla/5.0 (compatible; Barkrowler/0.9; +https://babbar.tech/crawler)"
176.9.58.227 - - [17/Jan/2023:20:39:02 +0100] "GET /pmwiki/pmwiki.php/Main/SideBar?action=edit&restore=diff:1113919879:1113820059:minor&preview=y HTTP/1.1" 200 12435 "-" "Mozilla/5.0 (compatible; MegaIndex.ru/2.0; +http://megaindex.com/crawler)"
176.9.58.227 - - [17/Jan/2023:20:39:06 +0100] "GET /pmwiki/pmwiki.php/Main/SideBar?action=edit&restore=diff:1113820059:1113423476:&preview=y HTTP/1.1" 200 12430 "-" "Mozilla/5.0 (compatible; MegaIndex.ru/2.0; +http://megaindex.com/crawler)"
176.9.58.227 - - [17/Jan/2023:20:39:12 +0100] "GET /pmwiki/pmwiki.php/Main/SideBar?action=edit&restore=diff:1113423476:1113392030:minor&preview=y HTTP/1.1" 200 12435 "-" "Mozilla/5.0 (compatible; MegaIndex.ru/2.0; +http://megaindex.com/crawler)"
176.9.58.227 - - [17/Jan/2023:20:39:16 +0100] "GET /pmwiki/pmwiki.php/Main/SideBar?action=edit&restore=diff:1113392030:1113013752:&preview=y HTTP/1.1" 200 12430 "-" "Mozilla/5.0 (compatible; MegaIndex.ru/2.0; +http://megaindex.com/crawler)"
217.113.194.117 - - [17/Jan/2023:20:39:16 +0100] "GET /pmwiki/pmwiki.php/PmWiki/WikiPage?action=edit HTTP/1.1" 200 12436 "-" "Mozilla/5.0 (compatible; Barkrowler/0.9; +https://babbar.tech/crawler)"
176.9.58.227 - - [17/Jan/2023:20:39:19 +0100] "GET /pmwiki/pmwiki.php/Main/SideBar?action=edit&restore=diff:1113013752:1112895227:minor&preview=y HTTP/1.1" 200 12435 "-" "Mozilla/5.0 (compatible; MegaIndex.ru/2.0; +http://megaindex.com/crawler)"
176.9.58.227 - - [17/Jan/2023:20:39:22 +0100] "GET /pmwiki/pmwiki.php/Main/SideBar?action=edit&restore=diff:1112895227:1112121446:&preview=y HTTP/1.1" 200 12430 "-" "Mozilla/5.0 (compatible; MegaIndex.ru/2.0; +http://megaindex.com/crawler)"
176.9.58.227 - - [17/Jan/2023:20:39:25 +0100] "GET /pmwiki/pmwiki.php/Main/SideBar?action=edit&restore=diff:1112121446:1110659328:&preview=y HTTP/1.1" 200 12430 "-" "Mozilla/5.0 (compatible; MegaIndex.ru/2.0; +http://megaindex.com/crawler)"
176.9.58.227 - - [17/Jan/2023:20:39:29 +0100] "GET /pmwiki/pmwiki.php/Main/SideBar?action=edit&restore=diff:1110659328:1110659284:&preview=y HTTP/1.1" 200 12430 "-" "Mozilla/5.0 (compatible; MegaIndex.ru/2.0; +http://megaindex.com/crawler)"
217.113.194.93 - - [17/Jan/2023:20:39:32 +0100] "GET /pmwiki/pmwiki.php/PmWiki/WikiPage?action=diff HTTP/1.1" 200 12839 "-" "Mozilla/5.0 (compatible; Barkrowler/0.9; +https://babbar.tech/crawler)"
176.9.58.227 - - [17/Jan/2023:20:39:33 +0100] "GET /pmwiki/pmwiki.php/Main/SideBar?action=edit&restore=diff:1110659284:1110653357:&preview=y HTTP/1.1" 200 12430 "-" "Mozilla/5.0 (compatible; MegaIndex.ru/2.0; +http://megaindex.com/crawler)"
176.9.58.227 - - [17/Jan/2023:20:39:36 +0100] "GET /pmwiki/pmwiki.php/Main/SideBar?action=edit&restore=diff:1110653357:1110481358:minor&preview=y HTTP/1.1" 200 12435 "-" "Mozilla/5.0 (compatible; MegaIndex.ru/2.0; +http://megaindex.com/crawler)"
176.9.58.227 - - [17/Jan/2023:20:39:40 +0100] "GET /pmwiki/pmwiki.php/Main/SideBar?action=edit&restore=diff:1110481358:1110471735:&preview=y HTTP/1.1" 200 12430 "-" "Mozilla/5.0 (compatible; MegaIndex.ru/2.0; +http://megaindex.com/crawler)"
176.9.58.227 - - [17/Jan/2023:20:39:43 +0100] "GET /pmwiki/pmwiki.php/Main/SideBar?action=edit&restore=diff:1110471735:1110470928:&preview=y HTTP/1.1" 200 12430 "-" "Mozilla/5.0 (compatible; MegaIndex.ru/2.0; +http://megaindex.com/crawler)"
176.9.58.227 - - [17/Jan/2023:20:39:46 +0100] "GET /pmwiki/pmwiki.php/Main/SideBar?action=edit&restore=diff:1110470928:1110470258:&preview=y HTTP/1.1" 200 12430 "-" "Mozilla/5.0 (compatible; MegaIndex.ru/2.0; +http://megaindex.com/crawler)"
217.113.194.83 - - [17/Jan/2023:20:39:47 +0100] "GET /pmwiki/pmwiki.php/PmWiki/WikiGroup?action=edit HTTP/1.1" 200 12451 "-" "Mozilla/5.0 (compatible; Barkrowler/0.9; +https://babbar.tech/crawler)"
176.9.58.227 - - [17/Jan/2023:20:39:50 +0100] "GET /pmwiki/pmwiki.php/Main/SideBar?action=edit&restore=diff:1110470258:1110469597:&preview=y HTTP/1.1" 200 12430 "-" "Mozilla/5.0 (compatible; MegaIndex.ru/2.0; +http://megaindex.com/crawler)"
176.9.58.227 - - [17/Jan/2023:20:39:54 +0100] "GET /pmwiki/pmwiki.php/Main/SideBar?action=edit&restore=diff:1110469597:1110469529:&preview=y HTTP/1.1" 200 12430 "-" "Mozilla/5.0 (compatible; MegaIndex.ru/2.0; +http://megaindex.com/crawler)"
