216.244.66.203 - - [01/Jan/2023:23:55:33 +0100] "GET /pmwiki/pmwiki.php/Profiles/IPRjavaslat?action=diff&source=y&minor=n HTTP/1.1" 200 12930 "-" "Mozilla/5.0 (compatible; DotBot/1.2; +https://opensiteexplorer.org/dotbot; help@moz.com)"
185.191.171.38 - - [02/Jan/2023:00:17:14 +0100] "GET /robots.txt HTTP/1.1" 404 1181 "-" "Mozilla/5.0 (compatible; SemrushBot/7~bl; +http://www.semrush.com/bot.html)"
185.191.171.45 - - [02/Jan/2023:00:17:15 +0100] "GET /pmwiki/pmwiki.php/Main/2004-esNyilatkozat HTTP/1.1" 200 15702 "-" "Mozilla/5.0 (compatible; SemrushBot/7~bl; +http://www.semrush.com/bot.html)"
185.191.171.39 - - [02/Jan/2023:00:17:26 +0100] "GET /pmwiki/pmwiki.php/Main/MiADRM HTTP/1.1" 200 12869 "-" "Mozilla/5.0 (compatible; SemrushBot/7~bl; +http://www.semrush.com/bot.html)"
216.244.66.203 - - [02/Jan/2023:00:22:39 +0100] "GET /robots.txt HTTP/1.1" 404 1181 "-" "Mozilla/5.0 (compatible; DotBot/1.2; +https://opensiteexplorer.org/dotbot; help@moz.com)"
185.191.171.19 - - [02/Jan/2023:00:34:23 +0100] "GET /pmwiki/pmwiki.php/Main/HarcT%EDzITSzabadalomEllen HTTP/1.1" 200 13731 "-" "Mozilla/5.0 (compatible; SemrushBot/7~bl; +http://www.semrush.com/bot.html)"
216.244.66.203 - - [02/Jan/2023:00:52:03 +0100] "GET /pmwiki/pmwiki.php/Main/2003M%E1jusiNyilatkozat?action=diff&source=y&minor=n HTTP/1.1" 200 16872 "-" "Mozilla/5.0 (compatible; DotBot/1.2; +https://opensiteexplorer.org/dotbot; help@moz.com)"
216.244.66.203 - - [02/Jan/2023:00:52:09 +0100] "GET /pmwiki/pmwiki.php/Main/ADRMH%E1tr%E1nyai?action=diff&source=y&minor=n HTTP/1.1" 200 33195 "-" "Mozilla/5.0 (compatible; DotBot/1.2; +https://opensiteexplorer.org/dotbot; help@moz.com)"
216.244.66.203 - - [02/Jan/2023:00:52:15 +0100] "GET /pmwiki/pmwiki.php/UTF8/UTF8?action=diff&source=n&minor=y HTTP/1.1" 200 12728 "-" "Mozilla/5.0 (compatible; DotBot/1.2; +https://opensiteexplorer.org/dotbot; help@moz.com)"
198.235.24.174 - - [02/Jan/2023:01:12:52 +0100] "GET / HTTP/1.1" 302 5 "-" "Expanse, a Palo Alto Networks company, searches across the global IPv4 space multiple times per day to identify customers' presences on the Internet. If you would like to be excluded from our scans, please send IP addresses/domains to: scaninfo@paloaltonetworks.com"
198.235.24.174 - - [02/Jan/2023:01:12:55 +0100] "GET /pmwiki/pmwiki.php HTTP/1.1" 200 37269 "http://195.56.55.225:80/" "Expanse, a Palo Alto Networks company, searches across the global IPv4 space multiple times per day to identify customers' presences on the Internet. If you would like to be excluded from our scans, please send IP addresses/domains to: scaninfo@paloaltonetworks.com"
216.244.66.203 - - [02/Jan/2023:01:18:44 +0100] "GET /robots.txt HTTP/1.1" 404 1181 "-" "Mozilla/5.0 (compatible; DotBot/1.2; +https://opensiteexplorer.org/dotbot; help@moz.com)"
216.244.66.203 - - [02/Jan/2023:01:44:21 +0100] "GET /pmwiki/pmwiki.php/Profiles/Restored?action=diff&source=y&minor=n HTTP/1.1" 200 12876 "-" "Mozilla/5.0 (compatible; DotBot/1.2; +https://opensiteexplorer.org/dotbot; help@moz.com)"
77.88.9.130 - - [02/Jan/2023:01:59:30 +0100] "GET /robots.txt HTTP/1.1" 404 1181 "-" "Mozilla/5.0 (compatible; YandexBot/3.0; +http://yandex.com/bots)"
77.88.9.130 - - [02/Jan/2023:01:59:33 +0100] "GET /pmwiki/pmwiki.php/Main/V%E9delmiP%E9nz?action=diff HTTP/1.1" 200 13896 "-" "Mozilla/5.0 (compatible; YandexBot/3.0; +http://yandex.com/bots)"
185.191.171.20 - - [02/Jan/2023:02:36:38 +0100] "GET /robots.txt HTTP/1.1" 404 1181 "-" "Mozilla/5.0 (compatible; SemrushBot/7~bl; +http://www.semrush.com/bot.html)"
185.191.171.2 - - [02/Jan/2023:02:36:38 +0100] "GET /pmwiki/pmwiki.php/Main/Nyilatkozat HTTP/1.1" 200 18473 "-" "Mozilla/5.0 (compatible; SemrushBot/7~bl; +http://www.semrush.com/bot.html)"
185.190.24.90 - - [02/Jan/2023:02:49:06 +0100] "GET /wp-load.php HTTP/1.1" 404 1181 "www.bing.com" "wp_is_mobile"
185.190.24.90 - - [02/Jan/2023:02:49:07 +0100] "GET /style.php HTTP/1.1" 404 1181 "www.bing.com" "wp_is_mobile"
185.190.24.90 - - [02/Jan/2023:02:49:07 +0100] "GET /wp-admin/style.php HTTP/1.1" 404 1181 "www.bing.com" "wp_is_mobile"
185.190.24.90 - - [02/Jan/2023:02:49:08 +0100] "GET /s_e.php HTTP/1.1" 404 1181 "www.bing.com" "wp_is_mobile"
185.190.24.90 - - [02/Jan/2023:02:49:09 +0100] "GET /s_ne.php HTTP/1.1" 404 1181 "www.bing.com" "wp_is_mobile"
185.190.24.90 - - [02/Jan/2023:02:49:09 +0100] "GET /1index.php HTTP/1.1" 404 1181 "www.bing.com" "Mozilla/5.0 (Windows NT 10.0; Win64; x64) AppleWebKit/537.36 (KHTML, like Gecko) Chrome/90.0.4430.85 Safari/537.36"
185.190.24.90 - - [02/Jan/2023:02:49:10 +0100] "GET /3index.php?f=/NmRtJOUjAdutReQj/scRjKUhleBpzmTyO.txt HTTP/1.1" 404 1181 "www.bing.com" "Mozilla/5.0 (Windows NT 10.0; Win64; x64) AppleWebKit/537.36 (KHTML, like Gecko) Chrome/90.0.4430.85 Safari/537.36"
185.190.24.90 - - [02/Jan/2023:02:49:12 +0100] "GET /wikindex.php?f=/NmRtJOUjAdutReQj/scRjKUhleBpzmTyO.txt HTTP/1.1" 404 1181 "www.bing.com" "Mozilla/5.0 (Windows NT 10.0; Win64; x64) AppleWebKit/537.36 (KHTML, like Gecko) Chrome/90.0.4430.85 Safari/537.36"
185.190.24.90 - - [02/Jan/2023:02:49:13 +0100] "GET /wp-content/mu-plugins-old/index.php?f=/NmRtJOUjAdutReQj/scRjKUhleBpzmTyO.txt HTTP/1.1" 404 1181 "www.bing.com" "Mozilla/5.0 (Windows NT 10.0; Win64; x64) AppleWebKit/537.36 (KHTML, like Gecko) Chrome/90.0.4430.85 Safari/537.36"
185.190.24.90 - - [02/Jan/2023:02:49:14 +0100] "GET /radio.php HTTP/1.1" 404 1181 "www.bing.com" "wp_is_mobile"
185.190.24.90 - - [02/Jan/2023:02:49:14 +0100] "GET /lock360.php?daksldlkdsadas=1 HTTP/1.1" 404 1181 "www.bing.com" "wp_is_mobile"
185.190.24.90 - - [02/Jan/2023:02:49:15 +0100] "GET /wp-load.php?daksldlkdsadas=1 HTTP/1.1" 404 1181 "www.bing.com" "wp_is_mobile"
185.190.24.90 - - [02/Jan/2023:02:49:16 +0100] "GET /old-index.php?daksldlkdsadas=1 HTTP/1.1" 404 1181 "www.bing.com" "wp_is_mobile"
185.190.24.90 - - [02/Jan/2023:02:49:17 +0100] "GET /xmrlpc.php?daksldlkdsadas=1 HTTP/1.1" 404 1181 "www.bing.com" "wp_is_mobile"
185.190.24.90 - - [02/Jan/2023:02:49:18 +0100] "GET /xmlrpcs.php?daksldlkdsadas=1 HTTP/1.1" 404 1181 "www.bing.com" "wp_is_mobile"
185.190.24.90 - - [02/Jan/2023:02:49:19 +0100] "GET /wp-admin.php?daksldlkdsadas=1 HTTP/1.1" 404 1181 "www.bing.com" "wp_is_mobile"
185.190.24.90 - - [02/Jan/2023:02:49:19 +0100] "GET /qindex.php?daksldlkdsadas=1 HTTP/1.1" 404 1181 "www.bing.com" "wp_is_mobile"
185.190.24.90 - - [02/Jan/2023:02:49:20 +0100] "GET /doc.php HTTP/1.1" 404 1181 "www.bing.com" "wp_is_mobile"
185.190.24.90 - - [02/Jan/2023:02:49:21 +0100] "GET /wp_wrong_datlib.php HTTP/1.1" 404 1181 "www.bing.com" "Mozilla/5.0 (Windows NT 10.0; Win64; x64) AppleWebKit/537.36 (KHTML, like Gecko) Chrome/90.0.4430.85 Safari/537.36"
185.190.24.90 - - [02/Jan/2023:02:49:22 +0100] "GET /beence.php HTTP/1.1" 404 1181 "www.bing.com" "Mozilla/5.0 (Windows NT 10.0; Win64; x64) AppleWebKit/537.36 (KHTML, like Gecko) Chrome/90.0.4430.85 Safari/537.36"
185.190.24.90 - - [02/Jan/2023:02:49:23 +0100] "GET /ups.php HTTP/1.1" 404 1181 "www.bing.com" "wp_is_mobile"
185.190.24.90 - - [02/Jan/2023:02:49:23 +0100] "GET /wp-signin.php?dizo&ping HTTP/1.1" 404 1181 "www.bing.com" "wp_is_mobile"
185.190.24.90 - - [02/Jan/2023:02:49:24 +0100] "GET /media-admin.php HTTP/1.1" 404 1181 "www.bing.com" "wp_is_mobile"
185.190.24.90 - - [02/Jan/2023:02:49:25 +0100] "GET /export.php HTTP/1.1" 404 1181 "www.bing.com" "Mozilla/5.0 (Windows NT 10.0; Win64; x64) AppleWebKit/537.36 (KHTML, like Gecko) Chrome/90.0.4430.85 Safari/537.36"
185.190.24.90 - - [02/Jan/2023:02:49:25 +0100] "GET /wp-content/export.php HTTP/1.1" 404 1181 "www.bing.com" "Mozilla/5.0 (Windows NT 10.0; Win64; x64) AppleWebKit/537.36 (KHTML, like Gecko) Chrome/90.0.4430.85 Safari/537.36"
185.190.24.90 - - [02/Jan/2023:02:49:26 +0100] "GET /wp-includes/wp-class.php HTTP/1.1" 404 1181 "www.bing.com" "wp_is_mobile"
185.190.24.90 - - [02/Jan/2023:02:49:27 +0100] "GET /wp-includes/wp-atom.php HTTP/1.1" 404 1181 "www.bing.com" "Mozilla/5.0 (Windows NT 10.0; Win64; x64) AppleWebKit/537.36 (KHTML, like Gecko) Chrome/90.0.4430.85 Safari/537.36"
185.190.24.90 - - [02/Jan/2023:02:49:27 +0100] "GET /wp-includes/images/css.php HTTP/1.1" 404 1181 "www.bing.com" "Mozilla/5.0 (Windows NT 10.0; Win64; x64) AppleWebKit/537.36 (KHTML, like Gecko) Chrome/90.0.4430.85 Safari/537.36"
185.190.24.90 - - [02/Jan/2023:02:49:28 +0100] "GET /wp-includes/css/css.php HTTP/1.1" 404 1181 "www.bing.com" "Mozilla/5.0 (Windows NT 10.0; Win64; x64) AppleWebKit/537.36 (KHTML, like Gecko) Chrome/90.0.4430.85 Safari/537.36"
185.190.24.90 - - [02/Jan/2023:02:49:29 +0100] "GET /defau1t.php HTTP/1.1" 404 1181 "www.bing.com" "Mozilla/5.0 (Windows NT 10.0; Win64; x64) AppleWebKit/537.36 (KHTML, like Gecko) Chrome/90.0.4430.85 Safari/537.36"
185.190.24.90 - - [02/Jan/2023:02:49:30 +0100] "GET /css.php HTTP/1.1" 404 1181 "www.bing.com" "wp_is_mobile"
185.190.24.90 - - [02/Jan/2023:02:49:31 +0100] "GET /moduless.php HTTP/1.1" 404 1181 "www.bing.com" "Mozilla/5.0 (Windows NT 10.0; Win64; x64) AppleWebKit/537.36 (KHTML, like Gecko) Chrome/90.0.4430.85 Safari/537.36"
185.190.24.90 - - [02/Jan/2023:02:49:31 +0100] "GET /wp-booking.php HTTP/1.1" 404 1181 "www.bing.com" "wp_is_mobile"
185.190.24.90 - - [02/Jan/2023:02:49:32 +0100] "GET /wp-content/plugins/backup_index.php HTTP/1.1" 404 1181 "www.bing.com" "wp_is_mobile"
185.190.24.90 - - [02/Jan/2023:02:49:33 +0100] "GET /wp-content/mu-plugins/db-safe-mode.php HTTP/1.1" 404 1181 "www.bing.com" "wp_is_mobile"
185.190.24.90 - - [02/Jan/2023:02:49:34 +0100] "GET /wp-includes/css/wp-config.php HTTP/1.1" 404 1181 "www.bing.com" "wp_is_mobile"
185.190.24.90 - - [02/Jan/2023:02:49:34 +0100] "GET /config.bak.php HTTP/1.1" 404 1181 "www.bing.com" "wp_is_mobile"
185.190.24.90 - - [02/Jan/2023:02:49:35 +0100] "GET /wp-content/themes/config.bak.php HTTP/1.1" 404 1181 "www.bing.com" "wp_is_mobile"
185.190.24.90 - - [02/Jan/2023:02:49:35 +0100] "GET /legion.php HTTP/1.1" 404 1181 "www.bing.com" "wp_is_mobile"
185.190.24.90 - - [02/Jan/2023:02:49:36 +0100] "GET /wp-content/plugins/wpconfig.bak.php?act=sf HTTP/1.1" 404 1181 "www.bing.com" "Mozilla/5.0 (Windows NT 10.0; Win64; x64) AppleWebKit/537.36 (KHTML, like Gecko) Chrome/90.0.4430.85 Safari/537.36"
185.190.24.90 - - [02/Jan/2023:02:49:37 +0100] "GET /wp-plugins.php HTTP/1.1" 404 1181 "www.bing.com" "wp_is_mobile"
185.190.24.90 - - [02/Jan/2023:02:49:38 +0100] "GET /gank.php.PhP HTTP/1.1" 404 1181 "www.bing.com" "wp_is_mobile"
185.190.24.90 - - [02/Jan/2023:02:49:39 +0100] "GET /wp-content/db-cache.php HTTP/1.1" 404 1181 "www.bing.com" "wp_is_mobile"
185.190.24.90 - - [02/Jan/2023:02:49:39 +0100] "GET /archives.php HTTP/1.1" 404 1181 "www.bing.com" "Mozilla/5.0 (Windows NT 10.0; Win64; x64) AppleWebKit/537.36 (KHTML, like Gecko) Chrome/90.0.4430.85 Safari/537.36"
185.190.24.90 - - [02/Jan/2023:02:49:40 +0100] "GET /xindex.php HTTP/1.1" 404 1181 "www.bing.com" "wp_is_mobile"
185.190.24.90 - - [02/Jan/2023:02:49:42 +0100] "GET /defau11.php HTTP/1.1" 404 1181 "www.bing.com" "Mozilla/5.0 (Windows NT 10.0; Win64; x64) AppleWebKit/537.36 (KHTML, like Gecko) Chrome/90.0.4430.85 Safari/537.36"
185.190.24.90 - - [02/Jan/2023:02:49:42 +0100] "GET /wp-content/outcms.php?up HTTP/1.1" 404 1181 "www.bing.com" "wp_is_mobile"
185.190.24.90 - - [02/Jan/2023:02:49:43 +0100] "GET /system_log.php?bala=up HTTP/1.1" 404 1181 "www.bing.com" "wp_is_mobile"
185.190.24.90 - - [02/Jan/2023:02:49:44 +0100] "GET /wp-backup-sql-302.php HTTP/1.1" 404 1181 "www.bing.com" "wp_is_mobile"
185.190.24.90 - - [02/Jan/2023:02:49:44 +0100] "GET /error.php?phpshells HTTP/1.1" 404 1181 "www.bing.com" "wp_is_mobile"
185.190.24.90 - - [02/Jan/2023:02:49:45 +0100] "GET /ALFA_DATA HTTP/1.1" 404 1181 "www.bing.com" "wp_is_mobile"
185.190.24.90 - - [02/Jan/2023:02:49:45 +0100] "GET /alfacgiapi HTTP/1.1" 404 1181 "www.bing.com" "wp_is_mobile"
185.190.24.90 - - [02/Jan/2023:02:49:46 +0100] "GET /cgialfa HTTP/1.1" 404 1181 "www.bing.com" "wp_is_mobile"
185.190.24.90 - - [02/Jan/2023:02:49:46 +0100] "GET /.well-known/ALFA_DATA HTTP/1.1" 404 1181 "www.bing.com" "wp_is_mobile"
185.190.24.90 - - [02/Jan/2023:02:49:47 +0100] "GET /.well-known/alfacgiapi HTTP/1.1" 404 1181 "www.bing.com" "wp_is_mobile"
185.190.24.90 - - [02/Jan/2023:02:49:48 +0100] "GET /.well-known/cgialfa HTTP/1.1" 404 1181 "www.bing.com" "wp_is_mobile"
185.190.24.90 - - [02/Jan/2023:02:49:48 +0100] "GET /wp-content/uploads/ALFA_DATA HTTP/1.1" 404 1181 "www.bing.com" "wp_is_mobile"
185.190.24.90 - - [02/Jan/2023:02:49:49 +0100] "GET /wp-content/uploads/alfacgiapi HTTP/1.1" 404 1181 "www.bing.com" "wp_is_mobile"
185.190.24.90 - - [02/Jan/2023:02:49:49 +0100] "GET /wp-content/uploads/cgialfa HTTP/1.1" 404 1181 "www.bing.com" "wp_is_mobile"
185.190.24.90 - - [02/Jan/2023:02:49:50 +0100] "GET /wp-includes/ALFA_DATA HTTP/1.1" 404 1181 "www.bing.com" "wp_is_mobile"
185.190.24.90 - - [02/Jan/2023:02:49:50 +0100] "GET /wp-includes/alfacgiapi HTTP/1.1" 404 1181 "www.bing.com" "wp_is_mobile"
185.190.24.90 - - [02/Jan/2023:02:49:51 +0100] "GET /wp-includes/cgialfa HTTP/1.1" 404 1181 "www.bing.com" "wp_is_mobile"
185.190.24.90 - - [02/Jan/2023:02:49:52 +0100] "GET /wp-admin/ALFA_DATA HTTP/1.1" 404 1181 "www.bing.com" "wp_is_mobile"
185.190.24.90 - - [02/Jan/2023:02:49:52 +0100] "GET /wp-admin/alfacgiapi HTTP/1.1" 404 1181 "www.bing.com" "wp_is_mobile"
185.190.24.90 - - [02/Jan/2023:02:49:53 +0100] "GET /wp-admin/cgialfa HTTP/1.1" 404 1181 "www.bing.com" "wp_is_mobile"
185.190.24.90 - - [02/Jan/2023:02:49:54 +0100] "GET /wp-content/ALFA_DATA HTTP/1.1" 404 1181 "www.bing.com" "wp_is_mobile"
185.190.24.90 - - [02/Jan/2023:02:49:54 +0100] "GET /wp-content/alfacgiapi HTTP/1.1" 404 1181 "www.bing.com" "wp_is_mobile"
185.190.24.90 - - [02/Jan/2023:02:49:55 +0100] "GET /wp-content/cgialfa HTTP/1.1" 404 1181 "www.bing.com" "wp_is_mobile"
185.190.24.90 - - [02/Jan/2023:02:49:56 +0100] "GET /templates/beez3/ALFA_DATA HTTP/1.1" 404 1181 "www.bing.com" "wp_is_mobile"
185.190.24.90 - - [02/Jan/2023:02:49:56 +0100] "GET /templates/beez3/alfacgiapi HTTP/1.1" 404 1181 "www.bing.com" "wp_is_mobile"
185.190.24.90 - - [02/Jan/2023:02:49:57 +0100] "GET /templates/beez3/cgialfa HTTP/1.1" 404 1181 "www.bing.com" "wp_is_mobile"
185.190.24.90 - - [02/Jan/2023:02:49:57 +0100] "GET /sites/default/files/ALFA_DATA HTTP/1.1" 404 1181 "www.bing.com" "wp_is_mobile"
185.190.24.90 - - [02/Jan/2023:02:49:59 +0100] "GET /sites/default/files/alfacgiapi HTTP/1.1" 404 1181 "www.bing.com" "wp_is_mobile"
185.190.24.90 - - [02/Jan/2023:02:49:59 +0100] "GET /sites/default/files/cgialfa HTTP/1.1" 404 1181 "www.bing.com" "wp_is_mobile"
185.190.24.90 - - [02/Jan/2023:02:50:00 +0100] "GET /admin/controller/extension/extension/ALFA_DATA HTTP/1.1" 404 1181 "www.bing.com" "wp_is_mobile"
185.190.24.90 - - [02/Jan/2023:02:50:01 +0100] "GET /admin/controller/extension/extension/alfacgiapi HTTP/1.1" 404 1181 "www.bing.com" "wp_is_mobile"
185.190.24.90 - - [02/Jan/2023:02:50:02 +0100] "GET /admin/controller/extension/extension/cgialfa HTTP/1.1" 404 1181 "www.bing.com" "wp_is_mobile"
185.190.24.90 - - [02/Jan/2023:02:50:03 +0100] "GET /wp-content/plugins/ubh/up.php HTTP/1.1" 404 1181 "www.bing.com" "wp_is_mobile"
185.190.24.90 - - [02/Jan/2023:02:50:03 +0100] "GET /index.php?3x=3x HTTP/1.1" 302 5 "www.bing.com" "wp_is_mobile"
185.190.24.90 - - [02/Jan/2023:02:50:04 +0100] "GET /pmwiki/pmwiki.php HTTP/1.1" 200 37269 "www.bing.com" "wp_is_mobile"
185.190.24.90 - - [02/Jan/2023:02:50:05 +0100] "GET /about.php HTTP/1.1" 404 1181 "www.bing.com" "wp_is_mobile"
185.190.24.90 - - [02/Jan/2023:02:50:05 +0100] "GET /shells.php HTTP/1.1" 404 1181 "www.bing.com" "wp_is_mobile"
185.190.24.90 - - [02/Jan/2023:02:50:05 +0100] "GET /olux.php HTTP/1.1" 404 1181 "www.bing.com" "wp_is_mobile"
185.190.24.90 - - [02/Jan/2023:02:50:06 +0100] "GET /xleet.php HTTP/1.1" 404 1181 "www.bing.com" "wp_is_mobile"
185.190.24.90 - - [02/Jan/2023:02:50:06 +0100] "GET /wso.php HTTP/1.1" 404 1181 "www.bing.com" "wp_is_mobile"
185.190.24.90 - - [02/Jan/2023:02:50:07 +0100] "GET /shell.php HTTP/1.1" 404 1181 "www.bing.com" "wp_is_mobile"
185.190.24.90 - - [02/Jan/2023:02:50:07 +0100] "GET /up.php HTTP/1.1" 404 1181 "www.bing.com" "wp_is_mobile"
185.190.24.90 - - [02/Jan/2023:02:50:07 +0100] "GET /upload.php HTTP/1.1" 404 1181 "www.bing.com" "wp_is_mobile"
185.190.24.90 - - [02/Jan/2023:02:50:07 +0100] "GET /1.php HTTP/1.1" 404 1181 "www.bing.com" "wp_is_mobile"
185.190.24.90 - - [02/Jan/2023:02:50:08 +0100] "GET /x.php HTTP/1.1" 404 1181 "www.bing.com" "wp_is_mobile"
185.190.24.90 - - [02/Jan/2023:02:50:08 +0100] "GET /z.php HTTP/1.1" 404 1181 "www.bing.com" "wp_is_mobile"
185.190.24.90 - - [02/Jan/2023:02:50:08 +0100] "GET /a.php HTTP/1.1" 404 1181 "www.bing.com" "wp_is_mobile"
185.190.24.90 - - [02/Jan/2023:02:50:08 +0100] "GET /test.php HTTP/1.1" 404 1181 "www.bing.com" "wp_is_mobile"
185.190.24.90 - - [02/Jan/2023:02:50:09 +0100] "GET /wp.php HTTP/1.1" 404 1181 "www.bing.com" "wp_is_mobile"
185.190.24.90 - - [02/Jan/2023:02:50:10 +0100] "GET /alfa.php HTTP/1.1" 404 1181 "www.bing.com" "wp_is_mobile"
185.190.24.90 - - [02/Jan/2023:02:50:10 +0100] "GET /config.php HTTP/1.1" 404 1181 "www.bing.com" "wp_is_mobile"
185.190.24.90 - - [02/Jan/2023:02:50:11 +0100] "GET /templates/beez3/index.php HTTP/1.1" 404 1181 "www.bing.com" "wp_is_mobile"
185.191.171.23 - - [02/Jan/2023:02:52:16 +0100] "GET /pmwiki/pmwiki.php/Main/EztMondjukNekik HTTP/1.1" 200 14106 "-" "Mozilla/5.0 (compatible; SemrushBot/7~bl; +http://www.semrush.com/bot.html)"
207.46.13.233 - - [02/Jan/2023:03:04:07 +0100] "GET /robots.txt HTTP/1.1" 404 1181 "-" "Mozilla/5.0 (compatible; bingbot/2.0; +http://www.bing.com/bingbot.htm)"
40.77.167.75 - - [02/Jan/2023:03:04:13 +0100] "GET /pmwiki/pmwiki.php/Main/AJelenlegiSzerzoiJogiTorveny?action=diff HTTP/1.1" 200 35610 "-" "Mozilla/5.0 AppleWebKit/537.36 (KHTML, like Gecko; compatible; bingbot/2.0; +http://www.bing.com/bingbot.htm) Chrome/103.0.5060.134 Safari/537.36"
216.244.66.203 - - [02/Jan/2023:03:07:48 +0100] "GET /robots.txt HTTP/1.1" 404 1181 "-" "Mozilla/5.0 (compatible; DotBot/1.2; +https://opensiteexplorer.org/dotbot; help@moz.com)"
185.191.171.14 - - [02/Jan/2023:03:13:13 +0100] "GET /pmwiki/pmwiki.php/Main/SMELie HTTP/1.1" 200 13592 "-" "Mozilla/5.0 (compatible; SemrushBot/7~bl; +http://www.semrush.com/bot.html)"
77.88.9.137 - - [02/Jan/2023:03:24:20 +0100] "GET /pmwiki/pmwiki.php/Main/Nyilatkozatok?action=print HTTP/1.1" 200 6767 "-" "Mozilla/5.0 (compatible; YandexBot/3.0; +http://yandex.com/bots)"
216.244.66.203 - - [02/Jan/2023:03:26:07 +0100] "GET /pmwiki/pmwiki.php/Main/Portf%F3li%F3Effektus?action=diff&source=n&minor=y HTTP/1.1" 200 13022 "-" "Mozilla/5.0 (compatible; DotBot/1.2; +https://opensiteexplorer.org/dotbot; help@moz.com)"
111.225.149.172 - - [02/Jan/2023:03:28:37 +0100] "GET /robots.txt HTTP/1.1" 404 1181 "-" "Mozilla/5.0 (Linux; Android 5.0) AppleWebKit/537.36 (KHTML, like Gecko) Mobile Safari/537.36 (compatible; Bytespider; https://zhanzhang.toutiao.com/)"
101.68.211.2 - - [02/Jan/2023:03:34:41 +0100] "GET / HTTP/1.1" 302 5 "-" "Mozilla/5.0 (Macintosh; Intel Mac OS X 10.11; rv:47.0) Gecko/20100101 Firefox/47.0"
101.68.211.2 - - [02/Jan/2023:03:34:54 +0100] "GET /pmwiki/pmwiki.php HTTP/1.1" 200 37269 "-" "Mozilla/5.0 (Macintosh; Intel Mac OS X 10.11; rv:47.0) Gecko/20100101 Firefox/47.0"
185.191.171.35 - - [02/Jan/2023:03:42:43 +0100] "GET /robots.txt HTTP/1.1" 404 1181 "-" "Mozilla/5.0 (compatible; SemrushBot/7~bl; +http://www.semrush.com/bot.html)"
185.191.171.41 - - [02/Jan/2023:03:42:44 +0100] "GET /pmwiki/pmwiki.php/Main/Bitem0304 HTTP/1.1" 200 17668 "-" "Mozilla/5.0 (compatible; SemrushBot/7~bl; +http://www.semrush.com/bot.html)"
185.191.171.36 - - [02/Jan/2023:03:42:59 +0100] "GET /pmwiki/pmwiki.php/Main/Power HTTP/1.1" 200 20204 "-" "Mozilla/5.0 (compatible; SemrushBot/7~bl; +http://www.semrush.com/bot.html)"
216.244.66.203 - - [02/Jan/2023:04:02:21 +0100] "GET /robots.txt HTTP/1.1" 404 1181 "-" "Mozilla/5.0 (compatible; DotBot/1.2; +https://opensiteexplorer.org/dotbot; help@moz.com)"
216.244.66.203 - - [02/Jan/2023:04:22:59 +0100] "GET /pmwiki/pmwiki.php/Main/ADRMHib%E1i?action=diff&source=n&minor=y HTTP/1.1" 200 12848 "-" "Mozilla/5.0 (compatible; DotBot/1.2; +https://opensiteexplorer.org/dotbot; help@moz.com)"
216.244.66.203 - - [02/Jan/2023:04:23:10 +0100] "GET /pmwiki/pmwiki.php/Main/AllRecentChanges?action=diff&source=n&minor=y HTTP/1.1" 200 12941 "-" "Mozilla/5.0 (compatible; DotBot/1.2; +https://opensiteexplorer.org/dotbot; help@moz.com)"
216.244.66.203 - - [02/Jan/2023:04:24:54 +0100] "GET /pmwiki/pmwiki.php/API/PZZ?action=diff&source=n&minor=y HTTP/1.1" 200 12691 "-" "Mozilla/5.0 (compatible; DotBot/1.2; +https://opensiteexplorer.org/dotbot; help@moz.com)"
216.244.66.203 - - [02/Jan/2023:04:27:30 +0100] "GET /pmwiki/pmwiki.php/Main/Marc06LMEPR?action=diff&source=n&minor=y HTTP/1.1" 200 17638 "-" "Mozilla/5.0 (compatible; DotBot/1.2; +https://opensiteexplorer.org/dotbot; help@moz.com)"
185.191.171.24 - - [02/Jan/2023:04:54:36 +0100] "GET /robots.txt HTTP/1.1" 404 1181 "-" "Mozilla/5.0 (compatible; SemrushBot/7~bl; +http://www.semrush.com/bot.html)"
185.191.171.4 - - [02/Jan/2023:04:54:37 +0100] "GET /pmwiki/pmwiki.php/Main/McCreevy HTTP/1.1" 200 13220 "-" "Mozilla/5.0 (compatible; SemrushBot/7~bl; +http://www.semrush.com/bot.html)"
216.244.66.203 - - [02/Jan/2023:04:56:03 +0100] "GET /robots.txt HTTP/1.1" 404 1181 "-" "Mozilla/5.0 (compatible; DotBot/1.2; +https://opensiteexplorer.org/dotbot; help@moz.com)"
185.191.171.16 - - [02/Jan/2023:05:02:18 +0100] "GET /pmwiki/pmwiki.php/Main/BillGates%C9sM%E1sKommunist%E1k HTTP/1.1" 200 18614 "-" "Mozilla/5.0 (compatible; SemrushBot/7~bl; +http://www.semrush.com/bot.html)"
114.119.129.244 - - [02/Jan/2023:05:18:00 +0100] "GET /pmwiki/pmwiki.php/Main/AzEur%F3paiParlament%DAjraind%EDt%E1stK%F6vetelAzEln%F6kiKonferenciaElfogadtaAzInd%EDtv%E1nyt?action=edit HTTP/1.1" 200 13730 "http://swpat.zpok.hu/pmwiki/pmwiki.php/Main/AzEur%f3paiParlament%dajraind%edt%e1stK%f6vetelAzEln%f6kiKonferenciaElfogadtaAzInd%edtv%e1nyt" "Mozilla/5.0 (Linux; Android 7.0;) AppleWebKit/537.36 (KHTML, like Gecko) Mobile Safari/537.36 (compatible; PetalBot;+https://webmaster.petalsearch.com/site/petalbot)"
216.244.66.203 - - [02/Jan/2023:05:25:04 +0100] "GET /pmwiki/pmwiki.php/Main/Tud%E1smonop%F3lium?action=diff&source=y&minor=n HTTP/1.1" 200 15347 "-" "Mozilla/5.0 (compatible; DotBot/1.2; +https://opensiteexplorer.org/dotbot; help@moz.com)"
185.191.171.24 - - [02/Jan/2023:05:43:17 +0100] "GET /pmwiki/pmwiki.php/Main/CikkekDRM HTTP/1.1" 200 18047 "-" "Mozilla/5.0 (compatible; SemrushBot/7~bl; +http://www.semrush.com/bot.html)"
216.244.66.203 - - [02/Jan/2023:06:43:47 +0100] "GET /robots.txt HTTP/1.1" 404 1181 "-" "Mozilla/5.0 (compatible; DotBot/1.2; +https://opensiteexplorer.org/dotbot; help@moz.com)"
185.191.171.5 - - [02/Jan/2023:07:11:09 +0100] "GET /robots.txt HTTP/1.1" 404 1181 "-" "Mozilla/5.0 (compatible; SemrushBot/7~bl; +http://www.semrush.com/bot.html)"
185.191.171.14 - - [02/Jan/2023:07:11:09 +0100] "GET /pmwiki/pmwiki.php/Main/Todo HTTP/1.1" 200 12537 "-" "Mozilla/5.0 (compatible; SemrushBot/7~bl; +http://www.semrush.com/bot.html)"
185.191.171.6 - - [02/Jan/2023:07:11:11 +0100] "GET /sitemap.xml HTTP/1.1" 404 1181 "-" "Mozilla/5.0 (compatible; SemrushBot/7~bl; +http://www.semrush.com/bot.html)"
216.244.66.203 - - [02/Jan/2023:07:13:01 +0100] "GET /pmwiki/pmwiki.php/Main/Lev%E9lAParlamentInformaitikaiBizotts%E1gaEln%F6k%E9nek?action=diff&source=y&minor=n HTTP/1.1" 200 15572 "-" "Mozilla/5.0 (compatible; DotBot/1.2; +https://opensiteexplorer.org/dotbot; help@moz.com)"
17.241.75.74 - - [02/Jan/2023:07:25:06 +0100] "GET /favicon.ico HTTP/1.1" 404 1181 "-" "Mozilla/5.0 (Macintosh; Intel Mac OS X 10_15_5) AppleWebKit/605.1.15 (KHTML, like Gecko) Version/13.1.1 Safari/605.1.15 (Applebot/0.1; +http://www.apple.com/go/applebot)"
51.222.253.9 - - [02/Jan/2023:07:32:23 +0100] "GET /robots.txt HTTP/1.1" 404 1181 "-" "Mozilla/5.0 (compatible; AhrefsBot/7.0; +http://ahrefs.com/robot/)"
54.36.148.21 - - [02/Jan/2023:07:32:25 +0100] "GET /pmwiki/pmwiki.php/Main/AzIPRJavaslat?action=print HTTP/1.1" 200 5182 "-" "Mozilla/5.0 (compatible; AhrefsBot/7.0; +http://ahrefs.com/robot/)"
5.9.105.168 - - [02/Jan/2023:07:36:28 +0100] "GET /pmwiki/pmwiki.php/Main/2005M%E1jus HTTP/1.1" 200 15288 "http://swpat.zpok.hu" "Mozilla/5.0 (Windows NT 10.0; Win64; x64) AppleWebKit/537.36 (KHTML, like Gecko) Chrome/62.0.3202.94 Safari/537.36"
91.191.209.106 - - [02/Jan/2023:07:46:42 +0100] "GET /wp-load.php HTTP/1.1" 404 1181 "www.bing.com" "wp_is_mobile"
91.191.209.106 - - [02/Jan/2023:07:46:43 +0100] "GET /style.php HTTP/1.1" 404 1181 "www.bing.com" "wp_is_mobile"
91.191.209.106 - - [02/Jan/2023:07:46:44 +0100] "GET /wp-admin/style.php HTTP/1.1" 404 1181 "www.bing.com" "wp_is_mobile"
91.191.209.106 - - [02/Jan/2023:07:46:45 +0100] "GET /s_e.php HTTP/1.1" 404 1181 "www.bing.com" "wp_is_mobile"
91.191.209.106 - - [02/Jan/2023:07:46:47 +0100] "GET /s_ne.php HTTP/1.1" 404 1181 "www.bing.com" "wp_is_mobile"
91.191.209.106 - - [02/Jan/2023:07:46:49 +0100] "GET /1index.php HTTP/1.1" 404 1181 "www.bing.com" "Mozilla/5.0 (Windows NT 10.0; Win64; x64) AppleWebKit/537.36 (KHTML, like Gecko) Chrome/90.0.4430.85 Safari/537.36"
91.191.209.106 - - [02/Jan/2023:07:46:51 +0100] "GET /3index.php?f=/NmRtJOUjAdutReQj/scRjKUhleBpzmTyO.txt HTTP/1.1" 404 1181 "www.bing.com" "Mozilla/5.0 (Windows NT 10.0; Win64; x64) AppleWebKit/537.36 (KHTML, like Gecko) Chrome/90.0.4430.85 Safari/537.36"
91.191.209.106 - - [02/Jan/2023:07:46:53 +0100] "GET /wikindex.php?f=/NmRtJOUjAdutReQj/scRjKUhleBpzmTyO.txt HTTP/1.1" 404 1181 "www.bing.com" "Mozilla/5.0 (Windows NT 10.0; Win64; x64) AppleWebKit/537.36 (KHTML, like Gecko) Chrome/90.0.4430.85 Safari/537.36"
91.191.209.106 - - [02/Jan/2023:07:46:55 +0100] "GET /wp-content/mu-plugins-old/index.php?f=/NmRtJOUjAdutReQj/scRjKUhleBpzmTyO.txt HTTP/1.1" 404 1181 "www.bing.com" "Mozilla/5.0 (Windows NT 10.0; Win64; x64) AppleWebKit/537.36 (KHTML, like Gecko) Chrome/90.0.4430.85 Safari/537.36"
91.191.209.106 - - [02/Jan/2023:07:46:56 +0100] "GET /radio.php HTTP/1.1" 404 1181 "www.bing.com" "wp_is_mobile"
91.191.209.106 - - [02/Jan/2023:07:46:58 +0100] "GET /lock360.php?daksldlkdsadas=1 HTTP/1.1" 404 1181 "www.bing.com" "wp_is_mobile"
91.191.209.106 - - [02/Jan/2023:07:47:00 +0100] "GET /wp-load.php?daksldlkdsadas=1 HTTP/1.1" 404 1181 "www.bing.com" "wp_is_mobile"
91.191.209.106 - - [02/Jan/2023:07:47:01 +0100] "GET /old-index.php?daksldlkdsadas=1 HTTP/1.1" 404 1181 "www.bing.com" "wp_is_mobile"
91.191.209.106 - - [02/Jan/2023:07:47:02 +0100] "GET /xmrlpc.php?daksldlkdsadas=1 HTTP/1.1" 404 1181 "www.bing.com" "wp_is_mobile"
91.191.209.106 - - [02/Jan/2023:07:47:03 +0100] "GET /xmlrpcs.php?daksldlkdsadas=1 HTTP/1.1" 404 1181 "www.bing.com" "wp_is_mobile"
91.191.209.106 - - [02/Jan/2023:07:47:05 +0100] "GET /wp-admin.php?daksldlkdsadas=1 HTTP/1.1" 404 1181 "www.bing.com" "wp_is_mobile"
91.191.209.106 - - [02/Jan/2023:07:47:07 +0100] "GET /qindex.php?daksldlkdsadas=1 HTTP/1.1" 404 1181 "www.bing.com" "wp_is_mobile"
91.191.209.106 - - [02/Jan/2023:07:47:08 +0100] "GET /doc.php HTTP/1.1" 404 1181 "www.bing.com" "wp_is_mobile"
91.191.209.106 - - [02/Jan/2023:07:47:10 +0100] "GET /wp_wrong_datlib.php HTTP/1.1" 404 1181 "www.bing.com" "Mozilla/5.0 (Windows NT 10.0; Win64; x64) AppleWebKit/537.36 (KHTML, like Gecko) Chrome/90.0.4430.85 Safari/537.36"
91.191.209.106 - - [02/Jan/2023:07:47:12 +0100] "GET /beence.php HTTP/1.1" 404 1181 "www.bing.com" "Mozilla/5.0 (Windows NT 10.0; Win64; x64) AppleWebKit/537.36 (KHTML, like Gecko) Chrome/90.0.4430.85 Safari/537.36"
91.191.209.106 - - [02/Jan/2023:07:47:13 +0100] "GET /ups.php HTTP/1.1" 404 1181 "www.bing.com" "wp_is_mobile"
91.191.209.106 - - [02/Jan/2023:07:47:14 +0100] "GET /wp-signin.php?dizo&ping HTTP/1.1" 404 1181 "www.bing.com" "wp_is_mobile"
91.191.209.106 - - [02/Jan/2023:07:47:16 +0100] "GET /media-admin.php HTTP/1.1" 404 1181 "www.bing.com" "wp_is_mobile"
91.191.209.106 - - [02/Jan/2023:07:47:18 +0100] "GET /export.php HTTP/1.1" 404 1181 "www.bing.com" "Mozilla/5.0 (Windows NT 10.0; Win64; x64) AppleWebKit/537.36 (KHTML, like Gecko) Chrome/90.0.4430.85 Safari/537.36"
91.191.209.106 - - [02/Jan/2023:07:47:18 +0100] "GET /wp-content/export.php HTTP/1.1" 404 1181 "www.bing.com" "Mozilla/5.0 (Windows NT 10.0; Win64; x64) AppleWebKit/537.36 (KHTML, like Gecko) Chrome/90.0.4430.85 Safari/537.36"
91.191.209.106 - - [02/Jan/2023:07:47:21 +0100] "GET /wp-includes/wp-class.php HTTP/1.1" 404 1181 "www.bing.com" "wp_is_mobile"
91.191.209.106 - - [02/Jan/2023:07:47:23 +0100] "GET /wp-includes/wp-atom.php HTTP/1.1" 404 1181 "www.bing.com" "Mozilla/5.0 (Windows NT 10.0; Win64; x64) AppleWebKit/537.36 (KHTML, like Gecko) Chrome/90.0.4430.85 Safari/537.36"
91.191.209.106 - - [02/Jan/2023:07:47:24 +0100] "GET /wp-includes/images/css.php HTTP/1.1" 404 1181 "www.bing.com" "Mozilla/5.0 (Windows NT 10.0; Win64; x64) AppleWebKit/537.36 (KHTML, like Gecko) Chrome/90.0.4430.85 Safari/537.36"
91.191.209.106 - - [02/Jan/2023:07:47:25 +0100] "GET /wp-includes/css/css.php HTTP/1.1" 404 1181 "www.bing.com" "Mozilla/5.0 (Windows NT 10.0; Win64; x64) AppleWebKit/537.36 (KHTML, like Gecko) Chrome/90.0.4430.85 Safari/537.36"
91.191.209.106 - - [02/Jan/2023:07:47:27 +0100] "GET /defau1t.php HTTP/1.1" 404 1181 "www.bing.com" "Mozilla/5.0 (Windows NT 10.0; Win64; x64) AppleWebKit/537.36 (KHTML, like Gecko) Chrome/90.0.4430.85 Safari/537.36"
91.191.209.106 - - [02/Jan/2023:07:47:28 +0100] "GET /css.php HTTP/1.1" 404 1181 "www.bing.com" "wp_is_mobile"
91.191.209.106 - - [02/Jan/2023:07:47:30 +0100] "GET /moduless.php HTTP/1.1" 404 1181 "www.bing.com" "Mozilla/5.0 (Windows NT 10.0; Win64; x64) AppleWebKit/537.36 (KHTML, like Gecko) Chrome/90.0.4430.85 Safari/537.36"
91.191.209.106 - - [02/Jan/2023:07:47:31 +0100] "GET /wp-booking.php HTTP/1.1" 404 1181 "www.bing.com" "wp_is_mobile"
91.191.209.106 - - [02/Jan/2023:07:47:33 +0100] "GET /wp-content/plugins/backup_index.php HTTP/1.1" 404 1181 "www.bing.com" "wp_is_mobile"
91.191.209.106 - - [02/Jan/2023:07:47:34 +0100] "GET /wp-content/mu-plugins/db-safe-mode.php HTTP/1.1" 404 1181 "www.bing.com" "wp_is_mobile"
91.191.209.106 - - [02/Jan/2023:07:47:35 +0100] "GET /wp-includes/css/wp-config.php HTTP/1.1" 404 1181 "www.bing.com" "wp_is_mobile"
91.191.209.106 - - [02/Jan/2023:07:47:36 +0100] "GET /config.bak.php HTTP/1.1" 404 1181 "www.bing.com" "wp_is_mobile"
91.191.209.106 - - [02/Jan/2023:07:47:36 +0100] "GET /wp-content/themes/config.bak.php HTTP/1.1" 404 1181 "www.bing.com" "wp_is_mobile"
91.191.209.106 - - [02/Jan/2023:07:47:38 +0100] "GET /legion.php HTTP/1.1" 404 1181 "www.bing.com" "wp_is_mobile"
91.191.209.106 - - [02/Jan/2023:07:47:39 +0100] "GET /wp-content/plugins/wpconfig.bak.php?act=sf HTTP/1.1" 404 1181 "www.bing.com" "Mozilla/5.0 (Windows NT 10.0; Win64; x64) AppleWebKit/537.36 (KHTML, like Gecko) Chrome/90.0.4430.85 Safari/537.36"
91.191.209.106 - - [02/Jan/2023:07:47:40 +0100] "GET /wp-plugins.php HTTP/1.1" 404 1181 "www.bing.com" "wp_is_mobile"
91.191.209.106 - - [02/Jan/2023:07:47:41 +0100] "GET /gank.php.PhP HTTP/1.1" 404 1181 "www.bing.com" "wp_is_mobile"
91.191.209.106 - - [02/Jan/2023:07:47:43 +0100] "GET /wp-content/db-cache.php HTTP/1.1" 404 1181 "www.bing.com" "wp_is_mobile"
91.191.209.106 - - [02/Jan/2023:07:47:44 +0100] "GET /archives.php HTTP/1.1" 404 1181 "www.bing.com" "Mozilla/5.0 (Windows NT 10.0; Win64; x64) AppleWebKit/537.36 (KHTML, like Gecko) Chrome/90.0.4430.85 Safari/537.36"
91.191.209.106 - - [02/Jan/2023:07:47:45 +0100] "GET /xindex.php HTTP/1.1" 404 1181 "www.bing.com" "wp_is_mobile"
91.191.209.106 - - [02/Jan/2023:07:47:47 +0100] "GET /defau11.php HTTP/1.1" 404 1181 "www.bing.com" "Mozilla/5.0 (Windows NT 10.0; Win64; x64) AppleWebKit/537.36 (KHTML, like Gecko) Chrome/90.0.4430.85 Safari/537.36"
91.191.209.106 - - [02/Jan/2023:07:47:48 +0100] "GET /wp-content/outcms.php?up HTTP/1.1" 404 1181 "www.bing.com" "wp_is_mobile"
91.191.209.106 - - [02/Jan/2023:07:47:49 +0100] "GET /system_log.php?bala=up HTTP/1.1" 404 1181 "www.bing.com" "wp_is_mobile"
91.191.209.106 - - [02/Jan/2023:07:47:50 +0100] "GET /wp-backup-sql-302.php HTTP/1.1" 404 1181 "www.bing.com" "wp_is_mobile"
91.191.209.106 - - [02/Jan/2023:07:47:51 +0100] "GET /error.php?phpshells HTTP/1.1" 404 1181 "www.bing.com" "wp_is_mobile"
91.191.209.106 - - [02/Jan/2023:07:47:53 +0100] "GET /ALFA_DATA HTTP/1.1" 404 1181 "www.bing.com" "wp_is_mobile"
91.191.209.106 - - [02/Jan/2023:07:47:54 +0100] "GET /alfacgiapi HTTP/1.1" 404 1181 "www.bing.com" "wp_is_mobile"
91.191.209.106 - - [02/Jan/2023:07:47:55 +0100] "GET /cgialfa HTTP/1.1" 404 1181 "www.bing.com" "wp_is_mobile"
91.191.209.106 - - [02/Jan/2023:07:47:56 +0100] "GET /.well-known/ALFA_DATA HTTP/1.1" 404 1181 "www.bing.com" "wp_is_mobile"
91.191.209.106 - - [02/Jan/2023:07:47:57 +0100] "GET /.well-known/alfacgiapi HTTP/1.1" 404 1181 "www.bing.com" "wp_is_mobile"
91.191.209.106 - - [02/Jan/2023:07:47:58 +0100] "GET /.well-known/cgialfa HTTP/1.1" 404 1181 "www.bing.com" "wp_is_mobile"
91.191.209.106 - - [02/Jan/2023:07:47:59 +0100] "GET /wp-content/uploads/ALFA_DATA HTTP/1.1" 404 1181 "www.bing.com" "wp_is_mobile"
91.191.209.106 - - [02/Jan/2023:07:47:59 +0100] "GET /wp-content/uploads/alfacgiapi HTTP/1.1" 404 1181 "www.bing.com" "wp_is_mobile"
91.191.209.106 - - [02/Jan/2023:07:48:00 +0100] "GET /wp-content/uploads/cgialfa HTTP/1.1" 404 1181 "www.bing.com" "wp_is_mobile"
91.191.209.106 - - [02/Jan/2023:07:48:00 +0100] "GET /wp-includes/ALFA_DATA HTTP/1.1" 404 1181 "www.bing.com" "wp_is_mobile"
91.191.209.106 - - [02/Jan/2023:07:48:00 +0100] "GET /wp-includes/alfacgiapi HTTP/1.1" 404 1181 "www.bing.com" "wp_is_mobile"
91.191.209.106 - - [02/Jan/2023:07:48:01 +0100] "GET /wp-includes/cgialfa HTTP/1.1" 404 1181 "www.bing.com" "wp_is_mobile"
91.191.209.106 - - [02/Jan/2023:07:48:03 +0100] "GET /wp-admin/ALFA_DATA HTTP/1.1" 404 1181 "www.bing.com" "wp_is_mobile"
91.191.209.106 - - [02/Jan/2023:07:48:04 +0100] "GET /wp-admin/alfacgiapi HTTP/1.1" 404 1181 "www.bing.com" "wp_is_mobile"
91.191.209.106 - - [02/Jan/2023:07:48:04 +0100] "GET /wp-admin/cgialfa HTTP/1.1" 404 1181 "www.bing.com" "wp_is_mobile"
91.191.209.106 - - [02/Jan/2023:07:48:05 +0100] "GET /wp-content/ALFA_DATA HTTP/1.1" 404 1181 "www.bing.com" "wp_is_mobile"
91.191.209.106 - - [02/Jan/2023:07:48:06 +0100] "GET /wp-content/alfacgiapi HTTP/1.1" 404 1181 "www.bing.com" "wp_is_mobile"
91.191.209.106 - - [02/Jan/2023:07:48:07 +0100] "GET /wp-content/cgialfa HTTP/1.1" 404 1181 "www.bing.com" "wp_is_mobile"
91.191.209.106 - - [02/Jan/2023:07:48:07 +0100] "GET /templates/beez3/ALFA_DATA HTTP/1.1" 404 1181 "www.bing.com" "wp_is_mobile"
91.191.209.106 - - [02/Jan/2023:07:48:08 +0100] "GET /templates/beez3/alfacgiapi HTTP/1.1" 404 1181 "www.bing.com" "wp_is_mobile"
91.191.209.106 - - [02/Jan/2023:07:48:09 +0100] "GET /templates/beez3/cgialfa HTTP/1.1" 404 1181 "www.bing.com" "wp_is_mobile"
91.191.209.106 - - [02/Jan/2023:07:48:10 +0100] "GET /sites/default/files/ALFA_DATA HTTP/1.1" 404 1181 "www.bing.com" "wp_is_mobile"
91.191.209.106 - - [02/Jan/2023:07:48:11 +0100] "GET /sites/default/files/alfacgiapi HTTP/1.1" 404 1181 "www.bing.com" "wp_is_mobile"
91.191.209.106 - - [02/Jan/2023:07:48:12 +0100] "GET /sites/default/files/cgialfa HTTP/1.1" 404 1181 "www.bing.com" "wp_is_mobile"
91.191.209.106 - - [02/Jan/2023:07:48:13 +0100] "GET /admin/controller/extension/extension/ALFA_DATA HTTP/1.1" 404 1181 "www.bing.com" "wp_is_mobile"
91.191.209.106 - - [02/Jan/2023:07:48:14 +0100] "GET /admin/controller/extension/extension/alfacgiapi HTTP/1.1" 404 1181 "www.bing.com" "wp_is_mobile"
91.191.209.106 - - [02/Jan/2023:07:48:14 +0100] "GET /admin/controller/extension/extension/cgialfa HTTP/1.1" 404 1181 "www.bing.com" "wp_is_mobile"
91.191.209.106 - - [02/Jan/2023:07:48:17 +0100] "GET /wp-content/plugins/ubh/up.php HTTP/1.1" 404 1181 "www.bing.com" "wp_is_mobile"
91.191.209.106 - - [02/Jan/2023:07:48:17 +0100] "GET /index.php?3x=3x HTTP/1.1" 302 5 "www.bing.com" "wp_is_mobile"
91.191.209.106 - - [02/Jan/2023:07:48:18 +0100] "GET /pmwiki/pmwiki.php HTTP/1.1" 200 37269 "www.bing.com" "wp_is_mobile"
91.191.209.106 - - [02/Jan/2023:07:48:18 +0100] "GET /about.php HTTP/1.1" 404 1181 "www.bing.com" "wp_is_mobile"
91.191.209.106 - - [02/Jan/2023:07:48:19 +0100] "GET /shells.php HTTP/1.1" 404 1181 "www.bing.com" "wp_is_mobile"
91.191.209.106 - - [02/Jan/2023:07:48:19 +0100] "GET /olux.php HTTP/1.1" 404 1181 "www.bing.com" "wp_is_mobile"
91.191.209.106 - - [02/Jan/2023:07:48:20 +0100] "GET /xleet.php HTTP/1.1" 404 1181 "www.bing.com" "wp_is_mobile"
91.191.209.106 - - [02/Jan/2023:07:48:20 +0100] "GET /wso.php HTTP/1.1" 404 1181 "www.bing.com" "wp_is_mobile"
91.191.209.106 - - [02/Jan/2023:07:48:21 +0100] "GET /shell.php HTTP/1.1" 404 1181 "www.bing.com" "wp_is_mobile"
91.191.209.106 - - [02/Jan/2023:07:48:21 +0100] "GET /up.php HTTP/1.1" 404 1181 "www.bing.com" "wp_is_mobile"
91.191.209.106 - - [02/Jan/2023:07:48:21 +0100] "GET /upload.php HTTP/1.1" 404 1181 "www.bing.com" "wp_is_mobile"
91.191.209.106 - - [02/Jan/2023:07:48:22 +0100] "GET /1.php HTTP/1.1" 404 1181 "www.bing.com" "wp_is_mobile"
91.191.209.106 - - [02/Jan/2023:07:48:22 +0100] "GET /x.php HTTP/1.1" 404 1181 "www.bing.com" "wp_is_mobile"
91.191.209.106 - - [02/Jan/2023:07:48:22 +0100] "GET /z.php HTTP/1.1" 404 1181 "www.bing.com" "wp_is_mobile"
91.191.209.106 - - [02/Jan/2023:07:48:23 +0100] "GET /a.php HTTP/1.1" 404 1181 "www.bing.com" "wp_is_mobile"
91.191.209.106 - - [02/Jan/2023:07:48:23 +0100] "GET /test.php HTTP/1.1" 404 1181 "www.bing.com" "wp_is_mobile"
91.191.209.106 - - [02/Jan/2023:07:48:23 +0100] "GET /wp.php HTTP/1.1" 404 1181 "www.bing.com" "wp_is_mobile"
91.191.209.106 - - [02/Jan/2023:07:48:24 +0100] "GET /alfa.php HTTP/1.1" 404 1181 "www.bing.com" "wp_is_mobile"
91.191.209.106 - - [02/Jan/2023:07:48:24 +0100] "GET /config.php HTTP/1.1" 404 1181 "www.bing.com" "wp_is_mobile"
91.191.209.106 - - [02/Jan/2023:07:48:24 +0100] "GET /templates/beez3/index.php HTTP/1.1" 404 1181 "www.bing.com" "wp_is_mobile"
216.244.66.203 - - [02/Jan/2023:08:33:21 +0100] "GET /robots.txt HTTP/1.1" 404 1181 "-" "Mozilla/5.0 (compatible; DotBot/1.2; +https://opensiteexplorer.org/dotbot; help@moz.com)"
54.36.148.55 - - [02/Jan/2023:08:44:54 +0100] "GET /pmwiki/pmwiki.php/Main/AzIPRJavaslat?action=edit HTTP/1.1" 200 12478 "-" "Mozilla/5.0 (compatible; AhrefsBot/7.0; +http://ahrefs.com/robot/)"
185.191.171.12 - - [02/Jan/2023:08:49:14 +0100] "GET /robots.txt HTTP/1.1" 404 1181 "-" "Mozilla/5.0 (compatible; SemrushBot/7~bl; +http://www.semrush.com/bot.html)"
185.191.171.5 - - [02/Jan/2023:08:49:15 +0100] "GET /pmwiki/pmwiki.php/Main/WikiPediaban HTTP/1.1" 200 12009 "-" "Mozilla/5.0 (compatible; SemrushBot/7~bl; +http://www.semrush.com/bot.html)"
185.191.171.44 - - [02/Jan/2023:08:52:37 +0100] "GET /pmwiki/pmwiki.php/Main/Minta HTTP/1.1" 200 14526 "-" "Mozilla/5.0 (compatible; SemrushBot/7~bl; +http://www.semrush.com/bot.html)"
216.244.66.203 - - [02/Jan/2023:08:56:50 +0100] "GET /pmwiki/pmwiki.php/Main/JuriEktbEloterjesztes?action=diff&source=n&minor=y HTTP/1.1" 200 21877 "-" "Mozilla/5.0 (compatible; DotBot/1.2; +https://opensiteexplorer.org/dotbot; help@moz.com)"
216.244.66.203 - - [02/Jan/2023:08:56:56 +0100] "GET /pmwiki/pmwiki.php/Main/WikiPediaban?action=diff&source=n&minor=y HTTP/1.1" 200 13352 "-" "Mozilla/5.0 (compatible; DotBot/1.2; +https://opensiteexplorer.org/dotbot; help@moz.com)"
216.244.66.203 - - [02/Jan/2023:08:57:00 +0100] "GET /pmwiki/pmwiki.php/PmWiki/Directives?action=diff&source=n&minor=y HTTP/1.1" 200 12874 "-" "Mozilla/5.0 (compatible; DotBot/1.2; +https://opensiteexplorer.org/dotbot; help@moz.com)"
185.191.171.6 - - [02/Jan/2023:09:09:58 +0100] "GET /pmwiki/pmwiki.php/Main/AzEur%F3paiParlament%DAjraind%EDt%E1stK%F6vetelAzEln%F6kiKonferenciaElfogadtaAzInd%EDtv%E1nyt HTTP/1.1" 200 16658 "-" "Mozilla/5.0 (compatible; SemrushBot/7~bl; +http://www.semrush.com/bot.html)"
110.249.202.96 - - [02/Jan/2023:09:14:58 +0100] "GET /robots.txt HTTP/1.1" 404 1181 "-" "Mozilla/5.0 (Linux; Android 5.0) AppleWebKit/537.36 (KHTML, like Gecko) Mobile Safari/537.36 (compatible; Bytespider; https://zhanzhang.toutiao.com/)"
185.191.171.6 - - [02/Jan/2023:09:21:43 +0100] "GET /pmwiki/pmwiki.php/Main/AdelphiAlapokm%E1ny HTTP/1.1" 200 16161 "-" "Mozilla/5.0 (compatible; SemrushBot/7~bl; +http://www.semrush.com/bot.html)"
114.119.144.30 - - [02/Jan/2023:09:22:54 +0100] "GET /robots.txt HTTP/1.1" 404 1181 "-" "Mozilla/5.0 (compatible;PetalBot;+https://webmaster.petalsearch.com/site/petalbot)"
185.191.171.43 - - [02/Jan/2023:09:23:24 +0100] "GET /pmwiki/pmwiki.php/Main/Comission-negatesDemocracy HTTP/1.1" 200 16717 "-" "Mozilla/5.0 (compatible; SemrushBot/7~bl; +http://www.semrush.com/bot.html)"
216.244.66.203 - - [02/Jan/2023:09:26:40 +0100] "GET /robots.txt HTTP/1.1" 404 1181 "-" "Mozilla/5.0 (compatible; DotBot/1.2; +https://opensiteexplorer.org/dotbot; help@moz.com)"
114.119.136.138 - - [02/Jan/2023:09:31:31 +0100] "GET /pmwiki/pmwiki.php/Main/Google?action=diff HTTP/1.1" 200 54350 "http://swpat.zpok.hu/pmwiki/pmwiki.php/Main/Google" "Mozilla/5.0 (Linux; Android 7.0;) AppleWebKit/537.36 (KHTML, like Gecko) Mobile Safari/537.36 (compatible; PetalBot;+https://webmaster.petalsearch.com/site/petalbot)"
185.191.171.2 - - [02/Jan/2023:09:35:36 +0100] "GET /pmwiki/pmwiki.php/Main/WikiSandbox?from=PmWiki.WikiSandbox HTTP/1.1" 200 12279 "-" "Mozilla/5.0 (compatible; SemrushBot/7~bl; +http://www.semrush.com/bot.html)"
54.36.149.29 - - [02/Jan/2023:09:47:43 +0100] "GET /pmwiki/pmwiki.php/Main/Gazdas%E1giOldal HTTP/1.1" 200 19537 "-" "Mozilla/5.0 (compatible; AhrefsBot/7.0; +http://ahrefs.com/robot/)"
216.244.66.203 - - [02/Jan/2023:09:52:19 +0100] "GET /pmwiki/pmwiki.php/Main/2004Szeptember1?action=diff&source=n&minor=y HTTP/1.1" 200 15558 "-" "Mozilla/5.0 (compatible; DotBot/1.2; +https://opensiteexplorer.org/dotbot; help@moz.com)"
114.119.135.132 - - [02/Jan/2023:10:02:04 +0100] "GET /pmwiki/pmwiki.php/Main/EUCD?action=edit HTTP/1.1" 200 12334 "http://swpat.zpok.hu/pmwiki/pmwiki.php/Main/EUCD" "Mozilla/5.0 (Linux; Android 7.0;) AppleWebKit/537.36 (KHTML, like Gecko) Mobile Safari/537.36 (compatible; PetalBot;+https://webmaster.petalsearch.com/site/petalbot)"
135.181.73.59 - - [02/Jan/2023:10:04:43 +0100] "GET /robots.txt HTTP/1.1" 404 1181 "-" "Mozilla/5.0 (compatible; MJ12bot/v1.4.8; http://mj12bot.com/)"
135.181.73.59 - - [02/Jan/2023:10:04:47 +0100] "GET /pmwiki/pmwiki.php?action=edit HTTP/1.1" 403 30 "-" "Mozilla/5.0 (compatible; MJ12bot/v1.4.8; http://mj12bot.com/)"
216.244.66.203 - - [02/Jan/2023:10:22:58 +0100] "GET /robots.txt HTTP/1.1" 404 1181 "-" "Mozilla/5.0 (compatible; DotBot/1.2; +https://opensiteexplorer.org/dotbot; help@moz.com)"
185.191.171.39 - - [02/Jan/2023:10:43:48 +0100] "GET /robots.txt HTTP/1.1" 404 1181 "-" "Mozilla/5.0 (compatible; SemrushBot/7~bl; +http://www.semrush.com/bot.html)"
185.191.171.8 - - [02/Jan/2023:10:43:48 +0100] "GET /pmwiki/pmwiki.php/Main/CikkekPrivacy HTTP/1.1" 200 12503 "-" "Mozilla/5.0 (compatible; SemrushBot/7~bl; +http://www.semrush.com/bot.html)"
216.244.66.203 - - [02/Jan/2023:10:49:39 +0100] "GET /pmwiki/pmwiki.php/PmWiki/Passwords?action=diff&source=n&minor=y HTTP/1.1" 200 12856 "-" "Mozilla/5.0 (compatible; DotBot/1.2; +https://opensiteexplorer.org/dotbot; help@moz.com)"
54.36.149.60 - - [02/Jan/2023:11:51:58 +0100] "GET /pmwiki/pmwiki.php/Main/CikkekPrivacy HTTP/1.1" 200 12503 "-" "Mozilla/5.0 (compatible; AhrefsBot/7.0; +http://ahrefs.com/robot/)"
216.244.66.203 - - [02/Jan/2023:12:13:04 +0100] "GET /robots.txt HTTP/1.1" 404 1181 "-" "Mozilla/5.0 (compatible; DotBot/1.2; +https://opensiteexplorer.org/dotbot; help@moz.com)"
185.191.171.6 - - [02/Jan/2023:12:36:03 +0100] "GET /robots.txt HTTP/1.1" 404 1181 "-" "Mozilla/5.0 (compatible; SemrushBot/7~bl; +http://www.semrush.com/bot.html)"
185.191.171.3 - - [02/Jan/2023:12:36:04 +0100] "GET /pmwiki/pmwiki.php/Main/Tud%E1smonop%F3lium HTTP/1.1" 200 16773 "-" "Mozilla/5.0 (compatible; SemrushBot/7~bl; +http://www.semrush.com/bot.html)"
216.244.66.203 - - [02/Jan/2023:12:41:06 +0100] "GET /pmwiki/pmwiki.php/PmWiki/DocumentationIndex?action=diff&source=y&minor=n HTTP/1.1" 200 13019 "-" "Mozilla/5.0 (compatible; DotBot/1.2; +https://opensiteexplorer.org/dotbot; help@moz.com)"
216.244.66.203 - - [02/Jan/2023:13:08:35 +0100] "GET /robots.txt HTTP/1.1" 404 1181 "-" "Mozilla/5.0 (compatible; DotBot/1.2; +https://opensiteexplorer.org/dotbot; help@moz.com)"
216.244.66.203 - - [02/Jan/2023:13:38:42 +0100] "GET /pmwiki/pmwiki.php/PmWiki/PmWikiPhilosophy?action=diff&source=n&minor=y HTTP/1.1" 200 12982 "-" "Mozilla/5.0 (compatible; DotBot/1.2; +https://opensiteexplorer.org/dotbot; help@moz.com)"
185.191.171.38 - - [02/Jan/2023:13:40:24 +0100] "GET /robots.txt HTTP/1.1" 404 1181 "-" "Mozilla/5.0 (compatible; SemrushBot/7~bl; +http://www.semrush.com/bot.html)"
185.191.171.42 - - [02/Jan/2023:13:40:25 +0100] "GET /pmwiki/pmwiki.php/Main/RocardEp2 HTTP/1.1" 200 28076 "-" "Mozilla/5.0 (compatible; SemrushBot/7~bl; +http://www.semrush.com/bot.html)"
216.244.66.203 - - [02/Jan/2023:14:05:23 +0100] "GET /robots.txt HTTP/1.1" 404 1181 "-" "Mozilla/5.0 (compatible; DotBot/1.2; +https://opensiteexplorer.org/dotbot; help@moz.com)"
216.244.66.203 - - [02/Jan/2023:14:14:20 +0100] "GET /pmwiki/pmwiki.php/Main/SMELie?action=diff&source=y&minor=n HTTP/1.1" 200 14710 "-" "Mozilla/5.0 (compatible; DotBot/1.2; +https://opensiteexplorer.org/dotbot; help@moz.com)"
54.36.149.14 - - [02/Jan/2023:14:54:37 +0100] "GET /pmwiki/pmwiki.php/Main/Marc08essay?action=upload HTTP/1.1" 200 12326 "-" "Mozilla/5.0 (compatible; AhrefsBot/7.0; +http://ahrefs.com/robot/)"
185.191.171.4 - - [02/Jan/2023:14:57:08 +0100] "GET /robots.txt HTTP/1.1" 404 1181 "-" "Mozilla/5.0 (compatible; SemrushBot/7~bl; +http://www.semrush.com/bot.html)"
185.191.171.45 - - [02/Jan/2023:14:57:09 +0100] "GET /pmwiki/pmwiki.php/Main/Telefonon HTTP/1.1" 200 16251 "-" "Mozilla/5.0 (compatible; SemrushBot/7~bl; +http://www.semrush.com/bot.html)"
111.225.149.8 - - [02/Jan/2023:15:03:28 +0100] "GET /robots.txt HTTP/1.1" 404 1181 "-" "Mozilla/5.0 (Linux; Android 5.0) AppleWebKit/537.36 (KHTML, like Gecko) Mobile Safari/537.36 (compatible; Bytespider; https://zhanzhang.toutiao.com/)"
185.191.171.43 - - [02/Jan/2023:15:04:19 +0100] "GET /pmwiki/pmwiki.php/Main/Google HTTP/1.1" 200 25006 "-" "Mozilla/5.0 (compatible; SemrushBot/7~bl; +http://www.semrush.com/bot.html)"
77.88.9.130 - - [02/Jan/2023:15:33:15 +0100] "GET /robots.txt HTTP/1.1" 404 1181 "-" "Mozilla/5.0 (compatible; YandexBot/3.0; +http://yandex.com/bots)"
77.88.9.130 - - [02/Jan/2023:15:33:19 +0100] "GET /pmwiki/pmwiki.php/Main/EUCD?action=edit HTTP/1.1" 200 12334 "-" "Mozilla/5.0 (compatible; YandexBot/3.0; +http://yandex.com/bots)"
185.191.171.10 - - [02/Jan/2023:15:46:14 +0100] "GET /pmwiki/pmwiki.php/Main/Rocard HTTP/1.1" 200 17404 "-" "Mozilla/5.0 (compatible; SemrushBot/7~bl; +http://www.semrush.com/bot.html)"
185.191.171.24 - - [02/Jan/2023:15:47:42 +0100] "GET /pmwiki/pmwiki.php/Main/Cache HTTP/1.1" 200 16452 "-" "Mozilla/5.0 (compatible; SemrushBot/7~bl; +http://www.semrush.com/bot.html)"
185.191.171.6 - - [02/Jan/2023:15:49:00 +0100] "GET /pmwiki/pmwiki.php/Main/HeringgelMegval%F3s%EDtottTal%E1lm%E1nyok HTTP/1.1" 200 18448 "-" "Mozilla/5.0 (compatible; SemrushBot/7~bl; +http://www.semrush.com/bot.html)"
185.191.171.10 - - [02/Jan/2023:16:21:59 +0100] "GET /robots.txt HTTP/1.1" 404 1181 "-" "Mozilla/5.0 (compatible; SemrushBot/7~bl; +http://www.semrush.com/bot.html)"
185.191.171.39 - - [02/Jan/2023:16:22:00 +0100] "GET /pmwiki/pmwiki.php/Main/Marc06LMEPR HTTP/1.1" 200 14049 "-" "Mozilla/5.0 (compatible; SemrushBot/7~bl; +http://www.semrush.com/bot.html)"
185.191.171.39 - - [02/Jan/2023:16:27:44 +0100] "GET /pmwiki/pmwiki.php/Main/AllRecentChanges HTTP/1.1" 200 53080 "-" "Mozilla/5.0 (compatible; SemrushBot/7~bl; +http://www.semrush.com/bot.html)"
185.191.171.15 - - [02/Jan/2023:16:56:33 +0100] "GET /pmwiki/pmwiki.php?n=Main.Mintalevel0509 HTTP/1.1" 200 16475 "-" "Mozilla/5.0 (compatible; SemrushBot/7~bl; +http://www.semrush.com/bot.html)"
185.191.171.26 - - [02/Jan/2023:17:06:01 +0100] "GET /pmwiki/pmwiki.php/Main/JuriHPOEloterjesztes HTTP/1.1" 200 45369 "-" "Mozilla/5.0 (compatible; SemrushBot/7~bl; +http://www.semrush.com/bot.html)"
185.191.171.43 - - [02/Jan/2023:17:07:46 +0100] "GET /pmwiki/pmwiki.php/Main/WikiSandbox HTTP/1.1" 200 12116 "-" "Mozilla/5.0 (compatible; SemrushBot/7~bl; +http://www.semrush.com/bot.html)"
54.36.148.217 - - [02/Jan/2023:17:38:56 +0100] "GET /pmwiki/pmwiki.php/Main/Google HTTP/1.1" 200 25006 "-" "Mozilla/5.0 (compatible; AhrefsBot/7.0; +http://ahrefs.com/robot/)"
77.88.9.137 - - [02/Jan/2023:17:54:53 +0100] "GET /pmwiki/pmwiki.php/Main/Direkt%EDva?action=edit HTTP/1.1" 200 12446 "-" "Mozilla/5.0 (compatible; YandexBot/3.0; +http://yandex.com/bots)"
216.244.66.203 - - [02/Jan/2023:18:33:32 +0100] "GET /robots.txt HTTP/1.1" 404 1181 "-" "Mozilla/5.0 (compatible; DotBot/1.2; +https://opensiteexplorer.org/dotbot; help@moz.com)"
185.191.171.41 - - [02/Jan/2023:18:33:58 +0100] "GET /robots.txt HTTP/1.1" 404 1181 "-" "Mozilla/5.0 (compatible; SemrushBot/7~bl; +http://www.semrush.com/bot.html)"
185.191.171.23 - - [02/Jan/2023:18:33:58 +0100] "GET /pmwiki/pmwiki.php/Main/SideBar HTTP/1.1" 200 18306 "-" "Mozilla/5.0 (compatible; SemrushBot/7~bl; +http://www.semrush.com/bot.html)"
216.244.66.203 - - [02/Jan/2023:18:59:56 +0100] "GET /pmwiki/pmwiki.php/PmWiki/I18nVariables?action=diff&source=y&minor=n HTTP/1.1" 200 12929 "-" "Mozilla/5.0 (compatible; DotBot/1.2; +https://opensiteexplorer.org/dotbot; help@moz.com)"
216.244.66.203 - - [02/Jan/2023:19:00:01 +0100] "GET /pmwiki/pmwiki.php/PmWiki/WikiAdministrator?action=diff&source=n&minor=y HTTP/1.1" 200 12999 "-" "Mozilla/5.0 (compatible; DotBot/1.2; +https://opensiteexplorer.org/dotbot; help@moz.com)"
