176.9.58.227 - - [17/Jan/2023:21:05:36 +0100] "GET /pmwiki/pmwiki.php/Main/DRM?action=edit&restore=diff:1111146887:1110657833:&preview=y HTTP/1.1" 200 12364 "-" "Mozilla/5.0 (compatible; MegaIndex.ru/2.0; +http://megaindex.com/crawler)"
176.9.58.227 - - [17/Jan/2023:21:05:40 +0100] "GET /pmwiki/pmwiki.php/Main/DRM?action=edit&restore=diff:1110657833:1110653469:&preview=y HTTP/1.1" 200 12364 "-" "Mozilla/5.0 (compatible; MegaIndex.ru/2.0; +http://megaindex.com/crawler)"
176.9.58.227 - - [17/Jan/2023:21:05:42 +0100] "GET /pmwiki/pmwiki.php/Main/DRM?action=edit&restore=diff:1110653469:1110653275:minor&preview=y HTTP/1.1" 200 12369 "-" "Mozilla/5.0 (compatible; MegaIndex.ru/2.0; +http://megaindex.com/crawler)"
217.113.194.67 - - [17/Jan/2023:21:05:43 +0100] "GET /pmwiki/pmwiki.php/PmWiki/WikiFarms?action=print HTTP/1.1" 200 10354 "-" "Mozilla/5.0 (compatible; Barkrowler/0.9; +https://babbar.tech/crawler)"
176.9.58.227 - - [17/Jan/2023:21:05:47 +0100] "GET /pmwiki/pmwiki.php/Main/DRM?action=edit&restore=diff:1110653275:1110567362:minor&preview=y HTTP/1.1" 200 12369 "-" "Mozilla/5.0 (compatible; MegaIndex.ru/2.0; +http://megaindex.com/crawler)"
176.9.58.227 - - [17/Jan/2023:21:05:50 +0100] "GET /pmwiki/pmwiki.php/Main/DRM?action=edit&restore=diff:1110567362:1110567293:&preview=y HTTP/1.1" 200 12364 "-" "Mozilla/5.0 (compatible; MegaIndex.ru/2.0; +http://megaindex.com/crawler)"
176.9.58.227 - - [17/Jan/2023:21:05:55 +0100] "GET /pmwiki/pmwiki.php/Main/DRM?action=edit&restore=diff:1110567293:1110565651:&preview=y HTTP/1.1" 200 12364 "-" "Mozilla/5.0 (compatible; MegaIndex.ru/2.0; +http://megaindex.com/crawler)"
217.113.194.117 - - [17/Jan/2023:21:05:59 +0100] "GET /pmwiki/pmwiki.php/PmWiki/WikiFarms?action=edit HTTP/1.1" 200 12451 "-" "Mozilla/5.0 (compatible; Barkrowler/0.9; +https://babbar.tech/crawler)"
176.9.58.227 - - [17/Jan/2023:21:06:00 +0100] "GET /pmwiki/pmwiki.php/Main/DRM?action=edit&restore=diff:1110565651:1110541855:&preview=y HTTP/1.1" 200 12364 "-" "Mozilla/5.0 (compatible; MegaIndex.ru/2.0; +http://megaindex.com/crawler)"
176.9.58.227 - - [17/Jan/2023:21:06:04 +0100] "GET /pmwiki/pmwiki.php/Main/DRM?action=edit&restore=diff:1110541855:1110481343:&preview=y HTTP/1.1" 200 12364 "-" "Mozilla/5.0 (compatible; MegaIndex.ru/2.0; +http://megaindex.com/crawler)"
176.9.58.227 - - [17/Jan/2023:21:06:08 +0100] "GET /pmwiki/pmwiki.php/Main/DRM?action=edit&restore=diff:1110481343:1110471898:&preview=y HTTP/1.1" 200 12364 "-" "Mozilla/5.0 (compatible; MegaIndex.ru/2.0; +http://megaindex.com/crawler)"
176.9.58.227 - - [17/Jan/2023:21:06:12 +0100] "GET /pmwiki/pmwiki.php/Main/DRM?action=edit&restore=diff:1110471898:1110471681:&preview=y HTTP/1.1" 200 12364 "-" "Mozilla/5.0 (compatible; MegaIndex.ru/2.0; +http://megaindex.com/crawler)"
217.113.194.68 - - [17/Jan/2023:21:06:14 +0100] "GET /pmwiki/pmwiki.php/PmWiki/WikiGroups?action=diff HTTP/1.1" 200 12875 "-" "Mozilla/5.0 (compatible; Barkrowler/0.9; +https://babbar.tech/crawler)"
176.9.58.227 - - [17/Jan/2023:21:06:15 +0100] "GET /pmwiki/pmwiki.php/Main/DRM?action=edit&restore=diff:1110471681:1110471573:&preview=y HTTP/1.1" 200 12364 "-" "Mozilla/5.0 (compatible; MegaIndex.ru/2.0; +http://megaindex.com/crawler)"
176.9.58.227 - - [17/Jan/2023:21:06:18 +0100] "GET /pmwiki/pmwiki.php/Main/DRM?action=edit&restore=diff:1110471573:1110471226:&preview=y HTTP/1.1" 200 12364 "-" "Mozilla/5.0 (compatible; MegaIndex.ru/2.0; +http://megaindex.com/crawler)"
176.9.58.227 - - [17/Jan/2023:21:06:22 +0100] "GET /pmwiki/pmwiki.php/Main/DRM?action=edit&restore=diff:1110471226:1110471170:&preview=y HTTP/1.1" 200 12364 "-" "Mozilla/5.0 (compatible; MegaIndex.ru/2.0; +http://megaindex.com/crawler)"
176.9.58.227 - - [17/Jan/2023:21:06:25 +0100] "GET /pmwiki/pmwiki.php/Main/DRM?action=edit&restore=diff:1110471170:1110470677:&preview=y HTTP/1.1" 200 12364 "-" "Mozilla/5.0 (compatible; MegaIndex.ru/2.0; +http://megaindex.com/crawler)"
217.113.194.105 - - [17/Jan/2023:21:06:29 +0100] "GET /pmwiki/pmwiki.php/PmWiki/DocumentationIndex?action=edit HTTP/1.1" 200 12596 "-" "Mozilla/5.0 (compatible; Barkrowler/0.9; +https://babbar.tech/crawler)"
176.9.58.227 - - [17/Jan/2023:21:06:33 +0100] "GET /pmwiki/pmwiki.php/Main/DRM?action=edit&restore=diff:1110470677:1110470390:&preview=y HTTP/1.1" 200 12364 "-" "Mozilla/5.0 (compatible; MegaIndex.ru/2.0; +http://megaindex.com/crawler)"
176.9.58.227 - - [17/Jan/2023:21:06:35 +0100] "GET /pmwiki/pmwiki.php/Main/DRM?action=edit&restore=diff:1110470390:1110470186:&preview=y HTTP/1.1" 200 12364 "-" "Mozilla/5.0 (compatible; MegaIndex.ru/2.0; +http://megaindex.com/crawler)"
176.9.58.227 - - [17/Jan/2023:21:06:39 +0100] "GET /pmwiki/pmwiki.php/Main/DRM?action=edit&restore=diff:1110470186:1110468691:&preview=y HTTP/1.1" 200 12364 "-" "Mozilla/5.0 (compatible; MegaIndex.ru/2.0; +http://megaindex.com/crawler)"
176.9.58.227 - - [17/Jan/2023:21:06:43 +0100] "GET /pmwiki/pmwiki.php/Main/DRM?action=edit&restore=diff:1110468691:1110457924:&preview=y HTTP/1.1" 200 12364 "-" "Mozilla/5.0 (compatible; MegaIndex.ru/2.0; +http://megaindex.com/crawler)"
217.113.194.92 - - [17/Jan/2023:21:06:45 +0100] "GET /pmwiki/pmwiki.php/PmWiki/Requirements?action=diff HTTP/1.1" 200 12910 "-" "Mozilla/5.0 (compatible; Barkrowler/0.9; +https://babbar.tech/crawler)"
176.9.58.227 - - [17/Jan/2023:21:06:47 +0100] "GET /pmwiki/pmwiki.php/Main/DRM?action=edit&restore=diff:1110457924:1110457847:&preview=y HTTP/1.1" 200 12364 "-" "Mozilla/5.0 (compatible; MegaIndex.ru/2.0; +http://megaindex.com/crawler)"
176.9.58.227 - - [17/Jan/2023:21:06:51 +0100] "GET /pmwiki/pmwiki.php/Main/DRM?action=edit&restore=diff:1110457847:1110276983:&preview=y HTTP/1.1" 200 12364 "-" "Mozilla/5.0 (compatible; MegaIndex.ru/2.0; +http://megaindex.com/crawler)"
176.9.58.227 - - [17/Jan/2023:21:06:55 +0100] "GET /pmwiki/pmwiki.php/Main/DRM?action=edit&restore=diff:1110276983:1110274491:&preview=y HTTP/1.1" 200 12364 "-" "Mozilla/5.0 (compatible; MegaIndex.ru/2.0; +http://megaindex.com/crawler)"
176.9.58.227 - - [17/Jan/2023:21:06:59 +0100] "GET /pmwiki/pmwiki.php/Main/DRM?action=edit&restore=diff:1110274491:1110224645:&preview=y HTTP/1.1" 200 12364 "-" "Mozilla/5.0 (compatible; MegaIndex.ru/2.0; +http://megaindex.com/crawler)"
217.113.194.113 - - [17/Jan/2023:21:07:00 +0100] "GET /pmwiki/pmwiki.php/PmWiki/Requirements?action=print HTTP/1.1" 200 2564 "-" "Mozilla/5.0 (compatible; Barkrowler/0.9; +https://babbar.tech/crawler)"
176.9.58.227 - - [17/Jan/2023:21:07:02 +0100] "GET /pmwiki/pmwiki.php/Main/DRM?action=edit&restore=diff:1110224645:1110221282:&preview=y HTTP/1.1" 200 12364 "-" "Mozilla/5.0 (compatible; MegaIndex.ru/2.0; +http://megaindex.com/crawler)"
176.9.58.227 - - [17/Jan/2023:21:07:06 +0100] "GET /pmwiki/pmwiki.php/Main/DRM?action=edit&restore=diff:1110221282:1110221282:&preview=y HTTP/1.1" 200 12364 "-" "Mozilla/5.0 (compatible; MegaIndex.ru/2.0; +http://megaindex.com/crawler)"
176.9.58.227 - - [17/Jan/2023:21:07:09 +0100] "GET /pmwiki/pmwiki.php/Main/Todo?action=edit HTTP/1.1" 200 12335 "-" "Mozilla/5.0 (compatible; MegaIndex.ru/2.0; +http://megaindex.com/crawler)"
176.9.58.227 - - [17/Jan/2023:21:07:13 +0100] "GET /pmwiki/pmwiki.php/Main/Todo?action=upload HTTP/1.1" 200 12215 "-" "Mozilla/5.0 (compatible; MegaIndex.ru/2.0; +http://megaindex.com/crawler)"
217.113.194.79 - - [17/Jan/2023:21:07:15 +0100] "GET /pmwiki/pmwiki.php/PmWiki/Requirements?action=edit HTTP/1.1" 200 12499 "-" "Mozilla/5.0 (compatible; Barkrowler/0.9; +https://babbar.tech/crawler)"
176.9.58.227 - - [17/Jan/2023:21:07:16 +0100] "GET /pmwiki/pmwiki.php/Main/Todo?action=diff HTTP/1.1" 200 15378 "-" "Mozilla/5.0 (compatible; MegaIndex.ru/2.0; +http://megaindex.com/crawler)"
176.9.58.227 - - [17/Jan/2023:21:07:20 +0100] "GET /pmwiki/pmwiki.php/Main/MiADRM?action=diff&source=n&minor=n HTTP/1.1" 200 22576 "-" "Mozilla/5.0 (compatible; MegaIndex.ru/2.0; +http://megaindex.com/crawler)"
176.9.58.227 - - [17/Jan/2023:21:07:25 +0100] "GET /pmwiki/pmwiki.php/Main/MiADRM?action=diff&source=y&minor=y HTTP/1.1" 200 25519 "-" "Mozilla/5.0 (compatible; MegaIndex.ru/2.0; +http://megaindex.com/crawler)"
176.9.58.227 - - [17/Jan/2023:21:07:30 +0100] "GET /pmwiki/pmwiki.php/Main/MiADRM?action=edit&restore=diff:1118762989:1118408014:&preview=y HTTP/1.1" 200 12412 "-" "Mozilla/5.0 (compatible; MegaIndex.ru/2.0; +http://megaindex.com/crawler)"
217.113.194.82 - - [17/Jan/2023:21:07:30 +0100] "GET /pmwiki/pmwiki.php/PmWiki/Requirements?action=upload HTTP/1.1" 200 12379 "-" "Mozilla/5.0 (compatible; Barkrowler/0.9; +https://babbar.tech/crawler)"
176.9.58.227 - - [17/Jan/2023:21:07:34 +0100] "GET /pmwiki/pmwiki.php/Main/MiADRM?action=edit&restore=diff:1118408014:1116266358:minor&preview=y HTTP/1.1" 200 12417 "-" "Mozilla/5.0 (compatible; MegaIndex.ru/2.0; +http://megaindex.com/crawler)"
176.9.58.227 - - [17/Jan/2023:21:07:38 +0100] "GET /pmwiki/pmwiki.php/Main/MiADRM?action=edit&restore=diff:1116266358:1116266318:&preview=y HTTP/1.1" 200 12412 "-" "Mozilla/5.0 (compatible; MegaIndex.ru/2.0; +http://megaindex.com/crawler)"
176.9.58.227 - - [17/Jan/2023:21:07:42 +0100] "GET /pmwiki/pmwiki.php/Main/MiADRM?action=edit&restore=diff:1116266318:1110568760:&preview=y HTTP/1.1" 200 12412 "-" "Mozilla/5.0 (compatible; MegaIndex.ru/2.0; +http://megaindex.com/crawler)"
176.9.58.227 - - [17/Jan/2023:21:07:46 +0100] "GET /pmwiki/pmwiki.php/Main/MiADRM?action=edit&restore=diff:1110568760:1110550405:&preview=y HTTP/1.1" 200 12412 "-" "Mozilla/5.0 (compatible; MegaIndex.ru/2.0; +http://megaindex.com/crawler)"
217.113.194.67 - - [17/Jan/2023:21:07:46 +0100] "GET /pmwiki/pmwiki.php/PmWiki/TextFormattingRules HTTP/1.1" 200 21329 "-" "Mozilla/5.0 (compatible; Barkrowler/0.9; +https://babbar.tech/crawler)"
176.9.58.227 - - [17/Jan/2023:21:07:50 +0100] "GET /pmwiki/pmwiki.php/Main/MiADRM?action=edit&restore=diff:1110550405:1110542071:&preview=y HTTP/1.1" 200 12412 "-" "Mozilla/5.0 (compatible; MegaIndex.ru/2.0; +http://megaindex.com/crawler)"
176.9.58.227 - - [17/Jan/2023:21:07:53 +0100] "GET /pmwiki/pmwiki.php/Main/MiADRM?action=edit&restore=diff:1110542071:1110485504:&preview=y HTTP/1.1" 200 12412 "-" "Mozilla/5.0 (compatible; MegaIndex.ru/2.0; +http://megaindex.com/crawler)"
176.9.58.227 - - [17/Jan/2023:21:07:56 +0100] "GET /pmwiki/pmwiki.php/Main/MiADRM?action=edit&restore=diff:1110485504:1110478173:&preview=y HTTP/1.1" 200 12412 "-" "Mozilla/5.0 (compatible; MegaIndex.ru/2.0; +http://megaindex.com/crawler)"
176.9.58.227 - - [17/Jan/2023:21:08:01 +0100] "GET /pmwiki/pmwiki.php/Main/MiADRM?action=edit&restore=diff:1110478173:1110469350:&preview=y HTTP/1.1" 200 12412 "-" "Mozilla/5.0 (compatible; MegaIndex.ru/2.0; +http://megaindex.com/crawler)"
217.113.194.88 - - [17/Jan/2023:21:08:01 +0100] "GET /pmwiki/pmwiki.php/PmWiki/Variables?action=diff HTTP/1.1" 200 12857 "-" "Mozilla/5.0 (compatible; Barkrowler/0.9; +https://babbar.tech/crawler)"
176.9.58.227 - - [17/Jan/2023:21:08:04 +0100] "GET /pmwiki/pmwiki.php/Main/MiADRM?action=edit&restore=diff:1110469350:1110469350:&preview=y HTTP/1.1" 200 12412 "-" "Mozilla/5.0 (compatible; MegaIndex.ru/2.0; +http://megaindex.com/crawler)"
176.9.58.227 - - [17/Jan/2023:21:08:09 +0100] "GET /pmwiki/pmwiki.php/Main/CikkekDRM?action=diff&source=n&minor=n HTTP/1.1" 200 12819 "-" "Mozilla/5.0 (compatible; MegaIndex.ru/2.0; +http://megaindex.com/crawler)"
176.9.58.227 - - [17/Jan/2023:21:08:12 +0100] "GET /pmwiki/pmwiki.php/Main/CikkekDRM?action=diff&source=y&minor=y HTTP/1.1" 200 22050 "-" "Mozilla/5.0 (compatible; MegaIndex.ru/2.0; +http://megaindex.com/crawler)"
217.113.194.124 - - [17/Jan/2023:21:08:17 +0100] "GET /pmwiki/pmwiki.php/PmWiki/CreatingNewPages HTTP/1.1" 200 14492 "-" "Mozilla/5.0 (compatible; Barkrowler/0.9; +https://babbar.tech/crawler)"
176.9.58.227 - - [17/Jan/2023:21:08:19 +0100] "GET /pmwiki/pmwiki.php/Main/CikkekDRM?action=edit&restore=diff:1132319136:1130866761:minor&preview=y HTTP/1.1" 200 12469 "-" "Mozilla/5.0 (compatible; MegaIndex.ru/2.0; +http://megaindex.com/crawler)"
176.9.58.227 - - [17/Jan/2023:21:08:23 +0100] "GET /pmwiki/pmwiki.php/Main/CikkekDRM?action=edit&restore=diff:1130866761:1129894902:minor&preview=y HTTP/1.1" 200 12469 "-" "Mozilla/5.0 (compatible; MegaIndex.ru/2.0; +http://megaindex.com/crawler)"
176.9.58.227 - - [17/Jan/2023:21:08:27 +0100] "GET /pmwiki/pmwiki.php/Main/CikkekDRM?action=edit&restore=diff:1129894902:1122541418:minor&preview=y HTTP/1.1" 200 12469 "-" "Mozilla/5.0 (compatible; MegaIndex.ru/2.0; +http://megaindex.com/crawler)"
176.9.58.227 - - [17/Jan/2023:21:08:31 +0100] "GET /pmwiki/pmwiki.php/Main/CikkekDRM?action=edit&restore=diff:1122541418:1122541376:minor&preview=y HTTP/1.1" 200 12469 "-" "Mozilla/5.0 (compatible; MegaIndex.ru/2.0; +http://megaindex.com/crawler)"
217.113.194.110 - - [17/Jan/2023:21:08:32 +0100] "GET /pmwiki/pmwiki.php/PmWiki/IncludeOtherPages HTTP/1.1" 200 17874 "-" "Mozilla/5.0 (compatible; Barkrowler/0.9; +https://babbar.tech/crawler)"
176.9.58.227 - - [17/Jan/2023:21:08:36 +0100] "GET /pmwiki/pmwiki.php/Main/CikkekDRM?action=edit&restore=diff:1122541376:1122541376:minor&preview=y HTTP/1.1" 200 12469 "-" "Mozilla/5.0 (compatible; MegaIndex.ru/2.0; +http://megaindex.com/crawler)"
176.9.58.227 - - [17/Jan/2023:21:08:40 +0100] "GET /pmwiki/pmwiki.php/Main/ADRMH%e1tr%e1nyai?action=diff&source=n&minor=n HTTP/1.1" 200 32626 "-" "Mozilla/5.0 (compatible; MegaIndex.ru/2.0; +http://megaindex.com/crawler)"
217.113.194.85 - - [17/Jan/2023:21:08:47 +0100] "GET /pmwiki/pmwiki.php/Profiles/FMCikk?action=upload HTTP/1.1" 200 12317 "-" "Mozilla/5.0 (compatible; Barkrowler/0.9; +https://babbar.tech/crawler)"
176.9.58.227 - - [17/Jan/2023:21:08:49 +0100] "GET /pmwiki/pmwiki.php/Main/ADRMH%e1tr%e1nyai?action=diff&source=y&minor=y HTTP/1.1" 200 33195 "-" "Mozilla/5.0 (compatible; MegaIndex.ru/2.0; +http://megaindex.com/crawler)"
176.9.58.227 - - [17/Jan/2023:21:08:56 +0100] "GET /pmwiki/pmwiki.php/Main/ADRMH%e1tr%e1nyai?action=edit&restore=diff:1118763332:1118415442:&preview=y HTTP/1.1" 200 12580 "-" "Mozilla/5.0 (compatible; MegaIndex.ru/2.0; +http://megaindex.com/crawler)"
176.9.58.227 - - [17/Jan/2023:21:09:00 +0100] "GET /pmwiki/pmwiki.php/Main/ADRMH%e1tr%e1nyai?action=edit&restore=diff:1118415442:1118415365:&preview=y HTTP/1.1" 200 12580 "-" "Mozilla/5.0 (compatible; MegaIndex.ru/2.0; +http://megaindex.com/crawler)"
217.113.194.86 - - [17/Jan/2023:21:09:03 +0100] "GET /pmwiki/pmwiki.php/Profiles/FMCikk?action=edit HTTP/1.1" 200 12437 "-" "Mozilla/5.0 (compatible; Barkrowler/0.9; +https://babbar.tech/crawler)"
176.9.58.227 - - [17/Jan/2023:21:09:05 +0100] "GET /pmwiki/pmwiki.php/Main/ADRMH%e1tr%e1nyai?action=edit&restore=diff:1118415365:1118415104:&preview=y HTTP/1.1" 200 12580 "-" "Mozilla/5.0 (compatible; MegaIndex.ru/2.0; +http://megaindex.com/crawler)"
176.9.58.227 - - [17/Jan/2023:21:09:09 +0100] "GET /pmwiki/pmwiki.php/Main/ADRMH%e1tr%e1nyai?action=edit&restore=diff:1118415104:1116270561:&preview=y HTTP/1.1" 200 12580 "-" "Mozilla/5.0 (compatible; MegaIndex.ru/2.0; +http://megaindex.com/crawler)"
176.9.58.227 - - [17/Jan/2023:21:09:13 +0100] "GET /pmwiki/pmwiki.php/Main/ADRMH%e1tr%e1nyai?action=edit&restore=diff:1116270561:1110715690:&preview=y HTTP/1.1" 200 12580 "-" "Mozilla/5.0 (compatible; MegaIndex.ru/2.0; +http://megaindex.com/crawler)"
176.9.58.227 - - [17/Jan/2023:21:09:16 +0100] "GET /pmwiki/pmwiki.php/Main/ADRMH%e1tr%e1nyai?action=edit&restore=diff:1110715690:1110657640:&preview=y HTTP/1.1" 200 12580 "-" "Mozilla/5.0 (compatible; MegaIndex.ru/2.0; +http://megaindex.com/crawler)"
217.113.194.122 - - [17/Jan/2023:21:09:18 +0100] "GET /pmwiki/pmwiki.php/Profiles/FMCikk?action=diff HTTP/1.1" 200 12840 "-" "Mozilla/5.0 (compatible; Barkrowler/0.9; +https://babbar.tech/crawler)"
176.9.58.227 - - [17/Jan/2023:21:09:20 +0100] "GET /pmwiki/pmwiki.php/Main/ADRMH%e1tr%e1nyai?action=edit&restore=diff:1110657640:1110614969:&preview=y HTTP/1.1" 200 12580 "-" "Mozilla/5.0 (compatible; MegaIndex.ru/2.0; +http://megaindex.com/crawler)"
176.9.58.227 - - [17/Jan/2023:21:09:23 +0100] "GET /pmwiki/pmwiki.php/Main/ADRMH%e1tr%e1nyai?action=edit&restore=diff:1110614969:1110550860:&preview=y HTTP/1.1" 200 12580 "-" "Mozilla/5.0 (compatible; MegaIndex.ru/2.0; +http://megaindex.com/crawler)"
176.9.58.227 - - [17/Jan/2023:21:09:27 +0100] "GET /pmwiki/pmwiki.php/Main/ADRMH%e1tr%e1nyai?action=edit&restore=diff:1110550860:1110478139:&preview=y HTTP/1.1" 200 12580 "-" "Mozilla/5.0 (compatible; MegaIndex.ru/2.0; +http://megaindex.com/crawler)"
176.9.58.227 - - [17/Jan/2023:21:09:31 +0100] "GET /pmwiki/pmwiki.php/Main/ADRMH%e1tr%e1nyai?action=edit&restore=diff:1110478139:1110469751:&preview=y HTTP/1.1" 200 12580 "-" "Mozilla/5.0 (compatible; MegaIndex.ru/2.0; +http://megaindex.com/crawler)"
217.113.194.94 - - [17/Jan/2023:21:09:33 +0100] "GET /pmwiki/pmwiki.php/Profiles/ATraduire?action=upload HTTP/1.1" 200 12365 "-" "Mozilla/5.0 (compatible; Barkrowler/0.9; +https://babbar.tech/crawler)"
176.9.58.227 - - [17/Jan/2023:21:09:39 +0100] "GET /pmwiki/pmwiki.php/Main/ADRMH%e1tr%e1nyai?action=edit&restore=diff:1110469751:1110469751:&preview=y HTTP/1.1" 200 12580 "-" "Mozilla/5.0 (compatible; MegaIndex.ru/2.0; +http://megaindex.com/crawler)"
176.9.58.227 - - [17/Jan/2023:21:09:42 +0100] "GET /pmwiki/pmwiki.php/Main/EUCD?action=diff&source=n&minor=n HTTP/1.1" 200 22165 "-" "Mozilla/5.0 (compatible; MegaIndex.ru/2.0; +http://megaindex.com/crawler)"
217.113.194.66 - - [17/Jan/2023:21:09:49 +0100] "GET /pmwiki/pmwiki.php/Profiles/ATraduire?action=edit HTTP/1.1" 200 12485 "-" "Mozilla/5.0 (compatible; Barkrowler/0.9; +https://babbar.tech/crawler)"
176.9.58.227 - - [17/Jan/2023:21:09:49 +0100] "GET /pmwiki/pmwiki.php/Main/EUCD?action=diff&source=y&minor=y HTTP/1.1" 200 25161 "-" "Mozilla/5.0 (compatible; MegaIndex.ru/2.0; +http://megaindex.com/crawler)"
176.9.58.227 - - [17/Jan/2023:21:09:54 +0100] "GET /pmwiki/pmwiki.php/Main/EUCD?action=edit&restore=diff:1118763352:1118408176:&preview=y HTTP/1.1" 200 12380 "-" "Mozilla/5.0 (compatible; MegaIndex.ru/2.0; +http://megaindex.com/crawler)"
176.9.58.227 - - [17/Jan/2023:21:09:57 +0100] "GET /pmwiki/pmwiki.php/Main/EUCD?action=edit&restore=diff:1118408176:1110568853:minor&preview=y HTTP/1.1" 200 12385 "-" "Mozilla/5.0 (compatible; MegaIndex.ru/2.0; +http://megaindex.com/crawler)"
176.9.58.227 - - [17/Jan/2023:21:10:02 +0100] "GET /pmwiki/pmwiki.php/Main/EUCD?action=edit&restore=diff:1110568853:1110550964:&preview=y HTTP/1.1" 200 12380 "-" "Mozilla/5.0 (compatible; MegaIndex.ru/2.0; +http://megaindex.com/crawler)"
217.113.194.98 - - [17/Jan/2023:21:10:04 +0100] "GET /pmwiki/pmwiki.php/Profiles/ATraduire?action=diff HTTP/1.1" 200 12894 "-" "Mozilla/5.0 (compatible; Barkrowler/0.9; +https://babbar.tech/crawler)"
176.9.58.227 - - [17/Jan/2023:21:10:05 +0100] "GET /pmwiki/pmwiki.php/Main/EUCD?action=edit&restore=diff:1110550964:1110478199:&preview=y HTTP/1.1" 200 12380 "-" "Mozilla/5.0 (compatible; MegaIndex.ru/2.0; +http://megaindex.com/crawler)"
176.9.58.227 - - [17/Jan/2023:21:10:09 +0100] "GET /pmwiki/pmwiki.php/Main/EUCD?action=edit&restore=diff:1110478199:1110470340:&preview=y HTTP/1.1" 200 12380 "-" "Mozilla/5.0 (compatible; MegaIndex.ru/2.0; +http://megaindex.com/crawler)"
176.9.58.227 - - [17/Jan/2023:21:10:12 +0100] "GET /pmwiki/pmwiki.php/Main/EUCD?action=edit&restore=diff:1110470340:1110470340:&preview=y HTTP/1.1" 200 12380 "-" "Mozilla/5.0 (compatible; MegaIndex.ru/2.0; +http://megaindex.com/crawler)"
176.9.58.227 - - [17/Jan/2023:21:10:15 +0100] "GET /pmwiki/pmwiki.php/Main/AJelenlegiSzerzoiJogiTorveny?action=diff&source=n&minor=n HTTP/1.1" 200 35610 "-" "Mozilla/5.0 (compatible; MegaIndex.ru/2.0; +http://megaindex.com/crawler)"
217.113.194.100 - - [17/Jan/2023:21:10:19 +0100] "GET /pmwiki/pmwiki.php/Profiles/MitMondjunk?action=edit HTTP/1.1" 200 12517 "-" "Mozilla/5.0 (compatible; Barkrowler/0.9; +https://babbar.tech/crawler)"
176.9.58.227 - - [17/Jan/2023:21:10:22 +0100] "GET /pmwiki/pmwiki.php/Main/AJelenlegiSzerzoiJogiTorveny?action=diff&source=y&minor=y HTTP/1.1" 200 35754 "-" "Mozilla/5.0 (compatible; MegaIndex.ru/2.0; +http://megaindex.com/crawler)"
176.9.58.227 - - [17/Jan/2023:21:10:31 +0100] "GET /pmwiki/pmwiki.php/Main/AJelenlegiSzerzoiJogiTorveny?action=edit&restore=diff:1118763494:1118763379:&preview=y HTTP/1.1" 200 12764 "-" "Mozilla/5.0 (compatible; MegaIndex.ru/2.0; +http://megaindex.com/crawler)"
176.9.58.227 - - [17/Jan/2023:21:10:33 +0100] "GET /pmwiki/pmwiki.php/Main/AJelenlegiSzerzoiJogiTorveny?action=edit&restore=diff:1118763379:1110742799:&preview=y HTTP/1.1" 200 12764 "-" "Mozilla/5.0 (compatible; MegaIndex.ru/2.0; +http://megaindex.com/crawler)"
217.113.194.90 - - [17/Jan/2023:21:10:35 +0100] "GET /pmwiki/pmwiki.php/Profiles/MitMondjunk?action=upload HTTP/1.1" 200 12397 "-" "Mozilla/5.0 (compatible; Barkrowler/0.9; +https://babbar.tech/crawler)"
176.9.58.227 - - [17/Jan/2023:21:10:37 +0100] "GET /pmwiki/pmwiki.php/Main/AJelenlegiSzerzoiJogiTorveny?action=edit&restore=diff:1110742799:1110742769:&preview=y HTTP/1.1" 200 12764 "-" "Mozilla/5.0 (compatible; MegaIndex.ru/2.0; +http://megaindex.com/crawler)"
176.9.58.227 - - [17/Jan/2023:21:10:40 +0100] "GET /pmwiki/pmwiki.php/Main/AJelenlegiSzerzoiJogiTorveny?action=edit&restore=diff:1110742769:1110740212:&preview=y HTTP/1.1" 200 12764 "-" "Mozilla/5.0 (compatible; MegaIndex.ru/2.0; +http://megaindex.com/crawler)"
176.9.58.227 - - [17/Jan/2023:21:10:45 +0100] "GET /pmwiki/pmwiki.php/Main/AJelenlegiSzerzoiJogiTorveny?action=edit&restore=diff:1110740212:1110660106:&preview=y HTTP/1.1" 200 12764 "-" "Mozilla/5.0 (compatible; MegaIndex.ru/2.0; +http://megaindex.com/crawler)"
176.9.58.227 - - [17/Jan/2023:21:10:48 +0100] "GET /pmwiki/pmwiki.php/Main/AJelenlegiSzerzoiJogiTorveny?action=edit&restore=diff:1110660106:1110659807:&preview=y HTTP/1.1" 200 12764 "-" "Mozilla/5.0 (compatible; MegaIndex.ru/2.0; +http://megaindex.com/crawler)"
217.113.194.114 - - [17/Jan/2023:21:10:50 +0100] "GET /pmwiki/pmwiki.php/Profiles/MitMondjunk?action=diff HTTP/1.1" 200 12930 "-" "Mozilla/5.0 (compatible; Barkrowler/0.9; +https://babbar.tech/crawler)"
176.9.58.227 - - [17/Jan/2023:21:10:52 +0100] "GET /pmwiki/pmwiki.php/Main/AJelenlegiSzerzoiJogiTorveny?action=edit&restore=diff:1110659807:1110658985:&preview=y HTTP/1.1" 200 12764 "-" "Mozilla/5.0 (compatible; MegaIndex.ru/2.0; +http://megaindex.com/crawler)"
176.9.58.227 - - [17/Jan/2023:21:10:56 +0100] "GET /pmwiki/pmwiki.php/Main/AJelenlegiSzerzoiJogiTorveny?action=edit&restore=diff:1110658985:1110568877:&preview=y HTTP/1.1" 200 12764 "-" "Mozilla/5.0 (compatible; MegaIndex.ru/2.0; +http://megaindex.com/crawler)"
176.9.58.227 - - [17/Jan/2023:21:10:59 +0100] "GET /pmwiki/pmwiki.php/Main/AJelenlegiSzerzoiJogiTorveny?action=edit&restore=diff:1110568877:1110551123:&preview=y HTTP/1.1" 200 12764 "-" "Mozilla/5.0 (compatible; MegaIndex.ru/2.0; +http://megaindex.com/crawler)"
217.113.194.106 - - [17/Jan/2023:21:11:05 +0100] "GET /pmwiki/pmwiki.php/Profiles/WrapPlague?action=edit HTTP/1.1" 200 12501 "-" "Mozilla/5.0 (compatible; Barkrowler/0.9; +https://babbar.tech/crawler)"
176.9.58.227 - - [17/Jan/2023:21:11:07 +0100] "GET /pmwiki/pmwiki.php/Main/AJelenlegiSzerzoiJogiTorveny?action=edit&restore=diff:1110551123:1110550548:&preview=y HTTP/1.1" 200 12764 "-" "Mozilla/5.0 (compatible; MegaIndex.ru/2.0; +http://megaindex.com/crawler)"
176.9.58.227 - - [17/Jan/2023:21:11:10 +0100] "GET /pmwiki/pmwiki.php/Main/AJelenlegiSzerzoiJogiTorveny?action=edit&restore=diff:1110550548:1110542008:&preview=y HTTP/1.1" 200 12764 "-" "Mozilla/5.0 (compatible; MegaIndex.ru/2.0; +http://megaindex.com/crawler)"
176.9.58.227 - - [17/Jan/2023:21:11:14 +0100] "GET /pmwiki/pmwiki.php/Main/AJelenlegiSzerzoiJogiTorveny?action=edit&restore=diff:1110542008:1110471011:&preview=y HTTP/1.1" 200 12764 "-" "Mozilla/5.0 (compatible; MegaIndex.ru/2.0; +http://megaindex.com/crawler)"
176.9.58.227 - - [17/Jan/2023:21:11:18 +0100] "GET /pmwiki/pmwiki.php/Main/AJelenlegiSzerzoiJogiTorveny?action=edit&restore=diff:1110471011:1110471011:&preview=y HTTP/1.1" 200 12764 "-" "Mozilla/5.0 (compatible; MegaIndex.ru/2.0; +http://megaindex.com/crawler)"
217.113.194.84 - - [17/Jan/2023:21:11:21 +0100] "GET /pmwiki/pmwiki.php/Profiles/WrapPlague?action=upload HTTP/1.1" 200 12381 "-" "Mozilla/5.0 (compatible; Barkrowler/0.9; +https://babbar.tech/crawler)"
176.9.58.227 - - [17/Jan/2023:21:11:23 +0100] "GET /pmwiki/pmwiki.php/Main/LehetsegesJavitasokEuropaban?action=diff&source=n&minor=n HTTP/1.1" 200 27903 "-" "Mozilla/5.0 (compatible; MegaIndex.ru/2.0; +http://megaindex.com/crawler)"
176.9.58.227 - - [17/Jan/2023:21:11:31 +0100] "GET /pmwiki/pmwiki.php/Main/LehetsegesJavitasokEuropaban?action=diff&source=y&minor=y HTTP/1.1" 200 31724 "-" "Mozilla/5.0 (compatible; MegaIndex.ru/2.0; +http://megaindex.com/crawler)"
176.9.58.227 - - [17/Jan/2023:21:11:36 +0100] "GET /pmwiki/pmwiki.php/Main/LehetsegesJavitasokEuropaban?action=edit&restore=diff:1118763527:1118762466:&preview=y HTTP/1.1" 200 12764 "-" "Mozilla/5.0 (compatible; MegaIndex.ru/2.0; +http://megaindex.com/crawler)"
217.113.194.88 - - [17/Jan/2023:21:11:36 +0100] "GET /pmwiki/pmwiki.php/Profiles/WrapPlague?action=diff HTTP/1.1" 200 12912 "-" "Mozilla/5.0 (compatible; Barkrowler/0.9; +https://babbar.tech/crawler)"
176.9.58.227 - - [17/Jan/2023:21:11:41 +0100] "GET /pmwiki/pmwiki.php/Main/LehetsegesJavitasokEuropaban?action=edit&restore=diff:1118762466:1118762383:&preview=y HTTP/1.1" 200 12764 "-" "Mozilla/5.0 (compatible; MegaIndex.ru/2.0; +http://megaindex.com/crawler)"
176.9.58.227 - - [17/Jan/2023:21:11:45 +0100] "GET /pmwiki/pmwiki.php/Main/LehetsegesJavitasokEuropaban?action=edit&restore=diff:1118762383:1118762251:&preview=y HTTP/1.1" 200 12764 "-" "Mozilla/5.0 (compatible; MegaIndex.ru/2.0; +http://megaindex.com/crawler)"
176.9.58.227 - - [17/Jan/2023:21:11:49 +0100] "GET /pmwiki/pmwiki.php/Main/LehetsegesJavitasokEuropaban?action=edit&restore=diff:1118762251:1110653802:&preview=y HTTP/1.1" 200 12764 "-" "Mozilla/5.0 (compatible; MegaIndex.ru/2.0; +http://megaindex.com/crawler)"
217.113.194.113 - - [17/Jan/2023:21:11:51 +0100] "GET /pmwiki/pmwiki.php/Main/H%EDrek?action=print HTTP/1.1" 200 5506 "-" "Mozilla/5.0 (compatible; Barkrowler/0.9; +https://babbar.tech/crawler)"
114.119.150.32 - - [17/Jan/2023:21:11:54 +0100] "GET /pmwiki/pmwiki.php/PmWiki/MailingLists HTTP/1.1" 200 14155 "-" "Mozilla/5.0 (Linux; Android 7.0;) AppleWebKit/537.36 (KHTML, like Gecko) Mobile Safari/537.36 (compatible; PetalBot;+https://webmaster.petalsearch.com/site/petalbot)"
176.9.58.227 - - [17/Jan/2023:21:11:59 +0100] "GET /pmwiki/pmwiki.php/Main/LehetsegesJavitasokEuropaban?action=edit&restore=diff:1110653802:1110568935:minor&preview=y HTTP/1.1" 200 12769 "-" "Mozilla/5.0 (compatible; MegaIndex.ru/2.0; +http://megaindex.com/crawler)"
176.9.58.227 - - [17/Jan/2023:21:12:02 +0100] "GET /pmwiki/pmwiki.php/Main/LehetsegesJavitasokEuropaban?action=edit&restore=diff:1110568935:1110551207:&preview=y HTTP/1.1" 200 12764 "-" "Mozilla/5.0 (compatible; MegaIndex.ru/2.0; +http://megaindex.com/crawler)"
176.9.58.227 - - [17/Jan/2023:21:12:04 +0100] "GET /pmwiki/pmwiki.php/Main/LehetsegesJavitasokEuropaban?action=edit&restore=diff:1110551207:1110478245:&preview=y HTTP/1.1" 200 12764 "-" "Mozilla/5.0 (compatible; MegaIndex.ru/2.0; +http://megaindex.com/crawler)"
217.113.194.126 - - [17/Jan/2023:21:12:07 +0100] "GET /pmwiki/pmwiki.php/Main/H%EDrek?action=upload HTTP/1.1" 200 12260 "-" "Mozilla/5.0 (compatible; Barkrowler/0.9; +https://babbar.tech/crawler)"
176.9.58.227 - - [17/Jan/2023:21:12:07 +0100] "GET /pmwiki/pmwiki.php/Main/LehetsegesJavitasokEuropaban?action=edit&restore=diff:1110478245:1110471752:&preview=y HTTP/1.1" 200 12764 "-" "Mozilla/5.0 (compatible; MegaIndex.ru/2.0; +http://megaindex.com/crawler)"
176.9.58.227 - - [17/Jan/2023:21:12:10 +0100] "GET /pmwiki/pmwiki.php/Main/LehetsegesJavitasokEuropaban?action=edit&restore=diff:1110471752:1110471752:&preview=y HTTP/1.1" 200 12764 "-" "Mozilla/5.0 (compatible; MegaIndex.ru/2.0; +http://megaindex.com/crawler)"
176.9.58.227 - - [17/Jan/2023:21:12:14 +0100] "GET /pmwiki/pmwiki.php/Main/Linkek?action=diff&source=n&minor=n HTTP/1.1" 200 36121 "-" "Mozilla/5.0 (compatible; MegaIndex.ru/2.0; +http://megaindex.com/crawler)"
217.113.194.64 - - [17/Jan/2023:21:12:22 +0100] "GET /pmwiki/pmwiki.php/Main/H%EDrek?action=edit HTTP/1.1" 200 12380 "-" "Mozilla/5.0 (compatible; Barkrowler/0.9; +https://babbar.tech/crawler)"
176.9.58.227 - - [17/Jan/2023:21:12:24 +0100] "GET /pmwiki/pmwiki.php/Main/Linkek?action=diff&source=y&minor=y HTTP/1.1" 200 39101 "-" "Mozilla/5.0 (compatible; MegaIndex.ru/2.0; +http://megaindex.com/crawler)"
176.9.58.227 - - [17/Jan/2023:21:12:29 +0100] "GET /pmwiki/pmwiki.php/Main/Linkek?action=edit&restore=diff:1139990415:1122892544:minor&preview=y HTTP/1.1" 200 12421 "-" "Mozilla/5.0 (compatible; MegaIndex.ru/2.0; +http://megaindex.com/crawler)"
176.9.58.227 - - [17/Jan/2023:21:12:33 +0100] "GET /pmwiki/pmwiki.php/Main/Linkek?action=edit&restore=diff:1122892544:1122892494:minor&preview=y HTTP/1.1" 200 12421 "-" "Mozilla/5.0 (compatible; MegaIndex.ru/2.0; +http://megaindex.com/crawler)"
217.113.194.69 - - [17/Jan/2023:21:12:37 +0100] "GET /pmwiki/pmwiki.php/Main/Nyilatkozat?action=print HTTP/1.1" 200 8881 "-" "Mozilla/5.0 (compatible; Barkrowler/0.9; +https://babbar.tech/crawler)"
176.9.58.227 - - [17/Jan/2023:21:12:37 +0100] "GET /pmwiki/pmwiki.php/Main/Linkek?action=edit&restore=diff:1122892494:1118763551:minor&preview=y HTTP/1.1" 200 12421 "-" "Mozilla/5.0 (compatible; MegaIndex.ru/2.0; +http://megaindex.com/crawler)"
176.9.58.227 - - [17/Jan/2023:21:12:42 +0100] "GET /pmwiki/pmwiki.php/Main/Linkek?action=edit&restore=diff:1118763551:1111998258:&preview=y HTTP/1.1" 200 12416 "-" "Mozilla/5.0 (compatible; MegaIndex.ru/2.0; +http://megaindex.com/crawler)"
176.9.58.227 - - [17/Jan/2023:21:12:45 +0100] "GET /pmwiki/pmwiki.php/Main/Linkek?action=edit&restore=diff:1111998258:1111948584:&preview=y HTTP/1.1" 200 12416 "-" "Mozilla/5.0 (compatible; MegaIndex.ru/2.0; +http://megaindex.com/crawler)"
176.9.58.227 - - [17/Jan/2023:21:12:47 +0100] "GET /pmwiki/pmwiki.php/Main/Linkek?action=edit&restore=diff:1111948584:1111835182:&preview=y HTTP/1.1" 200 12416 "-" "Mozilla/5.0 (compatible; MegaIndex.ru/2.0; +http://megaindex.com/crawler)"
176.9.58.227 - - [17/Jan/2023:21:12:51 +0100] "GET /pmwiki/pmwiki.php/Main/Linkek?action=edit&restore=diff:1111835182:1111394023:&preview=y HTTP/1.1" 200 12416 "-" "Mozilla/5.0 (compatible; MegaIndex.ru/2.0; +http://megaindex.com/crawler)"
217.113.194.97 - - [17/Jan/2023:21:12:53 +0100] "GET /pmwiki/pmwiki.php/Main/Nyilatkozat?action=edit HTTP/1.1" 200 12450 "-" "Mozilla/5.0 (compatible; Barkrowler/0.9; +https://babbar.tech/crawler)"
176.9.58.227 - - [17/Jan/2023:21:12:54 +0100] "GET /pmwiki/pmwiki.php/Main/Linkek?action=edit&restore=diff:1111394023:1110568702:&preview=y HTTP/1.1" 200 12416 "-" "Mozilla/5.0 (compatible; MegaIndex.ru/2.0; +http://megaindex.com/crawler)"
176.9.58.227 - - [17/Jan/2023:21:12:57 +0100] "GET /pmwiki/pmwiki.php/Main/Linkek?action=edit&restore=diff:1110568702:1110563315:&preview=y HTTP/1.1" 200 12416 "-" "Mozilla/5.0 (compatible; MegaIndex.ru/2.0; +http://megaindex.com/crawler)"
176.9.58.227 - - [17/Jan/2023:21:13:00 +0100] "GET /pmwiki/pmwiki.php/Main/Linkek?action=edit&restore=diff:1110563315:1110470511:&preview=y HTTP/1.1" 200 12416 "-" "Mozilla/5.0 (compatible; MegaIndex.ru/2.0; +http://megaindex.com/crawler)"
176.9.58.227 - - [17/Jan/2023:21:13:04 +0100] "GET /pmwiki/pmwiki.php/Main/Linkek?action=edit&restore=diff:1110470511:1110470147:&preview=y HTTP/1.1" 200 12416 "-" "Mozilla/5.0 (compatible; MegaIndex.ru/2.0; +http://megaindex.com/crawler)"
176.9.58.227 - - [17/Jan/2023:21:13:07 +0100] "GET /pmwiki/pmwiki.php/Main/Linkek?action=edit&restore=diff:1110470147:1110470147:&preview=y HTTP/1.1" 200 12416 "-" "Mozilla/5.0 (compatible; MegaIndex.ru/2.0; +http://megaindex.com/crawler)"
217.113.194.71 - - [17/Jan/2023:21:13:08 +0100] "GET /pmwiki/pmwiki.php/Main/Nyilatkozat?action=upload HTTP/1.1" 200 12330 "-" "Mozilla/5.0 (compatible; Barkrowler/0.9; +https://babbar.tech/crawler)"
176.9.58.227 - - [17/Jan/2023:21:13:11 +0100] "GET /pmwiki/pmwiki.php/Main/H%edrek?action=diff&source=n&minor=n HTTP/1.1" 200 20169 "-" "Mozilla/5.0 (compatible; MegaIndex.ru/2.0; +http://megaindex.com/crawler)"
176.9.58.227 - - [17/Jan/2023:21:13:17 +0100] "GET /pmwiki/pmwiki.php/Main/H%edrek?action=diff&source=y&minor=y HTTP/1.1" 200 22167 "-" "Mozilla/5.0 (compatible; MegaIndex.ru/2.0; +http://megaindex.com/crawler)"
176.9.58.227 - - [17/Jan/2023:21:13:21 +0100] "GET /pmwiki/pmwiki.php/Main/H%edrek?action=edit&restore=diff:1122879981:1122879956:minor&preview=y HTTP/1.1" 200 12431 "-" "Mozilla/5.0 (compatible; MegaIndex.ru/2.0; +http://megaindex.com/crawler)"
217.113.194.78 - - [17/Jan/2023:21:13:23 +0100] "GET /pmwiki/pmwiki.php/Main/AzIPRJavaslat HTTP/1.1" 200 14797 "-" "Mozilla/5.0 (compatible; Barkrowler/0.9; +https://babbar.tech/crawler)"
176.9.58.227 - - [17/Jan/2023:21:13:25 +0100] "GET /pmwiki/pmwiki.php/Main/H%edrek?action=edit&restore=diff:1122879956:1122572597:&preview=y HTTP/1.1" 200 12426 "-" "Mozilla/5.0 (compatible; MegaIndex.ru/2.0; +http://megaindex.com/crawler)"
176.9.58.227 - - [17/Jan/2023:21:13:28 +0100] "GET /pmwiki/pmwiki.php/Main/H%edrek?action=edit&restore=diff:1122572597:1114586867:&preview=y HTTP/1.1" 200 12426 "-" "Mozilla/5.0 (compatible; MegaIndex.ru/2.0; +http://megaindex.com/crawler)"
176.9.58.227 - - [17/Jan/2023:21:13:31 +0100] "GET /pmwiki/pmwiki.php/Main/H%edrek?action=edit&restore=diff:1114586867:1113412884:&preview=y HTTP/1.1" 200 12426 "-" "Mozilla/5.0 (compatible; MegaIndex.ru/2.0; +http://megaindex.com/crawler)"
176.9.58.227 - - [17/Jan/2023:21:13:34 +0100] "GET /pmwiki/pmwiki.php/Main/H%edrek?action=edit&restore=diff:1113412884:1112121765:&preview=y HTTP/1.1" 200 12426 "-" "Mozilla/5.0 (compatible; MegaIndex.ru/2.0; +http://megaindex.com/crawler)"
176.9.58.227 - - [17/Jan/2023:21:13:38 +0100] "GET /pmwiki/pmwiki.php/Main/H%edrek?action=edit&restore=diff:1112121765:1112121643:&preview=y HTTP/1.1" 200 12426 "-" "Mozilla/5.0 (compatible; MegaIndex.ru/2.0; +http://megaindex.com/crawler)"
217.113.194.93 - - [17/Jan/2023:21:13:39 +0100] "GET /pmwiki/pmwiki.php/Main/BMEKonferencia?action=edit HTTP/1.1" 200 12494 "-" "Mozilla/5.0 (compatible; Barkrowler/0.9; +https://babbar.tech/crawler)"
176.9.58.227 - - [17/Jan/2023:21:13:43 +0100] "GET /pmwiki/pmwiki.php/Main/H%edrek?action=edit&restore=diff:1112121643:1112121643:&preview=y HTTP/1.1" 200 12426 "-" "Mozilla/5.0 (compatible; MegaIndex.ru/2.0; +http://megaindex.com/crawler)"
176.9.58.227 - - [17/Jan/2023:21:13:47 +0100] "GET /pmwiki/pmwiki.php/Main/DRMMunkacsoport?action=diff&source=n&minor=n HTTP/1.1" 200 14573 "-" "Mozilla/5.0 (compatible; MegaIndex.ru/2.0; +http://megaindex.com/crawler)"
176.9.58.227 - - [17/Jan/2023:21:13:50 +0100] "GET /pmwiki/pmwiki.php/Main/DRMMunkacsoport?action=diff&source=y&minor=y HTTP/1.1" 200 14623 "-" "Mozilla/5.0 (compatible; MegaIndex.ru/2.0; +http://megaindex.com/crawler)"
217.113.194.113 - - [17/Jan/2023:21:13:54 +0100] "GET /pmwiki/pmwiki.php/Main/BMEKonferencia?action=upload HTTP/1.1" 200 12374 "-" "Mozilla/5.0 (compatible; Barkrowler/0.9; +https://babbar.tech/crawler)"
176.9.58.227 - - [17/Jan/2023:21:13:54 +0100] "GET /pmwiki/pmwiki.php/Main/DRMMunkacsoport?action=edit&restore=diff:1118762963:1118762769:&preview=y HTTP/1.1" 200 12556 "-" "Mozilla/5.0 (compatible; MegaIndex.ru/2.0; +http://megaindex.com/crawler)"
176.9.58.227 - - [17/Jan/2023:21:13:58 +0100] "GET /pmwiki/pmwiki.php/Main/DRMMunkacsoport?action=edit&restore=diff:1118762769:1118762769:&preview=y HTTP/1.1" 200 12556 "-" "Mozilla/5.0 (compatible; MegaIndex.ru/2.0; +http://megaindex.com/crawler)"
176.9.58.227 - - [17/Jan/2023:21:14:02 +0100] "GET /pmwiki/pmwiki.php/Main/C%e9lok?action=diff&source=n&minor=n HTTP/1.1" 200 23024 "-" "Mozilla/5.0 (compatible; MegaIndex.ru/2.0; +http://megaindex.com/crawler)"
176.9.58.227 - - [17/Jan/2023:21:14:09 +0100] "GET /pmwiki/pmwiki.php/Main/C%e9lok?action=diff&source=y&minor=y HTTP/1.1" 200 23169 "-" "Mozilla/5.0 (compatible; MegaIndex.ru/2.0; +http://megaindex.com/crawler)"
217.113.194.103 - - [17/Jan/2023:21:14:10 +0100] "GET /pmwiki/pmwiki.php/Main/BMEKonferencia?action=diff HTTP/1.1" 200 76698 "-" "Mozilla/5.0 (compatible; Barkrowler/0.9; +https://babbar.tech/crawler)"
176.9.58.227 - - [17/Jan/2023:21:14:14 +0100] "GET /pmwiki/pmwiki.php/Main/C%e9lok?action=edit&restore=diff:1118763576:1118246044:&preview=y HTTP/1.1" 200 12424 "-" "Mozilla/5.0 (compatible; MegaIndex.ru/2.0; +http://megaindex.com/crawler)"
176.9.58.227 - - [17/Jan/2023:21:14:17 +0100] "GET /pmwiki/pmwiki.php/Main/C%e9lok?action=edit&restore=diff:1118246044:1116262697:&preview=y HTTP/1.1" 200 12424 "-" "Mozilla/5.0 (compatible; MegaIndex.ru/2.0; +http://megaindex.com/crawler)"
176.9.58.227 - - [17/Jan/2023:21:14:21 +0100] "GET /pmwiki/pmwiki.php/Main/C%e9lok?action=edit&restore=diff:1116262697:1116147206:&preview=y HTTP/1.1" 200 12424 "-" "Mozilla/5.0 (compatible; MegaIndex.ru/2.0; +http://megaindex.com/crawler)"
176.9.58.227 - - [17/Jan/2023:21:14:24 +0100] "GET /pmwiki/pmwiki.php/Main/C%e9lok?action=edit&restore=diff:1116147206:1116065229:&preview=y HTTP/1.1" 200 12424 "-" "Mozilla/5.0 (compatible; MegaIndex.ru/2.0; +http://megaindex.com/crawler)"
217.113.194.70 - - [17/Jan/2023:21:14:25 +0100] "GET /pmwiki/pmwiki.php/Main/BMEKonferencia?action=print HTTP/1.1" 200 5262 "-" "Mozilla/5.0 (compatible; Barkrowler/0.9; +https://babbar.tech/crawler)"
176.9.58.227 - - [17/Jan/2023:21:14:28 +0100] "GET /pmwiki/pmwiki.php/Main/C%e9lok?action=edit&restore=diff:1116065229:1116012764:&preview=y HTTP/1.1" 200 12424 "-" "Mozilla/5.0 (compatible; MegaIndex.ru/2.0; +http://megaindex.com/crawler)"
176.9.58.227 - - [17/Jan/2023:21:14:32 +0100] "GET /pmwiki/pmwiki.php/Main/C%e9lok?action=edit&restore=diff:1116012764:1116012609:&preview=y HTTP/1.1" 200 12424 "-" "Mozilla/5.0 (compatible; MegaIndex.ru/2.0; +http://megaindex.com/crawler)"
176.9.58.227 - - [17/Jan/2023:21:14:36 +0100] "GET /pmwiki/pmwiki.php/Main/C%e9lok?action=edit&restore=diff:1116012609:1116012227:&preview=y HTTP/1.1" 200 12424 "-" "Mozilla/5.0 (compatible; MegaIndex.ru/2.0; +http://megaindex.com/crawler)"
176.9.58.227 - - [17/Jan/2023:21:14:39 +0100] "GET /pmwiki/pmwiki.php/Main/C%e9lok?action=edit&restore=diff:1116012227:1112895491:&preview=y HTTP/1.1" 200 12424 "-" "Mozilla/5.0 (compatible; MegaIndex.ru/2.0; +http://megaindex.com/crawler)"
217.113.194.96 - - [17/Jan/2023:21:14:41 +0100] "GET /pmwiki/pmwiki.php/Main/C%E9lok?action=diff HTTP/1.1" 200 23024 "-" "Mozilla/5.0 (compatible; Barkrowler/0.9; +https://babbar.tech/crawler)"
176.9.58.227 - - [17/Jan/2023:21:14:42 +0100] "GET /pmwiki/pmwiki.php/Main/C%e9lok?action=edit&restore=diff:1112895491:1112895306:&preview=y HTTP/1.1" 200 12424 "-" "Mozilla/5.0 (compatible; MegaIndex.ru/2.0; +http://megaindex.com/crawler)"
176.9.58.227 - - [17/Jan/2023:21:14:47 +0100] "GET /pmwiki/pmwiki.php/Main/C%e9lok?action=edit&restore=diff:1112895306:1112895306:&preview=y HTTP/1.1" 200 12424 "-" "Mozilla/5.0 (compatible; MegaIndex.ru/2.0; +http://megaindex.com/crawler)"
176.9.58.227 - - [17/Jan/2023:21:14:51 +0100] "GET /pmwiki/pmwiki.php/Main/Tud%e1smonop%f3lium?action=diff&source=n&minor=n HTTP/1.1" 200 15344 "-" "Mozilla/5.0 (compatible; MegaIndex.ru/2.0; +http://megaindex.com/crawler)"
176.9.58.227 - - [17/Jan/2023:21:14:55 +0100] "GET /pmwiki/pmwiki.php/Main/Tud%e1smonop%f3lium?action=diff&source=y&minor=y HTTP/1.1" 200 29776 "-" "Mozilla/5.0 (compatible; MegaIndex.ru/2.0; +http://megaindex.com/crawler)"
217.113.194.119 - - [17/Jan/2023:21:14:56 +0100] "GET /pmwiki/pmwiki.php/Main/McCreevy?action=edit HTTP/1.1" 200 12402 "-" "Mozilla/5.0 (compatible; Barkrowler/0.9; +https://babbar.tech/crawler)"
176.9.58.227 - - [17/Jan/2023:21:15:01 +0100] "GET /pmwiki/pmwiki.php/Main/Tud%e1smonop%f3lium?action=edit&restore=diff:1122561829:1122561803:minor&preview=y HTTP/1.1" 200 12617 "-" "Mozilla/5.0 (compatible; MegaIndex.ru/2.0; +http://megaindex.com/crawler)"
176.9.58.227 - - [17/Jan/2023:21:15:05 +0100] "GET /pmwiki/pmwiki.php/Main/Tud%e1smonop%f3lium?action=edit&restore=diff:1122561803:1122544015:&preview=y HTTP/1.1" 200 12612 "-" "Mozilla/5.0 (compatible; MegaIndex.ru/2.0; +http://megaindex.com/crawler)"
176.9.58.227 - - [17/Jan/2023:21:15:08 +0100] "GET /pmwiki/pmwiki.php/Main/Tud%e1smonop%f3lium?action=edit&restore=diff:1122544015:1122371731:minor&preview=y HTTP/1.1" 200 12617 "-" "Mozilla/5.0 (compatible; MegaIndex.ru/2.0; +http://megaindex.com/crawler)"
217.113.194.76 - - [17/Jan/2023:21:15:11 +0100] "GET /pmwiki/pmwiki.php/Main/McCreevy?action=print HTTP/1.1" 200 3664 "-" "Mozilla/5.0 (compatible; Barkrowler/0.9; +https://babbar.tech/crawler)"
176.9.58.227 - - [17/Jan/2023:21:15:12 +0100] "GET /pmwiki/pmwiki.php/Main/Tud%e1smonop%f3lium?action=edit&restore=diff:1122371731:1122370082:minor&preview=y HTTP/1.1" 200 12617 "-" "Mozilla/5.0 (compatible; MegaIndex.ru/2.0; +http://megaindex.com/crawler)"
176.9.58.227 - - [17/Jan/2023:21:15:16 +0100] "GET /pmwiki/pmwiki.php/Main/Tud%e1smonop%f3lium?action=edit&restore=diff:1122370082:1122370066:minor&preview=y HTTP/1.1" 200 12617 "-" "Mozilla/5.0 (compatible; MegaIndex.ru/2.0; +http://megaindex.com/crawler)"
176.9.58.227 - - [17/Jan/2023:21:15:21 +0100] "GET /pmwiki/pmwiki.php/Main/Tud%e1smonop%f3lium?action=edit&restore=diff:1122370066:1122369857:minor&preview=y HTTP/1.1" 200 12617 "-" "Mozilla/5.0 (compatible; MegaIndex.ru/2.0; +http://megaindex.com/crawler)"
176.9.58.227 - - [17/Jan/2023:21:15:22 +0100] "GET /pmwiki/pmwiki.php/Main/Tud%e1smonop%f3lium?action=edit&restore=diff:1122369857:1122369808:minor&preview=y HTTP/1.1" 200 12617 "-" "Mozilla/5.0 (compatible; MegaIndex.ru/2.0; +http://megaindex.com/crawler)"
217.113.194.99 - - [17/Jan/2023:21:15:27 +0100] "GET /pmwiki/pmwiki.php/Main/McCreevy?action=upload HTTP/1.1" 200 12282 "-" "Mozilla/5.0 (compatible; Barkrowler/0.9; +https://babbar.tech/crawler)"
176.9.58.227 - - [17/Jan/2023:21:15:27 +0100] "GET /pmwiki/pmwiki.php/Main/Tud%e1smonop%f3lium?action=edit&restore=diff:1122369808:1122369808:&preview=y HTTP/1.1" 200 12612 "-" "Mozilla/5.0 (compatible; MegaIndex.ru/2.0; +http://megaindex.com/crawler)"
176.9.58.227 - - [17/Jan/2023:21:15:31 +0100] "GET /pmwiki/pmwiki.php/Main/Ipr?action=diff&source=n&minor=n HTTP/1.1" 200 13590 "-" "Mozilla/5.0 (compatible; MegaIndex.ru/2.0; +http://megaindex.com/crawler)"
176.9.58.227 - - [17/Jan/2023:21:15:34 +0100] "GET /pmwiki/pmwiki.php/Main/Ipr?action=diff&source=y&minor=y HTTP/1.1" 200 15263 "-" "Mozilla/5.0 (compatible; MegaIndex.ru/2.0; +http://megaindex.com/crawler)"
176.9.58.227 - - [17/Jan/2023:21:15:39 +0100] "GET /pmwiki/pmwiki.php/Main/Ipr?action=edit&restore=diff:1132215481:1131455766:minor&preview=y HTTP/1.1" 200 12373 "-" "Mozilla/5.0 (compatible; MegaIndex.ru/2.0; +http://megaindex.com/crawler)"
217.113.194.103 - - [17/Jan/2023:21:15:42 +0100] "GET /pmwiki/pmwiki.php/Main/CikkekDRM?action=print HTTP/1.1" 200 8479 "-" "Mozilla/5.0 (compatible; Barkrowler/0.9; +https://babbar.tech/crawler)"
176.9.58.227 - - [17/Jan/2023:21:15:42 +0100] "GET /pmwiki/pmwiki.php/Main/Ipr?action=edit&restore=diff:1131455766:1123053004:minor&preview=y HTTP/1.1" 200 12373 "-" "Mozilla/5.0 (compatible; MegaIndex.ru/2.0; +http://megaindex.com/crawler)"
176.9.58.227 - - [17/Jan/2023:21:15:46 +0100] "GET /pmwiki/pmwiki.php/Main/Ipr?action=edit&restore=diff:1123053004:1123053004:&preview=y HTTP/1.1" 200 12368 "-" "Mozilla/5.0 (compatible; MegaIndex.ru/2.0; +http://megaindex.com/crawler)"
176.9.58.227 - - [17/Jan/2023:21:15:50 +0100] "GET /pmwiki/pmwiki.php/Main/V%e9delmiP%e9nz?action=diff&source=n&minor=n HTTP/1.1" 200 12911 "-" "Mozilla/5.0 (compatible; MegaIndex.ru/2.0; +http://megaindex.com/crawler)"
176.9.58.227 - - [17/Jan/2023:21:15:56 +0100] "GET /pmwiki/pmwiki.php/Main/V%e9delmiP%e9nz?action=diff&source=y&minor=y HTTP/1.1" 200 13914 "-" "Mozilla/5.0 (compatible; MegaIndex.ru/2.0; +http://megaindex.com/crawler)"
217.113.194.69 - - [17/Jan/2023:21:15:57 +0100] "GET /pmwiki/pmwiki.php/Main/CikkekDRM?action=edit HTTP/1.1" 200 12418 "-" "Mozilla/5.0 (compatible; Barkrowler/0.9; +https://babbar.tech/crawler)"
176.9.58.227 - - [17/Jan/2023:21:15:58 +0100] "GET /pmwiki/pmwiki.php/Main/V%e9delmiP%e9nz?action=edit&restore=diff:1122622608:1122622608:minor&preview=y HTTP/1.1" 200 12553 "-" "Mozilla/5.0 (compatible; MegaIndex.ru/2.0; +http://megaindex.com/crawler)"
176.9.58.227 - - [17/Jan/2023:21:16:03 +0100] "GET /pmwiki/pmwiki.php/Main/Cache?action=print HTTP/1.1" 200 6932 "-" "Mozilla/5.0 (compatible; MegaIndex.ru/2.0; +http://megaindex.com/crawler)"
176.9.58.227 - - [17/Jan/2023:21:16:07 +0100] "GET /pmwiki/pmwiki.php/Main/Cutts?action=print HTTP/1.1" 200 22050 "-" "Mozilla/5.0 (compatible; MegaIndex.ru/2.0; +http://megaindex.com/crawler)"
176.9.58.227 - - [17/Jan/2023:21:16:11 +0100] "GET /pmwiki/pmwiki.php/Main/Power?action=print HTTP/1.1" 200 10684 "-" "Mozilla/5.0 (compatible; MegaIndex.ru/2.0; +http://megaindex.com/crawler)"
217.113.194.121 - - [17/Jan/2023:21:16:13 +0100] "GET /pmwiki/pmwiki.php/Main/Marc06LMEPR?action=edit HTTP/1.1" 200 12447 "-" "Mozilla/5.0 (compatible; Barkrowler/0.9; +https://babbar.tech/crawler)"
176.9.58.227 - - [17/Jan/2023:21:16:15 +0100] "GET /pmwiki/pmwiki.php/Main/Google?action=diff&source=n&minor=n HTTP/1.1" 200 13289 "-" "Mozilla/5.0 (compatible; MegaIndex.ru/2.0; +http://megaindex.com/crawler)"
176.9.58.227 - - [17/Jan/2023:21:16:18 +0100] "GET /pmwiki/pmwiki.php/Main/Google?action=diff&source=y&minor=y HTTP/1.1" 200 56595 "-" "Mozilla/5.0 (compatible; MegaIndex.ru/2.0; +http://megaindex.com/crawler)"
217.113.194.102 - - [17/Jan/2023:21:16:28 +0100] "GET /pmwiki/pmwiki.php/Main/Marc06LMEPR?action=diff HTTP/1.1" 200 17638 "-" "Mozilla/5.0 (compatible; Barkrowler/0.9; +https://babbar.tech/crawler)"
176.9.58.227 - - [17/Jan/2023:21:16:28 +0100] "GET /pmwiki/pmwiki.php/Main/Google?action=edit&restore=diff:1182600678:1182600298:minor&preview=y HTTP/1.1" 200 12417 "-" "Mozilla/5.0 (compatible; MegaIndex.ru/2.0; +http://megaindex.com/crawler)"
176.9.58.227 - - [17/Jan/2023:21:16:32 +0100] "GET /pmwiki/pmwiki.php/Main/Google?action=edit&restore=diff:1182600298:1134502574:minor&preview=y HTTP/1.1" 200 12417 "-" "Mozilla/5.0 (compatible; MegaIndex.ru/2.0; +http://megaindex.com/crawler)"
176.9.58.227 - - [17/Jan/2023:21:16:35 +0100] "GET /pmwiki/pmwiki.php/Main/Google?action=edit&restore=diff:1134502574:1134209750:minor&preview=y HTTP/1.1" 200 12417 "-" "Mozilla/5.0 (compatible; MegaIndex.ru/2.0; +http://megaindex.com/crawler)"
176.9.58.227 - - [17/Jan/2023:21:16:38 +0100] "GET /pmwiki/pmwiki.php/Main/Google?action=edit&restore=diff:1134209750:1132310206:minor&preview=y HTTP/1.1" 200 12417 "-" "Mozilla/5.0 (compatible; MegaIndex.ru/2.0; +http://megaindex.com/crawler)"
176.9.58.227 - - [17/Jan/2023:21:16:42 +0100] "GET /pmwiki/pmwiki.php/Main/Google?action=edit&restore=diff:1132310206:1131357597:minor&preview=y HTTP/1.1" 200 12417 "-" "Mozilla/5.0 (compatible; MegaIndex.ru/2.0; +http://megaindex.com/crawler)"
217.113.194.91 - - [17/Jan/2023:21:16:43 +0100] "GET /pmwiki/pmwiki.php/Main/Marc06LMEPR?action=upload HTTP/1.1" 200 12327 "-" "Mozilla/5.0 (compatible; Barkrowler/0.9; +https://babbar.tech/crawler)"
176.9.58.227 - - [17/Jan/2023:21:16:44 +0100] "GET /pmwiki/pmwiki.php/Main/Google?action=edit&restore=diff:1131357597:1131357512:minor&preview=y HTTP/1.1" 200 12417 "-" "Mozilla/5.0 (compatible; MegaIndex.ru/2.0; +http://megaindex.com/crawler)"
176.9.58.227 - - [17/Jan/2023:21:16:48 +0100] "GET /pmwiki/pmwiki.php/Main/Google?action=edit&restore=diff:1131357512:1129709096:&preview=y HTTP/1.1" 200 12412 "-" "Mozilla/5.0 (compatible; MegaIndex.ru/2.0; +http://megaindex.com/crawler)"
176.9.58.227 - - [17/Jan/2023:21:16:52 +0100] "GET /pmwiki/pmwiki.php/Main/Google?action=edit&restore=diff:1129709096:1123784558:minor&preview=y HTTP/1.1" 200 12417 "-" "Mozilla/5.0 (compatible; MegaIndex.ru/2.0; +http://megaindex.com/crawler)"
176.9.58.227 - - [17/Jan/2023:21:16:54 +0100] "GET /pmwiki/pmwiki.php/Main/Google?action=edit&restore=diff:1123784558:1123256030:minor&preview=y HTTP/1.1" 200 12417 "-" "Mozilla/5.0 (compatible; MegaIndex.ru/2.0; +http://megaindex.com/crawler)"
217.113.194.123 - - [17/Jan/2023:21:16:58 +0100] "GET /pmwiki/pmwiki.php/Main/Marc06LMEPR?action=print HTTP/1.1" 200 4457 "-" "Mozilla/5.0 (compatible; Barkrowler/0.9; +https://babbar.tech/crawler)"
176.9.58.227 - - [17/Jan/2023:21:16:59 +0100] "GET /pmwiki/pmwiki.php/Main/Google?action=edit&restore=diff:1123256030:1123255867:minor&preview=y HTTP/1.1" 200 12417 "-" "Mozilla/5.0 (compatible; MegaIndex.ru/2.0; +http://megaindex.com/crawler)"
176.9.58.227 - - [17/Jan/2023:21:17:02 +0100] "GET /pmwiki/pmwiki.php/Main/Google?action=edit&restore=diff:1123255867:1123255642:minor&preview=y HTTP/1.1" 200 12417 "-" "Mozilla/5.0 (compatible; MegaIndex.ru/2.0; +http://megaindex.com/crawler)"
176.9.58.227 - - [17/Jan/2023:21:17:05 +0100] "GET /pmwiki/pmwiki.php/Main/Google?action=edit&restore=diff:1123255642:1123255569:minor&preview=y HTTP/1.1" 200 12417 "-" "Mozilla/5.0 (compatible; MegaIndex.ru/2.0; +http://megaindex.com/crawler)"
176.9.58.227 - - [17/Jan/2023:21:17:09 +0100] "GET /pmwiki/pmwiki.php/Main/Google?action=edit&restore=diff:1123255569:1123254995:minor&preview=y HTTP/1.1" 200 12417 "-" "Mozilla/5.0 (compatible; MegaIndex.ru/2.0; +http://megaindex.com/crawler)"
176.9.58.227 - - [17/Jan/2023:21:17:13 +0100] "GET /pmwiki/pmwiki.php/Main/Google?action=edit&restore=diff:1123254995:1122638387:minor&preview=y HTTP/1.1" 200 12417 "-" "Mozilla/5.0 (compatible; MegaIndex.ru/2.0; +http://megaindex.com/crawler)"
217.113.194.87 - - [17/Jan/2023:21:17:14 +0100] "GET /pmwiki/pmwiki.php/Main/NoSoftwarePatents?action=diff HTTP/1.1" 200 13447 "-" "Mozilla/5.0 (compatible; Barkrowler/0.9; +https://babbar.tech/crawler)"
