176.9.58.227 - - [17/Jan/2023:22:03:00 +0100] "GET /pmwiki/pmwiki.php/Main/Bitem0304?action=edit&restore=diff:1110528802:1110528802:&preview=y HTTP/1.1" 200 12461 "-" "Mozilla/5.0 (compatible; MegaIndex.ru/2.0; +http://megaindex.com/crawler)"
217.113.194.114 - - [17/Jan/2023:22:03:03 +0100] "GET /pmwiki/pmwiki.php/PmWiki/MarkupMasterIndex?action=print HTTP/1.1" 200 10915 "-" "Mozilla/5.0 (compatible; Barkrowler/0.9; +https://babbar.tech/crawler)"
176.9.58.227 - - [17/Jan/2023:22:03:03 +0100] "GET /pmwiki/pmwiki.php/Main/Comission-negatesDemocracy?action=diff&source=n&minor=n HTTP/1.1" 200 17875 "-" "Mozilla/5.0 (compatible; MegaIndex.ru/2.0; +http://megaindex.com/crawler)"
176.9.58.227 - - [17/Jan/2023:22:03:06 +0100] "GET /pmwiki/pmwiki.php/Main/Comission-negatesDemocracy?action=diff&source=y&minor=y HTTP/1.1" 200 17934 "-" "Mozilla/5.0 (compatible; MegaIndex.ru/2.0; +http://megaindex.com/crawler)"
176.9.58.227 - - [17/Jan/2023:22:03:10 +0100] "GET /pmwiki/pmwiki.php/Main/Comission-negatesDemocracy?action=edit&restore=diff:1110529275:1110529275:&preview=y HTTP/1.1" 200 12733 "-" "Mozilla/5.0 (compatible; MegaIndex.ru/2.0; +http://megaindex.com/crawler)"
176.9.58.227 - - [17/Jan/2023:22:03:14 +0100] "GET /pmwiki/pmwiki.php/Main/Feb08PR?action=diff&source=n&minor=n HTTP/1.1" 200 20619 "-" "Mozilla/5.0 (compatible; MegaIndex.ru/2.0; +http://megaindex.com/crawler)"
217.113.194.79 - - [17/Jan/2023:22:03:18 +0100] "GET /pmwiki/pmwiki.php/PmWiki/MarkupMasterIndex?action=diff HTTP/1.1" 200 13022 "-" "Mozilla/5.0 (compatible; Barkrowler/0.9; +https://babbar.tech/crawler)"
176.9.58.227 - - [17/Jan/2023:22:03:19 +0100] "GET /pmwiki/pmwiki.php/Main/Feb08PR?action=diff&source=y&minor=y HTTP/1.1" 200 20919 "-" "Mozilla/5.0 (compatible; MegaIndex.ru/2.0; +http://megaindex.com/crawler)"
176.9.58.227 - - [17/Jan/2023:22:03:24 +0100] "GET /pmwiki/pmwiki.php/Main/Feb08PR?action=edit&restore=diff:1107945887:1107945839:&preview=y HTTP/1.1" 200 12432 "-" "Mozilla/5.0 (compatible; MegaIndex.ru/2.0; +http://megaindex.com/crawler)"
176.9.58.227 - - [17/Jan/2023:22:03:26 +0100] "GET /pmwiki/pmwiki.php/Main/Feb08PR?action=edit&restore=diff:1107945839:1107895977:&preview=y HTTP/1.1" 200 12432 "-" "Mozilla/5.0 (compatible; MegaIndex.ru/2.0; +http://megaindex.com/crawler)"
176.9.58.227 - - [17/Jan/2023:22:03:30 +0100] "GET /pmwiki/pmwiki.php/Main/Feb08PR?action=edit&restore=diff:1107895977:1107895977:&preview=y HTTP/1.1" 200 12432 "-" "Mozilla/5.0 (compatible; MegaIndex.ru/2.0; +http://megaindex.com/crawler)"
217.113.194.108 - - [17/Jan/2023:22:03:34 +0100] "GET /pmwiki/pmwiki.php/PmWiki/AdvancedTables?action=edit HTTP/1.1" 200 12532 "-" "Mozilla/5.0 (compatible; Barkrowler/0.9; +https://babbar.tech/crawler)"
176.9.58.227 - - [17/Jan/2023:22:03:34 +0100] "GET /pmwiki/pmwiki.php/Main/Feb09PR?action=diff&source=n&minor=n HTTP/1.1" 200 17891 "-" "Mozilla/5.0 (compatible; MegaIndex.ru/2.0; +http://megaindex.com/crawler)"
176.9.58.227 - - [17/Jan/2023:22:03:39 +0100] "GET /pmwiki/pmwiki.php/Main/Feb09PR?action=diff&source=y&minor=y HTTP/1.1" 200 18090 "-" "Mozilla/5.0 (compatible; MegaIndex.ru/2.0; +http://megaindex.com/crawler)"
176.9.58.227 - - [17/Jan/2023:22:03:43 +0100] "GET /pmwiki/pmwiki.php/Main/Feb09PR?action=edit&restore=diff:1107940042:1107939928:&preview=y HTTP/1.1" 200 12432 "-" "Mozilla/5.0 (compatible; MegaIndex.ru/2.0; +http://megaindex.com/crawler)"
176.9.58.227 - - [17/Jan/2023:22:03:46 +0100] "GET /pmwiki/pmwiki.php/Main/Feb09PR?action=edit&restore=diff:1107939928:1107939851:&preview=y HTTP/1.1" 200 12432 "-" "Mozilla/5.0 (compatible; MegaIndex.ru/2.0; +http://megaindex.com/crawler)"
217.113.194.126 - - [17/Jan/2023:22:03:49 +0100] "GET /pmwiki/pmwiki.php/PmWiki/SimpleTables2?action=upload HTTP/1.1" 200 12396 "-" "Mozilla/5.0 (compatible; Barkrowler/0.9; +https://babbar.tech/crawler)"
176.9.58.227 - - [17/Jan/2023:22:03:50 +0100] "GET /pmwiki/pmwiki.php/Main/Feb09PR?action=edit&restore=diff:1107939851:1107939851:&preview=y HTTP/1.1" 200 12432 "-" "Mozilla/5.0 (compatible; MegaIndex.ru/2.0; +http://megaindex.com/crawler)"
176.9.58.227 - - [17/Jan/2023:22:03:53 +0100] "GET /pmwiki/pmwiki.php/Main/Feb03PR?action=diff&source=n&minor=n HTTP/1.1" 200 18340 "-" "Mozilla/5.0 (compatible; MegaIndex.ru/2.0; +http://megaindex.com/crawler)"
176.9.58.227 - - [17/Jan/2023:22:03:59 +0100] "GET /pmwiki/pmwiki.php/Main/Feb03PR?action=diff&source=y&minor=y HTTP/1.1" 200 18565 "-" "Mozilla/5.0 (compatible; MegaIndex.ru/2.0; +http://megaindex.com/crawler)"
217.113.194.69 - - [17/Jan/2023:22:04:04 +0100] "GET /pmwiki/pmwiki.php/PmWiki/UrlApprovals?action=diff HTTP/1.1" 200 12910 "-" "Mozilla/5.0 (compatible; Barkrowler/0.9; +https://babbar.tech/crawler)"
176.9.58.227 - - [17/Jan/2023:22:04:05 +0100] "GET /pmwiki/pmwiki.php/Main/Feb03PR?action=edit&restore=diff:1107936777:1107936706:&preview=y HTTP/1.1" 200 12432 "-" "Mozilla/5.0 (compatible; MegaIndex.ru/2.0; +http://megaindex.com/crawler)"
176.9.58.227 - - [17/Jan/2023:22:04:08 +0100] "GET /pmwiki/pmwiki.php/Main/Feb03PR?action=edit&restore=diff:1107936706:1107936706:&preview=y HTTP/1.1" 200 12432 "-" "Mozilla/5.0 (compatible; MegaIndex.ru/2.0; +http://megaindex.com/crawler)"
176.9.58.227 - - [17/Jan/2023:22:04:11 +0100] "GET /pmwiki/pmwiki.php/Main/HeringgelMegval%f3s%edtottTal%e1lm%e1nyok?action=diff&source=n&minor=y HTTP/1.1" 200 26578 "-" "Mozilla/5.0 (compatible; MegaIndex.ru/2.0; +http://megaindex.com/crawler)"
176.9.58.227 - - [17/Jan/2023:22:04:16 +0100] "GET /pmwiki/pmwiki.php/Main/HeringgelMegval%f3s%edtottTal%e1lm%e1nyok?action=diff&source=y&minor=n HTTP/1.1" 200 26480 "-" "Mozilla/5.0 (compatible; MegaIndex.ru/2.0; +http://megaindex.com/crawler)"
217.113.194.83 - - [17/Jan/2023:22:04:19 +0100] "GET /pmwiki/pmwiki.php/PmWiki/UrlApprovals?action=upload HTTP/1.1" 200 12379 "-" "Mozilla/5.0 (compatible; Barkrowler/0.9; +https://babbar.tech/crawler)"
176.9.58.227 - - [17/Jan/2023:22:04:21 +0100] "GET /pmwiki/pmwiki.php/Main/JogiOldal?action=diff&source=n&minor=y HTTP/1.1" 200 27426 "-" "Mozilla/5.0 (compatible; MegaIndex.ru/2.0; +http://megaindex.com/crawler)"
176.9.58.227 - - [17/Jan/2023:22:04:28 +0100] "GET /pmwiki/pmwiki.php/Main/JogiOldal?action=diff&source=y&minor=n HTTP/1.1" 200 28557 "-" "Mozilla/5.0 (compatible; MegaIndex.ru/2.0; +http://megaindex.com/crawler)"
176.9.58.227 - - [17/Jan/2023:22:04:33 +0100] "GET /pmwiki/pmwiki.php/Main/Gazdas%e1giOldal?action=diff&source=n&minor=y HTTP/1.1" 200 19856 "-" "Mozilla/5.0 (compatible; MegaIndex.ru/2.0; +http://megaindex.com/crawler)"
217.113.194.108 - - [17/Jan/2023:22:04:35 +0100] "GET /pmwiki/pmwiki.php/PmWiki/UrlApprovals?action=print HTTP/1.1" 200 5249 "-" "Mozilla/5.0 (compatible; Barkrowler/0.9; +https://babbar.tech/crawler)"
176.9.58.227 - - [17/Jan/2023:22:04:39 +0100] "GET /pmwiki/pmwiki.php/Main/Gazdas%e1giOldal?action=diff&source=y&minor=n HTTP/1.1" 200 19866 "-" "Mozilla/5.0 (compatible; MegaIndex.ru/2.0; +http://megaindex.com/crawler)"
176.9.58.227 - - [17/Jan/2023:22:04:46 +0100] "GET /pmwiki/pmwiki.php/Main/Befektet%e9sv%e9delem?action=diff&source=n&minor=y HTTP/1.1" 200 17266 "-" "Mozilla/5.0 (compatible; MegaIndex.ru/2.0; +http://megaindex.com/crawler)"
217.113.194.126 - - [17/Jan/2023:22:04:50 +0100] "GET /pmwiki/pmwiki.php/PmWiki/MailingLists?action=diff HTTP/1.1" 200 12910 "-" "Mozilla/5.0 (compatible; Barkrowler/0.9; +https://babbar.tech/crawler)"
217.113.194.72 - - [17/Jan/2023:22:05:05 +0100] "GET /pmwiki/pmwiki.php/PmWiki/ImagesInWikiPages?action=print HTTP/1.1" 200 4417 "-" "Mozilla/5.0 (compatible; Barkrowler/0.9; +https://babbar.tech/crawler)"
217.113.194.77 - - [17/Jan/2023:22:05:21 +0100] "GET /pmwiki/pmwiki.php/PmWiki/ImagesInWikiPages?action=edit HTTP/1.1" 200 12580 "-" "Mozilla/5.0 (compatible; Barkrowler/0.9; +https://babbar.tech/crawler)"
217.113.194.87 - - [17/Jan/2023:22:05:36 +0100] "GET /pmwiki/pmwiki.php/PmWiki/ImagesInWikiPages?action=upload HTTP/1.1" 200 12460 "-" "Mozilla/5.0 (compatible; Barkrowler/0.9; +https://babbar.tech/crawler)"
217.113.194.87 - - [17/Jan/2023:22:05:51 +0100] "GET /pmwiki/pmwiki.php/PmWiki/ChangesFromPmWiki1 HTTP/1.1" 200 19777 "-" "Mozilla/5.0 (compatible; Barkrowler/0.9; +https://babbar.tech/crawler)"
217.113.194.122 - - [17/Jan/2023:22:06:07 +0100] "GET /pmwiki/pmwiki.php/PmWiki/InitialSetupTasks HTTP/1.1" 200 15628 "-" "Mozilla/5.0 (compatible; Barkrowler/0.9; +https://babbar.tech/crawler)"
217.113.194.64 - - [17/Jan/2023:22:06:22 +0100] "GET /pmwiki/pmwiki.php/PmWiki/PatrickMichaud?action=edit HTTP/1.1" 200 12529 "-" "Mozilla/5.0 (compatible; Barkrowler/0.9; +https://babbar.tech/crawler)"
217.113.194.118 - - [17/Jan/2023:22:06:38 +0100] "GET /pmwiki/pmwiki.php/PmWiki/PatrickMichaud?action=diff HTTP/1.1" 200 12944 "-" "Mozilla/5.0 (compatible; Barkrowler/0.9; +https://babbar.tech/crawler)"
217.113.194.74 - - [17/Jan/2023:22:06:53 +0100] "GET /pmwiki/pmwiki.php/PmWiki/PatrickMichaud?action=upload HTTP/1.1" 200 12409 "-" "Mozilla/5.0 (compatible; Barkrowler/0.9; +https://babbar.tech/crawler)"
217.113.194.106 - - [17/Jan/2023:22:07:08 +0100] "GET /pmwiki/pmwiki.php/PmWiki/ConditionalMarkup?action=edit HTTP/1.1" 200 12579 "-" "Mozilla/5.0 (compatible; Barkrowler/0.9; +https://babbar.tech/crawler)"
217.113.194.127 - - [17/Jan/2023:22:07:24 +0100] "GET /pmwiki/pmwiki.php/PmWiki/ConditionalMarkup?action=upload HTTP/1.1" 200 12459 "-" "Mozilla/5.0 (compatible; Barkrowler/0.9; +https://babbar.tech/crawler)"
176.9.58.227 - - [17/Jan/2023:22:07:24 +0100] "GET /pmwiki/pmwiki.php/Main/Doksik?action=diff&source=n&minor=y HTTP/1.1" 200 19426 "-" "Mozilla/5.0 (compatible; MegaIndex.ru/2.0; +http://megaindex.com/crawler)"
176.9.58.227 - - [17/Jan/2023:22:07:28 +0100] "GET /pmwiki/pmwiki.php/Main/Doksik?action=diff&source=y&minor=n HTTP/1.1" 200 17986 "-" "Mozilla/5.0 (compatible; MegaIndex.ru/2.0; +http://megaindex.com/crawler)"
176.9.58.227 - - [17/Jan/2023:22:07:34 +0100] "GET /pmwiki/pmwiki.php/Main/WikiSandbox?action=diff&source=n&minor=y HTTP/1.1" 200 264091 "-" "Mozilla/5.0 (compatible; MegaIndex.ru/2.0; +http://megaindex.com/crawler)"
217.113.194.70 - - [17/Jan/2023:22:07:39 +0100] "GET /pmwiki/pmwiki.php/PmWiki/ConditionalMarkup?action=diff HTTP/1.1" 200 13000 "-" "Mozilla/5.0 (compatible; Barkrowler/0.9; +https://babbar.tech/crawler)"
217.113.194.127 - - [17/Jan/2023:22:07:54 +0100] "GET /pmwiki/pmwiki.php/PmWiki/ConditionalMarkup?action=print HTTP/1.1" 200 6452 "-" "Mozilla/5.0 (compatible; Barkrowler/0.9; +https://babbar.tech/crawler)"
176.9.58.227 - - [17/Jan/2023:22:08:05 +0100] "GET /pmwiki/pmwiki.php/Main/WikiSandbox?action=diff&source=y&minor=n HTTP/1.1" 200 130945 "-" "Mozilla/5.0 (compatible; MegaIndex.ru/2.0; +http://megaindex.com/crawler)"
217.113.194.70 - - [17/Jan/2023:22:08:10 +0100] "GET /pmwiki/pmwiki.php/PmWiki/WikiStyleExamples?action=edit HTTP/1.1" 200 12579 "-" "Mozilla/5.0 (compatible; Barkrowler/0.9; +https://babbar.tech/crawler)"
217.113.194.71 - - [17/Jan/2023:22:08:25 +0100] "GET /pmwiki/pmwiki.php/PmWiki/WikiStyleExamples?action=print HTTP/1.1" 200 13740 "-" "Mozilla/5.0 (compatible; Barkrowler/0.9; +https://babbar.tech/crawler)"
176.9.58.227 - - [17/Jan/2023:22:08:27 +0100] "GET /pmwiki/pmwiki.php/PmWiki/TextFormattingRules?action=diff&source=n&minor=n HTTP/1.1" 200 13036 "-" "Mozilla/5.0 (compatible; MegaIndex.ru/2.0; +http://megaindex.com/crawler)"
176.9.58.227 - - [17/Jan/2023:22:08:30 +0100] "GET /pmwiki/pmwiki.php/PmWiki/TextFormattingRules?action=diff&source=y&minor=y HTTP/1.1" 200 13036 "-" "Mozilla/5.0 (compatible; MegaIndex.ru/2.0; +http://megaindex.com/crawler)"
176.9.58.227 - - [17/Jan/2023:22:08:34 +0100] "GET /pmwiki/pmwiki.php/Main/DRM?action=diff&source=n&minor=y HTTP/1.1" 200 91419 "-" "Mozilla/5.0 (compatible; MegaIndex.ru/2.0; +http://megaindex.com/crawler)"
217.113.194.96 - - [17/Jan/2023:22:08:40 +0100] "GET /pmwiki/pmwiki.php/PmWiki/WikiStyleExamples?action=upload HTTP/1.1" 200 12459 "-" "Mozilla/5.0 (compatible; Barkrowler/0.9; +https://babbar.tech/crawler)"
176.9.58.227 - - [17/Jan/2023:22:08:47 +0100] "GET /pmwiki/pmwiki.php/Main/DRM?action=diff&source=y&minor=n HTTP/1.1" 200 80879 "-" "Mozilla/5.0 (compatible; MegaIndex.ru/2.0; +http://megaindex.com/crawler)"
217.113.194.113 - - [17/Jan/2023:22:08:56 +0100] "GET /pmwiki/pmwiki.php/PmWiki/PerGroupCustomizations?action=edit HTTP/1.1" 200 12660 "-" "Mozilla/5.0 (compatible; Barkrowler/0.9; +https://babbar.tech/crawler)"
176.9.58.227 - - [17/Jan/2023:22:08:58 +0100] "GET /pmwiki/pmwiki.php/Main/Todo?action=diff&source=n&minor=n HTTP/1.1" 200 15378 "-" "Mozilla/5.0 (compatible; MegaIndex.ru/2.0; +http://megaindex.com/crawler)"
176.9.58.227 - - [17/Jan/2023:22:09:02 +0100] "GET /pmwiki/pmwiki.php/Main/Todo?action=diff&source=y&minor=y HTTP/1.1" 200 15510 "-" "Mozilla/5.0 (compatible; MegaIndex.ru/2.0; +http://megaindex.com/crawler)"
176.9.58.227 - - [17/Jan/2023:22:09:07 +0100] "GET /pmwiki/pmwiki.php/Main/Todo?action=edit&restore=diff:1110565262:1110542107:&preview=y HTTP/1.1" 200 12381 "-" "Mozilla/5.0 (compatible; MegaIndex.ru/2.0; +http://megaindex.com/crawler)"
176.9.58.227 - - [17/Jan/2023:22:09:10 +0100] "GET /pmwiki/pmwiki.php/Main/Todo?action=edit&restore=diff:1110542107:1110471780:&preview=y HTTP/1.1" 200 12381 "-" "Mozilla/5.0 (compatible; MegaIndex.ru/2.0; +http://megaindex.com/crawler)"
217.113.194.125 - - [17/Jan/2023:22:09:11 +0100] "GET /pmwiki/pmwiki.php/PmWiki/PerGroupCustomizations?action=diff HTTP/1.1" 200 13091 "-" "Mozilla/5.0 (compatible; Barkrowler/0.9; +https://babbar.tech/crawler)"
176.9.58.227 - - [17/Jan/2023:22:09:12 +0100] "GET /pmwiki/pmwiki.php/Main/Todo?action=edit&restore=diff:1110471780:1110471780:&preview=y HTTP/1.1" 200 12381 "-" "Mozilla/5.0 (compatible; MegaIndex.ru/2.0; +http://megaindex.com/crawler)"
176.9.58.227 - - [17/Jan/2023:22:09:16 +0100] "GET /pmwiki/pmwiki.php/Main/MiADRM?action=diff&source=n&minor=y HTTP/1.1" 200 25129 "-" "Mozilla/5.0 (compatible; MegaIndex.ru/2.0; +http://megaindex.com/crawler)"
176.9.58.227 - - [17/Jan/2023:22:09:22 +0100] "GET /pmwiki/pmwiki.php/Main/MiADRM?action=diff&source=y&minor=n HTTP/1.1" 200 22915 "-" "Mozilla/5.0 (compatible; MegaIndex.ru/2.0; +http://megaindex.com/crawler)"
217.113.194.98 - - [17/Jan/2023:22:09:26 +0100] "GET /pmwiki/pmwiki.php/PmWiki/PerGroupCustomizations?action=upload HTTP/1.1" 200 12540 "-" "Mozilla/5.0 (compatible; Barkrowler/0.9; +https://babbar.tech/crawler)"
176.9.58.227 - - [17/Jan/2023:22:09:27 +0100] "GET /pmwiki/pmwiki.php/Main/CikkekDRM?action=diff&source=n&minor=y HTTP/1.1" 200 21048 "-" "Mozilla/5.0 (compatible; MegaIndex.ru/2.0; +http://megaindex.com/crawler)"
176.9.58.227 - - [17/Jan/2023:22:09:33 +0100] "GET /pmwiki/pmwiki.php/Main/CikkekDRM?action=diff&source=y&minor=n HTTP/1.1" 200 12819 "-" "Mozilla/5.0 (compatible; MegaIndex.ru/2.0; +http://megaindex.com/crawler)"
176.9.58.227 - - [17/Jan/2023:22:09:39 +0100] "GET /pmwiki/pmwiki.php/Main/ADRMH%e1tr%e1nyai?action=diff&source=n&minor=y HTTP/1.1" 200 32626 "-" "Mozilla/5.0 (compatible; MegaIndex.ru/2.0; +http://megaindex.com/crawler)"
217.113.194.102 - - [17/Jan/2023:22:09:42 +0100] "GET /pmwiki/pmwiki.php/PmWiki/PerGroupCustomizations?action=print HTTP/1.1" 200 5876 "-" "Mozilla/5.0 (compatible; Barkrowler/0.9; +https://babbar.tech/crawler)"
176.9.58.227 - - [17/Jan/2023:22:09:44 +0100] "GET /pmwiki/pmwiki.php/Main/ADRMH%e1tr%e1nyai?action=diff&source=y&minor=n HTTP/1.1" 200 33195 "-" "Mozilla/5.0 (compatible; MegaIndex.ru/2.0; +http://megaindex.com/crawler)"
176.9.58.227 - - [17/Jan/2023:22:09:55 +0100] "GET /pmwiki/pmwiki.php/Main/EUCD?action=diff&source=n&minor=y HTTP/1.1" 200 24892 "-" "Mozilla/5.0 (compatible; MegaIndex.ru/2.0; +http://megaindex.com/crawler)"
217.113.194.106 - - [17/Jan/2023:22:09:57 +0100] "GET /pmwiki/pmwiki.php/PmWiki/TextFormattingRules?action=print HTTP/1.1" 200 11659 "-" "Mozilla/5.0 (compatible; Barkrowler/0.9; +https://babbar.tech/crawler)"
176.9.58.227 - - [17/Jan/2023:22:10:01 +0100] "GET /pmwiki/pmwiki.php/Main/EUCD?action=diff&source=y&minor=n HTTP/1.1" 200 22369 "-" "Mozilla/5.0 (compatible; MegaIndex.ru/2.0; +http://megaindex.com/crawler)"
176.9.58.227 - - [17/Jan/2023:22:10:06 +0100] "GET /pmwiki/pmwiki.php/Main/AJelenlegiSzerzoiJogiTorveny?action=diff&source=n&minor=y HTTP/1.1" 200 35610 "-" "Mozilla/5.0 (compatible; MegaIndex.ru/2.0; +http://megaindex.com/crawler)"
217.113.194.125 - - [17/Jan/2023:22:10:12 +0100] "GET /pmwiki/pmwiki.php/PmWiki/TextFormattingRules?action=edit HTTP/1.1" 200 12611 "-" "Mozilla/5.0 (compatible; Barkrowler/0.9; +https://babbar.tech/crawler)"
176.9.58.227 - - [17/Jan/2023:22:10:14 +0100] "GET /pmwiki/pmwiki.php/Main/AJelenlegiSzerzoiJogiTorveny?action=diff&source=y&minor=n HTTP/1.1" 200 35754 "-" "Mozilla/5.0 (compatible; MegaIndex.ru/2.0; +http://megaindex.com/crawler)"
176.9.58.227 - - [17/Jan/2023:22:10:20 +0100] "GET /pmwiki/pmwiki.php/Main/LehetsegesJavitasokEuropaban?action=diff&source=n&minor=y HTTP/1.1" 200 31061 "-" "Mozilla/5.0 (compatible; MegaIndex.ru/2.0; +http://megaindex.com/crawler)"
176.9.58.227 - - [17/Jan/2023:22:10:25 +0100] "GET /pmwiki/pmwiki.php/Main/LehetsegesJavitasokEuropaban?action=diff&source=y&minor=n HTTP/1.1" 200 28489 "-" "Mozilla/5.0 (compatible; MegaIndex.ru/2.0; +http://megaindex.com/crawler)"
217.113.194.122 - - [17/Jan/2023:22:10:28 +0100] "GET /pmwiki/pmwiki.php/PmWiki/CreatingNewPages?action=print HTTP/1.1" 200 4884 "-" "Mozilla/5.0 (compatible; Barkrowler/0.9; +https://babbar.tech/crawler)"
176.9.58.227 - - [17/Jan/2023:22:10:30 +0100] "GET /pmwiki/pmwiki.php/Main/Linkek?action=diff&source=n&minor=y HTTP/1.1" 200 38966 "-" "Mozilla/5.0 (compatible; MegaIndex.ru/2.0; +http://megaindex.com/crawler)"
176.9.58.227 - - [17/Jan/2023:22:10:36 +0100] "GET /pmwiki/pmwiki.php/Main/Linkek?action=diff&source=y&minor=n HTTP/1.1" 200 36112 "-" "Mozilla/5.0 (compatible; MegaIndex.ru/2.0; +http://megaindex.com/crawler)"
217.113.194.96 - - [17/Jan/2023:22:10:43 +0100] "GET /pmwiki/pmwiki.php/PmWiki/CreatingNewPages?action=edit HTTP/1.1" 200 12565 "-" "Mozilla/5.0 (compatible; Barkrowler/0.9; +https://babbar.tech/crawler)"
176.9.58.227 - - [17/Jan/2023:22:10:47 +0100] "GET /pmwiki/pmwiki.php/Main/H%edrek?action=diff&source=n&minor=y HTTP/1.1" 200 21348 "-" "Mozilla/5.0 (compatible; MegaIndex.ru/2.0; +http://megaindex.com/crawler)"
176.9.58.227 - - [17/Jan/2023:22:10:50 +0100] "GET /pmwiki/pmwiki.php/Main/H%edrek?action=diff&source=y&minor=n HTTP/1.1" 200 20617 "-" "Mozilla/5.0 (compatible; MegaIndex.ru/2.0; +http://megaindex.com/crawler)"
176.9.58.227 - - [17/Jan/2023:22:10:56 +0100] "GET /pmwiki/pmwiki.php/Main/DRMMunkacsoport?action=diff&source=n&minor=y HTTP/1.1" 200 14573 "-" "Mozilla/5.0 (compatible; MegaIndex.ru/2.0; +http://megaindex.com/crawler)"
217.113.194.91 - - [17/Jan/2023:22:10:58 +0100] "GET /pmwiki/pmwiki.php/PmWiki/CreatingNewPages?action=upload HTTP/1.1" 200 12445 "-" "Mozilla/5.0 (compatible; Barkrowler/0.9; +https://babbar.tech/crawler)"
176.9.58.227 - - [17/Jan/2023:22:10:59 +0100] "GET /pmwiki/pmwiki.php/Main/DRMMunkacsoport?action=diff&source=y&minor=n HTTP/1.1" 200 14623 "-" "Mozilla/5.0 (compatible; MegaIndex.ru/2.0; +http://megaindex.com/crawler)"
176.9.58.227 - - [17/Jan/2023:22:11:02 +0100] "GET /pmwiki/pmwiki.php/Main/C%e9lok?action=diff&source=n&minor=y HTTP/1.1" 200 23024 "-" "Mozilla/5.0 (compatible; MegaIndex.ru/2.0; +http://megaindex.com/crawler)"
176.9.58.227 - - [17/Jan/2023:22:11:07 +0100] "GET /pmwiki/pmwiki.php/Main/C%e9lok?action=diff&source=y&minor=n HTTP/1.1" 200 23169 "-" "Mozilla/5.0 (compatible; MegaIndex.ru/2.0; +http://megaindex.com/crawler)"
176.9.58.227 - - [17/Jan/2023:22:11:12 +0100] "GET /pmwiki/pmwiki.php/Main/Tud%e1smonop%f3lium?action=diff&source=n&minor=y HTTP/1.1" 200 29474 "-" "Mozilla/5.0 (compatible; MegaIndex.ru/2.0; +http://megaindex.com/crawler)"
217.113.194.123 - - [17/Jan/2023:22:11:13 +0100] "GET /pmwiki/pmwiki.php/PmWiki/Internationalizations?action=diff HTTP/1.1" 200 13072 "-" "Mozilla/5.0 (compatible; Barkrowler/0.9; +https://babbar.tech/crawler)"
176.9.58.227 - - [17/Jan/2023:22:11:18 +0100] "GET /pmwiki/pmwiki.php/Main/Tud%e1smonop%f3lium?action=diff&source=y&minor=n HTTP/1.1" 200 15347 "-" "Mozilla/5.0 (compatible; MegaIndex.ru/2.0; +http://megaindex.com/crawler)"
176.9.58.227 - - [17/Jan/2023:22:11:22 +0100] "GET /pmwiki/pmwiki.php/Main/Ipr?action=diff&source=n&minor=y HTTP/1.1" 200 15128 "-" "Mozilla/5.0 (compatible; MegaIndex.ru/2.0; +http://megaindex.com/crawler)"
176.9.58.227 - - [17/Jan/2023:22:11:25 +0100] "GET /pmwiki/pmwiki.php/Main/Ipr?action=diff&source=y&minor=n HTTP/1.1" 200 13639 "-" "Mozilla/5.0 (compatible; MegaIndex.ru/2.0; +http://megaindex.com/crawler)"
176.9.58.227 - - [17/Jan/2023:22:11:29 +0100] "GET /pmwiki/pmwiki.php/Main/V%e9delmiP%e9nz?action=diff&source=n&minor=y HTTP/1.1" 200 13896 "-" "Mozilla/5.0 (compatible; MegaIndex.ru/2.0; +http://megaindex.com/crawler)"
217.113.194.100 - - [17/Jan/2023:22:11:29 +0100] "GET /pmwiki/pmwiki.php/Cookbook-V1/UserAuth?action=edit HTTP/1.1" 200 12520 "-" "Mozilla/5.0 (compatible; Barkrowler/0.9; +https://babbar.tech/crawler)"
176.9.58.227 - - [17/Jan/2023:22:11:32 +0100] "GET /pmwiki/pmwiki.php/Main/V%e9delmiP%e9nz?action=diff&source=y&minor=n HTTP/1.1" 200 12911 "-" "Mozilla/5.0 (compatible; MegaIndex.ru/2.0; +http://megaindex.com/crawler)"
176.9.58.227 - - [17/Jan/2023:22:11:36 +0100] "GET /pmwiki/pmwiki.php/Main/Google?action=diff&source=n&minor=y HTTP/1.1" 200 54350 "-" "Mozilla/5.0 (compatible; MegaIndex.ru/2.0; +http://megaindex.com/crawler)"
217.113.194.70 - - [17/Jan/2023:22:11:44 +0100] "GET /pmwiki/pmwiki.php/Cookbook-V1/UserAuth?action=diff HTTP/1.1" 200 12933 "-" "Mozilla/5.0 (compatible; Barkrowler/0.9; +https://babbar.tech/crawler)"
176.9.58.227 - - [17/Jan/2023:22:11:44 +0100] "GET /pmwiki/pmwiki.php/Main/Google?action=diff&source=y&minor=n HTTP/1.1" 200 13496 "-" "Mozilla/5.0 (compatible; MegaIndex.ru/2.0; +http://megaindex.com/crawler)"
176.9.58.227 - - [17/Jan/2023:22:11:47 +0100] "GET /pmwiki/pmwiki.php/Main/Cache?action=diff&source=n&minor=n HTTP/1.1" 200 12743 "-" "Mozilla/5.0 (compatible; MegaIndex.ru/2.0; +http://megaindex.com/crawler)"
176.9.58.227 - - [17/Jan/2023:22:11:51 +0100] "GET /pmwiki/pmwiki.php/Main/Cache?action=diff&source=y&minor=y HTTP/1.1" 200 17703 "-" "Mozilla/5.0 (compatible; MegaIndex.ru/2.0; +http://megaindex.com/crawler)"
176.9.58.227 - - [17/Jan/2023:22:11:57 +0100] "GET /pmwiki/pmwiki.php/Main/Cache?action=edit&restore=diff:1182600574:1182600574:minor&preview=y HTTP/1.1" 200 12401 "-" "Mozilla/5.0 (compatible; MegaIndex.ru/2.0; +http://megaindex.com/crawler)"
176.9.58.227 - - [17/Jan/2023:22:12:00 +0100] "GET /pmwiki/pmwiki.php/Main/Cutts?action=diff&source=n&minor=n HTTP/1.1" 200 12745 "-" "Mozilla/5.0 (compatible; MegaIndex.ru/2.0; +http://megaindex.com/crawler)"
217.113.194.94 - - [17/Jan/2023:22:12:00 +0100] "GET /pmwiki/pmwiki.php/Cookbook-V1/UserAuth?action=upload HTTP/1.1" 200 12400 "-" "Mozilla/5.0 (compatible; Barkrowler/0.9; +https://babbar.tech/crawler)"
176.9.58.227 - - [17/Jan/2023:22:12:04 +0100] "GET /pmwiki/pmwiki.php/Main/Cutts?action=diff&source=y&minor=y HTTP/1.1" 200 31757 "-" "Mozilla/5.0 (compatible; MegaIndex.ru/2.0; +http://megaindex.com/crawler)"
176.9.58.227 - - [17/Jan/2023:22:12:11 +0100] "GET /pmwiki/pmwiki.php/Main/Cutts?action=edit&restore=diff:1123254992:1123254992:minor&preview=y HTTP/1.1" 200 12403 "-" "Mozilla/5.0 (compatible; MegaIndex.ru/2.0; +http://megaindex.com/crawler)"
176.9.58.227 - - [17/Jan/2023:22:12:14 +0100] "GET /pmwiki/pmwiki.php/Main/Power?action=diff&source=n&minor=n HTTP/1.1" 200 12747 "-" "Mozilla/5.0 (compatible; MegaIndex.ru/2.0; +http://megaindex.com/crawler)"
217.113.194.108 - - [17/Jan/2023:22:12:15 +0100] "GET /pmwiki/pmwiki.php/Profiles/AdelphiCharter?action=diff HTTP/1.1" 200 12984 "-" "Mozilla/5.0 (compatible; Barkrowler/0.9; +https://babbar.tech/crawler)"
176.9.58.227 - - [17/Jan/2023:22:12:17 +0100] "GET /pmwiki/pmwiki.php/Main/Power?action=diff&source=y&minor=y HTTP/1.1" 200 21368 "-" "Mozilla/5.0 (compatible; MegaIndex.ru/2.0; +http://megaindex.com/crawler)"
176.9.58.227 - - [17/Jan/2023:22:12:22 +0100] "GET /pmwiki/pmwiki.php/Main/Power?action=edit&restore=diff:1131357662:1131357662:minor&preview=y HTTP/1.1" 200 12405 "-" "Mozilla/5.0 (compatible; MegaIndex.ru/2.0; +http://megaindex.com/crawler)"
176.9.58.227 - - [17/Jan/2023:22:12:26 +0100] "GET /pmwiki/pmwiki.php/Main/Direkt%edva?action=diff&source=n&minor=y HTTP/1.1" 200 26112 "-" "Mozilla/5.0 (compatible; MegaIndex.ru/2.0; +http://megaindex.com/crawler)"
217.113.194.70 - - [17/Jan/2023:22:12:30 +0100] "GET /pmwiki/pmwiki.php/Profiles/Leforditando?action=diff HTTP/1.1" 200 12948 "-" "Mozilla/5.0 (compatible; Barkrowler/0.9; +https://babbar.tech/crawler)"
217.113.194.112 - - [17/Jan/2023:22:12:45 +0100] "GET /pmwiki/pmwiki.php/Main/Privacy?action=diff&source=n&minor=y HTTP/1.1" 200 12782 "-" "Mozilla/5.0 (compatible; Barkrowler/0.9; +https://babbar.tech/crawler)"
217.113.194.124 - - [17/Jan/2023:22:13:01 +0100] "GET /pmwiki/pmwiki.php/Main/Privacy?action=diff&source=n&minor=n HTTP/1.1" 200 12782 "-" "Mozilla/5.0 (compatible; Barkrowler/0.9; +https://babbar.tech/crawler)"
217.113.194.87 - - [17/Jan/2023:22:13:16 +0100] "GET /pmwiki/pmwiki.php/Main/Privacy?action=diff&source=y&minor=y HTTP/1.1" 200 12782 "-" "Mozilla/5.0 (compatible; Barkrowler/0.9; +https://babbar.tech/crawler)"
217.113.194.64 - - [17/Jan/2023:22:13:31 +0100] "GET /pmwiki/pmwiki.php/Main/Privacy?action=diff&source=y&minor=n HTTP/1.1" 200 12782 "-" "Mozilla/5.0 (compatible; Barkrowler/0.9; +https://babbar.tech/crawler)"
217.113.194.104 - - [17/Jan/2023:22:13:47 +0100] "GET /pmwiki/pmwiki.php/Main/DRMMunkacsoport?action=diff HTTP/1.1" 200 14573 "-" "Mozilla/5.0 (compatible; Barkrowler/0.9; +https://babbar.tech/crawler)"
217.113.194.114 - - [17/Jan/2023:22:14:02 +0100] "GET /pmwiki/pmwiki.php/Main/DRMMunkacsoport?action=print HTTP/1.1" 200 3060 "-" "Mozilla/5.0 (compatible; Barkrowler/0.9; +https://babbar.tech/crawler)"
217.113.194.115 - - [17/Jan/2023:22:14:17 +0100] "GET /pmwiki/pmwiki.php/Main/DRMMunkacsoport?action=edit HTTP/1.1" 200 12510 "-" "Mozilla/5.0 (compatible; Barkrowler/0.9; +https://babbar.tech/crawler)"
217.113.194.86 - - [17/Jan/2023:22:14:33 +0100] "GET /pmwiki/pmwiki.php/Main/DRMMunkacsoport?action=upload HTTP/1.1" 200 12390 "-" "Mozilla/5.0 (compatible; Barkrowler/0.9; +https://babbar.tech/crawler)"
217.113.194.110 - - [17/Jan/2023:22:14:48 +0100] "GET /pmwiki/pmwiki.php/Main/SzoftverSzabadalmak HTTP/1.1" 200 15057 "-" "Mozilla/5.0 (compatible; Barkrowler/0.9; +https://babbar.tech/crawler)"
217.113.194.98 - - [17/Jan/2023:22:15:03 +0100] "GET /pmwiki/pmwiki.php/Main/K%F6zlem%E9nye?action=diff HTTP/1.1" 200 22947 "-" "Mozilla/5.0 (compatible; Barkrowler/0.9; +https://babbar.tech/crawler)"
176.9.58.227 - - [17/Jan/2023:22:15:07 +0100] "GET /pmwiki/pmwiki.php/Main/CikkekPrivacy?action=diff&source=n&minor=y HTTP/1.1" 200 14574 "-" "Mozilla/5.0 (compatible; MegaIndex.ru/2.0; +http://megaindex.com/crawler)"
176.9.58.227 - - [17/Jan/2023:22:15:09 +0100] "GET /pmwiki/pmwiki.php/Main/CikkekPrivacy?action=diff&source=y&minor=n HTTP/1.1" 200 12889 "-" "Mozilla/5.0 (compatible; MegaIndex.ru/2.0; +http://megaindex.com/crawler)"
217.113.194.95 - - [17/Jan/2023:22:15:19 +0100] "GET /pmwiki/pmwiki.php/Main/K%F6zlem%E9nye?action=upload HTTP/1.1" 200 12366 "-" "Mozilla/5.0 (compatible; Barkrowler/0.9; +https://babbar.tech/crawler)"
217.113.194.118 - - [17/Jan/2023:22:15:34 +0100] "GET /pmwiki/pmwiki.php/Main/C?action=diff&source=n&minor=y HTTP/1.1" 200 12674 "-" "Mozilla/5.0 (compatible; Barkrowler/0.9; +https://babbar.tech/crawler)"
176.9.58.227 - - [17/Jan/2023:22:15:35 +0100] "GET /pmwiki/pmwiki.php/PmWiki/PmWiki?action=diff&source=n&minor=y HTTP/1.1" 200 457953 "-" "Mozilla/5.0 (compatible; MegaIndex.ru/2.0; +http://megaindex.com/crawler)"
217.113.194.98 - - [17/Jan/2023:22:15:49 +0100] "GET /pmwiki/pmwiki.php/Main/C?action=diff&source=n&minor=n HTTP/1.1" 200 12674 "-" "Mozilla/5.0 (compatible; Barkrowler/0.9; +https://babbar.tech/crawler)"
217.113.194.97 - - [17/Jan/2023:22:16:05 +0100] "GET /pmwiki/pmwiki.php/Main/C?action=diff&source=y&minor=y HTTP/1.1" 200 12674 "-" "Mozilla/5.0 (compatible; Barkrowler/0.9; +https://babbar.tech/crawler)"
176.9.58.227 - - [17/Jan/2023:22:16:13 +0100] "GET /pmwiki/pmwiki.php/PmWiki/PmWiki?action=diff&source=y&minor=n HTTP/1.1" 200 99488 "-" "Mozilla/5.0 (compatible; MegaIndex.ru/2.0; +http://megaindex.com/crawler)"
217.113.194.69 - - [17/Jan/2023:22:16:20 +0100] "GET /pmwiki/pmwiki.php/Main/C?action=diff&source=y&minor=n HTTP/1.1" 200 12674 "-" "Mozilla/5.0 (compatible; Barkrowler/0.9; +https://babbar.tech/crawler)"
176.9.58.227 - - [17/Jan/2023:22:16:28 +0100] "GET /pmwiki/pmwiki.php/PmWiki/WikiAdministrator?action=print HTTP/1.1" 200 3508 "-" "Mozilla/5.0 (compatible; MegaIndex.ru/2.0; +http://megaindex.com/crawler)"
176.9.58.227 - - [17/Jan/2023:22:16:32 +0100] "GET /pmwiki/pmwiki.php/PmWiki/Installation?action=diff&source=n&minor=y HTTP/1.1" 200 12910 "-" "Mozilla/5.0 (compatible; MegaIndex.ru/2.0; +http://megaindex.com/crawler)"
217.113.194.95 - - [17/Jan/2023:22:16:35 +0100] "GET /pmwiki/pmwiki.php/Main/Nyilatkozatok?action=edit HTTP/1.1" 200 12478 "-" "Mozilla/5.0 (compatible; Barkrowler/0.9; +https://babbar.tech/crawler)"
176.9.58.227 - - [17/Jan/2023:22:16:36 +0100] "GET /pmwiki/pmwiki.php/PmWiki/Installation?action=diff&source=y&minor=n HTTP/1.1" 200 12910 "-" "Mozilla/5.0 (compatible; MegaIndex.ru/2.0; +http://megaindex.com/crawler)"
176.9.58.227 - - [17/Jan/2023:22:16:41 +0100] "GET /pmwiki/pmwiki.php/PmWiki/Upgrades?action=diff&source=n&minor=n HTTP/1.1" 200 12838 "-" "Mozilla/5.0 (compatible; MegaIndex.ru/2.0; +http://megaindex.com/crawler)"
176.9.58.227 - - [17/Jan/2023:22:16:44 +0100] "GET /pmwiki/pmwiki.php/PmWiki/Upgrades?action=diff&source=y&minor=y HTTP/1.1" 200 12838 "-" "Mozilla/5.0 (compatible; MegaIndex.ru/2.0; +http://megaindex.com/crawler)"
176.9.58.227 - - [17/Jan/2023:22:16:48 +0100] "GET /pmwiki/pmwiki.php/PmWiki/Requirements?action=diff&source=n&minor=n HTTP/1.1" 200 12910 "-" "Mozilla/5.0 (compatible; MegaIndex.ru/2.0; +http://megaindex.com/crawler)"
217.113.194.79 - - [17/Jan/2023:22:16:51 +0100] "GET /pmwiki/pmwiki.php/Main/AzIPRJavaslat?action=print HTTP/1.1" 200 5182 "-" "Mozilla/5.0 (compatible; Barkrowler/0.9; +https://babbar.tech/crawler)"
176.9.58.227 - - [17/Jan/2023:22:16:52 +0100] "GET /pmwiki/pmwiki.php/PmWiki/Requirements?action=diff&source=y&minor=y HTTP/1.1" 200 12910 "-" "Mozilla/5.0 (compatible; MegaIndex.ru/2.0; +http://megaindex.com/crawler)"
176.9.58.227 - - [17/Jan/2023:22:16:55 +0100] "GET /pmwiki/pmwiki.php/PmWiki/MailingLists?action=diff&source=n&minor=n HTTP/1.1" 200 12910 "-" "Mozilla/5.0 (compatible; MegaIndex.ru/2.0; +http://megaindex.com/crawler)"
176.9.58.227 - - [17/Jan/2023:22:16:59 +0100] "GET /pmwiki/pmwiki.php/PmWiki/MailingLists?action=diff&source=y&minor=y HTTP/1.1" 200 12910 "-" "Mozilla/5.0 (compatible; MegaIndex.ru/2.0; +http://megaindex.com/crawler)"
176.9.58.227 - - [17/Jan/2023:22:17:03 +0100] "GET /pmwiki/pmwiki.php/PmWiki/LayoutBasics?action=diff&source=n&minor=n HTTP/1.1" 200 12911 "-" "Mozilla/5.0 (compatible; MegaIndex.ru/2.0; +http://megaindex.com/crawler)"
217.113.194.119 - - [17/Jan/2023:22:17:05 +0100] "GET /pmwiki/pmwiki.php/Main/AzIPRJavaslat?action=edit HTTP/1.1" 200 12478 "-" "Mozilla/5.0 (compatible; Barkrowler/0.9; +https://babbar.tech/crawler)"
176.9.58.227 - - [17/Jan/2023:22:17:06 +0100] "GET /pmwiki/pmwiki.php/PmWiki/LayoutBasics?action=diff&source=y&minor=y HTTP/1.1" 200 12911 "-" "Mozilla/5.0 (compatible; MegaIndex.ru/2.0; +http://megaindex.com/crawler)"
176.9.58.227 - - [17/Jan/2023:22:17:09 +0100] "GET /pmwiki/pmwiki.php/PmWiki/WikiAdministrator?action=edit HTTP/1.1" 200 12578 "-" "Mozilla/5.0 (compatible; MegaIndex.ru/2.0; +http://megaindex.com/crawler)"
176.9.58.227 - - [17/Jan/2023:22:17:12 +0100] "GET /pmwiki/pmwiki.php/PmWiki/WikiAdministrator?action=upload HTTP/1.1" 200 12458 "-" "Mozilla/5.0 (compatible; MegaIndex.ru/2.0; +http://megaindex.com/crawler)"
176.9.58.227 - - [17/Jan/2023:22:17:16 +0100] "GET /pmwiki/pmwiki.php/PmWiki/WikiAdministrator?action=diff HTTP/1.1" 200 12999 "-" "Mozilla/5.0 (compatible; MegaIndex.ru/2.0; +http://megaindex.com/crawler)"
176.9.58.227 - - [17/Jan/2023:22:17:20 +0100] "GET /pmwiki/pmwiki.php/PmWiki/AuthorTracking?action=diff&source=n&minor=n HTTP/1.1" 200 12947 "-" "Mozilla/5.0 (compatible; MegaIndex.ru/2.0; +http://megaindex.com/crawler)"
217.113.194.92 - - [17/Jan/2023:22:17:21 +0100] "GET /pmwiki/pmwiki.php/Main/AzIPRJavaslat?action=upload HTTP/1.1" 200 12358 "-" "Mozilla/5.0 (compatible; Barkrowler/0.9; +https://babbar.tech/crawler)"
176.9.58.227 - - [17/Jan/2023:22:17:22 +0100] "GET /pmwiki/pmwiki.php/PmWiki/AuthorTracking?action=diff&source=y&minor=y HTTP/1.1" 200 12947 "-" "Mozilla/5.0 (compatible; MegaIndex.ru/2.0; +http://megaindex.com/crawler)"
176.9.58.227 - - [17/Jan/2023:22:17:27 +0100] "GET /pmwiki/pmwiki.php/PmWiki/InitialSetupTasks?action=diff&source=n&minor=n HTTP/1.1" 200 13001 "-" "Mozilla/5.0 (compatible; MegaIndex.ru/2.0; +http://megaindex.com/crawler)"
176.9.58.227 - - [17/Jan/2023:22:17:31 +0100] "GET /pmwiki/pmwiki.php/PmWiki/InitialSetupTasks?action=diff&source=y&minor=y HTTP/1.1" 200 13001 "-" "Mozilla/5.0 (compatible; MegaIndex.ru/2.0; +http://megaindex.com/crawler)"
176.9.58.227 - - [17/Jan/2023:22:17:34 +0100] "GET /pmwiki/pmwiki.php/PmWiki/RecentChanges?action=print HTTP/1.1" 200 12002 "-" "Mozilla/5.0 (compatible; MegaIndex.ru/2.0; +http://megaindex.com/crawler)"
217.113.194.126 - - [17/Jan/2023:22:17:36 +0100] "GET /pmwiki/pmwiki.php/Main/2004Szeptember1?action=upload HTTP/1.1" 200 12390 "-" "Mozilla/5.0 (compatible; Barkrowler/0.9; +https://babbar.tech/crawler)"
176.9.58.227 - - [17/Jan/2023:22:17:37 +0100] "GET /pmwiki/pmwiki.php/PmWiki/WikiPage?action=print HTTP/1.1" 200 2705 "-" "Mozilla/5.0 (compatible; MegaIndex.ru/2.0; +http://megaindex.com/crawler)"
176.9.58.227 - - [17/Jan/2023:22:17:41 +0100] "GET /pmwiki/pmwiki.php/PmWiki/TipsForEditing?action=diff&source=n&minor=y HTTP/1.1" 200 12947 "-" "Mozilla/5.0 (compatible; MegaIndex.ru/2.0; +http://megaindex.com/crawler)"
176.9.58.227 - - [17/Jan/2023:22:17:45 +0100] "GET /pmwiki/pmwiki.php/PmWiki/TipsForEditing?action=diff&source=y&minor=n HTTP/1.1" 200 12947 "-" "Mozilla/5.0 (compatible; MegaIndex.ru/2.0; +http://megaindex.com/crawler)"
176.9.58.227 - - [17/Jan/2023:22:17:48 +0100] "GET /pmwiki/pmwiki.php/PmWiki/WikiWikiWeb?action=diff&source=n&minor=n HTTP/1.1" 200 12892 "-" "Mozilla/5.0 (compatible; MegaIndex.ru/2.0; +http://megaindex.com/crawler)"
217.113.194.111 - - [17/Jan/2023:22:17:52 +0100] "GET /pmwiki/pmwiki.php/Main/2004Augusztus15?action=edit HTTP/1.1" 200 12513 "-" "Mozilla/5.0 (compatible; Barkrowler/0.9; +https://babbar.tech/crawler)"
176.9.58.227 - - [17/Jan/2023:22:17:51 +0100] "GET /pmwiki/pmwiki.php/PmWiki/WikiWikiWeb?action=diff&source=y&minor=y HTTP/1.1" 200 12892 "-" "Mozilla/5.0 (compatible; MegaIndex.ru/2.0; +http://megaindex.com/crawler)"
176.9.58.227 - - [17/Jan/2023:22:17:55 +0100] "GET /pmwiki/pmwiki.php/PmWiki/RecentChanges?action=edit HTTP/1.1" 200 12512 "-" "Mozilla/5.0 (compatible; MegaIndex.ru/2.0; +http://megaindex.com/crawler)"
176.9.58.227 - - [17/Jan/2023:22:17:59 +0100] "GET /pmwiki/pmwiki.php/PmWiki/RecentChanges?action=upload HTTP/1.1" 200 12392 "-" "Mozilla/5.0 (compatible; MegaIndex.ru/2.0; +http://megaindex.com/crawler)"
176.9.58.227 - - [17/Jan/2023:22:18:02 +0100] "GET /pmwiki/pmwiki.php/PmWiki/RecentChanges?action=diff HTTP/1.1" 200 16087 "-" "Mozilla/5.0 (compatible; MegaIndex.ru/2.0; +http://megaindex.com/crawler)"
217.113.194.96 - - [17/Jan/2023:22:18:07 +0100] "GET /pmwiki/pmwiki.php/Main/2004Augusztus15?action=upload HTTP/1.1" 200 12393 "-" "Mozilla/5.0 (compatible; Barkrowler/0.9; +https://babbar.tech/crawler)"
176.9.58.227 - - [17/Jan/2023:22:18:09 +0100] "GET /pmwiki/pmwiki.php/PmWiki/WikiNature?action=diff&source=n&minor=n HTTP/1.1" 200 12875 "-" "Mozilla/5.0 (compatible; MegaIndex.ru/2.0; +http://megaindex.com/crawler)"
176.9.58.227 - - [17/Jan/2023:22:18:13 +0100] "GET /pmwiki/pmwiki.php/PmWiki/WikiNature?action=diff&source=y&minor=y HTTP/1.1" 200 12875 "-" "Mozilla/5.0 (compatible; MegaIndex.ru/2.0; +http://megaindex.com/crawler)"
176.9.58.227 - - [17/Jan/2023:22:18:16 +0100] "GET /pmwiki/pmwiki.php/PmWiki/WikiWord?action=diff&source=n&minor=n HTTP/1.1" 200 12840 "-" "Mozilla/5.0 (compatible; MegaIndex.ru/2.0; +http://megaindex.com/crawler)"
176.9.58.227 - - [17/Jan/2023:22:18:20 +0100] "GET /pmwiki/pmwiki.php/PmWiki/WikiWord?action=diff&source=y&minor=y HTTP/1.1" 200 12840 "-" "Mozilla/5.0 (compatible; MegaIndex.ru/2.0; +http://megaindex.com/crawler)"
217.113.194.84 - - [17/Jan/2023:22:18:22 +0100] "GET /pmwiki/pmwiki.php/Main/2004Augusztus15?action=diff HTTP/1.1" 200 12926 "-" "Mozilla/5.0 (compatible; Barkrowler/0.9; +https://babbar.tech/crawler)"
176.9.58.227 - - [17/Jan/2023:22:18:24 +0100] "GET /pmwiki/pmwiki.php/PmWiki/WikiStructure?action=diff&source=n&minor=n HTTP/1.1" 200 12929 "-" "Mozilla/5.0 (compatible; MegaIndex.ru/2.0; +http://megaindex.com/crawler)"
176.9.58.227 - - [17/Jan/2023:22:18:28 +0100] "GET /pmwiki/pmwiki.php/PmWiki/WikiStructure?action=diff&source=y&minor=y HTTP/1.1" 200 12929 "-" "Mozilla/5.0 (compatible; MegaIndex.ru/2.0; +http://megaindex.com/crawler)"
176.9.58.227 - - [17/Jan/2023:22:18:32 +0100] "GET /pmwiki/pmwiki.php/PmWiki/WikiPage?action=edit HTTP/1.1" 200 12436 "-" "Mozilla/5.0 (compatible; MegaIndex.ru/2.0; +http://megaindex.com/crawler)"
176.9.58.227 - - [17/Jan/2023:22:18:36 +0100] "GET /pmwiki/pmwiki.php/PmWiki/WikiPage?action=upload HTTP/1.1" 200 12316 "-" "Mozilla/5.0 (compatible; MegaIndex.ru/2.0; +http://megaindex.com/crawler)"
217.113.194.126 - - [17/Jan/2023:22:18:37 +0100] "GET /pmwiki/pmwiki.php/Main/2004Augusztus18?action=edit HTTP/1.1" 200 12510 "-" "Mozilla/5.0 (compatible; Barkrowler/0.9; +https://babbar.tech/crawler)"
176.9.58.227 - - [17/Jan/2023:22:18:40 +0100] "GET /pmwiki/pmwiki.php/PmWiki/WikiPage?action=diff HTTP/1.1" 200 12839 "-" "Mozilla/5.0 (compatible; MegaIndex.ru/2.0; +http://megaindex.com/crawler)"
176.9.58.227 - - [17/Jan/2023:22:18:46 +0100] "GET /pmwiki/pmwiki.php/PmWiki/GoodStyle?action=diff&source=n&minor=n HTTP/1.1" 200 12857 "-" "Mozilla/5.0 (compatible; MegaIndex.ru/2.0; +http://megaindex.com/crawler)"
176.9.58.227 - - [17/Jan/2023:22:18:52 +0100] "GET /pmwiki/pmwiki.php/PmWiki/GoodStyle?action=diff&source=y&minor=y HTTP/1.1" 200 12857 "-" "Mozilla/5.0 (compatible; MegaIndex.ru/2.0; +http://megaindex.com/crawler)"
217.113.194.101 - - [17/Jan/2023:22:18:53 +0100] "GET /pmwiki/pmwiki.php/Main/2004Augusztus18?action=upload HTTP/1.1" 200 12390 "-" "Mozilla/5.0 (compatible; Barkrowler/0.9; +https://babbar.tech/crawler)"
176.9.58.227 - - [17/Jan/2023:22:18:57 +0100] "GET /pmwiki/pmwiki.php/PmWiki/ImagesInWikiPages?action=diff&source=n&minor=n HTTP/1.1" 200 13001 "-" "Mozilla/5.0 (compatible; MegaIndex.ru/2.0; +http://megaindex.com/crawler)"
176.9.58.227 - - [17/Jan/2023:22:19:00 +0100] "GET /pmwiki/pmwiki.php/PmWiki/ImagesInWikiPages?action=diff&source=y&minor=y HTTP/1.1" 200 13001 "-" "Mozilla/5.0 (compatible; MegaIndex.ru/2.0; +http://megaindex.com/crawler)"
176.9.58.227 - - [17/Jan/2023:22:19:04 +0100] "GET /pmwiki/pmwiki.php/PmWiki/WikiSandbox?action=print HTTP/1.1" 302 213 "-" "Mozilla/5.0 (compatible; MegaIndex.ru/2.0; +http://megaindex.com/crawler)"
176.9.58.227 - - [17/Jan/2023:22:19:07 +0100] "GET /pmwiki/pmwiki.php/PmWiki/IncludeOtherPages?action=print HTTP/1.1" 200 8211 "-" "Mozilla/5.0 (compatible; MegaIndex.ru/2.0; +http://megaindex.com/crawler)"
217.113.194.116 - - [17/Jan/2023:22:19:08 +0100] "GET /pmwiki/pmwiki.php/Main/2004Augusztus18?action=diff HTTP/1.1" 200 14665 "-" "Mozilla/5.0 (compatible; Barkrowler/0.9; +https://babbar.tech/crawler)"
176.9.58.227 - - [17/Jan/2023:22:19:11 +0100] "GET /pmwiki/pmwiki.php/PmWiki/ConditionalMarkup?action=print HTTP/1.1" 200 6452 "-" "Mozilla/5.0 (compatible; MegaIndex.ru/2.0; +http://megaindex.com/crawler)"
176.9.58.227 - - [17/Jan/2023:22:19:15 +0100] "GET /pmwiki/pmwiki.php/Main/AllRecentChanges?action=print HTTP/1.1" 200 44715 "-" "Mozilla/5.0 (compatible; MegaIndex.ru/2.0; +http://megaindex.com/crawler)"
176.9.58.227 - - [17/Jan/2023:22:19:23 +0100] "GET /pmwiki/pmwiki.php/PmWiki/Security?action=print HTTP/1.1" 200 5095 "-" "Mozilla/5.0 (compatible; MegaIndex.ru/2.0; +http://megaindex.com/crawler)"
217.113.194.77 - - [17/Jan/2023:22:19:23 +0100] "GET /pmwiki/pmwiki.php/Main/2004Augusztus18?action=print HTTP/1.1" 200 3574 "-" "Mozilla/5.0 (compatible; Barkrowler/0.9; +https://babbar.tech/crawler)"
176.9.58.227 - - [17/Jan/2023:22:19:26 +0100] "GET /pmwiki/pmwiki.php/PmWiki/WikiFarms?action=print HTTP/1.1" 200 10354 "-" "Mozilla/5.0 (compatible; MegaIndex.ru/2.0; +http://megaindex.com/crawler)"
176.9.58.227 - - [17/Jan/2023:22:19:30 +0100] "GET /pmwiki/pmwiki.php/Main/GroupAttributes?action=print HTTP/1.1" 200 2296 "-" "Mozilla/5.0 (compatible; MegaIndex.ru/2.0; +http://megaindex.com/crawler)"
176.9.58.227 - - [17/Jan/2023:22:19:34 +0100] "GET /pmwiki/pmwiki.php/PmWiki/GroupAttributes?action=print HTTP/1.1" 200 2304 "-" "Mozilla/5.0 (compatible; MegaIndex.ru/2.0; +http://megaindex.com/crawler)"
176.9.58.227 - - [17/Jan/2023:22:19:37 +0100] "GET /pmwiki/pmwiki.php/PmWiki/UploadVariables?action=print HTTP/1.1" 200 4243 "-" "Mozilla/5.0 (compatible; MegaIndex.ru/2.0; +http://megaindex.com/crawler)"
217.113.194.73 - - [17/Jan/2023:22:19:39 +0100] "GET /pmwiki/pmwiki.php/Main/2004Augusztus5?action=diff HTTP/1.1" 200 16408 "-" "Mozilla/5.0 (compatible; Barkrowler/0.9; +https://babbar.tech/crawler)"
176.9.58.227 - - [17/Jan/2023:22:19:41 +0100] "GET /pmwiki/pmwiki.php/PmWiki/I18nVariables?action=print HTTP/1.1" 200 2936 "-" "Mozilla/5.0 (compatible; MegaIndex.ru/2.0; +http://megaindex.com/crawler)"
176.9.58.227 - - [17/Jan/2023:22:19:45 +0100] "GET /pmwiki/pmwiki.php/PmWiki/DocumentationIndex?action=diff&source=n&minor=y HTTP/1.1" 200 13019 "-" "Mozilla/5.0 (compatible; MegaIndex.ru/2.0; +http://megaindex.com/crawler)"
176.9.58.227 - - [17/Jan/2023:22:19:48 +0100] "GET /pmwiki/pmwiki.php/PmWiki/DocumentationIndex?action=diff&source=y&minor=n HTTP/1.1" 200 13019 "-" "Mozilla/5.0 (compatible; MegaIndex.ru/2.0; +http://megaindex.com/crawler)"
176.9.58.227 - - [17/Jan/2023:22:19:52 +0100] "GET /pmwiki/pmwiki.php/PmWiki/BasicEditing?action=diff&source=n&minor=n HTTP/1.1" 200 12911 "-" "Mozilla/5.0 (compatible; MegaIndex.ru/2.0; +http://megaindex.com/crawler)"
217.113.194.123 - - [17/Jan/2023:22:19:55 +0100] "GET /pmwiki/pmwiki.php/Main/2004Augusztus5?action=upload HTTP/1.1" 200 12374 "-" "Mozilla/5.0 (compatible; Barkrowler/0.9; +https://babbar.tech/crawler)"
176.9.58.227 - - [17/Jan/2023:22:19:57 +0100] "GET /pmwiki/pmwiki.php/PmWiki/BasicEditing?action=diff&source=y&minor=y HTTP/1.1" 200 12911 "-" "Mozilla/5.0 (compatible; MegaIndex.ru/2.0; +http://megaindex.com/crawler)"
176.9.58.227 - - [17/Jan/2023:22:20:02 +0100] "GET /pmwiki/pmwiki.php/PmWiki/CreatingNewPages?action=diff&source=n&minor=n HTTP/1.1" 200 12984 "-" "Mozilla/5.0 (compatible; MegaIndex.ru/2.0; +http://megaindex.com/crawler)"
176.9.58.227 - - [17/Jan/2023:22:20:05 +0100] "GET /pmwiki/pmwiki.php/PmWiki/CreatingNewPages?action=diff&source=y&minor=y HTTP/1.1" 200 12984 "-" "Mozilla/5.0 (compatible; MegaIndex.ru/2.0; +http://megaindex.com/crawler)"
176.9.58.227 - - [17/Jan/2023:22:20:07 +0100] "GET /pmwiki/pmwiki.php/PmWiki/Links?action=diff&source=n&minor=n HTTP/1.1" 200 12784 "-" "Mozilla/5.0 (compatible; MegaIndex.ru/2.0; +http://megaindex.com/crawler)"
217.113.194.100 - - [17/Jan/2023:22:20:10 +0100] "GET /pmwiki/pmwiki.php/Main/2004Augusztus5?action=print HTTP/1.1" 200 5461 "-" "Mozilla/5.0 (compatible; Barkrowler/0.9; +https://babbar.tech/crawler)"
176.9.58.227 - - [17/Jan/2023:22:20:11 +0100] "GET /pmwiki/pmwiki.php/PmWiki/Links?action=diff&source=y&minor=y HTTP/1.1" 200 12784 "-" "Mozilla/5.0 (compatible; MegaIndex.ru/2.0; +http://megaindex.com/crawler)"
176.9.58.227 - - [17/Jan/2023:22:20:15 +0100] "GET /pmwiki/pmwiki.php/Main/WikiSandbox?from=PmWiki.WikiSandbox HTTP/1.1" 200 12279 "-" "Mozilla/5.0 (compatible; MegaIndex.ru/2.0; +http://megaindex.com/crawler)"
176.9.58.227 - - [17/Jan/2023:22:20:18 +0100] "GET /pmwiki/pmwiki.php/PmWiki/WikiStyles?action=diff&source=n&minor=n HTTP/1.1" 200 12874 "-" "Mozilla/5.0 (compatible; MegaIndex.ru/2.0; +http://megaindex.com/crawler)"
176.9.58.227 - - [17/Jan/2023:22:20:22 +0100] "GET /pmwiki/pmwiki.php/PmWiki/WikiStyles?action=diff&source=y&minor=y HTTP/1.1" 200 12874 "-" "Mozilla/5.0 (compatible; MegaIndex.ru/2.0; +http://megaindex.com/crawler)"
176.9.58.227 - - [17/Jan/2023:22:20:25 +0100] "GET /pmwiki/pmwiki.php/PmWiki/WikiStyleExamples?action=diff&source=n&minor=n HTTP/1.1" 200 13000 "-" "Mozilla/5.0 (compatible; MegaIndex.ru/2.0; +http://megaindex.com/crawler)"
217.113.194.111 - - [17/Jan/2023:22:20:25 +0100] "GET /pmwiki/pmwiki.php/Main/Power?action=diff&source=n&minor=y HTTP/1.1" 200 21611 "-" "Mozilla/5.0 (compatible; Barkrowler/0.9; +https://babbar.tech/crawler)"
176.9.58.227 - - [17/Jan/2023:22:20:28 +0100] "GET /pmwiki/pmwiki.php/PmWiki/WikiStyleExamples?action=diff&source=y&minor=y HTTP/1.1" 200 13000 "-" "Mozilla/5.0 (compatible; MegaIndex.ru/2.0; +http://megaindex.com/crawler)"
176.9.58.227 - - [17/Jan/2023:22:20:31 +0100] "GET /pmwiki/pmwiki.php/PmWiki/Uploads?action=diff&source=n&minor=n HTTP/1.1" 200 12821 "-" "Mozilla/5.0 (compatible; MegaIndex.ru/2.0; +http://megaindex.com/crawler)"
176.9.58.227 - - [17/Jan/2023:22:20:35 +0100] "GET /pmwiki/pmwiki.php/PmWiki/Uploads?action=diff&source=y&minor=y HTTP/1.1" 200 12821 "-" "Mozilla/5.0 (compatible; MegaIndex.ru/2.0; +http://megaindex.com/crawler)"
176.9.58.227 - - [17/Jan/2023:22:20:38 +0100] "GET /pmwiki/pmwiki.php/PmWiki/SimpleTables?action=diff&source=n&minor=n HTTP/1.1" 200 12910 "-" "Mozilla/5.0 (compatible; MegaIndex.ru/2.0; +http://megaindex.com/crawler)"
217.113.194.67 - - [17/Jan/2023:22:20:41 +0100] "GET /pmwiki/pmwiki.php/Main/Power?action=diff&source=n&minor=n HTTP/1.1" 200 12747 "-" "Mozilla/5.0 (compatible; Barkrowler/0.9; +https://babbar.tech/crawler)"
176.9.58.227 - - [17/Jan/2023:22:20:42 +0100] "GET /pmwiki/pmwiki.php/PmWiki/SimpleTables?action=diff&source=y&minor=y HTTP/1.1" 200 12910 "-" "Mozilla/5.0 (compatible; MegaIndex.ru/2.0; +http://megaindex.com/crawler)"
176.9.58.227 - - [17/Jan/2023:22:20:46 +0100] "GET /pmwiki/pmwiki.php/PmWiki/SimpleTables2?action=diff&source=n&minor=n HTTP/1.1" 200 12929 "-" "Mozilla/5.0 (compatible; MegaIndex.ru/2.0; +http://megaindex.com/crawler)"
176.9.58.227 - - [17/Jan/2023:22:20:49 +0100] "GET /pmwiki/pmwiki.php/PmWiki/SimpleTables2?action=diff&source=y&minor=y HTTP/1.1" 200 12929 "-" "Mozilla/5.0 (compatible; MegaIndex.ru/2.0; +http://megaindex.com/crawler)"
176.9.58.227 - - [17/Jan/2023:22:20:53 +0100] "GET /pmwiki/pmwiki.php/PmWiki/AdvancedTables?action=diff&source=n&minor=n HTTP/1.1" 200 12947 "-" "Mozilla/5.0 (compatible; MegaIndex.ru/2.0; +http://megaindex.com/crawler)"
217.113.194.72 - - [17/Jan/2023:22:20:56 +0100] "GET /pmwiki/pmwiki.php/Main/Power?action=diff&source=y&minor=y HTTP/1.1" 200 21368 "-" "Mozilla/5.0 (compatible; Barkrowler/0.9; +https://babbar.tech/crawler)"
176.9.58.227 - - [17/Jan/2023:22:20:56 +0100] "GET /pmwiki/pmwiki.php/PmWiki/AdvancedTables?action=diff&source=y&minor=y HTTP/1.1" 200 12947 "-" "Mozilla/5.0 (compatible; MegaIndex.ru/2.0; +http://megaindex.com/crawler)"
176.9.58.227 - - [17/Jan/2023:22:21:00 +0100] "GET /pmwiki/pmwiki.php/PmWiki/InterMap?action=diff&source=n&minor=n HTTP/1.1" 200 12839 "-" "Mozilla/5.0 (compatible; MegaIndex.ru/2.0; +http://megaindex.com/crawler)"
176.9.58.227 - - [17/Jan/2023:22:21:04 +0100] "GET /pmwiki/pmwiki.php/PmWiki/InterMap?action=diff&source=y&minor=y HTTP/1.1" 200 12839 "-" "Mozilla/5.0 (compatible; MegaIndex.ru/2.0; +http://megaindex.com/crawler)"
176.9.58.227 - - [17/Jan/2023:22:21:08 +0100] "GET /pmwiki/pmwiki.php/PmWiki/SpecialMarkups?action=diff&source=n&minor=n HTTP/1.1" 200 12960 "-" "Mozilla/5.0 (compatible; MegaIndex.ru/2.0; +http://megaindex.com/crawler)"
176.9.58.227 - - [17/Jan/2023:22:21:11 +0100] "GET /pmwiki/pmwiki.php/PmWiki/SpecialMarkups?action=diff&source=y&minor=y HTTP/1.1" 200 12960 "-" "Mozilla/5.0 (compatible; MegaIndex.ru/2.0; +http://megaindex.com/crawler)"
217.113.194.81 - - [17/Jan/2023:22:21:11 +0100] "GET /pmwiki/pmwiki.php/Main/AdelphiAlapokm%E1ny HTTP/1.1" 200 16161 "-" "Mozilla/5.0 (compatible; Barkrowler/0.9; +https://babbar.tech/crawler)"
176.9.58.227 - - [17/Jan/2023:22:21:14 +0100] "GET /pmwiki/pmwiki.php/PmWiki/IncludeOtherPages?action=edit HTTP/1.1" 200 12581 "-" "Mozilla/5.0 (compatible; MegaIndex.ru/2.0; +http://megaindex.com/crawler)"
176.9.58.227 - - [17/Jan/2023:22:21:19 +0100] "GET /pmwiki/pmwiki.php/PmWiki/IncludeOtherPages?action=upload HTTP/1.1" 200 12461 "-" "Mozilla/5.0 (compatible; MegaIndex.ru/2.0; +http://megaindex.com/crawler)"
176.9.58.227 - - [17/Jan/2023:22:21:24 +0100] "GET /pmwiki/pmwiki.php/PmWiki/IncludeOtherPages?action=diff HTTP/1.1" 200 13002 "-" "Mozilla/5.0 (compatible; MegaIndex.ru/2.0; +http://megaindex.com/crawler)"
217.113.194.72 - - [17/Jan/2023:22:21:27 +0100] "GET /pmwiki/pmwiki.php/Main/2004-esNyilatkozat?action=edit HTTP/1.1" 200 12558 "-" "Mozilla/5.0 (compatible; Barkrowler/0.9; +https://babbar.tech/crawler)"
176.9.58.227 - - [17/Jan/2023:22:21:28 +0100] "GET /pmwiki/pmwiki.php/PmWiki/MarkupMasterIndex?action=diff&source=n&minor=n HTTP/1.1" 200 13022 "-" "Mozilla/5.0 (compatible; MegaIndex.ru/2.0; +http://megaindex.com/crawler)"
176.9.58.227 - - [17/Jan/2023:22:21:32 +0100] "GET /pmwiki/pmwiki.php/PmWiki/MarkupMasterIndex?action=diff&source=y&minor=y HTTP/1.1" 200 13022 "-" "Mozilla/5.0 (compatible; MegaIndex.ru/2.0; +http://megaindex.com/crawler)"
