176.9.58.227 - - [17/Jan/2023:20:52:15 +0100] "GET /pmwiki/pmwiki.php/Main/Nyilatkozatok?action=edit&restore=diff:1120083286:1120083172:&preview=y HTTP/1.1" 200 12524 "-" "Mozilla/5.0 (compatible; MegaIndex.ru/2.0; +http://megaindex.com/crawler)"
176.9.58.227 - - [17/Jan/2023:20:52:19 +0100] "GET /pmwiki/pmwiki.php/Main/Nyilatkozatok?action=edit&restore=diff:1120083172:1120082868:&preview=y HTTP/1.1" 200 12524 "-" "Mozilla/5.0 (compatible; MegaIndex.ru/2.0; +http://megaindex.com/crawler)"
217.113.194.71 - - [17/Jan/2023:20:52:20 +0100] "GET /pmwiki/pmwiki.php/Main/Mintalevel0509?action=edit HTTP/1.1" 200 12494 "-" "Mozilla/5.0 (compatible; Barkrowler/0.9; +https://babbar.tech/crawler)"
176.9.58.227 - - [17/Jan/2023:20:52:22 +0100] "GET /pmwiki/pmwiki.php/Main/Nyilatkozatok?action=edit&restore=diff:1120082868:1120082868:&preview=y HTTP/1.1" 200 12524 "-" "Mozilla/5.0 (compatible; MegaIndex.ru/2.0; +http://megaindex.com/crawler)"
176.9.58.227 - - [17/Jan/2023:20:52:25 +0100] "GET /pmwiki/pmwiki.php/Main/2003M%e1jusBr%fcsszeliT%fara?action=edit HTTP/1.1" 200 12706 "-" "Mozilla/5.0 (compatible; MegaIndex.ru/2.0; +http://megaindex.com/crawler)"
176.9.58.227 - - [17/Jan/2023:20:52:27 +0100] "GET /pmwiki/pmwiki.php/Main/2003M%e1jusBr%fcsszeliT%fara?action=upload HTTP/1.1" 200 12586 "-" "Mozilla/5.0 (compatible; MegaIndex.ru/2.0; +http://megaindex.com/crawler)"
176.9.58.227 - - [17/Jan/2023:20:52:33 +0100] "GET /pmwiki/pmwiki.php/Main/2003M%e1jusBr%fcsszeliT%fara?action=diff HTTP/1.1" 200 14621 "-" "Mozilla/5.0 (compatible; MegaIndex.ru/2.0; +http://megaindex.com/crawler)"
217.113.194.123 - - [17/Jan/2023:20:52:35 +0100] "GET /pmwiki/pmwiki.php/Main/Mintalevel0509?action=upload HTTP/1.1" 200 12374 "-" "Mozilla/5.0 (compatible; Barkrowler/0.9; +https://babbar.tech/crawler)"
176.9.58.227 - - [17/Jan/2023:20:52:36 +0100] "GET /pmwiki/pmwiki.php/Main/2003M%e1jusiNyilatkozat?action=edit HTTP/1.1" 200 12634 "-" "Mozilla/5.0 (compatible; MegaIndex.ru/2.0; +http://megaindex.com/crawler)"
176.9.58.227 - - [17/Jan/2023:20:52:40 +0100] "GET /pmwiki/pmwiki.php/Main/2003M%e1jusiNyilatkozat?action=upload HTTP/1.1" 200 12514 "-" "Mozilla/5.0 (compatible; MegaIndex.ru/2.0; +http://megaindex.com/crawler)"
176.9.58.227 - - [17/Jan/2023:20:52:44 +0100] "GET /pmwiki/pmwiki.php/Main/2003M%e1jusiNyilatkozat?action=diff HTTP/1.1" 200 16688 "-" "Mozilla/5.0 (compatible; MegaIndex.ru/2.0; +http://megaindex.com/crawler)"
176.9.58.227 - - [17/Jan/2023:20:52:49 +0100] "GET /pmwiki/pmwiki.php/Main/2003M%e1jusiNyilatkozathozKapcsol%f3d%f3Cikk?action=edit HTTP/1.1" 200 12962 "-" "Mozilla/5.0 (compatible; MegaIndex.ru/2.0; +http://megaindex.com/crawler)"
217.113.194.82 - - [17/Jan/2023:20:52:50 +0100] "GET /pmwiki/pmwiki.php/Main/Mintalevel0509?action=print HTTP/1.1" 200 6847 "-" "Mozilla/5.0 (compatible; Barkrowler/0.9; +https://babbar.tech/crawler)"
176.9.58.227 - - [17/Jan/2023:20:52:53 +0100] "GET /pmwiki/pmwiki.php/Main/2003M%e1jusiNyilatkozathozKapcsol%f3d%f3Cikk?action=upload HTTP/1.1" 200 12842 "-" "Mozilla/5.0 (compatible; MegaIndex.ru/2.0; +http://megaindex.com/crawler)"
176.9.58.227 - - [17/Jan/2023:20:52:56 +0100] "GET /pmwiki/pmwiki.php/Main/2003M%e1jusiNyilatkozathozKapcsol%f3d%f3Cikk?action=diff HTTP/1.1" 200 16507 "-" "Mozilla/5.0 (compatible; MegaIndex.ru/2.0; +http://megaindex.com/crawler)"
176.9.58.227 - - [17/Jan/2023:20:53:04 +0100] "GET /pmwiki/pmwiki.php/Main/2004-esNyilatkozat?action=edit HTTP/1.1" 200 12558 "-" "Mozilla/5.0 (compatible; MegaIndex.ru/2.0; +http://megaindex.com/crawler)"
217.113.194.95 - - [17/Jan/2023:20:53:06 +0100] "GET /pmwiki/pmwiki.php/Main/Mintalevel0509?action=diff HTTP/1.1" 200 23141 "-" "Mozilla/5.0 (compatible; Barkrowler/0.9; +https://babbar.tech/crawler)"
176.9.58.227 - - [17/Jan/2023:20:53:07 +0100] "GET /pmwiki/pmwiki.php/Main/2004-esNyilatkozat?action=upload HTTP/1.1" 200 12438 "-" "Mozilla/5.0 (compatible; MegaIndex.ru/2.0; +http://megaindex.com/crawler)"
176.9.58.227 - - [17/Jan/2023:20:53:10 +0100] "GET /pmwiki/pmwiki.php/Main/2004-esNyilatkozat?action=diff HTTP/1.1" 200 17019 "-" "Mozilla/5.0 (compatible; MegaIndex.ru/2.0; +http://megaindex.com/crawler)"
176.9.58.227 - - [17/Jan/2023:20:53:17 +0100] "GET /pmwiki/pmwiki.php/Main/HarcT%edzITSzabadalomEllen?action=edit HTTP/1.1" 200 12682 "-" "Mozilla/5.0 (compatible; MegaIndex.ru/2.0; +http://megaindex.com/crawler)"
176.9.58.227 - - [17/Jan/2023:20:53:20 +0100] "GET /pmwiki/pmwiki.php/Main/HarcT%edzITSzabadalomEllen?action=upload HTTP/1.1" 200 12562 "-" "Mozilla/5.0 (compatible; MegaIndex.ru/2.0; +http://megaindex.com/crawler)"
217.113.194.68 - - [17/Jan/2023:20:53:21 +0100] "GET /pmwiki/pmwiki.php/PmWiki/AuthorTracking?action=diff HTTP/1.1" 200 12947 "-" "Mozilla/5.0 (compatible; Barkrowler/0.9; +https://babbar.tech/crawler)"
176.9.58.227 - - [17/Jan/2023:20:53:25 +0100] "GET /pmwiki/pmwiki.php/Main/HarcT%edzITSzabadalomEllen?action=diff HTTP/1.1" 200 16498 "-" "Mozilla/5.0 (compatible; MegaIndex.ru/2.0; +http://megaindex.com/crawler)"
176.9.58.227 - - [17/Jan/2023:20:53:32 +0100] "GET /pmwiki/pmwiki.php/Main/Lev%e9lAParlamentInformaitikaiBizotts%e1gaEln%f6k%e9nek?action=edit HTTP/1.1" 200 13134 "-" "Mozilla/5.0 (compatible; MegaIndex.ru/2.0; +http://megaindex.com/crawler)"
176.9.58.227 - - [17/Jan/2023:20:53:35 +0100] "GET /pmwiki/pmwiki.php/Main/Lev%e9lAParlamentInformaitikaiBizotts%e1gaEln%f6k%e9nek?action=upload HTTP/1.1" 200 13014 "-" "Mozilla/5.0 (compatible; MegaIndex.ru/2.0; +http://megaindex.com/crawler)"
217.113.194.68 - - [17/Jan/2023:20:53:36 +0100] "GET /pmwiki/pmwiki.php/PmWiki/AuthorTracking?action=upload HTTP/1.1" 200 12412 "-" "Mozilla/5.0 (compatible; Barkrowler/0.9; +https://babbar.tech/crawler)"
176.9.58.227 - - [17/Jan/2023:20:53:38 +0100] "GET /pmwiki/pmwiki.php/Main/Lev%e9lAParlamentInformaitikaiBizotts%e1gaEln%f6k%e9nek?action=diff HTTP/1.1" 200 15560 "-" "Mozilla/5.0 (compatible; MegaIndex.ru/2.0; +http://megaindex.com/crawler)"
176.9.58.227 - - [17/Jan/2023:20:53:41 +0100] "GET /pmwiki/pmwiki.php/Main/Damokl%e9szKardjaLebegAMagyarSzoftveriparFelett?action=edit HTTP/1.1" 200 13018 "-" "Mozilla/5.0 (compatible; MegaIndex.ru/2.0; +http://megaindex.com/crawler)"
176.9.58.227 - - [17/Jan/2023:20:53:45 +0100] "GET /pmwiki/pmwiki.php/Main/Damokl%e9szKardjaLebegAMagyarSzoftveriparFelett?action=upload HTTP/1.1" 200 12898 "-" "Mozilla/5.0 (compatible; MegaIndex.ru/2.0; +http://megaindex.com/crawler)"
176.9.58.227 - - [17/Jan/2023:20:53:49 +0100] "GET /pmwiki/pmwiki.php/Main/Damokl%e9szKardjaLebegAMagyarSzoftveriparFelett?action=diff HTTP/1.1" 200 17434 "-" "Mozilla/5.0 (compatible; MegaIndex.ru/2.0; +http://megaindex.com/crawler)"
217.113.194.73 - - [17/Jan/2023:20:53:52 +0100] "GET /pmwiki/pmwiki.php/PmWiki/AuthorTracking?action=print HTTP/1.1" 200 4032 "-" "Mozilla/5.0 (compatible; Barkrowler/0.9; +https://babbar.tech/crawler)"
176.9.58.227 - - [17/Jan/2023:20:53:54 +0100] "GET /pmwiki/pmwiki.php/Main/2004Augusztus5?action=edit HTTP/1.1" 200 12494 "-" "Mozilla/5.0 (compatible; MegaIndex.ru/2.0; +http://megaindex.com/crawler)"
176.9.58.227 - - [17/Jan/2023:20:53:58 +0100] "GET /pmwiki/pmwiki.php/Main/2004Augusztus5?action=upload HTTP/1.1" 200 12374 "-" "Mozilla/5.0 (compatible; MegaIndex.ru/2.0; +http://megaindex.com/crawler)"
176.9.58.227 - - [17/Jan/2023:20:54:01 +0100] "GET /pmwiki/pmwiki.php/Main/2004Augusztus5?action=diff HTTP/1.1" 200 16408 "-" "Mozilla/5.0 (compatible; MegaIndex.ru/2.0; +http://megaindex.com/crawler)"
217.113.194.111 - - [17/Jan/2023:20:54:07 +0100] "GET /pmwiki/pmwiki.php/PmWiki/MarkupMasterIndex HTTP/1.1" 200 20542 "-" "Mozilla/5.0 (compatible; Barkrowler/0.9; +https://babbar.tech/crawler)"
176.9.58.227 - - [17/Jan/2023:20:54:10 +0100] "GET /pmwiki/pmwiki.php/Main/2004Augusztus18?action=edit HTTP/1.1" 200 12510 "-" "Mozilla/5.0 (compatible; MegaIndex.ru/2.0; +http://megaindex.com/crawler)"
176.9.58.227 - - [17/Jan/2023:20:54:15 +0100] "GET /pmwiki/pmwiki.php/Main/2004Augusztus18?action=upload HTTP/1.1" 200 12390 "-" "Mozilla/5.0 (compatible; MegaIndex.ru/2.0; +http://megaindex.com/crawler)"
176.9.58.227 - - [17/Jan/2023:20:54:19 +0100] "GET /pmwiki/pmwiki.php/Main/2004Augusztus18?action=diff HTTP/1.1" 200 14665 "-" "Mozilla/5.0 (compatible; MegaIndex.ru/2.0; +http://megaindex.com/crawler)"
176.9.58.227 - - [17/Jan/2023:20:54:22 +0100] "GET /pmwiki/pmwiki.php/Main/2004Szeptember1?action=edit HTTP/1.1" 200 12510 "-" "Mozilla/5.0 (compatible; MegaIndex.ru/2.0; +http://megaindex.com/crawler)"
217.113.194.77 - - [17/Jan/2023:20:54:22 +0100] "GET /pmwiki/pmwiki.php/PmWiki/AdvancedTables HTTP/1.1" 200 18559 "-" "Mozilla/5.0 (compatible; Barkrowler/0.9; +https://babbar.tech/crawler)"
176.9.58.227 - - [17/Jan/2023:20:54:25 +0100] "GET /pmwiki/pmwiki.php/Main/2004Szeptember1?action=upload HTTP/1.1" 200 12390 "-" "Mozilla/5.0 (compatible; MegaIndex.ru/2.0; +http://megaindex.com/crawler)"
176.9.58.227 - - [17/Jan/2023:20:54:29 +0100] "GET /pmwiki/pmwiki.php/Main/2004Szeptember1?action=diff HTTP/1.1" 200 15558 "-" "Mozilla/5.0 (compatible; MegaIndex.ru/2.0; +http://megaindex.com/crawler)"
176.9.58.227 - - [17/Jan/2023:20:54:32 +0100] "GET /pmwiki/pmwiki.php/Main/2005Szeptember2?action=edit HTTP/1.1" 200 12510 "-" "Mozilla/5.0 (compatible; MegaIndex.ru/2.0; +http://megaindex.com/crawler)"
176.9.58.227 - - [17/Jan/2023:20:54:34 +0100] "GET /pmwiki/pmwiki.php/Main/2005Szeptember2?action=upload HTTP/1.1" 200 12390 "-" "Mozilla/5.0 (compatible; MegaIndex.ru/2.0; +http://megaindex.com/crawler)"
217.113.194.113 - - [17/Jan/2023:20:54:38 +0100] "GET /pmwiki/pmwiki.php/PmWiki/SimpleTables?action=diff HTTP/1.1" 200 12910 "-" "Mozilla/5.0 (compatible; Barkrowler/0.9; +https://babbar.tech/crawler)"
176.9.58.227 - - [17/Jan/2023:20:54:38 +0100] "GET /pmwiki/pmwiki.php/Main/2005Szeptember2?action=diff HTTP/1.1" 200 15260 "-" "Mozilla/5.0 (compatible; MegaIndex.ru/2.0; +http://megaindex.com/crawler)"
176.9.58.227 - - [17/Jan/2023:20:54:41 +0100] "GET /pmwiki/pmwiki.php/Main/2004Febru%e1riK%f6sz%f6netLengyelorsz%e1gnak?action=edit HTTP/1.1" 200 12958 "-" "Mozilla/5.0 (compatible; MegaIndex.ru/2.0; +http://megaindex.com/crawler)"
176.9.58.227 - - [17/Jan/2023:20:54:44 +0100] "GET /pmwiki/pmwiki.php/Main/2004Febru%e1riK%f6sz%f6netLengyelorsz%e1gnak?action=upload HTTP/1.1" 200 12838 "-" "Mozilla/5.0 (compatible; MegaIndex.ru/2.0; +http://megaindex.com/crawler)"
176.9.58.227 - - [17/Jan/2023:20:54:49 +0100] "GET /pmwiki/pmwiki.php/Main/2004Febru%e1riK%f6sz%f6netLengyelorsz%e1gnak?action=diff HTTP/1.1" 200 17729 "-" "Mozilla/5.0 (compatible; MegaIndex.ru/2.0; +http://megaindex.com/crawler)"
217.113.194.115 - - [17/Jan/2023:20:54:53 +0100] "GET /pmwiki/pmwiki.php/PmWiki/SimpleTables?action=upload HTTP/1.1" 200 12379 "-" "Mozilla/5.0 (compatible; Barkrowler/0.9; +https://babbar.tech/crawler)"
176.9.58.227 - - [17/Jan/2023:20:54:54 +0100] "GET /pmwiki/pmwiki.php/Main/ATan%e1cs%c9rdembenT%e1rgyalhatASzoftverszabadalmiDirekt%edv%e1r%f3l?action=edit HTTP/1.1" 200 13334 "-" "Mozilla/5.0 (compatible; MegaIndex.ru/2.0; +http://megaindex.com/crawler)"
176.9.58.227 - - [17/Jan/2023:20:54:57 +0100] "GET /pmwiki/pmwiki.php/Main/ATan%e1cs%c9rdembenT%e1rgyalhatASzoftverszabadalmiDirekt%edv%e1r%f3l?action=upload HTTP/1.1" 200 13214 "-" "Mozilla/5.0 (compatible; MegaIndex.ru/2.0; +http://megaindex.com/crawler)"
176.9.58.227 - - [17/Jan/2023:20:55:00 +0100] "GET /pmwiki/pmwiki.php/Main/ATan%e1cs%c9rdembenT%e1rgyalhatASzoftverszabadalmiDirekt%edv%e1r%f3l?action=diff HTTP/1.1" 200 18697 "-" "Mozilla/5.0 (compatible; MegaIndex.ru/2.0; +http://megaindex.com/crawler)"
176.9.58.227 - - [17/Jan/2023:20:55:04 +0100] "GET /pmwiki/pmwiki.php/Main/AzEUBizotts%e1gaL%e1bbalTiporjaADemokr%e1ci%e1t?action=edit HTTP/1.1" 200 13006 "-" "Mozilla/5.0 (compatible; MegaIndex.ru/2.0; +http://megaindex.com/crawler)"
176.9.58.227 - - [17/Jan/2023:20:55:08 +0100] "GET /pmwiki/pmwiki.php/Main/AzEUBizotts%e1gaL%e1bbalTiporjaADemokr%e1ci%e1t?action=upload HTTP/1.1" 200 12886 "-" "Mozilla/5.0 (compatible; MegaIndex.ru/2.0; +http://megaindex.com/crawler)"
217.113.194.80 - - [17/Jan/2023:20:55:08 +0100] "GET /pmwiki/pmwiki.php/PmWiki/SimpleTables?action=print HTTP/1.1" 200 5651 "-" "Mozilla/5.0 (compatible; Barkrowler/0.9; +https://babbar.tech/crawler)"
176.9.58.227 - - [17/Jan/2023:20:55:13 +0100] "GET /pmwiki/pmwiki.php/Main/AzEUBizotts%e1gaL%e1bbalTiporjaADemokr%e1ci%e1t?action=diff HTTP/1.1" 200 20118 "-" "Mozilla/5.0 (compatible; MegaIndex.ru/2.0; +http://megaindex.com/crawler)"
176.9.58.227 - - [17/Jan/2023:20:55:19 +0100] "GET /pmwiki/pmwiki.php/Main/2005M%e1rciusiNyilatkozat?action=edit HTTP/1.1" 200 12666 "-" "Mozilla/5.0 (compatible; MegaIndex.ru/2.0; +http://megaindex.com/crawler)"
176.9.58.227 - - [17/Jan/2023:20:55:22 +0100] "GET /pmwiki/pmwiki.php/Main/2005M%e1rciusiNyilatkozat?action=upload HTTP/1.1" 200 12546 "-" "Mozilla/5.0 (compatible; MegaIndex.ru/2.0; +http://megaindex.com/crawler)"
217.113.194.122 - - [17/Jan/2023:20:55:24 +0100] "GET /pmwiki/pmwiki.php/PmWiki/BasicEditing?action=diff HTTP/1.1" 200 12911 "-" "Mozilla/5.0 (compatible; Barkrowler/0.9; +https://babbar.tech/crawler)"
176.9.58.227 - - [17/Jan/2023:20:55:27 +0100] "GET /pmwiki/pmwiki.php/Main/2005M%e1rciusiNyilatkozat?action=diff HTTP/1.1" 200 16519 "-" "Mozilla/5.0 (compatible; MegaIndex.ru/2.0; +http://megaindex.com/crawler)"
176.9.58.227 - - [17/Jan/2023:20:55:36 +0100] "GET /pmwiki/pmwiki.php/Main/2005M%e1rciusiNy%edltLev%e9l?action=edit HTTP/1.1" 200 12706 "-" "Mozilla/5.0 (compatible; MegaIndex.ru/2.0; +http://megaindex.com/crawler)"
176.9.58.227 - - [17/Jan/2023:20:55:38 +0100] "GET /pmwiki/pmwiki.php/Main/2005M%e1rciusiNy%edltLev%e9l?action=upload HTTP/1.1" 200 12586 "-" "Mozilla/5.0 (compatible; MegaIndex.ru/2.0; +http://megaindex.com/crawler)"
217.113.194.126 - - [17/Jan/2023:20:55:39 +0100] "GET /pmwiki/pmwiki.php/PmWiki/BasicEditing?action=print HTTP/1.1" 200 4763 "-" "Mozilla/5.0 (compatible; Barkrowler/0.9; +https://babbar.tech/crawler)"
176.9.58.227 - - [17/Jan/2023:20:55:42 +0100] "GET /pmwiki/pmwiki.php/Main/2005M%e1rciusiNy%edltLev%e9l?action=diff HTTP/1.1" 200 15621 "-" "Mozilla/5.0 (compatible; MegaIndex.ru/2.0; +http://megaindex.com/crawler)"
176.9.58.227 - - [17/Jan/2023:20:55:46 +0100] "GET /pmwiki/pmwiki.php/Main/2005M%e1rciusiK%f6z%f6sNyilatkozat?action=edit HTTP/1.1" 200 12802 "-" "Mozilla/5.0 (compatible; MegaIndex.ru/2.0; +http://megaindex.com/crawler)"
176.9.58.227 - - [17/Jan/2023:20:55:50 +0100] "GET /pmwiki/pmwiki.php/Main/2005M%e1rciusiK%f6z%f6sNyilatkozat?action=upload HTTP/1.1" 200 12682 "-" "Mozilla/5.0 (compatible; MegaIndex.ru/2.0; +http://megaindex.com/crawler)"
176.9.58.227 - - [17/Jan/2023:20:55:53 +0100] "GET /pmwiki/pmwiki.php/Main/2005M%e1rciusiK%f6z%f6sNyilatkozat?action=diff HTTP/1.1" 200 14318 "-" "Mozilla/5.0 (compatible; MegaIndex.ru/2.0; +http://megaindex.com/crawler)"
217.113.194.100 - - [17/Jan/2023:20:55:54 +0100] "GET /pmwiki/pmwiki.php/PmWiki/BasicEditing?action=edit HTTP/1.1" 200 12500 "-" "Mozilla/5.0 (compatible; Barkrowler/0.9; +https://babbar.tech/crawler)"
176.9.58.227 - - [17/Jan/2023:20:55:57 +0100] "GET /pmwiki/pmwiki.php/Main/2005M%e1rcius8?action=edit HTTP/1.1" 200 12490 "-" "Mozilla/5.0 (compatible; MegaIndex.ru/2.0; +http://megaindex.com/crawler)"
176.9.58.227 - - [17/Jan/2023:20:56:01 +0100] "GET /pmwiki/pmwiki.php/Main/2005M%e1rcius8?action=upload HTTP/1.1" 200 12370 "-" "Mozilla/5.0 (compatible; MegaIndex.ru/2.0; +http://megaindex.com/crawler)"
176.9.58.227 - - [17/Jan/2023:20:56:04 +0100] "GET /pmwiki/pmwiki.php/Main/2005M%e1rcius8?action=diff HTTP/1.1" 200 33027 "-" "Mozilla/5.0 (compatible; MegaIndex.ru/2.0; +http://megaindex.com/crawler)"
217.113.194.111 - - [17/Jan/2023:20:56:10 +0100] "GET /pmwiki/pmwiki.php/PmWiki/BasicEditing?action=upload HTTP/1.1" 200 12380 "-" "Mozilla/5.0 (compatible; Barkrowler/0.9; +https://babbar.tech/crawler)"
176.9.58.227 - - [17/Jan/2023:20:56:11 +0100] "GET /pmwiki/pmwiki.php/Main/2005M%e1jus?action=edit HTTP/1.1" 200 12442 "-" "Mozilla/5.0 (compatible; MegaIndex.ru/2.0; +http://megaindex.com/crawler)"
176.9.58.227 - - [17/Jan/2023:20:56:14 +0100] "GET /pmwiki/pmwiki.php/Main/2005M%e1jus?action=upload HTTP/1.1" 200 12322 "-" "Mozilla/5.0 (compatible; MegaIndex.ru/2.0; +http://megaindex.com/crawler)"
176.9.58.227 - - [17/Jan/2023:20:56:19 +0100] "GET /pmwiki/pmwiki.php/Main/2005M%e1jus?action=diff HTTP/1.1" 200 16708 "-" "Mozilla/5.0 (compatible; MegaIndex.ru/2.0; +http://megaindex.com/crawler)"
176.9.58.227 - - [17/Jan/2023:20:56:24 +0100] "GET /pmwiki/pmwiki.php/Main/2005J%fanius?action=edit HTTP/1.1" 200 12458 "-" "Mozilla/5.0 (compatible; MegaIndex.ru/2.0; +http://megaindex.com/crawler)"
217.113.194.93 - - [17/Jan/2023:20:56:25 +0100] "GET /pmwiki/pmwiki.php/PmWiki/Upgrades?action=diff HTTP/1.1" 200 12838 "-" "Mozilla/5.0 (compatible; Barkrowler/0.9; +https://babbar.tech/crawler)"
176.9.58.227 - - [17/Jan/2023:20:56:28 +0100] "GET /pmwiki/pmwiki.php/Main/2005J%fanius?action=upload HTTP/1.1" 200 12338 "-" "Mozilla/5.0 (compatible; MegaIndex.ru/2.0; +http://megaindex.com/crawler)"
176.9.58.227 - - [17/Jan/2023:20:56:31 +0100] "GET /pmwiki/pmwiki.php/Main/2005J%fanius?action=diff HTTP/1.1" 200 17830 "-" "Mozilla/5.0 (compatible; MegaIndex.ru/2.0; +http://megaindex.com/crawler)"
176.9.58.227 - - [17/Jan/2023:20:56:39 +0100] "GET /pmwiki/pmwiki.php/Main/2005J%faniusEKTBBesz%e1mol%f3?action=edit HTTP/1.1" 200 12722 "-" "Mozilla/5.0 (compatible; MegaIndex.ru/2.0; +http://megaindex.com/crawler)"
217.113.194.96 - - [17/Jan/2023:20:56:40 +0100] "GET /pmwiki/pmwiki.php/PmWiki/Upgrades?action=upload HTTP/1.1" 200 12315 "-" "Mozilla/5.0 (compatible; Barkrowler/0.9; +https://babbar.tech/crawler)"
176.9.58.227 - - [17/Jan/2023:20:56:42 +0100] "GET /pmwiki/pmwiki.php/Main/2005J%faniusEKTBBesz%e1mol%f3?action=upload HTTP/1.1" 200 12602 "-" "Mozilla/5.0 (compatible; MegaIndex.ru/2.0; +http://megaindex.com/crawler)"
176.9.58.227 - - [17/Jan/2023:20:56:46 +0100] "GET /pmwiki/pmwiki.php/Main/2005J%faniusEKTBBesz%e1mol%f3?action=diff HTTP/1.1" 200 19642 "-" "Mozilla/5.0 (compatible; MegaIndex.ru/2.0; +http://megaindex.com/crawler)"
176.9.58.227 - - [17/Jan/2023:20:56:53 +0100] "GET /pmwiki/pmwiki.php/Main/Nyilatkozat?action=edit HTTP/1.1" 200 12450 "-" "Mozilla/5.0 (compatible; MegaIndex.ru/2.0; +http://megaindex.com/crawler)"
217.113.194.84 - - [17/Jan/2023:20:56:56 +0100] "GET /pmwiki/pmwiki.php/PmWiki/Upgrades?action=print HTTP/1.1" 200 5844 "-" "Mozilla/5.0 (compatible; Barkrowler/0.9; +https://babbar.tech/crawler)"
176.9.58.227 - - [17/Jan/2023:20:56:58 +0100] "GET /pmwiki/pmwiki.php/Main/Nyilatkozat?action=upload HTTP/1.1" 200 12330 "-" "Mozilla/5.0 (compatible; MegaIndex.ru/2.0; +http://megaindex.com/crawler)"
176.9.58.227 - - [17/Jan/2023:20:57:02 +0100] "GET /pmwiki/pmwiki.php/Main/Nyilatkozat?action=diff HTTP/1.1" 200 20409 "-" "Mozilla/5.0 (compatible; MegaIndex.ru/2.0; +http://megaindex.com/crawler)"
176.9.58.227 - - [17/Jan/2023:20:57:07 +0100] "GET /pmwiki/pmwiki.php/Emeltdijas/Hu?action=edit HTTP/1.1" 200 12404 "-" "Mozilla/5.0 (compatible; MegaIndex.ru/2.0; +http://megaindex.com/crawler)"
176.9.58.227 - - [17/Jan/2023:20:57:11 +0100] "GET /pmwiki/pmwiki.php/Emeltdijas/Hu?action=upload HTTP/1.1" 200 12284 "-" "Mozilla/5.0 (compatible; MegaIndex.ru/2.0; +http://megaindex.com/crawler)"
217.113.194.71 - - [17/Jan/2023:20:57:11 +0100] "GET /pmwiki/pmwiki.php/PmWiki/PmWiki?action=edit HTTP/1.1" 200 12400 "-" "Mozilla/5.0 (compatible; Barkrowler/0.9; +https://babbar.tech/crawler)"
176.9.58.227 - - [17/Jan/2023:20:57:14 +0100] "GET /pmwiki/pmwiki.php/Emeltdijas/Hu?action=diff HTTP/1.1" 200 14411 "-" "Mozilla/5.0 (compatible; MegaIndex.ru/2.0; +http://megaindex.com/crawler)"
176.9.58.227 - - [17/Jan/2023:20:57:17 +0100] "GET /pmwiki/pmwiki.php/Emeltdijas HTTP/1.1" 404 12049 "-" "Mozilla/5.0 (compatible; MegaIndex.ru/2.0; +http://megaindex.com/crawler)"
176.9.58.227 - - [17/Jan/2023:20:57:21 +0100] "GET /pmwiki/pmwiki.php/Main/Marc07PR?action=print HTTP/1.1" 200 4687 "-" "Mozilla/5.0 (compatible; MegaIndex.ru/2.0; +http://megaindex.com/crawler)"
176.9.58.227 - - [17/Jan/2023:20:57:25 +0100] "GET /pmwiki/pmwiki.php/Main/Marc06LMEPR?action=print HTTP/1.1" 200 4457 "-" "Mozilla/5.0 (compatible; MegaIndex.ru/2.0; +http://megaindex.com/crawler)"
217.113.194.120 - - [17/Jan/2023:20:57:27 +0100] "GET /pmwiki/pmwiki.php/PmWiki/PmWiki?action=upload HTTP/1.1" 200 12280 "-" "Mozilla/5.0 (compatible; Barkrowler/0.9; +https://babbar.tech/crawler)"
176.9.58.227 - - [17/Jan/2023:20:57:29 +0100] "GET /pmwiki/pmwiki.php/Main/Bitem0304?action=print HTTP/1.1" 200 8100 "-" "Mozilla/5.0 (compatible; MegaIndex.ru/2.0; +http://megaindex.com/crawler)"
176.9.58.227 - - [17/Jan/2023:20:57:32 +0100] "GET /pmwiki/pmwiki.php/Main/Comission-negatesDemocracy?action=print HTTP/1.1" 200 6945 "-" "Mozilla/5.0 (compatible; MegaIndex.ru/2.0; +http://megaindex.com/crawler)"
176.9.58.227 - - [17/Jan/2023:20:57:37 +0100] "GET /pmwiki/pmwiki.php/Main/Feb08PR?action=print HTTP/1.1" 200 8241 "-" "Mozilla/5.0 (compatible; MegaIndex.ru/2.0; +http://megaindex.com/crawler)"
176.9.58.227 - - [17/Jan/2023:20:57:39 +0100] "GET /pmwiki/pmwiki.php/Main/Feb09PR?action=print HTTP/1.1" 200 5713 "-" "Mozilla/5.0 (compatible; MegaIndex.ru/2.0; +http://megaindex.com/crawler)"
217.113.194.84 - - [17/Jan/2023:20:57:43 +0100] "GET /pmwiki/pmwiki.php/PmWiki/PmWiki?action=print HTTP/1.1" 200 106902 "-" "Mozilla/5.0 (compatible; Barkrowler/0.9; +https://babbar.tech/crawler)"
176.9.58.227 - - [17/Jan/2023:20:57:43 +0100] "GET /pmwiki/pmwiki.php/Main/Feb03PR?action=print HTTP/1.1" 200 5846 "-" "Mozilla/5.0 (compatible; MegaIndex.ru/2.0; +http://megaindex.com/crawler)"
176.9.58.227 - - [17/Jan/2023:20:57:46 +0100] "GET /pmwiki/pmwiki.php/Main/Sajt%f3anyag?action=diff&source=n&minor=n HTTP/1.1" 200 24576 "-" "Mozilla/5.0 (compatible; MegaIndex.ru/2.0; +http://megaindex.com/crawler)"
176.9.58.227 - - [17/Jan/2023:20:57:51 +0100] "GET /pmwiki/pmwiki.php/Main/Sajt%f3anyag?action=diff&source=y&minor=y HTTP/1.1" 200 22268 "-" "Mozilla/5.0 (compatible; MegaIndex.ru/2.0; +http://megaindex.com/crawler)"
176.9.58.227 - - [17/Jan/2023:20:58:00 +0100] "GET /pmwiki/pmwiki.php/Main/Sajt%f3anyag?action=edit&restore=diff:1110541674:1110529380:&preview=y HTTP/1.1" 200 12505 "-" "Mozilla/5.0 (compatible; MegaIndex.ru/2.0; +http://megaindex.com/crawler)"
217.113.194.98 - - [17/Jan/2023:20:58:02 +0100] "GET /pmwiki/pmwiki.php/PmWiki/PmWiki?action=diff HTTP/1.1" 200 457953 "-" "Mozilla/5.0 (compatible; Barkrowler/0.9; +https://babbar.tech/crawler)"
176.9.58.227 - - [17/Jan/2023:20:58:04 +0100] "GET /pmwiki/pmwiki.php/Main/Sajt%f3anyag?action=edit&restore=diff:1110529380:1110528325:&preview=y HTTP/1.1" 200 12505 "-" "Mozilla/5.0 (compatible; MegaIndex.ru/2.0; +http://megaindex.com/crawler)"
176.9.58.227 - - [17/Jan/2023:20:58:07 +0100] "GET /pmwiki/pmwiki.php/Main/Sajt%f3anyag?action=edit&restore=diff:1110528325:1110469427:&preview=y HTTP/1.1" 200 12505 "-" "Mozilla/5.0 (compatible; MegaIndex.ru/2.0; +http://megaindex.com/crawler)"
176.9.58.227 - - [17/Jan/2023:20:58:11 +0100] "GET /pmwiki/pmwiki.php/Main/Sajt%f3anyag?action=edit&restore=diff:1110469427:1108754905:&preview=y HTTP/1.1" 200 12505 "-" "Mozilla/5.0 (compatible; MegaIndex.ru/2.0; +http://megaindex.com/crawler)"
176.9.58.227 - - [17/Jan/2023:20:58:14 +0100] "GET /pmwiki/pmwiki.php/Main/Sajt%f3anyag?action=edit&restore=diff:1108754905:1107937732:&preview=y HTTP/1.1" 200 12505 "-" "Mozilla/5.0 (compatible; MegaIndex.ru/2.0; +http://megaindex.com/crawler)"
176.9.58.227 - - [17/Jan/2023:20:58:17 +0100] "GET /pmwiki/pmwiki.php/Main/Sajt%f3anyag?action=edit&restore=diff:1107937732:1107937716:&preview=y HTTP/1.1" 200 12505 "-" "Mozilla/5.0 (compatible; MegaIndex.ru/2.0; +http://megaindex.com/crawler)"
217.113.194.109 - - [17/Jan/2023:20:58:18 +0100] "GET /pmwiki/pmwiki.php/PmWiki/MailPosts?action=diff HTTP/1.1" 200 12857 "-" "Mozilla/5.0 (compatible; Barkrowler/0.9; +https://babbar.tech/crawler)"
176.9.58.227 - - [17/Jan/2023:20:58:20 +0100] "GET /pmwiki/pmwiki.php/Main/Sajt%f3anyag?action=edit&restore=diff:1107937716:1107936820:&preview=y HTTP/1.1" 200 12505 "-" "Mozilla/5.0 (compatible; MegaIndex.ru/2.0; +http://megaindex.com/crawler)"
176.9.58.227 - - [17/Jan/2023:20:58:24 +0100] "GET /pmwiki/pmwiki.php/Main/Sajt%f3anyag?action=edit&restore=diff:1107936820:1107936678:&preview=y HTTP/1.1" 200 12505 "-" "Mozilla/5.0 (compatible; MegaIndex.ru/2.0; +http://megaindex.com/crawler)"
176.9.58.227 - - [17/Jan/2023:20:58:27 +0100] "GET /pmwiki/pmwiki.php/Main/Sajt%f3anyag?action=edit&restore=diff:1107936678:1107936527:&preview=y HTTP/1.1" 200 12505 "-" "Mozilla/5.0 (compatible; MegaIndex.ru/2.0; +http://megaindex.com/crawler)"
176.9.58.227 - - [17/Jan/2023:20:58:32 +0100] "GET /pmwiki/pmwiki.php/Main/Sajt%f3anyag?action=edit&restore=diff:1107936527:1107895949:&preview=y HTTP/1.1" 200 12505 "-" "Mozilla/5.0 (compatible; MegaIndex.ru/2.0; +http://megaindex.com/crawler)"
217.113.194.127 - - [17/Jan/2023:20:58:33 +0100] "GET /pmwiki/pmwiki.php/PmWiki/MailPosts?action=upload HTTP/1.1" 200 12332 "-" "Mozilla/5.0 (compatible; Barkrowler/0.9; +https://babbar.tech/crawler)"
176.9.58.227 - - [17/Jan/2023:20:58:36 +0100] "GET /pmwiki/pmwiki.php/Main/Sajt%f3anyag?action=edit&restore=diff:1107895949:1107895949:&preview=y HTTP/1.1" 200 12505 "-" "Mozilla/5.0 (compatible; MegaIndex.ru/2.0; +http://megaindex.com/crawler)"
176.9.58.227 - - [17/Jan/2023:20:58:40 +0100] "GET /pmwiki/pmwiki.php/Main/Marc07PR?action=edit HTTP/1.1" 200 12399 "-" "Mozilla/5.0 (compatible; MegaIndex.ru/2.0; +http://megaindex.com/crawler)"
176.9.58.227 - - [17/Jan/2023:20:58:43 +0100] "GET /pmwiki/pmwiki.php/Main/Marc07PR?action=upload HTTP/1.1" 200 12279 "-" "Mozilla/5.0 (compatible; MegaIndex.ru/2.0; +http://megaindex.com/crawler)"
176.9.58.227 - - [17/Jan/2023:20:58:47 +0100] "GET /pmwiki/pmwiki.php/Main/Marc07PR?action=diff HTTP/1.1" 200 15457 "-" "Mozilla/5.0 (compatible; MegaIndex.ru/2.0; +http://megaindex.com/crawler)"
217.113.194.107 - - [17/Jan/2023:20:58:48 +0100] "GET /pmwiki/pmwiki.php/PmWiki/Audiences?action=diff HTTP/1.1" 200 12855 "-" "Mozilla/5.0 (compatible; Barkrowler/0.9; +https://babbar.tech/crawler)"
114.119.158.83 - - [17/Jan/2023:20:58:51 +0100] "GET /pmwiki/pmwiki.php/Main/2004Augusztus18?action=print HTTP/1.1" 200 3574 "http://swpat.zpok.hu/pmwiki/pmwiki.php/Main/2004Augusztus18" "Mozilla/5.0 (Linux; Android 7.0;) AppleWebKit/537.36 (KHTML, like Gecko) Mobile Safari/537.36 (compatible; PetalBot;+https://webmaster.petalsearch.com/site/petalbot)"
176.9.58.227 - - [17/Jan/2023:20:58:52 +0100] "GET /pmwiki/pmwiki.php/Main/Marc06LMEPR?action=edit HTTP/1.1" 200 12447 "-" "Mozilla/5.0 (compatible; MegaIndex.ru/2.0; +http://megaindex.com/crawler)"
176.9.58.227 - - [17/Jan/2023:20:58:58 +0100] "GET /pmwiki/pmwiki.php/Main/Marc06LMEPR?action=upload HTTP/1.1" 200 12327 "-" "Mozilla/5.0 (compatible; MegaIndex.ru/2.0; +http://megaindex.com/crawler)"
176.9.58.227 - - [17/Jan/2023:20:59:02 +0100] "GET /pmwiki/pmwiki.php/Main/Marc06LMEPR?action=diff HTTP/1.1" 200 17638 "-" "Mozilla/5.0 (compatible; MegaIndex.ru/2.0; +http://megaindex.com/crawler)"
217.113.194.75 - - [17/Jan/2023:20:59:04 +0100] "GET /pmwiki/pmwiki.php/PmWiki/Audiences?action=upload HTTP/1.1" 200 12330 "-" "Mozilla/5.0 (compatible; Barkrowler/0.9; +https://babbar.tech/crawler)"
176.9.58.227 - - [17/Jan/2023:20:59:09 +0100] "GET /pmwiki/pmwiki.php/Main/Bitem0304?action=edit HTTP/1.1" 200 12415 "-" "Mozilla/5.0 (compatible; MegaIndex.ru/2.0; +http://megaindex.com/crawler)"
176.9.58.227 - - [17/Jan/2023:20:59:12 +0100] "GET /pmwiki/pmwiki.php/Main/Bitem0304?action=upload HTTP/1.1" 200 12295 "-" "Mozilla/5.0 (compatible; MegaIndex.ru/2.0; +http://megaindex.com/crawler)"
176.9.58.227 - - [17/Jan/2023:20:59:16 +0100] "GET /pmwiki/pmwiki.php/Main/Bitem0304?action=diff HTTP/1.1" 200 28044 "-" "Mozilla/5.0 (compatible; MegaIndex.ru/2.0; +http://megaindex.com/crawler)"
217.113.194.91 - - [17/Jan/2023:20:59:19 +0100] "GET /pmwiki/pmwiki.php/PmWiki/ImagesInWikiPages HTTP/1.1" 200 14089 "-" "Mozilla/5.0 (compatible; Barkrowler/0.9; +https://babbar.tech/crawler)"
176.9.58.227 - - [17/Jan/2023:20:59:24 +0100] "GET /pmwiki/pmwiki.php/Main/Comission-negatesDemocracy?action=edit HTTP/1.1" 200 12687 "-" "Mozilla/5.0 (compatible; MegaIndex.ru/2.0; +http://megaindex.com/crawler)"
176.9.58.227 - - [17/Jan/2023:20:59:28 +0100] "GET /pmwiki/pmwiki.php/Main/Comission-negatesDemocracy?action=upload HTTP/1.1" 200 12567 "-" "Mozilla/5.0 (compatible; MegaIndex.ru/2.0; +http://megaindex.com/crawler)"
176.9.58.227 - - [17/Jan/2023:20:59:32 +0100] "GET /pmwiki/pmwiki.php/Main/Comission-negatesDemocracy?action=diff HTTP/1.1" 200 17875 "-" "Mozilla/5.0 (compatible; MegaIndex.ru/2.0; +http://megaindex.com/crawler)"
217.113.194.103 - - [17/Jan/2023:20:59:34 +0100] "GET /pmwiki/pmwiki.php/PmWiki/RefCount?action=diff HTTP/1.1" 200 12839 "-" "Mozilla/5.0 (compatible; Barkrowler/0.9; +https://babbar.tech/crawler)"
176.9.58.227 - - [17/Jan/2023:20:59:39 +0100] "GET /pmwiki/pmwiki.php/Main/Feb08PR?action=edit HTTP/1.1" 200 12386 "-" "Mozilla/5.0 (compatible; MegaIndex.ru/2.0; +http://megaindex.com/crawler)"
176.9.58.227 - - [17/Jan/2023:20:59:43 +0100] "GET /pmwiki/pmwiki.php/Main/Feb08PR?action=upload HTTP/1.1" 200 12266 "-" "Mozilla/5.0 (compatible; MegaIndex.ru/2.0; +http://megaindex.com/crawler)"
176.9.58.227 - - [17/Jan/2023:20:59:48 +0100] "GET /pmwiki/pmwiki.php/Main/Feb08PR?action=diff HTTP/1.1" 200 20619 "-" "Mozilla/5.0 (compatible; MegaIndex.ru/2.0; +http://megaindex.com/crawler)"
217.113.194.77 - - [17/Jan/2023:20:59:50 +0100] "GET /pmwiki/pmwiki.php/PmWiki/RefCount?action=upload HTTP/1.1" 200 12316 "-" "Mozilla/5.0 (compatible; Barkrowler/0.9; +https://babbar.tech/crawler)"
176.9.58.227 - - [17/Jan/2023:20:59:54 +0100] "GET /pmwiki/pmwiki.php/Main/Feb09PR?action=edit HTTP/1.1" 200 12386 "-" "Mozilla/5.0 (compatible; MegaIndex.ru/2.0; +http://megaindex.com/crawler)"
176.9.58.227 - - [17/Jan/2023:20:59:58 +0100] "GET /pmwiki/pmwiki.php/Main/Feb09PR?action=upload HTTP/1.1" 200 12266 "-" "Mozilla/5.0 (compatible; MegaIndex.ru/2.0; +http://megaindex.com/crawler)"
176.9.58.227 - - [17/Jan/2023:21:00:03 +0100] "GET /pmwiki/pmwiki.php/Main/Feb09PR?action=diff HTTP/1.1" 200 17891 "-" "Mozilla/5.0 (compatible; MegaIndex.ru/2.0; +http://megaindex.com/crawler)"
217.113.194.89 - - [17/Jan/2023:21:00:05 +0100] "GET /pmwiki/pmwiki.php/PmWiki/ChangeLog?action=diff HTTP/1.1" 200 12856 "-" "Mozilla/5.0 (compatible; Barkrowler/0.9; +https://babbar.tech/crawler)"
176.9.58.227 - - [17/Jan/2023:21:00:14 +0100] "GET /pmwiki/pmwiki.php/Main/Feb03PR?action=edit HTTP/1.1" 200 12386 "-" "Mozilla/5.0 (compatible; MegaIndex.ru/2.0; +http://megaindex.com/crawler)"
176.9.58.227 - - [17/Jan/2023:21:00:16 +0100] "GET /pmwiki/pmwiki.php/Main/Feb03PR?action=upload HTTP/1.1" 200 12266 "-" "Mozilla/5.0 (compatible; MegaIndex.ru/2.0; +http://megaindex.com/crawler)"
217.113.194.118 - - [17/Jan/2023:21:00:20 +0100] "GET /pmwiki/pmwiki.php/PmWiki/GroupHeaders?action=print HTTP/1.1" 200 4564 "-" "Mozilla/5.0 (compatible; Barkrowler/0.9; +https://babbar.tech/crawler)"
176.9.58.227 - - [17/Jan/2023:21:00:20 +0100] "GET /pmwiki/pmwiki.php/Main/Feb03PR?action=diff HTTP/1.1" 200 18340 "-" "Mozilla/5.0 (compatible; MegaIndex.ru/2.0; +http://megaindex.com/crawler)"
176.9.58.227 - - [17/Jan/2023:21:00:27 +0100] "GET /pmwiki/pmwiki.php/Main/HeringgelMegval%f3s%edtottTal%e1lm%e1nyok?action=diff&source=n&minor=n HTTP/1.1" 200 26578 "-" "Mozilla/5.0 (compatible; MegaIndex.ru/2.0; +http://megaindex.com/crawler)"
176.9.58.227 - - [17/Jan/2023:21:00:32 +0100] "GET /pmwiki/pmwiki.php/Main/HeringgelMegval%f3s%edtottTal%e1lm%e1nyok?action=diff&source=y&minor=y HTTP/1.1" 200 26480 "-" "Mozilla/5.0 (compatible; MegaIndex.ru/2.0; +http://megaindex.com/crawler)"
217.113.194.125 - - [17/Jan/2023:21:00:36 +0100] "GET /pmwiki/pmwiki.php/PmWiki/GroupHeaders?action=edit HTTP/1.1" 200 12499 "-" "Mozilla/5.0 (compatible; Barkrowler/0.9; +https://babbar.tech/crawler)"
176.9.58.227 - - [17/Jan/2023:21:00:40 +0100] "GET /pmwiki/pmwiki.php/Main/HeringgelMegval%f3s%edtottTal%e1lm%e1nyok?action=edit&restore=diff:1107864903:1107864640:&preview=y HTTP/1.1" 200 12960 "-" "Mozilla/5.0 (compatible; MegaIndex.ru/2.0; +http://megaindex.com/crawler)"
176.9.58.227 - - [17/Jan/2023:21:00:44 +0100] "GET /pmwiki/pmwiki.php/Main/HeringgelMegval%f3s%edtottTal%e1lm%e1nyok?action=edit&restore=diff:1107864640:1107864640:&preview=y HTTP/1.1" 200 12960 "-" "Mozilla/5.0 (compatible; MegaIndex.ru/2.0; +http://megaindex.com/crawler)"
176.9.58.227 - - [17/Jan/2023:21:00:47 +0100] "GET /pmwiki/pmwiki.php/Main/JogiOldal?action=diff&source=n&minor=n HTTP/1.1" 200 27426 "-" "Mozilla/5.0 (compatible; MegaIndex.ru/2.0; +http://megaindex.com/crawler)"
217.113.194.118 - - [17/Jan/2023:21:00:51 +0100] "GET /pmwiki/pmwiki.php/PmWiki/GroupAttributes?action=print HTTP/1.1" 200 2304 "-" "Mozilla/5.0 (compatible; Barkrowler/0.9; +https://babbar.tech/crawler)"
176.9.58.227 - - [17/Jan/2023:21:00:52 +0100] "GET /pmwiki/pmwiki.php/Main/JogiOldal?action=diff&source=y&minor=y HTTP/1.1" 200 28557 "-" "Mozilla/5.0 (compatible; MegaIndex.ru/2.0; +http://megaindex.com/crawler)"
176.9.58.227 - - [17/Jan/2023:21:00:58 +0100] "GET /pmwiki/pmwiki.php/Main/JogiOldal?action=edit&restore=diff:1107864997:1107864997:&preview=y HTTP/1.1" 200 12464 "-" "Mozilla/5.0 (compatible; MegaIndex.ru/2.0; +http://megaindex.com/crawler)"
176.9.58.227 - - [17/Jan/2023:21:01:01 +0100] "GET /pmwiki/pmwiki.php/Main/Gazdas%e1giOldal?action=diff&source=n&minor=n HTTP/1.1" 200 19856 "-" "Mozilla/5.0 (compatible; MegaIndex.ru/2.0; +http://megaindex.com/crawler)"
176.9.58.227 - - [17/Jan/2023:21:01:05 +0100] "GET /pmwiki/pmwiki.php/Main/Gazdas%e1giOldal?action=diff&source=y&minor=y HTTP/1.1" 200 19866 "-" "Mozilla/5.0 (compatible; MegaIndex.ru/2.0; +http://megaindex.com/crawler)"
217.113.194.70 - - [17/Jan/2023:21:01:06 +0100] "GET /pmwiki/pmwiki.php/PmWiki/GroupAttributes?action=edit HTTP/1.1" 200 12548 "-" "Mozilla/5.0 (compatible; Barkrowler/0.9; +https://babbar.tech/crawler)"
176.9.58.227 - - [17/Jan/2023:21:01:11 +0100] "GET /pmwiki/pmwiki.php/Main/Gazdas%e1giOldal?action=edit&restore=diff:1107865089:1107865089:&preview=y HTTP/1.1" 200 12572 "-" "Mozilla/5.0 (compatible; MegaIndex.ru/2.0; +http://megaindex.com/crawler)"
176.9.58.227 - - [17/Jan/2023:21:01:15 +0100] "GET /pmwiki/pmwiki.php/Main/Befektet%e9sv%e9delem?action=diff&source=n&minor=n HTTP/1.1" 200 17266 "-" "Mozilla/5.0 (compatible; MegaIndex.ru/2.0; +http://megaindex.com/crawler)"
217.113.194.117 - - [17/Jan/2023:21:01:22 +0100] "GET /pmwiki/pmwiki.php/PmWiki/GroupAttributes?action=upload HTTP/1.1" 200 12428 "-" "Mozilla/5.0 (compatible; Barkrowler/0.9; +https://babbar.tech/crawler)"
176.9.58.227 - - [17/Jan/2023:21:01:23 +0100] "GET /pmwiki/pmwiki.php/Main/Befektet%e9sv%e9delem?action=diff&source=y&minor=y HTTP/1.1" 200 17546 "-" "Mozilla/5.0 (compatible; MegaIndex.ru/2.0; +http://megaindex.com/crawler)"
176.9.58.227 - - [17/Jan/2023:21:01:27 +0100] "GET /pmwiki/pmwiki.php/Main/Befektet%e9sv%e9delem?action=edit&restore=diff:1107865195:1107865195:&preview=y HTTP/1.1" 200 12648 "-" "Mozilla/5.0 (compatible; MegaIndex.ru/2.0; +http://megaindex.com/crawler)"
176.9.58.227 - - [17/Jan/2023:21:01:31 +0100] "GET /pmwiki/pmwiki.php/Main/Doksik?action=diff&source=n&minor=n HTTP/1.1" 200 18222 "-" "Mozilla/5.0 (compatible; MegaIndex.ru/2.0; +http://megaindex.com/crawler)"
176.9.58.227 - - [17/Jan/2023:21:01:35 +0100] "GET /pmwiki/pmwiki.php/Main/Doksik?action=diff&source=y&minor=y HTTP/1.1" 200 19322 "-" "Mozilla/5.0 (compatible; MegaIndex.ru/2.0; +http://megaindex.com/crawler)"
217.113.194.77 - - [17/Jan/2023:21:01:37 +0100] "GET /pmwiki/pmwiki.php/PmWiki/RecentChanges?action=diff HTTP/1.1" 200 16087 "-" "Mozilla/5.0 (compatible; Barkrowler/0.9; +https://babbar.tech/crawler)"
176.9.58.227 - - [17/Jan/2023:21:01:41 +0100] "GET /pmwiki/pmwiki.php/Main/Doksik?action=edit&restore=diff:1119886610:1119886236:&preview=y HTTP/1.1" 200 12412 "-" "Mozilla/5.0 (compatible; MegaIndex.ru/2.0; +http://megaindex.com/crawler)"
176.9.58.227 - - [17/Jan/2023:21:01:44 +0100] "GET /pmwiki/pmwiki.php/Main/Doksik?action=edit&restore=diff:1119886236:1119876665:&preview=y HTTP/1.1" 200 12412 "-" "Mozilla/5.0 (compatible; MegaIndex.ru/2.0; +http://megaindex.com/crawler)"
176.9.58.227 - - [17/Jan/2023:21:01:48 +0100] "GET /pmwiki/pmwiki.php/Main/Doksik?action=edit&restore=diff:1119876665:1119866578:minor&preview=y HTTP/1.1" 200 12417 "-" "Mozilla/5.0 (compatible; MegaIndex.ru/2.0; +http://megaindex.com/crawler)"
176.9.58.227 - - [17/Jan/2023:21:01:52 +0100] "GET /pmwiki/pmwiki.php/Main/Doksik?action=edit&restore=diff:1119866578:1119866578:&preview=y HTTP/1.1" 200 12412 "-" "Mozilla/5.0 (compatible; MegaIndex.ru/2.0; +http://megaindex.com/crawler)"
217.113.194.67 - - [17/Jan/2023:21:01:52 +0100] "GET /pmwiki/pmwiki.php/PmWiki/RecentChanges?action=upload HTTP/1.1" 200 12392 "-" "Mozilla/5.0 (compatible; Barkrowler/0.9; +https://babbar.tech/crawler)"
176.9.58.227 - - [17/Jan/2023:21:01:59 +0100] "GET /pmwiki/pmwiki.php/PmWiki/TextFormattingRules?action=print HTTP/1.1" 200 11659 "-" "Mozilla/5.0 (compatible; MegaIndex.ru/2.0; +http://megaindex.com/crawler)"
176.9.58.227 - - [17/Jan/2023:21:02:03 +0100] "GET /pmwiki/pmwiki.php/Main/WikiSandbox?action=diff&source=n&minor=n HTTP/1.1" 200 126452 "-" "Mozilla/5.0 (compatible; MegaIndex.ru/2.0; +http://megaindex.com/crawler)"
217.113.194.69 - - [17/Jan/2023:21:02:08 +0100] "GET /pmwiki/pmwiki.php/PmWiki/Security?action=print HTTP/1.1" 200 5095 "-" "Mozilla/5.0 (compatible; Barkrowler/0.9; +https://babbar.tech/crawler)"
176.9.58.227 - - [17/Jan/2023:21:02:17 +0100] "GET /pmwiki/pmwiki.php/Main/WikiSandbox?action=diff&source=y&minor=y HTTP/1.1" 200 264528 "-" "Mozilla/5.0 (compatible; MegaIndex.ru/2.0; +http://megaindex.com/crawler)"
217.113.194.87 - - [17/Jan/2023:21:02:23 +0100] "GET /pmwiki/pmwiki.php/PmWiki/Security?action=upload HTTP/1.1" 200 12317 "-" "Mozilla/5.0 (compatible; Barkrowler/0.9; +https://babbar.tech/crawler)"
217.113.194.79 - - [17/Jan/2023:21:02:38 +0100] "GET /pmwiki/pmwiki.php/PmWiki/Security?action=edit HTTP/1.1" 200 12437 "-" "Mozilla/5.0 (compatible; Barkrowler/0.9; +https://babbar.tech/crawler)"
176.9.58.227 - - [17/Jan/2023:21:02:50 +0100] "GET /pmwiki/pmwiki.php/Main/WikiSandbox?action=edit&restore=diff:1118672582:1118672460:&preview=y HTTP/1.1" 200 12492 "-" "Mozilla/5.0 (compatible; MegaIndex.ru/2.0; +http://megaindex.com/crawler)"
176.9.58.227 - - [17/Jan/2023:21:02:52 +0100] "GET /pmwiki/pmwiki.php/Main/WikiSandbox?action=edit&restore=diff:1118672460:1118672379:&preview=y HTTP/1.1" 200 12492 "-" "Mozilla/5.0 (compatible; MegaIndex.ru/2.0; +http://megaindex.com/crawler)"
217.113.194.106 - - [17/Jan/2023:21:02:53 +0100] "GET /pmwiki/pmwiki.php/PmWiki/Contributors?action=diff HTTP/1.1" 200 12911 "-" "Mozilla/5.0 (compatible; Barkrowler/0.9; +https://babbar.tech/crawler)"
176.9.58.227 - - [17/Jan/2023:21:02:56 +0100] "GET /pmwiki/pmwiki.php/Main/WikiSandbox?action=edit&restore=diff:1118672379:1118154548:&preview=y HTTP/1.1" 200 12492 "-" "Mozilla/5.0 (compatible; MegaIndex.ru/2.0; +http://megaindex.com/crawler)"
176.9.58.227 - - [17/Jan/2023:21:03:00 +0100] "GET /pmwiki/pmwiki.php/Main/WikiSandbox?action=edit&restore=diff:1118154548:1118065030:&preview=y HTTP/1.1" 200 12492 "-" "Mozilla/5.0 (compatible; MegaIndex.ru/2.0; +http://megaindex.com/crawler)"
176.9.58.227 - - [17/Jan/2023:21:03:04 +0100] "GET /pmwiki/pmwiki.php/Main/WikiSandbox?action=edit&restore=diff:1118065030:1117605699:&preview=y HTTP/1.1" 200 12492 "-" "Mozilla/5.0 (compatible; MegaIndex.ru/2.0; +http://megaindex.com/crawler)"
176.9.58.227 - - [17/Jan/2023:21:03:07 +0100] "GET /pmwiki/pmwiki.php/Main/WikiSandbox?action=edit&restore=diff:1117605699:1117395095:minor&preview=y HTTP/1.1" 200 12497 "-" "Mozilla/5.0 (compatible; MegaIndex.ru/2.0; +http://megaindex.com/crawler)"
217.113.194.87 - - [17/Jan/2023:21:03:09 +0100] "GET /pmwiki/pmwiki.php/PmWiki/Contributors?action=upload HTTP/1.1" 200 12380 "-" "Mozilla/5.0 (compatible; Barkrowler/0.9; +https://babbar.tech/crawler)"
176.9.58.227 - - [17/Jan/2023:21:03:11 +0100] "GET /pmwiki/pmwiki.php/Main/WikiSandbox?action=edit&restore=diff:1117395095:1116817440:minor&preview=y HTTP/1.1" 200 12497 "-" "Mozilla/5.0 (compatible; MegaIndex.ru/2.0; +http://megaindex.com/crawler)"
176.9.58.227 - - [17/Jan/2023:21:03:15 +0100] "GET /pmwiki/pmwiki.php/Main/WikiSandbox?action=edit&restore=diff:1116817440:1116379969:minor&preview=y HTTP/1.1" 200 12497 "-" "Mozilla/5.0 (compatible; MegaIndex.ru/2.0; +http://megaindex.com/crawler)"
176.9.58.227 - - [17/Jan/2023:21:03:19 +0100] "GET /pmwiki/pmwiki.php/Main/WikiSandbox?action=edit&restore=diff:1116379969:1114586793:minor&preview=y HTTP/1.1" 200 12497 "-" "Mozilla/5.0 (compatible; MegaIndex.ru/2.0; +http://megaindex.com/crawler)"
176.9.58.227 - - [17/Jan/2023:21:03:23 +0100] "GET /pmwiki/pmwiki.php/Main/WikiSandbox?action=edit&restore=diff:1114586793:1114493702:&preview=y HTTP/1.1" 200 12492 "-" "Mozilla/5.0 (compatible; MegaIndex.ru/2.0; +http://megaindex.com/crawler)"
217.113.194.121 - - [17/Jan/2023:21:03:24 +0100] "GET /pmwiki/pmwiki.php/PmWiki/WikiStructure?action=edit HTTP/1.1" 200 12516 "-" "Mozilla/5.0 (compatible; Barkrowler/0.9; +https://babbar.tech/crawler)"
176.9.58.227 - - [17/Jan/2023:21:03:26 +0100] "GET /pmwiki/pmwiki.php/Main/WikiSandbox?action=edit&restore=diff:1114493702:1114313760:minor&preview=y HTTP/1.1" 200 12497 "-" "Mozilla/5.0 (compatible; MegaIndex.ru/2.0; +http://megaindex.com/crawler)"
176.9.58.227 - - [17/Jan/2023:21:03:30 +0100] "GET /pmwiki/pmwiki.php/Main/WikiSandbox?action=edit&restore=diff:1114313760:1114271509:minor&preview=y HTTP/1.1" 200 12497 "-" "Mozilla/5.0 (compatible; MegaIndex.ru/2.0; +http://megaindex.com/crawler)"
176.9.58.227 - - [17/Jan/2023:21:03:33 +0100] "GET /pmwiki/pmwiki.php/Main/WikiSandbox?action=edit&restore=diff:1114271509:1114211717:&preview=y HTTP/1.1" 200 12492 "-" "Mozilla/5.0 (compatible; MegaIndex.ru/2.0; +http://megaindex.com/crawler)"
176.9.58.227 - - [17/Jan/2023:21:03:37 +0100] "GET /pmwiki/pmwiki.php/Main/WikiSandbox?action=edit&restore=diff:1114211717:1114166203:minor&preview=y HTTP/1.1" 200 12497 "-" "Mozilla/5.0 (compatible; MegaIndex.ru/2.0; +http://megaindex.com/crawler)"
217.113.194.115 - - [17/Jan/2023:21:03:40 +0100] "GET /pmwiki/pmwiki.php/PmWiki/WikiStructure?action=upload HTTP/1.1" 200 12396 "-" "Mozilla/5.0 (compatible; Barkrowler/0.9; +https://babbar.tech/crawler)"
176.9.58.227 - - [17/Jan/2023:21:03:40 +0100] "GET /pmwiki/pmwiki.php/Main/WikiSandbox?action=edit&restore=diff:1114166203:1113972557:&preview=y HTTP/1.1" 200 12492 "-" "Mozilla/5.0 (compatible; MegaIndex.ru/2.0; +http://megaindex.com/crawler)"
176.9.58.227 - - [17/Jan/2023:21:03:44 +0100] "GET /pmwiki/pmwiki.php/Main/WikiSandbox?action=edit&restore=diff:1113972557:1113919885:minor&preview=y HTTP/1.1" 200 12497 "-" "Mozilla/5.0 (compatible; MegaIndex.ru/2.0; +http://megaindex.com/crawler)"
176.9.58.227 - - [17/Jan/2023:21:03:48 +0100] "GET /pmwiki/pmwiki.php/Main/WikiSandbox?action=edit&restore=diff:1113919885:1113772491:minor&preview=y HTTP/1.1" 200 12497 "-" "Mozilla/5.0 (compatible; MegaIndex.ru/2.0; +http://megaindex.com/crawler)"
176.9.58.227 - - [17/Jan/2023:21:03:53 +0100] "GET /pmwiki/pmwiki.php/Main/WikiSandbox?action=edit&restore=diff:1113772491:1113690406:&preview=y HTTP/1.1" 200 12492 "-" "Mozilla/5.0 (compatible; MegaIndex.ru/2.0; +http://megaindex.com/crawler)"
217.113.194.96 - - [17/Jan/2023:21:03:55 +0100] "GET /pmwiki/pmwiki.php/PmWiki/WikiStructure?action=print HTTP/1.1" 200 4925 "-" "Mozilla/5.0 (compatible; Barkrowler/0.9; +https://babbar.tech/crawler)"
176.9.58.227 - - [17/Jan/2023:21:03:59 +0100] "GET /pmwiki/pmwiki.php/Main/WikiSandbox?action=edit&restore=diff:1113690406:1093548433:minor&preview=y HTTP/1.1" 200 12497 "-" "Mozilla/5.0 (compatible; MegaIndex.ru/2.0; +http://megaindex.com/crawler)"
176.9.58.227 - - [17/Jan/2023:21:04:02 +0100] "GET /pmwiki/pmwiki.php/PmWiki/TextFormattingRules?action=edit HTTP/1.1" 200 12611 "-" "Mozilla/5.0 (compatible; MegaIndex.ru/2.0; +http://megaindex.com/crawler)"
176.9.58.227 - - [17/Jan/2023:21:04:06 +0100] "GET /pmwiki/pmwiki.php/PmWiki/TextFormattingRules?action=upload HTTP/1.1" 200 12491 "-" "Mozilla/5.0 (compatible; MegaIndex.ru/2.0; +http://megaindex.com/crawler)"
176.9.58.227 - - [17/Jan/2023:21:04:09 +0100] "GET /pmwiki/pmwiki.php/PmWiki/TextFormattingRules?action=diff HTTP/1.1" 200 13036 "-" "Mozilla/5.0 (compatible; MegaIndex.ru/2.0; +http://megaindex.com/crawler)"
217.113.194.76 - - [17/Jan/2023:21:04:11 +0100] "GET /pmwiki/pmwiki.php/PmWiki/WikiUsers?action=diff HTTP/1.1" 200 12856 "-" "Mozilla/5.0 (compatible; Barkrowler/0.9; +https://babbar.tech/crawler)"
176.9.58.227 - - [17/Jan/2023:21:04:13 +0100] "GET /pmwiki/pmwiki.php/Main/Todo?action=print HTTP/1.1" 200 3029 "-" "Mozilla/5.0 (compatible; MegaIndex.ru/2.0; +http://megaindex.com/crawler)"
176.9.58.227 - - [17/Jan/2023:21:04:17 +0100] "GET /pmwiki/pmwiki.php/Main/DRM?action=diff&source=n&minor=n HTTP/1.1" 200 82812 "-" "Mozilla/5.0 (compatible; MegaIndex.ru/2.0; +http://megaindex.com/crawler)"
217.113.194.114 - - [17/Jan/2023:21:04:27 +0100] "GET /pmwiki/pmwiki.php/PmWiki/WikiStyles?action=diff HTTP/1.1" 200 12874 "-" "Mozilla/5.0 (compatible; Barkrowler/0.9; +https://babbar.tech/crawler)"
176.9.58.227 - - [17/Jan/2023:21:04:28 +0100] "GET /pmwiki/pmwiki.php/Main/DRM?action=diff&source=y&minor=y HTTP/1.1" 200 89708 "-" "Mozilla/5.0 (compatible; MegaIndex.ru/2.0; +http://megaindex.com/crawler)"
176.9.58.227 - - [17/Jan/2023:21:04:39 +0100] "GET /pmwiki/pmwiki.php/Main/DRM?action=edit&restore=diff:1119422938:1118762920:&preview=y HTTP/1.1" 200 12364 "-" "Mozilla/5.0 (compatible; MegaIndex.ru/2.0; +http://megaindex.com/crawler)"
217.113.194.85 - - [17/Jan/2023:21:04:42 +0100] "GET /pmwiki/pmwiki.php/PmWiki/WikiStyles?action=upload HTTP/1.1" 200 12347 "-" "Mozilla/5.0 (compatible; Barkrowler/0.9; +https://babbar.tech/crawler)"
176.9.58.227 - - [17/Jan/2023:21:04:42 +0100] "GET /pmwiki/pmwiki.php/Main/DRM?action=edit&restore=diff:1118762920:1118762871:&preview=y HTTP/1.1" 200 12364 "-" "Mozilla/5.0 (compatible; MegaIndex.ru/2.0; +http://megaindex.com/crawler)"
176.9.58.227 - - [17/Jan/2023:21:04:46 +0100] "GET /pmwiki/pmwiki.php/Main/DRM?action=edit&restore=diff:1118762871:1118762513:&preview=y HTTP/1.1" 200 12364 "-" "Mozilla/5.0 (compatible; MegaIndex.ru/2.0; +http://megaindex.com/crawler)"
176.9.58.227 - - [17/Jan/2023:21:04:50 +0100] "GET /pmwiki/pmwiki.php/Main/DRM?action=edit&restore=diff:1118762513:1118407893:&preview=y HTTP/1.1" 200 12364 "-" "Mozilla/5.0 (compatible; MegaIndex.ru/2.0; +http://megaindex.com/crawler)"
176.9.58.227 - - [17/Jan/2023:21:04:54 +0100] "GET /pmwiki/pmwiki.php/Main/DRM?action=edit&restore=diff:1118407893:1118407844:&preview=y HTTP/1.1" 200 12364 "-" "Mozilla/5.0 (compatible; MegaIndex.ru/2.0; +http://megaindex.com/crawler)"
217.113.194.104 - - [17/Jan/2023:21:04:57 +0100] "GET /pmwiki/pmwiki.php/PmWiki/WikiTrails?action=diff HTTP/1.1" 200 12874 "-" "Mozilla/5.0 (compatible; Barkrowler/0.9; +https://babbar.tech/crawler)"
176.9.58.227 - - [17/Jan/2023:21:04:58 +0100] "GET /pmwiki/pmwiki.php/Main/DRM?action=edit&restore=diff:1118407844:1116349538:minor&preview=y HTTP/1.1" 200 12369 "-" "Mozilla/5.0 (compatible; MegaIndex.ru/2.0; +http://megaindex.com/crawler)"
176.9.58.227 - - [17/Jan/2023:21:05:01 +0100] "GET /pmwiki/pmwiki.php/Main/DRM?action=edit&restore=diff:1116349538:1116349498:&preview=y HTTP/1.1" 200 12364 "-" "Mozilla/5.0 (compatible; MegaIndex.ru/2.0; +http://megaindex.com/crawler)"
176.9.58.227 - - [17/Jan/2023:21:05:06 +0100] "GET /pmwiki/pmwiki.php/Main/DRM?action=edit&restore=diff:1116349498:1112895343:&preview=y HTTP/1.1" 200 12364 "-" "Mozilla/5.0 (compatible; MegaIndex.ru/2.0; +http://megaindex.com/crawler)"
176.9.58.227 - - [17/Jan/2023:21:05:09 +0100] "GET /pmwiki/pmwiki.php/Main/DRM?action=edit&restore=diff:1112895343:1112121266:&preview=y HTTP/1.1" 200 12364 "-" "Mozilla/5.0 (compatible; MegaIndex.ru/2.0; +http://megaindex.com/crawler)"
217.113.194.69 - - [17/Jan/2023:21:05:13 +0100] "GET /pmwiki/pmwiki.php/PmWiki/WikiTrails?action=upload HTTP/1.1" 200 12347 "-" "Mozilla/5.0 (compatible; Barkrowler/0.9; +https://babbar.tech/crawler)"
176.9.58.227 - - [17/Jan/2023:21:05:15 +0100] "GET /pmwiki/pmwiki.php/Main/DRM?action=edit&restore=diff:1112121266:1112120711:&preview=y HTTP/1.1" 200 12364 "-" "Mozilla/5.0 (compatible; MegaIndex.ru/2.0; +http://megaindex.com/crawler)"
176.9.58.227 - - [17/Jan/2023:21:05:17 +0100] "GET /pmwiki/pmwiki.php/Main/DRM?action=edit&restore=diff:1112120711:1111958234:&preview=y HTTP/1.1" 200 12364 "-" "Mozilla/5.0 (compatible; MegaIndex.ru/2.0; +http://megaindex.com/crawler)"
176.9.58.227 - - [17/Jan/2023:21:05:21 +0100] "GET /pmwiki/pmwiki.php/Main/DRM?action=edit&restore=diff:1111958234:1111958207:minor&preview=y HTTP/1.1" 200 12369 "-" "Mozilla/5.0 (compatible; MegaIndex.ru/2.0; +http://megaindex.com/crawler)"
176.9.58.227 - - [17/Jan/2023:21:05:24 +0100] "GET /pmwiki/pmwiki.php/Main/DRM?action=edit&restore=diff:1111958207:1111957994:&preview=y HTTP/1.1" 200 12364 "-" "Mozilla/5.0 (compatible; MegaIndex.ru/2.0; +http://megaindex.com/crawler)"
217.113.194.121 - - [17/Jan/2023:21:05:28 +0100] "GET /pmwiki/pmwiki.php/PmWiki/WikiTrails?action=print HTTP/1.1" 200 5691 "-" "Mozilla/5.0 (compatible; Barkrowler/0.9; +https://babbar.tech/crawler)"
176.9.58.227 - - [17/Jan/2023:21:05:28 +0100] "GET /pmwiki/pmwiki.php/Main/DRM?action=edit&restore=diff:1111957994:1111147394:&preview=y HTTP/1.1" 200 12364 "-" "Mozilla/5.0 (compatible; MegaIndex.ru/2.0; +http://megaindex.com/crawler)"
176.9.58.227 - - [17/Jan/2023:21:05:32 +0100] "GET /pmwiki/pmwiki.php/Main/DRM?action=edit&restore=diff:1111147394:1111146887:&preview=y HTTP/1.1" 200 12364 "-" "Mozilla/5.0 (compatible; MegaIndex.ru/2.0; +http://megaindex.com/crawler)"
