176.9.58.227 - - [17/Jan/2023:22:21:37 +0100] "GET /pmwiki/pmwiki.php/PmWiki/Directives?action=diff&source=n&minor=n HTTP/1.1" 200 12874 "-" "Mozilla/5.0 (compatible; MegaIndex.ru/2.0; +http://megaindex.com/crawler)"
176.9.58.227 - - [17/Jan/2023:22:21:41 +0100] "GET /pmwiki/pmwiki.php/PmWiki/Directives?action=diff&source=y&minor=y HTTP/1.1" 200 12874 "-" "Mozilla/5.0 (compatible; MegaIndex.ru/2.0; +http://megaindex.com/crawler)"
217.113.194.102 - - [17/Jan/2023:22:21:42 +0100] "GET /pmwiki/pmwiki.php/Main/2004-esNyilatkozat?action=diff HTTP/1.1" 200 17019 "-" "Mozilla/5.0 (compatible; Barkrowler/0.9; +https://babbar.tech/crawler)"
176.9.58.227 - - [17/Jan/2023:22:21:45 +0100] "GET /pmwiki/pmwiki.php/PmWiki/ConditionalMarkup?action=edit HTTP/1.1" 200 12579 "-" "Mozilla/5.0 (compatible; MegaIndex.ru/2.0; +http://megaindex.com/crawler)"
176.9.58.227 - - [17/Jan/2023:22:21:49 +0100] "GET /pmwiki/pmwiki.php/PmWiki/ConditionalMarkup?action=upload HTTP/1.1" 200 12459 "-" "Mozilla/5.0 (compatible; MegaIndex.ru/2.0; +http://megaindex.com/crawler)"
176.9.58.227 - - [17/Jan/2023:22:21:52 +0100] "GET /pmwiki/pmwiki.php/PmWiki/ConditionalMarkup?action=diff HTTP/1.1" 200 13000 "-" "Mozilla/5.0 (compatible; MegaIndex.ru/2.0; +http://megaindex.com/crawler)"
176.9.58.227 - - [17/Jan/2023:22:21:57 +0100] "GET /pmwiki/pmwiki.php/PmWiki/WikiGroup?action=diff&source=n&minor=n HTTP/1.1" 200 12856 "-" "Mozilla/5.0 (compatible; MegaIndex.ru/2.0; +http://megaindex.com/crawler)"
217.113.194.124 - - [17/Jan/2023:22:21:57 +0100] "GET /pmwiki/pmwiki.php/Main/2004-esNyilatkozat?action=upload HTTP/1.1" 200 12438 "-" "Mozilla/5.0 (compatible; Barkrowler/0.9; +https://babbar.tech/crawler)"
176.9.58.227 - - [17/Jan/2023:22:22:01 +0100] "GET /pmwiki/pmwiki.php/PmWiki/WikiGroup?action=diff&source=y&minor=y HTTP/1.1" 200 12856 "-" "Mozilla/5.0 (compatible; MegaIndex.ru/2.0; +http://megaindex.com/crawler)"
176.9.58.227 - - [17/Jan/2023:22:22:04 +0100] "GET /pmwiki/pmwiki.php/Main/AllRecentChanges?action=edit HTTP/1.1" 200 12526 "-" "Mozilla/5.0 (compatible; MegaIndex.ru/2.0; +http://megaindex.com/crawler)"
176.9.58.227 - - [17/Jan/2023:22:22:08 +0100] "GET /pmwiki/pmwiki.php/Main/AllRecentChanges?action=upload HTTP/1.1" 200 12406 "-" "Mozilla/5.0 (compatible; MegaIndex.ru/2.0; +http://megaindex.com/crawler)"
176.9.58.227 - - [17/Jan/2023:22:22:12 +0100] "GET /pmwiki/pmwiki.php/Main/AllRecentChanges?action=diff HTTP/1.1" 200 12941 "-" "Mozilla/5.0 (compatible; MegaIndex.ru/2.0; +http://megaindex.com/crawler)"
217.113.194.107 - - [17/Jan/2023:22:22:13 +0100] "GET /pmwiki/pmwiki.php/Main/2004-esNyilatkozat?action=print HTTP/1.1" 200 6026 "-" "Mozilla/5.0 (compatible; Barkrowler/0.9; +https://babbar.tech/crawler)"
176.9.58.227 - - [17/Jan/2023:22:22:16 +0100] "GET /pmwiki/pmwiki.php/Main/Patentpools HTTP/1.1" 200 20710 "-" "Mozilla/5.0 (compatible; MegaIndex.ru/2.0; +http://megaindex.com/crawler)"
176.9.58.227 - - [17/Jan/2023:22:22:24 +0100] "GET /pmwiki/pmwiki.php/Main/PDF417 HTTP/1.1" 200 29642 "-" "Mozilla/5.0 (compatible; MegaIndex.ru/2.0; +http://megaindex.com/crawler)"
217.113.194.92 - - [17/Jan/2023:22:22:28 +0100] "GET /pmwiki/pmwiki.php/Main/JuriVelemeny?action=diff HTTP/1.1" 200 26944 "-" "Mozilla/5.0 (compatible; Barkrowler/0.9; +https://babbar.tech/crawler)"
176.9.58.227 - - [17/Jan/2023:22:22:29 +0100] "GET /pmwiki/pmwiki.php/Main/Fsn HTTP/1.1" 200 14170 "-" "Mozilla/5.0 (compatible; MegaIndex.ru/2.0; +http://megaindex.com/crawler)"
176.9.58.227 - - [17/Jan/2023:22:22:32 +0100] "GET /pmwiki/pmwiki.php/Main/ToughLetter HTTP/1.1" 200 16216 "-" "Mozilla/5.0 (compatible; MegaIndex.ru/2.0; +http://megaindex.com/crawler)"
176.9.58.227 - - [17/Jan/2023:22:22:40 +0100] "GET /pmwiki/pmwiki.php/Main/JuriHPOEloterjesztes HTTP/1.1" 200 45369 "-" "Mozilla/5.0 (compatible; MegaIndex.ru/2.0; +http://megaindex.com/crawler)"
217.113.194.127 - - [17/Jan/2023:22:22:44 +0100] "GET /pmwiki/pmwiki.php/Main/Befektet%E9sv%E9delem HTTP/1.1" 200 15814 "-" "Mozilla/5.0 (compatible; Barkrowler/0.9; +https://babbar.tech/crawler)"
176.9.58.227 - - [17/Jan/2023:22:22:45 +0100] "GET /pmwiki/pmwiki.php/Main/JuriEktbEloterjesztes HTTP/1.1" 200 17840 "-" "Mozilla/5.0 (compatible; MegaIndex.ru/2.0; +http://megaindex.com/crawler)"
176.9.58.227 - - [17/Jan/2023:22:22:50 +0100] "GET /pmwiki/pmwiki.php/Main/JuriVelemeny HTTP/1.1" 200 23765 "-" "Mozilla/5.0 (compatible; MegaIndex.ru/2.0; +http://megaindex.com/crawler)"
176.9.58.227 - - [17/Jan/2023:22:22:55 +0100] "GET /pmwiki/pmwiki.php/Main/SearchWiki HTTP/1.1" 200 13669 "-" "Mozilla/5.0 (compatible; MegaIndex.ru/2.0; +http://megaindex.com/crawler)"
176.9.58.227 - - [17/Jan/2023:22:22:58 +0100] "GET /pmwiki/pmwiki.php/Main/WikiPediaban HTTP/1.1" 200 12009 "-" "Mozilla/5.0 (compatible; MegaIndex.ru/2.0; +http://megaindex.com/crawler)"
217.113.194.106 - - [17/Jan/2023:22:22:59 +0100] "GET /pmwiki/pmwiki.php/Main/Virsligy%E1r?action=diff HTTP/1.1" 200 26293 "-" "Mozilla/5.0 (compatible; Barkrowler/0.9; +https://babbar.tech/crawler)"
176.9.58.227 - - [17/Jan/2023:22:23:02 +0100] "GET /pmwiki/pmwiki.php/Main/NoSoftwarePatents HTTP/1.1" 200 12114 "-" "Mozilla/5.0 (compatible; MegaIndex.ru/2.0; +http://megaindex.com/crawler)"
176.9.58.227 - - [17/Jan/2023:22:23:08 +0100] "GET /pmwiki/pmwiki.php/PmWiki/Passwords?action=diff&source=n&minor=n HTTP/1.1" 200 12856 "-" "Mozilla/5.0 (compatible; MegaIndex.ru/2.0; +http://megaindex.com/crawler)"
176.9.58.227 - - [17/Jan/2023:22:23:10 +0100] "GET /pmwiki/pmwiki.php/PmWiki/Passwords?action=diff&source=y&minor=y HTTP/1.1" 200 12856 "-" "Mozilla/5.0 (compatible; MegaIndex.ru/2.0; +http://megaindex.com/crawler)"
176.9.58.227 - - [17/Jan/2023:22:23:14 +0100] "GET /pmwiki/pmwiki.php/PmWiki/Security?action=edit HTTP/1.1" 200 12437 "-" "Mozilla/5.0 (compatible; MegaIndex.ru/2.0; +http://megaindex.com/crawler)"
217.113.194.127 - - [17/Jan/2023:22:23:15 +0100] "GET /pmwiki/pmwiki.php/Main/FAQ?action=diff&source=n&minor=y HTTP/1.1" 200 19015 "-" "Mozilla/5.0 (compatible; Barkrowler/0.9; +https://babbar.tech/crawler)"
176.9.58.227 - - [17/Jan/2023:22:23:18 +0100] "GET /pmwiki/pmwiki.php/PmWiki/Security?action=upload HTTP/1.1" 200 12317 "-" "Mozilla/5.0 (compatible; MegaIndex.ru/2.0; +http://megaindex.com/crawler)"
176.9.58.227 - - [17/Jan/2023:22:23:21 +0100] "GET /pmwiki/pmwiki.php/PmWiki/Security?action=diff HTTP/1.1" 200 12840 "-" "Mozilla/5.0 (compatible; MegaIndex.ru/2.0; +http://megaindex.com/crawler)"
176.9.58.227 - - [17/Jan/2023:22:23:24 +0100] "GET /pmwiki/pmwiki.php/PmWiki/WikiTrails?action=diff&source=n&minor=n HTTP/1.1" 200 12874 "-" "Mozilla/5.0 (compatible; MegaIndex.ru/2.0; +http://megaindex.com/crawler)"
176.9.58.227 - - [17/Jan/2023:22:23:27 +0100] "GET /pmwiki/pmwiki.php/PmWiki/WikiTrails?action=diff&source=y&minor=y HTTP/1.1" 200 12874 "-" "Mozilla/5.0 (compatible; MegaIndex.ru/2.0; +http://megaindex.com/crawler)"
217.113.194.125 - - [17/Jan/2023:22:23:30 +0100] "GET /pmwiki/pmwiki.php/Main/FAQ?action=diff&source=n&minor=n HTTP/1.1" 200 19015 "-" "Mozilla/5.0 (compatible; Barkrowler/0.9; +https://babbar.tech/crawler)"
176.9.58.227 - - [17/Jan/2023:22:23:31 +0100] "GET /pmwiki/pmwiki.php/PmWiki/Categories?action=diff&source=n&minor=n HTTP/1.1" 200 12875 "-" "Mozilla/5.0 (compatible; MegaIndex.ru/2.0; +http://megaindex.com/crawler)"
176.9.58.227 - - [17/Jan/2023:22:23:35 +0100] "GET /pmwiki/pmwiki.php/PmWiki/Categories?action=diff&source=y&minor=y HTTP/1.1" 200 12875 "-" "Mozilla/5.0 (compatible; MegaIndex.ru/2.0; +http://megaindex.com/crawler)"
176.9.58.227 - - [17/Jan/2023:22:23:38 +0100] "GET /pmwiki/pmwiki.php/PmWiki/GroupHeaders?action=diff&source=n&minor=n HTTP/1.1" 200 12910 "-" "Mozilla/5.0 (compatible; MegaIndex.ru/2.0; +http://megaindex.com/crawler)"
176.9.58.227 - - [17/Jan/2023:22:23:42 +0100] "GET /pmwiki/pmwiki.php/PmWiki/GroupHeaders?action=diff&source=y&minor=y HTTP/1.1" 200 12910 "-" "Mozilla/5.0 (compatible; MegaIndex.ru/2.0; +http://megaindex.com/crawler)"
176.9.58.227 - - [17/Jan/2023:22:23:45 +0100] "GET /pmwiki/pmwiki.php/PmWiki/PageHistory?action=diff&source=n&minor=n HTTP/1.1" 200 12893 "-" "Mozilla/5.0 (compatible; MegaIndex.ru/2.0; +http://megaindex.com/crawler)"
217.113.194.85 - - [17/Jan/2023:22:23:45 +0100] "GET /pmwiki/pmwiki.php/Main/FAQ?action=diff&source=y&minor=y HTTP/1.1" 200 19113 "-" "Mozilla/5.0 (compatible; Barkrowler/0.9; +https://babbar.tech/crawler)"
176.9.58.227 - - [17/Jan/2023:22:23:48 +0100] "GET /pmwiki/pmwiki.php/PmWiki/PageHistory?action=diff&source=y&minor=y HTTP/1.1" 200 12893 "-" "Mozilla/5.0 (compatible; MegaIndex.ru/2.0; +http://megaindex.com/crawler)"
176.9.58.227 - - [17/Jan/2023:22:23:51 +0100] "GET /pmwiki/pmwiki.php/PmWiki/LocalCustomizations?action=diff&source=n&minor=n HTTP/1.1" 200 13035 "-" "Mozilla/5.0 (compatible; MegaIndex.ru/2.0; +http://megaindex.com/crawler)"
176.9.58.227 - - [17/Jan/2023:22:23:54 +0100] "GET /pmwiki/pmwiki.php/PmWiki/LocalCustomizations?action=diff&source=y&minor=y HTTP/1.1" 200 13035 "-" "Mozilla/5.0 (compatible; MegaIndex.ru/2.0; +http://megaindex.com/crawler)"
176.9.58.227 - - [17/Jan/2023:22:23:58 +0100] "GET /pmwiki/pmwiki.php/PmWiki/LayoutAdvanced?action=diff&source=n&minor=n HTTP/1.1" 200 12946 "-" "Mozilla/5.0 (compatible; MegaIndex.ru/2.0; +http://megaindex.com/crawler)"
217.113.194.68 - - [17/Jan/2023:22:24:01 +0100] "GET /pmwiki/pmwiki.php/Main/FAQ?action=diff&source=y&minor=n HTTP/1.1" 200 19113 "-" "Mozilla/5.0 (compatible; Barkrowler/0.9; +https://babbar.tech/crawler)"
176.9.58.227 - - [17/Jan/2023:22:24:01 +0100] "GET /pmwiki/pmwiki.php/PmWiki/LayoutAdvanced?action=diff&source=y&minor=y HTTP/1.1" 200 12946 "-" "Mozilla/5.0 (compatible; MegaIndex.ru/2.0; +http://megaindex.com/crawler)"
176.9.58.227 - - [17/Jan/2023:22:24:05 +0100] "GET /pmwiki/pmwiki.php/PmWiki/PerGroupCustomizations?action=diff&source=n&minor=n HTTP/1.1" 200 13091 "-" "Mozilla/5.0 (compatible; MegaIndex.ru/2.0; +http://megaindex.com/crawler)"
176.9.58.227 - - [17/Jan/2023:22:24:10 +0100] "GET /pmwiki/pmwiki.php/PmWiki/PerGroupCustomizations?action=diff&source=y&minor=y HTTP/1.1" 200 13091 "-" "Mozilla/5.0 (compatible; MegaIndex.ru/2.0; +http://megaindex.com/crawler)"
176.9.58.227 - - [17/Jan/2023:22:24:13 +0100] "GET /pmwiki/pmwiki.php/PmWiki/WikiFarms?action=edit HTTP/1.1" 200 12451 "-" "Mozilla/5.0 (compatible; MegaIndex.ru/2.0; +http://megaindex.com/crawler)"
217.113.194.88 - - [17/Jan/2023:22:24:16 +0100] "GET /pmwiki/pmwiki.php/Main/HomePage?action=upload&upname=wiki.png HTTP/1.1" 200 12297 "-" "Mozilla/5.0 (compatible; Barkrowler/0.9; +https://babbar.tech/crawler)"
176.9.58.227 - - [17/Jan/2023:22:24:16 +0100] "GET /pmwiki/pmwiki.php/PmWiki/WikiFarms?action=upload HTTP/1.1" 200 12331 "-" "Mozilla/5.0 (compatible; MegaIndex.ru/2.0; +http://megaindex.com/crawler)"
176.9.58.227 - - [17/Jan/2023:22:24:19 +0100] "GET /pmwiki/pmwiki.php/PmWiki/WikiFarms?action=diff HTTP/1.1" 200 12856 "-" "Mozilla/5.0 (compatible; MegaIndex.ru/2.0; +http://megaindex.com/crawler)"
176.9.58.227 - - [17/Jan/2023:22:24:23 +0100] "GET /pmwiki/pmwiki.php/PmWiki/PasswordsAdmin?action=diff&source=n&minor=n HTTP/1.1" 200 12947 "-" "Mozilla/5.0 (compatible; MegaIndex.ru/2.0; +http://megaindex.com/crawler)"
176.9.58.227 - - [17/Jan/2023:22:24:28 +0100] "GET /pmwiki/pmwiki.php/PmWiki/PasswordsAdmin?action=diff&source=y&minor=y HTTP/1.1" 200 12947 "-" "Mozilla/5.0 (compatible; MegaIndex.ru/2.0; +http://megaindex.com/crawler)"
176.9.58.227 - - [17/Jan/2023:22:24:30 +0100] "GET /pmwiki/pmwiki.php/Main/GroupAttributes HTTP/1.1" 200 11936 "-" "Mozilla/5.0 (compatible; MegaIndex.ru/2.0; +http://megaindex.com/crawler)"
217.113.194.124 - - [17/Jan/2023:22:24:32 +0100] "GET /pmwiki/pmwiki.php/Main/2005M%E1rcius8?action=diff HTTP/1.1" 200 33027 "-" "Mozilla/5.0 (compatible; Barkrowler/0.9; +https://babbar.tech/crawler)"
176.9.58.227 - - [17/Jan/2023:22:24:33 +0100] "GET /pmwiki/pmwiki.php/Main/GroupAttributes?action=edit HTTP/1.1" 200 12514 "-" "Mozilla/5.0 (compatible; MegaIndex.ru/2.0; +http://megaindex.com/crawler)"
176.9.58.227 - - [17/Jan/2023:22:24:38 +0100] "GET /pmwiki/pmwiki.php/Main/GroupAttributes?action=upload HTTP/1.1" 200 12394 "-" "Mozilla/5.0 (compatible; MegaIndex.ru/2.0; +http://megaindex.com/crawler)"
176.9.58.227 - - [17/Jan/2023:22:24:42 +0100] "GET /pmwiki/pmwiki.php/Main/GroupAttributes?action=diff HTTP/1.1" 200 12927 "-" "Mozilla/5.0 (compatible; MegaIndex.ru/2.0; +http://megaindex.com/crawler)"
217.113.194.95 - - [17/Jan/2023:22:24:47 +0100] "GET /pmwiki/pmwiki.php/Main/2005M%E1rcius8?action=upload HTTP/1.1" 200 12370 "-" "Mozilla/5.0 (compatible; Barkrowler/0.9; +https://babbar.tech/crawler)"
176.9.58.227 - - [17/Jan/2023:22:24:50 +0100] "GET /pmwiki/pmwiki.php/PmWiki/GroupAttributes HTTP/1.1" 200 11972 "-" "Mozilla/5.0 (compatible; MegaIndex.ru/2.0; +http://megaindex.com/crawler)"
176.9.58.227 - - [17/Jan/2023:22:24:53 +0100] "GET /pmwiki/pmwiki.php/PmWiki/GroupAttributes?action=edit HTTP/1.1" 200 12548 "-" "Mozilla/5.0 (compatible; MegaIndex.ru/2.0; +http://megaindex.com/crawler)"
176.9.58.227 - - [17/Jan/2023:22:24:55 +0100] "GET /pmwiki/pmwiki.php/PmWiki/GroupAttributes?action=upload HTTP/1.1" 200 12428 "-" "Mozilla/5.0 (compatible; MegaIndex.ru/2.0; +http://megaindex.com/crawler)"
176.9.58.227 - - [17/Jan/2023:22:24:59 +0100] "GET /pmwiki/pmwiki.php/PmWiki/GroupAttributes?action=diff HTTP/1.1" 200 12965 "-" "Mozilla/5.0 (compatible; MegaIndex.ru/2.0; +http://megaindex.com/crawler)"
217.113.194.122 - - [17/Jan/2023:22:25:02 +0100] "GET /pmwiki/pmwiki.php/Main/2005M%E1rcius8?action=print HTTP/1.1" 200 20416 "-" "Mozilla/5.0 (compatible; Barkrowler/0.9; +https://babbar.tech/crawler)"
176.9.58.227 - - [17/Jan/2023:22:25:03 +0100] "GET /pmwiki/pmwiki.php/PmWiki/UploadsAdmin?action=diff&source=n&minor=n HTTP/1.1" 200 12910 "-" "Mozilla/5.0 (compatible; MegaIndex.ru/2.0; +http://megaindex.com/crawler)"
176.9.58.227 - - [17/Jan/2023:22:25:06 +0100] "GET /pmwiki/pmwiki.php/PmWiki/UploadsAdmin?action=diff&source=y&minor=y HTTP/1.1" 200 12910 "-" "Mozilla/5.0 (compatible; MegaIndex.ru/2.0; +http://megaindex.com/crawler)"
176.9.58.227 - - [17/Jan/2023:22:25:10 +0100] "GET /pmwiki/pmwiki.php/PmWiki/UploadVariables?action=edit HTTP/1.1" 200 12548 "-" "Mozilla/5.0 (compatible; MegaIndex.ru/2.0; +http://megaindex.com/crawler)"
176.9.58.227 - - [17/Jan/2023:22:25:13 +0100] "GET /pmwiki/pmwiki.php/PmWiki/UploadVariables?action=upload HTTP/1.1" 200 12428 "-" "Mozilla/5.0 (compatible; MegaIndex.ru/2.0; +http://megaindex.com/crawler)"
176.9.58.227 - - [17/Jan/2023:22:25:18 +0100] "GET /pmwiki/pmwiki.php/PmWiki/UploadVariables?action=diff HTTP/1.1" 200 12965 "-" "Mozilla/5.0 (compatible; MegaIndex.ru/2.0; +http://megaindex.com/crawler)"
217.113.194.94 - - [17/Jan/2023:22:25:18 +0100] "GET /pmwiki/pmwiki.php/Main/2005Szeptember2?action=diff HTTP/1.1" 200 15260 "-" "Mozilla/5.0 (compatible; Barkrowler/0.9; +https://babbar.tech/crawler)"
176.9.58.227 - - [17/Jan/2023:22:25:22 +0100] "GET /pmwiki/pmwiki.php/PmWiki/Internationalizations?action=diff&source=n&minor=n HTTP/1.1" 200 13072 "-" "Mozilla/5.0 (compatible; MegaIndex.ru/2.0; +http://megaindex.com/crawler)"
176.9.58.227 - - [17/Jan/2023:22:25:24 +0100] "GET /pmwiki/pmwiki.php/PmWiki/Internationalizations?action=diff&source=y&minor=y HTTP/1.1" 200 13072 "-" "Mozilla/5.0 (compatible; MegaIndex.ru/2.0; +http://megaindex.com/crawler)"
176.9.58.227 - - [17/Jan/2023:22:25:28 +0100] "GET /pmwiki/pmwiki.php/PmWiki/MailPosts?action=diff&source=n&minor=n HTTP/1.1" 200 12857 "-" "Mozilla/5.0 (compatible; MegaIndex.ru/2.0; +http://megaindex.com/crawler)"
176.9.58.227 - - [17/Jan/2023:22:25:31 +0100] "GET /pmwiki/pmwiki.php/PmWiki/MailPosts?action=diff&source=y&minor=y HTTP/1.1" 200 12857 "-" "Mozilla/5.0 (compatible; MegaIndex.ru/2.0; +http://megaindex.com/crawler)"
217.113.194.124 - - [17/Jan/2023:22:25:33 +0100] "GET /pmwiki/pmwiki.php/Main/Google?action=diff&source=y&minor=y HTTP/1.1" 200 56595 "-" "Mozilla/5.0 (compatible; Barkrowler/0.9; +https://babbar.tech/crawler)"
176.9.58.227 - - [17/Jan/2023:22:25:35 +0100] "GET /pmwiki/pmwiki.php/PmWiki/CustomInterMap?action=diff&source=n&minor=n HTTP/1.1" 200 12948 "-" "Mozilla/5.0 (compatible; MegaIndex.ru/2.0; +http://megaindex.com/crawler)"
176.9.58.227 - - [17/Jan/2023:22:25:38 +0100] "GET /pmwiki/pmwiki.php/PmWiki/CustomInterMap?action=diff&source=y&minor=y HTTP/1.1" 200 12948 "-" "Mozilla/5.0 (compatible; MegaIndex.ru/2.0; +http://megaindex.com/crawler)"
176.9.58.227 - - [17/Jan/2023:22:25:42 +0100] "GET /pmwiki/pmwiki.php/PmWiki/CustomMarkup?action=diff&source=n&minor=n HTTP/1.1" 200 12911 "-" "Mozilla/5.0 (compatible; MegaIndex.ru/2.0; +http://megaindex.com/crawler)"
176.9.58.227 - - [17/Jan/2023:22:25:46 +0100] "GET /pmwiki/pmwiki.php/PmWiki/CustomMarkup?action=diff&source=y&minor=y HTTP/1.1" 200 12911 "-" "Mozilla/5.0 (compatible; MegaIndex.ru/2.0; +http://megaindex.com/crawler)"
217.113.194.80 - - [17/Jan/2023:22:25:49 +0100] "GET /pmwiki/pmwiki.php/Main/Google?action=diff&source=n&minor=n HTTP/1.1" 200 13289 "-" "Mozilla/5.0 (compatible; Barkrowler/0.9; +https://babbar.tech/crawler)"
176.9.58.227 - - [17/Jan/2023:22:25:50 +0100] "GET /pmwiki/pmwiki.php/PmWiki/CustomWikiStyles?action=diff&source=n&minor=n HTTP/1.1" 200 12982 "-" "Mozilla/5.0 (compatible; MegaIndex.ru/2.0; +http://megaindex.com/crawler)"
176.9.58.227 - - [17/Jan/2023:22:25:56 +0100] "GET /pmwiki/pmwiki.php/PmWiki/CustomWikiStyles?action=diff&source=y&minor=y HTTP/1.1" 200 12982 "-" "Mozilla/5.0 (compatible; MegaIndex.ru/2.0; +http://megaindex.com/crawler)"
176.9.58.227 - - [17/Jan/2023:22:25:57 +0100] "GET /pmwiki/pmwiki.php/PmWiki/RefCount?action=diff&source=n&minor=n HTTP/1.1" 200 12839 "-" "Mozilla/5.0 (compatible; MegaIndex.ru/2.0; +http://megaindex.com/crawler)"
176.9.58.227 - - [17/Jan/2023:22:26:01 +0100] "GET /pmwiki/pmwiki.php/PmWiki/RefCount?action=diff&source=y&minor=y HTTP/1.1" 200 12839 "-" "Mozilla/5.0 (compatible; MegaIndex.ru/2.0; +http://megaindex.com/crawler)"
217.113.194.67 - - [17/Jan/2023:22:26:04 +0100] "GET /pmwiki/pmwiki.php/PmWiki/PredefinedWikiStyles?action=edit HTTP/1.1" 200 12627 "-" "Mozilla/5.0 (compatible; Barkrowler/0.9; +https://babbar.tech/crawler)"
176.9.58.227 - - [17/Jan/2023:22:26:05 +0100] "GET /pmwiki/pmwiki.php/PmWiki/RSS?action=diff&source=n&minor=n HTTP/1.1" 200 12749 "-" "Mozilla/5.0 (compatible; MegaIndex.ru/2.0; +http://megaindex.com/crawler)"
176.9.58.227 - - [17/Jan/2023:22:26:09 +0100] "GET /pmwiki/pmwiki.php/PmWiki/RSS?action=diff&source=y&minor=y HTTP/1.1" 200 12749 "-" "Mozilla/5.0 (compatible; MegaIndex.ru/2.0; +http://megaindex.com/crawler)"
176.9.58.227 - - [17/Jan/2023:22:26:12 +0100] "GET /pmwiki/pmwiki.php/PmWiki/UrlApprovals?action=diff&source=n&minor=n HTTP/1.1" 200 12910 "-" "Mozilla/5.0 (compatible; MegaIndex.ru/2.0; +http://megaindex.com/crawler)"
176.9.58.227 - - [17/Jan/2023:22:26:15 +0100] "GET /pmwiki/pmwiki.php/PmWiki/UrlApprovals?action=diff&source=y&minor=y HTTP/1.1" 200 12910 "-" "Mozilla/5.0 (compatible; MegaIndex.ru/2.0; +http://megaindex.com/crawler)"
176.9.58.227 - - [17/Jan/2023:22:26:18 +0100] "GET /pmwiki/pmwiki.php/PmWiki/AvailableActions?action=diff&source=n&minor=n HTTP/1.1" 200 12983 "-" "Mozilla/5.0 (compatible; MegaIndex.ru/2.0; +http://megaindex.com/crawler)"
217.113.194.103 - - [17/Jan/2023:22:26:19 +0100] "GET /pmwiki/pmwiki.php/PmWiki/PredefinedWikiStyles?action=upload HTTP/1.1" 200 12507 "-" "Mozilla/5.0 (compatible; Barkrowler/0.9; +https://babbar.tech/crawler)"
176.9.58.227 - - [17/Jan/2023:22:26:22 +0100] "GET /pmwiki/pmwiki.php/PmWiki/AvailableActions?action=diff&source=y&minor=y HTTP/1.1" 200 12983 "-" "Mozilla/5.0 (compatible; MegaIndex.ru/2.0; +http://megaindex.com/crawler)"
176.9.58.227 - - [17/Jan/2023:22:26:25 +0100] "GET /pmwiki/pmwiki.php/PmWiki/Variables?action=diff&source=n&minor=n HTTP/1.1" 200 12857 "-" "Mozilla/5.0 (compatible; MegaIndex.ru/2.0; +http://megaindex.com/crawler)"
176.9.58.227 - - [17/Jan/2023:22:26:29 +0100] "GET /pmwiki/pmwiki.php/PmWiki/Variables?action=diff&source=y&minor=y HTTP/1.1" 200 12857 "-" "Mozilla/5.0 (compatible; MegaIndex.ru/2.0; +http://megaindex.com/crawler)"
176.9.58.227 - - [17/Jan/2023:22:26:33 +0100] "GET /pmwiki/pmwiki.php/PmWiki/I18nVariables?action=edit HTTP/1.1" 200 12516 "-" "Mozilla/5.0 (compatible; MegaIndex.ru/2.0; +http://megaindex.com/crawler)"
217.113.194.91 - - [17/Jan/2023:22:26:35 +0100] "GET /pmwiki/pmwiki.php/PmWiki/PredefinedWikiStyles?action=diff HTTP/1.1" 200 13054 "-" "Mozilla/5.0 (compatible; Barkrowler/0.9; +https://babbar.tech/crawler)"
176.9.58.227 - - [17/Jan/2023:22:26:38 +0100] "GET /pmwiki/pmwiki.php/PmWiki/I18nVariables?action=upload HTTP/1.1" 200 12396 "-" "Mozilla/5.0 (compatible; MegaIndex.ru/2.0; +http://megaindex.com/crawler)"
176.9.58.227 - - [17/Jan/2023:22:26:41 +0100] "GET /pmwiki/pmwiki.php/PmWiki/I18nVariables?action=diff HTTP/1.1" 200 12929 "-" "Mozilla/5.0 (compatible; MegaIndex.ru/2.0; +http://megaindex.com/crawler)"
176.9.58.227 - - [17/Jan/2023:22:26:45 +0100] "GET /pmwiki/pmwiki.php/PmWiki/Audiences?action=diff&source=n&minor=n HTTP/1.1" 200 12855 "-" "Mozilla/5.0 (compatible; MegaIndex.ru/2.0; +http://megaindex.com/crawler)"
176.9.58.227 - - [17/Jan/2023:22:26:48 +0100] "GET /pmwiki/pmwiki.php/PmWiki/Audiences?action=diff&source=y&minor=y HTTP/1.1" 200 12855 "-" "Mozilla/5.0 (compatible; MegaIndex.ru/2.0; +http://megaindex.com/crawler)"
217.113.194.126 - - [17/Jan/2023:22:26:50 +0100] "GET /pmwiki/pmwiki.php/PmWiki/AvailableActions?action=diff HTTP/1.1" 200 12983 "-" "Mozilla/5.0 (compatible; Barkrowler/0.9; +https://babbar.tech/crawler)"
176.9.58.227 - - [17/Jan/2023:22:26:51 +0100] "GET /pmwiki/pmwiki.php/PmWiki/Contributors?action=diff&source=n&minor=n HTTP/1.1" 200 12911 "-" "Mozilla/5.0 (compatible; MegaIndex.ru/2.0; +http://megaindex.com/crawler)"
176.9.58.227 - - [17/Jan/2023:22:26:56 +0100] "GET /pmwiki/pmwiki.php/PmWiki/Contributors?action=diff&source=y&minor=y HTTP/1.1" 200 12911 "-" "Mozilla/5.0 (compatible; MegaIndex.ru/2.0; +http://megaindex.com/crawler)"
176.9.58.227 - - [17/Jan/2023:22:27:02 +0100] "GET /pmwiki/pmwiki.php/PmWiki/UpgradingFromPmWiki1?action=diff&source=n&minor=n HTTP/1.1" 200 13055 "-" "Mozilla/5.0 (compatible; MegaIndex.ru/2.0; +http://megaindex.com/crawler)"
176.9.58.227 - - [17/Jan/2023:22:27:05 +0100] "GET /pmwiki/pmwiki.php/PmWiki/UpgradingFromPmWiki1?action=diff&source=y&minor=y HTTP/1.1" 200 13055 "-" "Mozilla/5.0 (compatible; MegaIndex.ru/2.0; +http://megaindex.com/crawler)"
217.113.194.90 - - [17/Jan/2023:22:27:05 +0100] "GET /pmwiki/pmwiki.php/PmWiki/AdvancedTables?action=diff HTTP/1.1" 200 12947 "-" "Mozilla/5.0 (compatible; Barkrowler/0.9; +https://babbar.tech/crawler)"
176.9.58.227 - - [17/Jan/2023:22:27:08 +0100] "GET /pmwiki/pmwiki.php/PmWiki/FAQ?action=diff&source=n&minor=y HTTP/1.1" 200 12749 "-" "Mozilla/5.0 (compatible; MegaIndex.ru/2.0; +http://megaindex.com/crawler)"
176.9.58.227 - - [17/Jan/2023:22:27:12 +0100] "GET /pmwiki/pmwiki.php/PmWiki/FAQ?action=diff&source=y&minor=n HTTP/1.1" 200 12749 "-" "Mozilla/5.0 (compatible; MegaIndex.ru/2.0; +http://megaindex.com/crawler)"
176.9.58.227 - - [17/Jan/2023:22:27:16 +0100] "GET /pmwiki/pmwiki.php/PmWiki/PmWikiPhilosophy?action=diff&source=n&minor=y HTTP/1.1" 200 12982 "-" "Mozilla/5.0 (compatible; MegaIndex.ru/2.0; +http://megaindex.com/crawler)"
176.9.58.227 - - [17/Jan/2023:22:27:20 +0100] "GET /pmwiki/pmwiki.php/PmWiki/PmWikiPhilosophy?action=diff&source=y&minor=n HTTP/1.1" 200 12982 "-" "Mozilla/5.0 (compatible; MegaIndex.ru/2.0; +http://megaindex.com/crawler)"
217.113.194.83 - - [17/Jan/2023:22:27:21 +0100] "GET /pmwiki/pmwiki.php/PmWiki/AdvancedTables?action=upload HTTP/1.1" 200 12412 "-" "Mozilla/5.0 (compatible; Barkrowler/0.9; +https://babbar.tech/crawler)"
176.9.58.227 - - [17/Jan/2023:22:27:24 +0100] "GET /pmwiki/pmwiki.php/PmWiki/PatrickMichaud?action=diff&source=n&minor=n HTTP/1.1" 200 12944 "-" "Mozilla/5.0 (compatible; MegaIndex.ru/2.0; +http://megaindex.com/crawler)"
176.9.58.227 - - [17/Jan/2023:22:27:28 +0100] "GET /pmwiki/pmwiki.php/PmWiki/PatrickMichaud?action=diff&source=y&minor=y HTTP/1.1" 200 12944 "-" "Mozilla/5.0 (compatible; MegaIndex.ru/2.0; +http://megaindex.com/crawler)"
176.9.58.227 - - [17/Jan/2023:22:27:31 +0100] "GET /pmwiki/pmwiki.php/PmWiki/ReleaseNotes?action=diff&source=n&minor=y HTTP/1.1" 200 12910 "-" "Mozilla/5.0 (compatible; MegaIndex.ru/2.0; +http://megaindex.com/crawler)"
176.9.58.227 - - [17/Jan/2023:22:27:36 +0100] "GET /pmwiki/pmwiki.php/PmWiki/ReleaseNotes?action=diff&source=y&minor=n HTTP/1.1" 200 12910 "-" "Mozilla/5.0 (compatible; MegaIndex.ru/2.0; +http://megaindex.com/crawler)"
217.113.194.101 - - [17/Jan/2023:22:27:36 +0100] "GET /pmwiki/pmwiki.php/PmWiki/SimpleTables2?action=diff HTTP/1.1" 200 12929 "-" "Mozilla/5.0 (compatible; Barkrowler/0.9; +https://babbar.tech/crawler)"
176.9.58.227 - - [17/Jan/2023:22:27:39 +0100] "GET /pmwiki/pmwiki.php/PmWiki/LinkVariables?action=diff&source=n&minor=n HTTP/1.1" 200 12929 "-" "Mozilla/5.0 (compatible; MegaIndex.ru/2.0; +http://megaindex.com/crawler)"
176.9.58.227 - - [17/Jan/2023:22:27:43 +0100] "GET /pmwiki/pmwiki.php/PmWiki/LinkVariables?action=diff&source=y&minor=y HTTP/1.1" 200 12929 "-" "Mozilla/5.0 (compatible; MegaIndex.ru/2.0; +http://megaindex.com/crawler)"
176.9.58.227 - - [17/Jan/2023:22:27:46 +0100] "GET /pmwiki/pmwiki.php/PmWiki/LayoutVariables?action=diff&source=n&minor=n HTTP/1.1" 200 12964 "-" "Mozilla/5.0 (compatible; MegaIndex.ru/2.0; +http://megaindex.com/crawler)"
176.9.58.227 - - [17/Jan/2023:22:27:50 +0100] "GET /pmwiki/pmwiki.php/PmWiki/LayoutVariables?action=diff&source=y&minor=y HTTP/1.1" 200 12964 "-" "Mozilla/5.0 (compatible; MegaIndex.ru/2.0; +http://megaindex.com/crawler)"
217.113.194.112 - - [17/Jan/2023:22:27:51 +0100] "GET /pmwiki/pmwiki.php/PmWiki/UpgradingFromPmWiki1 HTTP/1.1" 200 18372 "-" "Mozilla/5.0 (compatible; Barkrowler/0.9; +https://babbar.tech/crawler)"
176.9.58.227 - - [17/Jan/2023:22:27:53 +0100] "GET /pmwiki/pmwiki.php/PmWiki/EditVariables?action=diff&source=n&minor=n HTTP/1.1" 200 12928 "-" "Mozilla/5.0 (compatible; MegaIndex.ru/2.0; +http://megaindex.com/crawler)"
176.9.58.227 - - [17/Jan/2023:22:27:57 +0100] "GET /pmwiki/pmwiki.php/PmWiki/EditVariables?action=diff&source=y&minor=y HTTP/1.1" 200 12928 "-" "Mozilla/5.0 (compatible; MegaIndex.ru/2.0; +http://megaindex.com/crawler)"
176.9.58.227 - - [17/Jan/2023:22:28:02 +0100] "GET /pmwiki/pmwiki.php/PmWiki/OtherVariables?action=diff&source=n&minor=n HTTP/1.1" 200 12947 "-" "Mozilla/5.0 (compatible; MegaIndex.ru/2.0; +http://megaindex.com/crawler)"
176.9.58.227 - - [17/Jan/2023:22:28:06 +0100] "GET /pmwiki/pmwiki.php/PmWiki/OtherVariables?action=diff&source=y&minor=y HTTP/1.1" 200 12947 "-" "Mozilla/5.0 (compatible; MegaIndex.ru/2.0; +http://megaindex.com/crawler)"
217.113.194.123 - - [17/Jan/2023:22:28:07 +0100] "GET /pmwiki/pmwiki.php/PmWiki/PmWikiPhilosophy?action=edit HTTP/1.1" 200 12563 "-" "Mozilla/5.0 (compatible; Barkrowler/0.9; +https://babbar.tech/crawler)"
176.9.58.227 - - [17/Jan/2023:22:28:10 +0100] "GET /pmwiki/pmwiki.php/PmWiki/ChangeLog?action=diff&source=n&minor=y HTTP/1.1" 200 12856 "-" "Mozilla/5.0 (compatible; MegaIndex.ru/2.0; +http://megaindex.com/crawler)"
176.9.58.227 - - [17/Jan/2023:22:28:13 +0100] "GET /pmwiki/pmwiki.php/PmWiki/ChangeLog?action=diff&source=y&minor=n HTTP/1.1" 200 12856 "-" "Mozilla/5.0 (compatible; MegaIndex.ru/2.0; +http://megaindex.com/crawler)"
176.9.58.227 - - [17/Jan/2023:22:28:17 +0100] "GET /pmwiki/pmwiki.php/PmWiki/WikiGroups?action=print HTTP/1.1" 302 212 "-" "Mozilla/5.0 (compatible; MegaIndex.ru/2.0; +http://megaindex.com/crawler)"
176.9.58.227 - - [17/Jan/2023:22:28:20 +0100] "GET /pmwiki/pmwiki.php/PmWiki/BasicVariables?action=diff&source=n&minor=n HTTP/1.1" 200 12947 "-" "Mozilla/5.0 (compatible; MegaIndex.ru/2.0; +http://megaindex.com/crawler)"
217.113.194.111 - - [17/Jan/2023:22:28:22 +0100] "GET /pmwiki/pmwiki.php/PmWiki/I18nVariables?action=edit HTTP/1.1" 200 12516 "-" "Mozilla/5.0 (compatible; Barkrowler/0.9; +https://babbar.tech/crawler)"
176.9.58.227 - - [17/Jan/2023:22:28:24 +0100] "GET /pmwiki/pmwiki.php/PmWiki/BasicVariables?action=diff&source=y&minor=y HTTP/1.1" 200 12947 "-" "Mozilla/5.0 (compatible; MegaIndex.ru/2.0; +http://megaindex.com/crawler)"
176.9.58.227 - - [17/Jan/2023:22:28:27 +0100] "GET /pmwiki/pmwiki.php/PmWiki/WikiGroup?from=PmWiki.WikiGroups HTTP/1.1" 200 14678 "-" "Mozilla/5.0 (compatible; MegaIndex.ru/2.0; +http://megaindex.com/crawler)"
176.9.58.227 - - [17/Jan/2023:22:28:30 +0100] "GET /pmwiki/pmwiki.php/PmWiki/ChangesFromPmWiki1?action=diff&source=n&minor=y HTTP/1.1" 200 13018 "-" "Mozilla/5.0 (compatible; MegaIndex.ru/2.0; +http://megaindex.com/crawler)"
176.9.58.227 - - [17/Jan/2023:22:28:34 +0100] "GET /pmwiki/pmwiki.php/PmWiki/ChangesFromPmWiki1?action=diff&source=y&minor=n HTTP/1.1" 200 13018 "-" "Mozilla/5.0 (compatible; MegaIndex.ru/2.0; +http://megaindex.com/crawler)"
176.9.58.227 - - [17/Jan/2023:22:28:37 +0100] "GET /pmwiki/pmwiki.php/Main/K%f6zlem%e9nye?action=diff&source=n&minor=n HTTP/1.1" 200 15874 "-" "Mozilla/5.0 (compatible; MegaIndex.ru/2.0; +http://megaindex.com/crawler)"
217.113.194.114 - - [17/Jan/2023:22:28:37 +0100] "GET /pmwiki/pmwiki.php/PmWiki/ImagesInWikiPages?action=diff HTTP/1.1" 200 13001 "-" "Mozilla/5.0 (compatible; Barkrowler/0.9; +https://babbar.tech/crawler)"
176.9.58.227 - - [17/Jan/2023:22:28:41 +0100] "GET /pmwiki/pmwiki.php/Main/K%f6zlem%e9nye?action=diff&source=y&minor=y HTTP/1.1" 200 23497 "-" "Mozilla/5.0 (compatible; MegaIndex.ru/2.0; +http://megaindex.com/crawler)"
176.9.58.227 - - [17/Jan/2023:22:28:46 +0100] "GET /pmwiki/pmwiki.php/Main/K%f6zlem%e9nye?action=edit&restore=diff:1119264981:1119253289:&preview=y HTTP/1.1" 200 12532 "-" "Mozilla/5.0 (compatible; MegaIndex.ru/2.0; +http://megaindex.com/crawler)"
176.9.58.227 - - [17/Jan/2023:22:28:49 +0100] "GET /pmwiki/pmwiki.php/Main/K%f6zlem%e9nye?action=edit&restore=diff:1119253289:1119253255:minor&preview=y HTTP/1.1" 200 12537 "-" "Mozilla/5.0 (compatible; MegaIndex.ru/2.0; +http://megaindex.com/crawler)"
176.9.58.227 - - [17/Jan/2023:22:28:53 +0100] "GET /pmwiki/pmwiki.php/Main/K%f6zlem%e9nye?action=edit&restore=diff:1119253255:1119253216:&preview=y HTTP/1.1" 200 12532 "-" "Mozilla/5.0 (compatible; MegaIndex.ru/2.0; +http://megaindex.com/crawler)"
217.113.194.87 - - [17/Jan/2023:22:28:53 +0100] "GET /pmwiki/pmwiki.php/PmWiki/WikiStyleExamples?action=diff HTTP/1.1" 200 13000 "-" "Mozilla/5.0 (compatible; Barkrowler/0.9; +https://babbar.tech/crawler)"
176.9.58.227 - - [17/Jan/2023:22:28:57 +0100] "GET /pmwiki/pmwiki.php/Main/K%f6zlem%e9nye?action=edit&restore=diff:1119253216:1119252666:&preview=y HTTP/1.1" 200 12532 "-" "Mozilla/5.0 (compatible; MegaIndex.ru/2.0; +http://megaindex.com/crawler)"
176.9.58.227 - - [17/Jan/2023:22:29:00 +0100] "GET /pmwiki/pmwiki.php/Main/K%f6zlem%e9nye?action=edit&restore=diff:1119252666:1119252666:minor&preview=y HTTP/1.1" 200 12537 "-" "Mozilla/5.0 (compatible; MegaIndex.ru/2.0; +http://megaindex.com/crawler)"
176.9.58.227 - - [17/Jan/2023:22:29:04 +0100] "GET /pmwiki/pmwiki.php/Main/Mintalevel0509?action=diff&source=n&minor=n HTTP/1.1" 200 20593 "-" "Mozilla/5.0 (compatible; MegaIndex.ru/2.0; +http://megaindex.com/crawler)"
217.113.194.77 - - [17/Jan/2023:22:29:08 +0100] "GET /pmwiki/pmwiki.php/PmWiki/TextFormattingRules?action=diff HTTP/1.1" 200 13036 "-" "Mozilla/5.0 (compatible; Barkrowler/0.9; +https://babbar.tech/crawler)"
176.9.58.227 - - [17/Jan/2023:22:29:11 +0100] "GET /pmwiki/pmwiki.php/Main/Mintalevel0509?action=diff&source=y&minor=y HTTP/1.1" 200 24142 "-" "Mozilla/5.0 (compatible; MegaIndex.ru/2.0; +http://megaindex.com/crawler)"
176.9.58.227 - - [17/Jan/2023:22:29:14 +0100] "GET /pmwiki/pmwiki.php/Main/Mintalevel0509?action=edit&restore=diff:1118744635:1116838135:&preview=y HTTP/1.1" 200 12540 "-" "Mozilla/5.0 (compatible; MegaIndex.ru/2.0; +http://megaindex.com/crawler)"
176.9.58.227 - - [17/Jan/2023:22:29:18 +0100] "GET /pmwiki/pmwiki.php/Main/Mintalevel0509?action=edit&restore=diff:1116838135:1116837949:&preview=y HTTP/1.1" 200 12540 "-" "Mozilla/5.0 (compatible; MegaIndex.ru/2.0; +http://megaindex.com/crawler)"
176.9.58.227 - - [17/Jan/2023:22:29:22 +0100] "GET /pmwiki/pmwiki.php/Main/Mintalevel0509?action=edit&restore=diff:1116837949:1115109978:&preview=y HTTP/1.1" 200 12540 "-" "Mozilla/5.0 (compatible; MegaIndex.ru/2.0; +http://megaindex.com/crawler)"
217.113.194.106 - - [17/Jan/2023:22:29:23 +0100] "GET /pmwiki/pmwiki.php/PmWiki/TextFormattingRules?action=upload HTTP/1.1" 200 12491 "-" "Mozilla/5.0 (compatible; Barkrowler/0.9; +https://babbar.tech/crawler)"
176.9.58.227 - - [17/Jan/2023:22:29:26 +0100] "GET /pmwiki/pmwiki.php/Main/Mintalevel0509?action=edit&restore=diff:1115109978:1115109064:minor&preview=y HTTP/1.1" 200 12545 "-" "Mozilla/5.0 (compatible; MegaIndex.ru/2.0; +http://megaindex.com/crawler)"
176.9.58.227 - - [17/Jan/2023:22:29:30 +0100] "GET /pmwiki/pmwiki.php/Main/Mintalevel0509?action=edit&restore=diff:1115109064:1115109064:&preview=y HTTP/1.1" 200 12540 "-" "Mozilla/5.0 (compatible; MegaIndex.ru/2.0; +http://megaindex.com/crawler)"
176.9.58.227 - - [17/Jan/2023:22:29:35 +0100] "GET /pmwiki/pmwiki.php/Main/Virsligy%e1r?action=diff&source=n&minor=y HTTP/1.1" 200 26293 "-" "Mozilla/5.0 (compatible; MegaIndex.ru/2.0; +http://megaindex.com/crawler)"
217.113.194.71 - - [17/Jan/2023:22:29:39 +0100] "GET /pmwiki/pmwiki.php/PmWiki/CreatingNewPages?action=diff HTTP/1.1" 200 12984 "-" "Mozilla/5.0 (compatible; Barkrowler/0.9; +https://babbar.tech/crawler)"
176.9.58.227 - - [17/Jan/2023:22:29:41 +0100] "GET /pmwiki/pmwiki.php/Main/Virsligy%e1r?action=diff&source=y&minor=n HTTP/1.1" 200 12867 "-" "Mozilla/5.0 (compatible; MegaIndex.ru/2.0; +http://megaindex.com/crawler)"
176.9.58.227 - - [17/Jan/2023:22:29:44 +0100] "GET /pmwiki/pmwiki.php/Main/AdelphiAlapokm%e1ny?action=diff&source=n&minor=y HTTP/1.1" 200 17542 "-" "Mozilla/5.0 (compatible; MegaIndex.ru/2.0; +http://megaindex.com/crawler)"
176.9.58.227 - - [17/Jan/2023:22:29:50 +0100] "GET /pmwiki/pmwiki.php/Main/AdelphiAlapokm%e1ny?action=diff&source=y&minor=n HTTP/1.1" 200 17338 "-" "Mozilla/5.0 (compatible; MegaIndex.ru/2.0; +http://megaindex.com/crawler)"
217.113.194.101 - - [17/Jan/2023:22:29:54 +0100] "GET /pmwiki/pmwiki.php/PmWiki/IncludeOtherPages?action=diff HTTP/1.1" 200 13002 "-" "Mozilla/5.0 (compatible; Barkrowler/0.9; +https://babbar.tech/crawler)"
176.9.58.227 - - [17/Jan/2023:22:29:55 +0100] "GET /pmwiki/pmwiki.php/Main/AzIPRJavaslat?action=diff&source=n&minor=y HTTP/1.1" 200 16096 "-" "Mozilla/5.0 (compatible; MegaIndex.ru/2.0; +http://megaindex.com/crawler)"
176.9.58.227 - - [17/Jan/2023:22:30:00 +0100] "GET /pmwiki/pmwiki.php/Main/AzIPRJavaslat?action=diff&source=y&minor=n HTTP/1.1" 200 16280 "-" "Mozilla/5.0 (compatible; MegaIndex.ru/2.0; +http://megaindex.com/crawler)"
176.9.58.227 - - [17/Jan/2023:22:30:06 +0100] "GET /pmwiki/pmwiki.php/Main/RocardEp2?action=diff&source=n&minor=y HTTP/1.1" 200 29492 "-" "Mozilla/5.0 (compatible; MegaIndex.ru/2.0; +http://megaindex.com/crawler)"
217.113.194.108 - - [17/Jan/2023:22:30:09 +0100] "GET /pmwiki/pmwiki.php/PmWiki/IncludeOtherPages?action=print HTTP/1.1" 200 8211 "-" "Mozilla/5.0 (compatible; Barkrowler/0.9; +https://babbar.tech/crawler)"
176.9.58.227 - - [17/Jan/2023:22:30:11 +0100] "GET /pmwiki/pmwiki.php/Main/RocardEp2?action=diff&source=y&minor=n HTTP/1.1" 200 12815 "-" "Mozilla/5.0 (compatible; MegaIndex.ru/2.0; +http://megaindex.com/crawler)"
176.9.58.227 - - [17/Jan/2023:22:30:14 +0100] "GET /pmwiki/pmwiki.php/Main/Minimum?action=diff&source=n&minor=y HTTP/1.1" 200 25837 "-" "Mozilla/5.0 (compatible; MegaIndex.ru/2.0; +http://megaindex.com/crawler)"
176.9.58.227 - - [17/Jan/2023:22:30:20 +0100] "GET /pmwiki/pmwiki.php/Main/Minimum?action=diff&source=y&minor=n HTTP/1.1" 200 22046 "-" "Mozilla/5.0 (compatible; MegaIndex.ru/2.0; +http://megaindex.com/crawler)"
217.113.194.69 - - [17/Jan/2023:22:30:25 +0100] "GET /pmwiki/pmwiki.php/PmWiki/IncludeOtherPages?action=edit HTTP/1.1" 200 12581 "-" "Mozilla/5.0 (compatible; Barkrowler/0.9; +https://babbar.tech/crawler)"
176.9.58.227 - - [17/Jan/2023:22:30:26 +0100] "GET /pmwiki/pmwiki.php/Main/Telefonon?action=diff&source=n&minor=y HTTP/1.1" 200 26833 "-" "Mozilla/5.0 (compatible; MegaIndex.ru/2.0; +http://megaindex.com/crawler)"
176.9.58.227 - - [17/Jan/2023:22:30:30 +0100] "GET /pmwiki/pmwiki.php/Main/Telefonon?action=diff&source=y&minor=n HTTP/1.1" 200 17746 "-" "Mozilla/5.0 (compatible; MegaIndex.ru/2.0; +http://megaindex.com/crawler)"
176.9.58.227 - - [17/Jan/2023:22:30:36 +0100] "GET /pmwiki/pmwiki.php/Main/Minta?action=diff&source=n&minor=n HTTP/1.1" 200 15808 "-" "Mozilla/5.0 (compatible; MegaIndex.ru/2.0; +http://megaindex.com/crawler)"
176.9.58.227 - - [17/Jan/2023:22:30:38 +0100] "GET /pmwiki/pmwiki.php/Main/Minta?action=diff&source=y&minor=y HTTP/1.1" 200 15688 "-" "Mozilla/5.0 (compatible; MegaIndex.ru/2.0; +http://megaindex.com/crawler)"
217.113.194.105 - - [17/Jan/2023:22:30:40 +0100] "GET /pmwiki/pmwiki.php/PmWiki/IncludeOtherPages?action=upload HTTP/1.1" 200 12461 "-" "Mozilla/5.0 (compatible; Barkrowler/0.9; +https://babbar.tech/crawler)"
176.9.58.227 - - [17/Jan/2023:22:30:42 +0100] "GET /pmwiki/pmwiki.php/Main/Minta?action=edit&restore=diff:1120323347:1120323347:&preview=y HTTP/1.1" 200 12396 "-" "Mozilla/5.0 (compatible; MegaIndex.ru/2.0; +http://megaindex.com/crawler)"
176.9.58.227 - - [17/Jan/2023:22:30:46 +0100] "GET /pmwiki/pmwiki.php/Main/EztMondjukNekik?action=diff&source=n&minor=n HTTP/1.1" 200 15515 "-" "Mozilla/5.0 (compatible; MegaIndex.ru/2.0; +http://megaindex.com/crawler)"
176.9.58.227 - - [17/Jan/2023:22:30:49 +0100] "GET /pmwiki/pmwiki.php/Main/EztMondjukNekik?action=diff&source=y&minor=y HTTP/1.1" 200 15353 "-" "Mozilla/5.0 (compatible; MegaIndex.ru/2.0; +http://megaindex.com/crawler)"
176.9.58.227 - - [17/Jan/2023:22:30:53 +0100] "GET /pmwiki/pmwiki.php/Main/EztMondjukNekik?action=edit&restore=diff:1120472730:1120472730:&preview=y HTTP/1.1" 200 12556 "-" "Mozilla/5.0 (compatible; MegaIndex.ru/2.0; +http://megaindex.com/crawler)"
217.113.194.121 - - [17/Jan/2023:22:30:55 +0100] "GET /pmwiki/pmwiki.php/API/API?action=upload&upname=wiki.png HTTP/1.1" 200 12200 "-" "Mozilla/5.0 (compatible; Barkrowler/0.9; +https://babbar.tech/crawler)"
176.9.58.227 - - [17/Jan/2023:22:30:58 +0100] "GET /pmwiki/pmwiki.php/Main/Marc08essay?action=diff&source=n&minor=y HTTP/1.1" 200 76748 "-" "Mozilla/5.0 (compatible; MegaIndex.ru/2.0; +http://megaindex.com/crawler)"
176.9.58.227 - - [17/Jan/2023:22:31:09 +0100] "GET /pmwiki/pmwiki.php/Main/Marc08essay?action=diff&source=y&minor=n HTTP/1.1" 200 80195 "-" "Mozilla/5.0 (compatible; MegaIndex.ru/2.0; +http://megaindex.com/crawler)"
217.113.194.77 - - [17/Jan/2023:22:31:11 +0100] "GET /pmwiki/pmwiki.php/Profiles/J?action=upload&upname=wiki.png HTTP/1.1" 200 12253 "-" "Mozilla/5.0 (compatible; Barkrowler/0.9; +https://babbar.tech/crawler)"
176.9.58.227 - - [17/Jan/2023:22:31:19 +0100] "GET /pmwiki/pmwiki.php/Main/BMEKonferencia?action=diff&source=n&minor=y HTTP/1.1" 200 76698 "-" "Mozilla/5.0 (compatible; MegaIndex.ru/2.0; +http://megaindex.com/crawler)"
217.113.194.109 - - [17/Jan/2023:22:31:26 +0100] "GET /pmwiki/pmwiki.php/Profiles/MacintelDRMOS?action=upload HTTP/1.1" 200 12429 "-" "Mozilla/5.0 (compatible; Barkrowler/0.9; +https://babbar.tech/crawler)"
176.9.58.227 - - [17/Jan/2023:22:31:29 +0100] "GET /pmwiki/pmwiki.php/Main/BMEKonferencia?action=diff&source=y&minor=n HTTP/1.1" 200 79537 "-" "Mozilla/5.0 (compatible; MegaIndex.ru/2.0; +http://megaindex.com/crawler)"
176.9.58.227 - - [17/Jan/2023:22:31:40 +0100] "GET /pmwiki/pmwiki.php/Main/TRIPSLie?action=diff&source=n&minor=n HTTP/1.1" 200 14070 "-" "Mozilla/5.0 (compatible; MegaIndex.ru/2.0; +http://megaindex.com/crawler)"
217.113.194.87 - - [17/Jan/2023:22:31:41 +0100] "GET /pmwiki/pmwiki.php/Profiles/MacintelDRMOS?action=edit HTTP/1.1" 200 12549 "-" "Mozilla/5.0 (compatible; Barkrowler/0.9; +https://babbar.tech/crawler)"
176.9.58.227 - - [17/Jan/2023:22:31:44 +0100] "GET /pmwiki/pmwiki.php/Main/TRIPSLie?action=diff&source=y&minor=y HTTP/1.1" 200 14176 "-" "Mozilla/5.0 (compatible; MegaIndex.ru/2.0; +http://megaindex.com/crawler)"
176.9.58.227 - - [17/Jan/2023:22:31:47 +0100] "GET /pmwiki/pmwiki.php/Main/TRIPSLie?action=edit&restore=diff:1110528033:1110528033:&preview=y HTTP/1.1" 200 12445 "-" "Mozilla/5.0 (compatible; MegaIndex.ru/2.0; +http://megaindex.com/crawler)"
176.9.58.227 - - [17/Jan/2023:22:31:50 +0100] "GET /pmwiki/pmwiki.php/Main/SMELie?action=diff&source=n&minor=n HTTP/1.1" 200 14999 "-" "Mozilla/5.0 (compatible; MegaIndex.ru/2.0; +http://megaindex.com/crawler)"
176.9.58.227 - - [17/Jan/2023:22:31:55 +0100] "GET /pmwiki/pmwiki.php/Main/SMELie?action=diff&source=y&minor=y HTTP/1.1" 200 14710 "-" "Mozilla/5.0 (compatible; MegaIndex.ru/2.0; +http://megaindex.com/crawler)"
217.113.194.93 - - [17/Jan/2023:22:31:57 +0100] "GET /pmwiki/pmwiki.php/Profiles/MacintelDRMOS?action=diff HTTP/1.1" 200 12966 "-" "Mozilla/5.0 (compatible; Barkrowler/0.9; +https://babbar.tech/crawler)"
176.9.58.227 - - [17/Jan/2023:22:31:58 +0100] "GET /pmwiki/pmwiki.php/Main/SMELie?action=edit&restore=diff:1110527300:1110527300:&preview=y HTTP/1.1" 200 12413 "-" "Mozilla/5.0 (compatible; MegaIndex.ru/2.0; +http://megaindex.com/crawler)"
176.9.58.227 - - [17/Jan/2023:22:32:02 +0100] "GET /pmwiki/pmwiki.php/Main/ABundestagT%e1mogatjaAzEur%f3paiParlamentet?action=diff&source=n&minor=y HTTP/1.1" 200 20974 "-" "Mozilla/5.0 (compatible; MegaIndex.ru/2.0; +http://megaindex.com/crawler)"
176.9.58.227 - - [17/Jan/2023:22:32:09 +0100] "GET /pmwiki/pmwiki.php/Main/ABundestagT%e1mogatjaAzEur%f3paiParlamentet?action=diff&source=y&minor=n HTTP/1.1" 200 21303 "-" "Mozilla/5.0 (compatible; MegaIndex.ru/2.0; +http://megaindex.com/crawler)"
217.113.194.117 - - [17/Jan/2023:22:32:12 +0100] "GET /pmwiki/pmwiki.php/Profiles/Eve?action=upload&upname=wiki.png HTTP/1.1" 200 12285 "-" "Mozilla/5.0 (compatible; Barkrowler/0.9; +https://babbar.tech/crawler)"
176.9.58.227 - - [17/Jan/2023:22:32:16 +0100] "GET /pmwiki/pmwiki.php/Main/McCreevy?action=diff&source=n&minor=n HTTP/1.1" 200 16195 "-" "Mozilla/5.0 (compatible; MegaIndex.ru/2.0; +http://megaindex.com/crawler)"
176.9.58.227 - - [17/Jan/2023:22:32:22 +0100] "GET /pmwiki/pmwiki.php/Main/McCreevy?action=diff&source=y&minor=y HTTP/1.1" 200 16154 "-" "Mozilla/5.0 (compatible; MegaIndex.ru/2.0; +http://megaindex.com/crawler)"
176.9.58.227 - - [17/Jan/2023:22:32:27 +0100] "GET /pmwiki/pmwiki.php/Main/McCreevy?action=edit&restore=diff:1108754925:1108754851:&preview=y HTTP/1.1" 200 12448 "-" "Mozilla/5.0 (compatible; MegaIndex.ru/2.0; +http://megaindex.com/crawler)"
217.113.194.74 - - [17/Jan/2023:22:32:27 +0100] "GET /pmwiki/pmwiki.php/Profiles/Privcikkek?action=diff HTTP/1.1" 200 12912 "-" "Mozilla/5.0 (compatible; Barkrowler/0.9; +https://babbar.tech/crawler)"
176.9.58.227 - - [17/Jan/2023:22:32:32 +0100] "GET /pmwiki/pmwiki.php/Main/McCreevy?action=edit&restore=diff:1108754851:1108754851:&preview=y HTTP/1.1" 200 12448 "-" "Mozilla/5.0 (compatible; MegaIndex.ru/2.0; +http://megaindex.com/crawler)"
176.9.58.227 - - [17/Jan/2023:22:32:37 +0100] "GET /pmwiki/pmwiki.php/Main/ThankYouPoland?action=diff&source=n&minor=y HTTP/1.1" 200 15641 "-" "Mozilla/5.0 (compatible; MegaIndex.ru/2.0; +http://megaindex.com/crawler)"
176.9.58.227 - - [17/Jan/2023:22:32:41 +0100] "GET /pmwiki/pmwiki.php/Main/ThankYouPoland?action=diff&source=y&minor=n HTTP/1.1" 200 15714 "-" "Mozilla/5.0 (compatible; MegaIndex.ru/2.0; +http://megaindex.com/crawler)"
217.113.194.108 - - [17/Jan/2023:22:32:43 +0100] "GET /pmwiki/pmwiki.php/Profiles/Mod?action=upload&upname=wiki.png HTTP/1.1" 200 12285 "-" "Mozilla/5.0 (compatible; Barkrowler/0.9; +https://babbar.tech/crawler)"
176.9.58.227 - - [17/Jan/2023:22:32:45 +0100] "GET /pmwiki/pmwiki.php/Main/AzEur%f3paiParlament%dajraind%edt%e1stK%f6vetelAzEln%f6kiKonferenciaElfogadtaAzInd%edtv%e1nyt?action=diff&source=n&minor=y HTTP/1.1" 200 18112 "-" "Mozilla/5.0 (compatible; MegaIndex.ru/2.0; +http://megaindex.com/crawler)"
176.9.58.227 - - [17/Jan/2023:22:32:54 +0100] "GET /pmwiki/pmwiki.php/Main/AzEur%f3paiParlament%dajraind%edt%e1stK%f6vetelAzEln%f6kiKonferenciaElfogadtaAzInd%edtv%e1nyt?action=diff&source=y&minor=n HTTP/1.1" 200 18145 "-" "Mozilla/5.0 (compatible; MegaIndex.ru/2.0; +http://megaindex.com/crawler)"
217.113.194.96 - - [17/Jan/2023:22:32:58 +0100] "GET /pmwiki/pmwiki.php/Main/V%E9delmiP%E9nz?action=edit HTTP/1.1" 200 12502 "-" "Mozilla/5.0 (compatible; Barkrowler/0.9; +https://babbar.tech/crawler)"
176.9.58.227 - - [17/Jan/2023:22:32:58 +0100] "GET /pmwiki/pmwiki.php/Main/BillGates%c9sM%e1sKommunist%e1k?action=diff&source=n&minor=y HTTP/1.1" 200 20908 "-" "Mozilla/5.0 (compatible; MegaIndex.ru/2.0; +http://megaindex.com/crawler)"
176.9.58.227 - - [17/Jan/2023:22:33:02 +0100] "GET /pmwiki/pmwiki.php/Main/BillGates%c9sM%e1sKommunist%e1k?action=diff&source=y&minor=n HTTP/1.1" 200 21007 "-" "Mozilla/5.0 (compatible; MegaIndex.ru/2.0; +http://megaindex.com/crawler)"
176.9.58.227 - - [17/Jan/2023:22:33:08 +0100] "GET /pmwiki/pmwiki.php/Main/GatesMegzsaroltaD%e1ni%e1t?action=diff&source=n&minor=y HTTP/1.1" 200 15072 "-" "Mozilla/5.0 (compatible; MegaIndex.ru/2.0; +http://megaindex.com/crawler)"
176.9.58.227 - - [17/Jan/2023:22:33:11 +0100] "GET /pmwiki/pmwiki.php/Main/GatesMegzsaroltaD%e1ni%e1t?action=diff&source=y&minor=n HTTP/1.1" 200 15124 "-" "Mozilla/5.0 (compatible; MegaIndex.ru/2.0; +http://megaindex.com/crawler)"
217.113.194.119 - - [17/Jan/2023:22:33:13 +0100] "GET /pmwiki/pmwiki.php/Main/V%E9delmiP%E9nz?action=upload HTTP/1.1" 200 12382 "-" "Mozilla/5.0 (compatible; Barkrowler/0.9; +https://babbar.tech/crawler)"
176.9.58.227 - - [17/Jan/2023:22:33:14 +0100] "GET /pmwiki/pmwiki.php/Main/CenZored?action=diff&source=n&minor=y HTTP/1.1" 200 16528 "-" "Mozilla/5.0 (compatible; MegaIndex.ru/2.0; +http://megaindex.com/crawler)"
176.9.58.227 - - [17/Jan/2023:22:33:20 +0100] "GET /pmwiki/pmwiki.php/Main/CenZored?action=diff&source=y&minor=n HTTP/1.1" 200 16562 "-" "Mozilla/5.0 (compatible; MegaIndex.ru/2.0; +http://megaindex.com/crawler)"
176.9.58.227 - - [17/Jan/2023:22:33:25 +0100] "GET /pmwiki/pmwiki.php/Main/Rocard?action=diff&source=n&minor=y HTTP/1.1" 200 18777 "-" "Mozilla/5.0 (compatible; MegaIndex.ru/2.0; +http://megaindex.com/crawler)"
217.113.194.88 - - [17/Jan/2023:22:33:29 +0100] "GET /pmwiki/pmwiki.php/Main/V%E9delmiP%E9nz?action=diff HTTP/1.1" 200 13896 "-" "Mozilla/5.0 (compatible; Barkrowler/0.9; +https://babbar.tech/crawler)"
176.9.58.227 - - [17/Jan/2023:22:33:31 +0100] "GET /pmwiki/pmwiki.php/Main/Rocard?action=diff&source=y&minor=n HTTP/1.1" 200 18917 "-" "Mozilla/5.0 (compatible; MegaIndex.ru/2.0; +http://megaindex.com/crawler)"
176.9.58.227 - - [17/Jan/2023:22:33:35 +0100] "GET /pmwiki/pmwiki.php/Main/2003M%e1jusBr%fcsszeliT%fara?action=diff&source=n&minor=y HTTP/1.1" 200 14621 "-" "Mozilla/5.0 (compatible; MegaIndex.ru/2.0; +http://megaindex.com/crawler)"
176.9.58.227 - - [17/Jan/2023:22:33:38 +0100] "GET /pmwiki/pmwiki.php/Main/2003M%e1jusBr%fcsszeliT%fara?action=diff&source=y&minor=n HTTP/1.1" 200 14643 "-" "Mozilla/5.0 (compatible; MegaIndex.ru/2.0; +http://megaindex.com/crawler)"
176.9.58.227 - - [17/Jan/2023:22:33:42 +0100] "GET /pmwiki/pmwiki.php/Main/2003M%e1jusiNyilatkozat?action=diff&source=n&minor=y HTTP/1.1" 200 16688 "-" "Mozilla/5.0 (compatible; MegaIndex.ru/2.0; +http://megaindex.com/crawler)"
217.113.194.92 - - [17/Jan/2023:22:33:44 +0100] "GET /pmwiki/pmwiki.php/Main/Ipr?action=upload&upname=wiki.png HTTP/1.1" 200 12218 "-" "Mozilla/5.0 (compatible; Barkrowler/0.9; +https://babbar.tech/crawler)"
176.9.58.227 - - [17/Jan/2023:22:33:48 +0100] "GET /pmwiki/pmwiki.php/Main/2003M%e1jusiNyilatkozat?action=diff&source=y&minor=n HTTP/1.1" 200 16872 "-" "Mozilla/5.0 (compatible; MegaIndex.ru/2.0; +http://megaindex.com/crawler)"
176.9.58.227 - - [17/Jan/2023:22:33:53 +0100] "GET /pmwiki/pmwiki.php/Main/2003M%e1jusiNyilatkozathozKapcsol%f3d%f3Cikk?action=diff&source=n&minor=y HTTP/1.1" 200 16507 "-" "Mozilla/5.0 (compatible; MegaIndex.ru/2.0; +http://megaindex.com/crawler)"
217.113.194.113 - - [17/Jan/2023:22:33:59 +0100] "GET /pmwiki/pmwiki.php/Main/Fsn?action=upload&upname=wiki.png HTTP/1.1" 200 12214 "-" "Mozilla/5.0 (compatible; Barkrowler/0.9; +https://babbar.tech/crawler)"
176.9.58.227 - - [17/Jan/2023:22:34:00 +0100] "GET /pmwiki/pmwiki.php/Main/2003M%e1jusiNyilatkozathozKapcsol%f3d%f3Cikk?action=diff&source=y&minor=n HTTP/1.1" 200 16628 "-" "Mozilla/5.0 (compatible; MegaIndex.ru/2.0; +http://megaindex.com/crawler)"
176.9.58.227 - - [17/Jan/2023:22:34:05 +0100] "GET /pmwiki/pmwiki.php/Main/2004-esNyilatkozat?action=diff&source=n&minor=y HTTP/1.1" 200 17019 "-" "Mozilla/5.0 (compatible; MegaIndex.ru/2.0; +http://megaindex.com/crawler)"
176.9.58.227 - - [17/Jan/2023:22:34:10 +0100] "GET /pmwiki/pmwiki.php/Main/2004-esNyilatkozat?action=diff&source=y&minor=n HTTP/1.1" 200 16936 "-" "Mozilla/5.0 (compatible; MegaIndex.ru/2.0; +http://megaindex.com/crawler)"
217.113.194.126 - - [17/Jan/2023:22:34:15 +0100] "GET /pmwiki/pmwiki.php/Main/Nyilatkozatok?action=upload HTTP/1.1" 200 12358 "-" "Mozilla/5.0 (compatible; Barkrowler/0.9; +https://babbar.tech/crawler)"
176.9.58.227 - - [17/Jan/2023:22:34:15 +0100] "GET /pmwiki/pmwiki.php/Main/HarcT%edzITSzabadalomEllen?action=diff&source=n&minor=y HTTP/1.1" 200 16498 "-" "Mozilla/5.0 (compatible; MegaIndex.ru/2.0; +http://megaindex.com/crawler)"
176.9.58.227 - - [17/Jan/2023:22:34:20 +0100] "GET /pmwiki/pmwiki.php/Main/HarcT%edzITSzabadalomEllen?action=diff&source=y&minor=n HTTP/1.1" 200 16626 "-" "Mozilla/5.0 (compatible; MegaIndex.ru/2.0; +http://megaindex.com/crawler)"
