176.9.58.227 - - [17/Jan/2023:20:39:57 +0100] "GET /pmwiki/pmwiki.php/Main/SideBar?action=edit&restore=diff:1110469529:1110469172:&preview=y HTTP/1.1" 200 12430 "-" "Mozilla/5.0 (compatible; MegaIndex.ru/2.0; +http://megaindex.com/crawler)"
176.9.58.227 - - [17/Jan/2023:20:40:00 +0100] "GET /pmwiki/pmwiki.php/Main/SideBar?action=edit&restore=diff:1110469172:1110312986:&preview=y HTTP/1.1" 200 12430 "-" "Mozilla/5.0 (compatible; MegaIndex.ru/2.0; +http://megaindex.com/crawler)"
217.113.194.109 - - [17/Jan/2023:20:40:02 +0100] "GET /pmwiki/pmwiki.php/PmWiki/WikiGroup?action=upload HTTP/1.1" 200 12331 "-" "Mozilla/5.0 (compatible; Barkrowler/0.9; +https://babbar.tech/crawler)"
176.9.58.227 - - [17/Jan/2023:20:40:05 +0100] "GET /pmwiki/pmwiki.php/Main/SideBar?action=edit&restore=diff:1110312986:1110312953:&preview=y HTTP/1.1" 200 12430 "-" "Mozilla/5.0 (compatible; MegaIndex.ru/2.0; +http://megaindex.com/crawler)"
176.9.58.227 - - [17/Jan/2023:20:40:09 +0100] "GET /pmwiki/pmwiki.php/Main/SideBar?action=edit&restore=diff:1110312953:1110221126:&preview=y HTTP/1.1" 200 12430 "-" "Mozilla/5.0 (compatible; MegaIndex.ru/2.0; +http://megaindex.com/crawler)"
176.9.58.227 - - [17/Jan/2023:20:40:13 +0100] "GET /pmwiki/pmwiki.php/Main/SideBar?action=edit&restore=diff:1110221126:1109612658:&preview=y HTTP/1.1" 200 12430 "-" "Mozilla/5.0 (compatible; MegaIndex.ru/2.0; +http://megaindex.com/crawler)"
217.113.194.109 - - [17/Jan/2023:20:40:18 +0100] "GET /pmwiki/pmwiki.php/PmWiki/WikiGroup?action=diff HTTP/1.1" 200 12856 "-" "Mozilla/5.0 (compatible; Barkrowler/0.9; +https://babbar.tech/crawler)"
176.9.58.227 - - [17/Jan/2023:20:40:19 +0100] "GET /pmwiki/pmwiki.php/Main/SideBar?action=edit&restore=diff:1109612658:1109612384:&preview=y HTTP/1.1" 200 12430 "-" "Mozilla/5.0 (compatible; MegaIndex.ru/2.0; +http://megaindex.com/crawler)"
176.9.58.227 - - [17/Jan/2023:20:40:21 +0100] "GET /pmwiki/pmwiki.php/Main/SideBar?action=edit&restore=diff:1109612384:1107935854:&preview=y HTTP/1.1" 200 12430 "-" "Mozilla/5.0 (compatible; MegaIndex.ru/2.0; +http://megaindex.com/crawler)"
176.9.58.227 - - [17/Jan/2023:20:40:25 +0100] "GET /pmwiki/pmwiki.php/Main/SideBar?action=edit&restore=diff:1107935854:1107903465:&preview=y HTTP/1.1" 200 12430 "-" "Mozilla/5.0 (compatible; MegaIndex.ru/2.0; +http://megaindex.com/crawler)"
176.9.58.227 - - [17/Jan/2023:20:40:28 +0100] "GET /pmwiki/pmwiki.php/Main/SideBar?action=edit&restore=diff:1107903465:1107903313:&preview=y HTTP/1.1" 200 12430 "-" "Mozilla/5.0 (compatible; MegaIndex.ru/2.0; +http://megaindex.com/crawler)"
176.9.58.227 - - [17/Jan/2023:20:40:32 +0100] "GET /pmwiki/pmwiki.php/Main/SideBar?action=edit&restore=diff:1107903313:1107895810:&preview=y HTTP/1.1" 200 12430 "-" "Mozilla/5.0 (compatible; MegaIndex.ru/2.0; +http://megaindex.com/crawler)"
217.113.194.72 - - [17/Jan/2023:20:40:33 +0100] "GET /pmwiki/pmwiki.php/PmWiki/WikiGroup?action=print HTTP/1.1" 200 5071 "-" "Mozilla/5.0 (compatible; Barkrowler/0.9; +https://babbar.tech/crawler)"
176.9.58.227 - - [17/Jan/2023:20:40:36 +0100] "GET /pmwiki/pmwiki.php/Main/SideBar?action=edit&restore=diff:1107895810:1107865178:&preview=y HTTP/1.1" 200 12430 "-" "Mozilla/5.0 (compatible; MegaIndex.ru/2.0; +http://megaindex.com/crawler)"
176.9.58.227 - - [17/Jan/2023:20:40:40 +0100] "GET /pmwiki/pmwiki.php/Main/SideBar?action=edit&restore=diff:1107865178:1107865059:&preview=y HTTP/1.1" 200 12430 "-" "Mozilla/5.0 (compatible; MegaIndex.ru/2.0; +http://megaindex.com/crawler)"
176.9.58.227 - - [17/Jan/2023:20:40:43 +0100] "GET /pmwiki/pmwiki.php/Main/SideBar?action=edit&restore=diff:1107865059:1107864956:&preview=y HTTP/1.1" 200 12430 "-" "Mozilla/5.0 (compatible; MegaIndex.ru/2.0; +http://megaindex.com/crawler)"
176.9.58.227 - - [17/Jan/2023:20:40:47 +0100] "GET /pmwiki/pmwiki.php/Main/SideBar?action=edit&restore=diff:1107864956:1107864595:&preview=y HTTP/1.1" 200 12430 "-" "Mozilla/5.0 (compatible; MegaIndex.ru/2.0; +http://megaindex.com/crawler)"
217.113.194.122 - - [17/Jan/2023:20:40:48 +0100] "GET /pmwiki/pmwiki.php/PmWiki/WikiTrails?action=edit HTTP/1.1" 200 12467 "-" "Mozilla/5.0 (compatible; Barkrowler/0.9; +https://babbar.tech/crawler)"
176.9.58.227 - - [17/Jan/2023:20:40:50 +0100] "GET /pmwiki/pmwiki.php/Main/SideBar?action=edit&restore=diff:1107864595:1107864362:&preview=y HTTP/1.1" 200 12430 "-" "Mozilla/5.0 (compatible; MegaIndex.ru/2.0; +http://megaindex.com/crawler)"
176.9.58.227 - - [17/Jan/2023:20:40:54 +0100] "GET /pmwiki/pmwiki.php/Main/SideBar?action=edit&restore=diff:1107864362:1107864093:&preview=y HTTP/1.1" 200 12430 "-" "Mozilla/5.0 (compatible; MegaIndex.ru/2.0; +http://megaindex.com/crawler)"
176.9.58.227 - - [17/Jan/2023:20:40:57 +0100] "GET /pmwiki/pmwiki.php/Main/SideBar?action=edit&restore=diff:1107864093:1102511123:&preview=y HTTP/1.1" 200 12430 "-" "Mozilla/5.0 (compatible; MegaIndex.ru/2.0; +http://megaindex.com/crawler)"
176.9.58.227 - - [17/Jan/2023:20:41:03 +0100] "GET /pmwiki/pmwiki.php/Main/MitTehetek?action=diff&source=n&minor=n HTTP/1.1" 200 18620 "-" "Mozilla/5.0 (compatible; MegaIndex.ru/2.0; +http://megaindex.com/crawler)"
217.113.194.124 - - [17/Jan/2023:20:41:04 +0100] "GET /pmwiki/pmwiki.php/PmWiki/WikiGroups?action=print HTTP/1.1" 302 212 "-" "Mozilla/5.0 (compatible; Barkrowler/0.9; +https://babbar.tech/crawler)"
176.9.58.227 - - [17/Jan/2023:20:41:10 +0100] "GET /pmwiki/pmwiki.php/Main/MitTehetek?action=diff&source=y&minor=y HTTP/1.1" 200 27274 "-" "Mozilla/5.0 (compatible; MegaIndex.ru/2.0; +http://megaindex.com/crawler)"
176.9.58.227 - - [17/Jan/2023:20:41:14 +0100] "GET /pmwiki/pmwiki.php/Main/MitTehetek?action=edit&restore=diff:1120344409:1120240180:&preview=y HTTP/1.1" 200 12476 "-" "Mozilla/5.0 (compatible; MegaIndex.ru/2.0; +http://megaindex.com/crawler)"
176.9.58.227 - - [17/Jan/2023:20:41:18 +0100] "GET /pmwiki/pmwiki.php/Main/MitTehetek?action=edit&restore=diff:1120240180:1119922524:minor&preview=y HTTP/1.1" 200 12481 "-" "Mozilla/5.0 (compatible; MegaIndex.ru/2.0; +http://megaindex.com/crawler)"
217.113.194.80 - - [17/Jan/2023:20:41:19 +0100] "GET /pmwiki/pmwiki.php/PmWiki/WikiGroups?action=edit HTTP/1.1" 200 12468 "-" "Mozilla/5.0 (compatible; Barkrowler/0.9; +https://babbar.tech/crawler)"
176.9.58.227 - - [17/Jan/2023:20:41:22 +0100] "GET /pmwiki/pmwiki.php/Main/MitTehetek?action=edit&restore=diff:1119922524:1119922422:minor&preview=y HTTP/1.1" 200 12481 "-" "Mozilla/5.0 (compatible; MegaIndex.ru/2.0; +http://megaindex.com/crawler)"
176.9.58.227 - - [17/Jan/2023:20:41:26 +0100] "GET /pmwiki/pmwiki.php/Main/MitTehetek?action=edit&restore=diff:1119922422:1118745810:minor&preview=y HTTP/1.1" 200 12481 "-" "Mozilla/5.0 (compatible; MegaIndex.ru/2.0; +http://megaindex.com/crawler)"
176.9.58.227 - - [17/Jan/2023:20:41:29 +0100] "GET /pmwiki/pmwiki.php/Main/MitTehetek?action=edit&restore=diff:1118745810:1118742508:&preview=y HTTP/1.1" 200 12476 "-" "Mozilla/5.0 (compatible; MegaIndex.ru/2.0; +http://megaindex.com/crawler)"
176.9.58.227 - - [17/Jan/2023:20:41:32 +0100] "GET /pmwiki/pmwiki.php/Main/MitTehetek?action=edit&restore=diff:1118742508:1118731058:&preview=y HTTP/1.1" 200 12476 "-" "Mozilla/5.0 (compatible; MegaIndex.ru/2.0; +http://megaindex.com/crawler)"
217.113.194.100 - - [17/Jan/2023:20:41:34 +0100] "GET /pmwiki/pmwiki.php/PmWiki/WikiGroups?action=upload HTTP/1.1" 200 12348 "-" "Mozilla/5.0 (compatible; Barkrowler/0.9; +https://babbar.tech/crawler)"
176.9.58.227 - - [17/Jan/2023:20:41:35 +0100] "GET /pmwiki/pmwiki.php/Main/MitTehetek?action=edit&restore=diff:1118731058:1118731012:&preview=y HTTP/1.1" 200 12476 "-" "Mozilla/5.0 (compatible; MegaIndex.ru/2.0; +http://megaindex.com/crawler)"
176.9.58.227 - - [17/Jan/2023:20:41:39 +0100] "GET /pmwiki/pmwiki.php/Main/MitTehetek?action=edit&restore=diff:1118731012:1118730734:&preview=y HTTP/1.1" 200 12476 "-" "Mozilla/5.0 (compatible; MegaIndex.ru/2.0; +http://megaindex.com/crawler)"
176.9.58.227 - - [17/Jan/2023:20:41:43 +0100] "GET /pmwiki/pmwiki.php/Main/MitTehetek?action=edit&restore=diff:1118730734:1118730734:&preview=y HTTP/1.1" 200 12476 "-" "Mozilla/5.0 (compatible; MegaIndex.ru/2.0; +http://megaindex.com/crawler)"
176.9.58.227 - - [17/Jan/2023:20:41:47 +0100] "GET /pmwiki/pmwiki.php/Main/AzEur%f3paiParlament%dajraind%edt%e1stK%f6vetelAzEln%f6kiKonferenciaElfogadtaAzInd%edtv%e1nyt?action=print HTTP/1.1" 200 6082 "-" "Mozilla/5.0 (compatible; MegaIndex.ru/2.0; +http://megaindex.com/crawler)"
217.113.194.77 - - [17/Jan/2023:20:41:50 +0100] "GET /pmwiki/pmwiki.php/PmWiki/PerGroupCustomizations HTTP/1.1" 200 15556 "-" "Mozilla/5.0 (compatible; Barkrowler/0.9; +https://babbar.tech/crawler)"
176.9.58.227 - - [17/Jan/2023:20:41:50 +0100] "GET /pmwiki/pmwiki.php/Main/BillGates%c9sM%e1sKommunist%e1k?action=print HTTP/1.1" 200 8782 "-" "Mozilla/5.0 (compatible; MegaIndex.ru/2.0; +http://megaindex.com/crawler)"
176.9.58.227 - - [17/Jan/2023:20:41:54 +0100] "GET /pmwiki/pmwiki.php/Main/GatesMegzsaroltaD%e1ni%e1t?action=print HTTP/1.1" 200 3221 "-" "Mozilla/5.0 (compatible; MegaIndex.ru/2.0; +http://megaindex.com/crawler)"
176.9.58.227 - - [17/Jan/2023:20:41:58 +0100] "GET /pmwiki/pmwiki.php/Main/CenZored?action=print HTTP/1.1" 200 5573 "-" "Mozilla/5.0 (compatible; MegaIndex.ru/2.0; +http://megaindex.com/crawler)"
176.9.58.227 - - [17/Jan/2023:20:42:02 +0100] "GET /pmwiki/pmwiki.php/Main/Rocard?action=print HTTP/1.1" 200 7872 "-" "Mozilla/5.0 (compatible; MegaIndex.ru/2.0; +http://megaindex.com/crawler)"
217.113.194.98 - - [17/Jan/2023:20:42:05 +0100] "GET /pmwiki/pmwiki.php/PmWiki/FreeLinks?action=edit HTTP/1.1" 200 12451 "-" "Mozilla/5.0 (compatible; Barkrowler/0.9; +https://babbar.tech/crawler)"
176.9.58.227 - - [17/Jan/2023:20:42:07 +0100] "GET /pmwiki/pmwiki.php/Main/Cikkek?action=diff&source=n&minor=n HTTP/1.1" 200 90206 "-" "Mozilla/5.0 (compatible; MegaIndex.ru/2.0; +http://megaindex.com/crawler)"
176.9.58.227 - - [17/Jan/2023:20:42:19 +0100] "GET /pmwiki/pmwiki.php/Main/Cikkek?action=diff&source=y&minor=y HTTP/1.1" 200 103301 "-" "Mozilla/5.0 (compatible; MegaIndex.ru/2.0; +http://megaindex.com/crawler)"
217.113.194.113 - - [17/Jan/2023:20:42:20 +0100] "GET /pmwiki/pmwiki.php/PmWiki/FreeLinks?action=diff HTTP/1.1" 200 12856 "-" "Mozilla/5.0 (compatible; Barkrowler/0.9; +https://babbar.tech/crawler)"
176.9.58.227 - - [17/Jan/2023:20:42:35 +0100] "GET /pmwiki/pmwiki.php/Main/Cikkek?action=edit&restore=diff:1157455877:1137588749:minor&preview=y HTTP/1.1" 200 12422 "-" "Mozilla/5.0 (compatible; MegaIndex.ru/2.0; +http://megaindex.com/crawler)"
217.113.194.121 - - [17/Jan/2023:20:42:36 +0100] "GET /pmwiki/pmwiki.php/PmWiki/FreeLinks?action=upload HTTP/1.1" 200 12331 "-" "Mozilla/5.0 (compatible; Barkrowler/0.9; +https://babbar.tech/crawler)"
176.9.58.227 - - [17/Jan/2023:20:42:39 +0100] "GET /pmwiki/pmwiki.php/Main/Cikkek?action=edit&restore=diff:1137588749:1137588706:minor&preview=y HTTP/1.1" 200 12422 "-" "Mozilla/5.0 (compatible; MegaIndex.ru/2.0; +http://megaindex.com/crawler)"
176.9.58.227 - - [17/Jan/2023:20:42:44 +0100] "GET /pmwiki/pmwiki.php/Main/Cikkek?action=edit&restore=diff:1137588706:1128687334:minor&preview=y HTTP/1.1" 200 12422 "-" "Mozilla/5.0 (compatible; MegaIndex.ru/2.0; +http://megaindex.com/crawler)"
176.9.58.227 - - [17/Jan/2023:20:42:47 +0100] "GET /pmwiki/pmwiki.php/Main/Cikkek?action=edit&restore=diff:1128687334:1128687234:minor&preview=y HTTP/1.1" 200 12422 "-" "Mozilla/5.0 (compatible; MegaIndex.ru/2.0; +http://megaindex.com/crawler)"
217.113.194.109 - - [17/Jan/2023:20:42:51 +0100] "GET /pmwiki/pmwiki.php/PmWiki/Variables?action=print HTTP/1.1" 200 20658 "-" "Mozilla/5.0 (compatible; Barkrowler/0.9; +https://babbar.tech/crawler)"
176.9.58.227 - - [17/Jan/2023:20:42:51 +0100] "GET /pmwiki/pmwiki.php/Main/Cikkek?action=edit&restore=diff:1128687234:1124706600:&preview=y HTTP/1.1" 200 12417 "-" "Mozilla/5.0 (compatible; MegaIndex.ru/2.0; +http://megaindex.com/crawler)"
176.9.58.227 - - [17/Jan/2023:20:42:56 +0100] "GET /pmwiki/pmwiki.php/Main/Cikkek?action=edit&restore=diff:1124706600:1123155004:&preview=y HTTP/1.1" 200 12417 "-" "Mozilla/5.0 (compatible; MegaIndex.ru/2.0; +http://megaindex.com/crawler)"
176.9.58.227 - - [17/Jan/2023:20:43:00 +0100] "GET /pmwiki/pmwiki.php/Main/Cikkek?action=edit&restore=diff:1123155004:1122560582:minor&preview=y HTTP/1.1" 200 12422 "-" "Mozilla/5.0 (compatible; MegaIndex.ru/2.0; +http://megaindex.com/crawler)"
176.9.58.227 - - [17/Jan/2023:20:43:04 +0100] "GET /pmwiki/pmwiki.php/Main/Cikkek?action=edit&restore=diff:1122560582:1122541486:minor&preview=y HTTP/1.1" 200 12422 "-" "Mozilla/5.0 (compatible; MegaIndex.ru/2.0; +http://megaindex.com/crawler)"
217.113.194.113 - - [17/Jan/2023:20:43:06 +0100] "GET /pmwiki/pmwiki.php/PmWiki/Variables?action=edit HTTP/1.1" 200 12452 "-" "Mozilla/5.0 (compatible; Barkrowler/0.9; +https://babbar.tech/crawler)"
176.9.58.227 - - [17/Jan/2023:20:43:08 +0100] "GET /pmwiki/pmwiki.php/Main/Cikkek?action=edit&restore=diff:1122541486:1122284290:minor&preview=y HTTP/1.1" 200 12422 "-" "Mozilla/5.0 (compatible; MegaIndex.ru/2.0; +http://megaindex.com/crawler)"
176.9.58.227 - - [17/Jan/2023:20:43:12 +0100] "GET /pmwiki/pmwiki.php/Main/Cikkek?action=edit&restore=diff:1122284290:1121153505:minor&preview=y HTTP/1.1" 200 12422 "-" "Mozilla/5.0 (compatible; MegaIndex.ru/2.0; +http://megaindex.com/crawler)"
176.9.58.227 - - [17/Jan/2023:20:43:16 +0100] "GET /pmwiki/pmwiki.php/Main/Cikkek?action=edit&restore=diff:1121153505:1121152976:minor&preview=y HTTP/1.1" 200 12422 "-" "Mozilla/5.0 (compatible; MegaIndex.ru/2.0; +http://megaindex.com/crawler)"
176.9.58.227 - - [17/Jan/2023:20:43:20 +0100] "GET /pmwiki/pmwiki.php/Main/Cikkek?action=edit&restore=diff:1121152976:1121152763:minor&preview=y HTTP/1.1" 200 12422 "-" "Mozilla/5.0 (compatible; MegaIndex.ru/2.0; +http://megaindex.com/crawler)"
217.113.194.83 - - [17/Jan/2023:20:43:22 +0100] "GET /pmwiki/pmwiki.php/PmWiki/Variables?action=upload HTTP/1.1" 200 12332 "-" "Mozilla/5.0 (compatible; Barkrowler/0.9; +https://babbar.tech/crawler)"
176.9.58.227 - - [17/Jan/2023:20:43:24 +0100] "GET /pmwiki/pmwiki.php/Main/Cikkek?action=edit&restore=diff:1121152763:1121084781:minor&preview=y HTTP/1.1" 200 12422 "-" "Mozilla/5.0 (compatible; MegaIndex.ru/2.0; +http://megaindex.com/crawler)"
176.9.58.227 - - [17/Jan/2023:20:43:29 +0100] "GET /pmwiki/pmwiki.php/Main/Cikkek?action=edit&restore=diff:1121084781:1121081034:minor&preview=y HTTP/1.1" 200 12422 "-" "Mozilla/5.0 (compatible; MegaIndex.ru/2.0; +http://megaindex.com/crawler)"
176.9.58.227 - - [17/Jan/2023:20:43:33 +0100] "GET /pmwiki/pmwiki.php/Main/Cikkek?action=edit&restore=diff:1121081034:1121079632:minor&preview=y HTTP/1.1" 200 12422 "-" "Mozilla/5.0 (compatible; MegaIndex.ru/2.0; +http://megaindex.com/crawler)"
217.113.194.104 - - [17/Jan/2023:20:43:37 +0100] "GET /pmwiki/pmwiki.php/PmWiki/Passwords?action=edit HTTP/1.1" 200 12451 "-" "Mozilla/5.0 (compatible; Barkrowler/0.9; +https://babbar.tech/crawler)"
176.9.58.227 - - [17/Jan/2023:20:43:38 +0100] "GET /pmwiki/pmwiki.php/Main/Cikkek?action=edit&restore=diff:1121079632:1121079529:minor&preview=y HTTP/1.1" 200 12422 "-" "Mozilla/5.0 (compatible; MegaIndex.ru/2.0; +http://megaindex.com/crawler)"
176.9.58.227 - - [17/Jan/2023:20:43:42 +0100] "GET /pmwiki/pmwiki.php/Main/Cikkek?action=edit&restore=diff:1121079529:1121073179:minor&preview=y HTTP/1.1" 200 12422 "-" "Mozilla/5.0 (compatible; MegaIndex.ru/2.0; +http://megaindex.com/crawler)"
176.9.58.227 - - [17/Jan/2023:20:43:46 +0100] "GET /pmwiki/pmwiki.php/Main/Cikkek?action=edit&restore=diff:1121073179:1121072737:minor&preview=y HTTP/1.1" 200 12422 "-" "Mozilla/5.0 (compatible; MegaIndex.ru/2.0; +http://megaindex.com/crawler)"
176.9.58.227 - - [17/Jan/2023:20:43:51 +0100] "GET /pmwiki/pmwiki.php/Main/Cikkek?action=edit&restore=diff:1121072737:1121072720:&preview=y HTTP/1.1" 200 12417 "-" "Mozilla/5.0 (compatible; MegaIndex.ru/2.0; +http://megaindex.com/crawler)"
217.113.194.103 - - [17/Jan/2023:20:43:52 +0100] "GET /pmwiki/pmwiki.php/PmWiki/Passwords?action=diff HTTP/1.1" 200 12856 "-" "Mozilla/5.0 (compatible; Barkrowler/0.9; +https://babbar.tech/crawler)"
176.9.58.227 - - [17/Jan/2023:20:43:54 +0100] "GET /pmwiki/pmwiki.php/Main/Cikkek?action=edit&restore=diff:1121072720:1121072709:&preview=y HTTP/1.1" 200 12417 "-" "Mozilla/5.0 (compatible; MegaIndex.ru/2.0; +http://megaindex.com/crawler)"
176.9.58.227 - - [17/Jan/2023:20:43:57 +0100] "GET /pmwiki/pmwiki.php/Main/Cikkek?action=edit&restore=diff:1121072709:1121072432:&preview=y HTTP/1.1" 200 12417 "-" "Mozilla/5.0 (compatible; MegaIndex.ru/2.0; +http://megaindex.com/crawler)"
176.9.58.227 - - [17/Jan/2023:20:44:01 +0100] "GET /pmwiki/pmwiki.php/Main/Cikkek?action=edit&restore=diff:1121072432:1120220222:&preview=y HTTP/1.1" 200 12417 "-" "Mozilla/5.0 (compatible; MegaIndex.ru/2.0; +http://megaindex.com/crawler)"
176.9.58.227 - - [17/Jan/2023:20:44:05 +0100] "GET /pmwiki/pmwiki.php/Main/Cikkek?action=edit&restore=diff:1120220222:1120166980:&preview=y HTTP/1.1" 200 12417 "-" "Mozilla/5.0 (compatible; MegaIndex.ru/2.0; +http://megaindex.com/crawler)"
217.113.194.116 - - [17/Jan/2023:20:44:08 +0100] "GET /pmwiki/pmwiki.php/PmWiki/Passwords?action=upload HTTP/1.1" 200 12331 "-" "Mozilla/5.0 (compatible; Barkrowler/0.9; +https://babbar.tech/crawler)"
176.9.58.227 - - [17/Jan/2023:20:44:08 +0100] "GET /pmwiki/pmwiki.php/Main/Cikkek?action=edit&restore=diff:1120166980:1119882422:minor&preview=y HTTP/1.1" 200 12422 "-" "Mozilla/5.0 (compatible; MegaIndex.ru/2.0; +http://megaindex.com/crawler)"
176.9.58.227 - - [17/Jan/2023:20:44:12 +0100] "GET /pmwiki/pmwiki.php/Main/Cikkek?action=edit&restore=diff:1119882422:1119265486:minor&preview=y HTTP/1.1" 200 12422 "-" "Mozilla/5.0 (compatible; MegaIndex.ru/2.0; +http://megaindex.com/crawler)"
176.9.58.227 - - [17/Jan/2023:20:44:16 +0100] "GET /pmwiki/pmwiki.php/Main/Cikkek?action=edit&restore=diff:1119265486:1119265417:&preview=y HTTP/1.1" 200 12417 "-" "Mozilla/5.0 (compatible; MegaIndex.ru/2.0; +http://megaindex.com/crawler)"
176.9.58.227 - - [17/Jan/2023:20:44:20 +0100] "GET /pmwiki/pmwiki.php/Main/Cikkek?action=edit&restore=diff:1119265417:1119256219:&preview=y HTTP/1.1" 200 12417 "-" "Mozilla/5.0 (compatible; MegaIndex.ru/2.0; +http://megaindex.com/crawler)"
217.113.194.70 - - [17/Jan/2023:20:44:23 +0100] "GET /pmwiki/pmwiki.php/PmWiki/Passwords?action=print HTTP/1.1" 200 8362 "-" "Mozilla/5.0 (compatible; Barkrowler/0.9; +https://babbar.tech/crawler)"
176.9.58.227 - - [17/Jan/2023:20:44:25 +0100] "GET /pmwiki/pmwiki.php/Main/Cikkek?action=edit&restore=diff:1119256219:1119253114:minor&preview=y HTTP/1.1" 200 12422 "-" "Mozilla/5.0 (compatible; MegaIndex.ru/2.0; +http://megaindex.com/crawler)"
176.9.58.227 - - [17/Jan/2023:20:44:28 +0100] "GET /pmwiki/pmwiki.php/Main/Cikkek?action=edit&restore=diff:1119253114:1118862239:minor&preview=y HTTP/1.1" 200 12422 "-" "Mozilla/5.0 (compatible; MegaIndex.ru/2.0; +http://megaindex.com/crawler)"
176.9.58.227 - - [17/Jan/2023:20:44:32 +0100] "GET /pmwiki/pmwiki.php/Main/Cikkek?action=edit&restore=diff:1118862239:1118750956:minor&preview=y HTTP/1.1" 200 12422 "-" "Mozilla/5.0 (compatible; MegaIndex.ru/2.0; +http://megaindex.com/crawler)"
176.9.58.227 - - [17/Jan/2023:20:44:36 +0100] "GET /pmwiki/pmwiki.php/Main/Cikkek?action=edit&restore=diff:1118750956:1118750699:&preview=y HTTP/1.1" 200 12417 "-" "Mozilla/5.0 (compatible; MegaIndex.ru/2.0; +http://megaindex.com/crawler)"
217.113.194.108 - - [17/Jan/2023:20:44:38 +0100] "GET /pmwiki/pmwiki.php/Cookbook/EditBar?action=diff HTTP/1.1" 200 12858 "-" "Mozilla/5.0 (compatible; Barkrowler/0.9; +https://babbar.tech/crawler)"
176.9.58.227 - - [17/Jan/2023:20:44:40 +0100] "GET /pmwiki/pmwiki.php/Main/Cikkek?action=edit&restore=diff:1118750699:1118670115:minor&preview=y HTTP/1.1" 200 12422 "-" "Mozilla/5.0 (compatible; MegaIndex.ru/2.0; +http://megaindex.com/crawler)"
176.9.58.227 - - [17/Jan/2023:20:44:43 +0100] "GET /pmwiki/pmwiki.php/Main/Cikkek?action=edit&restore=diff:1118670115:1118669547:&preview=y HTTP/1.1" 200 12417 "-" "Mozilla/5.0 (compatible; MegaIndex.ru/2.0; +http://megaindex.com/crawler)"
176.9.58.227 - - [17/Jan/2023:20:44:48 +0100] "GET /pmwiki/pmwiki.php/Main/Cikkek?action=edit&restore=diff:1118669547:1118422785:&preview=y HTTP/1.1" 200 12417 "-" "Mozilla/5.0 (compatible; MegaIndex.ru/2.0; +http://megaindex.com/crawler)"
176.9.58.227 - - [17/Jan/2023:20:44:52 +0100] "GET /pmwiki/pmwiki.php/Main/Cikkek?action=edit&restore=diff:1118422785:1118422400:&preview=y HTTP/1.1" 200 12417 "-" "Mozilla/5.0 (compatible; MegaIndex.ru/2.0; +http://megaindex.com/crawler)"
217.113.194.114 - - [17/Jan/2023:20:44:54 +0100] "GET /pmwiki/pmwiki.php/Cookbook/EditBar?action=print HTTP/1.1" 404 2382 "-" "Mozilla/5.0 (compatible; Barkrowler/0.9; +https://babbar.tech/crawler)"
176.9.58.227 - - [17/Jan/2023:20:44:56 +0100] "GET /pmwiki/pmwiki.php/Main/Cikkek?action=edit&restore=diff:1118422400:1118348276:&preview=y HTTP/1.1" 200 12417 "-" "Mozilla/5.0 (compatible; MegaIndex.ru/2.0; +http://megaindex.com/crawler)"
176.9.58.227 - - [17/Jan/2023:20:44:59 +0100] "GET /pmwiki/pmwiki.php/Main/Cikkek?action=edit&restore=diff:1118348276:1115799398:&preview=y HTTP/1.1" 200 12417 "-" "Mozilla/5.0 (compatible; MegaIndex.ru/2.0; +http://megaindex.com/crawler)"
176.9.58.227 - - [17/Jan/2023:20:45:02 +0100] "GET /pmwiki/pmwiki.php/Main/Cikkek?action=edit&restore=diff:1115799398:1115799375:&preview=y HTTP/1.1" 200 12417 "-" "Mozilla/5.0 (compatible; MegaIndex.ru/2.0; +http://megaindex.com/crawler)"
176.9.58.227 - - [17/Jan/2023:20:45:05 +0100] "GET /pmwiki/pmwiki.php/Main/Cikkek?action=edit&restore=diff:1115799375:1115799333:&preview=y HTTP/1.1" 200 12417 "-" "Mozilla/5.0 (compatible; MegaIndex.ru/2.0; +http://megaindex.com/crawler)"
176.9.58.227 - - [17/Jan/2023:20:45:09 +0100] "GET /pmwiki/pmwiki.php/Main/Cikkek?action=edit&restore=diff:1115799333:1115799319:&preview=y HTTP/1.1" 200 12417 "-" "Mozilla/5.0 (compatible; MegaIndex.ru/2.0; +http://megaindex.com/crawler)"
217.113.194.87 - - [17/Jan/2023:20:45:09 +0100] "GET /pmwiki/pmwiki.php/Cookbook/EditBar?action=edit HTTP/1.1" 200 12453 "-" "Mozilla/5.0 (compatible; Barkrowler/0.9; +https://babbar.tech/crawler)"
176.9.58.227 - - [17/Jan/2023:20:45:14 +0100] "GET /pmwiki/pmwiki.php/Main/Cikkek?action=edit&restore=diff:1115799319:1113392073:&preview=y HTTP/1.1" 200 12417 "-" "Mozilla/5.0 (compatible; MegaIndex.ru/2.0; +http://megaindex.com/crawler)"
176.9.58.227 - - [17/Jan/2023:20:45:18 +0100] "GET /pmwiki/pmwiki.php/Main/Cikkek?action=edit&restore=diff:1113392073:1113384733:&preview=y HTTP/1.1" 200 12417 "-" "Mozilla/5.0 (compatible; MegaIndex.ru/2.0; +http://megaindex.com/crawler)"
176.9.58.227 - - [17/Jan/2023:20:45:22 +0100] "GET /pmwiki/pmwiki.php/Main/Cikkek?action=edit&restore=diff:1113384733:1111167909:&preview=y HTTP/1.1" 200 12417 "-" "Mozilla/5.0 (compatible; MegaIndex.ru/2.0; +http://megaindex.com/crawler)"
217.113.194.75 - - [17/Jan/2023:20:45:24 +0100] "GET /pmwiki/pmwiki.php/Cookbook/EditBar?action=upload HTTP/1.1" 200 12333 "-" "Mozilla/5.0 (compatible; Barkrowler/0.9; +https://babbar.tech/crawler)"
176.9.58.227 - - [17/Jan/2023:20:45:26 +0100] "GET /pmwiki/pmwiki.php/Main/Cikkek?action=edit&restore=diff:1111167909:1110374893:&preview=y HTTP/1.1" 200 12417 "-" "Mozilla/5.0 (compatible; MegaIndex.ru/2.0; +http://megaindex.com/crawler)"
176.9.58.227 - - [17/Jan/2023:20:45:30 +0100] "GET /pmwiki/pmwiki.php/Main/Cikkek?action=edit&restore=diff:1110374893:1110313786:&preview=y HTTP/1.1" 200 12417 "-" "Mozilla/5.0 (compatible; MegaIndex.ru/2.0; +http://megaindex.com/crawler)"
176.9.58.227 - - [17/Jan/2023:20:45:38 +0100] "GET /pmwiki/pmwiki.php/Main/Cikkek?action=edit&restore=diff:1110313786:1110313493:&preview=y HTTP/1.1" 200 12417 "-" "Mozilla/5.0 (compatible; MegaIndex.ru/2.0; +http://megaindex.com/crawler)"
217.113.194.79 - - [17/Jan/2023:20:45:40 +0100] "GET /pmwiki/pmwiki.php/Profiles/Robert?action=diff HTTP/1.1" 200 12840 "-" "Mozilla/5.0 (compatible; Barkrowler/0.9; +https://babbar.tech/crawler)"
176.9.58.227 - - [17/Jan/2023:20:45:41 +0100] "GET /pmwiki/pmwiki.php/Main/Cikkek?action=edit&restore=diff:1110313493:1110313217:&preview=y HTTP/1.1" 200 12417 "-" "Mozilla/5.0 (compatible; MegaIndex.ru/2.0; +http://megaindex.com/crawler)"
176.9.58.227 - - [17/Jan/2023:20:45:45 +0100] "GET /pmwiki/pmwiki.php/Main/Cikkek?action=edit&restore=diff:1110313217:1110209045:&preview=y HTTP/1.1" 200 12417 "-" "Mozilla/5.0 (compatible; MegaIndex.ru/2.0; +http://megaindex.com/crawler)"
176.9.58.227 - - [17/Jan/2023:20:45:48 +0100] "GET /pmwiki/pmwiki.php/Main/Cikkek?action=edit&restore=diff:1110209045:1109709639:&preview=y HTTP/1.1" 200 12417 "-" "Mozilla/5.0 (compatible; MegaIndex.ru/2.0; +http://megaindex.com/crawler)"
176.9.58.227 - - [17/Jan/2023:20:45:53 +0100] "GET /pmwiki/pmwiki.php/Main/Cikkek?action=edit&restore=diff:1109709639:1109709482:minor&preview=y HTTP/1.1" 200 12422 "-" "Mozilla/5.0 (compatible; MegaIndex.ru/2.0; +http://megaindex.com/crawler)"
217.113.194.73 - - [17/Jan/2023:20:45:55 +0100] "GET /pmwiki/pmwiki.php/Profiles/Artisjus?action=diff HTTP/1.1" 200 12876 "-" "Mozilla/5.0 (compatible; Barkrowler/0.9; +https://babbar.tech/crawler)"
176.9.58.227 - - [17/Jan/2023:20:45:57 +0100] "GET /pmwiki/pmwiki.php/Main/Cikkek?action=edit&restore=diff:1109709482:1109621019:&preview=y HTTP/1.1" 200 12417 "-" "Mozilla/5.0 (compatible; MegaIndex.ru/2.0; +http://megaindex.com/crawler)"
176.9.58.227 - - [17/Jan/2023:20:46:00 +0100] "GET /pmwiki/pmwiki.php/Main/Cikkek?action=edit&restore=diff:1109621019:1109271503:&preview=y HTTP/1.1" 200 12417 "-" "Mozilla/5.0 (compatible; MegaIndex.ru/2.0; +http://megaindex.com/crawler)"
176.9.58.227 - - [17/Jan/2023:20:46:03 +0100] "GET /pmwiki/pmwiki.php/Main/Cikkek?action=edit&restore=diff:1109271503:1108982024:&preview=y HTTP/1.1" 200 12417 "-" "Mozilla/5.0 (compatible; MegaIndex.ru/2.0; +http://megaindex.com/crawler)"
176.9.58.227 - - [17/Jan/2023:20:46:06 +0100] "GET /pmwiki/pmwiki.php/Main/Cikkek?action=edit&restore=diff:1108982024:1108981855:&preview=y HTTP/1.1" 200 12417 "-" "Mozilla/5.0 (compatible; MegaIndex.ru/2.0; +http://megaindex.com/crawler)"
217.113.194.113 - - [17/Jan/2023:20:46:10 +0100] "GET /pmwiki/pmwiki.php/Profiles/Artisjus?action=upload HTTP/1.1" 200 12349 "-" "Mozilla/5.0 (compatible; Barkrowler/0.9; +https://babbar.tech/crawler)"
176.9.58.227 - - [17/Jan/2023:20:46:10 +0100] "GET /pmwiki/pmwiki.php/Main/Cikkek?action=edit&restore=diff:1108981855:1108899667:&preview=y HTTP/1.1" 200 12417 "-" "Mozilla/5.0 (compatible; MegaIndex.ru/2.0; +http://megaindex.com/crawler)"
176.9.58.227 - - [17/Jan/2023:20:46:13 +0100] "GET /pmwiki/pmwiki.php/Main/Cikkek?action=edit&restore=diff:1108899667:1108899590:&preview=y HTTP/1.1" 200 12417 "-" "Mozilla/5.0 (compatible; MegaIndex.ru/2.0; +http://megaindex.com/crawler)"
176.9.58.227 - - [17/Jan/2023:20:46:19 +0100] "GET /pmwiki/pmwiki.php/Main/Cikkek?action=edit&restore=diff:1108899590:1108899393:&preview=y HTTP/1.1" 200 12417 "-" "Mozilla/5.0 (compatible; MegaIndex.ru/2.0; +http://megaindex.com/crawler)"
176.9.58.227 - - [17/Jan/2023:20:46:22 +0100] "GET /pmwiki/pmwiki.php/Main/Cikkek?action=edit&restore=diff:1108899393:1108898887:&preview=y HTTP/1.1" 200 12417 "-" "Mozilla/5.0 (compatible; MegaIndex.ru/2.0; +http://megaindex.com/crawler)"
176.9.58.227 - - [17/Jan/2023:20:46:25 +0100] "GET /pmwiki/pmwiki.php/Main/Cikkek?action=edit&restore=diff:1108898887:1108897313:&preview=y HTTP/1.1" 200 12417 "-" "Mozilla/5.0 (compatible; MegaIndex.ru/2.0; +http://megaindex.com/crawler)"
217.113.194.81 - - [17/Jan/2023:20:46:26 +0100] "GET /pmwiki/pmwiki.php/Profiles/Mikei?action=diff HTTP/1.1" 200 12822 "-" "Mozilla/5.0 (compatible; Barkrowler/0.9; +https://babbar.tech/crawler)"
176.9.58.227 - - [17/Jan/2023:20:46:30 +0100] "GET /pmwiki/pmwiki.php/Main/Cikkek?action=edit&restore=diff:1108897313:1108897149:&preview=y HTTP/1.1" 200 12417 "-" "Mozilla/5.0 (compatible; MegaIndex.ru/2.0; +http://megaindex.com/crawler)"
176.9.58.227 - - [17/Jan/2023:20:46:32 +0100] "GET /pmwiki/pmwiki.php/Main/Cikkek?action=edit&restore=diff:1108897149:1108896872:&preview=y HTTP/1.1" 200 12417 "-" "Mozilla/5.0 (compatible; MegaIndex.ru/2.0; +http://megaindex.com/crawler)"
176.9.58.227 - - [17/Jan/2023:20:46:36 +0100] "GET /pmwiki/pmwiki.php/Main/Cikkek?action=edit&restore=diff:1108896872:1108896548:&preview=y HTTP/1.1" 200 12417 "-" "Mozilla/5.0 (compatible; MegaIndex.ru/2.0; +http://megaindex.com/crawler)"
176.9.58.227 - - [17/Jan/2023:20:46:40 +0100] "GET /pmwiki/pmwiki.php/Main/Cikkek?action=edit&restore=diff:1108896548:1108896286:&preview=y HTTP/1.1" 200 12417 "-" "Mozilla/5.0 (compatible; MegaIndex.ru/2.0; +http://megaindex.com/crawler)"
217.113.194.102 - - [17/Jan/2023:20:46:41 +0100] "GET /pmwiki/pmwiki.php/Profiles/Mag?action=diff HTTP/1.1" 200 12786 "-" "Mozilla/5.0 (compatible; Barkrowler/0.9; +https://babbar.tech/crawler)"
176.9.58.227 - - [17/Jan/2023:20:46:43 +0100] "GET /pmwiki/pmwiki.php/Main/Cikkek?action=edit&restore=diff:1108896286:1108896110:&preview=y HTTP/1.1" 200 12417 "-" "Mozilla/5.0 (compatible; MegaIndex.ru/2.0; +http://megaindex.com/crawler)"
176.9.58.227 - - [17/Jan/2023:20:46:45 +0100] "GET /pmwiki/pmwiki.php/Main/Cikkek?action=edit&restore=diff:1108896110:1108661493:&preview=y HTTP/1.1" 200 12417 "-" "Mozilla/5.0 (compatible; MegaIndex.ru/2.0; +http://megaindex.com/crawler)"
176.9.58.227 - - [17/Jan/2023:20:46:49 +0100] "GET /pmwiki/pmwiki.php/Main/Cikkek?action=edit&restore=diff:1108661493:1108651497:&preview=y HTTP/1.1" 200 12417 "-" "Mozilla/5.0 (compatible; MegaIndex.ru/2.0; +http://megaindex.com/crawler)"
176.9.58.227 - - [17/Jan/2023:20:46:53 +0100] "GET /pmwiki/pmwiki.php/Main/Cikkek?action=edit&restore=diff:1108651497:1108115101:&preview=y HTTP/1.1" 200 12417 "-" "Mozilla/5.0 (compatible; MegaIndex.ru/2.0; +http://megaindex.com/crawler)"
217.113.194.118 - - [17/Jan/2023:20:46:56 +0100] "GET /pmwiki/pmwiki.php/Main/DRMMunkacsoport HTTP/1.1" 200 12700 "-" "Mozilla/5.0 (compatible; Barkrowler/0.9; +https://babbar.tech/crawler)"
176.9.58.227 - - [17/Jan/2023:20:46:57 +0100] "GET /pmwiki/pmwiki.php/Main/Cikkek?action=edit&restore=diff:1108115101:1107936865:&preview=y HTTP/1.1" 200 12417 "-" "Mozilla/5.0 (compatible; MegaIndex.ru/2.0; +http://megaindex.com/crawler)"
176.9.58.227 - - [17/Jan/2023:20:47:03 +0100] "GET /pmwiki/pmwiki.php/Main/Cikkek?action=edit&restore=diff:1107936865:1107864259:&preview=y HTTP/1.1" 200 12417 "-" "Mozilla/5.0 (compatible; MegaIndex.ru/2.0; +http://megaindex.com/crawler)"
176.9.58.227 - - [17/Jan/2023:20:47:07 +0100] "GET /pmwiki/pmwiki.php/Main/Cikkek?action=edit&restore=diff:1107864259:1107864259:&preview=y HTTP/1.1" 200 12417 "-" "Mozilla/5.0 (compatible; MegaIndex.ru/2.0; +http://megaindex.com/crawler)"
217.113.194.89 - - [17/Jan/2023:20:47:12 +0100] "GET /pmwiki/pmwiki.php/Main/K%F6zlem%E9nye HTTP/1.1" 200 17975 "-" "Mozilla/5.0 (compatible; Barkrowler/0.9; +https://babbar.tech/crawler)"
176.9.58.227 - - [17/Jan/2023:20:47:12 +0100] "GET /pmwiki/pmwiki.php/Main/AzEur%f3paiParlament%dajraind%edt%e1stK%f6vetelAzEln%f6kiKonferenciaElfogadtaAzInd%edtv%e1nyt?action=edit HTTP/1.1" 200 13730 "-" "Mozilla/5.0 (compatible; MegaIndex.ru/2.0; +http://megaindex.com/crawler)"
176.9.58.227 - - [17/Jan/2023:20:47:15 +0100] "GET /pmwiki/pmwiki.php/Main/AzEur%f3paiParlament%dajraind%edt%e1stK%f6vetelAzEln%f6kiKonferenciaElfogadtaAzInd%edtv%e1nyt?action=upload HTTP/1.1" 200 13610 "-" "Mozilla/5.0 (compatible; MegaIndex.ru/2.0; +http://megaindex.com/crawler)"
176.9.58.227 - - [17/Jan/2023:20:47:19 +0100] "GET /pmwiki/pmwiki.php/Main/AzEur%f3paiParlament%dajraind%edt%e1stK%f6vetelAzEln%f6kiKonferenciaElfogadtaAzInd%edtv%e1nyt?action=diff HTTP/1.1" 200 18112 "-" "Mozilla/5.0 (compatible; MegaIndex.ru/2.0; +http://megaindex.com/crawler)"
176.9.58.227 - - [17/Jan/2023:20:47:27 +0100] "GET /pmwiki/pmwiki.php/Main/BillGates%c9sM%e1sKommunist%e1k?action=edit HTTP/1.1" 200 12758 "-" "Mozilla/5.0 (compatible; MegaIndex.ru/2.0; +http://megaindex.com/crawler)"
217.113.194.109 - - [17/Jan/2023:20:47:27 +0100] "GET /pmwiki/pmwiki.php/Main/TRIPSLie?action=upload HTTP/1.1" 200 12279 "-" "Mozilla/5.0 (compatible; Barkrowler/0.9; +https://babbar.tech/crawler)"
176.9.58.227 - - [17/Jan/2023:20:47:31 +0100] "GET /pmwiki/pmwiki.php/Main/BillGates%c9sM%e1sKommunist%e1k?action=upload HTTP/1.1" 200 12638 "-" "Mozilla/5.0 (compatible; MegaIndex.ru/2.0; +http://megaindex.com/crawler)"
176.9.58.227 - - [17/Jan/2023:20:47:34 +0100] "GET /pmwiki/pmwiki.php/Main/BillGates%c9sM%e1sKommunist%e1k?action=diff HTTP/1.1" 200 20908 "-" "Mozilla/5.0 (compatible; MegaIndex.ru/2.0; +http://megaindex.com/crawler)"
176.9.58.227 - - [17/Jan/2023:20:47:40 +0100] "GET /pmwiki/pmwiki.php/Main/GatesMegzsaroltaD%e1ni%e1t?action=edit HTTP/1.1" 200 12682 "-" "Mozilla/5.0 (compatible; MegaIndex.ru/2.0; +http://megaindex.com/crawler)"
217.113.194.126 - - [17/Jan/2023:20:47:42 +0100] "GET /pmwiki/pmwiki.php/Main/TRIPSLie?action=print HTTP/1.1" 200 3318 "-" "Mozilla/5.0 (compatible; Barkrowler/0.9; +https://babbar.tech/crawler)"
176.9.58.227 - - [17/Jan/2023:20:47:43 +0100] "GET /pmwiki/pmwiki.php/Main/GatesMegzsaroltaD%e1ni%e1t?action=upload HTTP/1.1" 200 12562 "-" "Mozilla/5.0 (compatible; MegaIndex.ru/2.0; +http://megaindex.com/crawler)"
176.9.58.227 - - [17/Jan/2023:20:47:48 +0100] "GET /pmwiki/pmwiki.php/Main/GatesMegzsaroltaD%e1ni%e1t?action=diff HTTP/1.1" 200 15072 "-" "Mozilla/5.0 (compatible; MegaIndex.ru/2.0; +http://megaindex.com/crawler)"
176.9.58.227 - - [17/Jan/2023:20:47:51 +0100] "GET /pmwiki/pmwiki.php/Main/CenZored?action=edit HTTP/1.1" 200 12402 "-" "Mozilla/5.0 (compatible; MegaIndex.ru/2.0; +http://megaindex.com/crawler)"
176.9.58.227 - - [17/Jan/2023:20:47:56 +0100] "GET /pmwiki/pmwiki.php/Main/CenZored?action=upload HTTP/1.1" 200 12282 "-" "Mozilla/5.0 (compatible; MegaIndex.ru/2.0; +http://megaindex.com/crawler)"
217.113.194.114 - - [17/Jan/2023:20:47:58 +0100] "GET /pmwiki/pmwiki.php/Main/TRIPSLie?action=edit HTTP/1.1" 200 12399 "-" "Mozilla/5.0 (compatible; Barkrowler/0.9; +https://babbar.tech/crawler)"
176.9.58.227 - - [17/Jan/2023:20:48:00 +0100] "GET /pmwiki/pmwiki.php/Main/CenZored?action=diff HTTP/1.1" 200 16528 "-" "Mozilla/5.0 (compatible; MegaIndex.ru/2.0; +http://megaindex.com/crawler)"
176.9.58.227 - - [17/Jan/2023:20:48:09 +0100] "GET /pmwiki/pmwiki.php/Main/Rocard?action=edit HTTP/1.1" 200 12365 "-" "Mozilla/5.0 (compatible; MegaIndex.ru/2.0; +http://megaindex.com/crawler)"
176.9.58.227 - - [17/Jan/2023:20:48:11 +0100] "GET /pmwiki/pmwiki.php/Main/Rocard?action=upload HTTP/1.1" 200 12245 "-" "Mozilla/5.0 (compatible; MegaIndex.ru/2.0; +http://megaindex.com/crawler)"
217.113.194.101 - - [17/Jan/2023:20:48:13 +0100] "GET /pmwiki/pmwiki.php/Main/TRIPSLie?action=diff HTTP/1.1" 200 14070 "-" "Mozilla/5.0 (compatible; Barkrowler/0.9; +https://babbar.tech/crawler)"
176.9.58.227 - - [17/Jan/2023:20:48:15 +0100] "GET /pmwiki/pmwiki.php/Main/Rocard?action=diff HTTP/1.1" 200 18777 "-" "Mozilla/5.0 (compatible; MegaIndex.ru/2.0; +http://megaindex.com/crawler)"
176.9.58.227 - - [17/Jan/2023:20:48:21 +0100] "GET /pmwiki/pmwiki.php/Main/SzoftverSzabadalmak?action=diff&source=n&minor=n HTTP/1.1" 200 16505 "-" "Mozilla/5.0 (compatible; MegaIndex.ru/2.0; +http://megaindex.com/crawler)"
176.9.58.227 - - [17/Jan/2023:20:48:28 +0100] "GET /pmwiki/pmwiki.php/Main/SzoftverSzabadalmak?action=diff&source=y&minor=y HTTP/1.1" 200 16602 "-" "Mozilla/5.0 (compatible; MegaIndex.ru/2.0; +http://megaindex.com/crawler)"
217.113.194.95 - - [17/Jan/2023:20:48:28 +0100] "GET /pmwiki/pmwiki.php/Main/C%E9lok?action=print HTTP/1.1" 200 3154 "-" "Mozilla/5.0 (compatible; Barkrowler/0.9; +https://babbar.tech/crawler)"
176.9.58.227 - - [17/Jan/2023:20:48:35 +0100] "GET /pmwiki/pmwiki.php/Main/SzoftverSzabadalmak?action=edit&restore=diff:1107863800:1107863800:&preview=y HTTP/1.1" 200 12624 "-" "Mozilla/5.0 (compatible; MegaIndex.ru/2.0; +http://megaindex.com/crawler)"
176.9.58.227 - - [17/Jan/2023:20:48:37 +0100] "GET /pmwiki/pmwiki.php/Main/FAQ?action=diff&source=n&minor=n HTTP/1.1" 200 19015 "-" "Mozilla/5.0 (compatible; MegaIndex.ru/2.0; +http://megaindex.com/crawler)"
176.9.58.227 - - [17/Jan/2023:20:48:43 +0100] "GET /pmwiki/pmwiki.php/Main/FAQ?action=diff&source=y&minor=y HTTP/1.1" 200 19113 "-" "Mozilla/5.0 (compatible; MegaIndex.ru/2.0; +http://megaindex.com/crawler)"
217.113.194.120 - - [17/Jan/2023:20:48:44 +0100] "GET /pmwiki/pmwiki.php/Main/C%E9lok?action=upload HTTP/1.1" 200 12258 "-" "Mozilla/5.0 (compatible; Barkrowler/0.9; +https://babbar.tech/crawler)"
176.9.58.227 - - [17/Jan/2023:20:48:51 +0100] "GET /pmwiki/pmwiki.php/Main/FAQ?action=edit&restore=diff:1120083594:1120083594:&preview=y HTTP/1.1" 200 12364 "-" "Mozilla/5.0 (compatible; MegaIndex.ru/2.0; +http://megaindex.com/crawler)"
176.9.58.227 - - [17/Jan/2023:20:48:55 +0100] "GET /pmwiki/pmwiki.php/Main/2003M%e1jusBr%fcsszeliT%fara?action=print HTTP/1.1" 200 3337 "-" "Mozilla/5.0 (compatible; MegaIndex.ru/2.0; +http://megaindex.com/crawler)"
217.113.194.97 - - [17/Jan/2023:20:48:59 +0100] "GET /pmwiki/pmwiki.php/Main/C%E9lok?action=edit HTTP/1.1" 200 12378 "-" "Mozilla/5.0 (compatible; Barkrowler/0.9; +https://babbar.tech/crawler)"
176.9.58.227 - - [17/Jan/2023:20:49:00 +0100] "GET /pmwiki/pmwiki.php/Main/2003M%e1jusiNyilatkozat?action=print HTTP/1.1" 200 7268 "-" "Mozilla/5.0 (compatible; MegaIndex.ru/2.0; +http://megaindex.com/crawler)"
176.9.58.227 - - [17/Jan/2023:20:49:03 +0100] "GET /pmwiki/pmwiki.php/Main/2003M%e1jusiNyilatkozathozKapcsol%f3d%f3Cikk?action=print HTTP/1.1" 200 4972 "-" "Mozilla/5.0 (compatible; MegaIndex.ru/2.0; +http://megaindex.com/crawler)"
176.9.58.227 - - [17/Jan/2023:20:49:08 +0100] "GET /pmwiki/pmwiki.php/Main/2004-esNyilatkozat?action=print HTTP/1.1" 200 6026 "-" "Mozilla/5.0 (compatible; MegaIndex.ru/2.0; +http://megaindex.com/crawler)"
176.9.58.227 - - [17/Jan/2023:20:49:13 +0100] "GET /pmwiki/pmwiki.php/Main/HarcT%edzITSzabadalomEllen?action=print HTTP/1.1" 200 3972 "-" "Mozilla/5.0 (compatible; MegaIndex.ru/2.0; +http://megaindex.com/crawler)"
217.113.194.102 - - [17/Jan/2023:20:49:14 +0100] "GET /pmwiki/pmwiki.php/Main/2004Augusztus18 HTTP/1.1" 200 13214 "-" "Mozilla/5.0 (compatible; Barkrowler/0.9; +https://babbar.tech/crawler)"
176.9.58.227 - - [17/Jan/2023:20:49:16 +0100] "GET /pmwiki/pmwiki.php/Main/Lev%e9lAParlamentInformaitikaiBizotts%e1gaEln%f6k%e9nek?action=print HTTP/1.1" 200 3877 "-" "Mozilla/5.0 (compatible; MegaIndex.ru/2.0; +http://megaindex.com/crawler)"
176.9.58.227 - - [17/Jan/2023:20:49:21 +0100] "GET /pmwiki/pmwiki.php/Main/Damokl%e9szKardjaLebegAMagyarSzoftveriparFelett?action=print HTTP/1.1" 200 6075 "-" "Mozilla/5.0 (compatible; MegaIndex.ru/2.0; +http://megaindex.com/crawler)"
176.9.58.227 - - [17/Jan/2023:20:49:25 +0100] "GET /pmwiki/pmwiki.php/Main/2004Augusztus5?action=print HTTP/1.1" 200 5461 "-" "Mozilla/5.0 (compatible; MegaIndex.ru/2.0; +http://megaindex.com/crawler)"
217.113.194.70 - - [17/Jan/2023:20:49:30 +0100] "GET /pmwiki/pmwiki.php/Main/2004Augusztus5 HTTP/1.1" 200 15089 "-" "Mozilla/5.0 (compatible; Barkrowler/0.9; +https://babbar.tech/crawler)"
176.9.58.227 - - [17/Jan/2023:20:49:32 +0100] "GET /pmwiki/pmwiki.php/Main/2004Augusztus18?action=print HTTP/1.1" 200 3574 "-" "Mozilla/5.0 (compatible; MegaIndex.ru/2.0; +http://megaindex.com/crawler)"
176.9.58.227 - - [17/Jan/2023:20:49:35 +0100] "GET /pmwiki/pmwiki.php/Main/2004Szeptember1?action=print HTTP/1.1" 200 4483 "-" "Mozilla/5.0 (compatible; MegaIndex.ru/2.0; +http://megaindex.com/crawler)"
176.9.58.227 - - [17/Jan/2023:20:49:41 +0100] "GET /pmwiki/pmwiki.php/Main/2005Szeptember2?action=print HTTP/1.1" 200 4183 "-" "Mozilla/5.0 (compatible; MegaIndex.ru/2.0; +http://megaindex.com/crawler)"
176.9.58.227 - - [17/Jan/2023:20:49:44 +0100] "GET /pmwiki/pmwiki.php/Main/2004Febru%e1riK%f6sz%f6netLengyelorsz%e1gnak?action=print HTTP/1.1" 200 5654 "-" "Mozilla/5.0 (compatible; MegaIndex.ru/2.0; +http://megaindex.com/crawler)"
217.113.194.102 - - [17/Jan/2023:20:49:45 +0100] "GET /pmwiki/pmwiki.php/Main/CikkekPrivacy?action=diff HTTP/1.1" 200 14574 "-" "Mozilla/5.0 (compatible; Barkrowler/0.9; +https://babbar.tech/crawler)"
176.9.58.227 - - [17/Jan/2023:20:49:47 +0100] "GET /pmwiki/pmwiki.php/Main/ATan%e1cs%c9rdembenT%e1rgyalhatASzoftverszabadalmiDirekt%edv%e1r%f3l?action=print HTTP/1.1" 200 8015 "-" "Mozilla/5.0 (compatible; MegaIndex.ru/2.0; +http://megaindex.com/crawler)"
176.9.58.227 - - [17/Jan/2023:20:49:51 +0100] "GET /pmwiki/pmwiki.php/Main/AzEUBizotts%e1gaL%e1bbalTiporjaADemokr%e1ci%e1t?action=print HTTP/1.1" 200 7059 "-" "Mozilla/5.0 (compatible; MegaIndex.ru/2.0; +http://megaindex.com/crawler)"
176.9.58.227 - - [17/Jan/2023:20:49:56 +0100] "GET /pmwiki/pmwiki.php/Main/2005M%e1rciusiNyilatkozat?action=print HTTP/1.1" 200 5284 "-" "Mozilla/5.0 (compatible; MegaIndex.ru/2.0; +http://megaindex.com/crawler)"
176.9.58.227 - - [17/Jan/2023:20:50:00 +0100] "GET /pmwiki/pmwiki.php/Main/2005M%e1rciusiNy%edltLev%e9l?action=print HTTP/1.1" 200 4344 "-" "Mozilla/5.0 (compatible; MegaIndex.ru/2.0; +http://megaindex.com/crawler)"
217.113.194.118 - - [17/Jan/2023:20:50:00 +0100] "GET /pmwiki/pmwiki.php/Main/CikkekPrivacy?action=upload HTTP/1.1" 200 12360 "-" "Mozilla/5.0 (compatible; Barkrowler/0.9; +https://babbar.tech/crawler)"
176.9.58.227 - - [17/Jan/2023:20:50:05 +0100] "GET /pmwiki/pmwiki.php/Main/2005M%e1rciusiK%f6z%f6sNyilatkozat?action=print HTTP/1.1" 200 2943 "-" "Mozilla/5.0 (compatible; MegaIndex.ru/2.0; +http://megaindex.com/crawler)"
176.9.58.227 - - [17/Jan/2023:20:50:10 +0100] "GET /pmwiki/pmwiki.php/Main/2005M%e1rcius8?action=print HTTP/1.1" 200 20416 "-" "Mozilla/5.0 (compatible; MegaIndex.ru/2.0; +http://megaindex.com/crawler)"
176.9.58.227 - - [17/Jan/2023:20:50:15 +0100] "GET /pmwiki/pmwiki.php/Main/2005M%e1jus?action=print HTTP/1.1" 200 5696 "-" "Mozilla/5.0 (compatible; MegaIndex.ru/2.0; +http://megaindex.com/crawler)"
217.113.194.108 - - [17/Jan/2023:20:50:17 +0100] "GET /pmwiki/pmwiki.php/Main/Cikkek?action=diff HTTP/1.1" 200 107776 "-" "Mozilla/5.0 (compatible; Barkrowler/0.9; +https://babbar.tech/crawler)"
176.9.58.227 - - [17/Jan/2023:20:50:19 +0100] "GET /pmwiki/pmwiki.php/Main/2005J%fanius?action=print HTTP/1.1" 200 5490 "-" "Mozilla/5.0 (compatible; MegaIndex.ru/2.0; +http://megaindex.com/crawler)"
176.9.58.227 - - [17/Jan/2023:20:50:22 +0100] "GET /pmwiki/pmwiki.php/Main/2005J%faniusEKTBBesz%e1mol%f3?action=print HTTP/1.1" 200 8585 "-" "Mozilla/5.0 (compatible; MegaIndex.ru/2.0; +http://megaindex.com/crawler)"
176.9.58.227 - - [17/Jan/2023:20:50:27 +0100] "GET /pmwiki/pmwiki.php/Main/Nyilatkozat?action=print HTTP/1.1" 200 8881 "-" "Mozilla/5.0 (compatible; MegaIndex.ru/2.0; +http://megaindex.com/crawler)"
176.9.58.227 - - [17/Jan/2023:20:50:30 +0100] "GET /pmwiki/pmwiki.php/Emeltdijas/Hu?action=print HTTP/1.1" 200 3447 "-" "Mozilla/5.0 (compatible; MegaIndex.ru/2.0; +http://megaindex.com/crawler)"
217.113.194.122 - - [17/Jan/2023:20:50:32 +0100] "GET /pmwiki/pmwiki.php/Main/2004-esNyilatkozat HTTP/1.1" 200 15702 "-" "Mozilla/5.0 (compatible; Barkrowler/0.9; +https://babbar.tech/crawler)"
176.9.58.227 - - [17/Jan/2023:20:50:35 +0100] "GET /pmwiki/pmwiki.php/Main/Nyilatkozatok?action=diff&source=n&minor=n HTTP/1.1" 200 33585 "-" "Mozilla/5.0 (compatible; MegaIndex.ru/2.0; +http://megaindex.com/crawler)"
176.9.58.227 - - [17/Jan/2023:20:50:47 +0100] "GET /pmwiki/pmwiki.php/Main/Nyilatkozatok?action=diff&source=y&minor=y HTTP/1.1" 200 29019 "-" "Mozilla/5.0 (compatible; MegaIndex.ru/2.0; +http://megaindex.com/crawler)"
217.113.194.99 - - [17/Jan/2023:20:50:48 +0100] "GET /pmwiki/pmwiki.php/Main/Linkek?action=diff HTTP/1.1" 200 38966 "-" "Mozilla/5.0 (compatible; Barkrowler/0.9; +https://babbar.tech/crawler)"
176.9.58.227 - - [17/Jan/2023:20:50:50 +0100] "GET /pmwiki/pmwiki.php/Main/Nyilatkozatok?action=edit&restore=diff:1120090238:1120088131:&preview=y HTTP/1.1" 200 12524 "-" "Mozilla/5.0 (compatible; MegaIndex.ru/2.0; +http://megaindex.com/crawler)"
176.9.58.227 - - [17/Jan/2023:20:50:53 +0100] "GET /pmwiki/pmwiki.php/Main/Nyilatkozatok?action=edit&restore=diff:1120088131:1120088113:&preview=y HTTP/1.1" 200 12524 "-" "Mozilla/5.0 (compatible; MegaIndex.ru/2.0; +http://megaindex.com/crawler)"
176.9.58.227 - - [17/Jan/2023:20:50:58 +0100] "GET /pmwiki/pmwiki.php/Main/Nyilatkozatok?action=edit&restore=diff:1120088113:1120087991:&preview=y HTTP/1.1" 200 12524 "-" "Mozilla/5.0 (compatible; MegaIndex.ru/2.0; +http://megaindex.com/crawler)"
176.9.58.227 - - [17/Jan/2023:20:51:02 +0100] "GET /pmwiki/pmwiki.php/Main/Nyilatkozatok?action=edit&restore=diff:1120087991:1120087906:&preview=y HTTP/1.1" 200 12524 "-" "Mozilla/5.0 (compatible; MegaIndex.ru/2.0; +http://megaindex.com/crawler)"
217.113.194.117 - - [17/Jan/2023:20:51:03 +0100] "GET /pmwiki/pmwiki.php/Main/NoSoftwarePatents?action=upload HTTP/1.1" 200 12426 "-" "Mozilla/5.0 (compatible; Barkrowler/0.9; +https://babbar.tech/crawler)"
176.9.58.227 - - [17/Jan/2023:20:51:06 +0100] "GET /pmwiki/pmwiki.php/Main/Nyilatkozatok?action=edit&restore=diff:1120087906:1120087770:&preview=y HTTP/1.1" 200 12524 "-" "Mozilla/5.0 (compatible; MegaIndex.ru/2.0; +http://megaindex.com/crawler)"
176.9.58.227 - - [17/Jan/2023:20:51:10 +0100] "GET /pmwiki/pmwiki.php/Main/Nyilatkozatok?action=edit&restore=diff:1120087770:1120087650:&preview=y HTTP/1.1" 200 12524 "-" "Mozilla/5.0 (compatible; MegaIndex.ru/2.0; +http://megaindex.com/crawler)"
176.9.58.227 - - [17/Jan/2023:20:51:15 +0100] "GET /pmwiki/pmwiki.php/Main/Nyilatkozatok?action=edit&restore=diff:1120087650:1120087489:&preview=y HTTP/1.1" 200 12524 "-" "Mozilla/5.0 (compatible; MegaIndex.ru/2.0; +http://megaindex.com/crawler)"
217.113.194.95 - - [17/Jan/2023:20:51:18 +0100] "GET /pmwiki/pmwiki.php/Main/ThankYouPoland?action=edit HTTP/1.1" 200 12495 "-" "Mozilla/5.0 (compatible; Barkrowler/0.9; +https://babbar.tech/crawler)"
176.9.58.227 - - [17/Jan/2023:20:51:19 +0100] "GET /pmwiki/pmwiki.php/Main/Nyilatkozatok?action=edit&restore=diff:1120087489:1120087359:&preview=y HTTP/1.1" 200 12524 "-" "Mozilla/5.0 (compatible; MegaIndex.ru/2.0; +http://megaindex.com/crawler)"
176.9.58.227 - - [17/Jan/2023:20:51:23 +0100] "GET /pmwiki/pmwiki.php/Main/Nyilatkozatok?action=edit&restore=diff:1120087359:1120087134:&preview=y HTTP/1.1" 200 12524 "-" "Mozilla/5.0 (compatible; MegaIndex.ru/2.0; +http://megaindex.com/crawler)"
176.9.58.227 - - [17/Jan/2023:20:51:26 +0100] "GET /pmwiki/pmwiki.php/Main/Nyilatkozatok?action=edit&restore=diff:1120087134:1120086674:&preview=y HTTP/1.1" 200 12524 "-" "Mozilla/5.0 (compatible; MegaIndex.ru/2.0; +http://megaindex.com/crawler)"
176.9.58.227 - - [17/Jan/2023:20:51:31 +0100] "GET /pmwiki/pmwiki.php/Main/Nyilatkozatok?action=edit&restore=diff:1120086674:1120085379:&preview=y HTTP/1.1" 200 12524 "-" "Mozilla/5.0 (compatible; MegaIndex.ru/2.0; +http://megaindex.com/crawler)"
217.113.194.111 - - [17/Jan/2023:20:51:33 +0100] "GET /pmwiki/pmwiki.php/Main/Telefonon?action=upload HTTP/1.1" 200 12294 "-" "Mozilla/5.0 (compatible; Barkrowler/0.9; +https://babbar.tech/crawler)"
176.9.58.227 - - [17/Jan/2023:20:51:36 +0100] "GET /pmwiki/pmwiki.php/Main/Nyilatkozatok?action=edit&restore=diff:1120085379:1120085072:&preview=y HTTP/1.1" 200 12524 "-" "Mozilla/5.0 (compatible; MegaIndex.ru/2.0; +http://megaindex.com/crawler)"
176.9.58.227 - - [17/Jan/2023:20:51:40 +0100] "GET /pmwiki/pmwiki.php/Main/Nyilatkozatok?action=edit&restore=diff:1120085072:1120084811:&preview=y HTTP/1.1" 200 12524 "-" "Mozilla/5.0 (compatible; MegaIndex.ru/2.0; +http://megaindex.com/crawler)"
176.9.58.227 - - [17/Jan/2023:20:51:44 +0100] "GET /pmwiki/pmwiki.php/Main/Nyilatkozatok?action=edit&restore=diff:1120084811:1120084705:&preview=y HTTP/1.1" 200 12524 "-" "Mozilla/5.0 (compatible; MegaIndex.ru/2.0; +http://megaindex.com/crawler)"
176.9.58.227 - - [17/Jan/2023:20:51:48 +0100] "GET /pmwiki/pmwiki.php/Main/Nyilatkozatok?action=edit&restore=diff:1120084705:1120084467:&preview=y HTTP/1.1" 200 12524 "-" "Mozilla/5.0 (compatible; MegaIndex.ru/2.0; +http://megaindex.com/crawler)"
217.113.194.99 - - [17/Jan/2023:20:51:49 +0100] "GET /pmwiki/pmwiki.php/Main/2005M%E1jus?action=edit HTTP/1.1" 200 12442 "-" "Mozilla/5.0 (compatible; Barkrowler/0.9; +https://babbar.tech/crawler)"
176.9.58.227 - - [17/Jan/2023:20:51:52 +0100] "GET /pmwiki/pmwiki.php/Main/Nyilatkozatok?action=edit&restore=diff:1120084467:1120084186:&preview=y HTTP/1.1" 200 12524 "-" "Mozilla/5.0 (compatible; MegaIndex.ru/2.0; +http://megaindex.com/crawler)"
176.9.58.227 - - [17/Jan/2023:20:51:56 +0100] "GET /pmwiki/pmwiki.php/Main/Nyilatkozatok?action=edit&restore=diff:1120084186:1120084143:&preview=y HTTP/1.1" 200 12524 "-" "Mozilla/5.0 (compatible; MegaIndex.ru/2.0; +http://megaindex.com/crawler)"
176.9.58.227 - - [17/Jan/2023:20:52:02 +0100] "GET /pmwiki/pmwiki.php/Main/Nyilatkozatok?action=edit&restore=diff:1120084143:1120084045:&preview=y HTTP/1.1" 200 12524 "-" "Mozilla/5.0 (compatible; MegaIndex.ru/2.0; +http://megaindex.com/crawler)"
217.113.194.126 - - [17/Jan/2023:20:52:04 +0100] "GET /pmwiki/pmwiki.php/Main/2005M%E1rcius8 HTTP/1.1" 200 30044 "-" "Mozilla/5.0 (compatible; Barkrowler/0.9; +https://babbar.tech/crawler)"
176.9.58.227 - - [17/Jan/2023:20:52:04 +0100] "GET /pmwiki/pmwiki.php/Main/Nyilatkozatok?action=edit&restore=diff:1120084045:1120084025:&preview=y HTTP/1.1" 200 12524 "-" "Mozilla/5.0 (compatible; MegaIndex.ru/2.0; +http://megaindex.com/crawler)"
176.9.58.227 - - [17/Jan/2023:20:52:08 +0100] "GET /pmwiki/pmwiki.php/Main/Nyilatkozatok?action=edit&restore=diff:1120084025:1120083769:&preview=y HTTP/1.1" 200 12524 "-" "Mozilla/5.0 (compatible; MegaIndex.ru/2.0; +http://megaindex.com/crawler)"
176.9.58.227 - - [17/Jan/2023:20:52:11 +0100] "GET /pmwiki/pmwiki.php/Main/Nyilatkozatok?action=edit&restore=diff:1120083769:1120083286:&preview=y HTTP/1.1" 200 12524 "-" "Mozilla/5.0 (compatible; MegaIndex.ru/2.0; +http://megaindex.com/crawler)"
