176.9.58.227 - - [17/Jan/2023:21:17:19 +0100] "GET /pmwiki/pmwiki.php/Main/Google?action=edit&restore=diff:1122638387:1122638157:minor&preview=y HTTP/1.1" 200 12417 "-" "Mozilla/5.0 (compatible; MegaIndex.ru/2.0; +http://megaindex.com/crawler)"
176.9.58.227 - - [17/Jan/2023:21:17:24 +0100] "GET /pmwiki/pmwiki.php/Main/Google?action=edit&restore=diff:1122638157:1122638067:minor&preview=y HTTP/1.1" 200 12417 "-" "Mozilla/5.0 (compatible; MegaIndex.ru/2.0; +http://megaindex.com/crawler)"
176.9.58.227 - - [17/Jan/2023:21:17:27 +0100] "GET /pmwiki/pmwiki.php/Main/Google?action=edit&restore=diff:1122638067:1122637842:minor&preview=y HTTP/1.1" 200 12417 "-" "Mozilla/5.0 (compatible; MegaIndex.ru/2.0; +http://megaindex.com/crawler)"
217.113.194.104 - - [17/Jan/2023:21:17:29 +0100] "GET /pmwiki/pmwiki.php/Main/Direkt%EDva?action=edit HTTP/1.1" 200 12446 "-" "Mozilla/5.0 (compatible; Barkrowler/0.9; +https://babbar.tech/crawler)"
176.9.58.227 - - [17/Jan/2023:21:17:31 +0100] "GET /pmwiki/pmwiki.php/Main/Google?action=edit&restore=diff:1122637842:1122637842:minor&preview=y HTTP/1.1" 200 12417 "-" "Mozilla/5.0 (compatible; MegaIndex.ru/2.0; +http://megaindex.com/crawler)"
176.9.58.227 - - [17/Jan/2023:21:17:35 +0100] "GET /pmwiki/pmwiki.php/Main/Cache?action=edit HTTP/1.1" 200 12350 "-" "Mozilla/5.0 (compatible; MegaIndex.ru/2.0; +http://megaindex.com/crawler)"
176.9.58.227 - - [17/Jan/2023:21:17:39 +0100] "GET /pmwiki/pmwiki.php/Main/Cache?action=upload HTTP/1.1" 200 12230 "-" "Mozilla/5.0 (compatible; MegaIndex.ru/2.0; +http://megaindex.com/crawler)"
176.9.58.227 - - [17/Jan/2023:21:17:43 +0100] "GET /pmwiki/pmwiki.php/Main/Cache?action=diff HTTP/1.1" 200 17732 "-" "Mozilla/5.0 (compatible; MegaIndex.ru/2.0; +http://megaindex.com/crawler)"
217.113.194.76 - - [17/Jan/2023:21:17:44 +0100] "GET /pmwiki/pmwiki.php/Main/Direkt%EDva?action=upload HTTP/1.1" 200 12326 "-" "Mozilla/5.0 (compatible; Barkrowler/0.9; +https://babbar.tech/crawler)"
176.9.58.227 - - [17/Jan/2023:21:17:48 +0100] "GET /pmwiki/pmwiki.php/Main/Cutts?action=edit HTTP/1.1" 200 12352 "-" "Mozilla/5.0 (compatible; MegaIndex.ru/2.0; +http://megaindex.com/crawler)"
176.9.58.227 - - [17/Jan/2023:21:17:50 +0100] "GET /pmwiki/pmwiki.php/Main/Cutts?action=upload HTTP/1.1" 200 12232 "-" "Mozilla/5.0 (compatible; MegaIndex.ru/2.0; +http://megaindex.com/crawler)"
176.9.58.227 - - [17/Jan/2023:21:17:55 +0100] "GET /pmwiki/pmwiki.php/Main/Cutts?action=diff HTTP/1.1" 200 32499 "-" "Mozilla/5.0 (compatible; MegaIndex.ru/2.0; +http://megaindex.com/crawler)"
217.113.194.95 - - [17/Jan/2023:21:17:59 +0100] "GET /pmwiki/pmwiki.php/Main/Direkt%EDva?action=print HTTP/1.1" 200 11029 "-" "Mozilla/5.0 (compatible; Barkrowler/0.9; +https://babbar.tech/crawler)"
176.9.58.227 - - [17/Jan/2023:21:18:05 +0100] "GET /pmwiki/pmwiki.php/Main/Power?action=edit HTTP/1.1" 200 12354 "-" "Mozilla/5.0 (compatible; MegaIndex.ru/2.0; +http://megaindex.com/crawler)"
176.9.58.227 - - [17/Jan/2023:21:18:08 +0100] "GET /pmwiki/pmwiki.php/Main/Power?action=upload HTTP/1.1" 200 12234 "-" "Mozilla/5.0 (compatible; MegaIndex.ru/2.0; +http://megaindex.com/crawler)"
176.9.58.227 - - [17/Jan/2023:21:18:11 +0100] "GET /pmwiki/pmwiki.php/Main/Power?action=diff HTTP/1.1" 200 21611 "-" "Mozilla/5.0 (compatible; MegaIndex.ru/2.0; +http://megaindex.com/crawler)"
217.113.194.110 - - [17/Jan/2023:21:18:15 +0100] "GET /pmwiki/pmwiki.php/Main/Direkt%EDva?action=diff HTTP/1.1" 200 26112 "-" "Mozilla/5.0 (compatible; Barkrowler/0.9; +https://babbar.tech/crawler)"
176.9.58.227 - - [17/Jan/2023:21:18:18 +0100] "GET /pmwiki/pmwiki.php/Main/Direkt%edva?action=diff&source=n&minor=n HTTP/1.1" 200 12849 "-" "Mozilla/5.0 (compatible; MegaIndex.ru/2.0; +http://megaindex.com/crawler)"
176.9.58.227 - - [17/Jan/2023:21:18:22 +0100] "GET /pmwiki/pmwiki.php/Main/Direkt%edva?action=diff&source=y&minor=y HTTP/1.1" 200 26403 "-" "Mozilla/5.0 (compatible; MegaIndex.ru/2.0; +http://megaindex.com/crawler)"
176.9.58.227 - - [17/Jan/2023:21:18:27 +0100] "GET /pmwiki/pmwiki.php/Main/Direkt%edva?action=edit&restore=diff:1131357977:1122898768:minor&preview=y HTTP/1.1" 200 12497 "-" "Mozilla/5.0 (compatible; MegaIndex.ru/2.0; +http://megaindex.com/crawler)"
217.113.194.91 - - [17/Jan/2023:21:18:30 +0100] "GET /pmwiki/pmwiki.php/Main/ThankYouPoland?action=diff HTTP/1.1" 200 15641 "-" "Mozilla/5.0 (compatible; Barkrowler/0.9; +https://babbar.tech/crawler)"
176.9.58.227 - - [17/Jan/2023:21:18:31 +0100] "GET /pmwiki/pmwiki.php/Main/Direkt%edva?action=edit&restore=diff:1122898768:1122898677:minor&preview=y HTTP/1.1" 200 12497 "-" "Mozilla/5.0 (compatible; MegaIndex.ru/2.0; +http://megaindex.com/crawler)"
176.9.58.227 - - [17/Jan/2023:21:18:36 +0100] "GET /pmwiki/pmwiki.php/Main/Direkt%edva?action=edit&restore=diff:1122898677:1122891683:minor&preview=y HTTP/1.1" 200 12497 "-" "Mozilla/5.0 (compatible; MegaIndex.ru/2.0; +http://megaindex.com/crawler)"
176.9.58.227 - - [17/Jan/2023:21:18:40 +0100] "GET /pmwiki/pmwiki.php/Main/Direkt%edva?action=edit&restore=diff:1122891683:1122891683:minor&preview=y HTTP/1.1" 200 12497 "-" "Mozilla/5.0 (compatible; MegaIndex.ru/2.0; +http://megaindex.com/crawler)"
176.9.58.227 - - [17/Jan/2023:21:18:44 +0100] "GET /pmwiki/pmwiki.php/Main/CikkekPrivacy?action=diff&source=n&minor=n HTTP/1.1" 200 12889 "-" "Mozilla/5.0 (compatible; MegaIndex.ru/2.0; +http://megaindex.com/crawler)"
217.113.194.111 - - [17/Jan/2023:21:18:46 +0100] "GET /pmwiki/pmwiki.php/Main/ThankYouPoland?action=upload HTTP/1.1" 200 12375 "-" "Mozilla/5.0 (compatible; Barkrowler/0.9; +https://babbar.tech/crawler)"
176.9.58.227 - - [17/Jan/2023:21:18:47 +0100] "GET /pmwiki/pmwiki.php/Main/CikkekPrivacy?action=diff&source=y&minor=y HTTP/1.1" 200 14666 "-" "Mozilla/5.0 (compatible; MegaIndex.ru/2.0; +http://megaindex.com/crawler)"
176.9.58.227 - - [17/Jan/2023:21:18:51 +0100] "GET /pmwiki/pmwiki.php/Main/CikkekPrivacy?action=edit&restore=diff:1123155599:1123155516:minor&preview=y HTTP/1.1" 200 12531 "-" "Mozilla/5.0 (compatible; MegaIndex.ru/2.0; +http://megaindex.com/crawler)"
176.9.58.227 - - [17/Jan/2023:21:18:57 +0100] "GET /pmwiki/pmwiki.php/Main/CikkekPrivacy?action=edit&restore=diff:1123155516:1123155516:minor&preview=y HTTP/1.1" 200 12531 "-" "Mozilla/5.0 (compatible; MegaIndex.ru/2.0; +http://megaindex.com/crawler)"
176.9.58.227 - - [17/Jan/2023:21:18:59 +0100] "GET /pmwiki/pmwiki.php/PmWiki/PmWiki?action=diff&source=n&minor=n HTTP/1.1" 200 96107 "-" "Mozilla/5.0 (compatible; MegaIndex.ru/2.0; +http://megaindex.com/crawler)"
217.113.194.118 - - [17/Jan/2023:21:19:01 +0100] "GET /pmwiki/pmwiki.php/Main/ThankYouPoland?action=print HTTP/1.1" 200 4332 "-" "Mozilla/5.0 (compatible; Barkrowler/0.9; +https://babbar.tech/crawler)"
217.113.194.94 - - [17/Jan/2023:21:19:16 +0100] "GET /pmwiki/pmwiki.php/Main/Doksik?action=diff HTTP/1.1" 200 19426 "-" "Mozilla/5.0 (compatible; Barkrowler/0.9; +https://babbar.tech/crawler)"
176.9.58.227 - - [17/Jan/2023:21:19:20 +0100] "GET /pmwiki/pmwiki.php/PmWiki/PmWiki?action=diff&source=y&minor=y HTTP/1.1" 200 451540 "-" "Mozilla/5.0 (compatible; MegaIndex.ru/2.0; +http://megaindex.com/crawler)"
217.113.194.118 - - [17/Jan/2023:21:19:31 +0100] "GET /pmwiki/pmwiki.php/Main/Let%F6lt%E9s?action=diff HTTP/1.1" 200 12860 "-" "Mozilla/5.0 (compatible; Barkrowler/0.9; +https://babbar.tech/crawler)"
217.113.194.101 - - [17/Jan/2023:21:19:47 +0100] "GET /pmwiki/pmwiki.php/Main/Let%F6lt%E9s?action=edit HTTP/1.1" 200 12457 "-" "Mozilla/5.0 (compatible; Barkrowler/0.9; +https://babbar.tech/crawler)"
176.9.58.227 - - [17/Jan/2023:21:19:54 +0100] "GET /pmwiki/pmwiki.php/PmWiki/PmWiki?action=edit&restore=diff:1118151553:1117979936:&preview=y HTTP/1.1" 200 12446 "-" "Mozilla/5.0 (compatible; MegaIndex.ru/2.0; +http://megaindex.com/crawler)"
176.9.58.227 - - [17/Jan/2023:21:19:57 +0100] "GET /pmwiki/pmwiki.php/PmWiki/PmWiki?action=edit&restore=diff:1117979936:1117674459:&preview=y HTTP/1.1" 200 12446 "-" "Mozilla/5.0 (compatible; MegaIndex.ru/2.0; +http://megaindex.com/crawler)"
176.9.58.227 - - [17/Jan/2023:21:20:01 +0100] "GET /pmwiki/pmwiki.php/PmWiki/PmWiki?action=edit&restore=diff:1117674459:1117605703:&preview=y HTTP/1.1" 200 12446 "-" "Mozilla/5.0 (compatible; MegaIndex.ru/2.0; +http://megaindex.com/crawler)"
217.113.194.101 - - [17/Jan/2023:21:20:03 +0100] "GET /pmwiki/pmwiki.php/Main/Let%F6lt%E9s?action=upload HTTP/1.1" 200 12337 "-" "Mozilla/5.0 (compatible; Barkrowler/0.9; +https://babbar.tech/crawler)"
176.9.58.227 - - [17/Jan/2023:21:20:05 +0100] "GET /pmwiki/pmwiki.php/PmWiki/PmWiki?action=edit&restore=diff:1117605703:1117444601:minor&preview=y HTTP/1.1" 200 12451 "-" "Mozilla/5.0 (compatible; MegaIndex.ru/2.0; +http://megaindex.com/crawler)"
176.9.58.227 - - [17/Jan/2023:21:20:10 +0100] "GET /pmwiki/pmwiki.php/PmWiki/PmWiki?action=edit&restore=diff:1117444601:1117395099:&preview=y HTTP/1.1" 200 12446 "-" "Mozilla/5.0 (compatible; MegaIndex.ru/2.0; +http://megaindex.com/crawler)"
176.9.58.227 - - [17/Jan/2023:21:20:14 +0100] "GET /pmwiki/pmwiki.php/PmWiki/PmWiki?action=edit&restore=diff:1117395099:1117074465:minor&preview=y HTTP/1.1" 200 12451 "-" "Mozilla/5.0 (compatible; MegaIndex.ru/2.0; +http://megaindex.com/crawler)"
176.9.58.227 - - [17/Jan/2023:21:20:18 +0100] "GET /pmwiki/pmwiki.php/PmWiki/PmWiki?action=edit&restore=diff:1117074465:1116817444:&preview=y HTTP/1.1" 200 12446 "-" "Mozilla/5.0 (compatible; MegaIndex.ru/2.0; +http://megaindex.com/crawler)"
217.113.194.120 - - [17/Jan/2023:21:20:18 +0100] "GET /pmwiki/pmwiki.php/Main/Comission-negatesDemocracy HTTP/1.1" 200 16717 "-" "Mozilla/5.0 (compatible; Barkrowler/0.9; +https://babbar.tech/crawler)"
176.9.58.227 - - [17/Jan/2023:21:20:21 +0100] "GET /pmwiki/pmwiki.php/PmWiki/PmWiki?action=edit&restore=diff:1116817444:1116427766:minor&preview=y HTTP/1.1" 200 12451 "-" "Mozilla/5.0 (compatible; MegaIndex.ru/2.0; +http://megaindex.com/crawler)"
176.9.58.227 - - [17/Jan/2023:21:20:24 +0100] "GET /pmwiki/pmwiki.php/PmWiki/PmWiki?action=edit&restore=diff:1116427766:1116379974:&preview=y HTTP/1.1" 200 12446 "-" "Mozilla/5.0 (compatible; MegaIndex.ru/2.0; +http://megaindex.com/crawler)"
176.9.58.227 - - [17/Jan/2023:21:20:29 +0100] "GET /pmwiki/pmwiki.php/PmWiki/PmWiki?action=edit&restore=diff:1116379974:1114493707:minor&preview=y HTTP/1.1" 200 12451 "-" "Mozilla/5.0 (compatible; MegaIndex.ru/2.0; +http://megaindex.com/crawler)"
176.9.58.227 - - [17/Jan/2023:21:20:32 +0100] "GET /pmwiki/pmwiki.php/PmWiki/PmWiki?action=edit&restore=diff:1114493707:1114406926:minor&preview=y HTTP/1.1" 200 12451 "-" "Mozilla/5.0 (compatible; MegaIndex.ru/2.0; +http://megaindex.com/crawler)"
217.113.194.104 - - [17/Jan/2023:21:20:33 +0100] "GET /pmwiki/pmwiki.php/Main/TelefononFaxon?action=edit HTTP/1.1" 200 12497 "-" "Mozilla/5.0 (compatible; Barkrowler/0.9; +https://babbar.tech/crawler)"
176.9.58.227 - - [17/Jan/2023:21:20:36 +0100] "GET /pmwiki/pmwiki.php/PmWiki/PmWiki?action=edit&restore=diff:1114406926:1114313764:minor&preview=y HTTP/1.1" 200 12451 "-" "Mozilla/5.0 (compatible; MegaIndex.ru/2.0; +http://megaindex.com/crawler)"
176.9.58.227 - - [17/Jan/2023:21:20:41 +0100] "GET /pmwiki/pmwiki.php/PmWiki/PmWiki?action=edit&restore=diff:1114313764:1114211724:minor&preview=y HTTP/1.1" 200 12451 "-" "Mozilla/5.0 (compatible; MegaIndex.ru/2.0; +http://megaindex.com/crawler)"
176.9.58.227 - - [17/Jan/2023:21:20:44 +0100] "GET /pmwiki/pmwiki.php/PmWiki/PmWiki?action=edit&restore=diff:1114211724:1113972562:minor&preview=y HTTP/1.1" 200 12451 "-" "Mozilla/5.0 (compatible; MegaIndex.ru/2.0; +http://megaindex.com/crawler)"
176.9.58.227 - - [17/Jan/2023:21:20:48 +0100] "GET /pmwiki/pmwiki.php/PmWiki/PmWiki?action=edit&restore=diff:1113972562:1113919892:minor&preview=y HTTP/1.1" 200 12451 "-" "Mozilla/5.0 (compatible; MegaIndex.ru/2.0; +http://megaindex.com/crawler)"
217.113.194.87 - - [17/Jan/2023:21:20:49 +0100] "GET /pmwiki/pmwiki.php/Main/Telefonon?action=diff HTTP/1.1" 200 26833 "-" "Mozilla/5.0 (compatible; Barkrowler/0.9; +https://babbar.tech/crawler)"
176.9.58.227 - - [17/Jan/2023:21:20:53 +0100] "GET /pmwiki/pmwiki.php/PmWiki/PmWiki?action=edit&restore=diff:1113919892:1113690411:minor&preview=y HTTP/1.1" 200 12451 "-" "Mozilla/5.0 (compatible; MegaIndex.ru/2.0; +http://megaindex.com/crawler)"
176.9.58.227 - - [17/Jan/2023:21:20:57 +0100] "GET /pmwiki/pmwiki.php/PmWiki/PmWiki?action=edit&restore=diff:1113690411:1113614021:minor&preview=y HTTP/1.1" 200 12451 "-" "Mozilla/5.0 (compatible; MegaIndex.ru/2.0; +http://megaindex.com/crawler)"
176.9.58.227 - - [17/Jan/2023:21:21:00 +0100] "GET /pmwiki/pmwiki.php/PmWiki/PmWiki?action=edit&restore=diff:1113614021:1113580131:minor&preview=y HTTP/1.1" 200 12451 "-" "Mozilla/5.0 (compatible; MegaIndex.ru/2.0; +http://megaindex.com/crawler)"
217.113.194.80 - - [17/Jan/2023:21:21:04 +0100] "GET /pmwiki/pmwiki.php/Main/2005M%E1jus?action=diff HTTP/1.1" 200 16708 "-" "Mozilla/5.0 (compatible; Barkrowler/0.9; +https://babbar.tech/crawler)"
176.9.58.227 - - [17/Jan/2023:21:21:04 +0100] "GET /pmwiki/pmwiki.php/PmWiki/PmWiki?action=edit&restore=diff:1113580131:1113564907:minor&preview=y HTTP/1.1" 200 12451 "-" "Mozilla/5.0 (compatible; MegaIndex.ru/2.0; +http://megaindex.com/crawler)"
176.9.58.227 - - [17/Jan/2023:21:21:09 +0100] "GET /pmwiki/pmwiki.php/PmWiki/PmWiki?action=edit&restore=diff:1113564907:1113513196:minor&preview=y HTTP/1.1" 200 12451 "-" "Mozilla/5.0 (compatible; MegaIndex.ru/2.0; +http://megaindex.com/crawler)"
176.9.58.227 - - [17/Jan/2023:21:21:12 +0100] "GET /pmwiki/pmwiki.php/PmWiki/PmWiki?action=edit&restore=diff:1113513196:1113460436:minor&preview=y HTTP/1.1" 200 12451 "-" "Mozilla/5.0 (compatible; MegaIndex.ru/2.0; +http://megaindex.com/crawler)"
176.9.58.227 - - [17/Jan/2023:21:21:16 +0100] "GET /pmwiki/pmwiki.php/PmWiki/PmWiki?action=edit&restore=diff:1113460436:1113450999:minor&preview=y HTTP/1.1" 200 12451 "-" "Mozilla/5.0 (compatible; MegaIndex.ru/2.0; +http://megaindex.com/crawler)"
176.9.58.227 - - [17/Jan/2023:21:21:19 +0100] "GET /pmwiki/pmwiki.php/PmWiki/PmWiki?action=edit&restore=diff:1113450999:1113440405:minor&preview=y HTTP/1.1" 200 12451 "-" "Mozilla/5.0 (compatible; MegaIndex.ru/2.0; +http://megaindex.com/crawler)"
217.113.194.106 - - [17/Jan/2023:21:21:19 +0100] "GET /pmwiki/pmwiki.php/Main/2005M%E1jus?action=upload HTTP/1.1" 200 12322 "-" "Mozilla/5.0 (compatible; Barkrowler/0.9; +https://babbar.tech/crawler)"
176.9.58.227 - - [17/Jan/2023:21:21:23 +0100] "GET /pmwiki/pmwiki.php/PmWiki/PmWiki?action=edit&restore=diff:1113440405:1113341483:minor&preview=y HTTP/1.1" 200 12451 "-" "Mozilla/5.0 (compatible; MegaIndex.ru/2.0; +http://megaindex.com/crawler)"
176.9.58.227 - - [17/Jan/2023:21:21:26 +0100] "GET /pmwiki/pmwiki.php/PmWiki/PmWiki?action=edit&restore=diff:1113341483:1113312523:minor&preview=y HTTP/1.1" 200 12451 "-" "Mozilla/5.0 (compatible; MegaIndex.ru/2.0; +http://megaindex.com/crawler)"
176.9.58.227 - - [17/Jan/2023:21:21:30 +0100] "GET /pmwiki/pmwiki.php/PmWiki/PmWiki?action=edit&restore=diff:1113312523:1113243712:minor&preview=y HTTP/1.1" 200 12451 "-" "Mozilla/5.0 (compatible; MegaIndex.ru/2.0; +http://megaindex.com/crawler)"
176.9.58.227 - - [17/Jan/2023:21:21:33 +0100] "GET /pmwiki/pmwiki.php/PmWiki/PmWiki?action=edit&restore=diff:1113243712:1113160017:minor&preview=y HTTP/1.1" 200 12451 "-" "Mozilla/5.0 (compatible; MegaIndex.ru/2.0; +http://megaindex.com/crawler)"
217.113.194.97 - - [17/Jan/2023:21:21:35 +0100] "GET /pmwiki/pmwiki.php/Main/2005M%E1jus?action=print HTTP/1.1" 200 5696 "-" "Mozilla/5.0 (compatible; Barkrowler/0.9; +https://babbar.tech/crawler)"
176.9.58.227 - - [17/Jan/2023:21:21:40 +0100] "GET /pmwiki/pmwiki.php/PmWiki/PmWiki?action=edit&restore=diff:1113160017:1093547499:minor&preview=y HTTP/1.1" 200 12451 "-" "Mozilla/5.0 (compatible; MegaIndex.ru/2.0; +http://megaindex.com/crawler)"
176.9.58.227 - - [17/Jan/2023:21:21:42 +0100] "GET /pmwiki/pmwiki.php/PmWiki/Upgrades?action=print HTTP/1.1" 200 5844 "-" "Mozilla/5.0 (compatible; MegaIndex.ru/2.0; +http://megaindex.com/crawler)"
176.9.58.227 - - [17/Jan/2023:21:21:46 +0100] "GET /pmwiki/pmwiki.php/PmWiki/Requirements?action=print HTTP/1.1" 200 2564 "-" "Mozilla/5.0 (compatible; MegaIndex.ru/2.0; +http://megaindex.com/crawler)"
217.113.194.125 - - [17/Jan/2023:21:21:50 +0100] "GET /pmwiki/pmwiki.php/PmWiki/ReleaseNotes?action=edit HTTP/1.1" 200 12499 "-" "Mozilla/5.0 (compatible; Barkrowler/0.9; +https://babbar.tech/crawler)"
176.9.58.227 - - [17/Jan/2023:21:21:51 +0100] "GET /pmwiki/pmwiki.php/PmWiki/MailingLists?action=print HTTP/1.1" 200 4543 "-" "Mozilla/5.0 (compatible; MegaIndex.ru/2.0; +http://megaindex.com/crawler)"
176.9.58.227 - - [17/Jan/2023:21:21:55 +0100] "GET /pmwiki/pmwiki.php/PmWiki/LayoutBasics?action=print HTTP/1.1" 200 7350 "-" "Mozilla/5.0 (compatible; MegaIndex.ru/2.0; +http://megaindex.com/crawler)"
176.9.58.227 - - [17/Jan/2023:21:21:58 +0100] "GET /pmwiki/pmwiki.php/PmWiki/AuthorTracking?action=print HTTP/1.1" 200 4032 "-" "Mozilla/5.0 (compatible; MegaIndex.ru/2.0; +http://megaindex.com/crawler)"
176.9.58.227 - - [17/Jan/2023:21:22:02 +0100] "GET /pmwiki/pmwiki.php/PmWiki/InitialSetupTasks?action=print HTTP/1.1" 200 6008 "-" "Mozilla/5.0 (compatible; MegaIndex.ru/2.0; +http://megaindex.com/crawler)"
217.113.194.109 - - [17/Jan/2023:21:22:05 +0100] "GET /pmwiki/pmwiki.php/PmWiki/LocalCustomizations?action=edit HTTP/1.1" 200 12610 "-" "Mozilla/5.0 (compatible; Barkrowler/0.9; +https://babbar.tech/crawler)"
176.9.58.227 - - [17/Jan/2023:21:22:06 +0100] "GET /pmwiki/pmwiki.php/PmWiki/Installation?action=diff&source=n&minor=n HTTP/1.1" 200 12910 "-" "Mozilla/5.0 (compatible; MegaIndex.ru/2.0; +http://megaindex.com/crawler)"
176.9.58.227 - - [17/Jan/2023:21:22:09 +0100] "GET /pmwiki/pmwiki.php/PmWiki/Installation?action=diff&source=y&minor=y HTTP/1.1" 200 12910 "-" "Mozilla/5.0 (compatible; MegaIndex.ru/2.0; +http://megaindex.com/crawler)"
176.9.58.227 - - [17/Jan/2023:21:22:13 +0100] "GET /pmwiki/pmwiki.php/PmWiki/Upgrades?action=edit HTTP/1.1" 200 12435 "-" "Mozilla/5.0 (compatible; MegaIndex.ru/2.0; +http://megaindex.com/crawler)"
176.9.58.227 - - [17/Jan/2023:21:22:17 +0100] "GET /pmwiki/pmwiki.php/PmWiki/Upgrades?action=upload HTTP/1.1" 200 12315 "-" "Mozilla/5.0 (compatible; MegaIndex.ru/2.0; +http://megaindex.com/crawler)"
176.9.58.227 - - [17/Jan/2023:21:22:20 +0100] "GET /pmwiki/pmwiki.php/PmWiki/Upgrades?action=diff HTTP/1.1" 200 12838 "-" "Mozilla/5.0 (compatible; MegaIndex.ru/2.0; +http://megaindex.com/crawler)"
217.113.194.84 - - [17/Jan/2023:21:22:21 +0100] "GET /pmwiki/pmwiki.php/PmWiki/LocalCustomizations?action=upload HTTP/1.1" 200 12490 "-" "Mozilla/5.0 (compatible; Barkrowler/0.9; +https://babbar.tech/crawler)"
176.9.58.227 - - [17/Jan/2023:21:22:23 +0100] "GET /pmwiki/pmwiki.php/PmWiki/Requirements?action=edit HTTP/1.1" 200 12499 "-" "Mozilla/5.0 (compatible; MegaIndex.ru/2.0; +http://megaindex.com/crawler)"
176.9.58.227 - - [17/Jan/2023:21:22:27 +0100] "GET /pmwiki/pmwiki.php/PmWiki/Requirements?action=upload HTTP/1.1" 200 12379 "-" "Mozilla/5.0 (compatible; MegaIndex.ru/2.0; +http://megaindex.com/crawler)"
176.9.58.227 - - [17/Jan/2023:21:22:31 +0100] "GET /pmwiki/pmwiki.php/PmWiki/Requirements?action=diff HTTP/1.1" 200 12910 "-" "Mozilla/5.0 (compatible; MegaIndex.ru/2.0; +http://megaindex.com/crawler)"
176.9.58.227 - - [17/Jan/2023:21:22:33 +0100] "GET /pmwiki/pmwiki.php/PmWiki/MailingLists?action=edit HTTP/1.1" 200 12499 "-" "Mozilla/5.0 (compatible; MegaIndex.ru/2.0; +http://megaindex.com/crawler)"
217.113.194.76 - - [17/Jan/2023:21:22:36 +0100] "GET /pmwiki/pmwiki.php/PmWiki/LocalCustomizations?action=print HTTP/1.1" 200 6626 "-" "Mozilla/5.0 (compatible; Barkrowler/0.9; +https://babbar.tech/crawler)"
176.9.58.227 - - [17/Jan/2023:21:22:37 +0100] "GET /pmwiki/pmwiki.php/PmWiki/MailingLists?action=upload HTTP/1.1" 200 12379 "-" "Mozilla/5.0 (compatible; MegaIndex.ru/2.0; +http://megaindex.com/crawler)"
176.9.58.227 - - [17/Jan/2023:21:22:41 +0100] "GET /pmwiki/pmwiki.php/PmWiki/MailingLists?action=diff HTTP/1.1" 200 12910 "-" "Mozilla/5.0 (compatible; MegaIndex.ru/2.0; +http://megaindex.com/crawler)"
176.9.58.227 - - [17/Jan/2023:21:22:48 +0100] "GET /pmwiki/pmwiki.php/PmWiki/LayoutBasics?action=edit HTTP/1.1" 200 12500 "-" "Mozilla/5.0 (compatible; MegaIndex.ru/2.0; +http://megaindex.com/crawler)"
217.113.194.89 - - [17/Jan/2023:21:22:51 +0100] "GET /pmwiki/pmwiki.php/PmWiki/LocalCustomizations?action=diff HTTP/1.1" 200 13035 "-" "Mozilla/5.0 (compatible; Barkrowler/0.9; +https://babbar.tech/crawler)"
176.9.58.227 - - [17/Jan/2023:21:22:51 +0100] "GET /pmwiki/pmwiki.php/PmWiki/LayoutBasics?action=upload HTTP/1.1" 200 12380 "-" "Mozilla/5.0 (compatible; MegaIndex.ru/2.0; +http://megaindex.com/crawler)"
176.9.58.227 - - [17/Jan/2023:21:22:55 +0100] "GET /pmwiki/pmwiki.php/PmWiki/LayoutBasics?action=diff HTTP/1.1" 200 12911 "-" "Mozilla/5.0 (compatible; MegaIndex.ru/2.0; +http://megaindex.com/crawler)"
176.9.58.227 - - [17/Jan/2023:21:22:59 +0100] "GET /pmwiki/pmwiki.php/PmWiki/WikiAdministrator HTTP/1.1" 200 13154 "-" "Mozilla/5.0 (compatible; MegaIndex.ru/2.0; +http://megaindex.com/crawler)"
176.9.58.227 - - [17/Jan/2023:21:23:02 +0100] "GET /pmwiki/pmwiki.php/PmWiki/AuthorTracking?action=edit HTTP/1.1" 200 12532 "-" "Mozilla/5.0 (compatible; MegaIndex.ru/2.0; +http://megaindex.com/crawler)"
176.9.58.227 - - [17/Jan/2023:21:23:06 +0100] "GET /pmwiki/pmwiki.php/PmWiki/AuthorTracking?action=upload HTTP/1.1" 200 12412 "-" "Mozilla/5.0 (compatible; MegaIndex.ru/2.0; +http://megaindex.com/crawler)"
217.113.194.105 - - [17/Jan/2023:21:23:07 +0100] "GET /pmwiki/pmwiki.php/PmWiki/SpecialMarkups?action=edit HTTP/1.1" 200 12545 "-" "Mozilla/5.0 (compatible; Barkrowler/0.9; +https://babbar.tech/crawler)"
176.9.58.227 - - [17/Jan/2023:21:23:10 +0100] "GET /pmwiki/pmwiki.php/PmWiki/AuthorTracking?action=diff HTTP/1.1" 200 12947 "-" "Mozilla/5.0 (compatible; MegaIndex.ru/2.0; +http://megaindex.com/crawler)"
176.9.58.227 - - [17/Jan/2023:21:23:13 +0100] "GET /pmwiki/pmwiki.php/PmWiki/InitialSetupTasks?action=edit HTTP/1.1" 200 12580 "-" "Mozilla/5.0 (compatible; MegaIndex.ru/2.0; +http://megaindex.com/crawler)"
176.9.58.227 - - [17/Jan/2023:21:23:17 +0100] "GET /pmwiki/pmwiki.php/PmWiki/InitialSetupTasks?action=upload HTTP/1.1" 200 12460 "-" "Mozilla/5.0 (compatible; MegaIndex.ru/2.0; +http://megaindex.com/crawler)"
176.9.58.227 - - [17/Jan/2023:21:23:21 +0100] "GET /pmwiki/pmwiki.php/PmWiki/InitialSetupTasks?action=diff HTTP/1.1" 200 13001 "-" "Mozilla/5.0 (compatible; MegaIndex.ru/2.0; +http://megaindex.com/crawler)"
217.113.194.109 - - [17/Jan/2023:21:23:22 +0100] "GET /pmwiki/pmwiki.php/PmWiki/SpecialMarkups?action=diff HTTP/1.1" 200 12960 "-" "Mozilla/5.0 (compatible; Barkrowler/0.9; +https://babbar.tech/crawler)"
176.9.58.227 - - [17/Jan/2023:21:23:25 +0100] "GET /pmwiki/pmwiki.php/PmWiki/WikiWikiWeb?action=print HTTP/1.1" 200 6457 "-" "Mozilla/5.0 (compatible; MegaIndex.ru/2.0; +http://megaindex.com/crawler)"
176.9.58.227 - - [17/Jan/2023:21:23:29 +0100] "GET /pmwiki/pmwiki.php/PmWiki/WikiNature?action=print HTTP/1.1" 200 2865 "-" "Mozilla/5.0 (compatible; MegaIndex.ru/2.0; +http://megaindex.com/crawler)"
176.9.58.227 - - [17/Jan/2023:21:23:32 +0100] "GET /pmwiki/pmwiki.php/PmWiki/WikiWord?action=print HTTP/1.1" 200 3158 "-" "Mozilla/5.0 (compatible; MegaIndex.ru/2.0; +http://megaindex.com/crawler)"
176.9.58.227 - - [17/Jan/2023:21:23:36 +0100] "GET /pmwiki/pmwiki.php/PmWiki/WikiStructure?action=print HTTP/1.1" 200 4925 "-" "Mozilla/5.0 (compatible; MegaIndex.ru/2.0; +http://megaindex.com/crawler)"
217.113.194.107 - - [17/Jan/2023:21:23:37 +0100] "GET /pmwiki/pmwiki.php/PmWiki/SpecialMarkups?action=upload HTTP/1.1" 200 12425 "-" "Mozilla/5.0 (compatible; Barkrowler/0.9; +https://babbar.tech/crawler)"
176.9.58.227 - - [17/Jan/2023:21:23:40 +0100] "GET /pmwiki/pmwiki.php/PmWiki/GoodStyle?action=print HTTP/1.1" 200 3262 "-" "Mozilla/5.0 (compatible; MegaIndex.ru/2.0; +http://megaindex.com/crawler)"
176.9.58.227 - - [17/Jan/2023:21:23:44 +0100] "GET /pmwiki/pmwiki.php/PmWiki/ImagesInWikiPages?action=print HTTP/1.1" 200 4417 "-" "Mozilla/5.0 (compatible; MegaIndex.ru/2.0; +http://megaindex.com/crawler)"
176.9.58.227 - - [17/Jan/2023:21:23:47 +0100] "GET /pmwiki/pmwiki.php/PmWiki/TipsForEditing?action=diff&source=n&minor=n HTTP/1.1" 200 12947 "-" "Mozilla/5.0 (compatible; MegaIndex.ru/2.0; +http://megaindex.com/crawler)"
176.9.58.227 - - [17/Jan/2023:21:23:51 +0100] "GET /pmwiki/pmwiki.php/PmWiki/TipsForEditing?action=diff&source=y&minor=y HTTP/1.1" 200 12947 "-" "Mozilla/5.0 (compatible; MegaIndex.ru/2.0; +http://megaindex.com/crawler)"
217.113.194.64 - - [17/Jan/2023:21:23:53 +0100] "GET /pmwiki/pmwiki.php/PmWiki/SpecialMarkups?action=print HTTP/1.1" 200 6687 "-" "Mozilla/5.0 (compatible; Barkrowler/0.9; +https://babbar.tech/crawler)"
176.9.58.227 - - [17/Jan/2023:21:23:57 +0100] "GET /pmwiki/pmwiki.php/PmWiki/WikiWikiWeb?action=edit HTTP/1.1" 200 12483 "-" "Mozilla/5.0 (compatible; MegaIndex.ru/2.0; +http://megaindex.com/crawler)"
176.9.58.227 - - [17/Jan/2023:21:24:00 +0100] "GET /pmwiki/pmwiki.php/PmWiki/WikiWikiWeb?action=upload HTTP/1.1" 200 12363 "-" "Mozilla/5.0 (compatible; MegaIndex.ru/2.0; +http://megaindex.com/crawler)"
176.9.58.227 - - [17/Jan/2023:21:24:03 +0100] "GET /pmwiki/pmwiki.php/PmWiki/WikiWikiWeb?action=diff HTTP/1.1" 200 12892 "-" "Mozilla/5.0 (compatible; MegaIndex.ru/2.0; +http://megaindex.com/crawler)"
176.9.58.227 - - [17/Jan/2023:21:24:06 +0100] "GET /pmwiki/pmwiki.php/PmWiki/RecentChanges HTTP/1.1" 200 21633 "-" "Mozilla/5.0 (compatible; MegaIndex.ru/2.0; +http://megaindex.com/crawler)"
217.113.194.119 - - [17/Jan/2023:21:24:08 +0100] "GET /pmwiki/pmwiki.php/PmWiki/BasicVariables?action=edit HTTP/1.1" 200 12532 "-" "Mozilla/5.0 (compatible; Barkrowler/0.9; +https://babbar.tech/crawler)"
176.9.58.227 - - [17/Jan/2023:21:24:12 +0100] "GET /pmwiki/pmwiki.php/PmWiki/WikiNature?action=edit HTTP/1.1" 200 12468 "-" "Mozilla/5.0 (compatible; MegaIndex.ru/2.0; +http://megaindex.com/crawler)"
176.9.58.227 - - [17/Jan/2023:21:24:15 +0100] "GET /pmwiki/pmwiki.php/PmWiki/WikiNature?action=upload HTTP/1.1" 200 12348 "-" "Mozilla/5.0 (compatible; MegaIndex.ru/2.0; +http://megaindex.com/crawler)"
176.9.58.227 - - [17/Jan/2023:21:24:17 +0100] "GET /pmwiki/pmwiki.php/PmWiki/WikiNature?action=diff HTTP/1.1" 200 12875 "-" "Mozilla/5.0 (compatible; MegaIndex.ru/2.0; +http://megaindex.com/crawler)"
176.9.58.227 - - [17/Jan/2023:21:24:21 +0100] "GET /pmwiki/pmwiki.php/PmWiki/WikiWord?action=edit HTTP/1.1" 200 12437 "-" "Mozilla/5.0 (compatible; MegaIndex.ru/2.0; +http://megaindex.com/crawler)"
217.113.194.117 - - [17/Jan/2023:21:24:23 +0100] "GET /pmwiki/pmwiki.php/PmWiki/Uploads?action=diff HTTP/1.1" 200 12821 "-" "Mozilla/5.0 (compatible; Barkrowler/0.9; +https://babbar.tech/crawler)"
176.9.58.227 - - [17/Jan/2023:21:24:25 +0100] "GET /pmwiki/pmwiki.php/PmWiki/WikiWord?action=upload HTTP/1.1" 200 12317 "-" "Mozilla/5.0 (compatible; MegaIndex.ru/2.0; +http://megaindex.com/crawler)"
176.9.58.227 - - [17/Jan/2023:21:24:28 +0100] "GET /pmwiki/pmwiki.php/PmWiki/WikiWord?action=diff HTTP/1.1" 200 12840 "-" "Mozilla/5.0 (compatible; MegaIndex.ru/2.0; +http://megaindex.com/crawler)"
176.9.58.227 - - [17/Jan/2023:21:24:32 +0100] "GET /pmwiki/pmwiki.php/PmWiki/WikiStructure?action=edit HTTP/1.1" 200 12516 "-" "Mozilla/5.0 (compatible; MegaIndex.ru/2.0; +http://megaindex.com/crawler)"
176.9.58.227 - - [17/Jan/2023:21:24:36 +0100] "GET /pmwiki/pmwiki.php/PmWiki/WikiStructure?action=upload HTTP/1.1" 200 12396 "-" "Mozilla/5.0 (compatible; MegaIndex.ru/2.0; +http://megaindex.com/crawler)"
217.113.194.92 - - [17/Jan/2023:21:24:39 +0100] "GET /pmwiki/pmwiki.php/PmWiki/UploadsAdmin?action=print HTTP/1.1" 200 12255 "-" "Mozilla/5.0 (compatible; Barkrowler/0.9; +https://babbar.tech/crawler)"
176.9.58.227 - - [17/Jan/2023:21:24:40 +0100] "GET /pmwiki/pmwiki.php/PmWiki/WikiStructure?action=diff HTTP/1.1" 200 12929 "-" "Mozilla/5.0 (compatible; MegaIndex.ru/2.0; +http://megaindex.com/crawler)"
176.9.58.227 - - [17/Jan/2023:21:24:43 +0100] "GET /pmwiki/pmwiki.php/PmWiki/WikiPage HTTP/1.1" 200 12282 "-" "Mozilla/5.0 (compatible; MegaIndex.ru/2.0; +http://megaindex.com/crawler)"
176.9.58.227 - - [17/Jan/2023:21:24:47 +0100] "GET /pmwiki/pmwiki.php/PmWiki/GoodStyle?action=edit HTTP/1.1" 200 12452 "-" "Mozilla/5.0 (compatible; MegaIndex.ru/2.0; +http://megaindex.com/crawler)"
176.9.58.227 - - [17/Jan/2023:21:24:50 +0100] "GET /pmwiki/pmwiki.php/PmWiki/GoodStyle?action=upload HTTP/1.1" 200 12332 "-" "Mozilla/5.0 (compatible; MegaIndex.ru/2.0; +http://megaindex.com/crawler)"
217.113.194.99 - - [17/Jan/2023:21:24:54 +0100] "GET /pmwiki/pmwiki.php/PmWiki/UploadsAdmin?action=edit HTTP/1.1" 200 12499 "-" "Mozilla/5.0 (compatible; Barkrowler/0.9; +https://babbar.tech/crawler)"
176.9.58.227 - - [17/Jan/2023:21:24:55 +0100] "GET /pmwiki/pmwiki.php/PmWiki/GoodStyle?action=diff HTTP/1.1" 200 12857 "-" "Mozilla/5.0 (compatible; MegaIndex.ru/2.0; +http://megaindex.com/crawler)"
176.9.58.227 - - [17/Jan/2023:21:24:59 +0100] "GET /pmwiki/pmwiki.php/PmWiki/ImagesInWikiPages?action=edit HTTP/1.1" 200 12580 "-" "Mozilla/5.0 (compatible; MegaIndex.ru/2.0; +http://megaindex.com/crawler)"
176.9.58.227 - - [17/Jan/2023:21:25:05 +0100] "GET /pmwiki/pmwiki.php/PmWiki/ImagesInWikiPages?action=upload HTTP/1.1" 200 12460 "-" "Mozilla/5.0 (compatible; MegaIndex.ru/2.0; +http://megaindex.com/crawler)"
217.113.194.112 - - [17/Jan/2023:21:25:09 +0100] "GET /pmwiki/pmwiki.php/PmWiki/UploadsAdmin?action=upload HTTP/1.1" 200 12379 "-" "Mozilla/5.0 (compatible; Barkrowler/0.9; +https://babbar.tech/crawler)"
176.9.58.227 - - [17/Jan/2023:21:25:10 +0100] "GET /pmwiki/pmwiki.php/PmWiki/ImagesInWikiPages?action=diff HTTP/1.1" 200 13001 "-" "Mozilla/5.0 (compatible; MegaIndex.ru/2.0; +http://megaindex.com/crawler)"
176.9.58.227 - - [17/Jan/2023:21:25:14 +0100] "GET /pmwiki/pmwiki.php/PmWiki/BasicEditing?action=print HTTP/1.1" 200 4763 "-" "Mozilla/5.0 (compatible; MegaIndex.ru/2.0; +http://megaindex.com/crawler)"
176.9.58.227 - - [17/Jan/2023:21:25:19 +0100] "GET /pmwiki/pmwiki.php/PmWiki/CreatingNewPages?action=print HTTP/1.1" 200 4884 "-" "Mozilla/5.0 (compatible; MegaIndex.ru/2.0; +http://megaindex.com/crawler)"
176.9.58.227 - - [17/Jan/2023:21:25:23 +0100] "GET /pmwiki/pmwiki.php/PmWiki/Links?action=print HTTP/1.1" 200 8308 "-" "Mozilla/5.0 (compatible; MegaIndex.ru/2.0; +http://megaindex.com/crawler)"
217.113.194.112 - - [17/Jan/2023:21:25:25 +0100] "GET /pmwiki/pmwiki.php/PmWiki/PmWikiPhilosophy HTTP/1.1" 200 16736 "-" "Mozilla/5.0 (compatible; Barkrowler/0.9; +https://babbar.tech/crawler)"
176.9.58.227 - - [17/Jan/2023:21:25:28 +0100] "GET /pmwiki/pmwiki.php/PmWiki/WikiStyles?action=print HTTP/1.1" 200 8953 "-" "Mozilla/5.0 (compatible; MegaIndex.ru/2.0; +http://megaindex.com/crawler)"
176.9.58.227 - - [17/Jan/2023:21:25:33 +0100] "GET /pmwiki/pmwiki.php/PmWiki/WikiStyleExamples?action=print HTTP/1.1" 200 13740 "-" "Mozilla/5.0 (compatible; MegaIndex.ru/2.0; +http://megaindex.com/crawler)"
176.9.58.227 - - [17/Jan/2023:21:25:38 +0100] "GET /pmwiki/pmwiki.php/PmWiki/Uploads?action=print HTTP/1.1" 200 5039 "-" "Mozilla/5.0 (compatible; MegaIndex.ru/2.0; +http://megaindex.com/crawler)"
217.113.194.118 - - [17/Jan/2023:21:25:40 +0100] "GET /pmwiki/pmwiki.php/PmWiki/I18nVariables HTTP/1.1" 200 12528 "-" "Mozilla/5.0 (compatible; Barkrowler/0.9; +https://babbar.tech/crawler)"
176.9.58.227 - - [17/Jan/2023:21:25:41 +0100] "GET /pmwiki/pmwiki.php/PmWiki/SimpleTables?action=print HTTP/1.1" 200 5651 "-" "Mozilla/5.0 (compatible; MegaIndex.ru/2.0; +http://megaindex.com/crawler)"
176.9.58.227 - - [17/Jan/2023:21:25:46 +0100] "GET /pmwiki/pmwiki.php/PmWiki/SimpleTables2?action=print HTTP/1.1" 200 7025 "-" "Mozilla/5.0 (compatible; MegaIndex.ru/2.0; +http://megaindex.com/crawler)"
176.9.58.227 - - [17/Jan/2023:21:25:51 +0100] "GET /pmwiki/pmwiki.php/PmWiki/AdvancedTables?action=print HTTP/1.1" 200 8923 "-" "Mozilla/5.0 (compatible; MegaIndex.ru/2.0; +http://megaindex.com/crawler)"
217.113.194.92 - - [17/Jan/2023:21:25:56 +0100] "GET /pmwiki/pmwiki.php/PmWiki/OtherVariables?action=print HTTP/1.1" 200 7606 "-" "Mozilla/5.0 (compatible; Barkrowler/0.9; +https://babbar.tech/crawler)"
176.9.58.227 - - [17/Jan/2023:21:25:56 +0100] "GET /pmwiki/pmwiki.php/PmWiki/InterMap?action=print HTTP/1.1" 200 4938 "-" "Mozilla/5.0 (compatible; MegaIndex.ru/2.0; +http://megaindex.com/crawler)"
176.9.58.227 - - [17/Jan/2023:21:26:00 +0100] "GET /pmwiki/pmwiki.php/PmWiki/SpecialMarkups?action=print HTTP/1.1" 200 6687 "-" "Mozilla/5.0 (compatible; MegaIndex.ru/2.0; +http://megaindex.com/crawler)"
176.9.58.227 - - [17/Jan/2023:21:26:04 +0100] "GET /pmwiki/pmwiki.php/PmWiki/MarkupMasterIndex?action=print HTTP/1.1" 200 10915 "-" "Mozilla/5.0 (compatible; MegaIndex.ru/2.0; +http://megaindex.com/crawler)"
176.9.58.227 - - [17/Jan/2023:21:26:08 +0100] "GET /pmwiki/pmwiki.php/PmWiki/Directives?action=print HTTP/1.1" 200 11373 "-" "Mozilla/5.0 (compatible; MegaIndex.ru/2.0; +http://megaindex.com/crawler)"
217.113.194.108 - - [17/Jan/2023:21:26:11 +0100] "GET /pmwiki/pmwiki.php/PmWiki/OtherVariables?action=edit HTTP/1.1" 200 12532 "-" "Mozilla/5.0 (compatible; Barkrowler/0.9; +https://babbar.tech/crawler)"
176.9.58.227 - - [17/Jan/2023:21:26:12 +0100] "GET /pmwiki/pmwiki.php/PmWiki/WikiGroup?action=print HTTP/1.1" 200 5071 "-" "Mozilla/5.0 (compatible; MegaIndex.ru/2.0; +http://megaindex.com/crawler)"
176.9.58.227 - - [17/Jan/2023:21:26:16 +0100] "GET /pmwiki/pmwiki.php/PmWiki/Passwords?action=print HTTP/1.1" 200 8362 "-" "Mozilla/5.0 (compatible; MegaIndex.ru/2.0; +http://megaindex.com/crawler)"
176.9.58.227 - - [17/Jan/2023:21:26:19 +0100] "GET /pmwiki/pmwiki.php/PmWiki/WikiTrails?action=print HTTP/1.1" 200 5691 "-" "Mozilla/5.0 (compatible; MegaIndex.ru/2.0; +http://megaindex.com/crawler)"
176.9.58.227 - - [17/Jan/2023:21:26:25 +0100] "GET /pmwiki/pmwiki.php/PmWiki/Categories?action=print HTTP/1.1" 200 2352 "-" "Mozilla/5.0 (compatible; MegaIndex.ru/2.0; +http://megaindex.com/crawler)"
217.113.194.116 - - [17/Jan/2023:21:26:26 +0100] "GET /pmwiki/pmwiki.php/PmWiki/OtherVariables?action=upload HTTP/1.1" 200 12412 "-" "Mozilla/5.0 (compatible; Barkrowler/0.9; +https://babbar.tech/crawler)"
176.9.58.227 - - [17/Jan/2023:21:26:29 +0100] "GET /pmwiki/pmwiki.php/PmWiki/GroupHeaders?action=print HTTP/1.1" 200 4564 "-" "Mozilla/5.0 (compatible; MegaIndex.ru/2.0; +http://megaindex.com/crawler)"
176.9.58.227 - - [17/Jan/2023:21:26:33 +0100] "GET /pmwiki/pmwiki.php/PmWiki/PageHistory?action=print HTTP/1.1" 200 3657 "-" "Mozilla/5.0 (compatible; MegaIndex.ru/2.0; +http://megaindex.com/crawler)"
176.9.58.227 - - [17/Jan/2023:21:26:37 +0100] "GET /pmwiki/pmwiki.php/PmWiki/LocalCustomizations?action=print HTTP/1.1" 200 6626 "-" "Mozilla/5.0 (compatible; MegaIndex.ru/2.0; +http://megaindex.com/crawler)"
217.113.194.122 - - [17/Jan/2023:21:26:42 +0100] "GET /pmwiki/pmwiki.php/PmWiki/EditVariables?action=print HTTP/1.1" 200 7997 "-" "Mozilla/5.0 (compatible; Barkrowler/0.9; +https://babbar.tech/crawler)"
176.9.58.227 - - [17/Jan/2023:21:26:42 +0100] "GET /pmwiki/pmwiki.php/PmWiki/LayoutAdvanced?action=print HTTP/1.1" 200 9441 "-" "Mozilla/5.0 (compatible; MegaIndex.ru/2.0; +http://megaindex.com/crawler)"
176.9.58.227 - - [17/Jan/2023:21:26:47 +0100] "GET /pmwiki/pmwiki.php/PmWiki/PerGroupCustomizations?action=print HTTP/1.1" 200 5876 "-" "Mozilla/5.0 (compatible; MegaIndex.ru/2.0; +http://megaindex.com/crawler)"
176.9.58.227 - - [17/Jan/2023:21:26:51 +0100] "GET /pmwiki/pmwiki.php/PmWiki/PasswordsAdmin?action=print HTTP/1.1" 200 8988 "-" "Mozilla/5.0 (compatible; MegaIndex.ru/2.0; +http://megaindex.com/crawler)"
176.9.58.227 - - [17/Jan/2023:21:26:55 +0100] "GET /pmwiki/pmwiki.php/PmWiki/UploadsAdmin?action=print HTTP/1.1" 200 12255 "-" "Mozilla/5.0 (compatible; MegaIndex.ru/2.0; +http://megaindex.com/crawler)"
217.113.194.114 - - [17/Jan/2023:21:26:57 +0100] "GET /pmwiki/pmwiki.php/PmWiki/EditVariables?action=edit HTTP/1.1" 200 12515 "-" "Mozilla/5.0 (compatible; Barkrowler/0.9; +https://babbar.tech/crawler)"
176.9.58.227 - - [17/Jan/2023:21:26:59 +0100] "GET /pmwiki/pmwiki.php/PmWiki/Internationalizations?action=print HTTP/1.1" 200 7741 "-" "Mozilla/5.0 (compatible; MegaIndex.ru/2.0; +http://megaindex.com/crawler)"
176.9.58.227 - - [17/Jan/2023:21:27:03 +0100] "GET /pmwiki/pmwiki.php/PmWiki/MailPosts?action=print HTTP/1.1" 200 14877 "-" "Mozilla/5.0 (compatible; MegaIndex.ru/2.0; +http://megaindex.com/crawler)"
176.9.58.227 - - [17/Jan/2023:21:27:07 +0100] "GET /pmwiki/pmwiki.php/PmWiki/CustomInterMap?action=print HTTP/1.1" 200 4564 "-" "Mozilla/5.0 (compatible; MegaIndex.ru/2.0; +http://megaindex.com/crawler)"
176.9.58.227 - - [17/Jan/2023:21:27:10 +0100] "GET /pmwiki/pmwiki.php/PmWiki/CustomMarkup?action=print HTTP/1.1" 200 8313 "-" "Mozilla/5.0 (compatible; MegaIndex.ru/2.0; +http://megaindex.com/crawler)"
217.113.194.120 - - [17/Jan/2023:21:27:12 +0100] "GET /pmwiki/pmwiki.php/PmWiki/EditVariables?action=upload HTTP/1.1" 200 12395 "-" "Mozilla/5.0 (compatible; Barkrowler/0.9; +https://babbar.tech/crawler)"
176.9.58.227 - - [17/Jan/2023:21:27:14 +0100] "GET /pmwiki/pmwiki.php/PmWiki/CustomWikiStyles?action=print HTTP/1.1" 200 9229 "-" "Mozilla/5.0 (compatible; MegaIndex.ru/2.0; +http://megaindex.com/crawler)"
176.9.58.227 - - [17/Jan/2023:21:27:19 +0100] "GET /pmwiki/pmwiki.php/PmWiki/RefCount?action=print HTTP/1.1" 200 4664 "-" "Mozilla/5.0 (compatible; MegaIndex.ru/2.0; +http://megaindex.com/crawler)"
176.9.58.227 - - [17/Jan/2023:21:27:23 +0100] "GET /pmwiki/pmwiki.php/PmWiki/RSS?action=print HTTP/1.1" 200 5625 "-" "Mozilla/5.0 (compatible; MegaIndex.ru/2.0; +http://megaindex.com/crawler)"
176.9.58.227 - - [17/Jan/2023:21:27:27 +0100] "GET /pmwiki/pmwiki.php/PmWiki/UrlApprovals?action=print HTTP/1.1" 200 5249 "-" "Mozilla/5.0 (compatible; MegaIndex.ru/2.0; +http://megaindex.com/crawler)"
217.113.194.104 - - [17/Jan/2023:21:27:28 +0100] "GET /pmwiki/pmwiki.php/PmWiki/LayoutVariables?action=edit HTTP/1.1" 200 12547 "-" "Mozilla/5.0 (compatible; Barkrowler/0.9; +https://babbar.tech/crawler)"
176.9.58.227 - - [17/Jan/2023:21:27:31 +0100] "GET /pmwiki/pmwiki.php/PmWiki/AvailableActions?action=print HTTP/1.1" 200 4857 "-" "Mozilla/5.0 (compatible; MegaIndex.ru/2.0; +http://megaindex.com/crawler)"
176.9.58.227 - - [17/Jan/2023:21:27:35 +0100] "GET /pmwiki/pmwiki.php/PmWiki/Variables?action=print HTTP/1.1" 200 20658 "-" "Mozilla/5.0 (compatible; MegaIndex.ru/2.0; +http://megaindex.com/crawler)"
217.113.194.105 - - [17/Jan/2023:21:27:43 +0100] "GET /pmwiki/pmwiki.php/PmWiki/LayoutVariables?action=upload HTTP/1.1" 200 12427 "-" "Mozilla/5.0 (compatible; Barkrowler/0.9; +https://babbar.tech/crawler)"
176.9.58.227 - - [17/Jan/2023:21:27:44 +0100] "GET /pmwiki/pmwiki.php/PmWiki/Audiences?action=print HTTP/1.1" 200 7183 "-" "Mozilla/5.0 (compatible; MegaIndex.ru/2.0; +http://megaindex.com/crawler)"
176.9.58.227 - - [17/Jan/2023:21:27:47 +0100] "GET /pmwiki/pmwiki.php/PmWiki/Contributors?action=print HTTP/1.1" 200 4504 "-" "Mozilla/5.0 (compatible; MegaIndex.ru/2.0; +http://megaindex.com/crawler)"
176.9.58.227 - - [17/Jan/2023:21:27:50 +0100] "GET /pmwiki/pmwiki.php/PmWiki/UpgradingFromPmWiki1?action=print HTTP/1.1" 200 8755 "-" "Mozilla/5.0 (compatible; MegaIndex.ru/2.0; +http://megaindex.com/crawler)"
176.9.58.227 - - [17/Jan/2023:21:27:54 +0100] "GET /pmwiki/pmwiki.php/PmWiki/DocumentationIndex?action=diff&source=n&minor=n HTTP/1.1" 200 13019 "-" "Mozilla/5.0 (compatible; MegaIndex.ru/2.0; +http://megaindex.com/crawler)"
176.9.58.227 - - [17/Jan/2023:21:27:57 +0100] "GET /pmwiki/pmwiki.php/PmWiki/DocumentationIndex?action=diff&source=y&minor=y HTTP/1.1" 200 13019 "-" "Mozilla/5.0 (compatible; MegaIndex.ru/2.0; +http://megaindex.com/crawler)"
217.113.194.93 - - [17/Jan/2023:21:27:58 +0100] "GET /pmwiki/pmwiki.php/PmWiki/LayoutVariables?action=print HTTP/1.1" 200 7561 "-" "Mozilla/5.0 (compatible; Barkrowler/0.9; +https://babbar.tech/crawler)"
176.9.58.227 - - [17/Jan/2023:21:28:01 +0100] "GET /pmwiki/pmwiki.php/PmWiki/BasicEditing?action=edit HTTP/1.1" 200 12500 "-" "Mozilla/5.0 (compatible; MegaIndex.ru/2.0; +http://megaindex.com/crawler)"
176.9.58.227 - - [17/Jan/2023:21:28:05 +0100] "GET /pmwiki/pmwiki.php/PmWiki/BasicEditing?action=upload HTTP/1.1" 200 12380 "-" "Mozilla/5.0 (compatible; MegaIndex.ru/2.0; +http://megaindex.com/crawler)"
176.9.58.227 - - [17/Jan/2023:21:28:08 +0100] "GET /pmwiki/pmwiki.php/PmWiki/BasicEditing?action=diff HTTP/1.1" 200 12911 "-" "Mozilla/5.0 (compatible; MegaIndex.ru/2.0; +http://megaindex.com/crawler)"
176.9.58.227 - - [17/Jan/2023:21:28:12 +0100] "GET /pmwiki/pmwiki.php/PmWiki/CreatingNewPages?action=edit HTTP/1.1" 200 12565 "-" "Mozilla/5.0 (compatible; MegaIndex.ru/2.0; +http://megaindex.com/crawler)"
217.113.194.115 - - [17/Jan/2023:21:28:14 +0100] "GET /pmwiki/pmwiki.php/PmWiki/LayoutVariables?action=diff HTTP/1.1" 200 12964 "-" "Mozilla/5.0 (compatible; Barkrowler/0.9; +https://babbar.tech/crawler)"
176.9.58.227 - - [17/Jan/2023:21:28:16 +0100] "GET /pmwiki/pmwiki.php/PmWiki/CreatingNewPages?action=upload HTTP/1.1" 200 12445 "-" "Mozilla/5.0 (compatible; MegaIndex.ru/2.0; +http://megaindex.com/crawler)"
176.9.58.227 - - [17/Jan/2023:21:28:18 +0100] "GET /pmwiki/pmwiki.php/PmWiki/CreatingNewPages?action=diff HTTP/1.1" 200 12984 "-" "Mozilla/5.0 (compatible; MegaIndex.ru/2.0; +http://megaindex.com/crawler)"
176.9.58.227 - - [17/Jan/2023:21:28:21 +0100] "GET /pmwiki/pmwiki.php/PmWiki/Links?action=edit HTTP/1.1" 200 12387 "-" "Mozilla/5.0 (compatible; MegaIndex.ru/2.0; +http://megaindex.com/crawler)"
176.9.58.227 - - [17/Jan/2023:21:28:24 +0100] "GET /pmwiki/pmwiki.php/PmWiki/Links?action=upload HTTP/1.1" 200 12267 "-" "Mozilla/5.0 (compatible; MegaIndex.ru/2.0; +http://megaindex.com/crawler)"
176.9.58.227 - - [17/Jan/2023:21:28:28 +0100] "GET /pmwiki/pmwiki.php/PmWiki/Links?action=diff HTTP/1.1" 200 12784 "-" "Mozilla/5.0 (compatible; MegaIndex.ru/2.0; +http://megaindex.com/crawler)"
217.113.194.118 - - [17/Jan/2023:21:28:29 +0100] "GET /pmwiki/pmwiki.php/PmWiki/CustomInterMap?action=edit HTTP/1.1" 200 12533 "-" "Mozilla/5.0 (compatible; Barkrowler/0.9; +https://babbar.tech/crawler)"
176.9.58.227 - - [17/Jan/2023:21:28:31 +0100] "GET /pmwiki/pmwiki.php/PmWiki/WikiSandbox HTTP/1.1" 302 213 "-" "Mozilla/5.0 (compatible; MegaIndex.ru/2.0; +http://megaindex.com/crawler)"
176.9.58.227 - - [17/Jan/2023:21:28:34 +0100] "GET /pmwiki/pmwiki.php/PmWiki/WikiStyles?action=edit HTTP/1.1" 200 12467 "-" "Mozilla/5.0 (compatible; MegaIndex.ru/2.0; +http://megaindex.com/crawler)"
176.9.58.227 - - [17/Jan/2023:21:28:37 +0100] "GET /pmwiki/pmwiki.php/PmWiki/WikiStyles?action=upload HTTP/1.1" 200 12347 "-" "Mozilla/5.0 (compatible; MegaIndex.ru/2.0; +http://megaindex.com/crawler)"
176.9.58.227 - - [17/Jan/2023:21:28:41 +0100] "GET /pmwiki/pmwiki.php/PmWiki/WikiStyles?action=diff HTTP/1.1" 200 12874 "-" "Mozilla/5.0 (compatible; MegaIndex.ru/2.0; +http://megaindex.com/crawler)"
217.113.194.109 - - [17/Jan/2023:21:28:44 +0100] "GET /pmwiki/pmwiki.php/PmWiki/CustomInterMap?action=diff HTTP/1.1" 200 12948 "-" "Mozilla/5.0 (compatible; Barkrowler/0.9; +https://babbar.tech/crawler)"
176.9.58.227 - - [17/Jan/2023:21:28:48 +0100] "GET /pmwiki/pmwiki.php/PmWiki/WikiStyleExamples?action=edit HTTP/1.1" 200 12579 "-" "Mozilla/5.0 (compatible; MegaIndex.ru/2.0; +http://megaindex.com/crawler)"
176.9.58.227 - - [17/Jan/2023:21:28:51 +0100] "GET /pmwiki/pmwiki.php/PmWiki/WikiStyleExamples?action=upload HTTP/1.1" 200 12459 "-" "Mozilla/5.0 (compatible; MegaIndex.ru/2.0; +http://megaindex.com/crawler)"
176.9.58.227 - - [17/Jan/2023:21:28:55 +0100] "GET /pmwiki/pmwiki.php/PmWiki/WikiStyleExamples?action=diff HTTP/1.1" 200 13000 "-" "Mozilla/5.0 (compatible; MegaIndex.ru/2.0; +http://megaindex.com/crawler)"
176.9.58.227 - - [17/Jan/2023:21:28:58 +0100] "GET /pmwiki/pmwiki.php/PmWiki/Uploads?action=edit HTTP/1.1" 200 12420 "-" "Mozilla/5.0 (compatible; MegaIndex.ru/2.0; +http://megaindex.com/crawler)"
217.113.194.123 - - [17/Jan/2023:21:29:00 +0100] "GET /pmwiki/pmwiki.php/PmWiki/CustomInterMap?action=upload HTTP/1.1" 200 12413 "-" "Mozilla/5.0 (compatible; Barkrowler/0.9; +https://babbar.tech/crawler)"
176.9.58.227 - - [17/Jan/2023:21:29:02 +0100] "GET /pmwiki/pmwiki.php/PmWiki/Uploads?action=upload HTTP/1.1" 200 12300 "-" "Mozilla/5.0 (compatible; MegaIndex.ru/2.0; +http://megaindex.com/crawler)"
176.9.58.227 - - [17/Jan/2023:21:29:04 +0100] "GET /pmwiki/pmwiki.php/PmWiki/Uploads?action=diff HTTP/1.1" 200 12821 "-" "Mozilla/5.0 (compatible; MegaIndex.ru/2.0; +http://megaindex.com/crawler)"
176.9.58.227 - - [17/Jan/2023:21:29:08 +0100] "GET /pmwiki/pmwiki.php/PmWiki/SimpleTables?action=edit HTTP/1.1" 200 12499 "-" "Mozilla/5.0 (compatible; MegaIndex.ru/2.0; +http://megaindex.com/crawler)"
176.9.58.227 - - [17/Jan/2023:21:29:11 +0100] "GET /pmwiki/pmwiki.php/PmWiki/SimpleTables?action=upload HTTP/1.1" 200 12379 "-" "Mozilla/5.0 (compatible; MegaIndex.ru/2.0; +http://megaindex.com/crawler)"
176.9.58.227 - - [17/Jan/2023:21:29:14 +0100] "GET /pmwiki/pmwiki.php/PmWiki/SimpleTables?action=diff HTTP/1.1" 200 12910 "-" "Mozilla/5.0 (compatible; MegaIndex.ru/2.0; +http://megaindex.com/crawler)"
217.113.194.123 - - [17/Jan/2023:21:29:15 +0100] "GET /pmwiki/pmwiki.php/PmWiki/CustomInterMap?action=print HTTP/1.1" 200 4564 "-" "Mozilla/5.0 (compatible; Barkrowler/0.9; +https://babbar.tech/crawler)"
176.9.58.227 - - [17/Jan/2023:21:29:18 +0100] "GET /pmwiki/pmwiki.php/PmWiki/SimpleTables2?action=edit HTTP/1.1" 200 12516 "-" "Mozilla/5.0 (compatible; MegaIndex.ru/2.0; +http://megaindex.com/crawler)"
176.9.58.227 - - [17/Jan/2023:21:29:22 +0100] "GET /pmwiki/pmwiki.php/PmWiki/SimpleTables2?action=upload HTTP/1.1" 200 12396 "-" "Mozilla/5.0 (compatible; MegaIndex.ru/2.0; +http://megaindex.com/crawler)"
176.9.58.227 - - [17/Jan/2023:21:29:25 +0100] "GET /pmwiki/pmwiki.php/PmWiki/SimpleTables2?action=diff HTTP/1.1" 200 12929 "-" "Mozilla/5.0 (compatible; MegaIndex.ru/2.0; +http://megaindex.com/crawler)"
176.9.58.227 - - [17/Jan/2023:21:29:29 +0100] "GET /pmwiki/pmwiki.php/PmWiki/AdvancedTables?action=edit HTTP/1.1" 200 12532 "-" "Mozilla/5.0 (compatible; MegaIndex.ru/2.0; +http://megaindex.com/crawler)"
217.113.194.67 - - [17/Jan/2023:21:29:30 +0100] "GET /pmwiki/pmwiki.php/PmWiki/CustomWikiStyles?action=print HTTP/1.1" 200 9229 "-" "Mozilla/5.0 (compatible; Barkrowler/0.9; +https://babbar.tech/crawler)"
176.9.58.227 - - [17/Jan/2023:21:29:32 +0100] "GET /pmwiki/pmwiki.php/PmWiki/AdvancedTables?action=upload HTTP/1.1" 200 12412 "-" "Mozilla/5.0 (compatible; MegaIndex.ru/2.0; +http://megaindex.com/crawler)"
176.9.58.227 - - [17/Jan/2023:21:29:36 +0100] "GET /pmwiki/pmwiki.php/PmWiki/AdvancedTables?action=diff HTTP/1.1" 200 12947 "-" "Mozilla/5.0 (compatible; MegaIndex.ru/2.0; +http://megaindex.com/crawler)"
176.9.58.227 - - [17/Jan/2023:21:29:40 +0100] "GET /pmwiki/pmwiki.php/PmWiki/InterMap?action=edit HTTP/1.1" 200 12436 "-" "Mozilla/5.0 (compatible; MegaIndex.ru/2.0; +http://megaindex.com/crawler)"
176.9.58.227 - - [17/Jan/2023:21:29:43 +0100] "GET /pmwiki/pmwiki.php/PmWiki/InterMap?action=upload HTTP/1.1" 200 12316 "-" "Mozilla/5.0 (compatible; MegaIndex.ru/2.0; +http://megaindex.com/crawler)"
217.113.194.83 - - [17/Jan/2023:21:29:46 +0100] "GET /pmwiki/pmwiki.php/PmWiki/CustomWikiStyles?action=edit HTTP/1.1" 200 12563 "-" "Mozilla/5.0 (compatible; Barkrowler/0.9; +https://babbar.tech/crawler)"
176.9.58.227 - - [17/Jan/2023:21:29:47 +0100] "GET /pmwiki/pmwiki.php/PmWiki/InterMap?action=diff HTTP/1.1" 200 12839 "-" "Mozilla/5.0 (compatible; MegaIndex.ru/2.0; +http://megaindex.com/crawler)"
176.9.58.227 - - [17/Jan/2023:21:29:55 +0100] "GET /pmwiki/pmwiki.php/PmWiki/SpecialMarkups?action=edit HTTP/1.1" 200 12545 "-" "Mozilla/5.0 (compatible; MegaIndex.ru/2.0; +http://megaindex.com/crawler)"
176.9.58.227 - - [17/Jan/2023:21:29:58 +0100] "GET /pmwiki/pmwiki.php/PmWiki/SpecialMarkups?action=upload HTTP/1.1" 200 12425 "-" "Mozilla/5.0 (compatible; MegaIndex.ru/2.0; +http://megaindex.com/crawler)"
217.113.194.93 - - [17/Jan/2023:21:30:01 +0100] "GET /pmwiki/pmwiki.php/PmWiki/CustomWikiStyles?action=upload HTTP/1.1" 200 12443 "-" "Mozilla/5.0 (compatible; Barkrowler/0.9; +https://babbar.tech/crawler)"
176.9.58.227 - - [17/Jan/2023:21:30:02 +0100] "GET /pmwiki/pmwiki.php/PmWiki/SpecialMarkups?action=diff HTTP/1.1" 200 12960 "-" "Mozilla/5.0 (compatible; MegaIndex.ru/2.0; +http://megaindex.com/crawler)"
176.9.58.227 - - [17/Jan/2023:21:30:07 +0100] "GET /pmwiki/pmwiki.php/PmWiki/IncludeOtherPages HTTP/1.1" 200 17874 "-" "Mozilla/5.0 (compatible; MegaIndex.ru/2.0; +http://megaindex.com/crawler)"
176.9.58.227 - - [17/Jan/2023:21:30:12 +0100] "GET /pmwiki/pmwiki.php/PmWiki/MarkupMasterIndex?action=edit HTTP/1.1" 200 12601 "-" "Mozilla/5.0 (compatible; MegaIndex.ru/2.0; +http://megaindex.com/crawler)"
176.9.58.227 - - [17/Jan/2023:21:30:16 +0100] "GET /pmwiki/pmwiki.php/PmWiki/MarkupMasterIndex?action=upload HTTP/1.1" 200 12481 "-" "Mozilla/5.0 (compatible; MegaIndex.ru/2.0; +http://megaindex.com/crawler)"
217.113.194.121 - - [17/Jan/2023:21:30:16 +0100] "GET /pmwiki/pmwiki.php/PmWiki/CustomMarkup?action=edit HTTP/1.1" 200 12500 "-" "Mozilla/5.0 (compatible; Barkrowler/0.9; +https://babbar.tech/crawler)"
176.9.58.227 - - [17/Jan/2023:21:30:21 +0100] "GET /pmwiki/pmwiki.php/PmWiki/MarkupMasterIndex?action=diff HTTP/1.1" 200 13022 "-" "Mozilla/5.0 (compatible; MegaIndex.ru/2.0; +http://megaindex.com/crawler)"
176.9.58.227 - - [17/Jan/2023:21:30:24 +0100] "GET /pmwiki/pmwiki.php/PmWiki/Directives?action=edit HTTP/1.1" 200 12467 "-" "Mozilla/5.0 (compatible; MegaIndex.ru/2.0; +http://megaindex.com/crawler)"
176.9.58.227 - - [17/Jan/2023:21:30:27 +0100] "GET /pmwiki/pmwiki.php/PmWiki/Directives?action=upload HTTP/1.1" 200 12347 "-" "Mozilla/5.0 (compatible; MegaIndex.ru/2.0; +http://megaindex.com/crawler)"
