217.113.194.94 - - [17/Jan/2023:21:30:32 +0100] "GET /pmwiki/pmwiki.php/PmWiki/CustomMarkup?action=upload HTTP/1.1" 200 12380 "-" "Mozilla/5.0 (compatible; Barkrowler/0.9; +https://babbar.tech/crawler)"
176.9.58.227 - - [17/Jan/2023:21:30:32 +0100] "GET /pmwiki/pmwiki.php/PmWiki/Directives?action=diff HTTP/1.1" 200 12874 "-" "Mozilla/5.0 (compatible; MegaIndex.ru/2.0; +http://megaindex.com/crawler)"
176.9.58.227 - - [17/Jan/2023:21:30:37 +0100] "GET /pmwiki/pmwiki.php/PmWiki/ConditionalMarkup HTTP/1.1" 200 16144 "-" "Mozilla/5.0 (compatible; MegaIndex.ru/2.0; +http://megaindex.com/crawler)"
176.9.58.227 - - [17/Jan/2023:21:30:44 +0100] "GET /pmwiki/pmwiki.php/PmWiki/WikiGroup?action=edit HTTP/1.1" 200 12451 "-" "Mozilla/5.0 (compatible; MegaIndex.ru/2.0; +http://megaindex.com/crawler)"
217.113.194.66 - - [17/Jan/2023:21:30:47 +0100] "GET /pmwiki/pmwiki.php/PmWiki/CustomMarkup?action=diff HTTP/1.1" 200 12911 "-" "Mozilla/5.0 (compatible; Barkrowler/0.9; +https://babbar.tech/crawler)"
176.9.58.227 - - [17/Jan/2023:21:30:49 +0100] "GET /pmwiki/pmwiki.php/PmWiki/WikiGroup?action=upload HTTP/1.1" 200 12331 "-" "Mozilla/5.0 (compatible; MegaIndex.ru/2.0; +http://megaindex.com/crawler)"
176.9.58.227 - - [17/Jan/2023:21:30:54 +0100] "GET /pmwiki/pmwiki.php/PmWiki/WikiGroup?action=diff HTTP/1.1" 200 12856 "-" "Mozilla/5.0 (compatible; MegaIndex.ru/2.0; +http://megaindex.com/crawler)"
176.9.58.227 - - [17/Jan/2023:21:30:58 +0100] "GET /pmwiki/pmwiki.php/Main/AllRecentChanges HTTP/1.1" 200 53080 "-" "Mozilla/5.0 (compatible; MegaIndex.ru/2.0; +http://megaindex.com/crawler)"
217.113.194.104 - - [17/Jan/2023:21:31:02 +0100] "GET /pmwiki/pmwiki.php/PmWiki/CustomMarkup?action=print HTTP/1.1" 200 8313 "-" "Mozilla/5.0 (compatible; Barkrowler/0.9; +https://babbar.tech/crawler)"
176.9.58.227 - - [17/Jan/2023:21:31:11 +0100] "GET /pmwiki/pmwiki.php/PmWiki/Passwords?action=edit HTTP/1.1" 200 12451 "-" "Mozilla/5.0 (compatible; MegaIndex.ru/2.0; +http://megaindex.com/crawler)"
176.9.58.227 - - [17/Jan/2023:21:31:14 +0100] "GET /pmwiki/pmwiki.php/PmWiki/Passwords?action=upload HTTP/1.1" 200 12331 "-" "Mozilla/5.0 (compatible; MegaIndex.ru/2.0; +http://megaindex.com/crawler)"
217.113.194.91 - - [17/Jan/2023:21:31:18 +0100] "GET /pmwiki/pmwiki.php/PmWiki/GroupHeaders?action=upload HTTP/1.1" 200 12379 "-" "Mozilla/5.0 (compatible; Barkrowler/0.9; +https://babbar.tech/crawler)"
176.9.58.227 - - [17/Jan/2023:21:31:18 +0100] "GET /pmwiki/pmwiki.php/PmWiki/Passwords?action=diff HTTP/1.1" 200 12856 "-" "Mozilla/5.0 (compatible; MegaIndex.ru/2.0; +http://megaindex.com/crawler)"
176.9.58.227 - - [17/Jan/2023:21:31:22 +0100] "GET /pmwiki/pmwiki.php/PmWiki/Security HTTP/1.1" 200 14640 "-" "Mozilla/5.0 (compatible; MegaIndex.ru/2.0; +http://megaindex.com/crawler)"
176.9.58.227 - - [17/Jan/2023:21:31:25 +0100] "GET /pmwiki/pmwiki.php/PmWiki/WikiTrails?action=edit HTTP/1.1" 200 12467 "-" "Mozilla/5.0 (compatible; MegaIndex.ru/2.0; +http://megaindex.com/crawler)"
176.9.58.227 - - [17/Jan/2023:21:31:28 +0100] "GET /pmwiki/pmwiki.php/PmWiki/WikiTrails?action=upload HTTP/1.1" 200 12347 "-" "Mozilla/5.0 (compatible; MegaIndex.ru/2.0; +http://megaindex.com/crawler)"
176.9.58.227 - - [17/Jan/2023:21:31:32 +0100] "GET /pmwiki/pmwiki.php/PmWiki/WikiTrails?action=diff HTTP/1.1" 200 12874 "-" "Mozilla/5.0 (compatible; MegaIndex.ru/2.0; +http://megaindex.com/crawler)"
217.113.194.74 - - [17/Jan/2023:21:31:33 +0100] "GET /pmwiki/pmwiki.php/PmWiki/GroupAttributes?action=diff HTTP/1.1" 200 12965 "-" "Mozilla/5.0 (compatible; Barkrowler/0.9; +https://babbar.tech/crawler)"
176.9.58.227 - - [17/Jan/2023:21:31:37 +0100] "GET /pmwiki/pmwiki.php/PmWiki/Categories?action=edit HTTP/1.1" 200 12468 "-" "Mozilla/5.0 (compatible; MegaIndex.ru/2.0; +http://megaindex.com/crawler)"
176.9.58.227 - - [17/Jan/2023:21:31:41 +0100] "GET /pmwiki/pmwiki.php/PmWiki/Categories?action=upload HTTP/1.1" 200 12348 "-" "Mozilla/5.0 (compatible; MegaIndex.ru/2.0; +http://megaindex.com/crawler)"
176.9.58.227 - - [17/Jan/2023:21:31:45 +0100] "GET /pmwiki/pmwiki.php/PmWiki/Categories?action=diff HTTP/1.1" 200 12875 "-" "Mozilla/5.0 (compatible; MegaIndex.ru/2.0; +http://megaindex.com/crawler)"
217.113.194.106 - - [17/Jan/2023:21:31:48 +0100] "GET /pmwiki/pmwiki.php/PmWiki/GroupAttributes?action=attr HTTP/1.1" 200 12426 "-" "Mozilla/5.0 (compatible; Barkrowler/0.9; +https://babbar.tech/crawler)"
176.9.58.227 - - [17/Jan/2023:21:31:49 +0100] "GET /pmwiki/pmwiki.php/PmWiki/GroupHeaders?action=edit HTTP/1.1" 200 12499 "-" "Mozilla/5.0 (compatible; MegaIndex.ru/2.0; +http://megaindex.com/crawler)"
176.9.58.227 - - [17/Jan/2023:21:31:54 +0100] "GET /pmwiki/pmwiki.php/PmWiki/GroupHeaders?action=upload HTTP/1.1" 200 12379 "-" "Mozilla/5.0 (compatible; MegaIndex.ru/2.0; +http://megaindex.com/crawler)"
176.9.58.227 - - [17/Jan/2023:21:31:58 +0100] "GET /pmwiki/pmwiki.php/PmWiki/GroupHeaders?action=diff HTTP/1.1" 200 12910 "-" "Mozilla/5.0 (compatible; MegaIndex.ru/2.0; +http://megaindex.com/crawler)"
176.9.58.227 - - [17/Jan/2023:21:32:02 +0100] "GET /pmwiki/pmwiki.php/PmWiki/PageHistory?action=edit HTTP/1.1" 200 12484 "-" "Mozilla/5.0 (compatible; MegaIndex.ru/2.0; +http://megaindex.com/crawler)"
217.113.194.107 - - [17/Jan/2023:21:32:03 +0100] "GET /pmwiki/pmwiki.php/PmWiki/LinkVariables?action=print HTTP/1.1" 200 8196 "-" "Mozilla/5.0 (compatible; Barkrowler/0.9; +https://babbar.tech/crawler)"
176.9.58.227 - - [17/Jan/2023:21:32:05 +0100] "GET /pmwiki/pmwiki.php/PmWiki/PageHistory?action=upload HTTP/1.1" 200 12364 "-" "Mozilla/5.0 (compatible; MegaIndex.ru/2.0; +http://megaindex.com/crawler)"
176.9.58.227 - - [17/Jan/2023:21:32:08 +0100] "GET /pmwiki/pmwiki.php/PmWiki/PageHistory?action=diff HTTP/1.1" 200 12893 "-" "Mozilla/5.0 (compatible; MegaIndex.ru/2.0; +http://megaindex.com/crawler)"
176.9.58.227 - - [17/Jan/2023:21:32:12 +0100] "GET /pmwiki/pmwiki.php/PmWiki/LocalCustomizations?action=edit HTTP/1.1" 200 12610 "-" "Mozilla/5.0 (compatible; MegaIndex.ru/2.0; +http://megaindex.com/crawler)"
176.9.58.227 - - [17/Jan/2023:21:32:15 +0100] "GET /pmwiki/pmwiki.php/PmWiki/LocalCustomizations?action=upload HTTP/1.1" 200 12490 "-" "Mozilla/5.0 (compatible; MegaIndex.ru/2.0; +http://megaindex.com/crawler)"
217.113.194.121 - - [17/Jan/2023:21:32:19 +0100] "GET /pmwiki/pmwiki.php/PmWiki/LinkVariables?action=edit HTTP/1.1" 200 12516 "-" "Mozilla/5.0 (compatible; Barkrowler/0.9; +https://babbar.tech/crawler)"
176.9.58.227 - - [17/Jan/2023:21:32:20 +0100] "GET /pmwiki/pmwiki.php/PmWiki/LocalCustomizations?action=diff HTTP/1.1" 200 13035 "-" "Mozilla/5.0 (compatible; MegaIndex.ru/2.0; +http://megaindex.com/crawler)"
176.9.58.227 - - [17/Jan/2023:21:32:24 +0100] "GET /pmwiki/pmwiki.php/PmWiki/LayoutAdvanced?action=edit HTTP/1.1" 200 12531 "-" "Mozilla/5.0 (compatible; MegaIndex.ru/2.0; +http://megaindex.com/crawler)"
176.9.58.227 - - [17/Jan/2023:21:32:27 +0100] "GET /pmwiki/pmwiki.php/PmWiki/LayoutAdvanced?action=upload HTTP/1.1" 200 12411 "-" "Mozilla/5.0 (compatible; MegaIndex.ru/2.0; +http://megaindex.com/crawler)"
176.9.58.227 - - [17/Jan/2023:21:32:31 +0100] "GET /pmwiki/pmwiki.php/PmWiki/LayoutAdvanced?action=diff HTTP/1.1" 200 12946 "-" "Mozilla/5.0 (compatible; MegaIndex.ru/2.0; +http://megaindex.com/crawler)"
217.113.194.119 - - [17/Jan/2023:21:32:34 +0100] "GET /pmwiki/pmwiki.php/PmWiki/Security?action=diff HTTP/1.1" 200 12840 "-" "Mozilla/5.0 (compatible; Barkrowler/0.9; +https://babbar.tech/crawler)"
176.9.58.227 - - [17/Jan/2023:21:32:34 +0100] "GET /pmwiki/pmwiki.php/PmWiki/PerGroupCustomizations?action=edit HTTP/1.1" 200 12660 "-" "Mozilla/5.0 (compatible; MegaIndex.ru/2.0; +http://megaindex.com/crawler)"
176.9.58.227 - - [17/Jan/2023:21:32:38 +0100] "GET /pmwiki/pmwiki.php/PmWiki/PerGroupCustomizations?action=upload HTTP/1.1" 200 12540 "-" "Mozilla/5.0 (compatible; MegaIndex.ru/2.0; +http://megaindex.com/crawler)"
176.9.58.227 - - [17/Jan/2023:21:32:42 +0100] "GET /pmwiki/pmwiki.php/PmWiki/PerGroupCustomizations?action=diff HTTP/1.1" 200 13091 "-" "Mozilla/5.0 (compatible; MegaIndex.ru/2.0; +http://megaindex.com/crawler)"
176.9.58.227 - - [17/Jan/2023:21:32:45 +0100] "GET /pmwiki/pmwiki.php/PmWiki/WikiFarms HTTP/1.1" 200 19921 "-" "Mozilla/5.0 (compatible; MegaIndex.ru/2.0; +http://megaindex.com/crawler)"
217.113.194.90 - - [17/Jan/2023:21:32:49 +0100] "GET /pmwiki/pmwiki.php/PmWiki/WikiWikiWeb?action=edit HTTP/1.1" 200 12483 "-" "Mozilla/5.0 (compatible; Barkrowler/0.9; +https://babbar.tech/crawler)"
176.9.58.227 - - [17/Jan/2023:21:32:50 +0100] "GET /pmwiki/pmwiki.php/PmWiki/PasswordsAdmin?action=edit HTTP/1.1" 200 12532 "-" "Mozilla/5.0 (compatible; MegaIndex.ru/2.0; +http://megaindex.com/crawler)"
176.9.58.227 - - [17/Jan/2023:21:32:54 +0100] "GET /pmwiki/pmwiki.php/PmWiki/PasswordsAdmin?action=upload HTTP/1.1" 200 12412 "-" "Mozilla/5.0 (compatible; MegaIndex.ru/2.0; +http://megaindex.com/crawler)"
176.9.58.227 - - [17/Jan/2023:21:32:58 +0100] "GET /pmwiki/pmwiki.php/PmWiki/PasswordsAdmin?action=diff HTTP/1.1" 200 12947 "-" "Mozilla/5.0 (compatible; MegaIndex.ru/2.0; +http://megaindex.com/crawler)"
176.9.58.227 - - [17/Jan/2023:21:33:02 +0100] "GET /pmwiki/pmwiki.php/Main/GroupAttributes?action=attr HTTP/1.1" 200 12392 "-" "Mozilla/5.0 (compatible; MegaIndex.ru/2.0; +http://megaindex.com/crawler)"
176.9.58.227 - - [17/Jan/2023:21:33:04 +0100] "GET /pmwiki/pmwiki.php/PmWiki/GroupAttributes?action=attr HTTP/1.1" 200 12426 "-" "Mozilla/5.0 (compatible; MegaIndex.ru/2.0; +http://megaindex.com/crawler)"
217.113.194.117 - - [17/Jan/2023:21:33:05 +0100] "GET /pmwiki/pmwiki.php/PmWiki/WikiWikiWeb?action=upload HTTP/1.1" 200 12363 "-" "Mozilla/5.0 (compatible; Barkrowler/0.9; +https://babbar.tech/crawler)"
176.9.58.227 - - [17/Jan/2023:21:33:08 +0100] "GET /pmwiki/pmwiki.php/PmWiki/PasswordsAdmin?action=crypt HTTP/1.1" 200 2057 "-" "Mozilla/5.0 (compatible; MegaIndex.ru/2.0; +http://megaindex.com/crawler)"
176.9.58.227 - - [17/Jan/2023:21:33:12 +0100] "GET /pmwiki/pmwiki.php/PmWiki/UploadsAdmin?action=edit HTTP/1.1" 200 12499 "-" "Mozilla/5.0 (compatible; MegaIndex.ru/2.0; +http://megaindex.com/crawler)"
176.9.58.227 - - [17/Jan/2023:21:33:15 +0100] "GET /pmwiki/pmwiki.php/PmWiki/UploadsAdmin?action=upload HTTP/1.1" 200 12379 "-" "Mozilla/5.0 (compatible; MegaIndex.ru/2.0; +http://megaindex.com/crawler)"
176.9.58.227 - - [17/Jan/2023:21:33:19 +0100] "GET /pmwiki/pmwiki.php/PmWiki/UploadsAdmin?action=diff HTTP/1.1" 200 12910 "-" "Mozilla/5.0 (compatible; MegaIndex.ru/2.0; +http://megaindex.com/crawler)"
217.113.194.109 - - [17/Jan/2023:21:33:20 +0100] "GET /pmwiki/pmwiki.php/PmWiki/WikiWikiWeb?action=diff HTTP/1.1" 200 12892 "-" "Mozilla/5.0 (compatible; Barkrowler/0.9; +https://babbar.tech/crawler)"
176.9.58.227 - - [17/Jan/2023:21:33:23 +0100] "GET /pmwiki/pmwiki.php/PmWiki/UploadVariables HTTP/1.1" 200 13858 "-" "Mozilla/5.0 (compatible; MegaIndex.ru/2.0; +http://megaindex.com/crawler)"
176.9.58.227 - - [17/Jan/2023:21:33:29 +0100] "GET /pmwiki/pmwiki.php/PmWiki/Internationalizations?action=edit HTTP/1.1" 200 12643 "-" "Mozilla/5.0 (compatible; MegaIndex.ru/2.0; +http://megaindex.com/crawler)"
176.9.58.227 - - [17/Jan/2023:21:33:33 +0100] "GET /pmwiki/pmwiki.php/PmWiki/Internationalizations?action=upload HTTP/1.1" 200 12523 "-" "Mozilla/5.0 (compatible; MegaIndex.ru/2.0; +http://megaindex.com/crawler)"
217.113.194.94 - - [17/Jan/2023:21:33:35 +0100] "GET /pmwiki/pmwiki.php/PmWiki/WikiWikiWeb?action=print HTTP/1.1" 200 6457 "-" "Mozilla/5.0 (compatible; Barkrowler/0.9; +https://babbar.tech/crawler)"
176.9.58.227 - - [17/Jan/2023:21:33:36 +0100] "GET /pmwiki/pmwiki.php/PmWiki/Internationalizations?action=diff HTTP/1.1" 200 13072 "-" "Mozilla/5.0 (compatible; MegaIndex.ru/2.0; +http://megaindex.com/crawler)"
176.9.58.227 - - [17/Jan/2023:21:33:40 +0100] "GET /pmwiki/pmwiki.php/PmWiki/MailPosts?action=edit HTTP/1.1" 200 12452 "-" "Mozilla/5.0 (compatible; MegaIndex.ru/2.0; +http://megaindex.com/crawler)"
176.9.58.227 - - [17/Jan/2023:21:33:44 +0100] "GET /pmwiki/pmwiki.php/PmWiki/MailPosts?action=upload HTTP/1.1" 200 12332 "-" "Mozilla/5.0 (compatible; MegaIndex.ru/2.0; +http://megaindex.com/crawler)"
176.9.58.227 - - [17/Jan/2023:21:33:48 +0100] "GET /pmwiki/pmwiki.php/PmWiki/MailPosts?action=diff HTTP/1.1" 200 12857 "-" "Mozilla/5.0 (compatible; MegaIndex.ru/2.0; +http://megaindex.com/crawler)"
217.113.194.118 - - [17/Jan/2023:21:33:51 +0100] "GET /pmwiki/pmwiki.php/PmWiki/WikiSandbox?action=edit HTTP/1.1" 200 12483 "-" "Mozilla/5.0 (compatible; Barkrowler/0.9; +https://babbar.tech/crawler)"
176.9.58.227 - - [17/Jan/2023:21:33:52 +0100] "GET /pmwiki/pmwiki.php/PmWiki/CustomInterMap?action=edit HTTP/1.1" 200 12533 "-" "Mozilla/5.0 (compatible; MegaIndex.ru/2.0; +http://megaindex.com/crawler)"
176.9.58.227 - - [17/Jan/2023:21:33:56 +0100] "GET /pmwiki/pmwiki.php/PmWiki/CustomInterMap?action=upload HTTP/1.1" 200 12413 "-" "Mozilla/5.0 (compatible; MegaIndex.ru/2.0; +http://megaindex.com/crawler)"
176.9.58.227 - - [17/Jan/2023:21:34:00 +0100] "GET /pmwiki/pmwiki.php/PmWiki/CustomInterMap?action=diff HTTP/1.1" 200 12948 "-" "Mozilla/5.0 (compatible; MegaIndex.ru/2.0; +http://megaindex.com/crawler)"
176.9.58.227 - - [17/Jan/2023:21:34:04 +0100] "GET /pmwiki/pmwiki.php/PmWiki/CustomMarkup?action=edit HTTP/1.1" 200 12500 "-" "Mozilla/5.0 (compatible; MegaIndex.ru/2.0; +http://megaindex.com/crawler)"
217.113.194.99 - - [17/Jan/2023:21:34:06 +0100] "GET /pmwiki/pmwiki.php/PmWiki/WikiSandbox?action=diff HTTP/1.1" 200 12892 "-" "Mozilla/5.0 (compatible; Barkrowler/0.9; +https://babbar.tech/crawler)"
176.9.58.227 - - [17/Jan/2023:21:34:08 +0100] "GET /pmwiki/pmwiki.php/PmWiki/CustomMarkup?action=upload HTTP/1.1" 200 12380 "-" "Mozilla/5.0 (compatible; MegaIndex.ru/2.0; +http://megaindex.com/crawler)"
176.9.58.227 - - [17/Jan/2023:21:34:12 +0100] "GET /pmwiki/pmwiki.php/PmWiki/CustomMarkup?action=diff HTTP/1.1" 200 12911 "-" "Mozilla/5.0 (compatible; MegaIndex.ru/2.0; +http://megaindex.com/crawler)"
176.9.58.227 - - [17/Jan/2023:21:34:16 +0100] "GET /pmwiki/pmwiki.php/PmWiki/CustomWikiStyles?action=edit HTTP/1.1" 200 12563 "-" "Mozilla/5.0 (compatible; MegaIndex.ru/2.0; +http://megaindex.com/crawler)"
176.9.58.227 - - [17/Jan/2023:21:34:19 +0100] "GET /pmwiki/pmwiki.php/PmWiki/CustomWikiStyles?action=upload HTTP/1.1" 200 12443 "-" "Mozilla/5.0 (compatible; MegaIndex.ru/2.0; +http://megaindex.com/crawler)"
217.113.194.123 - - [17/Jan/2023:21:34:21 +0100] "GET /pmwiki/pmwiki.php/PmWiki/WikiSandbox?action=upload HTTP/1.1" 200 12363 "-" "Mozilla/5.0 (compatible; Barkrowler/0.9; +https://babbar.tech/crawler)"
176.9.58.227 - - [17/Jan/2023:21:34:23 +0100] "GET /pmwiki/pmwiki.php/PmWiki/CustomWikiStyles?action=diff HTTP/1.1" 200 12982 "-" "Mozilla/5.0 (compatible; MegaIndex.ru/2.0; +http://megaindex.com/crawler)"
176.9.58.227 - - [17/Jan/2023:21:34:27 +0100] "GET /pmwiki/pmwiki.php/PmWiki/RefCount?action=edit HTTP/1.1" 200 12436 "-" "Mozilla/5.0 (compatible; MegaIndex.ru/2.0; +http://megaindex.com/crawler)"
176.9.58.227 - - [17/Jan/2023:21:34:31 +0100] "GET /pmwiki/pmwiki.php/PmWiki/RefCount?action=upload HTTP/1.1" 200 12316 "-" "Mozilla/5.0 (compatible; MegaIndex.ru/2.0; +http://megaindex.com/crawler)"
176.9.58.227 - - [17/Jan/2023:21:34:34 +0100] "GET /pmwiki/pmwiki.php/PmWiki/RefCount?action=diff HTTP/1.1" 200 12839 "-" "Mozilla/5.0 (compatible; MegaIndex.ru/2.0; +http://megaindex.com/crawler)"
217.113.194.126 - - [17/Jan/2023:21:34:37 +0100] "GET /pmwiki/pmwiki.php/PmWiki/WikiSandbox?action=print HTTP/1.1" 302 213 "-" "Mozilla/5.0 (compatible; Barkrowler/0.9; +https://babbar.tech/crawler)"
176.9.58.227 - - [17/Jan/2023:21:34:41 +0100] "GET /pmwiki/pmwiki.php/PmWiki/RSS?action=edit HTTP/1.1" 200 12356 "-" "Mozilla/5.0 (compatible; MegaIndex.ru/2.0; +http://megaindex.com/crawler)"
176.9.58.227 - - [17/Jan/2023:21:34:45 +0100] "GET /pmwiki/pmwiki.php/PmWiki/RSS?action=upload HTTP/1.1" 200 12236 "-" "Mozilla/5.0 (compatible; MegaIndex.ru/2.0; +http://megaindex.com/crawler)"
176.9.58.227 - - [17/Jan/2023:21:34:49 +0100] "GET /pmwiki/pmwiki.php/PmWiki/RSS?action=diff HTTP/1.1" 200 12749 "-" "Mozilla/5.0 (compatible; MegaIndex.ru/2.0; +http://megaindex.com/crawler)"
217.113.194.110 - - [17/Jan/2023:21:34:52 +0100] "GET /pmwiki/pmwiki.php/PmWiki/WikiFarms?action=upload HTTP/1.1" 200 12331 "-" "Mozilla/5.0 (compatible; Barkrowler/0.9; +https://babbar.tech/crawler)"
176.9.58.227 - - [17/Jan/2023:21:34:53 +0100] "GET /pmwiki/pmwiki.php/PmWiki/UrlApprovals?action=edit HTTP/1.1" 200 12499 "-" "Mozilla/5.0 (compatible; MegaIndex.ru/2.0; +http://megaindex.com/crawler)"
176.9.58.227 - - [17/Jan/2023:21:34:56 +0100] "GET /pmwiki/pmwiki.php/PmWiki/UrlApprovals?action=upload HTTP/1.1" 200 12379 "-" "Mozilla/5.0 (compatible; MegaIndex.ru/2.0; +http://megaindex.com/crawler)"
176.9.58.227 - - [17/Jan/2023:21:34:59 +0100] "GET /pmwiki/pmwiki.php/PmWiki/UrlApprovals?action=diff HTTP/1.1" 200 12910 "-" "Mozilla/5.0 (compatible; MegaIndex.ru/2.0; +http://megaindex.com/crawler)"
176.9.58.227 - - [17/Jan/2023:21:35:03 +0100] "GET /pmwiki/pmwiki.php/PmWiki/AvailableActions?action=edit HTTP/1.1" 200 12564 "-" "Mozilla/5.0 (compatible; MegaIndex.ru/2.0; +http://megaindex.com/crawler)"
217.113.194.94 - - [17/Jan/2023:21:35:07 +0100] "GET /pmwiki/pmwiki.php/PmWiki/WikiAdministrator?action=print HTTP/1.1" 200 3508 "-" "Mozilla/5.0 (compatible; Barkrowler/0.9; +https://babbar.tech/crawler)"
176.9.58.227 - - [17/Jan/2023:21:35:07 +0100] "GET /pmwiki/pmwiki.php/PmWiki/AvailableActions?action=upload HTTP/1.1" 200 12444 "-" "Mozilla/5.0 (compatible; MegaIndex.ru/2.0; +http://megaindex.com/crawler)"
176.9.58.227 - - [17/Jan/2023:21:35:12 +0100] "GET /pmwiki/pmwiki.php/PmWiki/AvailableActions?action=diff HTTP/1.1" 200 12983 "-" "Mozilla/5.0 (compatible; MegaIndex.ru/2.0; +http://megaindex.com/crawler)"
176.9.58.227 - - [17/Jan/2023:21:35:16 +0100] "GET /pmwiki/pmwiki.php/PmWiki/Variables?action=edit HTTP/1.1" 200 12452 "-" "Mozilla/5.0 (compatible; MegaIndex.ru/2.0; +http://megaindex.com/crawler)"
176.9.58.227 - - [17/Jan/2023:21:35:19 +0100] "GET /pmwiki/pmwiki.php/PmWiki/Variables?action=upload HTTP/1.1" 200 12332 "-" "Mozilla/5.0 (compatible; MegaIndex.ru/2.0; +http://megaindex.com/crawler)"
217.113.194.112 - - [17/Jan/2023:21:35:23 +0100] "GET /pmwiki/pmwiki.php/PmWiki/WikiAdministrator?action=edit HTTP/1.1" 200 12578 "-" "Mozilla/5.0 (compatible; Barkrowler/0.9; +https://babbar.tech/crawler)"
176.9.58.227 - - [17/Jan/2023:21:35:23 +0100] "GET /pmwiki/pmwiki.php/PmWiki/Variables?action=diff HTTP/1.1" 200 12857 "-" "Mozilla/5.0 (compatible; MegaIndex.ru/2.0; +http://megaindex.com/crawler)"
176.9.58.227 - - [17/Jan/2023:21:35:26 +0100] "GET /pmwiki/pmwiki.php/PmWiki/I18nVariables HTTP/1.1" 200 12528 "-" "Mozilla/5.0 (compatible; MegaIndex.ru/2.0; +http://megaindex.com/crawler)"
176.9.58.227 - - [17/Jan/2023:21:35:32 +0100] "GET /pmwiki/pmwiki.php/PmWiki/Audiences?action=edit HTTP/1.1" 200 12450 "-" "Mozilla/5.0 (compatible; MegaIndex.ru/2.0; +http://megaindex.com/crawler)"
176.9.58.227 - - [17/Jan/2023:21:35:35 +0100] "GET /pmwiki/pmwiki.php/PmWiki/Audiences?action=upload HTTP/1.1" 200 12330 "-" "Mozilla/5.0 (compatible; MegaIndex.ru/2.0; +http://megaindex.com/crawler)"
217.113.194.110 - - [17/Jan/2023:21:35:38 +0100] "GET /pmwiki/pmwiki.php/PmWiki/DocumentationIndex?action=diff HTTP/1.1" 200 13019 "-" "Mozilla/5.0 (compatible; Barkrowler/0.9; +https://babbar.tech/crawler)"
176.9.58.227 - - [17/Jan/2023:21:35:39 +0100] "GET /pmwiki/pmwiki.php/PmWiki/Audiences?action=diff HTTP/1.1" 200 12855 "-" "Mozilla/5.0 (compatible; MegaIndex.ru/2.0; +http://megaindex.com/crawler)"
176.9.58.227 - - [17/Jan/2023:21:35:42 +0100] "GET /pmwiki/pmwiki.php/PmWiki/Contributors?action=edit HTTP/1.1" 200 12500 "-" "Mozilla/5.0 (compatible; MegaIndex.ru/2.0; +http://megaindex.com/crawler)"
176.9.58.227 - - [17/Jan/2023:21:35:45 +0100] "GET /pmwiki/pmwiki.php/PmWiki/Contributors?action=upload HTTP/1.1" 200 12380 "-" "Mozilla/5.0 (compatible; MegaIndex.ru/2.0; +http://megaindex.com/crawler)"
176.9.58.227 - - [17/Jan/2023:21:35:48 +0100] "GET /pmwiki/pmwiki.php/PmWiki/Contributors?action=diff HTTP/1.1" 200 12911 "-" "Mozilla/5.0 (compatible; MegaIndex.ru/2.0; +http://megaindex.com/crawler)"
176.9.58.227 - - [17/Jan/2023:21:35:52 +0100] "GET /pmwiki/pmwiki.php/PmWiki/UpgradingFromPmWiki1?action=edit HTTP/1.1" 200 12628 "-" "Mozilla/5.0 (compatible; MegaIndex.ru/2.0; +http://megaindex.com/crawler)"
217.113.194.118 - - [17/Jan/2023:21:35:53 +0100] "GET /pmwiki/pmwiki.php/PmWiki/DocumentationIndex?action=upload HTTP/1.1" 200 12476 "-" "Mozilla/5.0 (compatible; Barkrowler/0.9; +https://babbar.tech/crawler)"
176.9.58.227 - - [17/Jan/2023:21:35:57 +0100] "GET /pmwiki/pmwiki.php/PmWiki/UpgradingFromPmWiki1?action=upload HTTP/1.1" 200 12508 "-" "Mozilla/5.0 (compatible; MegaIndex.ru/2.0; +http://megaindex.com/crawler)"
176.9.58.227 - - [17/Jan/2023:21:36:00 +0100] "GET /pmwiki/pmwiki.php/PmWiki/UpgradingFromPmWiki1?action=diff HTTP/1.1" 200 13055 "-" "Mozilla/5.0 (compatible; MegaIndex.ru/2.0; +http://megaindex.com/crawler)"
176.9.58.227 - - [17/Jan/2023:21:36:04 +0100] "GET /pmwiki/pmwiki.php/PmWiki/FAQ?action=diff&source=n&minor=n HTTP/1.1" 200 12749 "-" "Mozilla/5.0 (compatible; MegaIndex.ru/2.0; +http://megaindex.com/crawler)"
217.113.194.101 - - [17/Jan/2023:21:36:09 +0100] "GET /pmwiki/pmwiki.php/PmWiki/DocumentationIndex?action=print HTTP/1.1" 200 9796 "-" "Mozilla/5.0 (compatible; Barkrowler/0.9; +https://babbar.tech/crawler)"
176.9.58.227 - - [17/Jan/2023:21:36:09 +0100] "GET /pmwiki/pmwiki.php/PmWiki/FAQ?action=diff&source=y&minor=y HTTP/1.1" 200 12749 "-" "Mozilla/5.0 (compatible; MegaIndex.ru/2.0; +http://megaindex.com/crawler)"
176.9.58.227 - - [17/Jan/2023:21:36:13 +0100] "GET /pmwiki/pmwiki.php/PmWiki/PatrickMichaud?action=print HTTP/1.1" 200 2490 "-" "Mozilla/5.0 (compatible; MegaIndex.ru/2.0; +http://megaindex.com/crawler)"
176.9.58.227 - - [17/Jan/2023:21:36:17 +0100] "GET /pmwiki/pmwiki.php/PmWiki/PmWikiPhilosophy?action=diff&source=n&minor=n HTTP/1.1" 200 12982 "-" "Mozilla/5.0 (compatible; MegaIndex.ru/2.0; +http://megaindex.com/crawler)"
176.9.58.227 - - [17/Jan/2023:21:36:24 +0100] "GET /pmwiki/pmwiki.php/PmWiki/PmWikiPhilosophy?action=diff&source=y&minor=y HTTP/1.1" 200 12982 "-" "Mozilla/5.0 (compatible; MegaIndex.ru/2.0; +http://megaindex.com/crawler)"
217.113.194.69 - - [17/Jan/2023:21:36:24 +0100] "GET /pmwiki/pmwiki.php/PmWiki/PasswordsAdmin?action=print HTTP/1.1" 200 8988 "-" "Mozilla/5.0 (compatible; Barkrowler/0.9; +https://babbar.tech/crawler)"
176.9.58.227 - - [17/Jan/2023:21:36:27 +0100] "GET /pmwiki/pmwiki.php/PmWiki/PatrickMichaud?action=edit HTTP/1.1" 200 12529 "-" "Mozilla/5.0 (compatible; MegaIndex.ru/2.0; +http://megaindex.com/crawler)"
176.9.58.227 - - [17/Jan/2023:21:36:30 +0100] "GET /pmwiki/pmwiki.php/PmWiki/PatrickMichaud?action=upload HTTP/1.1" 200 12409 "-" "Mozilla/5.0 (compatible; MegaIndex.ru/2.0; +http://megaindex.com/crawler)"
176.9.58.227 - - [17/Jan/2023:21:36:33 +0100] "GET /pmwiki/pmwiki.php/PmWiki/PatrickMichaud?action=diff HTTP/1.1" 200 12944 "-" "Mozilla/5.0 (compatible; MegaIndex.ru/2.0; +http://megaindex.com/crawler)"
176.9.58.227 - - [17/Jan/2023:21:36:38 +0100] "GET /pmwiki/pmwiki.php/PmWiki/ReleaseNotes?action=diff&source=n&minor=n HTTP/1.1" 200 12910 "-" "Mozilla/5.0 (compatible; MegaIndex.ru/2.0; +http://megaindex.com/crawler)"
217.113.194.82 - - [17/Jan/2023:21:36:39 +0100] "GET /pmwiki/pmwiki.php/PmWiki/PasswordsAdmin?action=edit HTTP/1.1" 200 12532 "-" "Mozilla/5.0 (compatible; Barkrowler/0.9; +https://babbar.tech/crawler)"
176.9.58.227 - - [17/Jan/2023:21:36:43 +0100] "GET /pmwiki/pmwiki.php/PmWiki/ReleaseNotes?action=diff&source=y&minor=y HTTP/1.1" 200 12910 "-" "Mozilla/5.0 (compatible; MegaIndex.ru/2.0; +http://megaindex.com/crawler)"
176.9.58.227 - - [17/Jan/2023:21:36:47 +0100] "GET /pmwiki/pmwiki.php/PmWiki/LinkVariables?action=edit HTTP/1.1" 200 12516 "-" "Mozilla/5.0 (compatible; MegaIndex.ru/2.0; +http://megaindex.com/crawler)"
176.9.58.227 - - [17/Jan/2023:21:36:50 +0100] "GET /pmwiki/pmwiki.php/PmWiki/LinkVariables?action=upload HTTP/1.1" 200 12396 "-" "Mozilla/5.0 (compatible; MegaIndex.ru/2.0; +http://megaindex.com/crawler)"
217.113.194.87 - - [17/Jan/2023:21:36:55 +0100] "GET /pmwiki/pmwiki.php/PmWiki/PasswordsAdmin?action=upload HTTP/1.1" 200 12412 "-" "Mozilla/5.0 (compatible; Barkrowler/0.9; +https://babbar.tech/crawler)"
176.9.58.227 - - [17/Jan/2023:21:36:55 +0100] "GET /pmwiki/pmwiki.php/PmWiki/LinkVariables?action=print HTTP/1.1" 200 8196 "-" "Mozilla/5.0 (compatible; MegaIndex.ru/2.0; +http://megaindex.com/crawler)"
176.9.58.227 - - [17/Jan/2023:21:37:02 +0100] "GET /pmwiki/pmwiki.php/PmWiki/LinkVariables?action=diff HTTP/1.1" 200 12929 "-" "Mozilla/5.0 (compatible; MegaIndex.ru/2.0; +http://megaindex.com/crawler)"
176.9.58.227 - - [17/Jan/2023:21:37:06 +0100] "GET /pmwiki/pmwiki.php/PmWiki/LayoutVariables?action=edit HTTP/1.1" 200 12547 "-" "Mozilla/5.0 (compatible; MegaIndex.ru/2.0; +http://megaindex.com/crawler)"
217.113.194.97 - - [17/Jan/2023:21:37:10 +0100] "GET /pmwiki/pmwiki.php/Emeltdijas/Hu?action=print HTTP/1.1" 200 3447 "-" "Mozilla/5.0 (compatible; Barkrowler/0.9; +https://babbar.tech/crawler)"
176.9.58.227 - - [17/Jan/2023:21:37:11 +0100] "GET /pmwiki/pmwiki.php/PmWiki/LayoutVariables?action=upload HTTP/1.1" 200 12427 "-" "Mozilla/5.0 (compatible; MegaIndex.ru/2.0; +http://megaindex.com/crawler)"
176.9.58.227 - - [17/Jan/2023:21:37:15 +0100] "GET /pmwiki/pmwiki.php/PmWiki/LayoutVariables?action=print HTTP/1.1" 200 7561 "-" "Mozilla/5.0 (compatible; MegaIndex.ru/2.0; +http://megaindex.com/crawler)"
176.9.58.227 - - [17/Jan/2023:21:37:20 +0100] "GET /pmwiki/pmwiki.php/PmWiki/LayoutVariables?action=diff HTTP/1.1" 200 12964 "-" "Mozilla/5.0 (compatible; MegaIndex.ru/2.0; +http://megaindex.com/crawler)"
176.9.58.227 - - [17/Jan/2023:21:37:25 +0100] "GET /pmwiki/pmwiki.php/PmWiki/EditVariables?action=edit HTTP/1.1" 200 12515 "-" "Mozilla/5.0 (compatible; MegaIndex.ru/2.0; +http://megaindex.com/crawler)"
217.113.194.107 - - [17/Jan/2023:21:37:25 +0100] "GET /pmwiki/pmwiki.php/Emeltdijas/Hu?action=edit HTTP/1.1" 200 12404 "-" "Mozilla/5.0 (compatible; Barkrowler/0.9; +https://babbar.tech/crawler)"
176.9.58.227 - - [17/Jan/2023:21:37:30 +0100] "GET /pmwiki/pmwiki.php/PmWiki/EditVariables?action=upload HTTP/1.1" 200 12395 "-" "Mozilla/5.0 (compatible; MegaIndex.ru/2.0; +http://megaindex.com/crawler)"
176.9.58.227 - - [17/Jan/2023:21:37:34 +0100] "GET /pmwiki/pmwiki.php/PmWiki/EditVariables?action=print HTTP/1.1" 200 7997 "-" "Mozilla/5.0 (compatible; MegaIndex.ru/2.0; +http://megaindex.com/crawler)"
176.9.58.227 - - [17/Jan/2023:21:37:39 +0100] "GET /pmwiki/pmwiki.php/PmWiki/EditVariables?action=diff HTTP/1.1" 200 12928 "-" "Mozilla/5.0 (compatible; MegaIndex.ru/2.0; +http://megaindex.com/crawler)"
217.113.194.102 - - [17/Jan/2023:21:37:41 +0100] "GET /pmwiki/pmwiki.php/Emeltdijas/Hu?action=upload HTTP/1.1" 200 12284 "-" "Mozilla/5.0 (compatible; Barkrowler/0.9; +https://babbar.tech/crawler)"
176.9.58.227 - - [17/Jan/2023:21:37:44 +0100] "GET /pmwiki/pmwiki.php/PmWiki/OtherVariables?action=edit HTTP/1.1" 200 12532 "-" "Mozilla/5.0 (compatible; MegaIndex.ru/2.0; +http://megaindex.com/crawler)"
176.9.58.227 - - [17/Jan/2023:21:37:48 +0100] "GET /pmwiki/pmwiki.php/PmWiki/OtherVariables?action=upload HTTP/1.1" 200 12412 "-" "Mozilla/5.0 (compatible; MegaIndex.ru/2.0; +http://megaindex.com/crawler)"
176.9.58.227 - - [17/Jan/2023:21:37:52 +0100] "GET /pmwiki/pmwiki.php/PmWiki/OtherVariables?action=print HTTP/1.1" 200 7606 "-" "Mozilla/5.0 (compatible; MegaIndex.ru/2.0; +http://megaindex.com/crawler)"
217.113.194.65 - - [17/Jan/2023:21:37:56 +0100] "GET /pmwiki/pmwiki.php?n=Main.Mintalevel0509?action=edit HTTP/1.1" 200 12496 "-" "Mozilla/5.0 (compatible; Barkrowler/0.9; +https://babbar.tech/crawler)"
176.9.58.227 - - [17/Jan/2023:21:37:58 +0100] "GET /pmwiki/pmwiki.php/PmWiki/OtherVariables?action=diff HTTP/1.1" 200 12947 "-" "Mozilla/5.0 (compatible; MegaIndex.ru/2.0; +http://megaindex.com/crawler)"
176.9.58.227 - - [17/Jan/2023:21:38:03 +0100] "GET /pmwiki/pmwiki.php/PmWiki/ChangeLog?action=diff&source=n&minor=n HTTP/1.1" 200 12856 "-" "Mozilla/5.0 (compatible; MegaIndex.ru/2.0; +http://megaindex.com/crawler)"
176.9.58.227 - - [17/Jan/2023:21:38:06 +0100] "GET /pmwiki/pmwiki.php/PmWiki/ChangeLog?action=diff&source=y&minor=y HTTP/1.1" 200 12856 "-" "Mozilla/5.0 (compatible; MegaIndex.ru/2.0; +http://megaindex.com/crawler)"
176.9.58.227 - - [17/Jan/2023:21:38:10 +0100] "GET /pmwiki/pmwiki.php/PmWiki/BasicVariables?action=edit HTTP/1.1" 200 12532 "-" "Mozilla/5.0 (compatible; MegaIndex.ru/2.0; +http://megaindex.com/crawler)"
217.113.194.114 - - [17/Jan/2023:21:38:11 +0100] "GET /pmwiki/pmwiki.php/Main/V%E9delmiP%E9nz HTTP/1.1" 200 12560 "-" "Mozilla/5.0 (compatible; Barkrowler/0.9; +https://babbar.tech/crawler)"
176.9.58.227 - - [17/Jan/2023:21:38:14 +0100] "GET /pmwiki/pmwiki.php/PmWiki/BasicVariables?action=upload HTTP/1.1" 200 12412 "-" "Mozilla/5.0 (compatible; MegaIndex.ru/2.0; +http://megaindex.com/crawler)"
176.9.58.227 - - [17/Jan/2023:21:38:17 +0100] "GET /pmwiki/pmwiki.php/PmWiki/BasicVariables?action=print HTTP/1.1" 200 9250 "-" "Mozilla/5.0 (compatible; MegaIndex.ru/2.0; +http://megaindex.com/crawler)"
176.9.58.227 - - [17/Jan/2023:21:38:24 +0100] "GET /pmwiki/pmwiki.php/PmWiki/BasicVariables?action=diff HTTP/1.1" 200 12947 "-" "Mozilla/5.0 (compatible; MegaIndex.ru/2.0; +http://megaindex.com/crawler)"
176.9.58.227 - - [17/Jan/2023:21:38:26 +0100] "GET /pmwiki/pmwiki.php/PmWiki/WikiGroups HTTP/1.1" 302 212 "-" "Mozilla/5.0 (compatible; MegaIndex.ru/2.0; +http://megaindex.com/crawler)"
217.113.194.103 - - [17/Jan/2023:21:38:27 +0100] "GET /pmwiki/pmwiki.php/Main/H%EDrek?action=diff HTTP/1.1" 200 21348 "-" "Mozilla/5.0 (compatible; Barkrowler/0.9; +https://babbar.tech/crawler)"
176.9.58.227 - - [17/Jan/2023:21:38:30 +0100] "GET /pmwiki/pmwiki.php/PmWiki/ChangesFromPmWiki1?action=diff&source=n&minor=n HTTP/1.1" 200 13018 "-" "Mozilla/5.0 (compatible; MegaIndex.ru/2.0; +http://megaindex.com/crawler)"
176.9.58.227 - - [17/Jan/2023:21:38:33 +0100] "GET /pmwiki/pmwiki.php/PmWiki/ChangesFromPmWiki1?action=diff&source=y&minor=y HTTP/1.1" 200 13018 "-" "Mozilla/5.0 (compatible; MegaIndex.ru/2.0; +http://megaindex.com/crawler)"
176.9.58.227 - - [17/Jan/2023:21:38:37 +0100] "GET /pmwiki/pmwiki.php/Main/Minta?action=print HTTP/1.1" 200 5006 "-" "Mozilla/5.0 (compatible; MegaIndex.ru/2.0; +http://megaindex.com/crawler)"
176.9.58.227 - - [17/Jan/2023:21:38:41 +0100] "GET /pmwiki/pmwiki.php/Main/EztMondjukNekik?action=print HTTP/1.1" 200 4479 "-" "Mozilla/5.0 (compatible; MegaIndex.ru/2.0; +http://megaindex.com/crawler)"
217.113.194.77 - - [17/Jan/2023:21:38:42 +0100] "GET /pmwiki/pmwiki.php/Main/Nyilatkozat?action=diff HTTP/1.1" 200 20409 "-" "Mozilla/5.0 (compatible; Barkrowler/0.9; +https://babbar.tech/crawler)"
176.9.58.227 - - [17/Jan/2023:21:38:44 +0100] "GET /pmwiki/pmwiki.php/Main/TRIPSLie?action=print HTTP/1.1" 200 3318 "-" "Mozilla/5.0 (compatible; MegaIndex.ru/2.0; +http://megaindex.com/crawler)"
176.9.58.227 - - [17/Jan/2023:21:38:48 +0100] "GET /pmwiki/pmwiki.php/Main/SMELie?action=print HTTP/1.1" 200 4074 "-" "Mozilla/5.0 (compatible; MegaIndex.ru/2.0; +http://megaindex.com/crawler)"
176.9.58.227 - - [17/Jan/2023:21:38:52 +0100] "GET /pmwiki/pmwiki.php/Main/McCreevy?action=print HTTP/1.1" 200 3664 "-" "Mozilla/5.0 (compatible; MegaIndex.ru/2.0; +http://megaindex.com/crawler)"
176.9.58.227 - - [17/Jan/2023:21:38:57 +0100] "GET /pmwiki/pmwiki.php/Main/HomePage?action=diff&source=n&minor=y HTTP/1.1" 200 115393 "-" "Mozilla/5.0 (compatible; MegaIndex.ru/2.0; +http://megaindex.com/crawler)"
217.113.194.92 - - [17/Jan/2023:21:38:58 +0100] "GET /pmwiki/pmwiki.php/Main/CikkekDRM?action=diff HTTP/1.1" 200 21048 "-" "Mozilla/5.0 (compatible; Barkrowler/0.9; +https://babbar.tech/crawler)"
176.9.58.227 - - [17/Jan/2023:21:39:11 +0100] "GET /pmwiki/pmwiki.php/Main/HomePage?action=diff&source=y&minor=n HTTP/1.1" 200 81542 "-" "Mozilla/5.0 (compatible; MegaIndex.ru/2.0; +http://megaindex.com/crawler)"
217.113.194.88 - - [17/Jan/2023:21:39:13 +0100] "GET /pmwiki/pmwiki.php/Main/CikkekDRM?action=upload HTTP/1.1" 200 12298 "-" "Mozilla/5.0 (compatible; Barkrowler/0.9; +https://babbar.tech/crawler)"
176.9.58.227 - - [17/Jan/2023:21:39:22 +0100] "GET /pmwiki/pmwiki.php/Main/K%f6zlem%e9nye?action=edit HTTP/1.1" 200 12486 "-" "Mozilla/5.0 (compatible; MegaIndex.ru/2.0; +http://megaindex.com/crawler)"
176.9.58.227 - - [17/Jan/2023:21:39:25 +0100] "GET /pmwiki/pmwiki.php/Main/K%f6zlem%e9nye?action=upload HTTP/1.1" 200 12366 "-" "Mozilla/5.0 (compatible; MegaIndex.ru/2.0; +http://megaindex.com/crawler)"
217.113.194.92 - - [17/Jan/2023:21:39:28 +0100] "GET /pmwiki/pmwiki.php/Main/MitTehetek?action=print HTTP/1.1" 200 4202 "-" "Mozilla/5.0 (compatible; Barkrowler/0.9; +https://babbar.tech/crawler)"
176.9.58.227 - - [17/Jan/2023:21:39:29 +0100] "GET /pmwiki/pmwiki.php/Main/K%f6zlem%e9nye?action=print HTTP/1.1" 200 8347 "-" "Mozilla/5.0 (compatible; MegaIndex.ru/2.0; +http://megaindex.com/crawler)"
176.9.58.227 - - [17/Jan/2023:21:39:33 +0100] "GET /pmwiki/pmwiki.php/Main/K%f6zlem%e9nye?action=diff HTTP/1.1" 200 22947 "-" "Mozilla/5.0 (compatible; MegaIndex.ru/2.0; +http://megaindex.com/crawler)"
176.9.58.227 - - [17/Jan/2023:21:39:42 +0100] "GET /pmwiki/pmwiki.php/Main/Mintalevel0509?action=edit HTTP/1.1" 200 12494 "-" "Mozilla/5.0 (compatible; MegaIndex.ru/2.0; +http://megaindex.com/crawler)"
176.9.58.227 - - [17/Jan/2023:21:39:44 +0100] "GET /pmwiki/pmwiki.php/Main/Mintalevel0509?action=upload HTTP/1.1" 200 12374 "-" "Mozilla/5.0 (compatible; MegaIndex.ru/2.0; +http://megaindex.com/crawler)"
217.113.194.87 - - [17/Jan/2023:21:39:45 +0100] "GET /pmwiki/pmwiki.php/Main/MitTehetek?action=upload HTTP/1.1" 200 12310 "-" "Mozilla/5.0 (compatible; Barkrowler/0.9; +https://babbar.tech/crawler)"
176.9.58.227 - - [17/Jan/2023:21:39:47 +0100] "GET /pmwiki/pmwiki.php/Main/Mintalevel0509?action=print HTTP/1.1" 200 6847 "-" "Mozilla/5.0 (compatible; MegaIndex.ru/2.0; +http://megaindex.com/crawler)"
176.9.58.227 - - [17/Jan/2023:21:39:52 +0100] "GET /pmwiki/pmwiki.php/Main/Mintalevel0509?action=diff HTTP/1.1" 200 23141 "-" "Mozilla/5.0 (compatible; MegaIndex.ru/2.0; +http://megaindex.com/crawler)"
176.9.58.227 - - [17/Jan/2023:21:39:57 +0100] "GET /pmwiki/pmwiki.php/Main/Virsligy%e1r?action=diff&source=n&minor=n HTTP/1.1" 200 12867 "-" "Mozilla/5.0 (compatible; MegaIndex.ru/2.0; +http://megaindex.com/crawler)"
217.113.194.79 - - [17/Jan/2023:21:40:00 +0100] "GET /pmwiki/pmwiki.php/Main/MitTehetek?action=edit HTTP/1.1" 200 12430 "-" "Mozilla/5.0 (compatible; Barkrowler/0.9; +https://babbar.tech/crawler)"
176.9.58.227 - - [17/Jan/2023:21:40:01 +0100] "GET /pmwiki/pmwiki.php/Main/Virsligy%e1r?action=diff&source=y&minor=y HTTP/1.1" 200 26322 "-" "Mozilla/5.0 (compatible; MegaIndex.ru/2.0; +http://megaindex.com/crawler)"
176.9.58.227 - - [17/Jan/2023:21:40:07 +0100] "GET /pmwiki/pmwiki.php/Main/Virsligy%e1r?action=edit&restore=diff:1133872308:1133872308:minor&preview=y HTTP/1.1" 200 12513 "-" "Mozilla/5.0 (compatible; MegaIndex.ru/2.0; +http://megaindex.com/crawler)"
176.9.58.227 - - [17/Jan/2023:21:40:10 +0100] "GET /pmwiki/pmwiki.php/Main/AdelphiAlapokm%e1ny?action=diff&source=n&minor=n HTTP/1.1" 200 17542 "-" "Mozilla/5.0 (compatible; MegaIndex.ru/2.0; +http://megaindex.com/crawler)"
176.9.58.227 - - [17/Jan/2023:21:40:14 +0100] "GET /pmwiki/pmwiki.php/Main/AdelphiAlapokm%e1ny?action=diff&source=y&minor=y HTTP/1.1" 200 17338 "-" "Mozilla/5.0 (compatible; MegaIndex.ru/2.0; +http://megaindex.com/crawler)"
217.113.194.113 - - [17/Jan/2023:21:40:15 +0100] "GET /pmwiki/pmwiki.php/Main/Virsligy%E1r?action=print HTTP/1.1" 200 15382 "-" "Mozilla/5.0 (compatible; Barkrowler/0.9; +https://babbar.tech/crawler)"
176.9.58.227 - - [17/Jan/2023:21:40:19 +0100] "GET /pmwiki/pmwiki.php/Main/AdelphiAlapokm%e1ny?action=edit&restore=diff:1129548180:1129548180:&preview=y HTTP/1.1" 200 12619 "-" "Mozilla/5.0 (compatible; MegaIndex.ru/2.0; +http://megaindex.com/crawler)"
176.9.58.227 - - [17/Jan/2023:21:40:23 +0100] "GET /pmwiki/pmwiki.php/Main/AzIPRJavaslat?action=diff&source=n&minor=n HTTP/1.1" 200 16096 "-" "Mozilla/5.0 (compatible; MegaIndex.ru/2.0; +http://megaindex.com/crawler)"
176.9.58.227 - - [17/Jan/2023:21:40:28 +0100] "GET /pmwiki/pmwiki.php/Main/AzIPRJavaslat?action=diff&source=y&minor=y HTTP/1.1" 200 16280 "-" "Mozilla/5.0 (compatible; MegaIndex.ru/2.0; +http://megaindex.com/crawler)"
217.113.194.90 - - [17/Jan/2023:21:40:30 +0100] "GET /pmwiki/pmwiki.php/Main/Virsligy%E1r?action=edit HTTP/1.1" 200 12462 "-" "Mozilla/5.0 (compatible; Barkrowler/0.9; +https://babbar.tech/crawler)"
176.9.58.227 - - [17/Jan/2023:21:40:35 +0100] "GET /pmwiki/pmwiki.php/Main/AzIPRJavaslat?action=edit&restore=diff:1121365944:1121365944:&preview=y HTTP/1.1" 200 12524 "-" "Mozilla/5.0 (compatible; MegaIndex.ru/2.0; +http://megaindex.com/crawler)"
176.9.58.227 - - [17/Jan/2023:21:40:38 +0100] "GET /pmwiki/pmwiki.php/Main/RocardEp2?action=diff&source=n&minor=n HTTP/1.1" 200 12815 "-" "Mozilla/5.0 (compatible; MegaIndex.ru/2.0; +http://megaindex.com/crawler)"
176.9.58.227 - - [17/Jan/2023:21:40:42 +0100] "GET /pmwiki/pmwiki.php/Main/RocardEp2?action=diff&source=y&minor=y HTTP/1.1" 200 30341 "-" "Mozilla/5.0 (compatible; MegaIndex.ru/2.0; +http://megaindex.com/crawler)"
217.113.194.102 - - [17/Jan/2023:21:40:46 +0100] "GET /pmwiki/pmwiki.php/Main/RocardEp2?action=print HTTP/1.1" 200 18508 "-" "Mozilla/5.0 (compatible; Barkrowler/0.9; +https://babbar.tech/crawler)"
176.9.58.227 - - [17/Jan/2023:21:40:48 +0100] "GET /pmwiki/pmwiki.php/Main/RocardEp2?action=edit&restore=diff:1121689426:1121689426:minor&preview=y HTTP/1.1" 200 12465 "-" "Mozilla/5.0 (compatible; MegaIndex.ru/2.0; +http://megaindex.com/crawler)"
176.9.58.227 - - [17/Jan/2023:21:40:51 +0100] "GET /pmwiki/pmwiki.php/Main/Minimum?action=diff&source=n&minor=n HTTP/1.1" 200 21869 "-" "Mozilla/5.0 (compatible; MegaIndex.ru/2.0; +http://megaindex.com/crawler)"
176.9.58.227 - - [17/Jan/2023:21:40:57 +0100] "GET /pmwiki/pmwiki.php/Main/Minimum?action=diff&source=y&minor=y HTTP/1.1" 200 26187 "-" "Mozilla/5.0 (compatible; MegaIndex.ru/2.0; +http://megaindex.com/crawler)"
217.113.194.72 - - [17/Jan/2023:21:41:01 +0100] "GET /pmwiki/pmwiki.php/Main/RocardEp2?action=upload HTTP/1.1" 200 12294 "-" "Mozilla/5.0 (compatible; Barkrowler/0.9; +https://babbar.tech/crawler)"
176.9.58.227 - - [17/Jan/2023:21:41:04 +0100] "GET /pmwiki/pmwiki.php/Main/Minimum?action=edit&restore=diff:1120339121:1120339092:&preview=y HTTP/1.1" 200 12428 "-" "Mozilla/5.0 (compatible; MegaIndex.ru/2.0; +http://megaindex.com/crawler)"
176.9.58.227 - - [17/Jan/2023:21:41:07 +0100] "GET /pmwiki/pmwiki.php/Main/Minimum?action=edit&restore=diff:1120339092:1120337534:&preview=y HTTP/1.1" 200 12428 "-" "Mozilla/5.0 (compatible; MegaIndex.ru/2.0; +http://megaindex.com/crawler)"
176.9.58.227 - - [17/Jan/2023:21:41:11 +0100] "GET /pmwiki/pmwiki.php/Main/Minimum?action=edit&restore=diff:1120337534:1120337458:minor&preview=y HTTP/1.1" 200 12433 "-" "Mozilla/5.0 (compatible; MegaIndex.ru/2.0; +http://megaindex.com/crawler)"
176.9.58.227 - - [17/Jan/2023:21:41:15 +0100] "GET /pmwiki/pmwiki.php/Main/Minimum?action=edit&restore=diff:1120337458:1120337421:&preview=y HTTP/1.1" 200 12428 "-" "Mozilla/5.0 (compatible; MegaIndex.ru/2.0; +http://megaindex.com/crawler)"
217.113.194.96 - - [17/Jan/2023:21:41:16 +0100] "GET /pmwiki/pmwiki.php/Main/RocardEp2?action=edit HTTP/1.1" 200 12414 "-" "Mozilla/5.0 (compatible; Barkrowler/0.9; +https://babbar.tech/crawler)"
176.9.58.227 - - [17/Jan/2023:21:41:18 +0100] "GET /pmwiki/pmwiki.php/Main/Minimum?action=edit&restore=diff:1120337421:1120336117:minor&preview=y HTTP/1.1" 200 12433 "-" "Mozilla/5.0 (compatible; MegaIndex.ru/2.0; +http://megaindex.com/crawler)"
176.9.58.227 - - [17/Jan/2023:21:41:21 +0100] "GET /pmwiki/pmwiki.php/Main/Minimum?action=edit&restore=diff:1120336117:1120335937:minor&preview=y HTTP/1.1" 200 12433 "-" "Mozilla/5.0 (compatible; MegaIndex.ru/2.0; +http://megaindex.com/crawler)"
176.9.58.227 - - [17/Jan/2023:21:41:25 +0100] "GET /pmwiki/pmwiki.php/Main/Minimum?action=edit&restore=diff:1120335937:1120335937:&preview=y HTTP/1.1" 200 12428 "-" "Mozilla/5.0 (compatible; MegaIndex.ru/2.0; +http://megaindex.com/crawler)"
176.9.58.227 - - [17/Jan/2023:21:41:28 +0100] "GET /pmwiki/pmwiki.php/Main/Telefonon?action=diff&source=n&minor=n HTTP/1.1" 200 17499 "-" "Mozilla/5.0 (compatible; MegaIndex.ru/2.0; +http://megaindex.com/crawler)"
217.113.194.91 - - [17/Jan/2023:21:41:32 +0100] "GET /pmwiki/pmwiki.php/Main/TelefononFaxon?action=diff HTTP/1.1" 200 12908 "-" "Mozilla/5.0 (compatible; Barkrowler/0.9; +https://babbar.tech/crawler)"
176.9.58.227 - - [17/Jan/2023:21:41:34 +0100] "GET /pmwiki/pmwiki.php/Main/Telefonon?action=diff&source=y&minor=y HTTP/1.1" 200 26794 "-" "Mozilla/5.0 (compatible; MegaIndex.ru/2.0; +http://megaindex.com/crawler)"
176.9.58.227 - - [17/Jan/2023:21:41:39 +0100] "GET /pmwiki/pmwiki.php/Main/Telefonon?action=edit&restore=diff:1120471992:1120464707:&preview=y HTTP/1.1" 200 12460 "-" "Mozilla/5.0 (compatible; MegaIndex.ru/2.0; +http://megaindex.com/crawler)"
176.9.58.227 - - [17/Jan/2023:21:41:42 +0100] "GET /pmwiki/pmwiki.php/Main/Telefonon?action=edit&restore=diff:1120464707:1120376676:&preview=y HTTP/1.1" 200 12460 "-" "Mozilla/5.0 (compatible; MegaIndex.ru/2.0; +http://megaindex.com/crawler)"
176.9.58.227 - - [17/Jan/2023:21:41:45 +0100] "GET /pmwiki/pmwiki.php/Main/Telefonon?action=edit&restore=diff:1120376676:1120344315:&preview=y HTTP/1.1" 200 12460 "-" "Mozilla/5.0 (compatible; MegaIndex.ru/2.0; +http://megaindex.com/crawler)"
217.113.194.114 - - [17/Jan/2023:21:41:47 +0100] "GET /pmwiki/pmwiki.php/Main/TelefononFaxon?action=upload HTTP/1.1" 200 12377 "-" "Mozilla/5.0 (compatible; Barkrowler/0.9; +https://babbar.tech/crawler)"
176.9.58.227 - - [17/Jan/2023:21:41:48 +0100] "GET /pmwiki/pmwiki.php/Main/Telefonon?action=edit&restore=diff:1120344315:1120344199:minor&preview=y HTTP/1.1" 200 12465 "-" "Mozilla/5.0 (compatible; MegaIndex.ru/2.0; +http://megaindex.com/crawler)"
176.9.58.227 - - [17/Jan/2023:21:41:51 +0100] "GET /pmwiki/pmwiki.php/Main/Telefonon?action=edit&restore=diff:1120344199:1120323321:minor&preview=y HTTP/1.1" 200 12465 "-" "Mozilla/5.0 (compatible; MegaIndex.ru/2.0; +http://megaindex.com/crawler)"
176.9.58.227 - - [17/Jan/2023:21:41:55 +0100] "GET /pmwiki/pmwiki.php/Main/Telefonon?action=edit&restore=diff:1120323321:1120224313:minor&preview=y HTTP/1.1" 200 12465 "-" "Mozilla/5.0 (compatible; MegaIndex.ru/2.0; +http://megaindex.com/crawler)"
176.9.58.227 - - [17/Jan/2023:21:41:59 +0100] "GET /pmwiki/pmwiki.php/Main/Telefonon?action=edit&restore=diff:1120224313:1120224298:&preview=y HTTP/1.1" 200 12460 "-" "Mozilla/5.0 (compatible; MegaIndex.ru/2.0; +http://megaindex.com/crawler)"
217.113.194.73 - - [17/Jan/2023:21:42:03 +0100] "GET /pmwiki/pmwiki.php/Main/Gazdas%E1giOldal HTTP/1.1" 200 19537 "-" "Mozilla/5.0 (compatible; Barkrowler/0.9; +https://babbar.tech/crawler)"
176.9.58.227 - - [17/Jan/2023:21:42:03 +0100] "GET /pmwiki/pmwiki.php/Main/Telefonon?action=edit&restore=diff:1120224298:1120224079:&preview=y HTTP/1.1" 200 12460 "-" "Mozilla/5.0 (compatible; MegaIndex.ru/2.0; +http://megaindex.com/crawler)"
176.9.58.227 - - [17/Jan/2023:21:42:06 +0100] "GET /pmwiki/pmwiki.php/Main/Telefonon?action=edit&restore=diff:1120224079:1120223722:minor&preview=y HTTP/1.1" 200 12465 "-" "Mozilla/5.0 (compatible; MegaIndex.ru/2.0; +http://megaindex.com/crawler)"
176.9.58.227 - - [17/Jan/2023:21:42:10 +0100] "GET /pmwiki/pmwiki.php/Main/Telefonon?action=edit&restore=diff:1120223722:1120223622:minor&preview=y HTTP/1.1" 200 12465 "-" "Mozilla/5.0 (compatible; MegaIndex.ru/2.0; +http://megaindex.com/crawler)"
176.9.58.227 - - [17/Jan/2023:21:42:13 +0100] "GET /pmwiki/pmwiki.php/Main/Telefonon?action=edit&restore=diff:1120223622:1120223622:minor&preview=y HTTP/1.1" 200 12465 "-" "Mozilla/5.0 (compatible; MegaIndex.ru/2.0; +http://megaindex.com/crawler)"
176.9.58.227 - - [17/Jan/2023:21:42:16 +0100] "GET /pmwiki/pmwiki.php/Main/Minta?action=edit HTTP/1.1" 200 12350 "-" "Mozilla/5.0 (compatible; MegaIndex.ru/2.0; +http://megaindex.com/crawler)"
217.113.194.106 - - [17/Jan/2023:21:42:18 +0100] "GET /pmwiki/pmwiki.php/Main/2005J%FAnius?action=edit HTTP/1.1" 200 12458 "-" "Mozilla/5.0 (compatible; Barkrowler/0.9; +https://babbar.tech/crawler)"
176.9.58.227 - - [17/Jan/2023:21:42:20 +0100] "GET /pmwiki/pmwiki.php/Main/Minta?action=upload HTTP/1.1" 200 12230 "-" "Mozilla/5.0 (compatible; MegaIndex.ru/2.0; +http://megaindex.com/crawler)"
176.9.58.227 - - [17/Jan/2023:21:42:24 +0100] "GET /pmwiki/pmwiki.php/Main/Minta?action=diff HTTP/1.1" 200 15808 "-" "Mozilla/5.0 (compatible; MegaIndex.ru/2.0; +http://megaindex.com/crawler)"
176.9.58.227 - - [17/Jan/2023:21:42:28 +0100] "GET /pmwiki/pmwiki.php/Main/EztMondjukNekik?action=edit HTTP/1.1" 200 12510 "-" "Mozilla/5.0 (compatible; MegaIndex.ru/2.0; +http://megaindex.com/crawler)"
176.9.58.227 - - [17/Jan/2023:21:42:30 +0100] "GET /pmwiki/pmwiki.php/Main/EztMondjukNekik?action=upload HTTP/1.1" 200 12390 "-" "Mozilla/5.0 (compatible; MegaIndex.ru/2.0; +http://megaindex.com/crawler)"
217.113.194.96 - - [17/Jan/2023:21:42:33 +0100] "GET /pmwiki/pmwiki.php/Main/2005Szeptember2?action=edit HTTP/1.1" 200 12510 "-" "Mozilla/5.0 (compatible; Barkrowler/0.9; +https://babbar.tech/crawler)"
176.9.58.227 - - [17/Jan/2023:21:42:35 +0100] "GET /pmwiki/pmwiki.php/Main/EztMondjukNekik?action=diff HTTP/1.1" 200 15515 "-" "Mozilla/5.0 (compatible; MegaIndex.ru/2.0; +http://megaindex.com/crawler)"
176.9.58.227 - - [17/Jan/2023:21:42:39 +0100] "GET /pmwiki/pmwiki.php/Main/Marc08essay?action=diff&source=n&minor=n HTTP/1.1" 200 76748 "-" "Mozilla/5.0 (compatible; MegaIndex.ru/2.0; +http://megaindex.com/crawler)"
217.113.194.120 - - [17/Jan/2023:21:42:49 +0100] "GET /pmwiki/pmwiki.php/Main/2005Szeptember2?action=print HTTP/1.1" 200 4183 "-" "Mozilla/5.0 (compatible; Barkrowler/0.9; +https://babbar.tech/crawler)"
176.9.58.227 - - [17/Jan/2023:21:42:51 +0100] "GET /pmwiki/pmwiki.php/Main/Marc08essay?action=diff&source=y&minor=y HTTP/1.1" 200 80195 "-" "Mozilla/5.0 (compatible; MegaIndex.ru/2.0; +http://megaindex.com/crawler)"
176.9.58.227 - - [17/Jan/2023:21:43:02 +0100] "GET /pmwiki/pmwiki.php/Main/Marc08essay?action=edit&restore=diff:1118076071:1117718643:&preview=y HTTP/1.1" 200 12492 "-" "Mozilla/5.0 (compatible; MegaIndex.ru/2.0; +http://megaindex.com/crawler)"
217.113.194.108 - - [17/Jan/2023:21:43:04 +0100] "GET /pmwiki/pmwiki.php/Main/Sajt%F3anyag HTTP/1.1" 200 13697 "-" "Mozilla/5.0 (compatible; Barkrowler/0.9; +https://babbar.tech/crawler)"
176.9.58.227 - - [17/Jan/2023:21:43:06 +0100] "GET /pmwiki/pmwiki.php/Main/Marc08essay?action=edit&restore=diff:1117718643:1110541111:&preview=y HTTP/1.1" 200 12492 "-" "Mozilla/5.0 (compatible; MegaIndex.ru/2.0; +http://megaindex.com/crawler)"
176.9.58.227 - - [17/Jan/2023:21:43:10 +0100] "GET /pmwiki/pmwiki.php/Main/Marc08essay?action=edit&restore=diff:1110541111:1110539297:&preview=y HTTP/1.1" 200 12492 "-" "Mozilla/5.0 (compatible; MegaIndex.ru/2.0; +http://megaindex.com/crawler)"
176.9.58.227 - - [17/Jan/2023:21:43:15 +0100] "GET /pmwiki/pmwiki.php/Main/Marc08essay?action=edit&restore=diff:1110539297:1110531202:&preview=y HTTP/1.1" 200 12492 "-" "Mozilla/5.0 (compatible; MegaIndex.ru/2.0; +http://megaindex.com/crawler)"
176.9.58.227 - - [17/Jan/2023:21:43:19 +0100] "GET /pmwiki/pmwiki.php/Main/Marc08essay?action=edit&restore=diff:1110531202:1110531202:&preview=y HTTP/1.1" 200 12492 "-" "Mozilla/5.0 (compatible; MegaIndex.ru/2.0; +http://megaindex.com/crawler)"
217.113.194.68 - - [17/Jan/2023:21:43:19 +0100] "GET /pmwiki/pmwiki.php/PmWiki/ReleaseNotes?action=diff HTTP/1.1" 200 12910 "-" "Mozilla/5.0 (compatible; Barkrowler/0.9; +https://babbar.tech/crawler)"
176.9.58.227 - - [17/Jan/2023:21:43:23 +0100] "GET /pmwiki/pmwiki.php/Main/BMEKonferencia?action=diff&source=n&minor=n HTTP/1.1" 200 76698 "-" "Mozilla/5.0 (compatible; MegaIndex.ru/2.0; +http://megaindex.com/crawler)"
217.113.194.79 - - [17/Jan/2023:21:43:35 +0100] "GET /pmwiki/pmwiki.php/PmWiki/ReleaseNotes?action=upload HTTP/1.1" 200 12379 "-" "Mozilla/5.0 (compatible; Barkrowler/0.9; +https://babbar.tech/crawler)"
176.9.58.227 - - [17/Jan/2023:21:43:39 +0100] "GET /pmwiki/pmwiki.php/Main/BMEKonferencia?action=diff&source=y&minor=y HTTP/1.1" 200 79537 "-" "Mozilla/5.0 (compatible; MegaIndex.ru/2.0; +http://megaindex.com/crawler)"
176.9.58.227 - - [17/Jan/2023:21:43:48 +0100] "GET /pmwiki/pmwiki.php/Main/BMEKonferencia?action=edit&restore=diff:1118751622:1117718677:&preview=y HTTP/1.1" 200 12540 "-" "Mozilla/5.0 (compatible; MegaIndex.ru/2.0; +http://megaindex.com/crawler)"
217.113.194.81 - - [17/Jan/2023:21:43:50 +0100] "GET /pmwiki/pmwiki.php/PmWiki/ReleaseNotes?action=print HTTP/1.1" 200 20359 "-" "Mozilla/5.0 (compatible; Barkrowler/0.9; +https://babbar.tech/crawler)"
176.9.58.227 - - [17/Jan/2023:21:43:52 +0100] "GET /pmwiki/pmwiki.php/Main/BMEKonferencia?action=edit&restore=diff:1117718677:1110548618:&preview=y HTTP/1.1" 200 12540 "-" "Mozilla/5.0 (compatible; MegaIndex.ru/2.0; +http://megaindex.com/crawler)"
176.9.58.227 - - [17/Jan/2023:21:43:58 +0100] "GET /pmwiki/pmwiki.php/Main/BMEKonferencia?action=edit&restore=diff:1110548618:1110548500:&preview=y HTTP/1.1" 200 12540 "-" "Mozilla/5.0 (compatible; MegaIndex.ru/2.0; +http://megaindex.com/crawler)"
176.9.58.227 - - [17/Jan/2023:21:44:01 +0100] "GET /pmwiki/pmwiki.php/Main/BMEKonferencia?action=edit&restore=diff:1110548500:1110548442:&preview=y HTTP/1.1" 200 12540 "-" "Mozilla/5.0 (compatible; MegaIndex.ru/2.0; +http://megaindex.com/crawler)"
