216.244.66.203 - - [02/Jan/2023:19:00:06 +0100] "GET /pmwiki/pmwiki.php/Profiles/IPRjavaslat?action=diff&source=n&minor=y HTTP/1.1" 200 12930 "-" "Mozilla/5.0 (compatible; DotBot/1.2; +https://opensiteexplorer.org/dotbot; help@moz.com)"
54.36.149.54 - - [02/Jan/2023:19:03:34 +0100] "GET /pmwiki/pmwiki.php/Main/AJelenlegiSzerzoiJogiTorveny HTTP/1.1" 200 18664 "-" "Mozilla/5.0 (compatible; AhrefsBot/7.0; +http://ahrefs.com/robot/)"
216.244.66.203 - - [02/Jan/2023:20:23:45 +0100] "GET /robots.txt HTTP/1.1" 404 1181 "-" "Mozilla/5.0 (compatible; DotBot/1.2; +https://opensiteexplorer.org/dotbot; help@moz.com)"
185.191.171.39 - - [02/Jan/2023:20:26:04 +0100] "GET /robots.txt HTTP/1.1" 404 1181 "-" "Mozilla/5.0 (compatible; SemrushBot/7~bl; +http://www.semrush.com/bot.html)"
185.191.171.41 - - [02/Jan/2023:20:26:05 +0100] "GET /pmwiki/pmwiki.php/Main/H%EDrek HTTP/1.1" 200 15050 "-" "Mozilla/5.0 (compatible; SemrushBot/7~bl; +http://www.semrush.com/bot.html)"
216.244.66.203 - - [02/Jan/2023:20:46:16 +0100] "GET /pmwiki/pmwiki.php/Emeltdijas/Hu?action=diff&source=n&minor=y HTTP/1.1" 200 14411 "-" "Mozilla/5.0 (compatible; DotBot/1.2; +https://opensiteexplorer.org/dotbot; help@moz.com)"
216.244.66.203 - - [02/Jan/2023:20:46:21 +0100] "GET /pmwiki/pmwiki.php/Profiles/Pm?action=diff&source=y&minor=n HTTP/1.1" 200 12768 "-" "Mozilla/5.0 (compatible; DotBot/1.2; +https://opensiteexplorer.org/dotbot; help@moz.com)"
216.244.66.203 - - [02/Jan/2023:21:17:43 +0100] "GET /robots.txt HTTP/1.1" 404 1181 "-" "Mozilla/5.0 (compatible; DotBot/1.2; +https://opensiteexplorer.org/dotbot; help@moz.com)"
185.191.171.1 - - [02/Jan/2023:21:27:59 +0100] "GET /robots.txt HTTP/1.1" 404 1181 "-" "Mozilla/5.0 (compatible; SemrushBot/7~bl; +http://www.semrush.com/bot.html)"
185.191.171.35 - - [02/Jan/2023:21:28:00 +0100] "GET /pmwiki/pmwiki.php/Main/2005M%E1rciusiNyilatkozat HTTP/1.1" 200 15044 "-" "Mozilla/5.0 (compatible; SemrushBot/7~bl; +http://www.semrush.com/bot.html)"
216.244.66.203 - - [02/Jan/2023:21:46:48 +0100] "GET /pmwiki/pmwiki.php/Main/JuriVelemeny?action=diff&source=y&minor=n HTTP/1.1" 200 27056 "-" "Mozilla/5.0 (compatible; DotBot/1.2; +https://opensiteexplorer.org/dotbot; help@moz.com)"
216.244.66.203 - - [02/Jan/2023:21:46:55 +0100] "GET /pmwiki/pmwiki.php/Main/Marc08essay?action=diff&source=n&minor=y HTTP/1.1" 200 76748 "-" "Mozilla/5.0 (compatible; DotBot/1.2; +https://opensiteexplorer.org/dotbot; help@moz.com)"
216.244.66.203 - - [02/Jan/2023:21:47:03 +0100] "GET /pmwiki/pmwiki.php/Main/MitTehetek?action=diff&source=y&minor=n HTTP/1.1" 200 18913 "-" "Mozilla/5.0 (compatible; DotBot/1.2; +https://opensiteexplorer.org/dotbot; help@moz.com)"
216.244.66.203 - - [02/Jan/2023:21:47:08 +0100] "GET /pmwiki/pmwiki.php/Main/RocardEp2?action=diff&source=n&minor=y HTTP/1.1" 200 29492 "-" "Mozilla/5.0 (compatible; DotBot/1.2; +https://opensiteexplorer.org/dotbot; help@moz.com)"
216.244.66.203 - - [02/Jan/2023:21:48:21 +0100] "GET /pmwiki/pmwiki.php/Main/2004-esNyilatkozat?action=diff&source=n&minor=y HTTP/1.1" 200 17019 "-" "Mozilla/5.0 (compatible; DotBot/1.2; +https://opensiteexplorer.org/dotbot; help@moz.com)"
216.244.66.203 - - [02/Jan/2023:21:48:25 +0100] "GET /pmwiki/pmwiki.php/PmWiki/SimpleTables2?action=diff&source=y&minor=n HTTP/1.1" 200 12929 "-" "Mozilla/5.0 (compatible; DotBot/1.2; +https://opensiteexplorer.org/dotbot; help@moz.com)"
216.244.66.203 - - [02/Jan/2023:22:12:30 +0100] "GET /robots.txt HTTP/1.1" 404 1181 "-" "Mozilla/5.0 (compatible; DotBot/1.2; +https://opensiteexplorer.org/dotbot; help@moz.com)"
185.191.171.25 - - [02/Jan/2023:22:19:29 +0100] "GET /pmwiki/pmwiki.php/Main/Cutts HTTP/1.1" 200 31570 "-" "Mozilla/5.0 (compatible; SemrushBot/7~bl; +http://www.semrush.com/bot.html)"
185.191.171.8 - - [02/Jan/2023:22:20:03 +0100] "GET /pmwiki/pmwiki.php/Main/Linkek HTTP/1.1" 200 28889 "-" "Mozilla/5.0 (compatible; SemrushBot/7~bl; +http://www.semrush.com/bot.html)"
17.241.227.216 - - [02/Jan/2023:22:38:17 +0100] "GET /robots.txt HTTP/1.1" 404 1181 "-" "Mozilla/5.0 (Macintosh; Intel Mac OS X 10_15_5) AppleWebKit/605.1.15 (KHTML, like Gecko) Version/13.1.1 Safari/605.1.15 (Applebot/0.1; +http://www.apple.com/go/applebot)"
17.241.227.216 - - [02/Jan/2023:22:38:17 +0100] "GET /favicon.ico HTTP/1.1" 404 1181 "-" "Mozilla/5.0 (Macintosh; Intel Mac OS X 10_15_5) AppleWebKit/605.1.15 (KHTML, like Gecko) Version/13.1.1 Safari/605.1.15 (Applebot/0.1; +http://www.apple.com/go/applebot)"
216.244.66.203 - - [02/Jan/2023:22:39:47 +0100] "GET /pmwiki/pmwiki.php/Main/2005M%E1rciusiNyilatkozat?action=diff&source=y&minor=n HTTP/1.1" 200 16433 "-" "Mozilla/5.0 (compatible; DotBot/1.2; +https://opensiteexplorer.org/dotbot; help@moz.com)"
216.244.66.203 - - [02/Jan/2023:22:39:54 +0100] "GET /pmwiki/pmwiki.php/Main/Befektet%E9sv%E9delem?action=diff&source=n&minor=y HTTP/1.1" 200 17266 "-" "Mozilla/5.0 (compatible; DotBot/1.2; +https://opensiteexplorer.org/dotbot; help@moz.com)"
216.244.66.203 - - [02/Jan/2023:22:39:58 +0100] "GET /pmwiki/pmwiki.php/PmWiki/WikiStyleExamples?action=diff&source=y&minor=n HTTP/1.1" 200 13000 "-" "Mozilla/5.0 (compatible; DotBot/1.2; +https://opensiteexplorer.org/dotbot; help@moz.com)"
77.75.79.31 - - [02/Jan/2023:22:54:15 +0100] "GET /robots.txt HTTP/1.1" 404 1181 "-" "Mozilla/5.0 (compatible; SeznamBot/4.0-RC1; +http://napoveda.seznam.cz/seznambot-intro/)"
77.75.79.31 - - [02/Jan/2023:22:54:15 +0100] "GET /pmwiki/pmwiki.php/Main/Ipr HTTP/1.1" 200 13258 "-" "Mozilla/5.0 (compatible; SeznamBot/4.0-RC1; +http://napoveda.seznam.cz/seznambot-intro/)"
54.36.148.146 - - [02/Jan/2023:22:57:05 +0100] "GET /robots.txt HTTP/1.1" 404 1181 "-" "Mozilla/5.0 (compatible; AhrefsBot/7.0; +http://ahrefs.com/robot/)"
54.36.148.176 - - [02/Jan/2023:22:57:06 +0100] "GET /pmwiki/pmwiki.php/Main/Marc07PR HTTP/1.1" 200 14243 "-" "Mozilla/5.0 (compatible; AhrefsBot/7.0; +http://ahrefs.com/robot/)"
216.244.66.203 - - [02/Jan/2023:23:06:56 +0100] "GET /robots.txt HTTP/1.1" 404 1181 "-" "Mozilla/5.0 (compatible; DotBot/1.2; +https://opensiteexplorer.org/dotbot; help@moz.com)"
54.36.148.198 - - [02/Jan/2023:23:26:36 +0100] "GET /pmwiki/pmwiki.php/PmWiki/TipsForEditing HTTP/1.1" 200 15017 "-" "Mozilla/5.0 (compatible; AhrefsBot/7.0; +http://ahrefs.com/robot/)"
216.244.66.203 - - [02/Jan/2023:23:28:12 +0100] "GET /pmwiki/pmwiki.php/Cookbook/EditBar?action=diff&source=y&minor=n HTTP/1.1" 200 12858 "-" "Mozilla/5.0 (compatible; DotBot/1.2; +https://opensiteexplorer.org/dotbot; help@moz.com)"
54.36.148.213 - - [02/Jan/2023:23:57:02 +0100] "GET /pmwiki/pmwiki.php/PmWiki/ReleaseNotes HTTP/1.1" 200 29978 "-" "Mozilla/5.0 (compatible; AhrefsBot/7.0; +http://ahrefs.com/robot/)"
216.244.66.203 - - [03/Jan/2023:00:01:12 +0100] "GET /robots.txt HTTP/1.1" 404 1181 "-" "Mozilla/5.0 (compatible; DotBot/1.2; +https://opensiteexplorer.org/dotbot; help@moz.com)"
216.244.66.203 - - [03/Jan/2023:00:26:46 +0100] "GET /pmwiki/pmwiki.php/PmWiki/Audiences?action=diff&source=y&minor=n HTTP/1.1" 200 12855 "-" "Mozilla/5.0 (compatible; DotBot/1.2; +https://opensiteexplorer.org/dotbot; help@moz.com)"
216.244.66.203 - - [03/Jan/2023:00:26:51 +0100] "GET /pmwiki/pmwiki.php/PmWiki/WikiWord?action=diff&source=y&minor=n HTTP/1.1" 200 12840 "-" "Mozilla/5.0 (compatible; DotBot/1.2; +https://opensiteexplorer.org/dotbot; help@moz.com)"
216.244.66.203 - - [03/Jan/2023:00:26:56 +0100] "GET /pmwiki/pmwiki.php/Profiles/Profiles?action=diff&source=n&minor=y HTTP/1.1" 200 12876 "-" "Mozilla/5.0 (compatible; DotBot/1.2; +https://opensiteexplorer.org/dotbot; help@moz.com)"
54.36.149.75 - - [03/Jan/2023:00:27:39 +0100] "GET /pmwiki/pmwiki.php/PmWiki/Installation HTTP/1.1" 200 17595 "-" "Mozilla/5.0 (compatible; AhrefsBot/7.0; +http://ahrefs.com/robot/)"
114.119.155.228 - - [03/Jan/2023:00:58:09 +0100] "GET /pmwiki/pmwiki.php/Main/Befektet%E9sv%E9delem?action=diff HTTP/1.1" 200 17266 "http://swpat.zpok.hu/pmwiki/pmwiki.php/Main/Befektet%e9sv%e9delem" "Mozilla/5.0 (Linux; Android 7.0;) AppleWebKit/537.36 (KHTML, like Gecko) Mobile Safari/537.36 (compatible; PetalBot;+https://webmaster.petalsearch.com/site/petalbot)"
110.249.201.161 - - [03/Jan/2023:01:02:28 +0100] "GET /robots.txt HTTP/1.1" 404 1181 "-" "Mozilla/5.0 (Linux; Android 5.0) AppleWebKit/537.36 (KHTML, like Gecko) Mobile Safari/537.36 (compatible; Bytespider; https://zhanzhang.toutiao.com/)"
66.249.65.150 - - [03/Jan/2023:01:25:18 +0100] "GET /robots.txt HTTP/1.1" 404 1181 "-" "Mozilla/5.0 (compatible; Googlebot/2.1; +http://www.google.com/bot.html)"
66.249.65.154 - - [03/Jan/2023:01:25:19 +0100] "GET /pmwiki/pmwiki.php/Main/Doksik HTTP/1.1" 200 14123 "-" "Mozilla/5.0 (Linux; Android 6.0.1; Nexus 5X Build/MMB29P) AppleWebKit/537.36 (KHTML, like Gecko) Chrome/107.0.5304.115 Mobile Safari/537.36 (compatible; Googlebot/2.1; +http://www.google.com/bot.html)"
114.119.148.242 - - [03/Jan/2023:01:39:48 +0100] "GET /pmwiki/pmwiki.php/Main/SMELie HTTP/1.1" 200 13592 "http://swpat.zpok.hu/pmwiki/pmwiki.php/Main/BMEKonferencia" "Mozilla/5.0 (Linux; Android 7.0;) AppleWebKit/537.36 (KHTML, like Gecko) Mobile Safari/537.36 (compatible; PetalBot;+https://webmaster.petalsearch.com/site/petalbot)"
114.119.147.2 - - [03/Jan/2023:01:43:10 +0100] "GET /pmwiki/pmwiki.php/Main/HomePage HTTP/1.1" 200 37269 "http://swpat.zpok.hu/pmwiki/pmwiki.php/Main/H%edrek" "Mozilla/5.0 (Linux; Android 7.0;) AppleWebKit/537.36 (KHTML, like Gecko) Mobile Safari/537.36 (compatible; PetalBot;+https://webmaster.petalsearch.com/site/petalbot)"
54.36.149.80 - - [03/Jan/2023:01:49:30 +0100] "GET /pmwiki/pmwiki.php/Main/TRIPSLie?action=print HTTP/1.1" 200 3318 "-" "Mozilla/5.0 (compatible; AhrefsBot/7.0; +http://ahrefs.com/robot/)"
216.244.66.203 - - [03/Jan/2023:01:53:59 +0100] "GET /robots.txt HTTP/1.1" 404 1181 "-" "Mozilla/5.0 (compatible; DotBot/1.2; +https://opensiteexplorer.org/dotbot; help@moz.com)"
198.235.24.14 - - [03/Jan/2023:02:14:40 +0100] "GET / HTTP/1.1" 302 5 "-" "Expanse, a Palo Alto Networks company, searches across the global IPv4 space multiple times per day to identify customers' presences on the Internet. If you would like to be excluded from our scans, please send IP addresses/domains to: scaninfo@paloaltonetworks.com"
216.244.66.203 - - [03/Jan/2023:02:18:49 +0100] "GET /pmwiki/pmwiki.php/Main/Doksik?action=diff&source=n&minor=y HTTP/1.1" 200 19426 "-" "Mozilla/5.0 (compatible; DotBot/1.2; +https://opensiteexplorer.org/dotbot; help@moz.com)"
216.244.66.203 - - [03/Jan/2023:02:18:55 +0100] "GET /pmwiki/pmwiki.php/Main/GroupAttributes?action=attr HTTP/1.1" 200 12392 "-" "Mozilla/5.0 (compatible; DotBot/1.2; +https://opensiteexplorer.org/dotbot; help@moz.com)"
216.244.66.203 - - [03/Jan/2023:02:18:59 +0100] "GET /pmwiki/pmwiki.php/Main/K%F6zlem%E9nye?action=diff&source=n&minor=y HTTP/1.1" 200 22947 "-" "Mozilla/5.0 (compatible; DotBot/1.2; +https://opensiteexplorer.org/dotbot; help@moz.com)"
216.244.66.203 - - [03/Jan/2023:02:19:03 +0100] "GET /pmwiki/pmwiki.php/PmWiki/InterMap?action=diff&source=y&minor=n HTTP/1.1" 200 12839 "-" "Mozilla/5.0 (compatible; DotBot/1.2; +https://opensiteexplorer.org/dotbot; help@moz.com)"
216.244.66.203 - - [03/Jan/2023:02:19:07 +0100] "GET /pmwiki/pmwiki.php/PmWiki/PmWiki?action=diff&source=y&minor=n HTTP/1.1" 200 99488 "-" "Mozilla/5.0 (compatible; DotBot/1.2; +https://opensiteexplorer.org/dotbot; help@moz.com)"
216.244.66.203 - - [03/Jan/2023:02:19:10 +0100] "GET /pmwiki/pmwiki.php/PmWiki/RefCount?action=diff&source=n&minor=y HTTP/1.1" 200 12839 "-" "Mozilla/5.0 (compatible; DotBot/1.2; +https://opensiteexplorer.org/dotbot; help@moz.com)"
216.244.66.203 - - [03/Jan/2023:02:19:13 +0100] "GET /pmwiki/pmwiki.php/PmWiki/WikiUsers?action=diff&source=y&minor=n HTTP/1.1" 200 12856 "-" "Mozilla/5.0 (compatible; DotBot/1.2; +https://opensiteexplorer.org/dotbot; help@moz.com)"
114.119.149.171 - - [03/Jan/2023:02:32:39 +0100] "GET /pmwiki/pmwiki.php/PmWiki/WikiGroup HTTP/1.1" 200 14517 "-" "Mozilla/5.0 (Linux; Android 7.0;) AppleWebKit/537.36 (KHTML, like Gecko) Mobile Safari/537.36 (compatible; PetalBot;+https://webmaster.petalsearch.com/site/petalbot)"
114.119.154.59 - - [03/Jan/2023:02:49:17 +0100] "GET /pmwiki/pmwiki.php/Main/Befektet%E9sv%E9delem HTTP/1.1" 200 15814 "http://swpat.zpok.hu/pmwiki/pmwiki.php/Main/H%edrek" "Mozilla/5.0 (Linux; Android 7.0;) AppleWebKit/537.36 (KHTML, like Gecko) Mobile Safari/537.36 (compatible; PetalBot;+https://webmaster.petalsearch.com/site/petalbot)"
216.244.66.203 - - [03/Jan/2023:02:50:24 +0100] "GET /robots.txt HTTP/1.1" 404 1181 "-" "Mozilla/5.0 (compatible; DotBot/1.2; +https://opensiteexplorer.org/dotbot; help@moz.com)"
54.36.148.224 - - [03/Jan/2023:02:55:52 +0100] "GET /pmwiki/pmwiki.php/Main/TRIPSLie?action=diff HTTP/1.1" 200 14070 "-" "Mozilla/5.0 (compatible; AhrefsBot/7.0; +http://ahrefs.com/robot/)"
216.244.66.203 - - [03/Jan/2023:03:10:09 +0100] "GET /pmwiki/pmwiki.php/Main/JuriVelemeny?action=diff&source=n&minor=y HTTP/1.1" 200 26944 "-" "Mozilla/5.0 (compatible; DotBot/1.2; +https://opensiteexplorer.org/dotbot; help@moz.com)"
216.244.66.203 - - [03/Jan/2023:03:12:28 +0100] "GET /pmwiki/pmwiki.php/PmWiki/TextFormattingRules?action=diff&source=y&minor=n HTTP/1.1" 200 13036 "-" "Mozilla/5.0 (compatible; DotBot/1.2; +https://opensiteexplorer.org/dotbot; help@moz.com)"
54.36.148.115 - - [03/Jan/2023:03:52:43 +0100] "GET /pmwiki/pmwiki.php/Main/DRM HTTP/1.1" 200 14856 "-" "Mozilla/5.0 (compatible; AhrefsBot/7.0; +http://ahrefs.com/robot/)"
110.249.202.184 - - [03/Jan/2023:04:34:57 +0100] "GET /robots.txt HTTP/1.1" 404 1181 "-" "Mozilla/5.0 (Linux; Android 5.0) AppleWebKit/537.36 (KHTML, like Gecko) Mobile Safari/537.36 (compatible; Bytespider; https://zhanzhang.toutiao.com/)"
216.244.66.203 - - [03/Jan/2023:04:41:52 +0100] "GET /robots.txt HTTP/1.1" 404 1181 "-" "Mozilla/5.0 (compatible; DotBot/1.2; +https://opensiteexplorer.org/dotbot; help@moz.com)"
17.241.219.27 - - [03/Jan/2023:05:01:33 +0100] "GET /pmwiki/pmwiki.php/Main/Linkek HTTP/1.1" 200 28889 "-" "Mozilla/5.0 (Macintosh; Intel Mac OS X 10_15_5) AppleWebKit/605.1.15 (KHTML, like Gecko) Version/13.1.1 Safari/605.1.15 (Applebot/0.1; +http://www.apple.com/go/applebot)"
216.244.66.203 - - [03/Jan/2023:05:07:50 +0100] "GET /pmwiki/pmwiki.php/Profiles/MacintelDRMOS?action=diff&source=n&minor=y HTTP/1.1" 200 12966 "-" "Mozilla/5.0 (compatible; DotBot/1.2; +https://opensiteexplorer.org/dotbot; help@moz.com)"
66.249.65.150 - - [03/Jan/2023:05:27:25 +0100] "GET /pmwiki/pmwiki.php/Main/CikkekDRM?action=upload HTTP/1.1" 403 30 "-" "Mozilla/5.0 (Linux; Android 6.0.1; Nexus 5X Build/MMB29P) AppleWebKit/537.36 (KHTML, like Gecko) Chrome/107.0.5304.115 Mobile Safari/537.36 (compatible; Googlebot/2.1; +http://www.google.com/bot.html)"
54.36.148.161 - - [03/Jan/2023:05:34:59 +0100] "GET /pmwiki/pmwiki.php/Main/Cikkek HTTP/1.1" 200 66799 "-" "Mozilla/5.0 (compatible; AhrefsBot/7.0; +http://ahrefs.com/robot/)"
216.244.66.203 - - [03/Jan/2023:05:35:47 +0100] "GET /robots.txt HTTP/1.1" 404 1181 "-" "Mozilla/5.0 (compatible; DotBot/1.2; +https://opensiteexplorer.org/dotbot; help@moz.com)"
216.244.66.203 - - [03/Jan/2023:05:52:14 +0100] "GET /pmwiki/pmwiki.php/Main/Power?action=diff&source=y&minor=n HTTP/1.1" 200 12747 "-" "Mozilla/5.0 (compatible; DotBot/1.2; +https://opensiteexplorer.org/dotbot; help@moz.com)"
216.244.66.203 - - [03/Jan/2023:05:52:20 +0100] "GET /pmwiki/pmwiki.php/PmWiki/FAQ?action=diff&source=n&minor=y HTTP/1.1" 200 12749 "-" "Mozilla/5.0 (compatible; DotBot/1.2; +https://opensiteexplorer.org/dotbot; help@moz.com)"
216.244.66.203 - - [03/Jan/2023:05:54:53 +0100] "GET /pmwiki/pmwiki.php/PmWiki/Uploads?action=diff&source=y&minor=n HTTP/1.1" 200 12821 "-" "Mozilla/5.0 (compatible; DotBot/1.2; +https://opensiteexplorer.org/dotbot; help@moz.com)"
216.244.66.203 - - [03/Jan/2023:05:57:13 +0100] "GET /pmwiki/pmwiki.php/PmWiki/CustomWikiStyles?action=diff&source=n&minor=y HTTP/1.1" 200 12982 "-" "Mozilla/5.0 (compatible; DotBot/1.2; +https://opensiteexplorer.org/dotbot; help@moz.com)"
216.244.66.203 - - [03/Jan/2023:05:57:16 +0100] "GET /pmwiki/pmwiki.php/PmWiki/IncludeOtherPages?action=diff&source=n&minor=y HTTP/1.1" 200 13002 "-" "Mozilla/5.0 (compatible; DotBot/1.2; +https://opensiteexplorer.org/dotbot; help@moz.com)"
54.36.148.56 - - [03/Jan/2023:06:41:21 +0100] "GET /pmwiki/pmwiki.php/Main/MiADRM HTTP/1.1" 200 12869 "-" "Mozilla/5.0 (compatible; AhrefsBot/7.0; +http://ahrefs.com/robot/)"
198.235.24.175 - - [03/Jan/2023:07:14:08 +0100] "GET / HTTP/1.1" 302 5 "-" "Expanse, a Palo Alto Networks company, searches across the global IPv4 space multiple times per day to identify customers' presences on the Internet. If you would like to be excluded from our scans, please send IP addresses/domains to: scaninfo@paloaltonetworks.com"
216.244.66.203 - - [03/Jan/2023:07:22:42 +0100] "GET /robots.txt HTTP/1.1" 404 1181 "-" "Mozilla/5.0 (compatible; DotBot/1.2; +https://opensiteexplorer.org/dotbot; help@moz.com)"
216.244.66.203 - - [03/Jan/2023:07:37:39 +0100] "GET /pmwiki/pmwiki.php/Profiles/Df?action=diff&source=y&minor=n HTTP/1.1" 200 12768 "-" "Mozilla/5.0 (compatible; DotBot/1.2; +https://opensiteexplorer.org/dotbot; help@moz.com)"
114.119.136.174 - - [03/Jan/2023:07:44:34 +0100] "GET /pmwiki/pmwiki.php/Main/2004Augusztus18?action=print HTTP/1.1" 200 3574 "http://swpat.zpok.hu/pmwiki/pmwiki.php/Main/2004Augusztus18" "Mozilla/5.0 (Linux; Android 7.0;) AppleWebKit/537.36 (KHTML, like Gecko) Mobile Safari/537.36 (compatible; PetalBot;+https://webmaster.petalsearch.com/site/petalbot)"
110.249.202.147 - - [03/Jan/2023:08:18:44 +0100] "GET /robots.txt HTTP/1.1" 404 1181 "-" "Mozilla/5.0 (Linux; Android 5.0) AppleWebKit/537.36 (KHTML, like Gecko) Mobile Safari/537.36 (compatible; Bytespider; https://zhanzhang.toutiao.com/)"
216.244.66.203 - - [03/Jan/2023:08:19:29 +0100] "GET /robots.txt HTTP/1.1" 404 1181 "-" "Mozilla/5.0 (compatible; DotBot/1.2; +https://opensiteexplorer.org/dotbot; help@moz.com)"
216.244.66.203 - - [03/Jan/2023:08:47:27 +0100] "GET /pmwiki/pmwiki.php/Main/Google?action=diff&source=y&minor=n HTTP/1.1" 200 13496 "-" "Mozilla/5.0 (compatible; DotBot/1.2; +https://opensiteexplorer.org/dotbot; help@moz.com)"
54.36.148.132 - - [03/Jan/2023:09:00:21 +0100] "GET /pmwiki/pmwiki.php/PmWiki/ChangeLog HTTP/1.1" 200 44191 "-" "Mozilla/5.0 (compatible; AhrefsBot/7.0; +http://ahrefs.com/robot/)"
54.36.148.110 - - [03/Jan/2023:09:56:36 +0100] "GET /pmwiki/pmwiki.php/Main/GatesMegzsaroltaD%E1ni%E1t HTTP/1.1" 200 12993 "-" "Mozilla/5.0 (compatible; AhrefsBot/7.0; +http://ahrefs.com/robot/)"
216.244.66.203 - - [03/Jan/2023:10:11:57 +0100] "GET /robots.txt HTTP/1.1" 404 1181 "-" "Mozilla/5.0 (compatible; DotBot/1.2; +https://opensiteexplorer.org/dotbot; help@moz.com)"
216.244.66.203 - - [03/Jan/2023:10:25:45 +0100] "GET /pmwiki/pmwiki.php/PmWiki/LayoutBasics?action=diff&source=n&minor=y HTTP/1.1" 200 12911 "-" "Mozilla/5.0 (compatible; DotBot/1.2; +https://opensiteexplorer.org/dotbot; help@moz.com)"
216.244.66.203 - - [03/Jan/2023:10:27:35 +0100] "GET /pmwiki/pmwiki.php/Main/2004Augusztus15?action=diff&source=y&minor=n HTTP/1.1" 200 12926 "-" "Mozilla/5.0 (compatible; DotBot/1.2; +https://opensiteexplorer.org/dotbot; help@moz.com)"
216.244.66.203 - - [03/Jan/2023:10:27:39 +0100] "GET /pmwiki/pmwiki.php/PmWiki/EditVariables?action=diff&source=n&minor=y HTTP/1.1" 200 12928 "-" "Mozilla/5.0 (compatible; DotBot/1.2; +https://opensiteexplorer.org/dotbot; help@moz.com)"
185.191.171.24 - - [03/Jan/2023:10:30:16 +0100] "GET /robots.txt HTTP/1.1" 404 1181 "-" "Mozilla/5.0 (compatible; SemrushBot/7~bl; +http://www.semrush.com/bot.html)"
185.191.171.25 - - [03/Jan/2023:10:30:27 +0100] "GET /pmwiki/pmwiki.php/Main/EUCD HTTP/1.1" 200 12963 "-" "Mozilla/5.0 (compatible; SemrushBot/7~bl; +http://www.semrush.com/bot.html)"
139.59.183.100 - - [03/Jan/2023:10:50:15 +0100] "GET /wp-load.php HTTP/1.1" 404 1181 "www.bing.com" "wp_is_mobile"
139.59.183.100 - - [03/Jan/2023:10:50:27 +0100] "GET /style.php HTTP/1.1" 404 1181 "www.bing.com" "wp_is_mobile"
54.36.148.70 - - [03/Jan/2023:10:54:01 +0100] "GET /pmwiki/pmwiki.php/PmWiki/DocumentationIndex HTTP/1.1" 200 18850 "-" "Mozilla/5.0 (compatible; AhrefsBot/7.0; +http://ahrefs.com/robot/)"
114.119.141.9 - - [03/Jan/2023:11:10:30 +0100] "GET /robots.txt HTTP/1.1" 404 1181 "-" "Mozilla/5.0 (compatible;PetalBot;+https://webmaster.petalsearch.com/site/petalbot)"
114.119.148.255 - - [03/Jan/2023:11:12:08 +0100] "GET /pmwiki/pmwiki.php/PmWiki/ReleaseNotes?action=print HTTP/1.1" 200 20359 "-" "Mozilla/5.0 (Linux; Android 7.0;) AppleWebKit/537.36 (KHTML, like Gecko) Mobile Safari/537.36 (compatible; PetalBot;+https://webmaster.petalsearch.com/site/petalbot)"
114.119.143.133 - - [03/Jan/2023:11:17:47 +0100] "GET /pmwiki/pmwiki.php/Main/Lev%E9lAParlamentInformaitikaiBizotts%E1gaEln%F6k%E9nek?action=print HTTP/1.1" 200 3877 "http://swpat.zpok.hu/pmwiki/pmwiki.php/Main/Lev%e9lAParlamentInformaitikaiBizotts%e1gaEln%f6k%e9nek" "Mozilla/5.0 (Linux; Android 7.0;) AppleWebKit/537.36 (KHTML, like Gecko) Mobile Safari/537.36 (compatible; PetalBot;+https://webmaster.petalsearch.com/site/petalbot)"
114.119.146.208 - - [03/Jan/2023:11:58:02 +0100] "GET /pmwiki/pmwiki.php/Main/DRM?action=edit&restore=diff:1112895343:1112121266:&preview=y HTTP/1.1" 200 12364 "-" "Mozilla/5.0 (Linux; Android 7.0;) AppleWebKit/537.36 (KHTML, like Gecko) Mobile Safari/537.36 (compatible; PetalBot;+https://webmaster.petalsearch.com/site/petalbot)"
51.222.253.16 - - [03/Jan/2023:12:03:42 +0100] "GET /robots.txt HTTP/1.1" 404 1181 "-" "Mozilla/5.0 (compatible; AhrefsBot/7.0; +http://ahrefs.com/robot/)"
54.36.148.129 - - [03/Jan/2023:12:03:43 +0100] "GET /pmwiki/pmwiki.php/Main/SideBar?action=edit HTTP/1.1" 200 12384 "-" "Mozilla/5.0 (compatible; AhrefsBot/7.0; +http://ahrefs.com/robot/)"
110.249.201.207 - - [03/Jan/2023:12:42:08 +0100] "GET /robots.txt HTTP/1.1" 404 1181 "-" "Mozilla/5.0 (Linux; Android 5.0) AppleWebKit/537.36 (KHTML, like Gecko) Mobile Safari/537.36 (compatible; Bytespider; https://zhanzhang.toutiao.com/)"
38.68.134.191 - - [03/Jan/2023:12:52:00 +0100] "GET /pmwiki/pmwiki.php/Main/Cutts HTTP/1.1" 200 31570 "http://swpat.zpok.hu/pmwiki/pmwiki.php/Main/Cutts" "Mozilla/5.0 (Windows NT 10.0; WOW64; Rv:50.0) Gecko/20100101 Firefox/50.0"
54.36.149.25 - - [03/Jan/2023:13:11:59 +0100] "GET /pmwiki/pmwiki.php/Main/Rocard HTTP/1.1" 200 17404 "-" "Mozilla/5.0 (compatible; AhrefsBot/7.0; +http://ahrefs.com/robot/)"
17.241.75.101 - - [03/Jan/2023:14:34:45 +0100] "GET /favicon.ico HTTP/1.1" 404 1181 "-" "Mozilla/5.0 (Macintosh; Intel Mac OS X 10_15_5) AppleWebKit/605.1.15 (KHTML, like Gecko) Version/13.1.1 Safari/605.1.15 (Applebot/0.1; +http://www.apple.com/go/applebot)"
54.36.148.184 - - [03/Jan/2023:14:55:51 +0100] "GET /pmwiki/pmwiki.php/Main/FAQ HTTP/1.1" 200 17652 "-" "Mozilla/5.0 (compatible; AhrefsBot/7.0; +http://ahrefs.com/robot/)"
216.244.66.203 - - [03/Jan/2023:15:39:31 +0100] "GET /robots.txt HTTP/1.1" 404 1181 "-" "Mozilla/5.0 (compatible; DotBot/1.2; +https://opensiteexplorer.org/dotbot; help@moz.com)"
54.36.148.210 - - [03/Jan/2023:16:01:42 +0100] "GET /pmwiki/pmwiki.php/Main/C%E9lok HTTP/1.1" 200 12698 "-" "Mozilla/5.0 (compatible; AhrefsBot/7.0; +http://ahrefs.com/robot/)"
216.244.66.203 - - [03/Jan/2023:16:08:50 +0100] "GET /pmwiki/pmwiki.php/PmWiki/UrlApprovals?action=diff&source=y&minor=n HTTP/1.1" 200 12910 "-" "Mozilla/5.0 (compatible; DotBot/1.2; +https://opensiteexplorer.org/dotbot; help@moz.com)"
111.225.149.168 - - [03/Jan/2023:16:33:48 +0100] "GET /robots.txt HTTP/1.1" 404 1181 "-" "Mozilla/5.0 (Linux; Android 5.0) AppleWebKit/537.36 (KHTML, like Gecko) Mobile Safari/537.36 (compatible; Bytespider; https://zhanzhang.toutiao.com/)"
17.241.227.209 - - [03/Jan/2023:17:08:22 +0100] "GET /pmwiki/pmwiki.php HTTP/1.1" 200 37269 "-" "Mozilla/5.0 (Macintosh; Intel Mac OS X 10_15_5) AppleWebKit/605.1.15 (KHTML, like Gecko) Version/13.1.1 Safari/605.1.15 (Applebot/0.1; +http://www.apple.com/go/applebot)"
54.36.148.233 - - [03/Jan/2023:17:11:13 +0100] "GET /pmwiki/pmwiki.php/Main/Cutts HTTP/1.1" 200 31570 "-" "Mozilla/5.0 (compatible; AhrefsBot/7.0; +http://ahrefs.com/robot/)"
216.244.66.203 - - [03/Jan/2023:18:17:51 +0100] "GET /robots.txt HTTP/1.1" 404 1181 "-" "Mozilla/5.0 (compatible; DotBot/1.2; +https://opensiteexplorer.org/dotbot; help@moz.com)"
54.36.148.113 - - [03/Jan/2023:18:33:21 +0100] "GET /pmwiki/pmwiki.php/Main/EUCD HTTP/1.1" 200 12963 "-" "Mozilla/5.0 (compatible; AhrefsBot/7.0; +http://ahrefs.com/robot/)"
216.244.66.203 - - [03/Jan/2023:18:40:34 +0100] "GET /pmwiki/pmwiki.php/Main/EUCD?action=diff&source=y&minor=n HTTP/1.1" 200 22369 "-" "Mozilla/5.0 (compatible; DotBot/1.2; +https://opensiteexplorer.org/dotbot; help@moz.com)"
77.88.9.130 - - [03/Jan/2023:19:44:31 +0100] "GET /robots.txt HTTP/1.1" 404 1181 "-" "Mozilla/5.0 (compatible; YandexBot/3.0; +http://yandex.com/bots)"
77.88.9.130 - - [03/Jan/2023:19:44:35 +0100] "GET /pmwiki/pmwiki.php/Main/Mintalevel0509?action=print HTTP/1.1" 200 6847 "-" "Mozilla/5.0 (compatible; YandexBot/3.0; +http://yandex.com/bots)"
114.119.138.111 - - [03/Jan/2023:20:34:58 +0100] "GET /pmwiki/pmwiki.php/Main/2003M%E1jusiNyilatkozathozKapcsol%F3d%F3Cikk?action=print HTTP/1.1" 200 4972 "http://swpat.zpok.hu/pmwiki/pmwiki.php/Main/2003M%e1jusiNyilatkozathozKapcsol%f3d%f3Cikk" "Mozilla/5.0 (Linux; Android 7.0;) AppleWebKit/537.36 (KHTML, like Gecko) Mobile Safari/537.36 (compatible; PetalBot;+https://webmaster.petalsearch.com/site/petalbot)"
114.119.138.207 - - [03/Jan/2023:21:11:03 +0100] "GET /pmwiki/pmwiki.php/Main/AJelenlegiSzerzoiJogiTorveny?action=diff HTTP/1.1" 200 35610 "http://swpat.zpok.hu/pmwiki/pmwiki.php/Main/AJelenlegiSzerzoiJogiTorveny" "Mozilla/5.0 (Linux; Android 7.0;) AppleWebKit/537.36 (KHTML, like Gecko) Mobile Safari/537.36 (compatible; PetalBot;+https://webmaster.petalsearch.com/site/petalbot)"
52.183.66.16 - - [03/Jan/2023:21:14:10 +0100] "GET /pmwiki/pmwiki.php/Main/H%EDrek HTTP/1.1" 200 15050 "-" "python-requests/2.28.1"
52.183.66.16 - - [03/Jan/2023:21:14:12 +0100] "GET /pmwiki/pmwiki.php/Main/H%EDrek HTTP/1.1" 200 15050 "-" "Mozilla/5.0 (Windows NT 10.0; Win64; x64) AppleWebKit/537.36 (KHTML, like Gecko) HeadlessChrome/108.0.5359.125 Safari/537.36"
52.183.66.16 - - [03/Jan/2023:21:14:12 +0100] "GET /pmwiki/pub/skins/gila/gila.css HTTP/1.1" 200 8887 "http://swpat.zpok.hu/pmwiki/pmwiki.php/Main/H%EDrek" "Mozilla/5.0 (Windows NT 10.0; Win64; x64) AppleWebKit/537.36 (KHTML, like Gecko) HeadlessChrome/108.0.5359.125 Safari/537.36"
216.244.66.203 - - [03/Jan/2023:21:44:38 +0100] "GET /robots.txt HTTP/1.1" 404 1181 "-" "Mozilla/5.0 (compatible; DotBot/1.2; +https://opensiteexplorer.org/dotbot; help@moz.com)"
216.244.66.203 - - [03/Jan/2023:21:56:17 +0100] "GET /pmwiki/pmwiki.php/PmWiki/SimpleTables2?action=diff&source=n&minor=y HTTP/1.1" 200 12929 "-" "Mozilla/5.0 (compatible; DotBot/1.2; +https://opensiteexplorer.org/dotbot; help@moz.com)"
54.36.148.90 - - [04/Jan/2023:00:03:01 +0100] "GET /pmwiki/pmwiki.php/Main/Doksik HTTP/1.1" 200 14123 "-" "Mozilla/5.0 (compatible; AhrefsBot/7.0; +http://ahrefs.com/robot/)"
216.244.66.203 - - [04/Jan/2023:00:35:15 +0100] "GET /robots.txt HTTP/1.1" 404 1181 "-" "Mozilla/5.0 (compatible; DotBot/1.2; +https://opensiteexplorer.org/dotbot; help@moz.com)"
216.244.66.203 - - [04/Jan/2023:00:58:21 +0100] "GET /pmwiki/pmwiki.php/Main/BillGates%C9sM%E1sKommunist%E1k?action=diff&source=n&minor=y HTTP/1.1" 200 20908 "-" "Mozilla/5.0 (compatible; DotBot/1.2; +https://opensiteexplorer.org/dotbot; help@moz.com)"
216.244.66.203 - - [04/Jan/2023:00:58:26 +0100] "GET /pmwiki/pmwiki.php/PmWiki/DocumentationIndex?action=diff&source=n&minor=y HTTP/1.1" 200 13019 "-" "Mozilla/5.0 (compatible; DotBot/1.2; +https://opensiteexplorer.org/dotbot; help@moz.com)"
216.244.66.203 - - [04/Jan/2023:01:29:14 +0100] "GET /robots.txt HTTP/1.1" 404 1181 "-" "Mozilla/5.0 (compatible; DotBot/1.2; +https://opensiteexplorer.org/dotbot; help@moz.com)"
17.241.75.158 - - [04/Jan/2023:01:34:26 +0100] "GET /robots.txt HTTP/1.1" 404 1181 "-" "Mozilla/5.0 (Macintosh; Intel Mac OS X 10_15_5) AppleWebKit/605.1.15 (KHTML, like Gecko) Version/13.1.1 Safari/605.1.15 (Applebot/0.1; +http://www.apple.com/go/applebot)"
17.241.75.158 - - [04/Jan/2023:01:34:26 +0100] "GET /pmwiki/pmwiki.php/Main/Tud%E1smonop%F3lium HTTP/1.1" 200 16773 "-" "Mozilla/5.0 (Macintosh; Intel Mac OS X 10_15_5) AppleWebKit/605.1.15 (KHTML, like Gecko) Version/13.1.1 Safari/605.1.15 (Applebot/0.1; +http://www.apple.com/go/applebot)"
54.36.148.62 - - [04/Jan/2023:01:35:16 +0100] "GET /robots.txt HTTP/1.1" 404 1181 "-" "Mozilla/5.0 (compatible; AhrefsBot/7.0; +http://ahrefs.com/robot/)"
54.36.148.12 - - [04/Jan/2023:01:35:17 +0100] "GET /pmwiki/pmwiki.php/PmWiki/PmWikiPhilosophy HTTP/1.1" 200 16736 "-" "Mozilla/5.0 (compatible; AhrefsBot/7.0; +http://ahrefs.com/robot/)"
216.244.66.203 - - [04/Jan/2023:01:44:10 +0100] "GET /pmwiki/pmwiki.php/PmWiki/PerGroupCustomizations?action=diff&source=n&minor=y HTTP/1.1" 200 13091 "-" "Mozilla/5.0 (compatible; DotBot/1.2; +https://opensiteexplorer.org/dotbot; help@moz.com)"
216.244.66.203 - - [04/Jan/2023:02:21:30 +0100] "GET /robots.txt HTTP/1.1" 404 1181 "-" "Mozilla/5.0 (compatible; DotBot/1.2; +https://opensiteexplorer.org/dotbot; help@moz.com)"
216.244.66.203 - - [04/Jan/2023:02:35:59 +0100] "GET /pmwiki/pmwiki.php/Main/2003M%E1jusiNyilatkozat?action=diff&source=n&minor=y HTTP/1.1" 200 16688 "-" "Mozilla/5.0 (compatible; DotBot/1.2; +https://opensiteexplorer.org/dotbot; help@moz.com)"
111.225.149.58 - - [04/Jan/2023:02:39:25 +0100] "GET /robots.txt HTTP/1.1" 404 1181 "-" "Mozilla/5.0 (Linux; Android 5.0) AppleWebKit/537.36 (KHTML, like Gecko) Mobile Safari/537.36 (compatible; Bytespider; https://zhanzhang.toutiao.com/)"
216.244.66.203 - - [04/Jan/2023:03:15:43 +0100] "GET /robots.txt HTTP/1.1" 404 1181 "-" "Mozilla/5.0 (compatible; DotBot/1.2; +https://opensiteexplorer.org/dotbot; help@moz.com)"
77.75.77.119 - - [04/Jan/2023:03:20:03 +0100] "GET /robots.txt HTTP/1.1" 404 1181 "-" "Mozilla/5.0 (compatible; SeznamBot/4.0-RC1; +http://napoveda.seznam.cz/seznambot-intro/)"
77.75.79.31 - - [04/Jan/2023:03:20:02 +0100] "GET /pmwiki/pmwiki.php/PmWiki/DocumentationIndex HTTP/1.1" 200 18850 "-" "Mozilla/5.0 (compatible; SeznamBot/4.0-RC1; +http://napoveda.seznam.cz/seznambot-intro/)"
216.244.66.203 - - [04/Jan/2023:03:35:15 +0100] "GET /pmwiki/pmwiki.php/Main/Feb09PR?action=diff&source=n&minor=y HTTP/1.1" 200 17891 "-" "Mozilla/5.0 (compatible; DotBot/1.2; +https://opensiteexplorer.org/dotbot; help@moz.com)"
54.36.149.37 - - [04/Jan/2023:05:06:30 +0100] "GET /pmwiki/pmwiki.php/Main/Comission-negatesDemocracy HTTP/1.1" 200 16717 "-" "Mozilla/5.0 (compatible; AhrefsBot/7.0; +http://ahrefs.com/robot/)"
110.249.201.186 - - [04/Jan/2023:05:47:18 +0100] "GET /robots.txt HTTP/1.1" 404 1181 "-" "Mozilla/5.0 (Linux; Android 5.0) AppleWebKit/537.36 (KHTML, like Gecko) Mobile Safari/537.36 (compatible; Bytespider; https://zhanzhang.toutiao.com/)"
77.75.79.31 - - [04/Jan/2023:05:49:19 +0100] "GET /pmwiki/pmwiki.php/PmWiki/ReleaseNotes HTTP/1.1" 200 29978 "-" "Mozilla/5.0 (compatible; SeznamBot/4.0-RC1; +http://napoveda.seznam.cz/seznambot-intro/)"
17.241.219.69 - - [04/Jan/2023:05:53:14 +0100] "GET /favicon.ico HTTP/1.1" 404 1181 "-" "Mozilla/5.0 (Macintosh; Intel Mac OS X 10_15_5) AppleWebKit/605.1.15 (KHTML, like Gecko) Version/13.1.1 Safari/605.1.15 (Applebot/0.1; +http://www.apple.com/go/applebot)"
194.165.17.8 - - [04/Jan/2023:06:31:06 +0100] "GET /wp-load.php HTTP/1.1" 404 1181 "www.bing.com" "wp_is_mobile"
194.165.17.8 - - [04/Jan/2023:06:31:07 +0100] "GET /style.php HTTP/1.1" 404 1181 "www.bing.com" "wp_is_mobile"
194.165.17.8 - - [04/Jan/2023:06:31:07 +0100] "GET /wp-admin/style.php HTTP/1.1" 404 1181 "www.bing.com" "wp_is_mobile"
194.165.17.8 - - [04/Jan/2023:06:31:07 +0100] "GET /s_e.php HTTP/1.1" 404 1181 "www.bing.com" "wp_is_mobile"
194.165.17.8 - - [04/Jan/2023:06:31:08 +0100] "GET /s_ne.php HTTP/1.1" 404 1181 "www.bing.com" "wp_is_mobile"
194.165.17.8 - - [04/Jan/2023:06:31:08 +0100] "GET /1index.php HTTP/1.1" 404 1181 "www.bing.com" "Mozilla/5.0 (Windows NT 10.0; Win64; x64) AppleWebKit/537.36 (KHTML, like Gecko) Chrome/90.0.4430.85 Safari/537.36"
194.165.17.8 - - [04/Jan/2023:06:31:09 +0100] "GET /3index.php?f=/NmRtJOUjAdutReQj/scRjKUhleBpzmTyO.txt HTTP/1.1" 404 1181 "www.bing.com" "Mozilla/5.0 (Windows NT 10.0; Win64; x64) AppleWebKit/537.36 (KHTML, like Gecko) Chrome/90.0.4430.85 Safari/537.36"
194.165.17.8 - - [04/Jan/2023:06:31:09 +0100] "GET /wikindex.php?f=/NmRtJOUjAdutReQj/scRjKUhleBpzmTyO.txt HTTP/1.1" 404 1181 "www.bing.com" "Mozilla/5.0 (Windows NT 10.0; Win64; x64) AppleWebKit/537.36 (KHTML, like Gecko) Chrome/90.0.4430.85 Safari/537.36"
194.165.17.8 - - [04/Jan/2023:06:31:10 +0100] "GET /wp-content/mu-plugins-old/index.php?f=/NmRtJOUjAdutReQj/scRjKUhleBpzmTyO.txt HTTP/1.1" 404 1181 "www.bing.com" "Mozilla/5.0 (Windows NT 10.0; Win64; x64) AppleWebKit/537.36 (KHTML, like Gecko) Chrome/90.0.4430.85 Safari/537.36"
194.165.17.8 - - [04/Jan/2023:06:31:10 +0100] "GET /radio.php HTTP/1.1" 404 1181 "www.bing.com" "wp_is_mobile"
194.165.17.8 - - [04/Jan/2023:06:31:10 +0100] "GET /lock360.php?daksldlkdsadas=1 HTTP/1.1" 404 1181 "www.bing.com" "wp_is_mobile"
194.165.17.8 - - [04/Jan/2023:06:31:11 +0100] "GET /wp-load.php?daksldlkdsadas=1 HTTP/1.1" 404 1181 "www.bing.com" "wp_is_mobile"
194.165.17.8 - - [04/Jan/2023:06:31:11 +0100] "GET /old-index.php?daksldlkdsadas=1 HTTP/1.1" 404 1181 "www.bing.com" "wp_is_mobile"
194.165.17.8 - - [04/Jan/2023:06:31:12 +0100] "GET /xmrlpc.php?daksldlkdsadas=1 HTTP/1.1" 404 1181 "www.bing.com" "wp_is_mobile"
194.165.17.8 - - [04/Jan/2023:06:31:12 +0100] "GET /xmlrpcs.php?daksldlkdsadas=1 HTTP/1.1" 404 1181 "www.bing.com" "wp_is_mobile"
194.165.17.8 - - [04/Jan/2023:06:31:13 +0100] "GET /wp-admin.php?daksldlkdsadas=1 HTTP/1.1" 404 1181 "www.bing.com" "wp_is_mobile"
194.165.17.8 - - [04/Jan/2023:06:31:13 +0100] "GET /qindex.php?daksldlkdsadas=1 HTTP/1.1" 404 1181 "www.bing.com" "wp_is_mobile"
194.165.17.8 - - [04/Jan/2023:06:31:13 +0100] "GET /doc.php HTTP/1.1" 404 1181 "www.bing.com" "wp_is_mobile"
194.165.17.8 - - [04/Jan/2023:06:31:14 +0100] "GET /wp_wrong_datlib.php HTTP/1.1" 404 1181 "www.bing.com" "Mozilla/5.0 (Windows NT 10.0; Win64; x64) AppleWebKit/537.36 (KHTML, like Gecko) Chrome/90.0.4430.85 Safari/537.36"
194.165.17.8 - - [04/Jan/2023:06:31:14 +0100] "GET /beence.php HTTP/1.1" 404 1181 "www.bing.com" "Mozilla/5.0 (Windows NT 10.0; Win64; x64) AppleWebKit/537.36 (KHTML, like Gecko) Chrome/90.0.4430.85 Safari/537.36"
194.165.17.8 - - [04/Jan/2023:06:31:15 +0100] "GET /ups.php HTTP/1.1" 404 1181 "www.bing.com" "wp_is_mobile"
194.165.17.8 - - [04/Jan/2023:06:31:15 +0100] "GET /wp-signin.php?dizo&ping HTTP/1.1" 404 1181 "www.bing.com" "wp_is_mobile"
194.165.17.8 - - [04/Jan/2023:06:31:15 +0100] "GET /media-admin.php HTTP/1.1" 404 1181 "www.bing.com" "wp_is_mobile"
194.165.17.8 - - [04/Jan/2023:06:31:16 +0100] "GET /export.php HTTP/1.1" 404 1181 "www.bing.com" "Mozilla/5.0 (Windows NT 10.0; Win64; x64) AppleWebKit/537.36 (KHTML, like Gecko) Chrome/90.0.4430.85 Safari/537.36"
194.165.17.8 - - [04/Jan/2023:06:31:16 +0100] "GET /wp-content/export.php HTTP/1.1" 404 1181 "www.bing.com" "Mozilla/5.0 (Windows NT 10.0; Win64; x64) AppleWebKit/537.36 (KHTML, like Gecko) Chrome/90.0.4430.85 Safari/537.36"
194.165.17.8 - - [04/Jan/2023:06:31:17 +0100] "GET /wp-includes/wp-class.php HTTP/1.1" 404 1181 "www.bing.com" "wp_is_mobile"
194.165.17.8 - - [04/Jan/2023:06:31:17 +0100] "GET /wp-includes/wp-atom.php HTTP/1.1" 404 1181 "www.bing.com" "Mozilla/5.0 (Windows NT 10.0; Win64; x64) AppleWebKit/537.36 (KHTML, like Gecko) Chrome/90.0.4430.85 Safari/537.36"
194.165.17.8 - - [04/Jan/2023:06:31:18 +0100] "GET /wp-includes/images/css.php HTTP/1.1" 404 1181 "www.bing.com" "Mozilla/5.0 (Windows NT 10.0; Win64; x64) AppleWebKit/537.36 (KHTML, like Gecko) Chrome/90.0.4430.85 Safari/537.36"
194.165.17.8 - - [04/Jan/2023:06:31:18 +0100] "GET /wp-includes/css/css.php HTTP/1.1" 404 1181 "www.bing.com" "Mozilla/5.0 (Windows NT 10.0; Win64; x64) AppleWebKit/537.36 (KHTML, like Gecko) Chrome/90.0.4430.85 Safari/537.36"
194.165.17.8 - - [04/Jan/2023:06:31:19 +0100] "GET /defau1t.php HTTP/1.1" 404 1181 "www.bing.com" "Mozilla/5.0 (Windows NT 10.0; Win64; x64) AppleWebKit/537.36 (KHTML, like Gecko) Chrome/90.0.4430.85 Safari/537.36"
194.165.17.8 - - [04/Jan/2023:06:31:19 +0100] "GET /css.php HTTP/1.1" 404 1181 "www.bing.com" "wp_is_mobile"
194.165.17.8 - - [04/Jan/2023:06:31:20 +0100] "GET /moduless.php HTTP/1.1" 404 1181 "www.bing.com" "Mozilla/5.0 (Windows NT 10.0; Win64; x64) AppleWebKit/537.36 (KHTML, like Gecko) Chrome/90.0.4430.85 Safari/537.36"
194.165.17.8 - - [04/Jan/2023:06:31:20 +0100] "GET /wp-booking.php HTTP/1.1" 404 1181 "www.bing.com" "wp_is_mobile"
194.165.17.8 - - [04/Jan/2023:06:31:20 +0100] "GET /wp-content/plugins/backup_index.php HTTP/1.1" 404 1181 "www.bing.com" "wp_is_mobile"
194.165.17.8 - - [04/Jan/2023:06:31:21 +0100] "GET /wp-content/mu-plugins/db-safe-mode.php HTTP/1.1" 404 1181 "www.bing.com" "wp_is_mobile"
194.165.17.8 - - [04/Jan/2023:06:31:21 +0100] "GET /wp-includes/css/wp-config.php HTTP/1.1" 404 1181 "www.bing.com" "wp_is_mobile"
194.165.17.8 - - [04/Jan/2023:06:31:21 +0100] "GET /wp-content/themes/config.bak.php HTTP/1.1" 404 1181 "www.bing.com" "wp_is_mobile"
194.165.17.8 - - [04/Jan/2023:06:31:22 +0100] "GET /legion.php HTTP/1.1" 404 1181 "www.bing.com" "wp_is_mobile"
194.165.17.8 - - [04/Jan/2023:06:31:22 +0100] "GET /wp-content/plugins/wpconfig.bak.php?act=sf HTTP/1.1" 404 1181 "www.bing.com" "Mozilla/5.0 (Windows NT 10.0; Win64; x64) AppleWebKit/537.36 (KHTML, like Gecko) Chrome/90.0.4430.85 Safari/537.36"
194.165.17.8 - - [04/Jan/2023:06:31:23 +0100] "GET /wp-plugins.php HTTP/1.1" 404 1181 "www.bing.com" "wp_is_mobile"
194.165.17.8 - - [04/Jan/2023:06:31:23 +0100] "GET /gank.php.PhP HTTP/1.1" 404 1181 "www.bing.com" "wp_is_mobile"
194.165.17.8 - - [04/Jan/2023:06:31:23 +0100] "GET /wp-content/db-cache.php HTTP/1.1" 404 1181 "www.bing.com" "wp_is_mobile"
194.165.17.8 - - [04/Jan/2023:06:31:24 +0100] "GET /archives.php HTTP/1.1" 404 1181 "www.bing.com" "Mozilla/5.0 (Windows NT 10.0; Win64; x64) AppleWebKit/537.36 (KHTML, like Gecko) Chrome/90.0.4430.85 Safari/537.36"
194.165.17.8 - - [04/Jan/2023:06:31:24 +0100] "GET /xindex.php HTTP/1.1" 404 1181 "www.bing.com" "wp_is_mobile"
194.165.17.8 - - [04/Jan/2023:06:31:25 +0100] "GET /defau11.php HTTP/1.1" 404 1181 "www.bing.com" "Mozilla/5.0 (Windows NT 10.0; Win64; x64) AppleWebKit/537.36 (KHTML, like Gecko) Chrome/90.0.4430.85 Safari/537.36"
194.165.17.8 - - [04/Jan/2023:06:31:25 +0100] "GET /wp-content/outcms.php?up HTTP/1.1" 404 1181 "www.bing.com" "wp_is_mobile"
194.165.17.8 - - [04/Jan/2023:06:31:26 +0100] "GET /system_log.php?bala=up HTTP/1.1" 404 1181 "www.bing.com" "wp_is_mobile"
194.165.17.8 - - [04/Jan/2023:06:31:26 +0100] "GET /wp-backup-sql-302.php HTTP/1.1" 404 1181 "www.bing.com" "wp_is_mobile"
194.165.17.8 - - [04/Jan/2023:06:31:26 +0100] "GET /error.php?phpshells HTTP/1.1" 404 1181 "www.bing.com" "wp_is_mobile"
194.165.17.8 - - [04/Jan/2023:06:31:27 +0100] "GET /ALFA_DATA HTTP/1.1" 404 1181 "www.bing.com" "wp_is_mobile"
194.165.17.8 - - [04/Jan/2023:06:31:27 +0100] "GET /cgialfa HTTP/1.1" 404 1181 "www.bing.com" "wp_is_mobile"
194.165.17.8 - - [04/Jan/2023:06:31:28 +0100] "GET /.well-known/ALFA_DATA HTTP/1.1" 404 1181 "www.bing.com" "wp_is_mobile"
194.165.17.8 - - [04/Jan/2023:06:31:28 +0100] "GET /.well-known/alfacgiapi HTTP/1.1" 404 1181 "www.bing.com" "wp_is_mobile"
194.165.17.8 - - [04/Jan/2023:06:31:29 +0100] "GET /.well-known/cgialfa HTTP/1.1" 404 1181 "www.bing.com" "wp_is_mobile"
194.165.17.8 - - [04/Jan/2023:06:31:29 +0100] "GET /wp-content/uploads/ALFA_DATA HTTP/1.1" 404 1181 "www.bing.com" "wp_is_mobile"
194.165.17.8 - - [04/Jan/2023:06:31:29 +0100] "GET /wp-content/uploads/alfacgiapi HTTP/1.1" 404 1181 "www.bing.com" "wp_is_mobile"
194.165.17.8 - - [04/Jan/2023:06:31:30 +0100] "GET /wp-content/uploads/cgialfa HTTP/1.1" 404 1181 "www.bing.com" "wp_is_mobile"
194.165.17.8 - - [04/Jan/2023:06:31:30 +0100] "GET /wp-includes/ALFA_DATA HTTP/1.1" 404 1181 "www.bing.com" "wp_is_mobile"
194.165.17.8 - - [04/Jan/2023:06:31:31 +0100] "GET /wp-includes/alfacgiapi HTTP/1.1" 404 1181 "www.bing.com" "wp_is_mobile"
194.165.17.8 - - [04/Jan/2023:06:31:31 +0100] "GET /wp-includes/cgialfa HTTP/1.1" 404 1181 "www.bing.com" "wp_is_mobile"
194.165.17.8 - - [04/Jan/2023:06:31:31 +0100] "GET /wp-admin/ALFA_DATA HTTP/1.1" 404 1181 "www.bing.com" "wp_is_mobile"
194.165.17.8 - - [04/Jan/2023:06:31:32 +0100] "GET /wp-admin/alfacgiapi HTTP/1.1" 404 1181 "www.bing.com" "wp_is_mobile"
194.165.17.8 - - [04/Jan/2023:06:31:32 +0100] "GET /wp-admin/cgialfa HTTP/1.1" 404 1181 "www.bing.com" "wp_is_mobile"
194.165.17.8 - - [04/Jan/2023:06:31:33 +0100] "GET /wp-content/ALFA_DATA HTTP/1.1" 404 1181 "www.bing.com" "wp_is_mobile"
194.165.17.8 - - [04/Jan/2023:06:31:33 +0100] "GET /wp-content/alfacgiapi HTTP/1.1" 404 1181 "www.bing.com" "wp_is_mobile"
194.165.17.8 - - [04/Jan/2023:06:31:33 +0100] "GET /wp-content/cgialfa HTTP/1.1" 404 1181 "www.bing.com" "wp_is_mobile"
194.165.17.8 - - [04/Jan/2023:06:31:34 +0100] "GET /templates/beez3/ALFA_DATA HTTP/1.1" 404 1181 "www.bing.com" "wp_is_mobile"
194.165.17.8 - - [04/Jan/2023:06:31:34 +0100] "GET /templates/beez3/alfacgiapi HTTP/1.1" 404 1181 "www.bing.com" "wp_is_mobile"
194.165.17.8 - - [04/Jan/2023:06:31:34 +0100] "GET /templates/beez3/cgialfa HTTP/1.1" 404 1181 "www.bing.com" "wp_is_mobile"
194.165.17.8 - - [04/Jan/2023:06:31:35 +0100] "GET /sites/default/files/ALFA_DATA HTTP/1.1" 404 1181 "www.bing.com" "wp_is_mobile"
194.165.17.8 - - [04/Jan/2023:06:31:35 +0100] "GET /sites/default/files/alfacgiapi HTTP/1.1" 404 1181 "www.bing.com" "wp_is_mobile"
194.165.17.8 - - [04/Jan/2023:06:31:36 +0100] "GET /sites/default/files/cgialfa HTTP/1.1" 404 1181 "www.bing.com" "wp_is_mobile"
194.165.17.8 - - [04/Jan/2023:06:31:36 +0100] "GET /admin/controller/extension/extension/ALFA_DATA HTTP/1.1" 404 1181 "www.bing.com" "wp_is_mobile"
194.165.17.8 - - [04/Jan/2023:06:31:37 +0100] "GET /admin/controller/extension/extension/alfacgiapi HTTP/1.1" 404 1181 "www.bing.com" "wp_is_mobile"
194.165.17.8 - - [04/Jan/2023:06:31:37 +0100] "GET /admin/controller/extension/extension/cgialfa HTTP/1.1" 404 1181 "www.bing.com" "wp_is_mobile"
194.165.17.8 - - [04/Jan/2023:06:31:37 +0100] "GET /wp-content/plugins/ubh/up.php HTTP/1.1" 404 1181 "www.bing.com" "wp_is_mobile"
194.165.17.8 - - [04/Jan/2023:06:31:38 +0100] "GET /index.php?3x=3x HTTP/1.1" 302 5 "www.bing.com" "wp_is_mobile"
194.165.17.8 - - [04/Jan/2023:06:31:39 +0100] "GET /pmwiki/pmwiki.php HTTP/1.1" 200 37269 "www.bing.com" "wp_is_mobile"
194.165.17.8 - - [04/Jan/2023:06:31:39 +0100] "GET /about.php HTTP/1.1" 404 1181 "www.bing.com" "wp_is_mobile"
194.165.17.8 - - [04/Jan/2023:06:31:39 +0100] "GET /shells.php HTTP/1.1" 404 1181 "www.bing.com" "wp_is_mobile"
194.165.17.8 - - [04/Jan/2023:06:31:40 +0100] "GET /olux.php HTTP/1.1" 404 1181 "www.bing.com" "wp_is_mobile"
194.165.17.8 - - [04/Jan/2023:06:31:40 +0100] "GET /xleet.php HTTP/1.1" 404 1181 "www.bing.com" "wp_is_mobile"
194.165.17.8 - - [04/Jan/2023:06:31:40 +0100] "GET /wso.php HTTP/1.1" 404 1181 "www.bing.com" "wp_is_mobile"
194.165.17.8 - - [04/Jan/2023:06:31:40 +0100] "GET /shell.php HTTP/1.1" 404 1181 "www.bing.com" "wp_is_mobile"
194.165.17.8 - - [04/Jan/2023:06:31:41 +0100] "GET /up.php HTTP/1.1" 404 1181 "www.bing.com" "wp_is_mobile"
194.165.17.8 - - [04/Jan/2023:06:31:41 +0100] "GET /upload.php HTTP/1.1" 404 1181 "www.bing.com" "wp_is_mobile"
194.165.17.8 - - [04/Jan/2023:06:31:41 +0100] "GET /1.php HTTP/1.1" 404 1181 "www.bing.com" "wp_is_mobile"
194.165.17.8 - - [04/Jan/2023:06:31:41 +0100] "GET /x.php HTTP/1.1" 404 1181 "www.bing.com" "wp_is_mobile"
194.165.17.8 - - [04/Jan/2023:06:31:42 +0100] "GET /z.php HTTP/1.1" 404 1181 "www.bing.com" "wp_is_mobile"
194.165.17.8 - - [04/Jan/2023:06:31:42 +0100] "GET /a.php HTTP/1.1" 404 1181 "www.bing.com" "wp_is_mobile"
194.165.17.8 - - [04/Jan/2023:06:31:42 +0100] "GET /test.php HTTP/1.1" 404 1181 "www.bing.com" "wp_is_mobile"
194.165.17.8 - - [04/Jan/2023:06:31:43 +0100] "GET /wp.php HTTP/1.1" 404 1181 "www.bing.com" "wp_is_mobile"
194.165.17.8 - - [04/Jan/2023:06:31:43 +0100] "GET /alfa.php HTTP/1.1" 404 1181 "www.bing.com" "wp_is_mobile"
194.165.17.8 - - [04/Jan/2023:06:31:43 +0100] "GET /config.php HTTP/1.1" 404 1181 "www.bing.com" "wp_is_mobile"
194.165.17.8 - - [04/Jan/2023:06:31:43 +0100] "GET /templates/beez3/index.php HTTP/1.1" 404 1181 "www.bing.com" "wp_is_mobile"
52.183.66.16 - - [04/Jan/2023:06:34:43 +0100] "GET /pmwiki/pmwiki.php/Main/Direkt%EDva HTTP/1.1" 200 20621 "-" "python-requests/2.28.1"
52.183.66.16 - - [04/Jan/2023:06:34:46 +0100] "GET /pmwiki/pmwiki.php/Main/Direkt%EDva HTTP/1.1" 200 20621 "-" "Mozilla/5.0 (Windows NT 10.0; Win64; x64) AppleWebKit/537.36 (KHTML, like Gecko) HeadlessChrome/108.0.5359.125 Safari/537.36"
52.183.66.16 - - [04/Jan/2023:06:34:46 +0100] "GET /pmwiki/pub/skins/gila/gila.css HTTP/1.1" 200 8887 "http://swpat.zpok.hu/pmwiki/pmwiki.php/Main/Direkt%EDva" "Mozilla/5.0 (Windows NT 10.0; Win64; x64) AppleWebKit/537.36 (KHTML, like Gecko) HeadlessChrome/108.0.5359.125 Safari/537.36"
114.119.141.2 - - [04/Jan/2023:06:35:20 +0100] "GET /pmwiki/pmwiki.php/Main/CikkekDRM HTTP/1.1" 200 18047 "http://swpat.zpok.hu/pmwiki/pmwiki.php/Main/SMELie" "Mozilla/5.0 (Linux; Android 7.0;) AppleWebKit/537.36 (KHTML, like Gecko) Mobile Safari/537.36 (compatible; PetalBot;+https://webmaster.petalsearch.com/site/petalbot)"
54.36.148.253 - - [04/Jan/2023:06:38:29 +0100] "GET /pmwiki/pmwiki.php/Main/SMELie HTTP/1.1" 200 13592 "-" "Mozilla/5.0 (compatible; AhrefsBot/7.0; +http://ahrefs.com/robot/)"
77.88.9.130 - - [04/Jan/2023:07:24:45 +0100] "GET /robots.txt HTTP/1.1" 404 1181 "-" "Mozilla/5.0 (compatible; YandexBot/3.0; +http://yandex.com/bots)"
77.88.9.130 - - [04/Jan/2023:07:24:49 +0100] "GET /pmwiki/pmwiki.php/Main/BMEKonferencia?action=print HTTP/1.1" 200 5262 "-" "Mozilla/5.0 (compatible; YandexBot/3.0; +http://yandex.com/bots)"
192.236.155.206 - - [04/Jan/2023:09:56:43 +0100] "GET /style.php?sig=rename HTTP/1.1" 404 1181 "-" "Mozilla/5.0 (Windows NT 10.0; Win64; x64) AppleWebKit/537.36 (KHTML, like Gecko) Chrome/88.0.4324.104 Safari/537.36"
192.236.155.206 - - [04/Jan/2023:09:56:43 +0100] "GET /wp-admin/style.php?sig=rename HTTP/1.1" 404 1181 "-" "Mozilla/5.0 (iPhone; CPU iPhone OS 13_3 like Mac OS X) AppleWebKit/605.1.15 (KHTML, like Gecko) Version/13.0.4 Mobile/15E148 Safari/604.1"
216.244.66.203 - - [04/Jan/2023:10:26:38 +0100] "GET /robots.txt HTTP/1.1" 404 1181 "-" "Mozilla/5.0 (compatible; DotBot/1.2; +https://opensiteexplorer.org/dotbot; help@moz.com)"
216.244.66.203 - - [04/Jan/2023:10:41:20 +0100] "GET /pmwiki/pmwiki.php/Main/Privacy?action=diff&source=y&minor=n HTTP/1.1" 200 12782 "-" "Mozilla/5.0 (compatible; DotBot/1.2; +https://opensiteexplorer.org/dotbot; help@moz.com)"
216.244.66.203 - - [04/Jan/2023:10:45:31 +0100] "GET /pmwiki/pmwiki.php/Main/AJelenlegiSzerzoiJogiTorveny?action=diff&source=y&minor=n HTTP/1.1" 200 35754 "-" "Mozilla/5.0 (compatible; DotBot/1.2; +https://opensiteexplorer.org/dotbot; help@moz.com)"
77.88.9.130 - - [04/Jan/2023:11:25:15 +0100] "GET /robots.txt HTTP/1.1" 404 1181 "-" "Mozilla/5.0 (compatible; YandexBot/3.0; +http://yandex.com/bots)"
77.88.9.130 - - [04/Jan/2023:11:25:19 +0100] "GET /pmwiki/pmwiki.php/Main/SzoftverSzabadalmak?action=diff HTTP/1.1" 200 16505 "-" "Mozilla/5.0 (compatible; YandexBot/3.0; +http://yandex.com/bots)"
110.249.202.169 - - [04/Jan/2023:13:39:28 +0100] "GET /robots.txt HTTP/1.1" 404 1181 "-" "Mozilla/5.0 (Linux; Android 5.0) AppleWebKit/537.36 (KHTML, like Gecko) Mobile Safari/537.36 (compatible; Bytespider; https://zhanzhang.toutiao.com/)"
114.119.130.57 - - [04/Jan/2023:13:51:27 +0100] "GET /pmwiki/pmwiki.php/Main/Rocard?action=upload HTTP/1.1" 200 12245 "http://swpat.zpok.hu/pmwiki/pmwiki.php/Main/Rocard" "Mozilla/5.0 (Linux; Android 7.0;) AppleWebKit/537.36 (KHTML, like Gecko) Mobile Safari/537.36 (compatible; PetalBot;+https://webmaster.petalsearch.com/site/petalbot)"
77.88.9.137 - - [04/Jan/2023:14:04:23 +0100] "GET /pmwiki/pmwiki.php?n=Main.Mintalevel0509 HTTP/1.1" 200 16475 "-" "Mozilla/5.0 (compatible; YandexBot/3.0; +http://yandex.com/bots)"
51.222.253.20 - - [04/Jan/2023:14:15:12 +0100] "GET /robots.txt HTTP/1.1" 404 1181 "-" "Mozilla/5.0 (compatible; AhrefsBot/7.0; +http://ahrefs.com/robot/)"
54.36.148.136 - - [04/Jan/2023:14:15:13 +0100] "GET /pmwiki/pmwiki.php/Emeltdijas/Hu?action=edit HTTP/1.1" 200 12404 "-" "Mozilla/5.0 (compatible; AhrefsBot/7.0; +http://ahrefs.com/robot/)"
54.36.149.51 - - [04/Jan/2023:15:17:23 +0100] "GET /pmwiki/pmwiki.php/Emeltdijas/Hu?action=print HTTP/1.1" 200 3447 "-" "Mozilla/5.0 (compatible; AhrefsBot/7.0; +http://ahrefs.com/robot/)"
216.244.66.203 - - [04/Jan/2023:15:52:21 +0100] "GET /robots.txt HTTP/1.1" 404 1181 "-" "Mozilla/5.0 (compatible; DotBot/1.2; +https://opensiteexplorer.org/dotbot; help@moz.com)"
216.244.66.203 - - [04/Jan/2023:16:01:10 +0100] "GET /pmwiki/pmwiki.php/PmWiki/WikiStyles?action=diff&source=y&minor=n HTTP/1.1" 200 12874 "-" "Mozilla/5.0 (compatible; DotBot/1.2; +https://opensiteexplorer.org/dotbot; help@moz.com)"
216.244.66.203 - - [04/Jan/2023:16:03:57 +0100] "GET /pmwiki/pmwiki.php/PmWiki/CustomWikiStyles?action=diff&source=y&minor=n HTTP/1.1" 200 12982 "-" "Mozilla/5.0 (compatible; DotBot/1.2; +https://opensiteexplorer.org/dotbot; help@moz.com)"
216.244.66.203 - - [04/Jan/2023:16:04:01 +0100] "GET /pmwiki/pmwiki.php/PmWiki/Internationalizations?action=diff&source=n&minor=y HTTP/1.1" 200 13072 "-" "Mozilla/5.0 (compatible; DotBot/1.2; +https://opensiteexplorer.org/dotbot; help@moz.com)"
216.244.66.203 - - [04/Jan/2023:16:48:15 +0100] "GET /robots.txt HTTP/1.1" 404 1181 "-" "Mozilla/5.0 (compatible; DotBot/1.2; +https://opensiteexplorer.org/dotbot; help@moz.com)"
