49.12.13.109 - - [20/Jul/2023:17:39:36 +0200] "HEAD /pmwiki/pmwiki.php HTTP/1.1" 200 0 "-" "Alert_Alligator_webmonitoring_service_1.6.3_(alertalligator.com)"
212.237.51.151 - - [20/Jul/2023:18:23:52 +0200] "HEAD /pmwiki/pmwiki.php HTTP/1.1" 200 0 "-" "Alert_Alligator_webmonitoring_service_1.6.4_(alertalligator.com)"
110.249.201.196 - - [20/Jul/2023:18:26:22 +0200] "GET /robots.txt HTTP/1.1" 404 1181 "-" "Mozilla/5.0 (Linux; Android 5.0) AppleWebKit/537.36 (KHTML, like Gecko) Mobile Safari/537.36 (compatible; Bytespider; https://zhanzhang.toutiao.com/)"
64.124.8.41 - - [20/Jul/2023:18:37:59 +0200] "GET /pmwiki/pmwiki.php/Main/Feb03PR HTTP/1.1" 200 15390 "-" "Mozilla/5.0 (X11; Linux x86_64) AppleWebKit/537.36 (KHTML, like Gecko) Chrome/61.0.3163.79 Safari/537.36"
212.237.51.151 - - [20/Jul/2023:19:05:59 +0200] "HEAD /pmwiki/pmwiki.php HTTP/1.1" 200 0 "-" "Alert_Alligator_webmonitoring_service_1.6.4_(alertalligator.com)"
216.244.66.203 - - [20/Jul/2023:19:09:27 +0200] "GET /robots.txt HTTP/1.1" 404 1181 "-" "Mozilla/5.0 (compatible; DotBot/1.2; +https://opensiteexplorer.org/dotbot; help@moz.com)"
64.124.8.41 - - [20/Jul/2023:19:36:12 +0200] "GET /pmwiki/pmwiki.php/PmWiki/LocalCustomizations HTTP/1.1" 200 16199 "-" "Mozilla/5.0 (X11; Linux x86_64) AppleWebKit/537.36 (KHTML, like Gecko) Chrome/61.0.3163.79 Safari/537.36"
216.244.66.203 - - [20/Jul/2023:19:38:08 +0200] "GET /pmwiki/pmwiki.php/PmWiki/ImagesInWikiPages?action=diff&source=n&minor=y HTTP/1.1" 200 13001 "-" "Mozilla/5.0 (compatible; DotBot/1.2; +https://opensiteexplorer.org/dotbot; help@moz.com)"
5.255.253.82 - - [20/Jul/2023:20:04:12 +0200] "GET /robots.txt HTTP/1.1" 404 1181 "-" "Mozilla/5.0 (compatible; YandexBot/3.0; +http://yandex.com/bots)"
95.108.213.189 - - [20/Jul/2023:20:04:13 +0200] "GET /pmwiki/pmwiki.php/Main/CikkekDRM?action=print HTTP/1.1" 200 8479 "-" "Mozilla/5.0 (compatible; YandexBot/3.0; +http://yandex.com/bots)"
49.12.13.109 - - [20/Jul/2023:20:05:02 +0200] "HEAD /pmwiki/pmwiki.php HTTP/1.1" 200 0 "-" "Alert_Alligator_webmonitoring_service_1.6.3_(alertalligator.com)"
49.12.13.109 - - [20/Jul/2023:21:04:06 +0200] "HEAD /pmwiki/pmwiki.php HTTP/1.1" 200 0 "-" "Alert_Alligator_webmonitoring_service_1.6.3_(alertalligator.com)"
212.237.23.143 - - [20/Jul/2023:22:01:16 +0200] "HEAD /pmwiki/pmwiki.php HTTP/1.1" 200 0 "-" "Alert_Alligator_webmonitoring_service_1.6.4_(alertalligator.com)"
49.12.13.109 - - [20/Jul/2023:23:00:18 +0200] "HEAD /pmwiki/pmwiki.php HTTP/1.1" 200 0 "-" "Alert_Alligator_webmonitoring_service_1.6.3_(alertalligator.com)"
64.124.8.50 - - [20/Jul/2023:23:02:30 +0200] "GET /robots.txt HTTP/1.1" 404 1181 "-" "Mozilla/5.0 (X11; Linux x86_64) AppleWebKit/537.36 (KHTML, like Gecko) Chrome/61.0.3163.79 Safari/537.36"
64.124.8.50 - - [20/Jul/2023:23:02:31 +0200] "GET /pmwiki/pmwiki.php/PmWiki/PageHistory HTTP/1.1" 200 13257 "-" "Mozilla/5.0 (X11; Linux x86_64) AppleWebKit/537.36 (KHTML, like Gecko) Chrome/61.0.3163.79 Safari/537.36"
64.124.8.50 - - [20/Jul/2023:23:11:45 +0200] "GET /pmwiki/pmwiki.php/PmWiki/WikiStructure HTTP/1.1" 200 14527 "-" "Mozilla/5.0 (X11; Linux x86_64) AppleWebKit/537.36 (KHTML, like Gecko) Chrome/61.0.3163.79 Safari/537.36"
212.237.51.151 - - [20/Jul/2023:23:46:05 +0200] "HEAD /pmwiki/pmwiki.php HTTP/1.1" 200 0 "-" "Alert_Alligator_webmonitoring_service_1.6.4_(alertalligator.com)"
212.237.53.115 - - [21/Jul/2023:00:39:38 +0200] "HEAD /pmwiki/pmwiki.php HTTP/1.1" 200 0 "-" "Alert_Alligator_webmonitoring_service_1.6.4_(alertalligator.com)"
212.237.51.151 - - [21/Jul/2023:01:27:27 +0200] "HEAD /pmwiki/pmwiki.php HTTP/1.1" 200 0 "-" "Alert_Alligator_webmonitoring_service_1.6.4_(alertalligator.com)"
110.249.201.174 - - [21/Jul/2023:01:45:40 +0200] "GET /robots.txt HTTP/1.1" 404 1181 "-" "Mozilla/5.0 (Linux; Android 5.0) AppleWebKit/537.36 (KHTML, like Gecko) Mobile Safari/537.36 (compatible; Bytespider; https://zhanzhang.toutiao.com/)"
49.12.13.109 - - [21/Jul/2023:02:26:31 +0200] "HEAD /pmwiki/pmwiki.php HTTP/1.1" 200 0 "-" "Alert_Alligator_webmonitoring_service_1.6.3_(alertalligator.com)"
212.237.53.115 - - [21/Jul/2023:03:16:21 +0200] "HEAD /pmwiki/pmwiki.php HTTP/1.1" 200 0 "-" "Alert_Alligator_webmonitoring_service_1.6.4_(alertalligator.com)"
216.244.66.203 - - [21/Jul/2023:03:17:59 +0200] "GET /robots.txt HTTP/1.1" 404 1181 "-" "Mozilla/5.0 (compatible; DotBot/1.2; +https://opensiteexplorer.org/dotbot; help@moz.com)"
216.244.66.203 - - [21/Jul/2023:03:44:22 +0200] "GET /pmwiki/pmwiki.php/Main/SzoftverSzabadalmak?action=diff&source=y&minor=n HTTP/1.1" 200 16602 "-" "Mozilla/5.0 (compatible; DotBot/1.2; +https://opensiteexplorer.org/dotbot; help@moz.com)"
64.124.8.23 - - [21/Jul/2023:04:01:43 +0200] "GET /robots.txt HTTP/1.1" 404 1181 "-" "Mozilla/5.0 (X11; Linux x86_64) AppleWebKit/537.36 (KHTML, like Gecko) Chrome/61.0.3163.79 Safari/537.36"
64.124.8.23 - - [21/Jul/2023:04:01:43 +0200] "GET /pmwiki/pmwiki.php/PmWiki/PageHistory HTTP/1.1" 200 13257 "-" "Mozilla/5.0 (X11; Linux x86_64) AppleWebKit/537.36 (KHTML, like Gecko) Chrome/61.0.3163.79 Safari/537.36"
64.124.8.23 - - [21/Jul/2023:04:10:18 +0200] "GET /pmwiki/pmwiki.php/PmWiki/WikiStructure HTTP/1.1" 200 14527 "-" "Mozilla/5.0 (X11; Linux x86_64) AppleWebKit/537.36 (KHTML, like Gecko) Chrome/61.0.3163.79 Safari/537.36"
216.244.66.203 - - [21/Jul/2023:04:13:12 +0200] "GET /robots.txt HTTP/1.1" 404 1181 "-" "Mozilla/5.0 (compatible; DotBot/1.2; +https://opensiteexplorer.org/dotbot; help@moz.com)"
49.12.13.109 - - [21/Jul/2023:04:15:25 +0200] "HEAD /pmwiki/pmwiki.php HTTP/1.1" 200 0 "-" "Alert_Alligator_webmonitoring_service_1.6.3_(alertalligator.com)"
64.124.8.23 - - [21/Jul/2023:04:16:48 +0200] "GET /pmwiki/pmwiki.php/Main/EUCD HTTP/1.1" 200 12963 "-" "Mozilla/5.0 (X11; Linux x86_64) AppleWebKit/537.36 (KHTML, like Gecko) Chrome/61.0.3163.79 Safari/537.36"
64.124.8.23 - - [21/Jul/2023:04:21:59 +0200] "GET /pmwiki/pmwiki.php/Main/AzEUBizotts%E1gaL%E1bbalTiporjaADemokr%E1ci%E1t HTTP/1.1" 200 17083 "-" "Mozilla/5.0 (X11; Linux x86_64) AppleWebKit/537.36 (KHTML, like Gecko) Chrome/61.0.3163.79 Safari/537.36"
64.124.8.23 - - [21/Jul/2023:04:26:22 +0200] "GET /pmwiki/pmwiki.php/PmWiki/AvailableActions HTTP/1.1" 200 14504 "-" "Mozilla/5.0 (X11; Linux x86_64) AppleWebKit/537.36 (KHTML, like Gecko) Chrome/61.0.3163.79 Safari/537.36"
64.124.8.23 - - [21/Jul/2023:04:32:29 +0200] "GET /pmwiki/pmwiki.php/Main/ABundestagT%E1mogatjaAzEur%F3paiParlamentet HTTP/1.1" 200 18357 "-" "Mozilla/5.0 (X11; Linux x86_64) AppleWebKit/537.36 (KHTML, like Gecko) Chrome/61.0.3163.79 Safari/537.36"
216.244.66.203 - - [21/Jul/2023:04:35:23 +0200] "GET /pmwiki/pmwiki.php/Main/Virsligy%E1r?action=diff&source=n&minor=y HTTP/1.1" 200 26293 "-" "Mozilla/5.0 (compatible; DotBot/1.2; +https://opensiteexplorer.org/dotbot; help@moz.com)"
212.237.51.151 - - [21/Jul/2023:04:57:36 +0200] "HEAD /pmwiki/pmwiki.php HTTP/1.1" 200 0 "-" "Alert_Alligator_webmonitoring_service_1.6.4_(alertalligator.com)"
64.124.8.23 - - [21/Jul/2023:04:59:14 +0200] "GET /pmwiki/pmwiki.php/PmWiki/Links HTTP/1.1" 200 17719 "-" "Mozilla/5.0 (X11; Linux x86_64) AppleWebKit/537.36 (KHTML, like Gecko) Chrome/61.0.3163.79 Safari/537.36"
216.244.66.203 - - [21/Jul/2023:05:08:01 +0200] "GET /robots.txt HTTP/1.1" 404 1181 "-" "Mozilla/5.0 (compatible; DotBot/1.2; +https://opensiteexplorer.org/dotbot; help@moz.com)"
216.244.66.203 - - [21/Jul/2023:05:29:17 +0200] "GET /pmwiki/pmwiki.php/Main/HomePage?action=diff&source=y&minor=n HTTP/1.1" 200 81542 "-" "Mozilla/5.0 (compatible; DotBot/1.2; +https://opensiteexplorer.org/dotbot; help@moz.com)"
64.124.8.23 - - [21/Jul/2023:05:29:46 +0200] "GET /pmwiki/pmwiki.php/PmWiki/LayoutVariables HTTP/1.1" 200 17190 "-" "Mozilla/5.0 (X11; Linux x86_64) AppleWebKit/537.36 (KHTML, like Gecko) Chrome/61.0.3163.79 Safari/537.36"
64.124.8.23 - - [21/Jul/2023:05:33:51 +0200] "GET /pmwiki/pmwiki.php/Main/2005M%E1jus HTTP/1.1" 200 15288 "-" "Mozilla/5.0 (X11; Linux x86_64) AppleWebKit/537.36 (KHTML, like Gecko) Chrome/61.0.3163.79 Safari/537.36"
49.12.13.109 - - [21/Jul/2023:05:56:39 +0200] "HEAD /pmwiki/pmwiki.php HTTP/1.1" 200 0 "-" "Alert_Alligator_webmonitoring_service_1.6.3_(alertalligator.com)"
66.249.66.134 - - [21/Jul/2023:06:02:46 +0200] "GET /robots.txt HTTP/1.1" 404 1181 "-" "Mozilla/5.0 (compatible; Googlebot/2.1; +http://www.google.com/bot.html)"
66.249.66.206 - - [21/Jul/2023:06:02:47 +0200] "GET /pmwiki/pmwiki.php/Main/GatesMegzsaroltaD%E1ni%E1t HTTP/1.1" 200 12993 "-" "Mozilla/5.0 (Linux; Android 6.0.1; Nexus 5X Build/MMB29P) AppleWebKit/537.36 (KHTML, like Gecko) Chrome/114.0.5735.179 Mobile Safari/537.36 (compatible; Googlebot/2.1; +http://www.google.com/bot.html)"
195.191.219.133 - - [21/Jul/2023:06:13:45 +0200] "GET /robots.txt HTTP/1.1" 404 1181 "-" "Mozilla/5.0 (compatible; MJ12bot/v1.4.8; http://mj12bot.com/)"
195.191.219.133 - - [21/Jul/2023:06:13:47 +0200] "GET / HTTP/1.1" 302 5 "-" "Mozilla/5.0 (compatible; MJ12bot/v1.4.8; http://mj12bot.com/)"
195.191.219.133 - - [21/Jul/2023:06:13:49 +0200] "GET /pmwiki/pmwiki.php HTTP/1.1" 200 37269 "-" "Mozilla/5.0 (compatible; MJ12bot/v1.4.8; http://mj12bot.com/)"
195.191.219.133 - - [21/Jul/2023:06:13:51 +0200] "GET /pmwiki/pmwiki.php HTTP/1.1" 200 37269 "-" "Mozilla/5.0 (compatible; MJ12bot/v1.4.8; http://mj12bot.com/)"
213.180.203.150 - - [21/Jul/2023:06:20:30 +0200] "GET /robots.txt HTTP/1.1" 404 1181 "-" "Mozilla/5.0 (compatible; YandexBot/3.0; +http://yandex.com/bots)"
5.45.207.66 - - [21/Jul/2023:06:20:31 +0200] "GET /pmwiki/pmwiki.php/Main/2003M%E1jusiNyilatkozathozKapcsol%F3d%F3Cikk?action=print HTTP/1.1" 200 4972 "-" "Mozilla/5.0 (compatible; YandexBot/3.0; +http://yandex.com/bots)"
64.124.8.23 - - [21/Jul/2023:06:23:33 +0200] "GET /pmwiki/pmwiki.php/Main/Befektet%E9sv%E9delem HTTP/1.1" 200 15814 "-" "Mozilla/5.0 (X11; Linux x86_64) AppleWebKit/537.36 (KHTML, like Gecko) Chrome/61.0.3163.79 Safari/537.36"
77.75.77.72 - - [21/Jul/2023:06:47:53 +0200] "GET /pmwiki/pmwiki.php/Main/Linkek HTTP/1.1" 200 28889 "-" "Mozilla/5.0 (compatible; SeznamBot/4.0; +http://napoveda.seznam.cz/seznambot-intro/)"
212.237.23.143 - - [21/Jul/2023:06:54:17 +0200] "HEAD /pmwiki/pmwiki.php HTTP/1.1" 200 0 "-" "Alert_Alligator_webmonitoring_service_1.6.4_(alertalligator.com)"
111.225.149.146 - - [21/Jul/2023:06:54:40 +0200] "GET /robots.txt HTTP/1.1" 404 1181 "-" "Mozilla/5.0 (Linux; Android 5.0) AppleWebKit/537.36 (KHTML, like Gecko) Mobile Safari/537.36 (compatible; Bytespider; https://zhanzhang.toutiao.com/)"
64.124.8.23 - - [21/Jul/2023:07:03:04 +0200] "GET /pmwiki/pmwiki.php/Main/MiADRM HTTP/1.1" 200 12869 "-" "Mozilla/5.0 (X11; Linux x86_64) AppleWebKit/537.36 (KHTML, like Gecko) Chrome/61.0.3163.79 Safari/537.36"
54.36.148.196 - - [21/Jul/2023:07:07:16 +0200] "GET /robots.txt HTTP/1.1" 404 1181 "-" "Mozilla/5.0 (compatible; AhrefsBot/7.0; +http://ahrefs.com/robot/)"
54.36.148.24 - - [21/Jul/2023:07:07:17 +0200] "GET /pmwiki/pmwiki.php/Main/JogiOldal?action=diff HTTP/1.1" 200 27426 "-" "Mozilla/5.0 (compatible; AhrefsBot/7.0; +http://ahrefs.com/robot/)"
64.124.8.23 - - [21/Jul/2023:07:21:23 +0200] "GET /pmwiki/pmwiki.php/PmWiki/DocumentationIndex HTTP/1.1" 200 18850 "-" "Mozilla/5.0 (X11; Linux x86_64) AppleWebKit/537.36 (KHTML, like Gecko) Chrome/61.0.3163.79 Safari/537.36"
64.124.8.23 - - [21/Jul/2023:07:22:00 +0200] "GET /pmwiki/pmwiki.php/Main/Power HTTP/1.1" 200 20204 "-" "Mozilla/5.0 (X11; Linux x86_64) AppleWebKit/537.36 (KHTML, like Gecko) Chrome/61.0.3163.79 Safari/537.36"
64.124.8.23 - - [21/Jul/2023:07:22:57 +0200] "GET /pmwiki/pmwiki.php/Main/K%F6zlem%E9nye HTTP/1.1" 200 17975 "-" "Mozilla/5.0 (X11; Linux x86_64) AppleWebKit/537.36 (KHTML, like Gecko) Chrome/61.0.3163.79 Safari/537.36"
212.237.23.143 - - [21/Jul/2023:07:49:26 +0200] "HEAD /pmwiki/pmwiki.php HTTP/1.1" 200 0 "-" "Alert_Alligator_webmonitoring_service_1.6.4_(alertalligator.com)"
64.124.8.23 - - [21/Jul/2023:08:05:16 +0200] "GET /pmwiki/pmwiki.php/Main/BMEKonferencia HTTP/1.1" 200 14864 "-" "Mozilla/5.0 (X11; Linux x86_64) AppleWebKit/537.36 (KHTML, like Gecko) Chrome/61.0.3163.79 Safari/537.36"
54.36.148.114 - - [21/Jul/2023:08:09:08 +0200] "GET /pmwiki/pmwiki.php/Main/TRIPSLie HTTP/1.1" 200 12874 "-" "Mozilla/5.0 (compatible; AhrefsBot/7.0; +http://ahrefs.com/robot/)"
64.124.8.23 - - [21/Jul/2023:08:13:25 +0200] "GET /pmwiki/pmwiki.php/PmWiki/Security HTTP/1.1" 200 14640 "-" "Mozilla/5.0 (X11; Linux x86_64) AppleWebKit/537.36 (KHTML, like Gecko) Chrome/61.0.3163.79 Safari/537.36"
64.124.8.23 - - [21/Jul/2023:08:13:37 +0200] "GET /pmwiki/pmwiki.php/PmWiki/CustomMarkup HTTP/1.1" 200 17912 "-" "Mozilla/5.0 (X11; Linux x86_64) AppleWebKit/537.36 (KHTML, like Gecko) Chrome/61.0.3163.79 Safari/537.36"
64.124.8.23 - - [21/Jul/2023:08:24:21 +0200] "GET /pmwiki/pmwiki.php/PmWiki/SimpleTables2 HTTP/1.1" 200 16649 "-" "Mozilla/5.0 (X11; Linux x86_64) AppleWebKit/537.36 (KHTML, like Gecko) Chrome/61.0.3163.79 Safari/537.36"
212.237.51.151 - - [21/Jul/2023:08:34:19 +0200] "HEAD /pmwiki/pmwiki.php HTTP/1.1" 200 0 "-" "Alert_Alligator_webmonitoring_service_1.6.4_(alertalligator.com)"
64.124.8.23 - - [21/Jul/2023:08:55:52 +0200] "GET /pmwiki/pmwiki.php/PmWiki/WikiGroup HTTP/1.1" 200 14517 "-" "Mozilla/5.0 (X11; Linux x86_64) AppleWebKit/537.36 (KHTML, like Gecko) Chrome/61.0.3163.79 Safari/537.36"
64.124.8.23 - - [21/Jul/2023:09:17:07 +0200] "GET /pmwiki/pmwiki.php/PmWiki/ImagesInWikiPages HTTP/1.1" 200 14089 "-" "Mozilla/5.0 (X11; Linux x86_64) AppleWebKit/537.36 (KHTML, like Gecko) Chrome/61.0.3163.79 Safari/537.36"
212.237.23.143 - - [21/Jul/2023:09:27:21 +0200] "HEAD /pmwiki/pmwiki.php HTTP/1.1" 200 0 "-" "Alert_Alligator_webmonitoring_service_1.6.4_(alertalligator.com)"
64.124.8.23 - - [21/Jul/2023:09:32:11 +0200] "GET /pmwiki/pmwiki.php/PmWiki/Upgrades HTTP/1.1" 200 15449 "-" "Mozilla/5.0 (X11; Linux x86_64) AppleWebKit/537.36 (KHTML, like Gecko) Chrome/61.0.3163.79 Safari/537.36"
216.244.66.203 - - [21/Jul/2023:09:40:17 +0200] "GET /robots.txt HTTP/1.1" 404 1181 "-" "Mozilla/5.0 (compatible; DotBot/1.2; +https://opensiteexplorer.org/dotbot; help@moz.com)"
184.170.252.145 - - [21/Jul/2023:09:44:49 +0200] "GET /pmwiki/pmwiki.php/Main/Linkek HTTP/1.1" 200 28889 "http://swpat.zpok.hu" "Mozilla/5.0 (Windows NT 10.0; Win64; x64) AppleWebKit/537.36 (KHTML, like Gecko) Chrome/62.0.3202.94 Safari/537.36"
64.124.8.23 - - [21/Jul/2023:09:47:56 +0200] "GET /pmwiki/pmwiki.php/PmWiki/SimpleTables HTTP/1.1" 200 15263 "-" "Mozilla/5.0 (X11; Linux x86_64) AppleWebKit/537.36 (KHTML, like Gecko) Chrome/61.0.3163.79 Safari/537.36"
216.244.66.203 - - [21/Jul/2023:10:07:00 +0200] "GET /pmwiki/pmwiki.php/Main/C?action=diff&source=n&minor=y HTTP/1.1" 200 12671 "-" "Mozilla/5.0 (compatible; DotBot/1.2; +https://opensiteexplorer.org/dotbot; help@moz.com)"
216.244.66.203 - - [21/Jul/2023:10:07:05 +0200] "GET /pmwiki/pmwiki.php/PmWiki/WikiSandbox?action=diff&source=y&minor=n HTTP/1.1" 200 12892 "-" "Mozilla/5.0 (compatible; DotBot/1.2; +https://opensiteexplorer.org/dotbot; help@moz.com)"
49.12.13.109 - - [21/Jul/2023:10:26:25 +0200] "HEAD /pmwiki/pmwiki.php HTTP/1.1" 200 0 "-" "Alert_Alligator_webmonitoring_service_1.6.3_(alertalligator.com)"
64.124.8.23 - - [21/Jul/2023:10:29:27 +0200] "GET /pmwiki/pmwiki.php/PmWiki/WikiSandbox HTTP/1.1" 302 213 "-" "Mozilla/5.0 (X11; Linux x86_64) AppleWebKit/537.36 (KHTML, like Gecko) Chrome/61.0.3163.79 Safari/537.36"
64.124.8.23 - - [21/Jul/2023:10:32:20 +0200] "GET /pmwiki/pmwiki.php/Emeltdijas HTTP/1.1" 404 12046 "-" "Mozilla/5.0 (X11; Linux x86_64) AppleWebKit/537.36 (KHTML, like Gecko) Chrome/61.0.3163.79 Safari/537.36"
54.36.148.203 - - [21/Jul/2023:10:39:57 +0200] "GET /pmwiki/pmwiki.php/Main/JogiOldal?action=print HTTP/1.1" 200 16476 "-" "Mozilla/5.0 (compatible; AhrefsBot/7.0; +http://ahrefs.com/robot/)"
64.124.8.23 - - [21/Jul/2023:10:41:58 +0200] "GET /pmwiki/pmwiki.php/PmWiki/GroupHeaders HTTP/1.1" 200 14105 "-" "Mozilla/5.0 (X11; Linux x86_64) AppleWebKit/537.36 (KHTML, like Gecko) Chrome/61.0.3163.79 Safari/537.36"
64.124.8.23 - - [21/Jul/2023:10:53:23 +0200] "GET /pmwiki/pmwiki.php/PmWiki/LayoutAdvanced HTTP/1.1" 200 19064 "-" "Mozilla/5.0 (X11; Linux x86_64) AppleWebKit/537.36 (KHTML, like Gecko) Chrome/61.0.3163.79 Safari/537.36"
64.124.8.23 - - [21/Jul/2023:10:54:45 +0200] "GET /pmwiki/pmwiki.php/PmWiki/WikiPage HTTP/1.1" 200 12282 "-" "Mozilla/5.0 (X11; Linux x86_64) AppleWebKit/537.36 (KHTML, like Gecko) Chrome/61.0.3163.79 Safari/537.36"
110.249.201.172 - - [21/Jul/2023:10:56:39 +0200] "GET /robots.txt HTTP/1.1" 404 1181 "-" "Mozilla/5.0 (Linux; Android 5.0) AppleWebKit/537.36 (KHTML, like Gecko) Mobile Safari/537.36 (compatible; Bytespider; https://zhanzhang.toutiao.com/)"
64.124.8.23 - - [21/Jul/2023:11:05:54 +0200] "GET /pmwiki/pmwiki.php/Main/CenZored HTTP/1.1" 200 15129 "-" "Mozilla/5.0 (X11; Linux x86_64) AppleWebKit/537.36 (KHTML, like Gecko) Chrome/61.0.3163.79 Safari/537.36"
49.12.13.109 - - [21/Jul/2023:11:25:31 +0200] "HEAD /pmwiki/pmwiki.php HTTP/1.1" 200 0 "-" "Alert_Alligator_webmonitoring_service_1.6.3_(alertalligator.com)"
216.244.66.203 - - [21/Jul/2023:11:29:17 +0200] "GET /robots.txt HTTP/1.1" 404 1181 "-" "Mozilla/5.0 (compatible; DotBot/1.2; +https://opensiteexplorer.org/dotbot; help@moz.com)"
64.124.8.23 - - [21/Jul/2023:11:48:22 +0200] "GET /pmwiki/pmwiki.php/PmWiki/WikiTrails HTTP/1.1" 200 15266 "-" "Mozilla/5.0 (X11; Linux x86_64) AppleWebKit/537.36 (KHTML, like Gecko) Chrome/61.0.3163.79 Safari/537.36"
216.244.66.203 - - [21/Jul/2023:11:51:05 +0200] "GET /pmwiki/pmwiki.php/Main/RocardEp2?action=diff&source=y&minor=n HTTP/1.1" 200 12815 "-" "Mozilla/5.0 (compatible; DotBot/1.2; +https://opensiteexplorer.org/dotbot; help@moz.com)"
216.244.66.203 - - [21/Jul/2023:11:51:10 +0200] "GET /pmwiki/pmwiki.php/Profiles/Restored?action=diff&source=n&minor=y HTTP/1.1" 200 12873 "-" "Mozilla/5.0 (compatible; DotBot/1.2; +https://opensiteexplorer.org/dotbot; help@moz.com)"
95.108.213.204 - - [21/Jul/2023:11:58:44 +0200] "GET /robots.txt HTTP/1.1" 404 1181 "-" "Mozilla/5.0 (compatible; YandexBot/3.0; +http://yandex.com/bots)"
213.180.203.207 - - [21/Jul/2023:11:58:45 +0200] "GET /pmwiki/pmwiki.php/Main/DRMMunkacsoport?action=print HTTP/1.1" 200 3060 "-" "Mozilla/5.0 (compatible; YandexBot/3.0; +http://yandex.com/bots)"
64.124.8.23 - - [21/Jul/2023:12:02:25 +0200] "GET /pmwiki/pmwiki.php/API/API HTTP/1.1" 404 11826 "-" "Mozilla/5.0 (X11; Linux x86_64) AppleWebKit/537.36 (KHTML, like Gecko) Chrome/61.0.3163.79 Safari/537.36"
91.90.124.11 - - [21/Jul/2023:12:07:15 +0200] "GET /pmwiki/pmwiki.php/Main/Linkek HTTP/1.1" 200 28889 "http://swpat.zpok.hu" "Mozilla/5.0 (Windows NT 10.0; Win64; x64) AppleWebKit/537.36 (KHTML, like Gecko) Chrome/62.0.3202.94 Safari/537.36"
66.249.66.166 - - [21/Jul/2023:12:08:58 +0200] "GET / HTTP/1.1" 302 5 "-" "Mozilla/5.0 (Linux; Android 6.0.1; Nexus 5X Build/MMB29P) AppleWebKit/537.36 (KHTML, like Gecko) Chrome/99.0.4844.84 Mobile Safari/537.36 (compatible; Googlebot/2.1; +http://www.google.com/bot.html)"
64.124.8.23 - - [21/Jul/2023:12:10:37 +0200] "GET /pmwiki/pmwiki.php/Main/2004Febru%E1riK%F6sz%F6netLengyelorsz%E1gnak HTTP/1.1" 200 15642 "-" "Mozilla/5.0 (X11; Linux x86_64) AppleWebKit/537.36 (KHTML, like Gecko) Chrome/61.0.3163.79 Safari/537.36"
212.237.53.115 - - [21/Jul/2023:12:12:40 +0200] "HEAD /pmwiki/pmwiki.php HTTP/1.1" 200 0 "-" "Alert_Alligator_webmonitoring_service_1.6.4_(alertalligator.com)"
216.244.66.203 - - [21/Jul/2023:12:23:21 +0200] "GET /robots.txt HTTP/1.1" 404 1181 "-" "Mozilla/5.0 (compatible; DotBot/1.2; +https://opensiteexplorer.org/dotbot; help@moz.com)"
64.124.8.23 - - [21/Jul/2023:12:28:36 +0200] "GET /pmwiki/pmwiki.php/PmWiki/PerGroupCustomizations HTTP/1.1" 200 15556 "-" "Mozilla/5.0 (X11; Linux x86_64) AppleWebKit/537.36 (KHTML, like Gecko) Chrome/61.0.3163.79 Safari/537.36"
216.244.66.203 - - [21/Jul/2023:12:40:12 +0200] "GET /pmwiki/pmwiki.php/Main/ThankYouPoland?action=diff&source=n&minor=y HTTP/1.1" 200 15641 "-" "Mozilla/5.0 (compatible; DotBot/1.2; +https://opensiteexplorer.org/dotbot; help@moz.com)"
64.124.8.23 - - [21/Jul/2023:12:49:57 +0200] "GET /pmwiki/pmwiki.php/Main/CikkekPrivacy HTTP/1.1" 200 12503 "-" "Mozilla/5.0 (X11; Linux x86_64) AppleWebKit/537.36 (KHTML, like Gecko) Chrome/61.0.3163.79 Safari/537.36"
212.237.23.143 - - [21/Jul/2023:13:13:31 +0200] "HEAD /pmwiki/pmwiki.php HTTP/1.1" 200 0 "-" "Alert_Alligator_webmonitoring_service_1.6.4_(alertalligator.com)"
49.12.13.109 - - [21/Jul/2023:14:13:02 +0200] "HEAD /pmwiki/pmwiki.php HTTP/1.1" 200 0 "-" "Alert_Alligator_webmonitoring_service_1.6.3_(alertalligator.com)"
77.75.77.72 - - [21/Jul/2023:14:33:21 +0200] "GET /pmwiki/pmwiki.php/Main/Ipr HTTP/1.1" 200 13258 "-" "Mozilla/5.0 (compatible; SeznamBot/4.0; +http://napoveda.seznam.cz/seznambot-intro/)"
54.36.148.249 - - [21/Jul/2023:14:35:39 +0200] "GET /pmwiki/pmwiki.php/PmWiki/TipsForEditing HTTP/1.1" 200 15017 "-" "Mozilla/5.0 (compatible; AhrefsBot/7.0; +http://ahrefs.com/robot/)"
110.249.201.134 - - [21/Jul/2023:14:52:40 +0200] "GET /robots.txt HTTP/1.1" 404 1181 "-" "Mozilla/5.0 (Linux; Android 5.0) AppleWebKit/537.36 (KHTML, like Gecko) Mobile Safari/537.36 (compatible; Bytespider; https://zhanzhang.toutiao.com/)"
212.237.23.143 - - [21/Jul/2023:15:09:22 +0200] "HEAD /pmwiki/pmwiki.php HTTP/1.1" 200 0 "-" "Alert_Alligator_webmonitoring_service_1.6.4_(alertalligator.com)"
216.244.66.203 - - [21/Jul/2023:15:11:26 +0200] "GET /robots.txt HTTP/1.1" 404 1181 "-" "Mozilla/5.0 (compatible; DotBot/1.2; +https://opensiteexplorer.org/dotbot; help@moz.com)"
216.244.66.203 - - [21/Jul/2023:15:26:00 +0200] "GET /pmwiki/pmwiki.php/Main/Privacy?action=diff&source=n&minor=y HTTP/1.1" 200 12779 "-" "Mozilla/5.0 (compatible; DotBot/1.2; +https://opensiteexplorer.org/dotbot; help@moz.com)"
143.110.188.223 - - [21/Jul/2023:15:54:03 +0200] "GET / HTTP/1.1" 302 5 "-" "Mozilla/5.0 (X11; Linux x86_64) AppleWebKit/537.36 (KHTML, like Gecko) Chrome/108.0.0.0 Safari/537.36"
216.244.66.203 - - [21/Jul/2023:16:05:42 +0200] "GET /robots.txt HTTP/1.1" 404 1181 "-" "Mozilla/5.0 (compatible; DotBot/1.2; +https://opensiteexplorer.org/dotbot; help@moz.com)"
49.12.13.109 - - [21/Jul/2023:16:08:25 +0200] "HEAD /pmwiki/pmwiki.php HTTP/1.1" 200 0 "-" "Alert_Alligator_webmonitoring_service_1.6.3_(alertalligator.com)"
216.244.66.203 - - [21/Jul/2023:16:24:23 +0200] "GET /pmwiki/pmwiki.php/Main/Minta?action=diff&source=n&minor=y HTTP/1.1" 200 15808 "-" "Mozilla/5.0 (compatible; DotBot/1.2; +https://opensiteexplorer.org/dotbot; help@moz.com)"
216.244.66.203 - - [21/Jul/2023:16:24:29 +0200] "GET /pmwiki/pmwiki.php/PmWiki/CreatingNewPages?action=diff&source=n&minor=y HTTP/1.1" 200 12984 "-" "Mozilla/5.0 (compatible; DotBot/1.2; +https://opensiteexplorer.org/dotbot; help@moz.com)"
5.255.231.91 - - [21/Jul/2023:16:32:13 +0200] "GET /robots.txt HTTP/1.1" 404 1181 "-" "Mozilla/5.0 (compatible; YandexBot/3.0; +http://yandex.com/bots)"
213.180.203.175 - - [21/Jul/2023:16:32:14 +0200] "GET /pmwiki/pmwiki.php/Main/2004-esNyilatkozat?action=edit HTTP/1.1" 200 12558 "-" "Mozilla/5.0 (compatible; YandexBot/3.0; +http://yandex.com/bots)"
212.237.51.151 - - [21/Jul/2023:16:55:00 +0200] "HEAD /pmwiki/pmwiki.php HTTP/1.1" 200 0 "-" "Alert_Alligator_webmonitoring_service_1.6.4_(alertalligator.com)"
216.244.66.203 - - [21/Jul/2023:17:00:43 +0200] "GET /robots.txt HTTP/1.1" 404 1181 "-" "Mozilla/5.0 (compatible; DotBot/1.2; +https://opensiteexplorer.org/dotbot; help@moz.com)"
216.244.66.203 - - [21/Jul/2023:17:22:30 +0200] "GET /pmwiki/pmwiki.php/Cookbook/EditBar?action=diff&source=n&minor=y HTTP/1.1" 200 12855 "-" "Mozilla/5.0 (compatible; DotBot/1.2; +https://opensiteexplorer.org/dotbot; help@moz.com)"
216.244.66.203 - - [21/Jul/2023:17:22:35 +0200] "GET /pmwiki/pmwiki.php/Main/2004Augusztus18?action=diff&source=y&minor=n HTTP/1.1" 200 14631 "-" "Mozilla/5.0 (compatible; DotBot/1.2; +https://opensiteexplorer.org/dotbot; help@moz.com)"
216.244.66.203 - - [21/Jul/2023:17:22:39 +0200] "GET /pmwiki/pmwiki.php/Main/Bitem0304?action=diff&source=y&minor=n HTTP/1.1" 200 29614 "-" "Mozilla/5.0 (compatible; DotBot/1.2; +https://opensiteexplorer.org/dotbot; help@moz.com)"
216.244.66.203 - - [21/Jul/2023:17:22:43 +0200] "GET /pmwiki/pmwiki.php/Main/Mintalevel0509?action=diff&source=y&minor=n HTTP/1.1" 200 21378 "-" "Mozilla/5.0 (compatible; DotBot/1.2; +https://opensiteexplorer.org/dotbot; help@moz.com)"
216.244.66.203 - - [21/Jul/2023:17:22:46 +0200] "GET /pmwiki/pmwiki.php/PmWiki/GroupAttributes?action=diff&source=y&minor=n HTTP/1.1" 200 12965 "-" "Mozilla/5.0 (compatible; DotBot/1.2; +https://opensiteexplorer.org/dotbot; help@moz.com)"
216.244.66.203 - - [21/Jul/2023:17:22:49 +0200] "GET /pmwiki/pmwiki.php/Profiles/FMCikk?action=diff&source=n&minor=y HTTP/1.1" 200 12837 "-" "Mozilla/5.0 (compatible; DotBot/1.2; +https://opensiteexplorer.org/dotbot; help@moz.com)"
216.244.66.203 - - [21/Jul/2023:17:22:52 +0200] "GET /pmwiki/pmwiki.php/UTF8/UTF8?action=diff&source=y&minor=n HTTP/1.1" 200 12725 "-" "Mozilla/5.0 (compatible; DotBot/1.2; +https://opensiteexplorer.org/dotbot; help@moz.com)"
212.237.53.115 - - [21/Jul/2023:17:45:13 +0200] "HEAD /pmwiki/pmwiki.php HTTP/1.1" 200 0 "-" "Alert_Alligator_webmonitoring_service_1.6.4_(alertalligator.com)"
216.244.66.203 - - [21/Jul/2023:17:55:19 +0200] "GET /robots.txt HTTP/1.1" 404 1181 "-" "Mozilla/5.0 (compatible; DotBot/1.2; +https://opensiteexplorer.org/dotbot; help@moz.com)"
216.244.66.203 - - [21/Jul/2023:18:05:05 +0200] "GET /pmwiki/pmwiki.php/PmWiki/CustomWikiStyles?action=diff&source=y&minor=n HTTP/1.1" 200 12982 "-" "Mozilla/5.0 (compatible; DotBot/1.2; +https://opensiteexplorer.org/dotbot; help@moz.com)"
193.194.108.221 - - [21/Jul/2023:18:25:36 +0200] "GET /pmwiki/pmwiki.php/Main/Cikkek HTTP/1.1" 200 66799 "-" "Screaming Frog SEO Spider/18.5"
49.12.13.109 - - [21/Jul/2023:18:44:19 +0200] "HEAD /pmwiki/pmwiki.php HTTP/1.1" 200 0 "-" "Alert_Alligator_webmonitoring_service_1.6.3_(alertalligator.com)"
216.244.66.203 - - [21/Jul/2023:18:49:32 +0200] "GET /robots.txt HTTP/1.1" 404 1181 "-" "Mozilla/5.0 (compatible; DotBot/1.2; +https://opensiteexplorer.org/dotbot; help@moz.com)"
216.244.66.203 - - [21/Jul/2023:19:05:37 +0200] "GET /pmwiki/pmwiki.php/PmWiki/Uploads?action=diff&source=n&minor=y HTTP/1.1" 200 12821 "-" "Mozilla/5.0 (compatible; DotBot/1.2; +https://opensiteexplorer.org/dotbot; help@moz.com)"
51.222.253.15 - - [21/Jul/2023:19:24:58 +0200] "GET /robots.txt HTTP/1.1" 404 1181 "-" "Mozilla/5.0 (compatible; AhrefsBot/7.0; +http://ahrefs.com/robot/)"
54.36.148.62 - - [21/Jul/2023:19:25:00 +0200] "GET /pmwiki/pmwiki.php/Main/JogiOldal?action=upload HTTP/1.1" 200 12298 "-" "Mozilla/5.0 (compatible; AhrefsBot/7.0; +http://ahrefs.com/robot/)"
49.12.13.109 - - [21/Jul/2023:19:43:26 +0200] "HEAD /pmwiki/pmwiki.php HTTP/1.1" 200 0 "-" "Alert_Alligator_webmonitoring_service_1.6.3_(alertalligator.com)"
216.244.66.203 - - [21/Jul/2023:19:44:16 +0200] "GET /robots.txt HTTP/1.1" 404 1181 "-" "Mozilla/5.0 (compatible; DotBot/1.2; +https://opensiteexplorer.org/dotbot; help@moz.com)"
216.244.66.203 - - [21/Jul/2023:19:54:54 +0200] "GET /pmwiki/pmwiki.php/Main/WikiSandbox?action=diff&source=n&minor=y HTTP/1.1" 200 264091 "-" "Mozilla/5.0 (compatible; DotBot/1.2; +https://opensiteexplorer.org/dotbot; help@moz.com)"
216.244.66.203 - - [21/Jul/2023:19:55:05 +0200] "GET /pmwiki/pmwiki.php/PmWiki/AuthorTracking?action=diff&source=n&minor=y HTTP/1.1" 200 12947 "-" "Mozilla/5.0 (compatible; DotBot/1.2; +https://opensiteexplorer.org/dotbot; help@moz.com)"
216.244.66.203 - - [21/Jul/2023:19:55:15 +0200] "GET /pmwiki/pmwiki.php/PmWiki/ChangeLog?action=diff&source=n&minor=y HTTP/1.1" 200 12856 "-" "Mozilla/5.0 (compatible; DotBot/1.2; +https://opensiteexplorer.org/dotbot; help@moz.com)"
216.244.66.203 - - [21/Jul/2023:19:55:24 +0200] "GET /pmwiki/pmwiki.php/Profiles/MacintelDRMOS?action=diff&source=y&minor=n HTTP/1.1" 200 12963 "-" "Mozilla/5.0 (compatible; DotBot/1.2; +https://opensiteexplorer.org/dotbot; help@moz.com)"
212.237.23.143 - - [21/Jul/2023:20:37:50 +0200] "HEAD /pmwiki/pmwiki.php HTTP/1.1" 200 0 "-" "Alert_Alligator_webmonitoring_service_1.6.4_(alertalligator.com)"
216.244.66.203 - - [21/Jul/2023:20:38:01 +0200] "GET /robots.txt HTTP/1.1" 404 1181 "-" "Mozilla/5.0 (compatible; DotBot/1.2; +https://opensiteexplorer.org/dotbot; help@moz.com)"
111.225.148.173 - - [21/Jul/2023:20:43:42 +0200] "GET /robots.txt HTTP/1.1" 404 1181 "-" "Mozilla/5.0 (Linux; Android 5.0) AppleWebKit/537.36 (KHTML, like Gecko) Mobile Safari/537.36 (compatible; Bytespider; https://zhanzhang.toutiao.com/)"
216.244.66.203 - - [21/Jul/2023:20:46:31 +0200] "GET /pmwiki/pmwiki.php/Main/2005J%FAnius?action=diff&source=n&minor=y HTTP/1.1" 200 17830 "-" "Mozilla/5.0 (compatible; DotBot/1.2; +https://opensiteexplorer.org/dotbot; help@moz.com)"
54.36.148.129 - - [21/Jul/2023:20:49:57 +0200] "GET /pmwiki/pmwiki.php/Main/Comission-negatesDemocracy HTTP/1.1" 200 16717 "-" "Mozilla/5.0 (compatible; AhrefsBot/7.0; +http://ahrefs.com/robot/)"
216.244.66.203 - - [21/Jul/2023:20:59:24 +0200] "GET /pmwiki/pmwiki.php/Main/PDF417?action=diff&source=y&minor=n HTTP/1.1" 200 41617 "-" "Mozilla/5.0 (compatible; DotBot/1.2; +https://opensiteexplorer.org/dotbot; help@moz.com)"
49.12.13.109 - - [21/Jul/2023:21:37:11 +0200] "HEAD /pmwiki/pmwiki.php HTTP/1.1" 200 0 "-" "Alert_Alligator_webmonitoring_service_1.6.3_(alertalligator.com)"
49.12.13.109 - - [21/Jul/2023:22:36:14 +0200] "HEAD /pmwiki/pmwiki.php HTTP/1.1" 200 0 "-" "Alert_Alligator_webmonitoring_service_1.6.3_(alertalligator.com)"
212.237.23.143 - - [21/Jul/2023:23:34:35 +0200] "HEAD /pmwiki/pmwiki.php HTTP/1.1" 200 0 "-" "Alert_Alligator_webmonitoring_service_1.6.4_(alertalligator.com)"
142.93.168.199 - - [21/Jul/2023:23:59:55 +0200] "GET /robots.txt HTTP/1.1" 404 1181 "-" "Mozilla/5.0 (compatible; SeekportBot; +https://bot.seekport.com)"
142.93.168.199 - - [21/Jul/2023:23:59:55 +0200] "GET /robots.txt HTTP/1.1" 404 1181 "-" "Mozilla/5.0 (compatible; SeekportBot; +https://bot.seekport.com)"
142.93.168.199 - - [21/Jul/2023:23:59:55 +0200] "GET / HTTP/1.1" 302 5 "-" "Mozilla/5.0 (compatible; SeekportBot; +https://bot.seekport.com)"
142.93.168.199 - - [21/Jul/2023:23:59:57 +0200] "GET /pmwiki/pmwiki.php HTTP/1.1" 200 37269 "http://swpat.zpok.hu/" "Mozilla/5.0 (compatible; SeekportBot; +https://bot.seekport.com)"
142.93.168.199 - - [21/Jul/2023:23:59:57 +0200] "GET /pmwiki/pmwiki.php/Main/SideBar?action=edit HTTP/1.1" 200 12384 "http://swpat.zpok.hu/pmwiki/pmwiki.php" "Mozilla/5.0 (compatible; SeekportBot; +https://bot.seekport.com)"
142.93.168.199 - - [21/Jul/2023:23:59:58 +0200] "GET /pmwiki/pmwiki.php/Main/HomePage?action=upload&upname=wiki.png HTTP/1.1" 200 12297 "http://swpat.zpok.hu/pmwiki/pmwiki.php" "Mozilla/5.0 (compatible; SeekportBot; +https://bot.seekport.com)"
142.93.168.199 - - [21/Jul/2023:23:59:58 +0200] "GET /pmwiki/pmwiki.php/Main/HomePage HTTP/1.1" 200 37269 "http://swpat.zpok.hu/pmwiki/pmwiki.php" "Mozilla/5.0 (compatible; SeekportBot; +https://bot.seekport.com)"
142.93.168.199 - - [21/Jul/2023:23:59:58 +0200] "GET /pmwiki/pmwiki.php/Main/MitTehetek HTTP/1.1" 200 13755 "http://swpat.zpok.hu/pmwiki/pmwiki.php" "Mozilla/5.0 (compatible; SeekportBot; +https://bot.seekport.com)"
142.93.168.199 - - [21/Jul/2023:23:59:59 +0200] "GET /pmwiki/pmwiki.php/Main/Cikkek HTTP/1.1" 200 66799 "http://swpat.zpok.hu/pmwiki/pmwiki.php" "Mozilla/5.0 (compatible; SeekportBot; +https://bot.seekport.com)"
142.93.168.199 - - [21/Jul/2023:23:59:59 +0200] "GET /pmwiki/pmwiki.php/Main/SzoftverSzabadalmak HTTP/1.1" 200 15057 "http://swpat.zpok.hu/pmwiki/pmwiki.php" "Mozilla/5.0 (compatible; SeekportBot; +https://bot.seekport.com)"
142.93.168.199 - - [22/Jul/2023:00:00:00 +0200] "GET /pmwiki/pmwiki.php/Main/FAQ HTTP/1.1" 200 17652 "http://swpat.zpok.hu/pmwiki/pmwiki.php" "Mozilla/5.0 (compatible; SeekportBot; +https://bot.seekport.com)"
142.93.168.199 - - [22/Jul/2023:00:00:00 +0200] "GET /pmwiki/pmwiki.php/Main/Nyilatkozatok HTTP/1.1" 200 16071 "http://swpat.zpok.hu/pmwiki/pmwiki.php" "Mozilla/5.0 (compatible; SeekportBot; +https://bot.seekport.com)"
142.93.168.199 - - [22/Jul/2023:00:00:01 +0200] "GET /pmwiki/pmwiki.php/Main/Sajt%EF%BF%BDanyag HTTP/1.1" 302 182 "http://swpat.zpok.hu/pmwiki/pmwiki.php" "Mozilla/5.0 (compatible; SeekportBot; +https://bot.seekport.com)"
142.93.168.199 - - [22/Jul/2023:00:00:01 +0200] "GET /pmwiki/pmwiki.php/Main/Sajt HTTP/1.1" 404 11859 "http://swpat.zpok.hu/pmwiki/pmwiki.php" "Mozilla/5.0 (compatible; SeekportBot; +https://bot.seekport.com)"
142.93.168.199 - - [22/Jul/2023:00:00:02 +0200] "GET /pmwiki/pmwiki.php/Main/HeringgelMegval%EF%BF%BDs%EF%BF%BDtottTal%EF%BF%BDlm%EF%BF%BDnyok HTTP/1.1" 302 193 "http://swpat.zpok.hu/pmwiki/pmwiki.php" "Mozilla/5.0 (compatible; SeekportBot; +https://bot.seekport.com)"
142.93.168.199 - - [22/Jul/2023:00:00:03 +0200] "GET /pmwiki/pmwiki.php/Main/HeringgelMegval HTTP/1.1" 404 12035 "http://swpat.zpok.hu/pmwiki/pmwiki.php" "Mozilla/5.0 (compatible; SeekportBot; +https://bot.seekport.com)"
142.93.168.199 - - [22/Jul/2023:00:00:03 +0200] "GET /pmwiki/pmwiki.php/Main/JogiOldal HTTP/1.1" 200 26044 "http://swpat.zpok.hu/pmwiki/pmwiki.php" "Mozilla/5.0 (compatible; SeekportBot; +https://bot.seekport.com)"
142.93.168.199 - - [22/Jul/2023:00:00:03 +0200] "GET /pmwiki/pmwiki.php/Main/Gazdas%EF%BF%BDgiOldal HTTP/1.1" 302 184 "http://swpat.zpok.hu/pmwiki/pmwiki.php" "Mozilla/5.0 (compatible; SeekportBot; +https://bot.seekport.com)"
142.93.168.199 - - [22/Jul/2023:00:00:04 +0200] "GET /pmwiki/pmwiki.php/Main/Gazdas HTTP/1.1" 404 11891 "http://swpat.zpok.hu/pmwiki/pmwiki.php" "Mozilla/5.0 (compatible; SeekportBot; +https://bot.seekport.com)"
142.93.168.199 - - [22/Jul/2023:00:00:04 +0200] "GET /pmwiki/pmwiki.php/Main/Befektet%EF%BF%BDsv%EF%BF%BDdelem HTTP/1.1" 302 186 "http://swpat.zpok.hu/pmwiki/pmwiki.php" "Mozilla/5.0 (compatible; SeekportBot; +https://bot.seekport.com)"
142.93.168.199 - - [22/Jul/2023:00:00:05 +0200] "GET /pmwiki/pmwiki.php/Main/Befektet HTTP/1.1" 404 11923 "http://swpat.zpok.hu/pmwiki/pmwiki.php" "Mozilla/5.0 (compatible; SeekportBot; +https://bot.seekport.com)"
142.93.168.199 - - [22/Jul/2023:00:00:05 +0200] "GET /pmwiki/pmwiki.php/Main/Doksik HTTP/1.1" 200 14123 "http://swpat.zpok.hu/pmwiki/pmwiki.php" "Mozilla/5.0 (compatible; SeekportBot; +https://bot.seekport.com)"
142.93.168.199 - - [22/Jul/2023:00:00:05 +0200] "GET /pmwiki/pmwiki.php/Main/WikiSandbox HTTP/1.1" 200 12116 "http://swpat.zpok.hu/pmwiki/pmwiki.php" "Mozilla/5.0 (compatible; SeekportBot; +https://bot.seekport.com)"
142.93.168.199 - - [22/Jul/2023:00:00:06 +0200] "GET /pmwiki/pmwiki.php/Main/DRM HTTP/1.1" 200 14856 "http://swpat.zpok.hu/pmwiki/pmwiki.php" "Mozilla/5.0 (compatible; SeekportBot; +https://bot.seekport.com)"
142.93.168.199 - - [22/Jul/2023:00:00:06 +0200] "GET /pmwiki/pmwiki.php/Main/MiADRM HTTP/1.1" 200 12869 "http://swpat.zpok.hu/pmwiki/pmwiki.php" "Mozilla/5.0 (compatible; SeekportBot; +https://bot.seekport.com)"
142.93.168.199 - - [22/Jul/2023:00:00:07 +0200] "GET /pmwiki/pmwiki.php/Main/CikkekDRM HTTP/1.1" 200 18047 "http://swpat.zpok.hu/pmwiki/pmwiki.php" "Mozilla/5.0 (compatible; SeekportBot; +https://bot.seekport.com)"
142.93.168.199 - - [22/Jul/2023:00:00:07 +0200] "GET /pmwiki/pmwiki.php/Main/ADRMH%EF%BF%BDtr%EF%BF%BDnyai HTTP/1.1" 302 183 "http://swpat.zpok.hu/pmwiki/pmwiki.php" "Mozilla/5.0 (compatible; SeekportBot; +https://bot.seekport.com)"
142.93.168.199 - - [22/Jul/2023:00:00:07 +0200] "GET /pmwiki/pmwiki.php/Main/ADRMH HTTP/1.1" 404 11875 "http://swpat.zpok.hu/pmwiki/pmwiki.php" "Mozilla/5.0 (compatible; SeekportBot; +https://bot.seekport.com)"
142.93.168.199 - - [22/Jul/2023:00:00:07 +0200] "GET /pmwiki/pmwiki.php/Main/EUCD HTTP/1.1" 200 12963 "http://swpat.zpok.hu/pmwiki/pmwiki.php" "Mozilla/5.0 (compatible; SeekportBot; +https://bot.seekport.com)"
142.93.168.199 - - [22/Jul/2023:00:00:08 +0200] "GET /pmwiki/pmwiki.php/Main/AJelenlegiSzerzoiJogiTorveny HTTP/1.1" 200 18664 "http://swpat.zpok.hu/pmwiki/pmwiki.php" "Mozilla/5.0 (compatible; SeekportBot; +https://bot.seekport.com)"
142.93.168.199 - - [22/Jul/2023:00:00:08 +0200] "GET /pmwiki/pmwiki.php/Main/LehetsegesJavitasokEuropaban HTTP/1.1" 200 14070 "http://swpat.zpok.hu/pmwiki/pmwiki.php" "Mozilla/5.0 (compatible; SeekportBot; +https://bot.seekport.com)"
142.93.168.199 - - [22/Jul/2023:00:00:08 +0200] "GET /pmwiki/pmwiki.php/Main/Linkek HTTP/1.1" 200 28889 "http://swpat.zpok.hu/pmwiki/pmwiki.php" "Mozilla/5.0 (compatible; SeekportBot; +https://bot.seekport.com)"
142.93.168.199 - - [22/Jul/2023:00:00:08 +0200] "GET /pmwiki/pmwiki.php/Main/H%EF%BF%BDrek HTTP/1.1" 302 179 "http://swpat.zpok.hu/pmwiki/pmwiki.php" "Mozilla/5.0 (compatible; SeekportBot; +https://bot.seekport.com)"
142.93.168.199 - - [22/Jul/2023:00:00:09 +0200] "GET /pmwiki/pmwiki.php/Main/H HTTP/1.1" 404 11811 "http://swpat.zpok.hu/pmwiki/pmwiki.php" "Mozilla/5.0 (compatible; SeekportBot; +https://bot.seekport.com)"
142.93.168.199 - - [22/Jul/2023:00:00:09 +0200] "GET /pmwiki/pmwiki.php/Main/DRMMunkacsoport HTTP/1.1" 200 12700 "http://swpat.zpok.hu/pmwiki/pmwiki.php" "Mozilla/5.0 (compatible; SeekportBot; +https://bot.seekport.com)"
142.93.168.199 - - [22/Jul/2023:00:00:09 +0200] "GET /pmwiki/pmwiki.php/Main/C%EF%BF%BDlok HTTP/1.1" 302 179 "http://swpat.zpok.hu/pmwiki/pmwiki.php" "Mozilla/5.0 (compatible; SeekportBot; +https://bot.seekport.com)"
142.93.168.199 - - [22/Jul/2023:00:00:10 +0200] "GET /pmwiki/pmwiki.php/Main/C HTTP/1.1" 404 11811 "http://swpat.zpok.hu/pmwiki/pmwiki.php" "Mozilla/5.0 (compatible; SeekportBot; +https://bot.seekport.com)"
142.93.168.199 - - [22/Jul/2023:00:00:10 +0200] "GET /pmwiki/pmwiki.php/Main/Tud%EF%BF%BDsmonop%EF%BF%BDlium HTTP/1.1" 302 181 "http://swpat.zpok.hu/pmwiki/pmwiki.php" "Mozilla/5.0 (compatible; SeekportBot; +https://bot.seekport.com)"
142.93.168.199 - - [22/Jul/2023:00:00:10 +0200] "GET /pmwiki/pmwiki.php/Main/Tud HTTP/1.1" 404 11843 "http://swpat.zpok.hu/pmwiki/pmwiki.php" "Mozilla/5.0 (compatible; SeekportBot; +https://bot.seekport.com)"
142.93.168.199 - - [22/Jul/2023:00:00:10 +0200] "GET /pmwiki/pmwiki.php/Main/Ipr HTTP/1.1" 200 13258 "http://swpat.zpok.hu/pmwiki/pmwiki.php" "Mozilla/5.0 (compatible; SeekportBot; +https://bot.seekport.com)"
142.93.168.199 - - [22/Jul/2023:00:00:11 +0200] "GET /pmwiki/pmwiki.php/Main/V%EF%BF%BDdelmiP%EF%BF%BDnz HTTP/1.1" 302 179 "http://swpat.zpok.hu/pmwiki/pmwiki.php" "Mozilla/5.0 (compatible; SeekportBot; +https://bot.seekport.com)"
142.93.168.199 - - [22/Jul/2023:00:00:11 +0200] "GET /pmwiki/pmwiki.php/Main/V HTTP/1.1" 404 11811 "http://swpat.zpok.hu/pmwiki/pmwiki.php" "Mozilla/5.0 (compatible; SeekportBot; +https://bot.seekport.com)"
142.93.168.199 - - [22/Jul/2023:00:00:11 +0200] "GET /pmwiki/pmwiki.php/Main/Privacy?action=edit HTTP/1.1" 200 12382 "http://swpat.zpok.hu/pmwiki/pmwiki.php" "Mozilla/5.0 (compatible; SeekportBot; +https://bot.seekport.com)"
142.93.168.199 - - [22/Jul/2023:00:00:11 +0200] "GET /pmwiki/pmwiki.php/Main/Google HTTP/1.1" 200 25006 "http://swpat.zpok.hu/pmwiki/pmwiki.php" "Mozilla/5.0 (compatible; SeekportBot; +https://bot.seekport.com)"
142.93.168.199 - - [22/Jul/2023:00:00:12 +0200] "GET /pmwiki/pmwiki.php/Main/Direkt%EF%BF%BDva HTTP/1.1" 302 184 "http://swpat.zpok.hu/pmwiki/pmwiki.php" "Mozilla/5.0 (compatible; SeekportBot; +https://bot.seekport.com)"
142.93.168.199 - - [22/Jul/2023:00:00:12 +0200] "GET /pmwiki/pmwiki.php/Main/Direkt HTTP/1.1" 404 11891 "http://swpat.zpok.hu/pmwiki/pmwiki.php" "Mozilla/5.0 (compatible; SeekportBot; +https://bot.seekport.com)"
142.93.168.199 - - [22/Jul/2023:00:00:12 +0200] "GET /pmwiki/pmwiki.php/Main/CikkekPrivacy HTTP/1.1" 200 12503 "http://swpat.zpok.hu/pmwiki/pmwiki.php" "Mozilla/5.0 (compatible; SeekportBot; +https://bot.seekport.com)"
142.93.168.199 - - [22/Jul/2023:00:00:13 +0200] "GET /pmwiki/pmwiki.php/PmWiki/PmWiki HTTP/1.1" 200 116458 "http://swpat.zpok.hu/pmwiki/pmwiki.php" "Mozilla/5.0 (compatible; SeekportBot; +https://bot.seekport.com)"
142.93.168.199 - - [22/Jul/2023:00:00:14 +0200] "GET /pmwiki/pmwiki.php/PmWiki/Installation HTTP/1.1" 200 17595 "http://swpat.zpok.hu/pmwiki/pmwiki.php" "Mozilla/5.0 (compatible; SeekportBot; +https://bot.seekport.com)"
142.93.168.199 - - [22/Jul/2023:00:00:14 +0200] "GET /pmwiki/pmwiki.php/PmWiki/TipsForEditing HTTP/1.1" 200 15017 "http://swpat.zpok.hu/pmwiki/pmwiki.php" "Mozilla/5.0 (compatible; SeekportBot; +https://bot.seekport.com)"
142.93.168.199 - - [22/Jul/2023:00:00:15 +0200] "GET /pmwiki/pmwiki.php/PmWiki/DocumentationIndex HTTP/1.1" 200 18850 "http://swpat.zpok.hu/pmwiki/pmwiki.php" "Mozilla/5.0 (compatible; SeekportBot; +https://bot.seekport.com)"
142.93.168.199 - - [22/Jul/2023:00:00:15 +0200] "GET /pmwiki/pmwiki.php/PmWiki/FAQ HTTP/1.1" 200 23861 "http://swpat.zpok.hu/pmwiki/pmwiki.php" "Mozilla/5.0 (compatible; SeekportBot; +https://bot.seekport.com)"
142.93.168.199 - - [22/Jul/2023:00:00:16 +0200] "GET /pmwiki/pmwiki.php/PmWiki/PmWikiPhilosophy HTTP/1.1" 200 16736 "http://swpat.zpok.hu/pmwiki/pmwiki.php" "Mozilla/5.0 (compatible; SeekportBot; +https://bot.seekport.com)"
142.93.168.199 - - [22/Jul/2023:00:00:16 +0200] "GET /pmwiki/pmwiki.php/PmWiki/ReleaseNotes HTTP/1.1" 200 29978 "http://swpat.zpok.hu/pmwiki/pmwiki.php" "Mozilla/5.0 (compatible; SeekportBot; +https://bot.seekport.com)"
142.93.168.199 - - [22/Jul/2023:00:00:17 +0200] "GET /pmwiki/pmwiki.php/PmWiki/ChangeLog HTTP/1.1" 200 44191 "http://swpat.zpok.hu/pmwiki/pmwiki.php" "Mozilla/5.0 (compatible; SeekportBot; +https://bot.seekport.com)"
142.93.168.199 - - [22/Jul/2023:00:00:17 +0200] "GET /pmwiki/pmwiki.php/PmWiki/ChangesFromPmWiki1 HTTP/1.1" 200 19777 "http://swpat.zpok.hu/pmwiki/pmwiki.php" "Mozilla/5.0 (compatible; SeekportBot; +https://bot.seekport.com)"
142.93.168.199 - - [22/Jul/2023:00:00:17 +0200] "GET /pmwiki/pmwiki.php/Main/HomePage?action=edit HTTP/1.1" 200 12401 "http://swpat.zpok.hu/pmwiki/pmwiki.php" "Mozilla/5.0 (compatible; SeekportBot; +https://bot.seekport.com)"
142.93.168.199 - - [22/Jul/2023:00:00:18 +0200] "GET /pmwiki/pmwiki.php/Main/HomePage?action=upload HTTP/1.1" 200 12281 "http://swpat.zpok.hu/pmwiki/pmwiki.php" "Mozilla/5.0 (compatible; SeekportBot; +https://bot.seekport.com)"
142.93.168.199 - - [22/Jul/2023:00:00:18 +0200] "GET /pmwiki/pmwiki.php/Main/HomePage?action=print HTTP/1.1" 200 27869 "http://swpat.zpok.hu/pmwiki/pmwiki.php" "Mozilla/5.0 (compatible; SeekportBot; +https://bot.seekport.com)"
142.93.168.199 - - [22/Jul/2023:00:00:20 +0200] "GET /pmwiki/pmwiki.php/Main/HomePage?action=diff HTTP/1.1" 200 115393 "http://swpat.zpok.hu/pmwiki/pmwiki.php" "Mozilla/5.0 (compatible; SeekportBot; +https://bot.seekport.com)"
142.93.168.199 - - [22/Jul/2023:00:00:20 +0200] "GET /pmwiki/pmwiki.php/Main HTTP/1.1" 302 186 "http://swpat.zpok.hu/pmwiki/pmwiki.php" "Mozilla/5.0 (compatible; SeekportBot; +https://bot.seekport.com)"
142.93.168.199 - - [22/Jul/2023:00:00:20 +0200] "GET /pmwiki/pmwiki.php/Main/Virsligy%EF%BF%BDr HTTP/1.1" 302 186 "http://swpat.zpok.hu/pmwiki/pmwiki.php" "Mozilla/5.0 (compatible; SeekportBot; +https://bot.seekport.com)"
142.93.168.199 - - [22/Jul/2023:00:00:20 +0200] "GET /pmwiki/pmwiki.php/Main/Virsligy HTTP/1.1" 404 11923 "http://swpat.zpok.hu/pmwiki/pmwiki.php" "Mozilla/5.0 (compatible; SeekportBot; +https://bot.seekport.com)"
142.93.168.199 - - [22/Jul/2023:00:00:21 +0200] "GET /pmwiki/pmwiki.php/Main/Patentpools HTTP/1.1" 200 20710 "http://swpat.zpok.hu/pmwiki/pmwiki.php" "Mozilla/5.0 (compatible; SeekportBot; +https://bot.seekport.com)"
142.93.168.199 - - [22/Jul/2023:00:00:21 +0200] "GET /pmwiki/pmwiki.php/Main/AdelphiAlapokm%EF%BF%BDny HTTP/1.1" 302 192 "http://swpat.zpok.hu/pmwiki/pmwiki.php" "Mozilla/5.0 (compatible; SeekportBot; +https://bot.seekport.com)"
142.93.168.199 - - [22/Jul/2023:00:00:21 +0200] "GET /pmwiki/pmwiki.php/Main/AdelphiAlapokm HTTP/1.1" 404 12019 "http://swpat.zpok.hu/pmwiki/pmwiki.php" "Mozilla/5.0 (compatible; SeekportBot; +https://bot.seekport.com)"
142.93.168.199 - - [22/Jul/2023:00:00:22 +0200] "GET /pmwiki/pmwiki.php/Main/AzIPRJavaslat HTTP/1.1" 200 14797 "http://swpat.zpok.hu/pmwiki/pmwiki.php" "Mozilla/5.0 (compatible; SeekportBot; +https://bot.seekport.com)"
142.93.168.199 - - [22/Jul/2023:00:00:23 +0200] "GET /pmwiki/pmwiki.php/Main/RocardEp2 HTTP/1.1" 200 28076 "http://swpat.zpok.hu/pmwiki/pmwiki.php" "Mozilla/5.0 (compatible; SeekportBot; +https://bot.seekport.com)"
142.93.168.199 - - [22/Jul/2023:00:00:23 +0200] "GET /pmwiki/pmwiki.php/Main/Minimum HTTP/1.1" 200 15284 "http://swpat.zpok.hu/pmwiki/pmwiki.php" "Mozilla/5.0 (compatible; SeekportBot; +https://bot.seekport.com)"
142.93.168.199 - - [22/Jul/2023:00:00:23 +0200] "GET /pmwiki/pmwiki.php/Main/Telefonon HTTP/1.1" 200 16251 "http://swpat.zpok.hu/pmwiki/pmwiki.php" "Mozilla/5.0 (compatible; SeekportBot; +https://bot.seekport.com)"
142.93.168.199 - - [22/Jul/2023:00:00:23 +0200] "GET /pmwiki/pmwiki.php/Main/K%EF%BF%BDzlem%EF%BF%BDnye HTTP/1.1" 302 179 "http://swpat.zpok.hu/pmwiki/pmwiki.php" "Mozilla/5.0 (compatible; SeekportBot; +https://bot.seekport.com)"
142.93.168.199 - - [22/Jul/2023:00:00:24 +0200] "GET /pmwiki/pmwiki.php/Main/K HTTP/1.1" 404 11811 "http://swpat.zpok.hu/pmwiki/pmwiki.php" "Mozilla/5.0 (compatible; SeekportBot; +https://bot.seekport.com)"
142.93.168.199 - - [22/Jul/2023:00:00:24 +0200] "GET /pmwiki/pmwiki.php?n=Main.Mintalevel0509 HTTP/1.1" 200 16475 "http://swpat.zpok.hu/pmwiki/pmwiki.php" "Mozilla/5.0 (compatible; SeekportBot; +https://bot.seekport.com)"
142.93.168.199 - - [22/Jul/2023:00:00:24 +0200] "GET /pmwiki/pmwiki.php/Main/Marc08essay HTTP/1.1" 200 18792 "http://swpat.zpok.hu/pmwiki/pmwiki.php" "Mozilla/5.0 (compatible; SeekportBot; +https://bot.seekport.com)"
142.93.168.199 - - [22/Jul/2023:00:00:25 +0200] "GET /pmwiki/pmwiki.php/Main/BMEKonferencia HTTP/1.1" 200 14864 "http://swpat.zpok.hu/pmwiki/pmwiki.php" "Mozilla/5.0 (compatible; SeekportBot; +https://bot.seekport.com)"
142.93.168.199 - - [22/Jul/2023:00:00:25 +0200] "GET /pmwiki/pmwiki.php/Main/ABundestagT%EF%BF%BDmogatjaAzEur%EF%BF%BDpaiParlamentet HTTP/1.1" 302 189 "http://swpat.zpok.hu/pmwiki/pmwiki.php" "Mozilla/5.0 (compatible; SeekportBot; +https://bot.seekport.com)"
142.93.168.199 - - [22/Jul/2023:00:00:26 +0200] "GET /pmwiki/pmwiki.php/Main/ABundestagT HTTP/1.1" 404 11971 "http://swpat.zpok.hu/pmwiki/pmwiki.php" "Mozilla/5.0 (compatible; SeekportBot; +https://bot.seekport.com)"
142.93.168.199 - - [22/Jul/2023:00:00:26 +0200] "GET /pmwiki/pmwiki.php/Main/ThankYouPoland HTTP/1.1" 200 13952 "http://swpat.zpok.hu/pmwiki/pmwiki.php" "Mozilla/5.0 (compatible; SeekportBot; +https://bot.seekport.com)"
142.93.168.199 - - [22/Jul/2023:00:00:26 +0200] "GET /pmwiki/pmwiki.php/Main/SideBar?action=upload&upname=wiki.png HTTP/1.1" 200 12280 "http://swpat.zpok.hu/pmwiki/pmwiki.php/Main/SideBar?action=edit" "Mozilla/5.0 (compatible; SeekportBot; +https://bot.seekport.com)"
142.93.168.199 - - [22/Jul/2023:00:00:26 +0200] "GET /pmwiki/pmwiki.php/Main/SideBar HTTP/1.1" 200 18306 "http://swpat.zpok.hu/pmwiki/pmwiki.php/Main/SideBar?action=edit" "Mozilla/5.0 (compatible; SeekportBot; +https://bot.seekport.com)"
142.93.168.199 - - [22/Jul/2023:00:00:27 +0200] "GET /pmwiki/pmwiki.php/Main/SideBar?action=upload HTTP/1.1" 200 12264 "http://swpat.zpok.hu/pmwiki/pmwiki.php/Main/SideBar?action=edit" "Mozilla/5.0 (compatible; SeekportBot; +https://bot.seekport.com)"
142.93.168.199 - - [22/Jul/2023:00:00:27 +0200] "GET /pmwiki/pmwiki.php/Main/SideBar?action=print HTTP/1.1" 200 9268 "http://swpat.zpok.hu/pmwiki/pmwiki.php/Main/SideBar?action=edit" "Mozilla/5.0 (compatible; SeekportBot; +https://bot.seekport.com)"
142.93.168.199 - - [22/Jul/2023:00:00:30 +0200] "GET /pmwiki/pmwiki.php/Main/SideBar?action=diff HTTP/1.1" 200 278004 "http://swpat.zpok.hu/pmwiki/pmwiki.php/Main/SideBar?action=edit" "Mozilla/5.0 (compatible; SeekportBot; +https://bot.seekport.com)"
142.93.168.199 - - [22/Jul/2023:00:00:30 +0200] "GET /pmwiki/pmwiki.php/Main/MitTehetek?action=upload&upname=wiki.png HTTP/1.1" 200 12326 "http://swpat.zpok.hu/pmwiki/pmwiki.php/Main/MitTehetek" "Mozilla/5.0 (compatible; SeekportBot; +https://bot.seekport.com)"
142.93.168.199 - - [22/Jul/2023:00:00:30 +0200] "GET /pmwiki/pmwiki.php/Main/MitTehetek?action=edit HTTP/1.1" 200 12430 "http://swpat.zpok.hu/pmwiki/pmwiki.php/Main/MitTehetek" "Mozilla/5.0 (compatible; SeekportBot; +https://bot.seekport.com)"
142.93.168.199 - - [22/Jul/2023:00:00:31 +0200] "GET /pmwiki/pmwiki.php/Main/MitTehetek?action=upload HTTP/1.1" 200 12310 "http://swpat.zpok.hu/pmwiki/pmwiki.php/Main/MitTehetek" "Mozilla/5.0 (compatible; SeekportBot; +https://bot.seekport.com)"
142.93.168.199 - - [22/Jul/2023:00:00:31 +0200] "GET /pmwiki/pmwiki.php/Main/MitTehetek?action=print HTTP/1.1" 200 4202 "http://swpat.zpok.hu/pmwiki/pmwiki.php/Main/MitTehetek" "Mozilla/5.0 (compatible; SeekportBot; +https://bot.seekport.com)"
142.93.168.199 - - [22/Jul/2023:00:00:32 +0200] "GET /pmwiki/pmwiki.php/Main/MitTehetek?action=diff HTTP/1.1" 200 26258 "http://swpat.zpok.hu/pmwiki/pmwiki.php/Main/MitTehetek" "Mozilla/5.0 (compatible; SeekportBot; +https://bot.seekport.com)"
142.93.168.199 - - [22/Jul/2023:00:00:32 +0200] "GET /pmwiki/pmwiki.php/Main/Cikkek?action=upload&upname=wiki.png HTTP/1.1" 200 12267 "http://swpat.zpok.hu/pmwiki/pmwiki.php/Main/Cikkek" "Mozilla/5.0 (compatible; SeekportBot; +https://bot.seekport.com)"
142.93.168.199 - - [22/Jul/2023:00:00:32 +0200] "GET /pmwiki/pmwiki.php/Main/Cikkek?action=edit HTTP/1.1" 200 12371 "http://swpat.zpok.hu/pmwiki/pmwiki.php/Main/Cikkek" "Mozilla/5.0 (compatible; SeekportBot; +https://bot.seekport.com)"
142.93.168.199 - - [22/Jul/2023:00:00:33 +0200] "GET /pmwiki/pmwiki.php/Main/Cikkek?action=upload HTTP/1.1" 200 12251 "http://swpat.zpok.hu/pmwiki/pmwiki.php/Main/Cikkek" "Mozilla/5.0 (compatible; SeekportBot; +https://bot.seekport.com)"
