142.93.168.199 - - [22/Jul/2023:00:12:40 +0200] "GET /pmwiki/pmwiki.php/Main/Marc07PR?action=diff&source=y&minor=n HTTP/1.1" 200 15617 "http://swpat.zpok.hu/pmwiki/pmwiki.php/Main/Marc07PR?action=diff&source=n&minor=n" "Mozilla/5.0 (compatible; SeekportBot; +https://bot.seekport.com)"
142.93.168.199 - - [22/Jul/2023:00:12:40 +0200] "GET /pmwiki/pmwiki.php/Main/WikiPediaban?action=diff&source=n&minor=y HTTP/1.1" 200 13352 "http://swpat.zpok.hu/pmwiki/pmwiki.php/Main/WikiPediaban?action=diff&source=n&minor=n" "Mozilla/5.0 (compatible; SeekportBot; +https://bot.seekport.com)"
142.93.168.199 - - [22/Jul/2023:00:12:40 +0200] "GET /pmwiki/pmwiki.php/Main/WikiPediaban?action=diff&source=y&minor=n HTTP/1.1" 200 13373 "http://swpat.zpok.hu/pmwiki/pmwiki.php/Main/WikiPediaban?action=diff&source=n&minor=n" "Mozilla/5.0 (compatible; SeekportBot; +https://bot.seekport.com)"
142.93.168.199 - - [22/Jul/2023:00:12:40 +0200] "GET /pmwiki/pmwiki.php/Profiles/J?action=diff&source=n&minor=y HTTP/1.1" 200 12747 "http://swpat.zpok.hu/pmwiki/pmwiki.php/Profiles/J?action=diff&source=n&minor=n" "Mozilla/5.0 (compatible; SeekportBot; +https://bot.seekport.com)"
142.93.168.199 - - [22/Jul/2023:00:12:41 +0200] "GET /pmwiki/pmwiki.php/Profiles/J?action=diff&source=y&minor=n HTTP/1.1" 200 12747 "http://swpat.zpok.hu/pmwiki/pmwiki.php/Profiles/J?action=diff&source=n&minor=n" "Mozilla/5.0 (compatible; SeekportBot; +https://bot.seekport.com)"
142.93.168.199 - - [22/Jul/2023:00:12:41 +0200] "GET /pmwiki/pmwiki.php/Main/NoSoftwarePatents?action=diff&source=n&minor=y HTTP/1.1" 200 13447 "http://swpat.zpok.hu/pmwiki/pmwiki.php/Main/NoSoftwarePatents?action=diff&source=n&minor=n" "Mozilla/5.0 (compatible; SeekportBot; +https://bot.seekport.com)"
142.93.168.199 - - [22/Jul/2023:00:12:41 +0200] "GET /pmwiki/pmwiki.php/Main/NoSoftwarePatents?action=diff&source=y&minor=n HTTP/1.1" 200 13474 "http://swpat.zpok.hu/pmwiki/pmwiki.php/Main/NoSoftwarePatents?action=diff&source=n&minor=n" "Mozilla/5.0 (compatible; SeekportBot; +https://bot.seekport.com)"
142.93.168.199 - - [22/Jul/2023:00:12:41 +0200] "GET /pmwiki/pmwiki.php/Main/McCreevy?action=diff&source=n&minor=y HTTP/1.1" 200 16195 "http://swpat.zpok.hu/pmwiki/pmwiki.php/Main/McCreevy?action=diff&source=n&minor=n" "Mozilla/5.0 (compatible; SeekportBot; +https://bot.seekport.com)"
142.93.168.199 - - [22/Jul/2023:00:12:42 +0200] "GET /pmwiki/pmwiki.php/Main/McCreevy?action=diff&source=y&minor=n HTTP/1.1" 200 16154 "http://swpat.zpok.hu/pmwiki/pmwiki.php/Main/McCreevy?action=diff&source=n&minor=n" "Mozilla/5.0 (compatible; SeekportBot; +https://bot.seekport.com)"
142.93.168.199 - - [22/Jul/2023:00:12:42 +0200] "GET /pmwiki/pmwiki.php/Main/Feb08PR?action=diff&source=n&minor=y HTTP/1.1" 200 20619 "http://swpat.zpok.hu/pmwiki/pmwiki.php/Main/Feb08PR?action=diff&source=n&minor=n" "Mozilla/5.0 (compatible; SeekportBot; +https://bot.seekport.com)"
142.93.168.199 - - [22/Jul/2023:00:12:42 +0200] "GET /pmwiki/pmwiki.php/Main/Feb08PR?action=diff&source=y&minor=n HTTP/1.1" 200 20919 "http://swpat.zpok.hu/pmwiki/pmwiki.php/Main/Feb08PR?action=diff&source=n&minor=n" "Mozilla/5.0 (compatible; SeekportBot; +https://bot.seekport.com)"
142.93.168.199 - - [22/Jul/2023:00:12:42 +0200] "GET /pmwiki/pmwiki.php/Main/Feb09PR?action=diff&source=n&minor=y HTTP/1.1" 200 17891 "http://swpat.zpok.hu/pmwiki/pmwiki.php/Main/Feb09PR?action=diff&source=n&minor=n" "Mozilla/5.0 (compatible; SeekportBot; +https://bot.seekport.com)"
142.93.168.199 - - [22/Jul/2023:00:12:43 +0200] "GET /pmwiki/pmwiki.php/Main/Feb09PR?action=diff&source=y&minor=n HTTP/1.1" 200 18090 "http://swpat.zpok.hu/pmwiki/pmwiki.php/Main/Feb09PR?action=diff&source=n&minor=n" "Mozilla/5.0 (compatible; SeekportBot; +https://bot.seekport.com)"
142.93.168.199 - - [22/Jul/2023:00:12:43 +0200] "GET /pmwiki/pmwiki.php/Main/Feb03PR?action=diff&source=n&minor=y HTTP/1.1" 200 18340 "http://swpat.zpok.hu/pmwiki/pmwiki.php/Main/Feb03PR?action=diff&source=n&minor=n" "Mozilla/5.0 (compatible; SeekportBot; +https://bot.seekport.com)"
142.93.168.199 - - [22/Jul/2023:00:12:43 +0200] "GET /pmwiki/pmwiki.php/Main/Feb03PR?action=diff&source=y&minor=n HTTP/1.1" 200 18565 "http://swpat.zpok.hu/pmwiki/pmwiki.php/Main/Feb03PR?action=diff&source=n&minor=n" "Mozilla/5.0 (compatible; SeekportBot; +https://bot.seekport.com)"
142.93.168.199 - - [22/Jul/2023:00:12:43 +0200] "GET /pmwiki/pmwiki.php/PmWiki/WikiGroups?action=diff&source=n&minor=y HTTP/1.1" 200 12875 "http://swpat.zpok.hu/pmwiki/pmwiki.php/PmWiki/WikiGroups?action=diff&source=n&minor=n" "Mozilla/5.0 (compatible; SeekportBot; +https://bot.seekport.com)"
142.93.168.199 - - [22/Jul/2023:00:12:44 +0200] "GET /pmwiki/pmwiki.php/PmWiki/WikiGroups?action=diff&source=y&minor=n HTTP/1.1" 200 12875 "http://swpat.zpok.hu/pmwiki/pmwiki.php/PmWiki/WikiGroups?action=diff&source=n&minor=n" "Mozilla/5.0 (compatible; SeekportBot; +https://bot.seekport.com)"
217.113.194.41 - - [22/Jul/2023:00:26:47 +0200] "GET /robots.txt HTTP/1.1" 404 1181 "-" "Mozilla/5.0 (compatible; Barkrowler/0.9; +https://babbar.tech/crawler)"
217.113.194.22 - - [22/Jul/2023:00:27:12 +0200] "GET /pmwiki/pmwiki.php/Profiles/IPRjavaslat?action=upload HTTP/1.1" 200 12394 "-" "Mozilla/5.0 (compatible; Barkrowler/0.9; +https://babbar.tech/crawler)"
217.113.194.54 - - [22/Jul/2023:00:27:36 +0200] "GET /pmwiki/pmwiki.php/Profiles/AdelphiCharter?action=diff HTTP/1.1" 200 12981 "-" "Mozilla/5.0 (compatible; Barkrowler/0.9; +https://babbar.tech/crawler)"
212.237.23.143 - - [22/Jul/2023:00:34:44 +0200] "HEAD /pmwiki/pmwiki.php HTTP/1.1" 200 0 "-" "Alert_Alligator_webmonitoring_service_1.6.4_(alertalligator.com)"
54.36.148.60 - - [22/Jul/2023:01:13:35 +0200] "GET /pmwiki/pmwiki.php/Main/Cikkek HTTP/1.1" 200 66799 "-" "Mozilla/5.0 (compatible; AhrefsBot/7.0; +http://ahrefs.com/robot/)"
111.225.149.230 - - [22/Jul/2023:01:13:55 +0200] "GET /robots.txt HTTP/1.1" 404 1181 "-" "Mozilla/5.0 (Linux; Android 5.0) AppleWebKit/537.36 (KHTML, like Gecko) Mobile Safari/537.36 (compatible; Bytespider; https://zhanzhang.toutiao.com/)"
216.244.66.203 - - [22/Jul/2023:01:18:08 +0200] "GET /robots.txt HTTP/1.1" 404 1181 "-" "Mozilla/5.0 (compatible; DotBot/1.2; +https://opensiteexplorer.org/dotbot; help@moz.com)"
49.12.13.109 - - [22/Jul/2023:01:33:47 +0200] "HEAD /pmwiki/pmwiki.php HTTP/1.1" 200 0 "-" "Alert_Alligator_webmonitoring_service_1.6.3_(alertalligator.com)"
54.36.148.115 - - [22/Jul/2023:01:34:42 +0200] "GET /pmwiki/pmwiki.php/Main/SzoftverSzabadalmak HTTP/1.1" 200 15057 "-" "Mozilla/5.0 (compatible; AhrefsBot/7.0; +http://ahrefs.com/robot/)"
216.244.66.203 - - [22/Jul/2023:01:35:20 +0200] "GET /pmwiki/pmwiki.php/PmWiki/BasicVariables?action=diff&source=n&minor=y HTTP/1.1" 200 12947 "-" "Mozilla/5.0 (compatible; DotBot/1.2; +https://opensiteexplorer.org/dotbot; help@moz.com)"
216.244.66.203 - - [22/Jul/2023:01:35:25 +0200] "GET /pmwiki/pmwiki.php/PmWiki/TipsForEditing?action=diff&source=n&minor=y HTTP/1.1" 200 12947 "-" "Mozilla/5.0 (compatible; DotBot/1.2; +https://opensiteexplorer.org/dotbot; help@moz.com)"
64.124.8.54 - - [22/Jul/2023:01:42:25 +0200] "GET /robots.txt HTTP/1.1" 404 1181 "-" "Mozilla/5.0 (X11; Linux x86_64) AppleWebKit/537.36 (KHTML, like Gecko) Chrome/61.0.3163.79 Safari/537.36"
64.124.8.54 - - [22/Jul/2023:01:42:25 +0200] "GET /pmwiki/pmwiki.php/PmWiki/PageHistory HTTP/1.1" 200 13257 "-" "Mozilla/5.0 (X11; Linux x86_64) AppleWebKit/537.36 (KHTML, like Gecko) Chrome/61.0.3163.79 Safari/537.36"
64.124.8.54 - - [22/Jul/2023:01:46:55 +0200] "GET /pmwiki/pmwiki.php/PmWiki/WikiStructure HTTP/1.1" 200 14527 "-" "Mozilla/5.0 (X11; Linux x86_64) AppleWebKit/537.36 (KHTML, like Gecko) Chrome/61.0.3163.79 Safari/537.36"
64.124.8.54 - - [22/Jul/2023:01:49:50 +0200] "GET /pmwiki/pmwiki.php/Main/EUCD HTTP/1.1" 200 12963 "-" "Mozilla/5.0 (X11; Linux x86_64) AppleWebKit/537.36 (KHTML, like Gecko) Chrome/61.0.3163.79 Safari/537.36"
64.124.8.54 - - [22/Jul/2023:01:53:16 +0200] "GET /pmwiki/pmwiki.php/Main/AzEUBizotts%E1gaL%E1bbalTiporjaADemokr%E1ci%E1t HTTP/1.1" 200 17083 "-" "Mozilla/5.0 (X11; Linux x86_64) AppleWebKit/537.36 (KHTML, like Gecko) Chrome/61.0.3163.79 Safari/537.36"
64.124.8.54 - - [22/Jul/2023:01:56:17 +0200] "GET /pmwiki/pmwiki.php/PmWiki/AvailableActions HTTP/1.1" 200 14504 "-" "Mozilla/5.0 (X11; Linux x86_64) AppleWebKit/537.36 (KHTML, like Gecko) Chrome/61.0.3163.79 Safari/537.36"
54.36.148.175 - - [22/Jul/2023:01:57:48 +0200] "GET /pmwiki/pmwiki.php/Main/AzEur%F3paiParlament%DAjraind%EDt%E1stK%F6vetelAzEln%F6kiKonferenciaElfogadtaAzInd%EDtv%E1nyt HTTP/1.1" 200 16658 "-" "Mozilla/5.0 (compatible; AhrefsBot/7.0; +http://ahrefs.com/robot/)"
64.124.8.54 - - [22/Jul/2023:01:58:12 +0200] "GET /pmwiki/pmwiki.php/Main/ABundestagT%E1mogatjaAzEur%F3paiParlamentet HTTP/1.1" 200 18357 "-" "Mozilla/5.0 (X11; Linux x86_64) AppleWebKit/537.36 (KHTML, like Gecko) Chrome/61.0.3163.79 Safari/537.36"
64.124.8.54 - - [22/Jul/2023:02:02:01 +0200] "GET /pmwiki/pmwiki.php/PmWiki/Links HTTP/1.1" 200 17719 "-" "Mozilla/5.0 (X11; Linux x86_64) AppleWebKit/537.36 (KHTML, like Gecko) Chrome/61.0.3163.79 Safari/537.36"
216.244.66.203 - - [22/Jul/2023:02:15:12 +0200] "GET /robots.txt HTTP/1.1" 404 1181 "-" "Mozilla/5.0 (compatible; DotBot/1.2; +https://opensiteexplorer.org/dotbot; help@moz.com)"
64.124.8.54 - - [22/Jul/2023:02:17:45 +0200] "GET /pmwiki/pmwiki.php/PmWiki/LayoutVariables HTTP/1.1" 200 17190 "-" "Mozilla/5.0 (X11; Linux x86_64) AppleWebKit/537.36 (KHTML, like Gecko) Chrome/61.0.3163.79 Safari/537.36"
64.124.8.54 - - [22/Jul/2023:02:19:42 +0200] "GET /pmwiki/pmwiki.php/Main/2005M%E1jus HTTP/1.1" 200 15288 "-" "Mozilla/5.0 (X11; Linux x86_64) AppleWebKit/537.36 (KHTML, like Gecko) Chrome/61.0.3163.79 Safari/537.36"
49.12.13.109 - - [22/Jul/2023:02:32:57 +0200] "HEAD /pmwiki/pmwiki.php HTTP/1.1" 200 0 "-" "Alert_Alligator_webmonitoring_service_1.6.3_(alertalligator.com)"
216.244.66.203 - - [22/Jul/2023:02:39:25 +0200] "GET /pmwiki/pmwiki.php/Main/Nyilatkozatok?action=diff&source=n&minor=y HTTP/1.1" 200 33585 "-" "Mozilla/5.0 (compatible; DotBot/1.2; +https://opensiteexplorer.org/dotbot; help@moz.com)"
216.244.66.203 - - [22/Jul/2023:02:39:31 +0200] "GET /pmwiki/pmwiki.php/PmWiki/WikiSandbox?action=diff&source=n&minor=y HTTP/1.1" 200 12892 "-" "Mozilla/5.0 (compatible; DotBot/1.2; +https://opensiteexplorer.org/dotbot; help@moz.com)"
64.124.8.54 - - [22/Jul/2023:02:50:49 +0200] "GET /pmwiki/pmwiki.php/Main/Befektet%E9sv%E9delem HTTP/1.1" 200 15814 "-" "Mozilla/5.0 (X11; Linux x86_64) AppleWebKit/537.36 (KHTML, like Gecko) Chrome/61.0.3163.79 Safari/537.36"
5.255.253.70 - - [22/Jul/2023:03:07:12 +0200] "GET /robots.txt HTTP/1.1" 404 1181 "-" "Mozilla/5.0 (compatible; YandexBot/3.0; +http://yandex.com/bots)"
5.255.231.7 - - [22/Jul/2023:03:07:13 +0200] "GET /pmwiki/pmwiki.php/Main/McCreevy?action=print HTTP/1.1" 200 3664 "-" "Mozilla/5.0 (compatible; YandexBot/3.0; +http://yandex.com/bots)"
114.119.129.158 - - [22/Jul/2023:03:08:23 +0200] "GET /robots.txt HTTP/1.1" 404 1181 "-" "Mozilla/5.0 (compatible;PetalBot;+https://webmaster.petalsearch.com/site/petalbot)"
216.244.66.203 - - [22/Jul/2023:03:12:53 +0200] "GET /robots.txt HTTP/1.1" 404 1181 "-" "Mozilla/5.0 (compatible; DotBot/1.2; +https://opensiteexplorer.org/dotbot; help@moz.com)"
41.76.109.32 - - [22/Jul/2023:03:16:31 +0200] "GET /style.php?sig=rename HTTP/1.1" 404 1181 "-" "Mozilla/5.0 (Linux; Android 10; SM-A505FN) AppleWebKit/537.36 (KHTML, like Gecko) Chrome/86.0.4240.110 Mobile Safari/537.36"
41.76.109.32 - - [22/Jul/2023:03:16:33 +0200] "GET /style.php?sig=rename HTTP/1.1" 404 1181 "-" "Mozilla/5.0 (Linux; Android 11; SM-A125F) AppleWebKit/537.36 (KHTML, like Gecko) Chrome/89.0.4389.105 Mobile Safari/537.36 OPR/63.3.3216.58675"
41.76.109.32 - - [22/Jul/2023:03:16:33 +0200] "GET /style.php?sig=rename HTTP/1.1" 404 1181 "-" "Mozilla/5.0 (iPhone; CPU iPhone OS 14_4_1 like Mac OS X) AppleWebKit/605.1.15 (KHTML, like Gecko) Version/14.0.3 Mobile/15E148 Safari/604.1"
64.124.8.54 - - [22/Jul/2023:03:17:52 +0200] "GET /pmwiki/pmwiki.php/Main/MiADRM HTTP/1.1" 200 12869 "-" "Mozilla/5.0 (X11; Linux x86_64) AppleWebKit/537.36 (KHTML, like Gecko) Chrome/61.0.3163.79 Safari/537.36"
52.81.0.128 - - [22/Jul/2023:03:29:36 +0200] "GET /pmwiki/pmwiki.php/main/k%f6zlem%e9nye HTTP/1.1" 200 17975 "-" "Mozilla/5.0 (Linux; Android 8.0; Pixel 2 Build/OPD3.170816.012) AppleWebKit/537.36 (KHTML, like Gecko) Chrome/39.0.6772.1796 Mobile Safari/537.36"
52.81.0.128 - - [22/Jul/2023:03:29:36 +0200] "GET /pmwiki/pub/skins/gila/gila.css HTTP/1.1" 200 8887 "http://swpat.zpok.hu/pmwiki/pmwiki.php/main/k%f6zlem%e9nye" "Mozilla/5.0 (Linux; Android 8.0; Pixel 2 Build/OPD3.170816.012) AppleWebKit/537.36 (KHTML, like Gecko) Chrome/39.0.6772.1796 Mobile Safari/537.36"
121.206.140.89 - - [22/Jul/2023:03:29:40 +0200] "GET /pmwiki/pmwiki.php/main/k%f6zlem%e9nye HTTP/1.1" 200 17975 "-" "Mozilla/5.0 (Linux; Android 10; HD1900 Build/QKQ1.190716.003; wv) AppleWebKit/537.36 (KHTML, like Gecko) Version/4.0 Chrome/75.0.3770.156 Mobile Safari/537.36 aweme_230400 JsSdk/1.0 NetType/WIFI AppName/aweme app_version/23.4.0 ByteLocale/zh-CN Region/CN AppSkin/white AppTheme/light BytedanceWebview/d8a21c6 WebView/075113004008"
175.160.61.138 - - [22/Jul/2023:03:29:41 +0200] "GET /pmwiki/pub/skins/gila/gila.css HTTP/1.1" 200 8887 "http://swpat.zpok.hu/pmwiki/pmwiki.php/main/k%f6zlem%e9nye" "Mozilla/5.0 (Linux; Android 10; HD1900 Build/QKQ1.190716.003; wv) AppleWebKit/537.36 (KHTML, like Gecko) Version/4.0 Chrome/75.0.3770.156 Mobile Safari/537.36 aweme_230400 JsSdk/1.0 NetType/WIFI AppName/aweme app_version/23.4.0 ByteLocale/zh-CN Region/CN AppSkin/white AppTheme/light BytedanceWebview/d8a21c6 WebView/075113004008"
64.124.8.54 - - [22/Jul/2023:03:31:01 +0200] "GET /pmwiki/pmwiki.php/PmWiki/DocumentationIndex HTTP/1.1" 200 18850 "-" "Mozilla/5.0 (X11; Linux x86_64) AppleWebKit/537.36 (KHTML, like Gecko) Chrome/61.0.3163.79 Safari/537.36"
64.124.8.54 - - [22/Jul/2023:03:31:25 +0200] "GET /pmwiki/pmwiki.php/Main/Power HTTP/1.1" 200 20204 "-" "Mozilla/5.0 (X11; Linux x86_64) AppleWebKit/537.36 (KHTML, like Gecko) Chrome/61.0.3163.79 Safari/537.36"
64.124.8.54 - - [22/Jul/2023:03:31:58 +0200] "GET /pmwiki/pmwiki.php/Main/K%F6zlem%E9nye HTTP/1.1" 200 17975 "-" "Mozilla/5.0 (X11; Linux x86_64) AppleWebKit/537.36 (KHTML, like Gecko) Chrome/61.0.3163.79 Safari/537.36"
49.12.13.109 - - [22/Jul/2023:03:32:23 +0200] "HEAD /pmwiki/pmwiki.php HTTP/1.1" 200 0 "-" "Alert_Alligator_webmonitoring_service_1.6.3_(alertalligator.com)"
216.244.66.203 - - [22/Jul/2023:03:36:01 +0200] "GET /pmwiki/pmwiki.php/Profiles/Privcikkek?action=diff&source=y&minor=n HTTP/1.1" 200 12909 "-" "Mozilla/5.0 (compatible; DotBot/1.2; +https://opensiteexplorer.org/dotbot; help@moz.com)"
216.244.66.203 - - [22/Jul/2023:03:37:14 +0200] "GET /pmwiki/pmwiki.php/Main/2005M%E1rcius8?action=diff&source=y&minor=n HTTP/1.1" 200 35358 "-" "Mozilla/5.0 (compatible; DotBot/1.2; +https://opensiteexplorer.org/dotbot; help@moz.com)"
216.244.66.203 - - [22/Jul/2023:03:37:18 +0200] "GET /pmwiki/pmwiki.php/Main/McCreevy?action=diff&source=n&minor=y HTTP/1.1" 200 16195 "-" "Mozilla/5.0 (compatible; DotBot/1.2; +https://opensiteexplorer.org/dotbot; help@moz.com)"
216.244.66.203 - - [22/Jul/2023:03:37:22 +0200] "GET /pmwiki/pmwiki.php/Profiles/WrapPlague?action=diff&source=n&minor=y HTTP/1.1" 200 12909 "-" "Mozilla/5.0 (compatible; DotBot/1.2; +https://opensiteexplorer.org/dotbot; help@moz.com)"
216.244.66.203 - - [22/Jul/2023:03:39:13 +0200] "GET /pmwiki/pmwiki.php/Main/AdelphiAlapokm%E1ny?action=diff&source=n&minor=y HTTP/1.1" 200 17542 "-" "Mozilla/5.0 (compatible; DotBot/1.2; +https://opensiteexplorer.org/dotbot; help@moz.com)"
5.255.231.180 - - [22/Jul/2023:03:40:23 +0200] "GET /robots.txt HTTP/1.1" 404 1181 "-" "Mozilla/5.0 (compatible; YandexBot/3.0; +http://yandex.com/bots)"
5.255.231.197 - - [22/Jul/2023:03:40:23 +0200] "GET /pmwiki/pmwiki.php/Main/CenZored?action=print HTTP/1.1" 200 5573 "-" "Mozilla/5.0 (compatible; YandexBot/3.0; +http://yandex.com/bots)"
64.124.8.54 - - [22/Jul/2023:04:02:02 +0200] "GET /pmwiki/pmwiki.php/Main/BMEKonferencia HTTP/1.1" 200 14864 "-" "Mozilla/5.0 (X11; Linux x86_64) AppleWebKit/537.36 (KHTML, like Gecko) Chrome/61.0.3163.79 Safari/537.36"
54.36.149.56 - - [22/Jul/2023:04:03:23 +0200] "GET /pmwiki/pmwiki.php/Main/Cutts?action=edit HTTP/1.1" 200 12352 "-" "Mozilla/5.0 (compatible; AhrefsBot/7.0; +http://ahrefs.com/robot/)"
64.124.8.54 - - [22/Jul/2023:04:08:06 +0200] "GET /pmwiki/pmwiki.php/PmWiki/Security HTTP/1.1" 200 14640 "-" "Mozilla/5.0 (X11; Linux x86_64) AppleWebKit/537.36 (KHTML, like Gecko) Chrome/61.0.3163.79 Safari/537.36"
64.124.8.54 - - [22/Jul/2023:04:08:14 +0200] "GET /pmwiki/pmwiki.php/PmWiki/CustomMarkup HTTP/1.1" 200 17912 "-" "Mozilla/5.0 (X11; Linux x86_64) AppleWebKit/537.36 (KHTML, like Gecko) Chrome/61.0.3163.79 Safari/537.36"
216.244.66.203 - - [22/Jul/2023:04:10:41 +0200] "GET /robots.txt HTTP/1.1" 404 1181 "-" "Mozilla/5.0 (compatible; DotBot/1.2; +https://opensiteexplorer.org/dotbot; help@moz.com)"
64.124.8.54 - - [22/Jul/2023:04:15:48 +0200] "GET /pmwiki/pmwiki.php/PmWiki/SimpleTables2 HTTP/1.1" 200 16649 "-" "Mozilla/5.0 (X11; Linux x86_64) AppleWebKit/537.36 (KHTML, like Gecko) Chrome/61.0.3163.79 Safari/537.36"
54.36.149.66 - - [22/Jul/2023:04:21:20 +0200] "GET /pmwiki/pmwiki.php/Main/Cikkek?action=print HTTP/1.1" 200 57345 "-" "Mozilla/5.0 (compatible; AhrefsBot/7.0; +http://ahrefs.com/robot/)"
49.12.13.109 - - [22/Jul/2023:04:31:27 +0200] "HEAD /pmwiki/pmwiki.php HTTP/1.1" 200 0 "-" "Alert_Alligator_webmonitoring_service_1.6.3_(alertalligator.com)"
64.124.8.54 - - [22/Jul/2023:04:38:17 +0200] "GET /pmwiki/pmwiki.php/PmWiki/WikiGroup HTTP/1.1" 200 14517 "-" "Mozilla/5.0 (X11; Linux x86_64) AppleWebKit/537.36 (KHTML, like Gecko) Chrome/61.0.3163.79 Safari/537.36"
216.244.66.203 - - [22/Jul/2023:04:41:27 +0200] "GET /pmwiki/pmwiki.php/Main/JogiOldal?action=diff&source=n&minor=y HTTP/1.1" 200 27426 "-" "Mozilla/5.0 (compatible; DotBot/1.2; +https://opensiteexplorer.org/dotbot; help@moz.com)"
216.244.66.203 - - [22/Jul/2023:04:41:32 +0200] "GET /pmwiki/pmwiki.php/Main/SearchWiki?action=diff&source=y&minor=n HTTP/1.1" 200 57795 "-" "Mozilla/5.0 (compatible; DotBot/1.2; +https://opensiteexplorer.org/dotbot; help@moz.com)"
216.244.66.203 - - [22/Jul/2023:04:41:36 +0200] "GET /pmwiki/pmwiki.php/PmWiki/ChangesFromPmWiki1?action=diff&source=n&minor=y HTTP/1.1" 200 13018 "-" "Mozilla/5.0 (compatible; DotBot/1.2; +https://opensiteexplorer.org/dotbot; help@moz.com)"
111.225.148.87 - - [22/Jul/2023:04:43:58 +0200] "GET /robots.txt HTTP/1.1" 404 1181 "-" "Mozilla/5.0 (Linux; Android 5.0) AppleWebKit/537.36 (KHTML, like Gecko) Mobile Safari/537.36 (compatible; Bytespider; https://zhanzhang.toutiao.com/)"
64.124.8.54 - - [22/Jul/2023:04:53:45 +0200] "GET /pmwiki/pmwiki.php/PmWiki/ImagesInWikiPages HTTP/1.1" 200 14089 "-" "Mozilla/5.0 (X11; Linux x86_64) AppleWebKit/537.36 (KHTML, like Gecko) Chrome/61.0.3163.79 Safari/537.36"
64.124.8.54 - - [22/Jul/2023:05:03:52 +0200] "GET /pmwiki/pmwiki.php/PmWiki/Upgrades HTTP/1.1" 200 15449 "-" "Mozilla/5.0 (X11; Linux x86_64) AppleWebKit/537.36 (KHTML, like Gecko) Chrome/61.0.3163.79 Safari/537.36"
216.244.66.203 - - [22/Jul/2023:05:08:06 +0200] "GET /robots.txt HTTP/1.1" 404 1181 "-" "Mozilla/5.0 (compatible; DotBot/1.2; +https://opensiteexplorer.org/dotbot; help@moz.com)"
64.124.8.54 - - [22/Jul/2023:05:15:17 +0200] "GET /pmwiki/pmwiki.php/PmWiki/SimpleTables HTTP/1.1" 200 15263 "-" "Mozilla/5.0 (X11; Linux x86_64) AppleWebKit/537.36 (KHTML, like Gecko) Chrome/61.0.3163.79 Safari/537.36"
49.12.13.109 - - [22/Jul/2023:05:30:41 +0200] "HEAD /pmwiki/pmwiki.php HTTP/1.1" 200 0 "-" "Alert_Alligator_webmonitoring_service_1.6.3_(alertalligator.com)"
216.244.66.203 - - [22/Jul/2023:05:37:06 +0200] "GET /pmwiki/pmwiki.php/Profiles/Pm?action=diff&source=n&minor=y HTTP/1.1" 200 12765 "-" "Mozilla/5.0 (compatible; DotBot/1.2; +https://opensiteexplorer.org/dotbot; help@moz.com)"
216.244.66.203 - - [22/Jul/2023:05:40:00 +0200] "GET /pmwiki/pmwiki.php/PmWiki/Audiences?action=diff&source=n&minor=y HTTP/1.1" 200 12855 "-" "Mozilla/5.0 (compatible; DotBot/1.2; +https://opensiteexplorer.org/dotbot; help@moz.com)"
216.244.66.203 - - [22/Jul/2023:05:40:04 +0200] "GET /pmwiki/pmwiki.php/PmWiki/MarkupMasterIndex?action=diff&source=y&minor=n HTTP/1.1" 200 13022 "-" "Mozilla/5.0 (compatible; DotBot/1.2; +https://opensiteexplorer.org/dotbot; help@moz.com)"
216.244.66.203 - - [22/Jul/2023:05:40:18 +0200] "GET /pmwiki/pmwiki.php/PmWiki/PmWiki?action=diff&source=n&minor=y HTTP/1.1" 200 457953 "-" "Mozilla/5.0 (compatible; DotBot/1.2; +https://opensiteexplorer.org/dotbot; help@moz.com)"
216.244.66.203 - - [22/Jul/2023:05:40:49 +0200] "GET /pmwiki/pmwiki.php/PmWiki/ReleaseNotes?action=diff&source=y&minor=n HTTP/1.1" 200 12910 "-" "Mozilla/5.0 (compatible; DotBot/1.2; +https://opensiteexplorer.org/dotbot; help@moz.com)"
216.244.66.203 - - [22/Jul/2023:05:41:19 +0200] "GET /pmwiki/pmwiki.php/PmWiki/UrlApprovals?action=diff&source=n&minor=y HTTP/1.1" 200 12910 "-" "Mozilla/5.0 (compatible; DotBot/1.2; +https://opensiteexplorer.org/dotbot; help@moz.com)"
64.124.8.54 - - [22/Jul/2023:05:44:00 +0200] "GET /pmwiki/pmwiki.php/PmWiki/WikiSandbox HTTP/1.1" 302 213 "-" "Mozilla/5.0 (X11; Linux x86_64) AppleWebKit/537.36 (KHTML, like Gecko) Chrome/61.0.3163.79 Safari/537.36"
64.124.8.54 - - [22/Jul/2023:05:45:50 +0200] "GET /pmwiki/pmwiki.php/Emeltdijas HTTP/1.1" 404 12046 "-" "Mozilla/5.0 (X11; Linux x86_64) AppleWebKit/537.36 (KHTML, like Gecko) Chrome/61.0.3163.79 Safari/537.36"
64.124.8.54 - - [22/Jul/2023:05:52:59 +0200] "GET /pmwiki/pmwiki.php/PmWiki/GroupHeaders HTTP/1.1" 200 14105 "-" "Mozilla/5.0 (X11; Linux x86_64) AppleWebKit/537.36 (KHTML, like Gecko) Chrome/61.0.3163.79 Safari/537.36"
64.124.8.54 - - [22/Jul/2023:06:00:43 +0200] "GET /pmwiki/pmwiki.php/PmWiki/LayoutAdvanced HTTP/1.1" 200 19064 "-" "Mozilla/5.0 (X11; Linux x86_64) AppleWebKit/537.36 (KHTML, like Gecko) Chrome/61.0.3163.79 Safari/537.36"
64.124.8.54 - - [22/Jul/2023:06:01:44 +0200] "GET /pmwiki/pmwiki.php/PmWiki/WikiPage HTTP/1.1" 200 12282 "-" "Mozilla/5.0 (X11; Linux x86_64) AppleWebKit/537.36 (KHTML, like Gecko) Chrome/61.0.3163.79 Safari/537.36"
216.244.66.203 - - [22/Jul/2023:06:04:09 +0200] "GET /robots.txt HTTP/1.1" 404 1181 "-" "Mozilla/5.0 (compatible; DotBot/1.2; +https://opensiteexplorer.org/dotbot; help@moz.com)"
64.124.8.54 - - [22/Jul/2023:06:09:37 +0200] "GET /pmwiki/pmwiki.php/Main/CenZored HTTP/1.1" 200 15129 "-" "Mozilla/5.0 (X11; Linux x86_64) AppleWebKit/537.36 (KHTML, like Gecko) Chrome/61.0.3163.79 Safari/537.36"
212.237.23.143 - - [22/Jul/2023:06:27:42 +0200] "HEAD /pmwiki/pmwiki.php HTTP/1.1" 200 0 "-" "Alert_Alligator_webmonitoring_service_1.6.4_(alertalligator.com)"
164.132.203.193 - - [22/Jul/2023:06:29:26 +0200] "GET /robots.txt HTTP/1.1" 404 1181 "-" "Mozilla/5.0 (compatible; MJ12bot/v1.4.8; http://mj12bot.com/)"
164.132.203.193 - - [22/Jul/2023:06:29:36 +0200] "GET /pmwiki/pmwiki.php?action=edit HTTP/1.1" 403 30 "-" "Mozilla/5.0 (compatible; MJ12bot/v1.4.8; http://mj12bot.com/)"
216.244.66.203 - - [22/Jul/2023:06:31:51 +0200] "GET /pmwiki/pmwiki.php/Profiles/Xmouse?action=diff&source=n&minor=y HTTP/1.1" 200 12837 "-" "Mozilla/5.0 (compatible; DotBot/1.2; +https://opensiteexplorer.org/dotbot; help@moz.com)"
64.124.8.54 - - [22/Jul/2023:06:38:21 +0200] "GET /pmwiki/pmwiki.php/PmWiki/WikiTrails HTTP/1.1" 200 15266 "-" "Mozilla/5.0 (X11; Linux x86_64) AppleWebKit/537.36 (KHTML, like Gecko) Chrome/61.0.3163.79 Safari/537.36"
64.124.8.54 - - [22/Jul/2023:06:47:49 +0200] "GET /pmwiki/pmwiki.php/API/API HTTP/1.1" 404 11826 "-" "Mozilla/5.0 (X11; Linux x86_64) AppleWebKit/537.36 (KHTML, like Gecko) Chrome/61.0.3163.79 Safari/537.36"
64.124.8.54 - - [22/Jul/2023:06:53:11 +0200] "GET /pmwiki/pmwiki.php/Main/2004Febru%E1riK%F6sz%F6netLengyelorsz%E1gnak HTTP/1.1" 200 15642 "-" "Mozilla/5.0 (X11; Linux x86_64) AppleWebKit/537.36 (KHTML, like Gecko) Chrome/61.0.3163.79 Safari/537.36"
216.244.66.203 - - [22/Jul/2023:07:00:53 +0200] "GET /robots.txt HTTP/1.1" 404 1181 "-" "Mozilla/5.0 (compatible; DotBot/1.2; +https://opensiteexplorer.org/dotbot; help@moz.com)"
64.124.8.54 - - [22/Jul/2023:07:06:22 +0200] "GET /pmwiki/pmwiki.php/PmWiki/PerGroupCustomizations HTTP/1.1" 200 15556 "-" "Mozilla/5.0 (X11; Linux x86_64) AppleWebKit/537.36 (KHTML, like Gecko) Chrome/61.0.3163.79 Safari/537.36"
64.124.8.54 - - [22/Jul/2023:07:22:41 +0200] "GET /pmwiki/pmwiki.php/Main/CikkekPrivacy HTTP/1.1" 200 12503 "-" "Mozilla/5.0 (X11; Linux x86_64) AppleWebKit/537.36 (KHTML, like Gecko) Chrome/61.0.3163.79 Safari/537.36"
212.237.23.143 - - [22/Jul/2023:07:23:47 +0200] "HEAD /pmwiki/pmwiki.php HTTP/1.1" 200 0 "-" "Alert_Alligator_webmonitoring_service_1.6.4_(alertalligator.com)"
216.244.66.203 - - [22/Jul/2023:07:24:54 +0200] "GET /pmwiki/pmwiki.php/PmWiki/CustomMarkup?action=diff&source=n&minor=y HTTP/1.1" 200 12911 "-" "Mozilla/5.0 (compatible; DotBot/1.2; +https://opensiteexplorer.org/dotbot; help@moz.com)"
216.244.66.203 - - [22/Jul/2023:07:24:59 +0200] "GET /pmwiki/pmwiki.php/Profiles/MitMondjunk?action=diff&source=n&minor=y HTTP/1.1" 200 12927 "-" "Mozilla/5.0 (compatible; DotBot/1.2; +https://opensiteexplorer.org/dotbot; help@moz.com)"
54.36.148.248 - - [22/Jul/2023:07:26:20 +0200] "GET /robots.txt HTTP/1.1" 404 1181 "-" "Mozilla/5.0 (compatible; AhrefsBot/7.0; +http://ahrefs.com/robot/)"
54.36.149.47 - - [22/Jul/2023:07:26:22 +0200] "GET /pmwiki/pmwiki.php/Main/HomePage?action=edit HTTP/1.1" 200 12401 "-" "Mozilla/5.0 (compatible; AhrefsBot/7.0; +http://ahrefs.com/robot/)"
54.36.148.229 - - [22/Jul/2023:08:10:45 +0200] "GET /pmwiki/pmwiki.php/Main/ABundestagT%E1mogatjaAzEur%F3paiParlamentet HTTP/1.1" 200 18357 "-" "Mozilla/5.0 (compatible; AhrefsBot/7.0; +http://ahrefs.com/robot/)"
212.237.51.151 - - [22/Jul/2023:08:12:00 +0200] "HEAD /pmwiki/pmwiki.php HTTP/1.1" 200 0 "-" "Alert_Alligator_webmonitoring_service_1.6.4_(alertalligator.com)"
216.244.66.203 - - [22/Jul/2023:08:55:44 +0200] "GET /robots.txt HTTP/1.1" 404 1181 "-" "Mozilla/5.0 (compatible; DotBot/1.2; +https://opensiteexplorer.org/dotbot; help@moz.com)"
212.237.53.115 - - [22/Jul/2023:09:02:15 +0200] "HEAD /pmwiki/pmwiki.php HTTP/1.1" 200 0 "-" "Alert_Alligator_webmonitoring_service_1.6.4_(alertalligator.com)"
216.244.66.203 - - [22/Jul/2023:09:19:14 +0200] "GET /pmwiki/pmwiki.php/Main/Sajt%F3anyag?action=diff&source=n&minor=y HTTP/1.1" 200 24576 "-" "Mozilla/5.0 (compatible; DotBot/1.2; +https://opensiteexplorer.org/dotbot; help@moz.com)"
212.237.51.151 - - [22/Jul/2023:09:48:45 +0200] "HEAD /pmwiki/pmwiki.php HTTP/1.1" 200 0 "-" "Alert_Alligator_webmonitoring_service_1.6.4_(alertalligator.com)"
216.244.66.203 - - [22/Jul/2023:09:53:10 +0200] "GET /robots.txt HTTP/1.1" 404 1181 "-" "Mozilla/5.0 (compatible; DotBot/1.2; +https://opensiteexplorer.org/dotbot; help@moz.com)"
216.244.66.203 - - [22/Jul/2023:10:14:44 +0200] "GET /pmwiki/pmwiki.php/Main/Google?action=diff&source=n&minor=y HTTP/1.1" 200 54350 "-" "Mozilla/5.0 (compatible; DotBot/1.2; +https://opensiteexplorer.org/dotbot; help@moz.com)"
111.225.148.108 - - [22/Jul/2023:10:28:56 +0200] "GET /robots.txt HTTP/1.1" 404 1181 "-" "Mozilla/5.0 (Linux; Android 5.0) AppleWebKit/537.36 (KHTML, like Gecko) Mobile Safari/537.36 (compatible; Bytespider; https://zhanzhang.toutiao.com/)"
95.108.213.249 - - [22/Jul/2023:10:44:47 +0200] "GET /robots.txt HTTP/1.1" 404 1181 "-" "Mozilla/5.0 (compatible; YandexBot/3.0; +http://yandex.com/bots)"
213.180.203.25 - - [22/Jul/2023:10:44:49 +0200] "GET /pmwiki/pmwiki.php/Main/Rocard HTTP/1.1" 200 17404 "-" "Mozilla/5.0 (compatible; YandexBot/3.0; +http://yandex.com/bots)"
49.12.13.109 - - [22/Jul/2023:10:47:52 +0200] "HEAD /pmwiki/pmwiki.php HTTP/1.1" 200 0 "-" "Alert_Alligator_webmonitoring_service_1.6.3_(alertalligator.com)"
216.244.66.203 - - [22/Jul/2023:10:51:01 +0200] "GET /robots.txt HTTP/1.1" 404 1181 "-" "Mozilla/5.0 (compatible; DotBot/1.2; +https://opensiteexplorer.org/dotbot; help@moz.com)"
216.244.66.203 - - [22/Jul/2023:11:25:09 +0200] "GET /pmwiki/pmwiki.php/PmWiki/PerGroupCustomizations?action=diff&source=y&minor=n HTTP/1.1" 200 13091 "-" "Mozilla/5.0 (compatible; DotBot/1.2; +https://opensiteexplorer.org/dotbot; help@moz.com)"
212.237.51.151 - - [22/Jul/2023:11:33:13 +0200] "HEAD /pmwiki/pmwiki.php HTTP/1.1" 200 0 "-" "Alert_Alligator_webmonitoring_service_1.6.4_(alertalligator.com)"
212.237.23.143 - - [22/Jul/2023:12:28:25 +0200] "HEAD /pmwiki/pmwiki.php HTTP/1.1" 200 0 "-" "Alert_Alligator_webmonitoring_service_1.6.4_(alertalligator.com)"
212.237.51.151 - - [22/Jul/2023:13:12:16 +0200] "HEAD /pmwiki/pmwiki.php HTTP/1.1" 200 0 "-" "Alert_Alligator_webmonitoring_service_1.6.4_(alertalligator.com)"
95.108.213.139 - - [22/Jul/2023:13:22:08 +0200] "GET /robots.txt HTTP/1.1" 404 1181 "-" "Mozilla/5.0 (compatible; YandexBot/3.0; +http://yandex.com/bots)"
95.108.213.134 - - [22/Jul/2023:13:22:09 +0200] "GET /pmwiki/pmwiki.php/Main/EUCD?action=upload&upname=wiki.png HTTP/1.1" 200 12230 "-" "Mozilla/5.0 (compatible; YandexBot/3.0; +http://yandex.com/bots)"
216.244.66.203 - - [22/Jul/2023:13:43:02 +0200] "GET /robots.txt HTTP/1.1" 404 1181 "-" "Mozilla/5.0 (compatible; DotBot/1.2; +https://opensiteexplorer.org/dotbot; help@moz.com)"
64.124.8.35 - - [22/Jul/2023:13:55:35 +0200] "GET /robots.txt HTTP/1.1" 404 1181 "-" "Mozilla/5.0 (X11; Linux x86_64) AppleWebKit/537.36 (KHTML, like Gecko) Chrome/61.0.3163.79 Safari/537.36"
64.124.8.35 - - [22/Jul/2023:13:55:35 +0200] "GET /pmwiki/pmwiki.php/Main/AzIPRJavaslat HTTP/1.1" 200 14797 "-" "Mozilla/5.0 (X11; Linux x86_64) AppleWebKit/537.36 (KHTML, like Gecko) Chrome/61.0.3163.79 Safari/537.36"
212.237.53.115 - - [22/Jul/2023:13:58:03 +0200] "HEAD /pmwiki/pmwiki.php HTTP/1.1" 200 0 "-" "Alert_Alligator_webmonitoring_service_1.6.4_(alertalligator.com)"
216.244.66.203 - - [22/Jul/2023:14:06:31 +0200] "GET /pmwiki/pmwiki.php/Main/Gazdas%E1giOldal?action=diff&source=y&minor=n HTTP/1.1" 200 19866 "-" "Mozilla/5.0 (compatible; DotBot/1.2; +https://opensiteexplorer.org/dotbot; help@moz.com)"
111.225.148.139 - - [22/Jul/2023:14:08:43 +0200] "GET /robots.txt HTTP/1.1" 404 1181 "-" "Mozilla/5.0 (Linux; Android 5.0) AppleWebKit/537.36 (KHTML, like Gecko) Mobile Safari/537.36 (compatible; Bytespider; https://zhanzhang.toutiao.com/)"
64.124.8.35 - - [22/Jul/2023:14:14:35 +0200] "GET /pmwiki/pmwiki.php/Main/Gazdas%E1giOldal HTTP/1.1" 200 19537 "-" "Mozilla/5.0 (X11; Linux x86_64) AppleWebKit/537.36 (KHTML, like Gecko) Chrome/61.0.3163.79 Safari/537.36"
213.180.203.13 - - [22/Jul/2023:14:32:44 +0200] "GET /robots.txt HTTP/1.1" 404 1181 "-" "Mozilla/5.0 (compatible; YandexBot/3.0; +http://yandex.com/bots)"
95.108.213.113 - - [22/Jul/2023:14:32:45 +0200] "GET /pmwiki/pmwiki.php/Main/HeringgelMegval%F3s%EDtottTal%E1lm%E1nyok?action=edit HTTP/1.1" 200 12914 "-" "Mozilla/5.0 (compatible; YandexBot/3.0; +http://yandex.com/bots)"
64.124.8.35 - - [22/Jul/2023:14:33:07 +0200] "GET /pmwiki/pmwiki.php/Main/Feb09PR HTTP/1.1" 200 15257 "-" "Mozilla/5.0 (X11; Linux x86_64) AppleWebKit/537.36 (KHTML, like Gecko) Chrome/61.0.3163.79 Safari/537.36"
64.124.8.35 - - [22/Jul/2023:14:35:57 +0200] "GET /pmwiki/pmwiki.php/PmWiki/ReleaseNotes HTTP/1.1" 200 29978 "-" "Mozilla/5.0 (X11; Linux x86_64) AppleWebKit/537.36 (KHTML, like Gecko) Chrome/61.0.3163.79 Safari/537.36"
216.244.66.203 - - [22/Jul/2023:14:40:47 +0200] "GET /robots.txt HTTP/1.1" 404 1181 "-" "Mozilla/5.0 (compatible; DotBot/1.2; +https://opensiteexplorer.org/dotbot; help@moz.com)"
54.36.149.81 - - [22/Jul/2023:14:50:35 +0200] "GET /pmwiki/pmwiki.php/Main/SMELie HTTP/1.1" 200 13592 "-" "Mozilla/5.0 (compatible; AhrefsBot/7.0; +http://ahrefs.com/robot/)"
64.124.8.35 - - [22/Jul/2023:14:53:14 +0200] "GET /pmwiki/pmwiki.php/Main/V%E9delmiP%E9nz HTTP/1.1" 200 12560 "-" "Mozilla/5.0 (X11; Linux x86_64) AppleWebKit/537.36 (KHTML, like Gecko) Chrome/61.0.3163.79 Safari/537.36"
49.12.13.109 - - [22/Jul/2023:14:57:09 +0200] "HEAD /pmwiki/pmwiki.php HTTP/1.1" 200 0 "-" "Alert_Alligator_webmonitoring_service_1.6.3_(alertalligator.com)"
216.244.66.203 - - [22/Jul/2023:15:03:18 +0200] "GET /pmwiki/pmwiki.php/PmWiki/WikiAdministrator?action=diff&source=y&minor=n HTTP/1.1" 200 12999 "-" "Mozilla/5.0 (compatible; DotBot/1.2; +https://opensiteexplorer.org/dotbot; help@moz.com)"
64.124.8.35 - - [22/Jul/2023:15:16:46 +0200] "GET /pmwiki/pmwiki.php/PmWiki/PasswordsAdmin HTTP/1.1" 200 18531 "-" "Mozilla/5.0 (X11; Linux x86_64) AppleWebKit/537.36 (KHTML, like Gecko) Chrome/61.0.3163.79 Safari/537.36"
64.124.8.35 - - [22/Jul/2023:15:32:23 +0200] "GET /pmwiki/pmwiki.php/Cookbook-V1 HTTP/1.1" 404 12078 "-" "Mozilla/5.0 (X11; Linux x86_64) AppleWebKit/537.36 (KHTML, like Gecko) Chrome/61.0.3163.79 Safari/537.36"
64.124.8.35 - - [22/Jul/2023:15:35:41 +0200] "GET /pmwiki/pmwiki.php/PmWiki/UploadVariables HTTP/1.1" 200 13858 "-" "Mozilla/5.0 (X11; Linux x86_64) AppleWebKit/537.36 (KHTML, like Gecko) Chrome/61.0.3163.79 Safari/537.36"
54.36.149.59 - - [22/Jul/2023:15:50:17 +0200] "GET /pmwiki/pmwiki.php/Main/HomePage?action=upload HTTP/1.1" 200 12281 "-" "Mozilla/5.0 (compatible; AhrefsBot/7.0; +http://ahrefs.com/robot/)"
49.12.13.109 - - [22/Jul/2023:15:56:12 +0200] "HEAD /pmwiki/pmwiki.php HTTP/1.1" 200 0 "-" "Alert_Alligator_webmonitoring_service_1.6.3_(alertalligator.com)"
64.124.8.35 - - [22/Jul/2023:15:59:17 +0200] "GET /pmwiki/pmwiki.php/Main/EztMondjukNekik HTTP/1.1" 200 14106 "-" "Mozilla/5.0 (X11; Linux x86_64) AppleWebKit/537.36 (KHTML, like Gecko) Chrome/61.0.3163.79 Safari/537.36"
64.124.8.35 - - [22/Jul/2023:15:59:42 +0200] "GET /pmwiki/pmwiki.php/PmWiki/RefCount HTTP/1.1" 200 14202 "-" "Mozilla/5.0 (X11; Linux x86_64) AppleWebKit/537.36 (KHTML, like Gecko) Chrome/61.0.3163.79 Safari/537.36"
87.250.224.202 - - [22/Jul/2023:16:04:07 +0200] "GET /robots.txt HTTP/1.1" 404 1181 "-" "Mozilla/5.0 (compatible; YandexBot/3.0; +http://yandex.com/bots)"
5.45.207.156 - - [22/Jul/2023:16:04:08 +0200] "GET /pmwiki/pmwiki.php/Main/H%EDrek?action=edit HTTP/1.1" 200 12380 "-" "Mozilla/5.0 (compatible; YandexBot/3.0; +http://yandex.com/bots)"
64.124.8.35 - - [22/Jul/2023:16:06:15 +0200] "GET /pmwiki/pmwiki.php/Main/Linkek HTTP/1.1" 200 28889 "-" "Mozilla/5.0 (X11; Linux x86_64) AppleWebKit/537.36 (KHTML, like Gecko) Chrome/61.0.3163.79 Safari/537.36"
20.39.51.60 - - [22/Jul/2023:16:07:41 +0200] "GET /pmwiki/pmwiki.php/PmWiki/FAQ HTTP/1.1" 200 23861 "-" "Mozilla/5.0 (X11; Linux x86_64) AppleWebKit/537.36 (KHTML, like Gecko) HeadlessChrome/115.0.5790.75 Safari/537.36"
20.39.51.60 - - [22/Jul/2023:16:07:42 +0200] "GET /pmwiki/pub/skins/gila/gila.css HTTP/1.1" 200 8887 "http://swpat.zpok.hu/pmwiki/pmwiki.php/PmWiki/FAQ" "Mozilla/5.0 (X11; Linux x86_64) AppleWebKit/537.36 (KHTML, like Gecko) HeadlessChrome/115.0.5790.75 Safari/537.36"
64.124.8.35 - - [22/Jul/2023:16:11:03 +0200] "GET /pmwiki/pmwiki.php/PmWiki/WikiStyles HTTP/1.1" 200 18528 "-" "Mozilla/5.0 (X11; Linux x86_64) AppleWebKit/537.36 (KHTML, like Gecko) Chrome/61.0.3163.79 Safari/537.36"
64.124.8.35 - - [22/Jul/2023:16:14:02 +0200] "GET /pmwiki/pmwiki.php/Main/Patentpools HTTP/1.1" 200 20710 "-" "Mozilla/5.0 (X11; Linux x86_64) AppleWebKit/537.36 (KHTML, like Gecko) Chrome/61.0.3163.79 Safari/537.36"
64.124.8.35 - - [22/Jul/2023:16:19:39 +0200] "GET /pmwiki/pmwiki.php/Main/Doksik HTTP/1.1" 200 14123 "-" "Mozilla/5.0 (X11; Linux x86_64) AppleWebKit/537.36 (KHTML, like Gecko) Chrome/61.0.3163.79 Safari/537.36"
216.244.66.203 - - [22/Jul/2023:16:34:55 +0200] "GET /robots.txt HTTP/1.1" 404 1181 "-" "Mozilla/5.0 (compatible; DotBot/1.2; +https://opensiteexplorer.org/dotbot; help@moz.com)"
64.124.8.35 - - [22/Jul/2023:16:40:03 +0200] "GET /pmwiki/pmwiki.php/Main/GatesMegzsaroltaD%E1ni%E1t HTTP/1.1" 200 12993 "-" "Mozilla/5.0 (X11; Linux x86_64) AppleWebKit/537.36 (KHTML, like Gecko) Chrome/61.0.3163.79 Safari/537.36"
64.124.8.35 - - [22/Jul/2023:16:40:20 +0200] "GET /pmwiki/pmwiki.php/PmWiki/Passwords HTTP/1.1" 200 17899 "-" "Mozilla/5.0 (X11; Linux x86_64) AppleWebKit/537.36 (KHTML, like Gecko) Chrome/61.0.3163.79 Safari/537.36"
212.237.23.143 - - [22/Jul/2023:16:50:58 +0200] "HEAD /pmwiki/pmwiki.php HTTP/1.1" 200 0 "-" "Alert_Alligator_webmonitoring_service_1.6.4_(alertalligator.com)"
110.93.150.189 - - [22/Jul/2023:16:52:04 +0200] "GET /robots.txt HTTP/1.1" 404 1181 "-" "Mozilla/5.0 (compatible; Yeti/1.1; +https://naver.me/spd)"
110.93.150.210 - - [22/Jul/2023:16:52:05 +0200] "GET / HTTP/1.1" 302 5 "-" "Mozilla/5.0 (compatible; Yeti/1.1; +https://naver.me/spd)"
110.93.150.210 - - [22/Jul/2023:16:52:07 +0200] "GET /pmwiki/pmwiki.php HTTP/1.1" 200 37269 "-" "Mozilla/5.0 (compatible; Yeti/1.1; +https://naver.me/spd)"
110.93.150.210 - - [22/Jul/2023:16:52:08 +0200] "GET /pmwiki/pub/skins/gila/gila.css HTTP/1.1" 200 8887 "http://swpat.zpok.hu/pmwiki/pmwiki.php" "Mozilla/5.0 (Windows NT 10.0; Win64; x64) AppleWebKit/537.36 (KHTML, like Gecko; compatible; Yeti/1.1; +https://naver.me/spd) Chrome/113.0.0.0 Safari/537.36"
114.111.32.84 - - [22/Jul/2023:16:52:17 +0200] "GET /favicon.ico HTTP/1.1" 404 1181 "-" "Mozilla/5.0 (compatible; Yeti/1.1; +https://naver.me/spd)"
64.124.8.35 - - [22/Jul/2023:16:58:45 +0200] "GET /pmwiki/pmwiki.php/PmWiki/LinkVariables HTTP/1.1" 200 17801 "-" "Mozilla/5.0 (X11; Linux x86_64) AppleWebKit/537.36 (KHTML, like Gecko) Chrome/61.0.3163.79 Safari/537.36"
64.124.8.35 - - [22/Jul/2023:17:05:45 +0200] "GET /pmwiki/pmwiki.php/Main/PDF417 HTTP/1.1" 200 29642 "-" "Mozilla/5.0 (X11; Linux x86_64) AppleWebKit/537.36 (KHTML, like Gecko) Chrome/61.0.3163.79 Safari/537.36"
216.244.66.203 - - [22/Jul/2023:17:07:23 +0200] "GET /pmwiki/pmwiki.php/Main/WikiPediaban?action=diff&source=y&minor=n HTTP/1.1" 200 13373 "-" "Mozilla/5.0 (compatible; DotBot/1.2; +https://opensiteexplorer.org/dotbot; help@moz.com)"
216.244.66.203 - - [22/Jul/2023:17:07:27 +0200] "GET /pmwiki/pmwiki.php/PmWiki/PageHistory?action=diff&source=n&minor=y HTTP/1.1" 200 12893 "-" "Mozilla/5.0 (compatible; DotBot/1.2; +https://opensiteexplorer.org/dotbot; help@moz.com)"
216.244.66.203 - - [22/Jul/2023:17:07:30 +0200] "GET /pmwiki/pmwiki.php/Profiles/WrapPlague?action=diff&source=y&minor=n HTTP/1.1" 200 12909 "-" "Mozilla/5.0 (compatible; DotBot/1.2; +https://opensiteexplorer.org/dotbot; help@moz.com)"
111.225.148.179 - - [22/Jul/2023:17:09:18 +0200] "GET /robots.txt HTTP/1.1" 404 1181 "-" "Mozilla/5.0 (Linux; Android 5.0) AppleWebKit/537.36 (KHTML, like Gecko) Mobile Safari/537.36 (compatible; Bytespider; https://zhanzhang.toutiao.com/)"
64.124.8.35 - - [22/Jul/2023:17:10:34 +0200] "GET /pmwiki/pmwiki.php/PmWiki/PmWiki HTTP/1.1" 200 116458 "-" "Mozilla/5.0 (X11; Linux x86_64) AppleWebKit/537.36 (KHTML, like Gecko) Chrome/61.0.3163.79 Safari/537.36"
64.124.8.35 - - [22/Jul/2023:17:12:58 +0200] "GET /pmwiki/pmwiki.php/PmWiki HTTP/1.1" 302 186 "-" "Mozilla/5.0 (X11; Linux x86_64) AppleWebKit/537.36 (KHTML, like Gecko) Chrome/61.0.3163.79 Safari/537.36"
64.124.8.35 - - [22/Jul/2023:17:16:58 +0200] "GET /pmwiki/pmwiki.php/Main/TRIPSLie HTTP/1.1" 200 12874 "-" "Mozilla/5.0 (X11; Linux x86_64) AppleWebKit/537.36 (KHTML, like Gecko) Chrome/61.0.3163.79 Safari/537.36"
64.124.8.35 - - [22/Jul/2023:17:18:01 +0200] "GET /pmwiki/pmwiki.php/Main/SMELie HTTP/1.1" 200 13592 "-" "Mozilla/5.0 (X11; Linux x86_64) AppleWebKit/537.36 (KHTML, like Gecko) Chrome/61.0.3163.79 Safari/537.36"
216.244.66.203 - - [22/Jul/2023:17:33:03 +0200] "GET /robots.txt HTTP/1.1" 404 1181 "-" "Mozilla/5.0 (compatible; DotBot/1.2; +https://opensiteexplorer.org/dotbot; help@moz.com)"
5.255.231.190 - - [22/Jul/2023:17:44:15 +0200] "GET /robots.txt HTTP/1.1" 404 1181 "-" "Mozilla/5.0 (compatible; YandexBot/3.0; +http://yandex.com/bots)"
87.250.224.211 - - [22/Jul/2023:17:44:16 +0200] "GET /pmwiki/pmwiki.php/Main/WikiSandbox?action=upload&upname=wiki.png HTTP/1.1" 200 12342 "-" "Mozilla/5.0 (compatible; YandexBot/3.0; +http://yandex.com/bots)"
49.12.13.109 - - [22/Jul/2023:17:50:04 +0200] "HEAD /pmwiki/pmwiki.php HTTP/1.1" 200 0 "-" "Alert_Alligator_webmonitoring_service_1.6.3_(alertalligator.com)"
87.250.224.231 - - [22/Jul/2023:17:59:32 +0200] "GET /pmwiki/pmwiki.php/Main/Ipr?action=upload&upname=wiki.png HTTP/1.1" 200 12218 "-" "Mozilla/5.0 (compatible; YandexBot/3.0; +http://yandex.com/bots)"
216.244.66.203 - - [22/Jul/2023:18:03:42 +0200] "GET /pmwiki/pmwiki.php/Main/TelefononFaxon?action=diff&source=n&minor=y HTTP/1.1" 200 12905 "-" "Mozilla/5.0 (compatible; DotBot/1.2; +https://opensiteexplorer.org/dotbot; help@moz.com)"
5.45.207.68 - - [22/Jul/2023:18:07:45 +0200] "GET /pmwiki/pmwiki.php/Main/MiADRM?action=edit HTTP/1.1" 200 12366 "-" "Mozilla/5.0 (compatible; YandexBot/3.0; +http://yandex.com/bots)"
216.244.66.203 - - [22/Jul/2023:18:30:10 +0200] "GET /robots.txt HTTP/1.1" 404 1181 "-" "Mozilla/5.0 (compatible; DotBot/1.2; +https://opensiteexplorer.org/dotbot; help@moz.com)"
49.12.13.109 - - [22/Jul/2023:18:49:07 +0200] "HEAD /pmwiki/pmwiki.php HTTP/1.1" 200 0 "-" "Alert_Alligator_webmonitoring_service_1.6.3_(alertalligator.com)"
5.45.207.179 - - [22/Jul/2023:18:52:16 +0200] "GET /robots.txt HTTP/1.1" 404 1181 "-" "Mozilla/5.0 (compatible; YandexBot/3.0; +http://yandex.com/bots)"
95.108.213.139 - - [22/Jul/2023:18:52:17 +0200] "GET /pmwiki/pmwiki.php/Main/Cutts HTTP/1.1" 200 31570 "-" "Mozilla/5.0 (compatible; YandexBot/3.0; +http://yandex.com/bots)"
216.244.66.203 - - [22/Jul/2023:18:57:25 +0200] "GET /pmwiki/pmwiki.php/PmWiki/InitialSetupTasks?action=diff&source=y&minor=n HTTP/1.1" 200 13001 "-" "Mozilla/5.0 (compatible; DotBot/1.2; +https://opensiteexplorer.org/dotbot; help@moz.com)"
216.244.66.203 - - [22/Jul/2023:18:57:30 +0200] "GET /pmwiki/pmwiki.php/PmWiki/InterMap?action=diff&source=n&minor=y HTTP/1.1" 200 12839 "-" "Mozilla/5.0 (compatible; DotBot/1.2; +https://opensiteexplorer.org/dotbot; help@moz.com)"
213.180.203.137 - - [22/Jul/2023:19:06:42 +0200] "GET /pmwiki/pmwiki.php/PmWiki/PmWikiPhilosophy HTTP/1.1" 200 16736 "-" "Mozilla/5.0 (compatible; YandexBot/3.0; +http://yandex.com/bots)"
216.244.66.203 - - [22/Jul/2023:19:27:39 +0200] "GET /robots.txt HTTP/1.1" 404 1181 "-" "Mozilla/5.0 (compatible; DotBot/1.2; +https://opensiteexplorer.org/dotbot; help@moz.com)"
212.237.53.115 - - [22/Jul/2023:19:36:10 +0200] "HEAD /pmwiki/pmwiki.php HTTP/1.1" 200 0 "-" "Alert_Alligator_webmonitoring_service_1.6.4_(alertalligator.com)"
216.244.66.203 - - [22/Jul/2023:19:58:16 +0200] "GET /pmwiki/pmwiki.php/Main/Befektet%E9sv%E9delem?action=diff&source=y&minor=n HTTP/1.1" 200 17546 "-" "Mozilla/5.0 (compatible; DotBot/1.2; +https://opensiteexplorer.org/dotbot; help@moz.com)"
216.244.66.203 - - [22/Jul/2023:19:58:21 +0200] "GET /pmwiki/pmwiki.php/PmWiki/UploadsAdmin?action=diff&source=n&minor=y HTTP/1.1" 200 12910 "-" "Mozilla/5.0 (compatible; DotBot/1.2; +https://opensiteexplorer.org/dotbot; help@moz.com)"
111.225.148.231 - - [22/Jul/2023:20:13:11 +0200] "GET /robots.txt HTTP/1.1" 404 1181 "-" "Mozilla/5.0 (Linux; Android 5.0) AppleWebKit/537.36 (KHTML, like Gecko) Mobile Safari/537.36 (compatible; Bytespider; https://zhanzhang.toutiao.com/)"
216.244.66.203 - - [22/Jul/2023:20:24:48 +0200] "GET /robots.txt HTTP/1.1" 404 1181 "-" "Mozilla/5.0 (compatible; DotBot/1.2; +https://opensiteexplorer.org/dotbot; help@moz.com)"
49.12.13.109 - - [22/Jul/2023:20:35:55 +0200] "HEAD /pmwiki/pmwiki.php HTTP/1.1" 200 0 "-" "Alert_Alligator_webmonitoring_service_1.6.3_(alertalligator.com)"
213.180.203.88 - - [22/Jul/2023:20:54:56 +0200] "GET /robots.txt HTTP/1.1" 404 1181 "-" "Mozilla/5.0 (compatible; YandexBot/3.0; +http://yandex.com/bots)"
213.180.203.19 - - [22/Jul/2023:20:54:57 +0200] "GET /pmwiki/pmwiki.php/Main/HeringgelMegval%F3s%EDtottTal%E1lm%E1nyok?action=print HTTP/1.1" 200 8496 "-" "Mozilla/5.0 (compatible; YandexBot/3.0; +http://yandex.com/bots)"
216.244.66.203 - - [22/Jul/2023:20:58:02 +0200] "GET /pmwiki/pmwiki.php/Main/HarcT%EDzITSzabadalomEllen?action=diff&source=y&minor=n HTTP/1.1" 200 16626 "-" "Mozilla/5.0 (compatible; DotBot/1.2; +https://opensiteexplorer.org/dotbot; help@moz.com)"
5.45.207.80 - - [22/Jul/2023:21:06:53 +0200] "GET /pmwiki/pmwiki.php/Main/EUCD?action=upload HTTP/1.1" 200 12214 "-" "Mozilla/5.0 (compatible; YandexBot/3.0; +http://yandex.com/bots)"
216.244.66.203 - - [22/Jul/2023:21:20:01 +0200] "GET /robots.txt HTTP/1.1" 404 1181 "-" "Mozilla/5.0 (compatible; DotBot/1.2; +https://opensiteexplorer.org/dotbot; help@moz.com)"
216.244.66.203 - - [22/Jul/2023:21:28:33 +0200] "GET / HTTP/1.1" 302 5 "-" "Mozilla/5.0 (compatible; DotBot/1.2; +https://opensiteexplorer.org/dotbot; help@moz.com)"
49.12.13.109 - - [22/Jul/2023:21:35:15 +0200] "HEAD /pmwiki/pmwiki.php HTTP/1.1" 200 0 "-" "Alert_Alligator_webmonitoring_service_1.6.3_(alertalligator.com)"
49.12.13.109 - - [22/Jul/2023:22:34:20 +0200] "HEAD /pmwiki/pmwiki.php HTTP/1.1" 200 0 "-" "Alert_Alligator_webmonitoring_service_1.6.3_(alertalligator.com)"
212.237.51.151 - - [22/Jul/2023:23:17:46 +0200] "HEAD /pmwiki/pmwiki.php HTTP/1.1" 200 0 "-" "Alert_Alligator_webmonitoring_service_1.6.4_(alertalligator.com)"
95.108.213.135 - - [22/Jul/2023:23:45:36 +0200] "GET /robots.txt HTTP/1.1" 404 1181 "-" "Mozilla/5.0 (compatible; YandexBot/3.0; +http://yandex.com/bots)"
5.45.207.156 - - [22/Jul/2023:23:45:37 +0200] "GET /pmwiki/pmwiki.php/PmWiki/ChangeLog HTTP/1.1" 200 44191 "-" "Mozilla/5.0 (compatible; YandexBot/3.0; +http://yandex.com/bots)"
216.244.66.203 - - [23/Jul/2023:00:05:38 +0200] "GET /robots.txt HTTP/1.1" 404 1181 "-" "Mozilla/5.0 (compatible; DotBot/1.2; +https://opensiteexplorer.org/dotbot; help@moz.com)"
87.250.224.76 - - [23/Jul/2023:00:13:59 +0200] "GET /pmwiki/pmwiki.php/Main/AJelenlegiSzerzoiJogiTorveny?action=upload&upname=wiki.png HTTP/1.1" 200 12614 "-" "Mozilla/5.0 (compatible; YandexBot/3.0; +http://yandex.com/bots)"
49.12.13.109 - - [23/Jul/2023:00:16:50 +0200] "HEAD /pmwiki/pmwiki.php HTTP/1.1" 200 0 "-" "Alert_Alligator_webmonitoring_service_1.6.3_(alertalligator.com)"
216.244.66.203 - - [23/Jul/2023:00:37:34 +0200] "GET /pmwiki/pmwiki.php/Main/2004Augusztus5?action=diff&source=y&minor=n HTTP/1.1" 200 16438 "-" "Mozilla/5.0 (compatible; DotBot/1.2; +https://opensiteexplorer.org/dotbot; help@moz.com)"
212.237.51.151 - - [23/Jul/2023:01:10:06 +0200] "HEAD /pmwiki/pmwiki.php HTTP/1.1" 200 0 "-" "Alert_Alligator_webmonitoring_service_1.6.4_(alertalligator.com)"
216.201.9.135 - - [23/Jul/2023:01:11:27 +0200] "GET /robots.txt HTTP/1.0" 404 1181 "-" "Mozilla/4.0 (compatible; fluid/0.0; +http://www.leak.info/bot.html)"
213.180.203.97 - - [23/Jul/2023:01:11:44 +0200] "GET /robots.txt HTTP/1.1" 404 1181 "-" "Mozilla/5.0 (compatible; YandexBot/3.0; +http://yandex.com/bots)"
5.45.207.163 - - [23/Jul/2023:01:11:45 +0200] "GET /pmwiki/pmwiki.php/Main/AzEur%F3paiParlament%DAjraind%EDt%E1stK%F6vetelAzEln%F6kiKonferenciaElfogadtaAzInd%EDtv%E1nyt?action=print HTTP/1.1" 200 6082 "-" "Mozilla/5.0 (compatible; YandexBot/3.0; +http://yandex.com/bots)"
212.237.51.151 - - [23/Jul/2023:02:05:17 +0200] "HEAD /pmwiki/pmwiki.php HTTP/1.1" 200 0 "-" "Alert_Alligator_webmonitoring_service_1.6.4_(alertalligator.com)"
213.180.203.49 - - [23/Jul/2023:02:05:51 +0200] "GET /robots.txt HTTP/1.1" 404 1181 "-" "Mozilla/5.0 (compatible; YandexBot/3.0; +http://yandex.com/bots)"
5.45.207.80 - - [23/Jul/2023:02:05:52 +0200] "GET /pmwiki/pmwiki.php/Main/Todo?action=print HTTP/1.1" 200 3029 "-" "Mozilla/5.0 (compatible; YandexBot/3.0; +http://yandex.com/bots)"
85.208.96.199 - - [23/Jul/2023:02:32:49 +0200] "GET /robots.txt HTTP/1.1" 404 1181 "-" "Mozilla/5.0 (compatible; SemrushBot/7~bl; +http://www.semrush.com/bot.html)"
185.191.171.26 - - [23/Jul/2023:02:32:50 +0200] "GET /pmwiki/pmwiki.php/Main/Feb09PR HTTP/1.1" 200 15257 "-" "Mozilla/5.0 (compatible; SemrushBot/7~bl; +http://www.semrush.com/bot.html)"
216.244.66.203 - - [23/Jul/2023:02:51:35 +0200] "GET /robots.txt HTTP/1.1" 404 1181 "-" "Mozilla/5.0 (compatible; DotBot/1.2; +https://opensiteexplorer.org/dotbot; help@moz.com)"
110.249.201.79 - - [23/Jul/2023:03:00:03 +0200] "GET /robots.txt HTTP/1.1" 404 1181 "-" "Mozilla/5.0 (Linux; Android 5.0) AppleWebKit/537.36 (KHTML, like Gecko) Mobile Safari/537.36 (compatible; Bytespider; https://zhanzhang.toutiao.com/)"
77.75.79.72 - - [23/Jul/2023:03:01:19 +0200] "GET /robots.txt HTTP/1.1" 404 1181 "-" "Mozilla/5.0 (compatible; SeznamBot/4.0; +http://napoveda.seznam.cz/seznambot-intro/)"
77.75.77.72 - - [23/Jul/2023:03:01:19 +0200] "GET /pmwiki/pmwiki.php/PmWiki/PmWiki HTTP/1.1" 200 116458 "-" "Mozilla/5.0 (compatible; SeznamBot/4.0; +http://napoveda.seznam.cz/seznambot-intro/)"
49.12.13.109 - - [23/Jul/2023:03:04:19 +0200] "HEAD /pmwiki/pmwiki.php HTTP/1.1" 200 0 "-" "Alert_Alligator_webmonitoring_service_1.6.3_(alertalligator.com)"
216.244.66.203 - - [23/Jul/2023:03:14:19 +0200] "GET /pmwiki/pmwiki.php/PmWiki/PredefinedWikiStyles?action=diff&source=y&minor=n HTTP/1.1" 200 13051 "-" "Mozilla/5.0 (compatible; DotBot/1.2; +https://opensiteexplorer.org/dotbot; help@moz.com)"
212.237.23.143 - - [23/Jul/2023:04:02:31 +0200] "HEAD /pmwiki/pmwiki.php HTTP/1.1" 200 0 "-" "Alert_Alligator_webmonitoring_service_1.6.4_(alertalligator.com)"
212.237.51.151 - - [23/Jul/2023:04:49:46 +0200] "HEAD /pmwiki/pmwiki.php HTTP/1.1" 200 0 "-" "Alert_Alligator_webmonitoring_service_1.6.4_(alertalligator.com)"
49.12.13.109 - - [23/Jul/2023:05:48:56 +0200] "HEAD /pmwiki/pmwiki.php HTTP/1.1" 200 0 "-" "Alert_Alligator_webmonitoring_service_1.6.3_(alertalligator.com)"
51.222.253.2 - - [23/Jul/2023:05:52:36 +0200] "GET /robots.txt HTTP/1.1" 404 1181 "-" "Mozilla/5.0 (compatible; AhrefsBot/7.0; +http://ahrefs.com/robot/)"
54.36.148.180 - - [23/Jul/2023:05:52:37 +0200] "GET /pmwiki/pmwiki.php/Main/ATan%E1cs%C9rdembenT%E1rgyalhatASzoftverszabadalmiDirekt%EDv%E1r%F3l?action=upload HTTP/1.1" 200 13214 "-" "Mozilla/5.0 (compatible; AhrefsBot/7.0; +http://ahrefs.com/robot/)"
