212.237.23.143 - - [01/Jul/2023:00:02:30 +0200] "HEAD /pmwiki/pmwiki.php HTTP/1.1" 200 0 "-" "Alert_Alligator_webmonitoring_service_1.6.4_(alertalligator.com)"
216.244.66.203 - - [01/Jul/2023:00:28:26 +0200] "GET /robots.txt HTTP/1.1" 404 1181 "-" "Mozilla/5.0 (compatible; DotBot/1.2; +https://opensiteexplorer.org/dotbot; help@moz.com)"
216.244.66.203 - - [01/Jul/2023:00:52:18 +0200] "GET /pmwiki/pmwiki.php/Main/Marc06LMEPR?action=upload&upname=LMEPR.pdf HTTP/1.1" 200 12344 "-" "Mozilla/5.0 (compatible; DotBot/1.2; +https://opensiteexplorer.org/dotbot; help@moz.com)"
49.12.13.109 - - [01/Jul/2023:01:01:54 +0200] "HEAD /pmwiki/pmwiki.php HTTP/1.1" 200 0 "-" "Alert_Alligator_webmonitoring_service_1.6.3_(alertalligator.com)"
54.36.148.255 - - [01/Jul/2023:01:24:15 +0200] "GET /pmwiki/pmwiki.php/Main/Gazdas%E1giOldal HTTP/1.1" 200 19537 "-" "Mozilla/5.0 (compatible; AhrefsBot/7.0; +http://ahrefs.com/robot/)"
212.237.23.143 - - [01/Jul/2023:01:57:11 +0200] "HEAD /pmwiki/pmwiki.php HTTP/1.1" 200 0 "-" "Alert_Alligator_webmonitoring_service_1.6.4_(alertalligator.com)"
54.36.149.9 - - [01/Jul/2023:02:21:55 +0200] "GET /pmwiki/pmwiki.php/Main/ABundestagT%E1mogatjaAzEur%F3paiParlamentet HTTP/1.1" 200 18357 "-" "Mozilla/5.0 (compatible; AhrefsBot/7.0; +http://ahrefs.com/robot/)"
212.237.51.151 - - [01/Jul/2023:02:39:11 +0200] "HEAD /pmwiki/pmwiki.php HTTP/1.1" 200 0 "-" "Alert_Alligator_webmonitoring_service_1.6.4_(alertalligator.com)"
110.249.201.159 - - [01/Jul/2023:03:00:47 +0200] "GET /robots.txt HTTP/1.1" 404 1181 "-" "Mozilla/5.0 (Linux; Android 5.0) AppleWebKit/537.36 (KHTML, like Gecko) Mobile Safari/537.36 (compatible; Bytespider; https://zhanzhang.toutiao.com/)"
49.12.13.109 - - [01/Jul/2023:03:38:26 +0200] "HEAD /pmwiki/pmwiki.php HTTP/1.1" 200 0 "-" "Alert_Alligator_webmonitoring_service_1.6.3_(alertalligator.com)"
95.108.213.176 - - [01/Jul/2023:03:51:00 +0200] "GET /robots.txt HTTP/1.1" 404 1181 "-" "Mozilla/5.0 (compatible; YandexBot/3.0; +http://yandex.com/bots)"
5.255.231.157 - - [01/Jul/2023:03:51:01 +0200] "GET /pmwiki/pmwiki.php/Main/Ipr?action=edit HTTP/1.1" 200 12322 "-" "Mozilla/5.0 (compatible; YandexBot/3.0; +http://yandex.com/bots)"
17.241.75.122 - - [01/Jul/2023:03:55:59 +0200] "GET /robots.txt HTTP/1.1" 404 1181 "-" "Mozilla/5.0 (Macintosh; Intel Mac OS X 10_15_5) AppleWebKit/605.1.15 (KHTML, like Gecko) Version/13.1.1 Safari/605.1.15 (Applebot/0.1; +http://www.apple.com/go/applebot)"
17.241.75.122 - - [01/Jul/2023:03:56:00 +0200] "GET /favicon.ico HTTP/1.1" 404 1181 "-" "Mozilla/5.0 (Macintosh; Intel Mac OS X 10_15_5) AppleWebKit/605.1.15 (KHTML, like Gecko) Version/13.1.1 Safari/605.1.15 (Applebot/0.1; +http://www.apple.com/go/applebot)"
212.237.23.143 - - [01/Jul/2023:04:30:05 +0200] "HEAD /pmwiki/pmwiki.php HTTP/1.1" 200 0 "-" "Alert_Alligator_webmonitoring_service_1.6.4_(alertalligator.com)"
212.237.51.151 - - [01/Jul/2023:05:14:10 +0200] "HEAD /pmwiki/pmwiki.php HTTP/1.1" 200 0 "-" "Alert_Alligator_webmonitoring_service_1.6.4_(alertalligator.com)"
216.244.66.203 - - [01/Jul/2023:05:55:24 +0200] "GET /robots.txt HTTP/1.1" 404 1181 "-" "Mozilla/5.0 (compatible; DotBot/1.2; +https://opensiteexplorer.org/dotbot; help@moz.com)"
212.237.53.115 - - [01/Jul/2023:06:00:24 +0200] "HEAD /pmwiki/pmwiki.php HTTP/1.1" 200 0 "-" "Alert_Alligator_webmonitoring_service_1.6.4_(alertalligator.com)"
54.36.149.105 - - [01/Jul/2023:06:21:35 +0200] "GET /robots.txt HTTP/1.1" 404 1181 "-" "Mozilla/5.0 (compatible; AhrefsBot/7.0; +http://ahrefs.com/robot/)"
111.225.148.154 - - [01/Jul/2023:06:23:30 +0200] "GET /robots.txt HTTP/1.1" 404 1181 "-" "Mozilla/5.0 (Linux; Android 5.0) AppleWebKit/537.36 (KHTML, like Gecko) Mobile Safari/537.36 (compatible; Bytespider; https://zhanzhang.toutiao.com/)"
216.244.66.203 - - [01/Jul/2023:06:24:49 +0200] "GET /pmwiki/pmwiki.php/Main/Cache?action=diff&source=y&minor=y HTTP/1.1" 200 17703 "-" "Mozilla/5.0 (compatible; DotBot/1.2; +https://opensiteexplorer.org/dotbot; help@moz.com)"
216.244.66.203 - - [01/Jul/2023:06:28:02 +0200] "GET /pmwiki/pmwiki.php/Main/Cikkek?action=edit&restore=diff:1108115101:1107936865:&preview=y HTTP/1.1" 200 12417 "-" "Mozilla/5.0 (compatible; DotBot/1.2; +https://opensiteexplorer.org/dotbot; help@moz.com)"
216.244.66.203 - - [01/Jul/2023:06:28:07 +0200] "GET /pmwiki/pmwiki.php/Main/Todo?action=edit&restore=diff:1110471780:1110471780:&preview=y HTTP/1.1" 200 12381 "-" "Mozilla/5.0 (compatible; DotBot/1.2; +https://opensiteexplorer.org/dotbot; help@moz.com)"
66.249.65.131 - - [01/Jul/2023:06:40:43 +0200] "GET /robots.txt HTTP/1.1" 404 1181 "-" "Mozilla/5.0 (compatible; Googlebot/2.1; +http://www.google.com/bot.html)"
66.249.65.131 - - [01/Jul/2023:06:40:43 +0200] "GET /pmwiki/pmwiki.php/Main/V%E9delmiP%E9nz HTTP/1.1" 200 12560 "-" "Mozilla/5.0 (Linux; Android 6.0.1; Nexus 5X Build/MMB29P) AppleWebKit/537.36 (KHTML, like Gecko) Chrome/114.0.5735.179 Mobile Safari/537.36 (compatible; Googlebot/2.1; +http://www.google.com/bot.html)"
212.237.51.151 - - [01/Jul/2023:06:42:12 +0200] "HEAD /pmwiki/pmwiki.php HTTP/1.1" 200 0 "-" "Alert_Alligator_webmonitoring_service_1.6.4_(alertalligator.com)"
66.249.65.131 - - [01/Jul/2023:06:43:01 +0200] "GET /pmwiki/pub/skins/gila/gila.css HTTP/1.1" 200 8887 "http://swpat.zpok.hu/pmwiki/pmwiki.php/Main/V%E9delmiP%E9nz" "Mozilla/5.0 (Linux; Android 6.0.1; Nexus 5X Build/MMB29P) AppleWebKit/537.36 (KHTML, like Gecko) Chrome/114.0.5735.179 Mobile Safari/537.36 (compatible; Googlebot/2.1; +http://www.google.com/bot.html)"
216.244.66.203 - - [01/Jul/2023:06:51:01 +0200] "GET /robots.txt HTTP/1.1" 404 1181 "-" "Mozilla/5.0 (compatible; DotBot/1.2; +https://opensiteexplorer.org/dotbot; help@moz.com)"
205.210.31.128 - - [01/Jul/2023:06:52:26 +0200] "GET / HTTP/1.1" 302 5 "-" "-"
205.210.31.128 - - [01/Jul/2023:06:52:27 +0200] "GET /pmwiki/pmwiki.php HTTP/1.1" 200 37269 "http://195.56.55.225:80/" "-"
54.36.148.23 - - [01/Jul/2023:07:01:18 +0200] "GET /pmwiki/pmwiki.php/Main/CikkekPrivacy HTTP/1.1" 200 12503 "-" "Mozilla/5.0 (compatible; AhrefsBot/7.0; +http://ahrefs.com/robot/)"
216.244.66.203 - - [01/Jul/2023:07:17:26 +0200] "GET /pmwiki/pmwiki.php/Profiles/Profiles?action=diff&source=n&minor=n HTTP/1.1" 200 12873 "-" "Mozilla/5.0 (compatible; DotBot/1.2; +https://opensiteexplorer.org/dotbot; help@moz.com)"
212.237.51.151 - - [01/Jul/2023:07:20:55 +0200] "HEAD /pmwiki/pmwiki.php HTTP/1.1" 200 0 "-" "Alert_Alligator_webmonitoring_service_1.6.4_(alertalligator.com)"
216.244.66.203 - - [01/Jul/2023:07:46:20 +0200] "GET /robots.txt HTTP/1.1" 404 1181 "-" "Mozilla/5.0 (compatible; DotBot/1.2; +https://opensiteexplorer.org/dotbot; help@moz.com)"
216.244.66.203 - - [01/Jul/2023:08:04:38 +0200] "GET /pmwiki/pmwiki.php/Main/V%E9delmiP%E9nz?action=diff&source=n&minor=n HTTP/1.1" 200 12911 "-" "Mozilla/5.0 (compatible; DotBot/1.2; +https://opensiteexplorer.org/dotbot; help@moz.com)"
216.244.66.203 - - [01/Jul/2023:08:07:12 +0200] "GET /pmwiki/pmwiki.php/Main/Sajt%F3anyag?action=edit&restore=diff:1107936820:1107936678:&preview=y HTTP/1.1" 200 12505 "-" "Mozilla/5.0 (compatible; DotBot/1.2; +https://opensiteexplorer.org/dotbot; help@moz.com)"
212.237.53.115 - - [01/Jul/2023:08:10:14 +0200] "HEAD /pmwiki/pmwiki.php HTTP/1.1" 200 0 "-" "Alert_Alligator_webmonitoring_service_1.6.4_(alertalligator.com)"
216.244.66.203 - - [01/Jul/2023:08:16:08 +0200] "GET /pmwiki/pmwiki.php/Main/AJelenlegiSzerzoiJogiTorveny?action=edit&restore=diff:1110659807:1110658985:&preview=y HTTP/1.1" 200 12764 "-" "Mozilla/5.0 (compatible; DotBot/1.2; +https://opensiteexplorer.org/dotbot; help@moz.com)"
216.244.66.203 - - [01/Jul/2023:08:42:13 +0200] "GET /robots.txt HTTP/1.1" 404 1181 "-" "Mozilla/5.0 (compatible; DotBot/1.2; +https://opensiteexplorer.org/dotbot; help@moz.com)"
212.237.23.143 - - [01/Jul/2023:09:01:58 +0200] "HEAD /pmwiki/pmwiki.php HTTP/1.1" 200 0 "-" "Alert_Alligator_webmonitoring_service_1.6.4_(alertalligator.com)"
216.244.66.203 - - [01/Jul/2023:09:06:20 +0200] "GET /pmwiki/pmwiki.php/Main/BMEKonferencia?action=diff&source=y&minor=y HTTP/1.1" 200 79537 "-" "Mozilla/5.0 (compatible; DotBot/1.2; +https://opensiteexplorer.org/dotbot; help@moz.com)"
216.244.66.203 - - [01/Jul/2023:09:06:24 +0200] "GET /pmwiki/pmwiki.php/Main/DRMMunkacsoport?action=diff&source=y&minor=y HTTP/1.1" 200 14623 "-" "Mozilla/5.0 (compatible; DotBot/1.2; +https://opensiteexplorer.org/dotbot; help@moz.com)"
216.244.66.203 - - [01/Jul/2023:09:06:29 +0200] "GET /pmwiki/pmwiki.php/PmWiki/LayoutBasics?action=diff&source=y&minor=y HTTP/1.1" 200 12911 "-" "Mozilla/5.0 (compatible; DotBot/1.2; +https://opensiteexplorer.org/dotbot; help@moz.com)"
216.244.66.203 - - [01/Jul/2023:09:07:59 +0200] "GET /pmwiki/pmwiki.php/Main/DRM?action=edit&restore=diff:1110565651:1110541855:&preview=y HTTP/1.1" 200 12364 "-" "Mozilla/5.0 (compatible; DotBot/1.2; +https://opensiteexplorer.org/dotbot; help@moz.com)"
216.244.66.203 - - [01/Jul/2023:09:08:02 +0200] "GET /pmwiki/pmwiki.php/Main/Marc08essay?action=edit&restore=diff:1110539297:1110531202:&preview=y HTTP/1.1" 200 12492 "-" "Mozilla/5.0 (compatible; DotBot/1.2; +https://opensiteexplorer.org/dotbot; help@moz.com)"
216.244.66.203 - - [01/Jul/2023:09:37:05 +0200] "GET /robots.txt HTTP/1.1" 404 1181 "-" "Mozilla/5.0 (compatible; DotBot/1.2; +https://opensiteexplorer.org/dotbot; help@moz.com)"
49.12.13.109 - - [01/Jul/2023:10:01:07 +0200] "HEAD /pmwiki/pmwiki.php HTTP/1.1" 200 0 "-" "Alert_Alligator_webmonitoring_service_1.6.3_(alertalligator.com)"
216.244.66.203 - - [01/Jul/2023:10:01:24 +0200] "GET /pmwiki/pmwiki.php/Main/RocardEp2?action=diff&source=n&minor=n HTTP/1.1" 200 12815 "-" "Mozilla/5.0 (compatible; DotBot/1.2; +https://opensiteexplorer.org/dotbot; help@moz.com)"
216.244.66.203 - - [01/Jul/2023:10:01:29 +0200] "GET /pmwiki/pmwiki.php/PmWiki/ImagesInWikiPages?action=diff&source=n&minor=n HTTP/1.1" 200 13001 "-" "Mozilla/5.0 (compatible; DotBot/1.2; +https://opensiteexplorer.org/dotbot; help@moz.com)"
216.244.66.203 - - [01/Jul/2023:10:01:33 +0200] "GET /pmwiki/pmwiki.php/PmWiki/Installation?action=diff&source=n&minor=n HTTP/1.1" 200 12910 "-" "Mozilla/5.0 (compatible; DotBot/1.2; +https://opensiteexplorer.org/dotbot; help@moz.com)"
216.244.66.203 - - [01/Jul/2023:10:01:37 +0200] "GET /pmwiki/pmwiki.php/PmWiki/UrlApprovals?action=diff&source=y&minor=y HTTP/1.1" 200 12910 "-" "Mozilla/5.0 (compatible; DotBot/1.2; +https://opensiteexplorer.org/dotbot; help@moz.com)"
203.217.176.73 - - [01/Jul/2023:10:10:34 +0200] "GET /wp-content/plugins/wc-multivendor-membership/assets/css/wcfmvm-style-memberships.css HTTP/1.1" 404 1181 "-" "Mozilla/5.0 (Windows NT 10.0; WOW64) AppleWebKit/537.36 (KHTML, like Gecko) Chrome/87.0.4280.88 YaBrowser/20.12.2.105 Yowser/2.5 Safari/537.36"
216.244.66.203 - - [01/Jul/2023:10:34:12 +0200] "GET /robots.txt HTTP/1.1" 404 1181 "-" "Mozilla/5.0 (compatible; DotBot/1.2; +https://opensiteexplorer.org/dotbot; help@moz.com)"
212.237.23.143 - - [01/Jul/2023:10:56:29 +0200] "HEAD /pmwiki/pmwiki.php HTTP/1.1" 200 0 "-" "Alert_Alligator_webmonitoring_service_1.6.4_(alertalligator.com)"
216.244.66.203 - - [01/Jul/2023:10:58:52 +0200] "GET /pmwiki/pmwiki.php/Main/Linkek?action=diff&source=y&minor=y HTTP/1.1" 200 39101 "-" "Mozilla/5.0 (compatible; DotBot/1.2; +https://opensiteexplorer.org/dotbot; help@moz.com)"
216.244.66.203 - - [01/Jul/2023:11:00:19 +0200] "GET /pmwiki/pmwiki.php/Main/SMELie?action=edit&restore=diff:1110527300:1110527300:&preview=y HTTP/1.1" 200 12413 "-" "Mozilla/5.0 (compatible; DotBot/1.2; +https://opensiteexplorer.org/dotbot; help@moz.com)"
216.244.66.203 - - [01/Jul/2023:11:00:23 +0200] "GET /pmwiki/pmwiki.php/Main/SideBar?action=edit&restore=diff:1110659284:1110653357:&preview=y HTTP/1.1" 200 12430 "-" "Mozilla/5.0 (compatible; DotBot/1.2; +https://opensiteexplorer.org/dotbot; help@moz.com)"
216.244.66.203 - - [01/Jul/2023:11:30:50 +0200] "GET /robots.txt HTTP/1.1" 404 1181 "-" "Mozilla/5.0 (compatible; DotBot/1.2; +https://opensiteexplorer.org/dotbot; help@moz.com)"
212.237.51.151 - - [01/Jul/2023:11:34:42 +0200] "HEAD /pmwiki/pmwiki.php HTTP/1.1" 200 0 "-" "Alert_Alligator_webmonitoring_service_1.6.4_(alertalligator.com)"
216.244.66.203 - - [01/Jul/2023:12:00:17 +0200] "GET /pmwiki/pmwiki.php/Main/2004Augusztus18?action=diff&source=y&minor=y HTTP/1.1" 200 14631 "-" "Mozilla/5.0 (compatible; DotBot/1.2; +https://opensiteexplorer.org/dotbot; help@moz.com)"
216.244.66.203 - - [01/Jul/2023:12:00:23 +0200] "GET /pmwiki/pmwiki.php/PmWiki/UploadVariables?action=diff&source=n&minor=n HTTP/1.1" 200 12965 "-" "Mozilla/5.0 (compatible; DotBot/1.2; +https://opensiteexplorer.org/dotbot; help@moz.com)"
216.244.66.203 - - [01/Jul/2023:12:00:27 +0200] "GET /pmwiki/pmwiki.php/Profiles/Robert?action=diff&source=n&minor=n HTTP/1.1" 200 12837 "-" "Mozilla/5.0 (compatible; DotBot/1.2; +https://opensiteexplorer.org/dotbot; help@moz.com)"
216.244.66.203 - - [01/Jul/2023:12:01:07 +0200] "GET /pmwiki/pmwiki.php/Main/BMEKonferencia?action=edit&restore=diff:1117718677:1110548618:&preview=y HTTP/1.1" 200 12540 "-" "Mozilla/5.0 (compatible; DotBot/1.2; +https://opensiteexplorer.org/dotbot; help@moz.com)"
216.244.66.203 - - [01/Jul/2023:12:01:12 +0200] "GET /pmwiki/pmwiki.php/Profiles/%C9n%CDrtamH%E1tPublik%E1lom?action=diff&source=n&minor=n HTTP/1.1" 200 13209 "-" "Mozilla/5.0 (compatible; DotBot/1.2; +https://opensiteexplorer.org/dotbot; help@moz.com)"
54.36.148.98 - - [01/Jul/2023:12:19:36 +0200] "GET /pmwiki/pmwiki.php/Main/EztMondjukNekik HTTP/1.1" 200 14106 "-" "Mozilla/5.0 (compatible; AhrefsBot/7.0; +http://ahrefs.com/robot/)"
216.244.66.203 - - [01/Jul/2023:12:26:26 +0200] "GET /robots.txt HTTP/1.1" 404 1181 "-" "Mozilla/5.0 (compatible; DotBot/1.2; +https://opensiteexplorer.org/dotbot; help@moz.com)"
49.12.13.109 - - [01/Jul/2023:12:34:02 +0200] "HEAD /pmwiki/pmwiki.php HTTP/1.1" 200 0 "-" "Alert_Alligator_webmonitoring_service_1.6.3_(alertalligator.com)"
216.244.66.203 - - [01/Jul/2023:12:51:17 +0200] "GET /pmwiki/pmwiki.php/Main/2004Febru%E1riK%F6sz%F6netLengyelorsz%E1gnak?action=edit&restore=diff:1120085115:1120084507:&preview=y HTTP/1.1" 200 13004 "-" "Mozilla/5.0 (compatible; DotBot/1.2; +https://opensiteexplorer.org/dotbot; help@moz.com)"
216.244.66.203 - - [01/Jul/2023:12:53:06 +0200] "GET /pmwiki/pmwiki.php/Main/2004Augusztus15?action=diff&source=y&minor=y HTTP/1.1" 200 12923 "-" "Mozilla/5.0 (compatible; DotBot/1.2; +https://opensiteexplorer.org/dotbot; help@moz.com)"
54.36.149.12 - - [01/Jul/2023:12:58:32 +0200] "GET /pmwiki/pmwiki.php/Main/CikkekPrivacy?action=edit HTTP/1.1" 200 12480 "-" "Mozilla/5.0 (compatible; AhrefsBot/7.0; +http://ahrefs.com/robot/)"
81.209.177.145 - - [01/Jul/2023:13:10:18 +0200] "GET /robots.txt HTTP/1.1" 404 1181 "-" "netEstate NE Crawler (+http://www.website-datenbank.de/)"
81.209.177.145 - - [01/Jul/2023:13:10:20 +0200] "GET / HTTP/1.1" 302 5 "-" "netEstate NE Crawler (+http://www.website-datenbank.de/)"
81.209.177.145 - - [01/Jul/2023:13:10:20 +0200] "GET /pmwiki/pmwiki.php HTTP/1.1" 200 37269 "-" "netEstate NE Crawler (+http://www.website-datenbank.de/)"
81.209.177.145 - - [01/Jul/2023:13:10:30 +0200] "GET /pmwiki/pmwiki.php/Main/HomePage?action=edit HTTP/1.1" 200 12401 "-" "netEstate NE Crawler (+http://www.website-datenbank.de/)"
81.209.177.145 - - [01/Jul/2023:13:10:44 +0200] "GET /pmwiki/pmwiki.php/Main/Google HTTP/1.1" 200 25006 "-" "netEstate NE Crawler (+http://www.website-datenbank.de/)"
81.209.177.145 - - [01/Jul/2023:13:10:58 +0200] "GET /pmwiki/pmwiki.php/Main/Nyilatkozatok HTTP/1.1" 200 16071 "-" "netEstate NE Crawler (+http://www.website-datenbank.de/)"
81.209.177.145 - - [01/Jul/2023:13:11:13 +0200] "GET /pmwiki/pmwiki.php/Main/Lev%EF%BF%BDlAParlamentInformaitikaiBizotts%EF%BF%BDgaEln%EF%BF%BDk%EF%BF%BDnek HTTP/1.1" 302 181 "-" "netEstate NE Crawler (+http://www.website-datenbank.de/)"
81.209.177.145 - - [01/Jul/2023:13:11:29 +0200] "GET /pmwiki/pmwiki.php/Main/HomePage?action=diff HTTP/1.1" 200 115393 "-" "netEstate NE Crawler (+http://www.website-datenbank.de/)"
81.209.177.145 - - [01/Jul/2023:13:11:42 +0200] "GET /pmwiki/pmwiki.php/Main/Privacy?action=edit HTTP/1.1" 200 12382 "-" "netEstate NE Crawler (+http://www.website-datenbank.de/)"
81.209.177.145 - - [01/Jul/2023:13:11:55 +0200] "GET /pmwiki/pmwiki.php/Main/MitTehetek? HTTP/1.1" 200 13755 "-" "netEstate NE Crawler (+http://www.website-datenbank.de/)"
81.209.177.145 - - [01/Jul/2023:13:12:16 +0200] "GET /pmwiki/pmwiki.php/Main/V%EF%BF%BDdelmiP%EF%BF%BDnz HTTP/1.1" 302 179 "-" "netEstate NE Crawler (+http://www.website-datenbank.de/)"
81.209.177.145 - - [01/Jul/2023:13:12:26 +0200] "GET /pmwiki/pmwiki.php/Main/Linkek HTTP/1.1" 200 28889 "-" "netEstate NE Crawler (+http://www.website-datenbank.de/)"
81.209.177.145 - - [01/Jul/2023:13:12:37 +0200] "GET /pmwiki/pmwiki.php/Main/Marc08essay HTTP/1.1" 200 18792 "-" "netEstate NE Crawler (+http://www.website-datenbank.de/)"
81.209.177.145 - - [01/Jul/2023:13:12:55 +0200] "GET /pmwiki/pmwiki.php/Main/2005M%EF%BF%BDrciusiK%EF%BF%BDz%EF%BF%BDsNyilatkozat HTTP/1.1" 302 183 "-" "netEstate NE Crawler (+http://www.website-datenbank.de/)"
81.209.177.145 - - [01/Jul/2023:13:13:04 +0200] "GET /pmwiki/pmwiki.php/Main/2005M%EF%BF%BDrciusiNyilatkozat HTTP/1.1" 302 183 "-" "netEstate NE Crawler (+http://www.website-datenbank.de/)"
81.209.177.145 - - [01/Jul/2023:13:13:12 +0200] "GET / HTTP/1.1" 302 5 "-" "netEstate NE Crawler (+http://www.website-datenbank.de/)"
81.209.177.145 - - [01/Jul/2023:13:13:13 +0200] "GET /pmwiki/pmwiki.php HTTP/1.1" 200 37269 "-" "netEstate NE Crawler (+http://www.website-datenbank.de/)"
81.209.177.145 - - [01/Jul/2023:13:13:28 +0200] "GET /pmwiki/pmwiki.php/Main/2003M%EF%BF%BDjusBr%EF%BF%BDsszeliT%EF%BF%BDra HTTP/1.1" 302 183 "-" "netEstate NE Crawler (+http://www.website-datenbank.de/)"
81.209.177.145 - - [01/Jul/2023:13:13:37 +0200] "GET /pmwiki/pmwiki.php/Main/JogiOldal HTTP/1.1" 200 26044 "-" "netEstate NE Crawler (+http://www.website-datenbank.de/)"
81.209.177.145 - - [01/Jul/2023:13:13:47 +0200] "GET /pmwiki/pmwiki.php/Main/Google?action=print HTTP/1.1" 200 15513 "-" "netEstate NE Crawler (+http://www.website-datenbank.de/)"
81.209.177.145 - - [01/Jul/2023:13:13:59 +0200] "GET /pmwiki/pmwiki.php/Main/MitTehetek?action=upload HTTP/1.1" 200 12310 "-" "netEstate NE Crawler (+http://www.website-datenbank.de/)"
81.209.177.145 - - [01/Jul/2023:13:14:13 +0200] "GET /pmwiki/pmwiki.php/Main/MitTehetek?action=upload&upname=wiki.png HTTP/1.1" 200 12326 "-" "netEstate NE Crawler (+http://www.website-datenbank.de/)"
81.209.177.145 - - [01/Jul/2023:13:14:26 +0200] "GET /pmwiki/pmwiki.php/Main HTTP/1.1" 302 186 "-" "netEstate NE Crawler (+http://www.website-datenbank.de/)"
81.209.177.145 - - [01/Jul/2023:13:14:40 +0200] "GET /pmwiki/pmwiki.php/Main/Google?action=upload HTTP/1.1" 200 12246 "-" "netEstate NE Crawler (+http://www.website-datenbank.de/)"
81.209.177.145 - - [01/Jul/2023:13:14:55 +0200] "GET /pmwiki/pmwiki.php/Main/HeringgelMegval%EF%BF%BDs%EF%BF%BDtottTal%EF%BF%BDlm%EF%BF%BDnyok HTTP/1.1" 302 193 "-" "netEstate NE Crawler (+http://www.website-datenbank.de/)"
81.209.177.145 - - [01/Jul/2023:13:15:09 +0200] "GET /pmwiki/pmwiki.php/Main/FAQ HTTP/1.1" 200 17652 "-" "netEstate NE Crawler (+http://www.website-datenbank.de/)"
81.209.177.145 - - [01/Jul/2023:13:15:22 +0200] "GET /pmwiki/pmwiki.php/Main/2005J%EF%BF%BDnius HTTP/1.1" 302 183 "-" "netEstate NE Crawler (+http://www.website-datenbank.de/)"
81.209.177.145 - - [01/Jul/2023:13:15:35 +0200] "GET /pmwiki/pmwiki.php/Main/AzEur%EF%BF%BDpaiParlament%EF%BF%BDjraind%EF%BF%BDt%EF%BF%BDstK%EF%BF%BDvetelAzEln%EF%BF%BDkiKonferenciaElfogadtaAzInd%EF%BF%BDtv%EF%BF%BDnyt HTTP/1.1" 302 183 "-" "netEstate NE Crawler (+http://www.website-datenbank.de/)"
81.209.177.145 - - [01/Jul/2023:13:15:48 +0200] "GET /pmwiki/pmwiki.php/Main/HeringgelMegval HTTP/1.1" 404 12035 "-" "netEstate NE Crawler (+http://www.website-datenbank.de/)"
81.209.177.145 - - [01/Jul/2023:13:16:00 +0200] "GET /pmwiki/pmwiki.php/Main/2004-esNyilatkozat HTTP/1.1" 200 15702 "-" "netEstate NE Crawler (+http://www.website-datenbank.de/)"
81.209.177.145 - - [01/Jul/2023:13:16:13 +0200] "GET /pmwiki/pmwiki.php/Main/Patentpools HTTP/1.1" 200 20710 "-" "netEstate NE Crawler (+http://www.website-datenbank.de/)"
81.209.177.145 - - [01/Jul/2023:13:16:27 +0200] "GET /pmwiki/pmwiki.php/Main/AzEUBizotts%EF%BF%BDgaL%EF%BF%BDbbalTiporjaADemokr%EF%BF%BDci%EF%BF%BDt HTTP/1.1" 302 189 "-" "netEstate NE Crawler (+http://www.website-datenbank.de/)"
81.209.177.145 - - [01/Jul/2023:13:16:41 +0200] "GET /pmwiki/pmwiki.php/Main/Nyilatkozatok?action=upload&upname=wiki.png HTTP/1.1" 200 12374 "-" "netEstate NE Crawler (+http://www.website-datenbank.de/)"
81.209.177.145 - - [01/Jul/2023:13:16:55 +0200] "GET /pmwiki/pmwiki.php/Main/JogiOldal?action=diff HTTP/1.1" 200 27426 "-" "netEstate NE Crawler (+http://www.website-datenbank.de/)"
81.209.177.145 - - [01/Jul/2023:13:17:09 +0200] "GET /pmwiki/pmwiki.php/Main/Power HTTP/1.1" 200 20204 "-" "netEstate NE Crawler (+http://www.website-datenbank.de/)"
81.209.177.145 - - [01/Jul/2023:13:17:23 +0200] "GET /pmwiki/pmwiki.php/Main/FAQ?action=diff HTTP/1.1" 200 19015 "-" "netEstate NE Crawler (+http://www.website-datenbank.de/)"
81.209.177.145 - - [01/Jul/2023:13:17:35 +0200] "GET /pmwiki/pmwiki.php/Main/Virsligy%EF%BF%BDr HTTP/1.1" 302 186 "-" "netEstate NE Crawler (+http://www.website-datenbank.de/)"
81.209.177.145 - - [01/Jul/2023:13:17:49 +0200] "GET /pmwiki/pmwiki.php/Main/BMEKonferencia HTTP/1.1" 200 14864 "-" "netEstate NE Crawler (+http://www.website-datenbank.de/)"
81.209.177.145 - - [01/Jul/2023:13:18:04 +0200] "GET /pmwiki/pmwiki.php/Main/Cutts HTTP/1.1" 200 31570 "-" "netEstate NE Crawler (+http://www.website-datenbank.de/)"
81.209.177.145 - - [01/Jul/2023:13:18:37 +0200] "GET /pmwiki/pmwiki.php/PmWiki/ChangeLog HTTP/1.1" 200 44191 "-" "netEstate NE Crawler (+http://www.website-datenbank.de/)"
81.209.177.145 - - [01/Jul/2023:13:18:51 +0200] "GET /pmwiki/pmwiki.php/Main/Gazdas%EF%BF%BDgiOldal HTTP/1.1" 302 184 "-" "netEstate NE Crawler (+http://www.website-datenbank.de/)"
81.209.177.145 - - [01/Jul/2023:13:19:04 +0200] "GET /pmwiki/pmwiki.php/Main/Ipr HTTP/1.1" 200 13258 "-" "netEstate NE Crawler (+http://www.website-datenbank.de/)"
81.209.177.145 - - [01/Jul/2023:13:19:19 +0200] "GET /pmwiki/pmwiki.php/PmWiki/ReleaseNotes HTTP/1.1" 200 29978 "-" "netEstate NE Crawler (+http://www.website-datenbank.de/)"
81.209.177.145 - - [01/Jul/2023:13:19:35 +0200] "GET /pmwiki/pmwiki.php/Main/AzEur HTTP/1.1" 404 11875 "-" "netEstate NE Crawler (+http://www.website-datenbank.de/)"
81.209.177.145 - - [01/Jul/2023:13:19:47 +0200] "GET /pmwiki/pmwiki.php/Main/BMEKonferencia?action=edit HTTP/1.1" 200 12494 "-" "netEstate NE Crawler (+http://www.website-datenbank.de/)"
81.209.177.145 - - [01/Jul/2023:13:20:02 +0200] "GET /pmwiki/pmwiki.php/Main/2005Szeptember2 HTTP/1.1" 200 13809 "-" "netEstate NE Crawler (+http://www.website-datenbank.de/)"
81.209.177.145 - - [01/Jul/2023:13:20:15 +0200] "GET /pmwiki/pmwiki.php/Main/Linkek?action=upload&upname=wiki.png HTTP/1.1" 200 12266 "-" "netEstate NE Crawler (+http://www.website-datenbank.de/)"
81.209.177.145 - - [01/Jul/2023:13:20:23 +0200] "GET /robots.txt HTTP/1.1" 404 1181 "-" "netEstate NE Crawler (+http://www.website-datenbank.de/)"
81.209.177.145 - - [01/Jul/2023:13:20:26 +0200] "GET /pmwiki/pmwiki.php/Main/2004-esNyilatkozat?action=upload&upname=wiki.png HTTP/1.1" 200 12454 "-" "netEstate NE Crawler (+http://www.website-datenbank.de/)"
216.244.66.203 - - [01/Jul/2023:13:21:44 +0200] "GET /robots.txt HTTP/1.1" 404 1181 "-" "Mozilla/5.0 (compatible; DotBot/1.2; +https://opensiteexplorer.org/dotbot; help@moz.com)"
81.209.177.145 - - [01/Jul/2023:13:21:53 +0200] "GET /pmwiki/pmwiki.php/Main/Damokl%EF%BF%BDszKardjaLebegAMagyarSzoftveriparFelett HTTP/1.1" 302 184 "-" "netEstate NE Crawler (+http://www.website-datenbank.de/)"
81.209.177.145 - - [01/Jul/2023:13:22:06 +0200] "GET /pmwiki/pmwiki.php/Main/Sajt%EF%BF%BDanyag HTTP/1.1" 302 182 "-" "netEstate NE Crawler (+http://www.website-datenbank.de/)"
81.209.177.145 - - [01/Jul/2023:13:22:19 +0200] "GET /pmwiki/pmwiki.php/Main/2005M HTTP/1.1" 404 11875 "-" "netEstate NE Crawler (+http://www.website-datenbank.de/)"
81.209.177.145 - - [01/Jul/2023:13:22:33 +0200] "GET /pmwiki/pmwiki.php/Main/AzEUBizotts HTTP/1.1" 404 11971 "-" "netEstate NE Crawler (+http://www.website-datenbank.de/)"
81.209.177.145 - - [01/Jul/2023:13:22:47 +0200] "GET /pmwiki/pmwiki.php/Main/MitTehetek?action=diff HTTP/1.1" 200 26258 "-" "netEstate NE Crawler (+http://www.website-datenbank.de/)"
81.209.177.145 - - [01/Jul/2023:13:23:03 +0200] "GET /pmwiki/pmwiki.php/Main/BMEKonferencia?action=upload&upname=wiki.png HTTP/1.1" 200 12390 "-" "netEstate NE Crawler (+http://www.website-datenbank.de/)"
81.209.177.145 - - [01/Jul/2023:13:23:16 +0200] "GET /pmwiki/pmwiki.php/Main/DRMMunkacsoport HTTP/1.1" 200 12700 "-" "netEstate NE Crawler (+http://www.website-datenbank.de/)"
81.209.177.145 - - [01/Jul/2023:13:23:26 +0200] "GET /pmwiki/pmwiki.php/PmWiki/PmWikiPhilosophy HTTP/1.1" 200 16736 "-" "netEstate NE Crawler (+http://www.website-datenbank.de/)"
81.209.177.145 - - [01/Jul/2023:13:23:37 +0200] "GET /pmwiki/pmwiki.php/Main/BMEKonferencia?action=print HTTP/1.1" 200 5262 "-" "netEstate NE Crawler (+http://www.website-datenbank.de/)"
81.209.177.145 - - [01/Jul/2023:13:23:51 +0200] "GET /pmwiki/pmwiki.php/Main/Patentpools?action=print HTTP/1.1" 200 11118 "-" "netEstate NE Crawler (+http://www.website-datenbank.de/)"
81.209.177.145 - - [01/Jul/2023:13:24:04 +0200] "GET /pmwiki/pmwiki.php/Main/ThankYouPoland HTTP/1.1" 200 13952 "-" "netEstate NE Crawler (+http://www.website-datenbank.de/)"
81.209.177.145 - - [01/Jul/2023:13:24:17 +0200] "GET /pmwiki/pmwiki.php/Main/C%EF%BF%BDlok HTTP/1.1" 302 179 "-" "netEstate NE Crawler (+http://www.website-datenbank.de/)"
81.209.177.145 - - [01/Jul/2023:13:24:30 +0200] "GET /pmwiki/pmwiki.php/Main/Gazdas HTTP/1.1" 404 11891 "-" "netEstate NE Crawler (+http://www.website-datenbank.de/)"
81.209.177.145 - - [01/Jul/2023:13:24:44 +0200] "GET /pmwiki/pmwiki.php/Main/Marc08essay?action=print HTTP/1.1" 200 9200 "-" "netEstate NE Crawler (+http://www.website-datenbank.de/)"
81.209.177.145 - - [01/Jul/2023:13:24:57 +0200] "GET /pmwiki/pmwiki.php/Main/2004Augusztus18 HTTP/1.1" 200 13214 "-" "netEstate NE Crawler (+http://www.website-datenbank.de/)"
81.209.177.145 - - [01/Jul/2023:13:25:10 +0200] "GET /pmwiki/pmwiki.php/Main/Google?action=edit HTTP/1.1" 200 12366 "-" "netEstate NE Crawler (+http://www.website-datenbank.de/)"
81.209.177.145 - - [01/Jul/2023:13:25:22 +0200] "GET /pmwiki/pmwiki.php/Main/ThankYouPoland?action=print HTTP/1.1" 200 4332 "-" "netEstate NE Crawler (+http://www.website-datenbank.de/)"
81.209.177.145 - - [01/Jul/2023:13:25:31 +0200] "GET /pmwiki/pmwiki.php/Main/Cutts?action=upload&upname=wiki.png HTTP/1.1" 200 12248 "-" "netEstate NE Crawler (+http://www.website-datenbank.de/)"
81.209.177.145 - - [01/Jul/2023:13:25:43 +0200] "GET /pmwiki/pmwiki.php/Main/AzIPRJavaslat HTTP/1.1" 200 14797 "-" "netEstate NE Crawler (+http://www.website-datenbank.de/)"
81.209.177.145 - - [01/Jul/2023:13:25:56 +0200] "GET /pmwiki/pmwiki.php/Main/ThankYouPoland?action=upload&upname=wiki.png HTTP/1.1" 200 12391 "-" "netEstate NE Crawler (+http://www.website-datenbank.de/)"
81.209.177.145 - - [01/Jul/2023:13:26:08 +0200] "GET /pmwiki/pmwiki.php/Main/JogiOldal?action=upload HTTP/1.1" 200 12298 "-" "netEstate NE Crawler (+http://www.website-datenbank.de/)"
81.209.177.145 - - [01/Jul/2023:13:26:22 +0200] "GET /pmwiki/pmwiki.php/Main/2004Augusztus5 HTTP/1.1" 200 15089 "-" "netEstate NE Crawler (+http://www.website-datenbank.de/)"
212.237.23.143 - - [01/Jul/2023:13:26:31 +0200] "HEAD /pmwiki/pmwiki.php HTTP/1.1" 200 0 "-" "Alert_Alligator_webmonitoring_service_1.6.4_(alertalligator.com)"
81.209.177.145 - - [01/Jul/2023:13:26:37 +0200] "GET /pmwiki/pmwiki.php/PmWiki/Installation HTTP/1.1" 200 17595 "-" "netEstate NE Crawler (+http://www.website-datenbank.de/)"
81.209.177.145 - - [01/Jul/2023:13:26:46 +0200] "GET /pmwiki/pmwiki.php/PmWiki/ChangesFromPmWiki1 HTTP/1.1" 200 19777 "-" "netEstate NE Crawler (+http://www.website-datenbank.de/)"
81.209.177.145 - - [01/Jul/2023:13:26:56 +0200] "GET /pmwiki/pmwiki.php/Main/CikkekDRM HTTP/1.1" 200 18047 "-" "netEstate NE Crawler (+http://www.website-datenbank.de/)"
81.209.177.145 - - [01/Jul/2023:13:27:10 +0200] "GET /pmwiki/pmwiki.php/Main/2003M%EF%BF%BDjusiNyilatkozathozKapcsol%EF%BF%BDd%EF%BF%BDCikk HTTP/1.1" 302 183 "-" "netEstate NE Crawler (+http://www.website-datenbank.de/)"
81.209.177.145 - - [01/Jul/2023:13:27:21 +0200] "GET /pmwiki/pmwiki.php/Main/2004-esNyilatkozat?action=print HTTP/1.1" 200 6026 "-" "netEstate NE Crawler (+http://www.website-datenbank.de/)"
81.209.177.145 - - [01/Jul/2023:13:27:35 +0200] "GET /pmwiki/pmwiki.php/Main/DRMMunkacsoport?action=upload&upname=wiki.png HTTP/1.1" 200 12406 "-" "netEstate NE Crawler (+http://www.website-datenbank.de/)"
81.209.177.145 - - [01/Jul/2023:13:27:54 +0200] "GET /pmwiki/pmwiki.php/Main/Nyilatkozatok?action=upload HTTP/1.1" 200 12358 "-" "netEstate NE Crawler (+http://www.website-datenbank.de/)"
81.209.177.145 - - [01/Jul/2023:13:28:10 +0200] "GET /pmwiki/pmwiki.php/Main/Ipr?action=upload&upname=wiki.png HTTP/1.1" 200 12218 "-" "netEstate NE Crawler (+http://www.website-datenbank.de/)"
81.209.177.145 - - [01/Jul/2023:13:28:20 +0200] "GET /pmwiki/pmwiki.php/Main/2005J HTTP/1.1" 404 11875 "-" "netEstate NE Crawler (+http://www.website-datenbank.de/)"
81.209.177.145 - - [01/Jul/2023:13:28:30 +0200] "GET /pmwiki/pmwiki.php/Main/MiADRM? HTTP/1.1" 200 12869 "-" "netEstate NE Crawler (+http://www.website-datenbank.de/)"
81.209.177.145 - - [01/Jul/2023:13:28:39 +0200] "GET /pmwiki/pmwiki.php/Main/FAQ?action=print HTTP/1.1" 200 8156 "-" "netEstate NE Crawler (+http://www.website-datenbank.de/)"
81.209.177.145 - - [01/Jul/2023:13:28:53 +0200] "GET /pmwiki/pmwiki.php/Main/2004Augusztus5?action=upload&upname=wiki.png HTTP/1.1" 200 12390 "-" "netEstate NE Crawler (+http://www.website-datenbank.de/)"
81.209.177.145 - - [01/Jul/2023:13:29:01 +0200] "GET /pmwiki/pmwiki.php/Main/MiADRM?action=upload HTTP/1.1" 200 12246 "-" "netEstate NE Crawler (+http://www.website-datenbank.de/)"
81.209.177.145 - - [01/Jul/2023:13:29:17 +0200] "GET /pmwiki/pmwiki.php/PmWiki/FAQ HTTP/1.1" 200 23861 "-" "netEstate NE Crawler (+http://www.website-datenbank.de/)"
81.209.177.145 - - [01/Jul/2023:13:29:30 +0200] "GET /pmwiki/pmwiki.php/PmWiki/PmWiki HTTP/1.1" 200 116458 "-" "netEstate NE Crawler (+http://www.website-datenbank.de/)"
81.209.177.145 - - [01/Jul/2023:13:29:52 +0200] "GET /pmwiki/pmwiki.php/Main/RocardEp2 HTTP/1.1" 200 28076 "-" "netEstate NE Crawler (+http://www.website-datenbank.de/)"
81.209.177.145 - - [01/Jul/2023:13:30:10 +0200] "GET /pmwiki/pmwiki.php/Main/2004Augusztus5?action=edit HTTP/1.1" 200 12494 "-" "netEstate NE Crawler (+http://www.website-datenbank.de/)"
95.108.213.227 - - [01/Jul/2023:13:30:16 +0200] "GET /robots.txt HTTP/1.1" 404 1181 "-" "Mozilla/5.0 (compatible; YandexBot/3.0; +http://yandex.com/bots)"
5.255.231.182 - - [01/Jul/2023:13:30:17 +0200] "GET /pmwiki/pmwiki.php/Main/FAQ?action=upload&upname=wiki.png HTTP/1.1" 200 12214 "-" "Mozilla/5.0 (compatible; YandexBot/3.0; +http://yandex.com/bots)"
81.209.177.145 - - [01/Jul/2023:13:30:23 +0200] "GET /robots.txt HTTP/1.1" 404 1181 "-" "netEstate NE Crawler (+http://www.website-datenbank.de/)"
81.209.177.145 - - [01/Jul/2023:13:30:24 +0200] "GET /pmwiki/pmwiki.php/Main/2004Szeptember1 HTTP/1.1" 200 14123 "-" "netEstate NE Crawler (+http://www.website-datenbank.de/)"
81.209.177.145 - - [01/Jul/2023:13:30:36 +0200] "GET /pmwiki/pmwiki.php/Main/2005Szeptember2?action=upload HTTP/1.1" 200 12390 "-" "netEstate NE Crawler (+http://www.website-datenbank.de/)"
81.209.177.145 - - [01/Jul/2023:13:30:47 +0200] "GET /pmwiki/pmwiki.php/Main/AzIPRJavaslat?action=print HTTP/1.1" 200 5182 "-" "netEstate NE Crawler (+http://www.website-datenbank.de/)"
81.209.177.145 - - [01/Jul/2023:13:31:00 +0200] "GET /pmwiki/pmwiki.php/Main/Minimum HTTP/1.1" 200 15284 "-" "netEstate NE Crawler (+http://www.website-datenbank.de/)"
81.209.177.145 - - [01/Jul/2023:13:31:14 +0200] "GET /pmwiki/pmwiki.php/Main/RocardEp2?action=print HTTP/1.1" 200 18508 "-" "netEstate NE Crawler (+http://www.website-datenbank.de/)"
81.209.177.145 - - [01/Jul/2023:13:31:27 +0200] "GET /pmwiki/pmwiki.php/Main/HarcT%EF%BF%BDzITSzabadalomEllen HTTP/1.1" 302 183 "-" "netEstate NE Crawler (+http://www.website-datenbank.de/)"
81.209.177.145 - - [01/Jul/2023:13:31:40 +0200] "GET /pmwiki/pmwiki.php/PmWiki/TipsForEditing HTTP/1.1" 200 15017 "-" "netEstate NE Crawler (+http://www.website-datenbank.de/)"
81.209.177.145 - - [01/Jul/2023:13:31:54 +0200] "GET /pmwiki/pmwiki.php/Main/CikkekDRM?action=diff HTTP/1.1" 200 21048 "-" "netEstate NE Crawler (+http://www.website-datenbank.de/)"
81.209.177.145 - - [01/Jul/2023:13:32:06 +0200] "GET /pmwiki/pmwiki.php/PmWiki/PmWiki?action=print HTTP/1.1" 200 106902 "-" "netEstate NE Crawler (+http://www.website-datenbank.de/)"
81.209.177.145 - - [01/Jul/2023:13:32:21 +0200] "GET /pmwiki/pmwiki.php/Main/2004Augusztus5?action=upload HTTP/1.1" 200 12374 "-" "netEstate NE Crawler (+http://www.website-datenbank.de/)"
81.209.177.145 - - [01/Jul/2023:13:32:34 +0200] "GET /pmwiki/pmwiki.php/Main/2005Szeptember2?action=diff HTTP/1.1" 200 15260 "-" "netEstate NE Crawler (+http://www.website-datenbank.de/)"
81.209.177.145 - - [01/Jul/2023:13:32:48 +0200] "GET /pmwiki/pmwiki.php/Main/2003M HTTP/1.1" 404 11875 "-" "netEstate NE Crawler (+http://www.website-datenbank.de/)"
81.209.177.145 - - [01/Jul/2023:13:33:02 +0200] "GET /pmwiki/pmwiki.php/Main/Marc08essay?action=edit HTTP/1.1" 200 12446 "-" "netEstate NE Crawler (+http://www.website-datenbank.de/)"
81.209.177.145 - - [01/Jul/2023:13:33:14 +0200] "GET /pmwiki/pmwiki.php/Emeltdijas/Hu HTTP/1.1" 200 13003 "-" "netEstate NE Crawler (+http://www.website-datenbank.de/)"
81.209.177.145 - - [01/Jul/2023:13:33:24 +0200] "GET /pmwiki/pmwiki.php/Main/Patentpools?action=diff HTTP/1.1" 200 23675 "-" "netEstate NE Crawler (+http://www.website-datenbank.de/)"
81.209.177.145 - - [01/Jul/2023:13:33:35 +0200] "GET /pmwiki/pmwiki.php/Main/Marc08essay?action=diff HTTP/1.1" 200 76748 "-" "netEstate NE Crawler (+http://www.website-datenbank.de/)"
81.209.177.145 - - [01/Jul/2023:13:33:49 +0200] "GET /pmwiki/pmwiki.php/Main/ThankYouPoland?action=edit HTTP/1.1" 200 12495 "-" "netEstate NE Crawler (+http://www.website-datenbank.de/)"
81.209.177.145 - - [01/Jul/2023:13:34:01 +0200] "GET /pmwiki/pmwiki.php/Main/2004Augusztus18?action=print HTTP/1.1" 200 3574 "-" "netEstate NE Crawler (+http://www.website-datenbank.de/)"
81.209.177.145 - - [01/Jul/2023:13:34:15 +0200] "GET /pmwiki/pmwiki.php/Main/Damokl HTTP/1.1" 404 11891 "-" "netEstate NE Crawler (+http://www.website-datenbank.de/)"
81.209.177.145 - - [01/Jul/2023:13:34:29 +0200] "GET /pmwiki/pmwiki.php/Main/2003M%EF%BF%BDjusiNyilatkozat HTTP/1.1" 302 183 "-" "netEstate NE Crawler (+http://www.website-datenbank.de/)"
81.209.177.145 - - [01/Jul/2023:13:34:40 +0200] "GET /pmwiki/pmwiki.php/Main/HomePage?action=upload HTTP/1.1" 200 12281 "-" "netEstate NE Crawler (+http://www.website-datenbank.de/)"
81.209.177.145 - - [01/Jul/2023:13:34:49 +0200] "GET /pmwiki/pmwiki.php/Main/DRM HTTP/1.1" 200 14856 "-" "netEstate NE Crawler (+http://www.website-datenbank.de/)"
81.209.177.145 - - [01/Jul/2023:13:34:59 +0200] "GET /pmwiki/pmwiki.php/Main/2004Szeptember1?action=print HTTP/1.1" 200 4483 "-" "netEstate NE Crawler (+http://www.website-datenbank.de/)"
81.209.177.145 - - [01/Jul/2023:13:35:13 +0200] "GET /pmwiki/pmwiki.php/Main/Power?action=upload HTTP/1.1" 200 12234 "-" "netEstate NE Crawler (+http://www.website-datenbank.de/)"
81.209.177.145 - - [01/Jul/2023:13:35:25 +0200] "GET /pmwiki/pmwiki.php/PmWiki/DocumentationIndex HTTP/1.1" 200 18850 "-" "netEstate NE Crawler (+http://www.website-datenbank.de/)"
81.209.177.145 - - [01/Jul/2023:13:35:37 +0200] "GET /pmwiki/pmwiki.php/Main/2004Szeptember1?action=diff HTTP/1.1" 200 15558 "-" "netEstate NE Crawler (+http://www.website-datenbank.de/)"
81.209.177.145 - - [01/Jul/2023:13:35:50 +0200] "GET /pmwiki/pmwiki.php/Main/Ipr?action=edit HTTP/1.1" 200 12322 "-" "netEstate NE Crawler (+http://www.website-datenbank.de/)"
81.209.177.145 - - [01/Jul/2023:13:36:03 +0200] "GET /pmwiki/pmwiki.php/Main/2005Szeptember2?action=edit HTTP/1.1" 200 12510 "-" "netEstate NE Crawler (+http://www.website-datenbank.de/)"
81.209.177.145 - - [01/Jul/2023:13:36:12 +0200] "GET /pmwiki/pmwiki.php/Main/TRIPSLie HTTP/1.1" 200 12874 "-" "netEstate NE Crawler (+http://www.website-datenbank.de/)"
81.209.177.145 - - [01/Jul/2023:13:36:25 +0200] "GET /pmwiki/pmwiki.php/Main/V HTTP/1.1" 404 11811 "-" "netEstate NE Crawler (+http://www.website-datenbank.de/)"
81.209.177.145 - - [01/Jul/2023:13:36:38 +0200] "GET /pmwiki/pmwiki.php/Main/Tud%EF%BF%BDsmonop%EF%BF%BDlium HTTP/1.1" 302 181 "-" "netEstate NE Crawler (+http://www.website-datenbank.de/)"
81.209.177.145 - - [01/Jul/2023:13:36:48 +0200] "GET /pmwiki/pmwiki.php/Main/CikkekDRM?action=upload HTTP/1.1" 200 12298 "-" "netEstate NE Crawler (+http://www.website-datenbank.de/)"
81.209.177.145 - - [01/Jul/2023:13:36:58 +0200] "GET /pmwiki/pmwiki.php/Main/2004Szeptember1?action=upload HTTP/1.1" 200 12390 "-" "netEstate NE Crawler (+http://www.website-datenbank.de/)"
54.36.149.16 - - [01/Jul/2023:13:37:08 +0200] "GET /pmwiki/pmwiki.php/Main/AJelenlegiSzerzoiJogiTorveny?action=edit HTTP/1.1" 200 12718 "-" "Mozilla/5.0 (compatible; AhrefsBot/7.0; +http://ahrefs.com/robot/)"
81.209.177.145 - - [01/Jul/2023:13:37:11 +0200] "GET /pmwiki/pmwiki.php/Main/AzIPRJavaslat?action=upload&upname=wiki.png HTTP/1.1" 200 12374 "-" "netEstate NE Crawler (+http://www.website-datenbank.de/)"
81.209.177.145 - - [01/Jul/2023:13:37:20 +0200] "GET /pmwiki/pmwiki.php/Main/Direkt%EF%BF%BDva HTTP/1.1" 302 184 "-" "netEstate NE Crawler (+http://www.website-datenbank.de/)"
81.209.177.145 - - [01/Jul/2023:13:37:30 +0200] "GET /pmwiki/pmwiki.php/Main/Minimum?action=print HTTP/1.1" 200 5740 "-" "netEstate NE Crawler (+http://www.website-datenbank.de/)"
81.209.177.145 - - [01/Jul/2023:13:37:43 +0200] "GET /pmwiki/pmwiki.php/Main/BMEKonferencia?action=upload HTTP/1.1" 200 12374 "-" "netEstate NE Crawler (+http://www.website-datenbank.de/)"
81.209.177.145 - - [01/Jul/2023:13:37:57 +0200] "GET /pmwiki/pmwiki.php/Main/DRM?action=edit HTTP/1.1" 200 12318 "-" "netEstate NE Crawler (+http://www.website-datenbank.de/)"
81.209.177.145 - - [01/Jul/2023:13:38:06 +0200] "GET /pmwiki/pmwiki.php/PmWiki/PmWiki?action=edit HTTP/1.1" 200 12400 "-" "netEstate NE Crawler (+http://www.website-datenbank.de/)"
81.209.177.145 - - [01/Jul/2023:13:38:15 +0200] "GET /pmwiki/pmwiki.php/Main/DRMMunkacsoport?action=upload HTTP/1.1" 200 12390 "-" "netEstate NE Crawler (+http://www.website-datenbank.de/)"
81.209.177.145 - - [01/Jul/2023:13:38:27 +0200] "GET /pmwiki/pmwiki.php/Main/K%EF%BF%BDzlem%EF%BF%BDnye HTTP/1.1" 302 179 "-" "netEstate NE Crawler (+http://www.website-datenbank.de/)"
81.209.177.145 - - [01/Jul/2023:13:38:41 +0200] "GET /pmwiki/pmwiki.php/Main/MitTehetek?action=print HTTP/1.1" 200 4202 "-" "netEstate NE Crawler (+http://www.website-datenbank.de/)"
81.209.177.145 - - [01/Jul/2023:13:38:55 +0200] "GET /pmwiki/pmwiki.php/Main/DRMMunkacsoport?action=edit HTTP/1.1" 200 12510 "-" "netEstate NE Crawler (+http://www.website-datenbank.de/)"
81.209.177.145 - - [01/Jul/2023:13:39:05 +0200] "GET /pmwiki/pmwiki.php/Main/SMELie HTTP/1.1" 200 13592 "-" "netEstate NE Crawler (+http://www.website-datenbank.de/)"
81.209.177.145 - - [01/Jul/2023:13:39:20 +0200] "GET /pmwiki/pmwiki.php/Main/SMELie?action=print HTTP/1.1" 200 4074 "-" "netEstate NE Crawler (+http://www.website-datenbank.de/)"
81.209.177.145 - - [01/Jul/2023:13:39:33 +0200] "GET /pmwiki/pmwiki.php/Emeltdijas/Hu?action=print HTTP/1.1" 200 3447 "-" "netEstate NE Crawler (+http://www.website-datenbank.de/)"
81.209.177.145 - - [01/Jul/2023:13:39:45 +0200] "GET /pmwiki/pmwiki.php/Main/H%EF%BF%BDrek HTTP/1.1" 302 179 "-" "netEstate NE Crawler (+http://www.website-datenbank.de/)"
81.209.177.145 - - [01/Jul/2023:13:39:57 +0200] "GET /pmwiki/pmwiki.php/Main/ThankYouPoland?action=upload HTTP/1.1" 200 12375 "-" "netEstate NE Crawler (+http://www.website-datenbank.de/)"
81.209.177.145 - - [01/Jul/2023:13:40:09 +0200] "GET /pmwiki/pmwiki.php/Main/RocardEp2?action=diff HTTP/1.1" 200 29492 "-" "netEstate NE Crawler (+http://www.website-datenbank.de/)"
81.209.177.145 - - [01/Jul/2023:13:40:19 +0200] "GET /pmwiki/pmwiki.php/Main/DRM?action=print HTTP/1.1" 200 5476 "-" "netEstate NE Crawler (+http://www.website-datenbank.de/)"
81.209.177.145 - - [01/Jul/2023:13:40:32 +0200] "GET /robots.txt HTTP/1.1" 404 1181 "-" "netEstate NE Crawler (+http://www.website-datenbank.de/)"
81.209.177.145 - - [01/Jul/2023:13:40:34 +0200] "GET /pmwiki/pmwiki.php/Main/JogiOldal?action=upload&upname=wiki.png HTTP/1.1" 200 12314 "-" "netEstate NE Crawler (+http://www.website-datenbank.de/)"
81.209.177.145 - - [01/Jul/2023:13:40:46 +0200] "GET /pmwiki/pmwiki.php/Main/MiADRM?action=diff HTTP/1.1" 200 25129 "-" "netEstate NE Crawler (+http://www.website-datenbank.de/)"
81.209.177.145 - - [01/Jul/2023:13:40:57 +0200] "GET /pmwiki/pmwiki.php/Main/Patentpools?action=upload&upname=wiki.png HTTP/1.1" 200 12346 "-" "netEstate NE Crawler (+http://www.website-datenbank.de/)"
81.209.177.145 - - [01/Jul/2023:13:41:06 +0200] "GET /pmwiki/pmwiki.php/Main/Marc08essay?action=upload&upname=wiki.png HTTP/1.1" 200 12342 "-" "netEstate NE Crawler (+http://www.website-datenbank.de/)"
81.209.177.145 - - [01/Jul/2023:13:41:16 +0200] "GET /pmwiki/pmwiki.php/Main/2005M%EF%BF%BDrciusiNy%EF%BF%BDltLev%EF%BF%BDl HTTP/1.1" 302 183 "-" "netEstate NE Crawler (+http://www.website-datenbank.de/)"
81.209.177.145 - - [01/Jul/2023:13:41:29 +0200] "GET /pmwiki/pmwiki.php/Main/Direkt HTTP/1.1" 404 11891 "-" "netEstate NE Crawler (+http://www.website-datenbank.de/)"
81.209.177.145 - - [01/Jul/2023:13:41:37 +0200] "GET /pmwiki/pmwiki.php/Emeltdijas HTTP/1.1" 404 12046 "-" "netEstate NE Crawler (+http://www.website-datenbank.de/)"
81.209.177.145 - - [01/Jul/2023:13:41:46 +0200] "GET /pmwiki/pmwiki.php/Main/Cutts?action=diff HTTP/1.1" 200 32499 "-" "netEstate NE Crawler (+http://www.website-datenbank.de/)"
81.209.177.145 - - [01/Jul/2023:13:41:56 +0200] "GET /pmwiki/pmwiki.php/Main/Power?action=upload&upname=wiki.png HTTP/1.1" 200 12250 "-" "netEstate NE Crawler (+http://www.website-datenbank.de/)"
81.209.177.145 - - [01/Jul/2023:13:42:10 +0200] "GET /pmwiki/pmwiki.php/Main/FAQ?action=edit HTTP/1.1" 200 12318 "-" "netEstate NE Crawler (+http://www.website-datenbank.de/)"
81.209.177.145 - - [01/Jul/2023:13:42:19 +0200] "GET /pmwiki/pmwiki.php/PmWiki/PmWiki?action=upload HTTP/1.1" 200 12280 "-" "netEstate NE Crawler (+http://www.website-datenbank.de/)"
81.209.177.145 - - [01/Jul/2023:13:42:28 +0200] "GET /pmwiki/pmwiki.php/Main/SMELie?action=upload HTTP/1.1" 200 12247 "-" "netEstate NE Crawler (+http://www.website-datenbank.de/)"
81.209.177.145 - - [01/Jul/2023:13:42:37 +0200] "GET /pmwiki/pmwiki.php/Main/DRM?action=upload HTTP/1.1" 200 12198 "-" "netEstate NE Crawler (+http://www.website-datenbank.de/)"
81.209.177.145 - - [01/Jul/2023:13:42:46 +0200] "GET /pmwiki/pmwiki.php/Main/Cache HTTP/1.1" 200 16452 "-" "netEstate NE Crawler (+http://www.website-datenbank.de/)"
81.209.177.145 - - [01/Jul/2023:13:42:59 +0200] "GET /pmwiki/pmwiki.php/Main/HarcT HTTP/1.1" 404 11875 "-" "netEstate NE Crawler (+http://www.website-datenbank.de/)"
81.209.177.145 - - [01/Jul/2023:13:43:09 +0200] "GET /pmwiki/pmwiki.php/Main/K HTTP/1.1" 404 11811 "-" "netEstate NE Crawler (+http://www.website-datenbank.de/)"
81.209.177.145 - - [01/Jul/2023:13:43:19 +0200] "GET /pmwiki/pmwiki.php/Main/Minimum?action=upload&upname=wiki.png HTTP/1.1" 200 12278 "-" "netEstate NE Crawler (+http://www.website-datenbank.de/)"
81.209.177.145 - - [01/Jul/2023:13:43:29 +0200] "GET /pmwiki/pmwiki.php/PmWiki/PmWiki?action=upload&upname=wiki.png HTTP/1.1" 200 12296 "-" "netEstate NE Crawler (+http://www.website-datenbank.de/)"
81.209.177.145 - - [01/Jul/2023:13:43:39 +0200] "GET /pmwiki/pmwiki.php/Main/C HTTP/1.1" 404 11811 "-" "netEstate NE Crawler (+http://www.website-datenbank.de/)"
81.209.177.145 - - [01/Jul/2023:13:43:53 +0200] "GET /pmwiki/pmwiki.php/Main/ADRMH%EF%BF%BDtr%EF%BF%BDnyai HTTP/1.1" 302 183 "-" "netEstate NE Crawler (+http://www.website-datenbank.de/)"
81.209.177.145 - - [01/Jul/2023:13:44:09 +0200] "GET /pmwiki/pmwiki.php/Main/DRMMunkacsoport?action=diff HTTP/1.1" 200 14573 "-" "netEstate NE Crawler (+http://www.website-datenbank.de/)"
81.209.177.145 - - [01/Jul/2023:13:44:36 +0200] "GET /pmwiki/pmwiki.php/Main/SideBar?action=edit HTTP/1.1" 200 12384 "-" "netEstate NE Crawler (+http://www.website-datenbank.de/)"
81.209.177.145 - - [01/Jul/2023:13:44:49 +0200] "GET /pmwiki/pmwiki.php/Main/Cutts?action=print HTTP/1.1" 200 22050 "-" "netEstate NE Crawler (+http://www.website-datenbank.de/)"
81.209.177.145 - - [01/Jul/2023:13:45:03 +0200] "GET /pmwiki/pmwiki.php HTTP/1.1" 200 37269 "-" "netEstate NE Crawler (+http://www.website-datenbank.de/)"
81.209.177.145 - - [01/Jul/2023:13:45:13 +0200] "GET /pmwiki/pmwiki.php/Main/Cutts?action=edit HTTP/1.1" 200 12352 "-" "netEstate NE Crawler (+http://www.website-datenbank.de/)"
81.209.177.145 - - [01/Jul/2023:13:45:24 +0200] "GET /pmwiki/pmwiki.php/Main/Marc08essay?action=upload HTTP/1.1" 200 12326 "-" "netEstate NE Crawler (+http://www.website-datenbank.de/)"
81.209.177.145 - - [01/Jul/2023:13:45:34 +0200] "GET /pmwiki/pmwiki.php/Main/2004-esNyilatkozat?action=diff HTTP/1.1" 200 17019 "-" "netEstate NE Crawler (+http://www.website-datenbank.de/)"
81.209.177.145 - - [01/Jul/2023:13:45:44 +0200] "GET /pmwiki/pmwiki.php/Main/Befektet%EF%BF%BDsv%EF%BF%BDdelem HTTP/1.1" 302 186 "-" "netEstate NE Crawler (+http://www.website-datenbank.de/)"
81.209.177.145 - - [01/Jul/2023:13:45:52 +0200] "GET /pmwiki/pmwiki.php/Main/DRM?action=upload&upname=wiki.png HTTP/1.1" 200 12214 "-" "netEstate NE Crawler (+http://www.website-datenbank.de/)"
81.209.177.145 - - [01/Jul/2023:13:46:04 +0200] "GET /pmwiki/pmwiki.php/Main/SMELie?action=upload&upname=wiki.png HTTP/1.1" 200 12263 "-" "netEstate NE Crawler (+http://www.website-datenbank.de/)"
81.209.177.145 - - [01/Jul/2023:13:46:17 +0200] "GET /pmwiki/pmwiki.php/Main/Cikkek HTTP/1.1" 200 66799 "-" "netEstate NE Crawler (+http://www.website-datenbank.de/)"
81.209.177.145 - - [01/Jul/2023:13:46:30 +0200] "GET /pmwiki/pmwiki.php/Main/Ipr?action=print HTTP/1.1" 200 3775 "-" "netEstate NE Crawler (+http://www.website-datenbank.de/)"
216.244.66.203 - - [01/Jul/2023:13:46:31 +0200] "GET /pmwiki/pmwiki.php/PmWiki/ReleaseNotes?action=diff&source=n&minor=n HTTP/1.1" 200 12910 "-" "Mozilla/5.0 (compatible; DotBot/1.2; +https://opensiteexplorer.org/dotbot; help@moz.com)"
81.209.177.145 - - [01/Jul/2023:13:46:38 +0200] "GET /pmwiki/pmwiki.php/Main/2004Augusztus5?action=diff HTTP/1.1" 200 16408 "-" "netEstate NE Crawler (+http://www.website-datenbank.de/)"
81.209.177.145 - - [01/Jul/2023:13:46:50 +0200] "GET /pmwiki/pmwiki.php/Main/Linkek?action=edit HTTP/1.1" 200 12370 "-" "netEstate NE Crawler (+http://www.website-datenbank.de/)"
81.209.177.145 - - [01/Jul/2023:13:47:02 +0200] "GET /pmwiki/pmwiki.php/Main/2004Szeptember1?action=edit HTTP/1.1" 200 12510 "-" "netEstate NE Crawler (+http://www.website-datenbank.de/)"
81.209.177.145 - - [01/Jul/2023:13:47:14 +0200] "GET /pmwiki/pmwiki.php/Main/ThankYouPoland?action=diff HTTP/1.1" 200 15641 "-" "netEstate NE Crawler (+http://www.website-datenbank.de/)"
81.209.177.145 - - [01/Jul/2023:13:47:38 +0200] "GET /pmwiki/pmwiki.php/Main/Telefonon HTTP/1.1" 200 16251 "-" "netEstate NE Crawler (+http://www.website-datenbank.de/)"
81.209.177.145 - - [01/Jul/2023:13:47:49 +0200] "GET /pmwiki/pmwiki.php/Main/Cikkek?action=print HTTP/1.1" 200 57345 "-" "netEstate NE Crawler (+http://www.website-datenbank.de/)"
81.209.177.145 - - [01/Jul/2023:13:47:59 +0200] "GET /pmwiki/pmwiki.php/Main/JogiOldal?action=edit HTTP/1.1" 200 12418 "-" "netEstate NE Crawler (+http://www.website-datenbank.de/)"
81.209.177.145 - - [01/Jul/2023:13:48:13 +0200] "GET /pmwiki/pmwiki.php/Main/MiADRM?action=upload&upname=wiki.png HTTP/1.1" 200 12262 "-" "netEstate NE Crawler (+http://www.website-datenbank.de/)"
81.209.177.145 - - [01/Jul/2023:13:48:25 +0200] "GET /pmwiki/pmwiki.php/Main/Cache?action=edit HTTP/1.1" 200 12350 "-" "netEstate NE Crawler (+http://www.website-datenbank.de/)"
81.209.177.145 - - [01/Jul/2023:13:48:37 +0200] "GET /pmwiki/pmwiki.php/Main/CikkekPrivacy HTTP/1.1" 200 12503 "-" "netEstate NE Crawler (+http://www.website-datenbank.de/)"
81.209.177.145 - - [01/Jul/2023:13:48:50 +0200] "GET /pmwiki/pmwiki.php/Main/MitTehetek HTTP/1.1" 200 13755 "-" "netEstate NE Crawler (+http://www.website-datenbank.de/)"
216.244.66.203 - - [01/Jul/2023:13:48:54 +0200] "GET /pmwiki/pmwiki.php/Main/AzEUBizotts%E1gaL%E1bbalTiporjaADemokr%E1ci%E1t?action=edit&restore=diff:1120087225:1120087088:&preview=y HTTP/1.1" 200 13052 "-" "Mozilla/5.0 (compatible; DotBot/1.2; +https://opensiteexplorer.org/dotbot; help@moz.com)"
81.209.177.145 - - [01/Jul/2023:13:49:07 +0200] "GET /pmwiki/pmwiki.php/Main/AzIPRJavaslat?action=upload HTTP/1.1" 200 12358 "-" "netEstate NE Crawler (+http://www.website-datenbank.de/)"
81.209.177.145 - - [01/Jul/2023:13:49:17 +0200] "GET /pmwiki/pmwiki.php/Main/Lev HTTP/1.1" 404 11843 "-" "netEstate NE Crawler (+http://www.website-datenbank.de/)"
81.209.177.145 - - [01/Jul/2023:13:49:27 +0200] "GET /pmwiki/pmwiki.php/Main/Cache?action=upload&upname=wiki.png HTTP/1.1" 200 12246 "-" "netEstate NE Crawler (+http://www.website-datenbank.de/)"
81.209.177.145 - - [01/Jul/2023:13:49:40 +0200] "GET /pmwiki/pmwiki.php/Main/2005M%EF%BF%BDrcius8 HTTP/1.1" 302 183 "-" "netEstate NE Crawler (+http://www.website-datenbank.de/)"
