185.184.155.85 - - [03/Jul/2023:09:34:17 +0200] "GET /pmwiki/pmwiki.php HTTP/1.1" 200 37269 "-" "Mozilla/5.0 (Windows; U; Windows NT 5.1; en-US; rv:1.9.2) Gecko/20100115 Firefox/3.6"
185.184.155.85 - - [03/Jul/2023:09:34:18 +0200] "GET / HTTP/1.1" 302 5 "-" "Mozilla/5.0 (Windows; U; Windows NT 5.1; en-US; rv:1.9.2) Gecko/20100115 Firefox/3.6"
185.184.155.85 - - [03/Jul/2023:09:34:19 +0200] "GET /pmwiki/pmwiki.php HTTP/1.1" 200 37269 "-" "Mozilla/5.0 (Windows; U; Windows NT 5.1; en-US; rv:1.9.2) Gecko/20100115 Firefox/3.6"
212.237.51.151 - - [03/Jul/2023:09:44:09 +0200] "HEAD /pmwiki/pmwiki.php HTTP/1.1" 200 0 "-" "Alert_Alligator_webmonitoring_service_1.6.4_(alertalligator.com)"
110.249.202.93 - - [03/Jul/2023:10:06:50 +0200] "GET /robots.txt HTTP/1.1" 404 1181 "-" "Mozilla/5.0 (Linux; Android 5.0) AppleWebKit/537.36 (KHTML, like Gecko) Mobile Safari/537.36 (compatible; Bytespider; https://zhanzhang.toutiao.com/)"
216.244.66.203 - - [03/Jul/2023:10:23:40 +0200] "GET /robots.txt HTTP/1.1" 404 1181 "-" "Mozilla/5.0 (compatible; DotBot/1.2; +https://opensiteexplorer.org/dotbot; help@moz.com)"
216.244.66.203 - - [03/Jul/2023:10:34:35 +0200] "GET /pmwiki/pmwiki.php/Main/MitTehetek?action=edit&restore=diff:1118731058:1118731012:&preview=y HTTP/1.1" 200 12476 "-" "Mozilla/5.0 (compatible; DotBot/1.2; +https://opensiteexplorer.org/dotbot; help@moz.com)"
49.12.13.109 - - [03/Jul/2023:10:43:13 +0200] "HEAD /pmwiki/pmwiki.php HTTP/1.1" 200 0 "-" "Alert_Alligator_webmonitoring_service_1.6.3_(alertalligator.com)"
49.12.13.109 - - [03/Jul/2023:11:12:27 +0200] "HEAD /pmwiki/pmwiki.php HTTP/1.1" 200 0 "-" "Alert_Alligator_webmonitoring_service_1.6.4_(alertalligator.com)"
77.75.77.72 - - [03/Jul/2023:11:15:47 +0200] "GET /pmwiki/pmwiki.php/PmWiki/PmWikiPhilosophy HTTP/1.1" 200 16736 "-" "Mozilla/5.0 (compatible; SeznamBot/4.0; +http://napoveda.seznam.cz/seznambot-intro/)"
77.75.77.72 - - [03/Jul/2023:11:15:47 +0200] "GET /robots.txt HTTP/1.1" 404 1181 "-" "Mozilla/5.0 (compatible; SeznamBot/4.0; +http://napoveda.seznam.cz/seznambot-intro/)"
194.169.175.167 - - [03/Jul/2023:11:26:25 +0200] "GET /alfa-rex.php7 HTTP/1.1" 404 1181 "www.google.com" "Mozlila/5.0 (Linux; Android 7.0; SM-G892A Bulid/NRD90M; wv) AppleWebKit/537.36 (KHTML, like Gecko) Version/4.0 Chrome/60.0.3112.107 Moblie Safari/537.36"
194.169.175.167 - - [03/Jul/2023:11:26:46 +0200] "GET /wp-content/plugins/Cache/Cache.php HTTP/1.1" 404 1181 "www.google.com" "Mozlila/5.0 (Linux; Android 7.0; SM-G892A Bulid/NRD90M; wv) AppleWebKit/537.36 (KHTML, like Gecko) Version/4.0 Chrome/60.0.3112.107 Moblie Safari/537.36"
54.36.148.18 - - [03/Jul/2023:11:40:08 +0200] "GET /robots.txt HTTP/1.1" 404 1181 "-" "Mozilla/5.0 (compatible; AhrefsBot/7.0; +http://ahrefs.com/robot/)"
54.36.149.44 - - [03/Jul/2023:11:40:09 +0200] "GET /pmwiki/pmwiki.php/Main/AzIPRJavaslat?action=print HTTP/1.1" 200 5182 "-" "Mozilla/5.0 (compatible; AhrefsBot/7.0; +http://ahrefs.com/robot/)"
212.237.23.143 - - [03/Jul/2023:12:06:52 +0200] "HEAD /pmwiki/pmwiki.php HTTP/1.1" 200 0 "-" "Alert_Alligator_webmonitoring_service_1.6.4_(alertalligator.com)"
216.244.66.203 - - [03/Jul/2023:12:11:09 +0200] "GET /robots.txt HTTP/1.1" 404 1181 "-" "Mozilla/5.0 (compatible; DotBot/1.2; +https://opensiteexplorer.org/dotbot; help@moz.com)"
216.244.66.203 - - [03/Jul/2023:12:30:54 +0200] "GET /pmwiki/pmwiki.php/Main/SearchWiki?action=edit&restore=diff:1114586742:1114406846:&preview=y HTTP/1.1" 200 12476 "-" "Mozilla/5.0 (compatible; DotBot/1.2; +https://opensiteexplorer.org/dotbot; help@moz.com)"
54.36.149.38 - - [03/Jul/2023:12:31:53 +0200] "GET /pmwiki/pmwiki.php/Main/Feb08PR HTTP/1.1" 200 17785 "-" "Mozilla/5.0 (compatible; AhrefsBot/7.0; +http://ahrefs.com/robot/)"
216.244.66.203 - - [03/Jul/2023:13:04:05 +0200] "GET /robots.txt HTTP/1.1" 404 1181 "-" "Mozilla/5.0 (compatible; DotBot/1.2; +https://opensiteexplorer.org/dotbot; help@moz.com)"
49.12.13.109 - - [03/Jul/2023:13:05:53 +0200] "HEAD /pmwiki/pmwiki.php HTTP/1.1" 200 0 "-" "Alert_Alligator_webmonitoring_service_1.6.3_(alertalligator.com)"
216.244.66.203 - - [03/Jul/2023:13:24:35 +0200] "GET /pmwiki/pmwiki.php/Main/C%E9lok?action=edit&restore=diff:1116012764:1116012609:&preview=y HTTP/1.1" 200 12424 "-" "Mozilla/5.0 (compatible; DotBot/1.2; +https://opensiteexplorer.org/dotbot; help@moz.com)"
54.36.148.38 - - [03/Jul/2023:14:00:24 +0200] "GET /pmwiki/pmwiki.php/Main/GatesMegzsaroltaD%E1ni%E1t HTTP/1.1" 200 12993 "-" "Mozilla/5.0 (compatible; AhrefsBot/7.0; +http://ahrefs.com/robot/)"
212.237.23.143 - - [03/Jul/2023:14:01:09 +0200] "HEAD /pmwiki/pmwiki.php HTTP/1.1" 200 0 "-" "Alert_Alligator_webmonitoring_service_1.6.4_(alertalligator.com)"
111.225.149.101 - - [03/Jul/2023:14:43:32 +0200] "GET /robots.txt HTTP/1.1" 404 1181 "-" "Mozilla/5.0 (Linux; Android 5.0) AppleWebKit/537.36 (KHTML, like Gecko) Mobile Safari/537.36 (compatible; Bytespider; https://zhanzhang.toutiao.com/)"
49.12.13.109 - - [03/Jul/2023:15:00:13 +0200] "HEAD /pmwiki/pmwiki.php HTTP/1.1" 200 0 "-" "Alert_Alligator_webmonitoring_service_1.6.3_(alertalligator.com)"
54.36.148.129 - - [03/Jul/2023:15:26:15 +0200] "GET /pmwiki/pmwiki.php/Main/Telefonon?action=diff HTTP/1.1" 200 26833 "-" "Mozilla/5.0 (compatible; AhrefsBot/7.0; +http://ahrefs.com/robot/)"
216.244.66.203 - - [03/Jul/2023:15:45:22 +0200] "GET /robots.txt HTTP/1.1" 404 1181 "-" "Mozilla/5.0 (compatible; DotBot/1.2; +https://opensiteexplorer.org/dotbot; help@moz.com)"
216.244.66.203 - - [03/Jul/2023:15:57:50 +0200] "GET /pmwiki/pmwiki.php/PmWiki/UploadsAdmin?action=diff&source=n&minor=n HTTP/1.1" 200 12910 "-" "Mozilla/5.0 (compatible; DotBot/1.2; +https://opensiteexplorer.org/dotbot; help@moz.com)"
49.12.13.109 - - [03/Jul/2023:15:59:14 +0200] "HEAD /pmwiki/pmwiki.php HTTP/1.1" 200 0 "-" "Alert_Alligator_webmonitoring_service_1.6.3_(alertalligator.com)"
216.244.66.203 - - [03/Jul/2023:16:03:10 +0200] "GET /pmwiki/pmwiki.php/Main/Minimum?action=edit&restore=diff:1120336117:1120335937:minor&preview=y HTTP/1.1" 200 12433 "-" "Mozilla/5.0 (compatible; DotBot/1.2; +https://opensiteexplorer.org/dotbot; help@moz.com)"
216.244.66.203 - - [03/Jul/2023:16:03:15 +0200] "GET /pmwiki/pmwiki.php/Main/WikiSandbox?action=edit&restore=diff:1117605699:1117395095:minor&preview=y HTTP/1.1" 200 12497 "-" "Mozilla/5.0 (compatible; DotBot/1.2; +https://opensiteexplorer.org/dotbot; help@moz.com)"
216.244.66.203 - - [03/Jul/2023:16:38:49 +0200] "GET /robots.txt HTTP/1.1" 404 1181 "-" "Mozilla/5.0 (compatible; DotBot/1.2; +https://opensiteexplorer.org/dotbot; help@moz.com)"
212.237.53.115 - - [03/Jul/2023:16:41:58 +0200] "HEAD /pmwiki/pmwiki.php HTTP/1.1" 200 0 "-" "Alert_Alligator_webmonitoring_service_1.6.4_(alertalligator.com)"
216.244.66.203 - - [03/Jul/2023:16:50:32 +0200] "GET /pmwiki/pmwiki.php/Main/Direkt%EDva?action=edit&restore=diff:1122891683:1122891683:minor&preview=y HTTP/1.1" 200 12497 "-" "Mozilla/5.0 (compatible; DotBot/1.2; +https://opensiteexplorer.org/dotbot; help@moz.com)"
216.244.66.203 - - [03/Jul/2023:16:50:40 +0200] "GET /pmwiki/pmwiki.php/PmWiki/PmWiki?action=edit&restore=diff:1114406926:1114313764:minor&preview=y HTTP/1.1" 200 12451 "-" "Mozilla/5.0 (compatible; DotBot/1.2; +https://opensiteexplorer.org/dotbot; help@moz.com)"
54.36.148.168 - - [03/Jul/2023:17:04:32 +0200] "GET /pmwiki/pmwiki.php/Main/Rocard HTTP/1.1" 200 17404 "-" "Mozilla/5.0 (compatible; AhrefsBot/7.0; +http://ahrefs.com/robot/)"
212.237.53.115 - - [03/Jul/2023:17:27:40 +0200] "HEAD /pmwiki/pmwiki.php HTTP/1.1" 200 0 "-" "Alert_Alligator_webmonitoring_service_1.6.4_(alertalligator.com)"
216.244.66.203 - - [03/Jul/2023:17:32:22 +0200] "GET /robots.txt HTTP/1.1" 404 1181 "-" "Mozilla/5.0 (compatible; DotBot/1.2; +https://opensiteexplorer.org/dotbot; help@moz.com)"
216.244.66.203 - - [03/Jul/2023:17:45:28 +0200] "GET /pmwiki/pmwiki.php/Main/SideBar?action=edit&restore=diff:1117605693:1117582273:minor&preview=y HTTP/1.1" 200 12435 "-" "Mozilla/5.0 (compatible; DotBot/1.2; +https://opensiteexplorer.org/dotbot; help@moz.com)"
212.237.53.115 - - [03/Jul/2023:18:11:57 +0200] "HEAD /pmwiki/pmwiki.php HTTP/1.1" 200 0 "-" "Alert_Alligator_webmonitoring_service_1.6.4_(alertalligator.com)"
17.241.227.227 - - [03/Jul/2023:18:23:55 +0200] "GET /pmwiki/pmwiki.php/PmWiki/FAQ HTTP/1.1" 200 23861 "-" "Mozilla/5.0 (Macintosh; Intel Mac OS X 10_15_5) AppleWebKit/605.1.15 (KHTML, like Gecko) Version/13.1.1 Safari/605.1.15 (Applebot/0.1; +http://www.apple.com/go/applebot)"
54.78.58.227 - - [03/Jul/2023:18:41:41 +0200] "GET / HTTP/1.0" 302 0 "-" "Mozilla/5.0 (compatible; NetcraftSurveyAgent/1.0; +info@netcraft.com)"
54.78.58.227 - - [03/Jul/2023:18:41:44 +0200] "GET /pmwiki/pmwiki.php HTTP/1.0" 200 37227 "-" "Mozilla/5.0 (compatible; NetcraftSurveyAgent/1.0; +info@netcraft.com)"
212.237.23.143 - - [03/Jul/2023:19:07:13 +0200] "HEAD /pmwiki/pmwiki.php HTTP/1.1" 200 0 "-" "Alert_Alligator_webmonitoring_service_1.6.4_(alertalligator.com)"
216.244.66.203 - - [03/Jul/2023:19:20:34 +0200] "GET /robots.txt HTTP/1.1" 404 1181 "-" "Mozilla/5.0 (compatible; DotBot/1.2; +https://opensiteexplorer.org/dotbot; help@moz.com)"
54.36.148.97 - - [03/Jul/2023:19:25:47 +0200] "GET /pmwiki/pmwiki.php/Main/Feb03PR HTTP/1.1" 200 15390 "-" "Mozilla/5.0 (compatible; AhrefsBot/7.0; +http://ahrefs.com/robot/)"
216.244.66.203 - - [03/Jul/2023:19:43:10 +0200] "GET /pmwiki/pmwiki.php/Main/BMEKonferencia?action=edit&restore=diff:1110548379:1110526433:&preview=y HTTP/1.1" 200 12540 "-" "Mozilla/5.0 (compatible; DotBot/1.2; +https://opensiteexplorer.org/dotbot; help@moz.com)"
216.244.66.203 - - [03/Jul/2023:19:43:16 +0200] "GET /pmwiki/pmwiki.php/Main/NoSoftwarePatents?action=edit&restore=diff:1108755001:1108755001:&preview=y HTTP/1.1" 200 12592 "-" "Mozilla/5.0 (compatible; DotBot/1.2; +https://opensiteexplorer.org/dotbot; help@moz.com)"
49.12.13.109 - - [03/Jul/2023:20:06:17 +0200] "HEAD /pmwiki/pmwiki.php HTTP/1.1" 200 0 "-" "Alert_Alligator_webmonitoring_service_1.6.3_(alertalligator.com)"
49.12.13.109 - - [03/Jul/2023:21:05:23 +0200] "HEAD /pmwiki/pmwiki.php HTTP/1.1" 200 0 "-" "Alert_Alligator_webmonitoring_service_1.6.3_(alertalligator.com)"
54.36.148.105 - - [03/Jul/2023:21:12:55 +0200] "GET /pmwiki/pmwiki.php/Main/LehetsegesJavitasokEuropaban?action=upload HTTP/1.1" 200 12598 "-" "Mozilla/5.0 (compatible; AhrefsBot/7.0; +http://ahrefs.com/robot/)"
49.12.13.109 - - [03/Jul/2023:21:33:56 +0200] "HEAD /pmwiki/pmwiki.php HTTP/1.1" 200 0 "-" "Alert_Alligator_webmonitoring_service_1.6.4_(alertalligator.com)"
111.225.148.62 - - [03/Jul/2023:22:03:36 +0200] "GET /robots.txt HTTP/1.1" 404 1181 "-" "Mozilla/5.0 (Linux; Android 5.0) AppleWebKit/537.36 (KHTML, like Gecko) Mobile Safari/537.36 (compatible; Bytespider; https://zhanzhang.toutiao.com/)"
212.237.23.143 - - [03/Jul/2023:22:30:26 +0200] "HEAD /pmwiki/pmwiki.php HTTP/1.1" 200 0 "-" "Alert_Alligator_webmonitoring_service_1.6.4_(alertalligator.com)"
64.124.8.117 - - [03/Jul/2023:22:45:03 +0200] "GET /robots.txt HTTP/1.1" 404 1181 "-" "Mozilla/5.0 (X11; Linux x86_64) AppleWebKit/537.36 (KHTML, like Gecko) Chrome/61.0.3163.79 Safari/537.36"
64.124.8.117 - - [03/Jul/2023:22:45:04 +0200] "GET /pmwiki/pmwiki.php/Cookbook-V1/UserAuth HTTP/1.1" 404 12042 "-" "Mozilla/5.0 (X11; Linux x86_64) AppleWebKit/537.36 (KHTML, like Gecko) Chrome/61.0.3163.79 Safari/537.36"
54.36.149.15 - - [03/Jul/2023:22:48:23 +0200] "GET /pmwiki/pmwiki.php/Main/MiADRM?action=upload HTTP/1.1" 200 12246 "-" "Mozilla/5.0 (compatible; AhrefsBot/7.0; +http://ahrefs.com/robot/)"
212.237.51.151 - - [03/Jul/2023:23:14:43 +0200] "HEAD /pmwiki/pmwiki.php HTTP/1.1" 200 0 "-" "Alert_Alligator_webmonitoring_service_1.6.4_(alertalligator.com)"
149.202.87.182 - - [03/Jul/2023:23:53:38 +0200] "GET /robots.txt HTTP/1.1" 404 1181 "-" "Mozilla/5.0 (compatible; MJ12bot/v1.4.8; http://mj12bot.com/)"
149.202.87.182 - - [03/Jul/2023:23:53:42 +0200] "GET /pmwiki/pmwiki.php?action=edit HTTP/1.1" 403 30 "-" "Mozilla/5.0 (compatible; MJ12bot/v1.4.8; http://mj12bot.com/)"
49.12.13.109 - - [04/Jul/2023:00:13:51 +0200] "HEAD /pmwiki/pmwiki.php HTTP/1.1" 200 0 "-" "Alert_Alligator_webmonitoring_service_1.6.3_(alertalligator.com)"
212.237.51.151 - - [04/Jul/2023:01:00:04 +0200] "HEAD /pmwiki/pmwiki.php HTTP/1.1" 200 0 "-" "Alert_Alligator_webmonitoring_service_1.6.4_(alertalligator.com)"
51.222.253.18 - - [04/Jul/2023:01:15:29 +0200] "GET /robots.txt HTTP/1.1" 404 1181 "-" "Mozilla/5.0 (compatible; AhrefsBot/7.0; +http://ahrefs.com/robot/)"
54.36.149.67 - - [04/Jul/2023:01:15:31 +0200] "GET /pmwiki/pmwiki.php/Main/LehetsegesJavitasokEuropaban?action=edit HTTP/1.1" 200 12718 "-" "Mozilla/5.0 (compatible; AhrefsBot/7.0; +http://ahrefs.com/robot/)"
202.28.120.40 - - [04/Jul/2023:01:23:13 +0200] "HEAD / HTTP/1.1" 302 0 "https://www.bing.com" "Mozilla/5.0 (Windows NT 10.0) AppleWebKit/537.36 (KHTML, like Gecko) Chrome/40.0.2214.93 Safari/537.36"
202.28.120.40 - - [04/Jul/2023:01:23:14 +0200] "HEAD /pmwiki/pmwiki.php HTTP/1.1" 200 0 "https://www.bing.com" "Mozilla/5.0 (Windows NT 10.0) AppleWebKit/537.36 (KHTML, like Gecko) Chrome/40.0.2214.93 Safari/537.36"
202.28.120.40 - - [04/Jul/2023:01:23:15 +0200] "GET /wp-login.php HTTP/1.1" 404 1181 "http://swpat.zpok.hu" "Mozilla/5.0 (Windows NT 10.0) AppleWebKit/537.36 (KHTML, like Gecko) Chrome/40.0.2214.93 Safari/537.36"
202.28.120.40 - - [04/Jul/2023:01:23:17 +0200] "GET /wordpress/wp-login.php HTTP/1.1" 404 1181 "http://swpat.zpok.hu" "Mozilla/5.0 (Windows NT 10.0) AppleWebKit/537.36 (KHTML, like Gecko) Chrome/40.0.2214.93 Safari/537.36"
202.28.120.40 - - [04/Jul/2023:01:23:18 +0200] "GET /blog/wp-login.php HTTP/1.1" 404 1181 "http://swpat.zpok.hu" "Mozilla/5.0 (Windows NT 10.0) AppleWebKit/537.36 (KHTML, like Gecko) Chrome/40.0.2214.93 Safari/537.36"
202.28.120.40 - - [04/Jul/2023:01:23:18 +0200] "GET /wp/wp-login.php HTTP/1.1" 404 1181 "http://swpat.zpok.hu" "Mozilla/5.0 (Windows NT 10.0) AppleWebKit/537.36 (KHTML, like Gecko) Chrome/40.0.2214.93 Safari/537.36"
110.249.201.48 - - [04/Jul/2023:01:32:07 +0200] "GET /robots.txt HTTP/1.1" 404 1181 "-" "Mozilla/5.0 (Linux; Android 5.0) AppleWebKit/537.36 (KHTML, like Gecko) Mobile Safari/537.36 (compatible; Bytespider; https://zhanzhang.toutiao.com/)"
212.237.51.151 - - [04/Jul/2023:01:47:01 +0200] "HEAD /pmwiki/pmwiki.php HTTP/1.1" 200 0 "-" "Alert_Alligator_webmonitoring_service_1.6.4_(alertalligator.com)"
216.244.66.203 - - [04/Jul/2023:01:48:12 +0200] "GET /robots.txt HTTP/1.1" 404 1181 "-" "Mozilla/5.0 (compatible; DotBot/1.2; +https://opensiteexplorer.org/dotbot; help@moz.com)"
64.124.8.117 - - [04/Jul/2023:02:00:24 +0200] "GET /pmwiki/pmwiki.php HTTP/1.1" 200 37269 "-" "Mozilla/5.0 (X11; Linux x86_64) AppleWebKit/537.36 (KHTML, like Gecko) Chrome/61.0.3163.79 Safari/537.36"
216.244.66.203 - - [04/Jul/2023:02:02:13 +0200] "GET /pmwiki/pmwiki.php/Main/C%E9lok?action=edit&restore=diff:1118763576:1118246044:&preview=y HTTP/1.1" 200 12424 "-" "Mozilla/5.0 (compatible; DotBot/1.2; +https://opensiteexplorer.org/dotbot; help@moz.com)"
216.244.66.203 - - [04/Jul/2023:02:02:18 +0200] "GET /pmwiki/pmwiki.php/Main/Lev%E9lAParlamentInformaitikaiBizotts%E1gaEln%F6k%E9nek?action=diff&source=n&minor=n HTTP/1.1" 200 15560 "-" "Mozilla/5.0 (compatible; DotBot/1.2; +https://opensiteexplorer.org/dotbot; help@moz.com)"
216.244.66.203 - - [04/Jul/2023:02:02:23 +0200] "GET /pmwiki/pmwiki.php/Main/Marc06LMEPR?action=edit&restore=diff:1110654628:1110654566:&preview=y HTTP/1.1" 200 12493 "-" "Mozilla/5.0 (compatible; DotBot/1.2; +https://opensiteexplorer.org/dotbot; help@moz.com)"
216.244.66.203 - - [04/Jul/2023:02:11:03 +0200] "GET /pmwiki/pmwiki.php/Main/WikiSandbox?action=edit&restore=diff:1113772491:1113690406:&preview=y HTTP/1.1" 200 12492 "-" "Mozilla/5.0 (compatible; DotBot/1.2; +https://opensiteexplorer.org/dotbot; help@moz.com)"
212.237.53.115 - - [04/Jul/2023:02:35:47 +0200] "HEAD /pmwiki/pmwiki.php HTTP/1.1" 200 0 "-" "Alert_Alligator_webmonitoring_service_1.6.4_(alertalligator.com)"
54.36.148.73 - - [04/Jul/2023:03:07:10 +0200] "GET /pmwiki/pmwiki.php/Main/LehetsegesJavitasokEuropaban?action=diff HTTP/1.1" 200 31061 "-" "Mozilla/5.0 (compatible; AhrefsBot/7.0; +http://ahrefs.com/robot/)"
212.237.53.115 - - [04/Jul/2023:03:19:53 +0200] "HEAD /pmwiki/pmwiki.php HTTP/1.1" 200 0 "-" "Alert_Alligator_webmonitoring_service_1.6.4_(alertalligator.com)"
216.244.66.203 - - [04/Jul/2023:03:36:43 +0200] "GET /robots.txt HTTP/1.1" 404 1181 "-" "Mozilla/5.0 (compatible; DotBot/1.2; +https://opensiteexplorer.org/dotbot; help@moz.com)"
216.244.66.203 - - [04/Jul/2023:04:09:33 +0200] "GET /pmwiki/pmwiki.php/Main/Cutts?action=diff&source=y&minor=n HTTP/1.1" 200 12745 "-" "Mozilla/5.0 (compatible; DotBot/1.2; +https://opensiteexplorer.org/dotbot; help@moz.com)"
212.237.23.143 - - [04/Jul/2023:04:15:12 +0200] "HEAD /pmwiki/pmwiki.php HTTP/1.1" 200 0 "-" "Alert_Alligator_webmonitoring_service_1.6.4_(alertalligator.com)"
54.36.149.6 - - [04/Jul/2023:04:32:50 +0200] "GET /pmwiki/pmwiki.php/Main/LehetsegesJavitasokEuropaban?action=print HTTP/1.1" 200 4274 "-" "Mozilla/5.0 (compatible; AhrefsBot/7.0; +http://ahrefs.com/robot/)"
64.124.8.117 - - [04/Jul/2023:04:32:50 +0200] "GET /pmwiki/pmwiki.php/Profiles/Robert HTTP/1.1" 404 11959 "-" "Mozilla/5.0 (X11; Linux x86_64) AppleWebKit/537.36 (KHTML, like Gecko) Chrome/61.0.3163.79 Safari/537.36"
212.237.51.151 - - [04/Jul/2023:04:57:46 +0200] "HEAD /pmwiki/pmwiki.php HTTP/1.1" 200 0 "-" "Alert_Alligator_webmonitoring_service_1.6.4_(alertalligator.com)"
64.124.8.117 - - [04/Jul/2023:05:00:04 +0200] "GET /pmwiki/pmwiki.php/Main/DRM HTTP/1.1" 200 14856 "-" "Mozilla/5.0 (X11; Linux x86_64) AppleWebKit/537.36 (KHTML, like Gecko) Chrome/61.0.3163.79 Safari/537.36"
5.255.231.30 - - [04/Jul/2023:05:09:42 +0200] "GET /robots.txt HTTP/1.1" 404 1181 "-" "Mozilla/5.0 (compatible; YandexBot/3.0; +http://yandex.com/bots)"
95.108.213.111 - - [04/Jul/2023:05:09:42 +0200] "GET /pmwiki/pmwiki.php/Main/ADRMH%E1tr%E1nyai?action=print HTTP/1.1" 200 5095 "-" "Mozilla/5.0 (compatible; YandexBot/3.0; +http://yandex.com/bots)"
110.249.202.192 - - [04/Jul/2023:05:14:44 +0200] "GET /robots.txt HTTP/1.1" 404 1181 "-" "Mozilla/5.0 (Linux; Android 5.0) AppleWebKit/537.36 (KHTML, like Gecko) Mobile Safari/537.36 (compatible; Bytespider; https://zhanzhang.toutiao.com/)"
64.124.8.117 - - [04/Jul/2023:05:21:45 +0200] "GET /pmwiki/pmwiki.php/Main/Virsligy%E1r HTTP/1.1" 200 24986 "-" "Mozilla/5.0 (X11; Linux x86_64) AppleWebKit/537.36 (KHTML, like Gecko) Chrome/61.0.3163.79 Safari/537.36"
64.124.8.117 - - [04/Jul/2023:05:33:16 +0200] "GET /pmwiki/pmwiki.php/Cookbook HTTP/1.1" 404 11982 "-" "Mozilla/5.0 (X11; Linux x86_64) AppleWebKit/537.36 (KHTML, like Gecko) Chrome/61.0.3163.79 Safari/537.36"
212.237.51.151 - - [04/Jul/2023:05:40:38 +0200] "HEAD /pmwiki/pmwiki.php HTTP/1.1" 200 0 "-" "Alert_Alligator_webmonitoring_service_1.6.4_(alertalligator.com)"
64.124.8.117 - - [04/Jul/2023:06:30:03 +0200] "GET /pmwiki/pmwiki.php/PmWiki/Audiences HTTP/1.1" 200 16668 "-" "Mozilla/5.0 (X11; Linux x86_64) AppleWebKit/537.36 (KHTML, like Gecko) Chrome/61.0.3163.79 Safari/537.36"
49.12.13.109 - - [04/Jul/2023:06:39:41 +0200] "HEAD /pmwiki/pmwiki.php HTTP/1.1" 200 0 "-" "Alert_Alligator_webmonitoring_service_1.6.3_(alertalligator.com)"
54.36.148.245 - - [04/Jul/2023:06:58:17 +0200] "GET /pmwiki/pmwiki.php/Main/2003M%E1jusBr%FCsszeliT%FAra HTTP/1.1" 200 13133 "-" "Mozilla/5.0 (compatible; AhrefsBot/7.0; +http://ahrefs.com/robot/)"
64.124.8.117 - - [04/Jul/2023:06:59:51 +0200] "GET /pmwiki/pmwiki.php/PmWiki/UploadsAdmin HTTP/1.1" 200 21828 "-" "Mozilla/5.0 (X11; Linux x86_64) AppleWebKit/537.36 (KHTML, like Gecko) Chrome/61.0.3163.79 Safari/537.36"
64.124.8.117 - - [04/Jul/2023:07:00:50 +0200] "GET /pmwiki/pmwiki.php/PmWiki/SpecialMarkups HTTP/1.1" 200 16284 "-" "Mozilla/5.0 (X11; Linux x86_64) AppleWebKit/537.36 (KHTML, like Gecko) Chrome/61.0.3163.79 Safari/537.36"
216.244.66.203 - - [04/Jul/2023:07:11:29 +0200] "GET /robots.txt HTTP/1.1" 404 1181 "-" "Mozilla/5.0 (compatible; DotBot/1.2; +https://opensiteexplorer.org/dotbot; help@moz.com)"
66.249.79.168 - - [04/Jul/2023:07:18:59 +0200] "GET /robots.txt HTTP/1.1" 404 1181 "-" "Mozilla/5.0 (compatible; Googlebot/2.1; +http://www.google.com/bot.html)"
66.249.79.168 - - [04/Jul/2023:07:19:00 +0200] "GET /pmwiki/pmwiki.php/Main/Marc07PR?action=print HTTP/1.1" 403 30 "-" "Mozilla/5.0 (Linux; Android 6.0.1; Nexus 5X Build/MMB29P) AppleWebKit/537.36 (KHTML, like Gecko) Chrome/114.0.5735.179 Mobile Safari/537.36 (compatible; Googlebot/2.1; +http://www.google.com/bot.html)"
62.122.184.192 - - [04/Jul/2023:07:19:14 +0200] "GET / HTTP/1.1" 302 5 "-" "Mozilla/5.0 (Windows NT 6.1; rv:5.0) Gecko/20100101 Firefox/5.0"
62.122.184.192 - - [04/Jul/2023:07:19:15 +0200] "GET /pmwiki/pmwiki.php HTTP/1.1" 200 37269 "-" "Mozilla/5.0 (Windows NT 6.1; rv:5.0) Gecko/20100101 Firefox/5.0"
212.237.51.151 - - [04/Jul/2023:07:20:12 +0200] "HEAD /pmwiki/pmwiki.php HTTP/1.1" 200 0 "-" "Alert_Alligator_webmonitoring_service_1.6.4_(alertalligator.com)"
64.124.8.117 - - [04/Jul/2023:07:21:31 +0200] "GET /pmwiki/pmwiki.php/Main/AzEur%F3paiParlament%DAjraind%EDt%E1stK%F6vetelAzEln%F6kiKonferenciaElfogadtaAzInd%EDtv%E1nyt HTTP/1.1" 200 16658 "-" "Mozilla/5.0 (X11; Linux x86_64) AppleWebKit/537.36 (KHTML, like Gecko) Chrome/61.0.3163.79 Safari/537.36"
216.244.66.203 - - [04/Jul/2023:07:41:08 +0200] "GET /pmwiki/pmwiki.php/Main/2004-esNyilatkozat?action=diff&source=y&minor=y HTTP/1.1" 200 16936 "-" "Mozilla/5.0 (compatible; DotBot/1.2; +https://opensiteexplorer.org/dotbot; help@moz.com)"
216.244.66.203 - - [04/Jul/2023:07:41:12 +0200] "GET /pmwiki/pmwiki.php/Main/DRM?action=edit&restore=diff:1110470677:1110470390:&preview=y HTTP/1.1" 200 12364 "-" "Mozilla/5.0 (compatible; DotBot/1.2; +https://opensiteexplorer.org/dotbot; help@moz.com)"
216.244.66.203 - - [04/Jul/2023:07:41:18 +0200] "GET /pmwiki/pmwiki.php/PmWiki/GroupHeaders?action=diff&source=y&minor=y HTTP/1.1" 200 12910 "-" "Mozilla/5.0 (compatible; DotBot/1.2; +https://opensiteexplorer.org/dotbot; help@moz.com)"
216.244.66.203 - - [04/Jul/2023:07:41:21 +0200] "GET /pmwiki/pmwiki.php/PmWiki/Variables?action=diff&source=y&minor=y HTTP/1.1" 200 12857 "-" "Mozilla/5.0 (compatible; DotBot/1.2; +https://opensiteexplorer.org/dotbot; help@moz.com)"
216.244.66.203 - - [04/Jul/2023:07:42:47 +0200] "GET /pmwiki/pmwiki.php/Main/2004Augusztus5?action=edit&restore=diff:1120088178:1120088178:&preview=y HTTP/1.1" 200 12540 "-" "Mozilla/5.0 (compatible; DotBot/1.2; +https://opensiteexplorer.org/dotbot; help@moz.com)"
216.244.66.203 - - [04/Jul/2023:07:42:50 +0200] "GET /pmwiki/pmwiki.php/Main/Nyilatkozat?action=edit&restore=diff:1107864499:1107864462:&preview=y HTTP/1.1" 200 12496 "-" "Mozilla/5.0 (compatible; DotBot/1.2; +https://opensiteexplorer.org/dotbot; help@moz.com)"
216.244.66.203 - - [04/Jul/2023:07:42:52 +0200] "GET /pmwiki/pmwiki.php/Main/Nyilatkozatok?action=edit&restore=diff:1120090238:1120088131:&preview=y HTTP/1.1" 200 12524 "-" "Mozilla/5.0 (compatible; DotBot/1.2; +https://opensiteexplorer.org/dotbot; help@moz.com)"
54.36.149.106 - - [04/Jul/2023:07:46:45 +0200] "GET /pmwiki/pmwiki.php/Main/Gazdas%E1giOldal?action=print HTTP/1.1" 200 9885 "-" "Mozilla/5.0 (compatible; AhrefsBot/7.0; +http://ahrefs.com/robot/)"
64.124.8.117 - - [04/Jul/2023:07:51:04 +0200] "GET /pmwiki/pmwiki.php/Main/2003M%E1jusiNyilatkozathozKapcsol%F3d%F3Cikk HTTP/1.1" 200 14960 "-" "Mozilla/5.0 (X11; Linux x86_64) AppleWebKit/537.36 (KHTML, like Gecko) Chrome/61.0.3163.79 Safari/537.36"
64.124.8.117 - - [04/Jul/2023:07:52:34 +0200] "GET /pmwiki/pmwiki.php/Main/Portf%F3li%F3Effektus HTTP/1.1" 404 12119 "-" "Mozilla/5.0 (X11; Linux x86_64) AppleWebKit/537.36 (KHTML, like Gecko) Chrome/61.0.3163.79 Safari/537.36"
64.124.8.117 - - [04/Jul/2023:07:58:29 +0200] "GET /pmwiki/pmwiki.php/PmWiki/MailPosts HTTP/1.1" 200 24440 "-" "Mozilla/5.0 (X11; Linux x86_64) AppleWebKit/537.36 (KHTML, like Gecko) Chrome/61.0.3163.79 Safari/537.36"
49.12.13.109 - - [04/Jul/2023:08:19:41 +0200] "HEAD /pmwiki/pmwiki.php HTTP/1.1" 200 0 "-" "Alert_Alligator_webmonitoring_service_1.6.3_(alertalligator.com)"
35.195.118.172 - - [04/Jul/2023:08:57:33 +0200] "GET /pmwiki/pmwiki.php HTTP/1.1" 200 37269 "-" "Hirek archiver bot (https://www.hirek.hu)"
54.36.149.14 - - [04/Jul/2023:09:00:00 +0200] "GET /pmwiki/pmwiki.php/Main/Linkek?action=diff HTTP/1.1" 200 38966 "-" "Mozilla/5.0 (compatible; AhrefsBot/7.0; +http://ahrefs.com/robot/)"
111.225.149.154 - - [04/Jul/2023:09:14:19 +0200] "GET /robots.txt HTTP/1.1" 404 1181 "-" "Mozilla/5.0 (Linux; Android 5.0) AppleWebKit/537.36 (KHTML, like Gecko) Mobile Safari/537.36 (compatible; Bytespider; https://zhanzhang.toutiao.com/)"
49.12.13.109 - - [04/Jul/2023:09:18:44 +0200] "HEAD /pmwiki/pmwiki.php HTTP/1.1" 200 0 "-" "Alert_Alligator_webmonitoring_service_1.6.3_(alertalligator.com)"
54.36.148.240 - - [04/Jul/2023:09:36:40 +0200] "GET /pmwiki/pmwiki.php/Main/Linkek?action=print HTTP/1.1" 200 19357 "-" "Mozilla/5.0 (compatible; AhrefsBot/7.0; +http://ahrefs.com/robot/)"
95.108.213.250 - - [04/Jul/2023:09:50:36 +0200] "GET /robots.txt HTTP/1.1" 404 1181 "-" "Mozilla/5.0 (compatible; YandexBot/3.0; +http://yandex.com/bots)"
5.255.231.4 - - [04/Jul/2023:09:50:37 +0200] "GET /pmwiki/pmwiki.php/Main/Mintalevel0509?action=print HTTP/1.1" 200 6847 "-" "Mozilla/5.0 (compatible; YandexBot/3.0; +http://yandex.com/bots)"
216.244.66.203 - - [04/Jul/2023:09:54:12 +0200] "GET /robots.txt HTTP/1.1" 404 1181 "-" "Mozilla/5.0 (compatible; DotBot/1.2; +https://opensiteexplorer.org/dotbot; help@moz.com)"
54.36.149.72 - - [04/Jul/2023:10:09:17 +0200] "GET /pmwiki/pmwiki.php/Main/Linkek?action=edit HTTP/1.1" 200 12370 "-" "Mozilla/5.0 (compatible; AhrefsBot/7.0; +http://ahrefs.com/robot/)"
212.237.23.143 - - [04/Jul/2023:10:15:46 +0200] "HEAD /pmwiki/pmwiki.php HTTP/1.1" 200 0 "-" "Alert_Alligator_webmonitoring_service_1.6.4_(alertalligator.com)"
64.124.8.120 - - [04/Jul/2023:10:21:04 +0200] "GET /robots.txt HTTP/1.1" 404 1181 "-" "Mozilla/5.0 (X11; Linux x86_64) AppleWebKit/537.36 (KHTML, like Gecko) Chrome/61.0.3163.79 Safari/537.36"
64.124.8.120 - - [04/Jul/2023:10:21:04 +0200] "GET /pmwiki/pmwiki.php/Main/2004Augusztus18 HTTP/1.1" 200 13214 "-" "Mozilla/5.0 (X11; Linux x86_64) AppleWebKit/537.36 (KHTML, like Gecko) Chrome/61.0.3163.79 Safari/537.36"
216.244.66.203 - - [04/Jul/2023:10:23:40 +0200] "GET /pmwiki/pmwiki.php/Main/AJelenlegiSzerzoiJogiTorveny?action=edit&restore=diff:1110658985:1110568877:&preview=y HTTP/1.1" 200 12764 "-" "Mozilla/5.0 (compatible; DotBot/1.2; +https://opensiteexplorer.org/dotbot; help@moz.com)"
64.124.8.120 - - [04/Jul/2023:10:33:11 +0200] "GET / HTTP/1.1" 302 5 "-" "Mozilla/5.0 (X11; Linux x86_64) AppleWebKit/537.36 (KHTML, like Gecko) Chrome/61.0.3163.79 Safari/537.36"
64.124.8.120 - - [04/Jul/2023:10:41:05 +0200] "GET /pmwiki/pmwiki.php/PmWiki/CustomWikiStyles HTTP/1.1" 200 18919 "-" "Mozilla/5.0 (X11; Linux x86_64) AppleWebKit/537.36 (KHTML, like Gecko) Chrome/61.0.3163.79 Safari/537.36"
64.124.8.120 - - [04/Jul/2023:10:47:13 +0200] "GET /pmwiki/pmwiki.php/Main/C%E9lok HTTP/1.1" 200 12698 "-" "Mozilla/5.0 (X11; Linux x86_64) AppleWebKit/537.36 (KHTML, like Gecko) Chrome/61.0.3163.79 Safari/537.36"
216.244.66.203 - - [04/Jul/2023:10:48:15 +0200] "GET /robots.txt HTTP/1.1" 404 1181 "-" "Mozilla/5.0 (compatible; DotBot/1.2; +https://opensiteexplorer.org/dotbot; help@moz.com)"
54.36.148.25 - - [04/Jul/2023:10:50:37 +0200] "GET /pmwiki/pmwiki.php/Main/Linkek?action=upload HTTP/1.1" 200 12250 "-" "Mozilla/5.0 (compatible; AhrefsBot/7.0; +http://ahrefs.com/robot/)"
64.124.8.120 - - [04/Jul/2023:10:52:29 +0200] "GET /pmwiki/pmwiki.php/PmWiki/AvailableActions HTTP/1.1" 200 14504 "-" "Mozilla/5.0 (X11; Linux x86_64) AppleWebKit/537.36 (KHTML, like Gecko) Chrome/61.0.3163.79 Safari/537.36"
212.237.23.143 - - [04/Jul/2023:11:10:50 +0200] "HEAD /pmwiki/pmwiki.php HTTP/1.1" 200 0 "-" "Alert_Alligator_webmonitoring_service_1.6.4_(alertalligator.com)"
216.244.66.203 - - [04/Jul/2023:11:15:53 +0200] "GET /pmwiki/pmwiki.php/Main/Cikkek?action=edit&restore=diff:1110209045:1109709639:&preview=y HTTP/1.1" 200 12417 "-" "Mozilla/5.0 (compatible; DotBot/1.2; +https://opensiteexplorer.org/dotbot; help@moz.com)"
64.124.8.120 - - [04/Jul/2023:11:19:35 +0200] "GET /pmwiki/pmwiki.php/Main/SzoftverSzabadalmak HTTP/1.1" 200 15057 "-" "Mozilla/5.0 (X11; Linux x86_64) AppleWebKit/537.36 (KHTML, like Gecko) Chrome/61.0.3163.79 Safari/537.36"
64.124.8.120 - - [04/Jul/2023:11:36:45 +0200] "GET /pmwiki/pmwiki.php/PmWiki/AuthorTracking HTTP/1.1" 200 13641 "-" "Mozilla/5.0 (X11; Linux x86_64) AppleWebKit/537.36 (KHTML, like Gecko) Chrome/61.0.3163.79 Safari/537.36"
64.124.8.120 - - [04/Jul/2023:11:38:08 +0200] "GET /pmwiki/pmwiki.php/PmWiki/RecentChanges HTTP/1.1" 200 21633 "-" "Mozilla/5.0 (X11; Linux x86_64) AppleWebKit/537.36 (KHTML, like Gecko) Chrome/61.0.3163.79 Safari/537.36"
64.124.8.120 - - [04/Jul/2023:11:39:32 +0200] "GET /pmwiki/pmwiki.php/Main/Nyilatkozatok HTTP/1.1" 200 16071 "-" "Mozilla/5.0 (X11; Linux x86_64) AppleWebKit/537.36 (KHTML, like Gecko) Chrome/61.0.3163.79 Safari/537.36"
216.244.66.203 - - [04/Jul/2023:11:43:40 +0200] "GET /robots.txt HTTP/1.1" 404 1181 "-" "Mozilla/5.0 (compatible; DotBot/1.2; +https://opensiteexplorer.org/dotbot; help@moz.com)"
64.124.8.120 - - [04/Jul/2023:11:49:05 +0200] "GET /pmwiki/pmwiki.php/PmWiki/I18nVariables HTTP/1.1" 200 12528 "-" "Mozilla/5.0 (X11; Linux x86_64) AppleWebKit/537.36 (KHTML, like Gecko) Chrome/61.0.3163.79 Safari/537.36"
212.237.51.151 - - [04/Jul/2023:11:53:22 +0200] "HEAD /pmwiki/pmwiki.php HTTP/1.1" 200 0 "-" "Alert_Alligator_webmonitoring_service_1.6.4_(alertalligator.com)"
216.244.66.203 - - [04/Jul/2023:12:06:17 +0200] "GET /pmwiki/pmwiki.php/PmWiki/AdvancedTables?action=diff&source=n&minor=n HTTP/1.1" 200 12947 "-" "Mozilla/5.0 (compatible; DotBot/1.2; +https://opensiteexplorer.org/dotbot; help@moz.com)"
216.244.66.203 - - [04/Jul/2023:12:07:14 +0200] "GET /pmwiki/pmwiki.php/Main/AJelenlegiSzerzoiJogiTorveny?action=diff&source=y&minor=y HTTP/1.1" 200 35754 "-" "Mozilla/5.0 (compatible; DotBot/1.2; +https://opensiteexplorer.org/dotbot; help@moz.com)"
216.244.66.203 - - [04/Jul/2023:12:07:19 +0200] "GET /pmwiki/pmwiki.php/Main/Feb09PR?action=edit&restore=diff:1107939928:1107939851:&preview=y HTTP/1.1" 200 12432 "-" "Mozilla/5.0 (compatible; DotBot/1.2; +https://opensiteexplorer.org/dotbot; help@moz.com)"
216.244.66.203 - - [04/Jul/2023:12:07:23 +0200] "GET /pmwiki/pmwiki.php/Main/JuriVelemeny?action=edit&restore=diff:1118535341:1118535341:&preview=y HTTP/1.1" 200 12508 "-" "Mozilla/5.0 (compatible; DotBot/1.2; +https://opensiteexplorer.org/dotbot; help@moz.com)"
216.244.66.203 - - [04/Jul/2023:12:07:26 +0200] "GET /pmwiki/pmwiki.php/Main/SideBar?action=edit&restore=diff:1118242594:1118242540:&preview=y HTTP/1.1" 200 12430 "-" "Mozilla/5.0 (compatible; DotBot/1.2; +https://opensiteexplorer.org/dotbot; help@moz.com)"
5.255.231.183 - - [04/Jul/2023:12:08:25 +0200] "GET /robots.txt HTTP/1.1" 404 1181 "-" "Mozilla/5.0 (compatible; YandexBot/3.0; +http://yandex.com/bots)"
5.255.231.154 - - [04/Jul/2023:12:08:26 +0200] "GET /pmwiki/pmwiki.php/PmWiki/ReleaseNotes HTTP/1.1" 200 29978 "-" "Mozilla/5.0 (compatible; YandexBot/3.0; +http://yandex.com/bots)"
54.36.149.16 - - [04/Jul/2023:12:10:34 +0200] "GET /pmwiki/pmwiki.php/Main/Gazdas%E1giOldal?action=diff HTTP/1.1" 200 19856 "-" "Mozilla/5.0 (compatible; AhrefsBot/7.0; +http://ahrefs.com/robot/)"
64.124.8.120 - - [04/Jul/2023:12:28:17 +0200] "GET /pmwiki/pmwiki.php/PmWiki/WikiFarms HTTP/1.1" 200 19921 "-" "Mozilla/5.0 (X11; Linux x86_64) AppleWebKit/537.36 (KHTML, like Gecko) Chrome/61.0.3163.79 Safari/537.36"
110.249.202.46 - - [04/Jul/2023:12:31:03 +0200] "GET /robots.txt HTTP/1.1" 404 1181 "-" "Mozilla/5.0 (Linux; Android 5.0) AppleWebKit/537.36 (KHTML, like Gecko) Mobile Safari/537.36 (compatible; Bytespider; https://zhanzhang.toutiao.com/)"
212.237.53.115 - - [04/Jul/2023:12:39:41 +0200] "HEAD /pmwiki/pmwiki.php HTTP/1.1" 200 0 "-" "Alert_Alligator_webmonitoring_service_1.6.4_(alertalligator.com)"
64.124.8.120 - - [04/Jul/2023:13:15:36 +0200] "GET /pmwiki/pmwiki.php/Main/McCreevy HTTP/1.1" 200 13220 "-" "Mozilla/5.0 (X11; Linux x86_64) AppleWebKit/537.36 (KHTML, like Gecko) Chrome/61.0.3163.79 Safari/537.36"
212.237.53.115 - - [04/Jul/2023:13:24:18 +0200] "HEAD /pmwiki/pmwiki.php HTTP/1.1" 200 0 "-" "Alert_Alligator_webmonitoring_service_1.6.4_(alertalligator.com)"
64.124.8.120 - - [04/Jul/2023:13:28:22 +0200] "GET /pmwiki/pmwiki.php/Main/2004-esNyilatkozat HTTP/1.1" 200 15702 "-" "Mozilla/5.0 (X11; Linux x86_64) AppleWebKit/537.36 (KHTML, like Gecko) Chrome/61.0.3163.79 Safari/537.36"
2.57.168.4 - - [04/Jul/2023:14:19:38 +0200] "GET /pmwiki/pmwiki.php/Main/ HTTP/1.0" 302 174 "http://swpat.zpok.hu/pmwiki/pmwiki.php/Main/" "Mozilla/5.0 (Windows NT 6.1; WOW64) AppleWebKit/537.36 (KHTML, like Gecko) Chrome/103.0.0.0 Safari/537.36"
185.198.240.170 - - [04/Jul/2023:14:19:39 +0200] "GET /pmwiki/pmwiki.php/Main/HomePage HTTP/1.0" 200 37227 "http://swpat.zpok.hu/pmwiki/pmwiki.php/Main/HomePage" "Mozilla/5.0 (Windows NT 6.1; WOW64) AppleWebKit/537.36 (KHTML, like Gecko) Chrome/103.0.0.0 Safari/537.36"
49.12.13.109 - - [04/Jul/2023:14:23:26 +0200] "HEAD /pmwiki/pmwiki.php HTTP/1.1" 200 0 "-" "Alert_Alligator_webmonitoring_service_1.6.3_(alertalligator.com)"
158.101.151.135 - - [04/Jul/2023:14:29:35 +0200] "GET /repeater.php HTTP/1.1" 404 1181 "-" "Mozilla/5.0 (Linux; Android 7.0; SM-G892A Build/NRD90M; wv) AppleWebKit/537.36 (KHTML, like Gecko) Version/4.0 Chrome/60.0.3112.107 Mobile Safari/537.36"
158.101.151.135 - - [04/Jul/2023:14:29:35 +0200] "GET /admin.php HTTP/1.1" 404 1181 "-" "Mozilla/5.0 (Linux; Android 7.0; SM-G892A Build/NRD90M; wv) AppleWebKit/537.36 (KHTML, like Gecko) Version/4.0 Chrome/60.0.3112.107 Mobile Safari/537.36"
158.101.151.135 - - [04/Jul/2023:14:29:36 +0200] "GET /wp-admin/css/colors/coffee/index.php HTTP/1.1" 404 1181 "-" "Mozilla/5.0 (Linux; Android 7.0; SM-G892A Build/NRD90M; wv) AppleWebKit/537.36 (KHTML, like Gecko) Version/4.0 Chrome/60.0.3112.107 Mobile Safari/537.36"
158.101.151.135 - - [04/Jul/2023:14:29:36 +0200] "GET /wp-admin/ngetes.php HTTP/1.1" 404 1181 "-" "Mozilla/5.0 (Linux; Android 7.0; SM-G892A Build/NRD90M; wv) AppleWebKit/537.36 (KHTML, like Gecko) Version/4.0 Chrome/60.0.3112.107 Mobile Safari/537.36"
213.180.203.216 - - [04/Jul/2023:14:30:24 +0200] "GET /robots.txt HTTP/1.1" 404 1181 "-" "Mozilla/5.0 (compatible; YandexBot/3.0; +http://yandex.com/bots)"
213.180.203.220 - - [04/Jul/2023:14:30:25 +0200] "GET /pmwiki/pmwiki.php/Main/Nyilatkozatok?action=upload HTTP/1.1" 200 12358 "-" "Mozilla/5.0 (compatible; YandexBot/3.0; +http://yandex.com/bots)"
54.36.148.162 - - [04/Jul/2023:14:42:03 +0200] "GET /robots.txt HTTP/1.1" 404 1181 "-" "Mozilla/5.0 (compatible; AhrefsBot/7.0; +http://ahrefs.com/robot/)"
54.36.149.90 - - [04/Jul/2023:14:42:06 +0200] "GET /pmwiki/pmwiki.php/Main/Gazdas%E1giOldal?action=edit HTTP/1.1" 200 12526 "-" "Mozilla/5.0 (compatible; AhrefsBot/7.0; +http://ahrefs.com/robot/)"
49.12.13.109 - - [04/Jul/2023:14:53:07 +0200] "HEAD /pmwiki/pmwiki.php HTTP/1.1" 200 0 "-" "Alert_Alligator_webmonitoring_service_1.6.4_(alertalligator.com)"
114.119.157.214 - - [04/Jul/2023:15:13:49 +0200] "GET /robots.txt HTTP/1.1" 404 1181 "-" "Mozilla/5.0 (compatible;PetalBot;+https://webmaster.petalsearch.com/site/petalbot)"
216.244.66.203 - - [04/Jul/2023:15:27:31 +0200] "GET /robots.txt HTTP/1.1" 404 1181 "-" "Mozilla/5.0 (compatible; DotBot/1.2; +https://opensiteexplorer.org/dotbot; help@moz.com)"
212.237.23.143 - - [04/Jul/2023:15:44:16 +0200] "HEAD /pmwiki/pmwiki.php HTTP/1.1" 200 0 "-" "Alert_Alligator_webmonitoring_service_1.6.4_(alertalligator.com)"
216.244.66.203 - - [04/Jul/2023:15:45:24 +0200] "GET /pmwiki/pmwiki.php/Main/DRM?action=edit&restore=diff:1116349538:1116349498:&preview=y HTTP/1.1" 200 12364 "-" "Mozilla/5.0 (compatible; DotBot/1.2; +https://opensiteexplorer.org/dotbot; help@moz.com)"
216.244.66.203 - - [04/Jul/2023:15:45:30 +0200] "GET /pmwiki/pmwiki.php/Main/Rocard?action=edit&restore=diff:1115799450:1115799450:&preview=y HTTP/1.1" 200 12411 "-" "Mozilla/5.0 (compatible; DotBot/1.2; +https://opensiteexplorer.org/dotbot; help@moz.com)"
216.244.66.203 - - [04/Jul/2023:15:46:16 +0200] "GET /pmwiki/pmwiki.php/Main/Bitem0304?action=edit&restore=diff:1110528802:1110528802:&preview=y HTTP/1.1" 200 12461 "-" "Mozilla/5.0 (compatible; DotBot/1.2; +https://opensiteexplorer.org/dotbot; help@moz.com)"
216.244.66.203 - - [04/Jul/2023:15:46:19 +0200] "GET /pmwiki/pmwiki.php/Main/Comission-negatesDemocracy?action=edit&restore=diff:1110529275:1110529275:&preview=y HTTP/1.1" 200 12733 "-" "Mozilla/5.0 (compatible; DotBot/1.2; +https://opensiteexplorer.org/dotbot; help@moz.com)"
110.249.201.64 - - [04/Jul/2023:15:55:22 +0200] "GET /robots.txt HTTP/1.1" 404 1181 "-" "Mozilla/5.0 (Linux; Android 5.0) AppleWebKit/537.36 (KHTML, like Gecko) Mobile Safari/537.36 (compatible; Bytespider; https://zhanzhang.toutiao.com/)"
64.124.8.120 - - [04/Jul/2023:16:05:15 +0200] "GET /pmwiki/pmwiki.php/PmWiki/LayoutVariables HTTP/1.1" 200 17190 "-" "Mozilla/5.0 (X11; Linux x86_64) AppleWebKit/537.36 (KHTML, like Gecko) Chrome/61.0.3163.79 Safari/537.36"
64.124.8.120 - - [04/Jul/2023:16:21:02 +0200] "GET /pmwiki/pmwiki.php/Main/2005M%E1rciusiNyilatkozat HTTP/1.1" 200 15044 "-" "Mozilla/5.0 (X11; Linux x86_64) AppleWebKit/537.36 (KHTML, like Gecko) Chrome/61.0.3163.79 Safari/537.36"
216.244.66.203 - - [04/Jul/2023:16:21:15 +0200] "GET /robots.txt HTTP/1.1" 404 1181 "-" "Mozilla/5.0 (compatible; DotBot/1.2; +https://opensiteexplorer.org/dotbot; help@moz.com)"
216.244.66.203 - - [04/Jul/2023:16:40:53 +0200] "GET /pmwiki/pmwiki.php/Main/2005M%E1rciusiNy%EDltLev%E9l?action=diff&source=n&minor=n HTTP/1.1" 200 15621 "-" "Mozilla/5.0 (compatible; DotBot/1.2; +https://opensiteexplorer.org/dotbot; help@moz.com)"
49.12.13.109 - - [04/Jul/2023:16:43:20 +0200] "HEAD /pmwiki/pmwiki.php HTTP/1.1" 200 0 "-" "Alert_Alligator_webmonitoring_service_1.6.3_(alertalligator.com)"
216.244.66.203 - - [04/Jul/2023:16:45:41 +0200] "GET /pmwiki/pmwiki.php/Main/K%F6zlem%E9nye?action=diff&source=y&minor=y HTTP/1.1" 200 23497 "-" "Mozilla/5.0 (compatible; DotBot/1.2; +https://opensiteexplorer.org/dotbot; help@moz.com)"
216.244.66.203 - - [04/Jul/2023:16:49:17 +0200] "GET /pmwiki/pmwiki.php/Main/Bitem0304?action=edit&restore=diff:1110529161:1110528802:&preview=y HTTP/1.1" 200 12461 "-" "Mozilla/5.0 (compatible; DotBot/1.2; +https://opensiteexplorer.org/dotbot; help@moz.com)"
216.244.66.203 - - [04/Jul/2023:16:49:21 +0200] "GET /pmwiki/pmwiki.php/Main/Nyilatkozatok?action=edit&restore=diff:1120085379:1120085072:&preview=y HTTP/1.1" 200 12524 "-" "Mozilla/5.0 (compatible; DotBot/1.2; +https://opensiteexplorer.org/dotbot; help@moz.com)"
216.244.66.203 - - [04/Jul/2023:16:49:24 +0200] "GET /pmwiki/pmwiki.php/Main/SideBar?action=edit&restore=diff:1114710715:1114586698:&preview=y HTTP/1.1" 200 12430 "-" "Mozilla/5.0 (compatible; DotBot/1.2; +https://opensiteexplorer.org/dotbot; help@moz.com)"
216.244.66.203 - - [04/Jul/2023:17:14:33 +0200] "GET /robots.txt HTTP/1.1" 404 1181 "-" "Mozilla/5.0 (compatible; DotBot/1.2; +https://opensiteexplorer.org/dotbot; help@moz.com)"
212.237.23.143 - - [04/Jul/2023:17:34:48 +0200] "HEAD /pmwiki/pmwiki.php HTTP/1.1" 200 0 "-" "Alert_Alligator_webmonitoring_service_1.6.4_(alertalligator.com)"
216.244.66.203 - - [04/Jul/2023:17:49:00 +0200] "GET /pmwiki/pmwiki.php/Main/AdelphiAlapokm%E1ny?action=diff&source=n&minor=n HTTP/1.1" 200 17542 "-" "Mozilla/5.0 (compatible; DotBot/1.2; +https://opensiteexplorer.org/dotbot; help@moz.com)"
216.244.66.203 - - [04/Jul/2023:17:49:08 +0200] "GET /pmwiki/pmwiki.php/Main/Nyilatkozat?action=diff&source=n&minor=n HTTP/1.1" 200 20409 "-" "Mozilla/5.0 (compatible; DotBot/1.2; +https://opensiteexplorer.org/dotbot; help@moz.com)"
216.244.66.203 - - [04/Jul/2023:17:49:17 +0200] "GET /pmwiki/pmwiki.php/Main/WikiPediaban?action=diff&source=n&minor=n HTTP/1.1" 200 13352 "-" "Mozilla/5.0 (compatible; DotBot/1.2; +https://opensiteexplorer.org/dotbot; help@moz.com)"
54.36.149.40 - - [04/Jul/2023:17:55:34 +0200] "GET /pmwiki/pmwiki.php/Main/Cikkek HTTP/1.1" 200 66799 "-" "Mozilla/5.0 (compatible; AhrefsBot/7.0; +http://ahrefs.com/robot/)"
49.12.13.109 - - [04/Jul/2023:18:34:13 +0200] "HEAD /pmwiki/pmwiki.php HTTP/1.1" 200 0 "-" "Alert_Alligator_webmonitoring_service_1.6.3_(alertalligator.com)"
212.237.53.115 - - [04/Jul/2023:19:21:29 +0200] "HEAD /pmwiki/pmwiki.php HTTP/1.1" 200 0 "-" "Alert_Alligator_webmonitoring_service_1.6.4_(alertalligator.com)"
64.124.8.120 - - [04/Jul/2023:19:55:39 +0200] "GET /pmwiki/pmwiki.php/PmWiki/FAQ HTTP/1.1" 200 23861 "-" "Mozilla/5.0 (X11; Linux x86_64) AppleWebKit/537.36 (KHTML, like Gecko) Chrome/61.0.3163.79 Safari/537.36"
212.237.51.151 - - [04/Jul/2023:20:04:28 +0200] "HEAD /pmwiki/pmwiki.php HTTP/1.1" 200 0 "-" "Alert_Alligator_webmonitoring_service_1.6.4_(alertalligator.com)"
196.196.53.4 - - [04/Jul/2023:20:15:59 +0200] "GET /pmwiki/pmwiki.php/Main/Linkek HTTP/1.1" 200 28889 "http://swpat.zpok.hu" "Mozilla/5.0 (Windows NT 10.0; Win64; x64) AppleWebKit/537.36 (KHTML, like Gecko) Chrome/62.0.3202.94 Safari/537.36"
5.45.207.176 - - [04/Jul/2023:20:35:45 +0200] "GET /robots.txt HTTP/1.1" 404 1181 "-" "Mozilla/5.0 (compatible; YandexBot/3.0; +http://yandex.com/bots)"
95.108.213.137 - - [04/Jul/2023:20:35:46 +0200] "GET /pmwiki/pmwiki.php/Main/Minimum?action=upload HTTP/1.1" 200 12262 "-" "Mozilla/5.0 (compatible; YandexBot/3.0; +http://yandex.com/bots)"
49.12.13.109 - - [04/Jul/2023:21:03:37 +0200] "HEAD /pmwiki/pmwiki.php HTTP/1.1" 200 0 "-" "Alert_Alligator_webmonitoring_service_1.6.3_(alertalligator.com)"
84.54.50.239 - - [04/Jul/2023:21:25:55 +0200] "GET / HTTP/1.1" 302 5 "www.google.com" "Mozlila/5.0 (Linux; Android 7.0; SM-G892A Bulid/NRD90M; wv) AppleWebKit/537.36 (KHTML, like Gecko) Version/4.0 Chrome/60.0.3112.107 Moblie Safari/537.36"
84.54.50.239 - - [04/Jul/2023:21:25:56 +0200] "GET /pmwiki/pmwiki.php HTTP/1.1" 200 37269 "www.google.com" "Mozlila/5.0 (Linux; Android 7.0; SM-G892A Bulid/NRD90M; wv) AppleWebKit/537.36 (KHTML, like Gecko) Version/4.0 Chrome/60.0.3112.107 Moblie Safari/537.36"
216.244.66.203 - - [04/Jul/2023:21:32:05 +0200] "GET /robots.txt HTTP/1.1" 404 1181 "-" "Mozilla/5.0 (compatible; DotBot/1.2; +https://opensiteexplorer.org/dotbot; help@moz.com)"
5.255.231.152 - - [04/Jul/2023:21:44:04 +0200] "GET /robots.txt HTTP/1.1" 404 1181 "-" "Mozilla/5.0 (compatible; YandexBot/3.0; +http://yandex.com/bots)"
213.180.203.145 - - [04/Jul/2023:21:44:05 +0200] "GET /pmwiki/pmwiki.php/Main/2005M%E1rcius8 HTTP/1.1" 200 30044 "-" "Mozilla/5.0 (compatible; YandexBot/3.0; +http://yandex.com/bots)"
212.237.51.151 - - [04/Jul/2023:21:47:03 +0200] "HEAD /pmwiki/pmwiki.php HTTP/1.1" 200 0 "-" "Alert_Alligator_webmonitoring_service_1.6.4_(alertalligator.com)"
216.244.66.203 - - [04/Jul/2023:21:57:23 +0200] "GET /pmwiki/pmwiki.php/Main/2004Febru%E1riK%F6sz%F6netLengyelorsz%E1gnak?action=edit&restore=diff:1120084507:1120084507:&preview=y HTTP/1.1" 200 13004 "-" "Mozilla/5.0 (compatible; DotBot/1.2; +https://opensiteexplorer.org/dotbot; help@moz.com)"
212.237.23.143 - - [04/Jul/2023:22:44:26 +0200] "HEAD /pmwiki/pmwiki.php HTTP/1.1" 200 0 "-" "Alert_Alligator_webmonitoring_service_1.6.4_(alertalligator.com)"
213.159.214.73 - - [04/Jul/2023:23:17:51 +0200] "GET /style.php?sig=rename HTTP/1.1" 404 1181 "-" "Mozilla/5.0 (Windows NT 10.0; Win64; x64) AppleWebKit/537.36 (KHTML, like Gecko) Chrome/88.0.4324.190 Safari/537.36"
216.244.66.203 - - [04/Jul/2023:23:18:34 +0200] "GET /robots.txt HTTP/1.1" 404 1181 "-" "Mozilla/5.0 (compatible; DotBot/1.2; +https://opensiteexplorer.org/dotbot; help@moz.com)"
216.244.66.203 - - [04/Jul/2023:23:43:37 +0200] "GET /pmwiki/pmwiki.php/Emeltdijas/Hu?action=diff&source=n&minor=n HTTP/1.1" 200 14411 "-" "Mozilla/5.0 (compatible; DotBot/1.2; +https://opensiteexplorer.org/dotbot; help@moz.com)"
216.244.66.203 - - [04/Jul/2023:23:43:43 +0200] "GET /pmwiki/pmwiki.php/Main/Marc06LMEPR?action=diff&source=y&minor=y HTTP/1.1" 200 17316 "-" "Mozilla/5.0 (compatible; DotBot/1.2; +https://opensiteexplorer.org/dotbot; help@moz.com)"
49.12.13.109 - - [04/Jul/2023:23:43:49 +0200] "HEAD /pmwiki/pmwiki.php HTTP/1.1" 200 0 "-" "Alert_Alligator_webmonitoring_service_1.6.3_(alertalligator.com)"
216.244.66.203 - - [04/Jul/2023:23:45:28 +0200] "GET /pmwiki/pmwiki.php/Main/BMEKonferencia?action=edit&restore=diff:1110548618:1110548500:&preview=y HTTP/1.1" 200 12540 "-" "Mozilla/5.0 (compatible; DotBot/1.2; +https://opensiteexplorer.org/dotbot; help@moz.com)"
216.244.66.203 - - [04/Jul/2023:23:45:33 +0200] "GET /pmwiki/pmwiki.php/Main/C%E9lok?action=edit&restore=diff:1116065229:1116012764:&preview=y HTTP/1.1" 200 12424 "-" "Mozilla/5.0 (compatible; DotBot/1.2; +https://opensiteexplorer.org/dotbot; help@moz.com)"
216.244.66.203 - - [04/Jul/2023:23:45:37 +0200] "GET /pmwiki/pmwiki.php/Main/SideBar?action=edit&restore=diff:1107903465:1107903313:&preview=y HTTP/1.1" 200 12430 "-" "Mozilla/5.0 (compatible; DotBot/1.2; +https://opensiteexplorer.org/dotbot; help@moz.com)"
216.244.66.203 - - [05/Jul/2023:00:12:27 +0200] "GET /robots.txt HTTP/1.1" 404 1181 "-" "Mozilla/5.0 (compatible; DotBot/1.2; +https://opensiteexplorer.org/dotbot; help@moz.com)"
54.36.148.178 - - [05/Jul/2023:00:37:33 +0200] "GET /pmwiki/pmwiki.php/Main/MiADRM?action=print HTTP/1.1" 200 3337 "-" "Mozilla/5.0 (compatible; AhrefsBot/7.0; +http://ahrefs.com/robot/)"
216.244.66.203 - - [05/Jul/2023:00:39:46 +0200] "GET /pmwiki/pmwiki.php/Main/EUCD?action=edit&restore=diff:1110550964:1110478199:&preview=y HTTP/1.1" 200 12380 "-" "Mozilla/5.0 (compatible; DotBot/1.2; +https://opensiteexplorer.org/dotbot; help@moz.com)"
212.237.53.115 - - [05/Jul/2023:00:40:43 +0200] "HEAD /pmwiki/pmwiki.php HTTP/1.1" 200 0 "-" "Alert_Alligator_webmonitoring_service_1.6.4_(alertalligator.com)"
216.244.66.203 - - [05/Jul/2023:01:07:06 +0200] "GET /robots.txt HTTP/1.1" 404 1181 "-" "Mozilla/5.0 (compatible; DotBot/1.2; +https://opensiteexplorer.org/dotbot; help@moz.com)"
216.244.66.203 - - [05/Jul/2023:01:33:04 +0200] "GET /pmwiki/pmwiki.php/Main/Doksik?action=diff&source=y&minor=y HTTP/1.1" 200 19322 "-" "Mozilla/5.0 (compatible; DotBot/1.2; +https://opensiteexplorer.org/dotbot; help@moz.com)"
216.244.66.203 - - [05/Jul/2023:01:33:09 +0200] "GET /pmwiki/pmwiki.php/Main/Gazdas%E1giOldal?action=diff&source=n&minor=n HTTP/1.1" 200 19856 "-" "Mozilla/5.0 (compatible; DotBot/1.2; +https://opensiteexplorer.org/dotbot; help@moz.com)"
216.244.66.203 - - [05/Jul/2023:01:33:12 +0200] "GET /pmwiki/pmwiki.php/Main/Minimum?action=diff&source=y&minor=y HTTP/1.1" 200 26187 "-" "Mozilla/5.0 (compatible; DotBot/1.2; +https://opensiteexplorer.org/dotbot; help@moz.com)"
212.237.23.143 - - [05/Jul/2023:01:34:33 +0200] "HEAD /pmwiki/pmwiki.php HTTP/1.1" 200 0 "-" "Alert_Alligator_webmonitoring_service_1.6.4_(alertalligator.com)"
216.244.66.203 - - [05/Jul/2023:01:36:07 +0200] "GET /pmwiki/pmwiki.php/Main/DRM?action=edit&restore=diff:1112121266:1112120711:&preview=y HTTP/1.1" 200 12364 "-" "Mozilla/5.0 (compatible; DotBot/1.2; +https://opensiteexplorer.org/dotbot; help@moz.com)"
216.244.66.203 - - [05/Jul/2023:01:36:13 +0200] "GET /pmwiki/pmwiki.php/Main/Id%E9nNemLeszDirekt%EDva?action=diff&source=y&minor=y HTTP/1.1" 200 13073 "-" "Mozilla/5.0 (compatible; DotBot/1.2; +https://opensiteexplorer.org/dotbot; help@moz.com)"
216.244.66.203 - - [05/Jul/2023:01:36:17 +0200] "GET /pmwiki/pmwiki.php/Main/Nyilatkozatok?action=edit&restore=diff:1120083172:1120082868:&preview=y HTTP/1.1" 200 12524 "-" "Mozilla/5.0 (compatible; DotBot/1.2; +https://opensiteexplorer.org/dotbot; help@moz.com)"
216.244.66.203 - - [05/Jul/2023:01:36:22 +0200] "GET /pmwiki/pmwiki.php/PmWiki/AvailableActions?action=diff&source=y&minor=y HTTP/1.1" 200 12983 "-" "Mozilla/5.0 (compatible; DotBot/1.2; +https://opensiteexplorer.org/dotbot; help@moz.com)"
212.237.23.143 - - [05/Jul/2023:02:25:55 +0200] "HEAD /pmwiki/pmwiki.php HTTP/1.1" 200 0 "-" "Alert_Alligator_webmonitoring_service_1.6.4_(alertalligator.com)"
51.222.253.18 - - [05/Jul/2023:02:54:43 +0200] "GET /robots.txt HTTP/1.1" 404 1181 "-" "Mozilla/5.0 (compatible; AhrefsBot/7.0; +http://ahrefs.com/robot/)"
54.36.149.53 - - [05/Jul/2023:02:54:44 +0200] "GET /pmwiki/pmwiki.php/Main/MiADRM?action=edit HTTP/1.1" 200 12366 "-" "Mozilla/5.0 (compatible; AhrefsBot/7.0; +http://ahrefs.com/robot/)"
95.108.213.177 - - [05/Jul/2023:03:06:45 +0200] "GET /robots.txt HTTP/1.1" 404 1181 "-" "Mozilla/5.0 (compatible; YandexBot/3.0; +http://yandex.com/bots)"
5.255.253.66 - - [05/Jul/2023:03:06:46 +0200] "GET /pmwiki/pmwiki.php/Main/ThankYouPoland?action=upload HTTP/1.1" 200 12375 "-" "Mozilla/5.0 (compatible; YandexBot/3.0; +http://yandex.com/bots)"
49.12.13.109 - - [05/Jul/2023:03:25:00 +0200] "HEAD /pmwiki/pmwiki.php HTTP/1.1" 200 0 "-" "Alert_Alligator_webmonitoring_service_1.6.3_(alertalligator.com)"
54.36.148.142 - - [05/Jul/2023:03:50:05 +0200] "GET /pmwiki/pmwiki.php/Main/MiADRM?action=diff HTTP/1.1" 200 25129 "-" "Mozilla/5.0 (compatible; AhrefsBot/7.0; +http://ahrefs.com/robot/)"
212.237.53.115 - - [05/Jul/2023:04:11:24 +0200] "HEAD /pmwiki/pmwiki.php HTTP/1.1" 200 0 "-" "Alert_Alligator_webmonitoring_service_1.6.4_(alertalligator.com)"
77.234.90.4 - - [05/Jul/2023:04:32:16 +0200] "GET /robots.txt HTTP/1.1" 404 1181 "-" "Mozilla/5.0 (compatible; Googlebot/2.1; +http://www.google.com/bot.html)"
31.46.22.136 - - [05/Jul/2023:04:32:17 +0200] "GET /pmwiki/pmwiki.php/Main/Marc07PR?action=print HTTP/1.1" 403 30 "-" "Mozilla/5.0 (compatible; Googlebot/2.1; +http://www.google.com/bot.html)"
66.249.66.89 - - [05/Jul/2023:04:32:17 +0200] "GET /robots.txt HTTP/1.1" 404 1181 "-" "Mozilla/5.0 (compatible; Googlebot/2.1; +http://www.google.com/bot.html)"
