111.225.149.153 - - [19/Jul/2023:09:21:22 +0200] "GET /robots.txt HTTP/1.1" 404 1181 "-" "Mozilla/5.0 (Linux; Android 5.0) AppleWebKit/537.36 (KHTML, like Gecko) Mobile Safari/537.36 (compatible; Bytespider; https://zhanzhang.toutiao.com/)"
54.36.148.224 - - [19/Jul/2023:09:27:03 +0200] "GET /pmwiki/pmwiki.php/Main/JogiOldal?action=edit HTTP/1.1" 200 12418 "-" "Mozilla/5.0 (compatible; AhrefsBot/7.0; +http://ahrefs.com/robot/)"
185.191.171.34 - - [19/Jul/2023:09:41:12 +0200] "GET /robots.txt HTTP/1.1" 404 1181 "-" "Mozilla/5.0 (compatible; SemrushBot/7~bl; +http://www.semrush.com/bot.html)"
185.191.171.5 - - [19/Jul/2023:09:41:12 +0200] "GET /pmwiki/pmwiki.php/Main/Mintalevel0509 HTTP/1.1" 200 16475 "-" "Mozilla/5.0 (compatible; SemrushBot/7~bl; +http://www.semrush.com/bot.html)"
102.129.153.151 - - [19/Jul/2023:09:43:09 +0200] "GET /pmwiki/pmwiki.php/Main/Linkek HTTP/1.1" 200 28889 "http://swpat.zpok.hu" "Mozilla/5.0 (Windows NT 10.0; Win64; x64) AppleWebKit/537.36 (KHTML, like Gecko) Chrome/62.0.3202.94 Safari/537.36"
49.12.13.109 - - [19/Jul/2023:10:12:55 +0200] "HEAD /pmwiki/pmwiki.php HTTP/1.1" 200 0 "-" "Alert_Alligator_webmonitoring_service_1.6.3_(alertalligator.com)"
47.254.127.78 - - [19/Jul/2023:10:30:01 +0200] "GET /js/tools.js HTTP/1.1" 404 1181 "-" "Mozilla/5.0 (Windows; U; Windows NT 6.1; en-US; rv:1.9.1.6) Gecko/20091201 Firefox/3.5.6"
216.244.66.203 - - [19/Jul/2023:10:46:31 +0200] "GET /robots.txt HTTP/1.1" 404 1181 "-" "Mozilla/5.0 (compatible; DotBot/1.2; +https://opensiteexplorer.org/dotbot; help@moz.com)"
216.244.66.203 - - [19/Jul/2023:11:08:02 +0200] "GET /pmwiki/pmwiki.php/PmWiki/WikiStructure?action=diff&source=y&minor=n HTTP/1.1" 200 12929 "-" "Mozilla/5.0 (compatible; DotBot/1.2; +https://opensiteexplorer.org/dotbot; help@moz.com)"
212.237.23.143 - - [19/Jul/2023:11:08:29 +0200] "HEAD /pmwiki/pmwiki.php HTTP/1.1" 200 0 "-" "Alert_Alligator_webmonitoring_service_1.6.4_(alertalligator.com)"
185.191.171.16 - - [19/Jul/2023:11:17:03 +0200] "GET /robots.txt HTTP/1.1" 404 1181 "-" "Mozilla/5.0 (compatible; SemrushBot/7~bl; +http://www.semrush.com/bot.html)"
185.191.171.13 - - [19/Jul/2023:11:17:04 +0200] "GET /pmwiki/pmwiki.php/Main/2004Szeptember1 HTTP/1.1" 200 14123 "-" "Mozilla/5.0 (compatible; SemrushBot/7~bl; +http://www.semrush.com/bot.html)"
54.36.148.181 - - [19/Jul/2023:11:24:18 +0200] "GET /pmwiki/pmwiki.php/Main/SzoftverSzabadalmak?action=upload HTTP/1.1" 200 12458 "-" "Mozilla/5.0 (compatible; AhrefsBot/7.0; +http://ahrefs.com/robot/)"
85.208.96.202 - - [19/Jul/2023:11:27:59 +0200] "GET /pmwiki/pmwiki.php/Main/Direkt%EDva HTTP/1.1" 200 20621 "-" "Mozilla/5.0 (compatible; SemrushBot/7~bl; +http://www.semrush.com/bot.html)"
216.244.66.203 - - [19/Jul/2023:11:44:56 +0200] "GET /robots.txt HTTP/1.1" 404 1181 "-" "Mozilla/5.0 (compatible; DotBot/1.2; +https://opensiteexplorer.org/dotbot; help@moz.com)"
212.237.51.151 - - [19/Jul/2023:11:49:35 +0200] "HEAD /pmwiki/pmwiki.php HTTP/1.1" 200 0 "-" "Alert_Alligator_webmonitoring_service_1.6.4_(alertalligator.com)"
216.244.66.203 - - [19/Jul/2023:12:10:06 +0200] "GET /pmwiki/pmwiki.php/Main/DRM?action=diff&source=y&minor=n HTTP/1.1" 200 80879 "-" "Mozilla/5.0 (compatible; DotBot/1.2; +https://opensiteexplorer.org/dotbot; help@moz.com)"
212.237.53.115 - - [19/Jul/2023:12:33:50 +0200] "HEAD /pmwiki/pmwiki.php HTTP/1.1" 200 0 "-" "Alert_Alligator_webmonitoring_service_1.6.4_(alertalligator.com)"
216.244.66.203 - - [19/Jul/2023:12:42:27 +0200] "GET /robots.txt HTTP/1.1" 404 1181 "-" "Mozilla/5.0 (compatible; DotBot/1.2; +https://opensiteexplorer.org/dotbot; help@moz.com)"
185.191.171.23 - - [19/Jul/2023:12:57:25 +0200] "GET /robots.txt HTTP/1.1" 404 1181 "-" "Mozilla/5.0 (compatible; SemrushBot/7~bl; +http://www.semrush.com/bot.html)"
85.208.96.197 - - [19/Jul/2023:12:57:26 +0200] "GET /pmwiki/pmwiki.php/Main/BillGates%C9sM%E1sKommunist%E1k HTTP/1.1" 200 18614 "-" "Mozilla/5.0 (compatible; SemrushBot/7~bl; +http://www.semrush.com/bot.html)"
216.244.66.203 - - [19/Jul/2023:12:59:03 +0200] "GET /pmwiki/pmwiki.php/Main/GatesMegzsaroltaD%E1ni%E1t?action=diff&source=n&minor=y HTTP/1.1" 200 15072 "-" "Mozilla/5.0 (compatible; DotBot/1.2; +https://opensiteexplorer.org/dotbot; help@moz.com)"
66.249.66.164 - - [19/Jul/2023:13:03:27 +0200] "GET /robots.txt HTTP/1.1" 404 1181 "-" "Mozilla/5.0 (compatible; Googlebot/2.1; +http://www.google.com/bot.html)"
66.249.66.164 - - [19/Jul/2023:13:03:28 +0200] "GET /pmwiki/pmwiki.php/PmWiki/PmWiki HTTP/1.1" 200 116458 "-" "Mozilla/5.0 (Linux; Android 6.0.1; Nexus 5X Build/MMB29P) AppleWebKit/537.36 (KHTML, like Gecko) Chrome/114.0.5735.179 Mobile Safari/537.36 (compatible; Googlebot/2.1; +http://www.google.com/bot.html)"
49.12.13.109 - - [19/Jul/2023:13:32:53 +0200] "HEAD /pmwiki/pmwiki.php HTTP/1.1" 200 0 "-" "Alert_Alligator_webmonitoring_service_1.6.3_(alertalligator.com)"
110.93.150.69 - - [19/Jul/2023:13:35:07 +0200] "GET /robots.txt HTTP/1.1" 404 1181 "-" "Mozilla/5.0 (compatible; Yeti/1.1; +https://naver.me/spd)"
114.111.32.204 - - [19/Jul/2023:13:35:09 +0200] "GET / HTTP/1.1" 302 5 "-" "Mozilla/5.0 (compatible; Yeti/1.1; +https://naver.me/spd)"
114.111.32.204 - - [19/Jul/2023:13:35:11 +0200] "GET /pmwiki/pmwiki.php HTTP/1.1" 200 37269 "-" "Mozilla/5.0 (compatible; Yeti/1.1; +https://naver.me/spd)"
85.208.96.200 - - [19/Jul/2023:14:09:42 +0200] "GET /robots.txt HTTP/1.1" 404 1181 "-" "Mozilla/5.0 (compatible; SemrushBot/7~bl; +http://www.semrush.com/bot.html)"
185.191.171.18 - - [19/Jul/2023:14:09:43 +0200] "GET /pmwiki/pmwiki.php/Main/Todo HTTP/1.1" 200 12537 "-" "Mozilla/5.0 (compatible; SemrushBot/7~bl; +http://www.semrush.com/bot.html)"
212.237.51.151 - - [19/Jul/2023:14:20:06 +0200] "HEAD /pmwiki/pmwiki.php HTTP/1.1" 200 0 "-" "Alert_Alligator_webmonitoring_service_1.6.4_(alertalligator.com)"
216.244.66.203 - - [19/Jul/2023:14:36:36 +0200] "GET /robots.txt HTTP/1.1" 404 1181 "-" "Mozilla/5.0 (compatible; DotBot/1.2; +https://opensiteexplorer.org/dotbot; help@moz.com)"
209.141.55.120 - - [19/Jul/2023:14:59:50 +0200] "GET / HTTP/1.1" 302 5 "-" "Mozilla/5.0 (Macintosh; Intel Mac OS X 10_15_7) AppleWebKit/537.36 (KHTML, like Gecko) Chrome/96.0.4664.110 Safari/537.36"
209.141.55.120 - - [19/Jul/2023:14:59:52 +0200] "GET /pmwiki/pmwiki.php HTTP/1.1" 200 37269 "http://swpat.zpok.hu" "Mozilla/5.0 (Macintosh; Intel Mac OS X 10_15_7) AppleWebKit/537.36 (KHTML, like Gecko) Chrome/96.0.4664.110 Safari/537.36"
216.244.66.203 - - [19/Jul/2023:14:59:52 +0200] "GET /pmwiki/pmwiki.php/PmWiki/PmWikiPhilosophy?action=diff&source=n&minor=y HTTP/1.1" 200 12982 "-" "Mozilla/5.0 (compatible; DotBot/1.2; +https://opensiteexplorer.org/dotbot; help@moz.com)"
205.185.127.30 - - [19/Jul/2023:14:59:55 +0200] "GET / HTTP/1.1" 302 5 "-" "Mozilla/5.0 (Macintosh; Intel Mac OS X 11_0_0) AppleWebKit/537.36 (KHTML, like Gecko) Chrome/87.0.4280.88 Safari/537.36"
205.185.127.30 - - [19/Jul/2023:15:00:00 +0200] "GET /pmwiki/pmwiki.php HTTP/1.1" 200 37269 "-" "Mozilla/5.0 (Macintosh; Intel Mac OS X 11_0_0) AppleWebKit/537.36 (KHTML, like Gecko) Chrome/87.0.4280.88 Safari/537.36"
209.141.36.112 - - [19/Jul/2023:15:00:05 +0200] "GET /favicon.ico HTTP/1.1" 404 1181 "-" "Mozilla/5.0 (Macintosh; Intel Mac OS X 10_15_7) AppleWebKit/537.36 (KHTML, like Gecko) Chrome/96.0.4664.110 Safari/537.36"
185.191.171.15 - - [19/Jul/2023:15:06:32 +0200] "GET /pmwiki/pmwiki.php/Main/2003M%E1jusBr%FCsszeliT%FAra HTTP/1.1" 200 13133 "-" "Mozilla/5.0 (compatible; SemrushBot/7~bl; +http://www.semrush.com/bot.html)"
54.36.148.134 - - [19/Jul/2023:15:06:57 +0200] "GET /pmwiki/pmwiki.php/Main/Google HTTP/1.1" 200 25006 "-" "Mozilla/5.0 (compatible; AhrefsBot/7.0; +http://ahrefs.com/robot/)"
185.191.171.10 - - [19/Jul/2023:15:17:30 +0200] "GET /robots.txt HTTP/1.1" 404 1181 "-" "Mozilla/5.0 (compatible; SemrushBot/7~bl; +http://www.semrush.com/bot.html)"
185.191.171.13 - - [19/Jul/2023:15:17:30 +0200] "GET /pmwiki/pmwiki.php/Main/AzEur%F3paiParlament%DAjraind%EDt%E1stK%F6vetelAzEln%F6kiKonferenciaElfogadtaAzInd%EDtv%E1nyt HTTP/1.1" 200 16658 "-" "Mozilla/5.0 (compatible; SemrushBot/7~bl; +http://www.semrush.com/bot.html)"
49.12.13.109 - - [19/Jul/2023:15:19:57 +0200] "HEAD /pmwiki/pmwiki.php HTTP/1.1" 200 0 "-" "Alert_Alligator_webmonitoring_service_1.6.3_(alertalligator.com)"
216.244.66.203 - - [19/Jul/2023:15:34:17 +0200] "GET /robots.txt HTTP/1.1" 404 1181 "-" "Mozilla/5.0 (compatible; DotBot/1.2; +https://opensiteexplorer.org/dotbot; help@moz.com)"
185.191.171.25 - - [19/Jul/2023:15:37:44 +0200] "GET /pmwiki/pmwiki.php/Main/Marc08essay HTTP/1.1" 200 18792 "-" "Mozilla/5.0 (compatible; SemrushBot/7~bl; +http://www.semrush.com/bot.html)"
85.208.96.198 - - [19/Jul/2023:15:43:30 +0200] "GET /pmwiki/pmwiki.php/Main/Nyilatkozatok HTTP/1.1" 200 16071 "-" "Mozilla/5.0 (compatible; SemrushBot/7~bl; +http://www.semrush.com/bot.html)"
185.191.171.24 - - [19/Jul/2023:15:48:13 +0200] "GET /pmwiki/pmwiki.php/Main/ATan%E1cs%C9rdembenT%E1rgyalhatASzoftverszabadalmiDirekt%EDv%E1r%F3l HTTP/1.1" 200 18291 "-" "Mozilla/5.0 (compatible; SemrushBot/7~bl; +http://www.semrush.com/bot.html)"
216.244.66.203 - - [19/Jul/2023:15:52:01 +0200] "GET /pmwiki/pmwiki.php/Main/SMELie?action=diff&source=y&minor=n HTTP/1.1" 200 14710 "-" "Mozilla/5.0 (compatible; DotBot/1.2; +https://opensiteexplorer.org/dotbot; help@moz.com)"
111.225.149.11 - - [19/Jul/2023:16:01:19 +0200] "GET /robots.txt HTTP/1.1" 404 1181 "-" "Mozilla/5.0 (Linux; Android 5.0) AppleWebKit/537.36 (KHTML, like Gecko) Mobile Safari/537.36 (compatible; Bytespider; https://zhanzhang.toutiao.com/)"
212.237.23.143 - - [19/Jul/2023:16:15:04 +0200] "HEAD /pmwiki/pmwiki.php HTTP/1.1" 200 0 "-" "Alert_Alligator_webmonitoring_service_1.6.4_(alertalligator.com)"
54.36.148.252 - - [19/Jul/2023:16:43:54 +0200] "GET /robots.txt HTTP/1.1" 404 1181 "-" "Mozilla/5.0 (compatible; AhrefsBot/7.0; +http://ahrefs.com/robot/)"
54.36.149.10 - - [19/Jul/2023:16:43:55 +0200] "GET /pmwiki/pmwiki.php/Main/Cache HTTP/1.1" 200 16452 "-" "Mozilla/5.0 (compatible; AhrefsBot/7.0; +http://ahrefs.com/robot/)"
49.12.13.109 - - [19/Jul/2023:17:14:08 +0200] "HEAD /pmwiki/pmwiki.php HTTP/1.1" 200 0 "-" "Alert_Alligator_webmonitoring_service_1.6.3_(alertalligator.com)"
168.181.229.208 - - [19/Jul/2023:17:27:40 +0200] "GET /pmwiki/pmwiki.php/Main/Linkek HTTP/1.1" 200 28889 "http://swpat.zpok.hu/" "Mozilla/5.0 (X11; Linux i686) AppleWebKit/537.36 (KHTML, like Gecko) Chrome/114.0.0.0 Safari/537.36 Vivaldi/5.3.2679.68"
185.191.171.1 - - [19/Jul/2023:17:43:55 +0200] "GET /robots.txt HTTP/1.1" 404 1181 "-" "Mozilla/5.0 (compatible; SemrushBot/7~bl; +http://www.semrush.com/bot.html)"
185.191.171.2 - - [19/Jul/2023:17:43:56 +0200] "GET /pmwiki/pmwiki.php/Main/Comission-negatesDemocracy HTTP/1.1" 200 16717 "-" "Mozilla/5.0 (compatible; SemrushBot/7~bl; +http://www.semrush.com/bot.html)"
54.36.149.76 - - [19/Jul/2023:17:47:17 +0200] "GET /pmwiki/pmwiki.php/Main/GatesMegzsaroltaD%E1ni%E1t?action=diff HTTP/1.1" 200 15072 "-" "Mozilla/5.0 (compatible; AhrefsBot/7.0; +http://ahrefs.com/robot/)"
185.191.171.10 - - [19/Jul/2023:17:49:38 +0200] "GET /pmwiki/pmwiki.php/Main/CikkekPrivacy HTTP/1.1" 200 12503 "-" "Mozilla/5.0 (compatible; SemrushBot/7~bl; +http://www.semrush.com/bot.html)"
212.237.23.143 - - [19/Jul/2023:18:04:52 +0200] "HEAD /pmwiki/pmwiki.php HTTP/1.1" 200 0 "-" "Alert_Alligator_webmonitoring_service_1.6.4_(alertalligator.com)"
216.244.66.203 - - [19/Jul/2023:18:25:48 +0200] "GET /robots.txt HTTP/1.1" 404 1181 "-" "Mozilla/5.0 (compatible; DotBot/1.2; +https://opensiteexplorer.org/dotbot; help@moz.com)"
216.244.66.203 - - [19/Jul/2023:18:38:34 +0200] "GET /pmwiki/pmwiki.php/Main/Todo?action=diff&source=n&minor=y HTTP/1.1" 200 15378 "-" "Mozilla/5.0 (compatible; DotBot/1.2; +https://opensiteexplorer.org/dotbot; help@moz.com)"
216.244.66.203 - - [19/Jul/2023:18:43:24 +0200] "GET /pmwiki/pmwiki.php/Main/EztMondjukNekik?action=diff&source=y&minor=n HTTP/1.1" 200 15353 "-" "Mozilla/5.0 (compatible; DotBot/1.2; +https://opensiteexplorer.org/dotbot; help@moz.com)"
216.244.66.203 - - [19/Jul/2023:18:43:28 +0200] "GET /pmwiki/pmwiki.php/Main/JuriEktbEloterjesztes?action=diff&source=y&minor=n HTTP/1.1" 200 20997 "-" "Mozilla/5.0 (compatible; DotBot/1.2; +https://opensiteexplorer.org/dotbot; help@moz.com)"
216.244.66.203 - - [19/Jul/2023:18:43:32 +0200] "GET /pmwiki/pmwiki.php/Main/V%E9delmiP%E9nz?action=diff&source=y&minor=n HTTP/1.1" 200 12911 "-" "Mozilla/5.0 (compatible; DotBot/1.2; +https://opensiteexplorer.org/dotbot; help@moz.com)"
216.244.66.203 - - [19/Jul/2023:18:43:36 +0200] "GET /pmwiki/pmwiki.php/PmWiki/AdvancedTables?action=diff&source=n&minor=y HTTP/1.1" 200 12947 "-" "Mozilla/5.0 (compatible; DotBot/1.2; +https://opensiteexplorer.org/dotbot; help@moz.com)"
216.244.66.203 - - [19/Jul/2023:18:43:39 +0200] "GET /pmwiki/pmwiki.php/PmWiki/PageHistory?action=diff&source=y&minor=n HTTP/1.1" 200 12893 "-" "Mozilla/5.0 (compatible; DotBot/1.2; +https://opensiteexplorer.org/dotbot; help@moz.com)"
212.237.51.151 - - [19/Jul/2023:18:50:33 +0200] "HEAD /pmwiki/pmwiki.php HTTP/1.1" 200 0 "-" "Alert_Alligator_webmonitoring_service_1.6.4_(alertalligator.com)"
216.244.66.203 - - [19/Jul/2023:19:23:26 +0200] "GET /robots.txt HTTP/1.1" 404 1181 "-" "Mozilla/5.0 (compatible; DotBot/1.2; +https://opensiteexplorer.org/dotbot; help@moz.com)"
54.36.148.93 - - [19/Jul/2023:19:23:51 +0200] "GET /pmwiki/pmwiki.php/Main/GatesMegzsaroltaD%E1ni%E1t?action=upload HTTP/1.1" 200 12562 "-" "Mozilla/5.0 (compatible; AhrefsBot/7.0; +http://ahrefs.com/robot/)"
212.237.51.151 - - [19/Jul/2023:19:31:10 +0200] "HEAD /pmwiki/pmwiki.php HTTP/1.1" 200 0 "-" "Alert_Alligator_webmonitoring_service_1.6.4_(alertalligator.com)"
216.244.66.203 - - [19/Jul/2023:19:43:05 +0200] "GET /pmwiki/pmwiki.php/PmWiki/AuthorTracking?action=diff&source=y&minor=n HTTP/1.1" 200 12947 "-" "Mozilla/5.0 (compatible; DotBot/1.2; +https://opensiteexplorer.org/dotbot; help@moz.com)"
216.244.66.203 - - [19/Jul/2023:19:43:10 +0200] "GET /pmwiki/pmwiki.php/PmWiki/Directives?action=diff&source=y&minor=n HTTP/1.1" 200 12874 "-" "Mozilla/5.0 (compatible; DotBot/1.2; +https://opensiteexplorer.org/dotbot; help@moz.com)"
216.244.66.203 - - [19/Jul/2023:19:43:15 +0200] "GET /pmwiki/pmwiki.php/PmWiki/WikiStructure?action=diff&source=n&minor=y HTTP/1.1" 200 12929 "-" "Mozilla/5.0 (compatible; DotBot/1.2; +https://opensiteexplorer.org/dotbot; help@moz.com)"
216.244.66.203 - - [19/Jul/2023:19:43:19 +0200] "GET /pmwiki/pmwiki.php/Profiles/FMCikk?action=diff&source=y&minor=n HTTP/1.1" 200 12837 "-" "Mozilla/5.0 (compatible; DotBot/1.2; +https://opensiteexplorer.org/dotbot; help@moz.com)"
216.244.66.203 - - [19/Jul/2023:19:43:22 +0200] "GET /pmwiki/pmwiki.php/Profiles/Mag?action=diff&source=n&minor=y HTTP/1.1" 200 12783 "-" "Mozilla/5.0 (compatible; DotBot/1.2; +https://opensiteexplorer.org/dotbot; help@moz.com)"
216.244.66.203 - - [19/Jul/2023:19:43:25 +0200] "GET /pmwiki/pmwiki.php/Profiles/Mikei?action=diff&source=y&minor=n HTTP/1.1" 200 12819 "-" "Mozilla/5.0 (compatible; DotBot/1.2; +https://opensiteexplorer.org/dotbot; help@moz.com)"
185.191.171.26 - - [19/Jul/2023:19:57:40 +0200] "GET /robots.txt HTTP/1.1" 404 1181 "-" "Mozilla/5.0 (compatible; SemrushBot/7~bl; +http://www.semrush.com/bot.html)"
185.191.171.8 - - [19/Jul/2023:19:57:41 +0200] "GET /pmwiki/pmwiki.php/Main/Fsn HTTP/1.1" 200 14170 "-" "Mozilla/5.0 (compatible; SemrushBot/7~bl; +http://www.semrush.com/bot.html)"
85.208.96.200 - - [19/Jul/2023:20:13:58 +0200] "GET /pmwiki/pmwiki.php/Main/MitTehetek HTTP/1.1" 200 13755 "-" "Mozilla/5.0 (compatible; SemrushBot/7~bl; +http://www.semrush.com/bot.html)"
54.36.149.97 - - [19/Jul/2023:20:19:20 +0200] "GET /pmwiki/pmwiki.php/Main/GatesMegzsaroltaD%E1ni%E1t?action=print HTTP/1.1" 200 3221 "-" "Mozilla/5.0 (compatible; AhrefsBot/7.0; +http://ahrefs.com/robot/)"
216.244.66.203 - - [19/Jul/2023:20:20:17 +0200] "GET /robots.txt HTTP/1.1" 404 1181 "-" "Mozilla/5.0 (compatible; DotBot/1.2; +https://opensiteexplorer.org/dotbot; help@moz.com)"
185.191.171.7 - - [19/Jul/2023:20:20:34 +0200] "GET /pmwiki/pmwiki.php/Main/BMEKonferencia HTTP/1.1" 200 14864 "-" "Mozilla/5.0 (compatible; SemrushBot/7~bl; +http://www.semrush.com/bot.html)"
49.12.13.109 - - [19/Jul/2023:20:30:15 +0200] "HEAD /pmwiki/pmwiki.php HTTP/1.1" 200 0 "-" "Alert_Alligator_webmonitoring_service_1.6.3_(alertalligator.com)"
216.244.66.203 - - [19/Jul/2023:20:32:38 +0200] "GET /pmwiki/pmwiki.php/PmWiki/I18nVariables?action=diff&source=y&minor=n HTTP/1.1" 200 12929 "-" "Mozilla/5.0 (compatible; DotBot/1.2; +https://opensiteexplorer.org/dotbot; help@moz.com)"
216.244.66.203 - - [19/Jul/2023:20:32:44 +0200] "GET /pmwiki/pmwiki.php/Profiles/IPRjavaslat?action=diff&source=n&minor=y HTTP/1.1" 200 12927 "-" "Mozilla/5.0 (compatible; DotBot/1.2; +https://opensiteexplorer.org/dotbot; help@moz.com)"
216.244.66.203 - - [19/Jul/2023:20:38:03 +0200] "GET /pmwiki/pmwiki.php/PmWiki/WikiAdministrator?action=diff&source=n&minor=y HTTP/1.1" 200 12999 "-" "Mozilla/5.0 (compatible; DotBot/1.2; +https://opensiteexplorer.org/dotbot; help@moz.com)"
85.208.96.194 - - [19/Jul/2023:21:22:33 +0200] "GET /robots.txt HTTP/1.1" 404 1181 "-" "Mozilla/5.0 (compatible; SemrushBot/7~bl; +http://www.semrush.com/bot.html)"
185.191.171.10 - - [19/Jul/2023:21:22:33 +0200] "GET /pmwiki/pmwiki.php/Main/CenZored HTTP/1.1" 200 15129 "-" "Mozilla/5.0 (compatible; SemrushBot/7~bl; +http://www.semrush.com/bot.html)"
49.12.13.109 - - [19/Jul/2023:21:29:18 +0200] "HEAD /pmwiki/pmwiki.php HTTP/1.1" 200 0 "-" "Alert_Alligator_webmonitoring_service_1.6.3_(alertalligator.com)"
185.191.171.13 - - [19/Jul/2023:21:33:55 +0200] "GET /pmwiki/pmwiki.php/Main/Gazdas%E1giOldal HTTP/1.1" 200 19537 "-" "Mozilla/5.0 (compatible; SemrushBot/7~bl; +http://www.semrush.com/bot.html)"
54.36.148.118 - - [19/Jul/2023:21:41:02 +0200] "GET /pmwiki/pmwiki.php/Main/GatesMegzsaroltaD%E1ni%E1t?action=edit HTTP/1.1" 200 12682 "-" "Mozilla/5.0 (compatible; AhrefsBot/7.0; +http://ahrefs.com/robot/)"
216.244.66.203 - - [19/Jul/2023:22:10:40 +0200] "GET /robots.txt HTTP/1.1" 404 1181 "-" "Mozilla/5.0 (compatible; DotBot/1.2; +https://opensiteexplorer.org/dotbot; help@moz.com)"
216.244.66.203 - - [19/Jul/2023:22:22:46 +0200] "GET /pmwiki/pmwiki.php/Emeltdijas/Hu?action=diff&source=n&minor=y HTTP/1.1" 200 14411 "-" "Mozilla/5.0 (compatible; DotBot/1.2; +https://opensiteexplorer.org/dotbot; help@moz.com)"
216.244.66.203 - - [19/Jul/2023:22:22:51 +0200] "GET /pmwiki/pmwiki.php/Profiles/Pm?action=diff&source=y&minor=n HTTP/1.1" 200 12765 "-" "Mozilla/5.0 (compatible; DotBot/1.2; +https://opensiteexplorer.org/dotbot; help@moz.com)"
213.180.203.38 - - [19/Jul/2023:22:26:31 +0200] "GET /robots.txt HTTP/1.1" 404 1181 "-" "Mozilla/5.0 (compatible; YandexBot/3.0; +http://yandex.com/bots)"
87.250.224.226 - - [19/Jul/2023:22:26:32 +0200] "GET /pmwiki/pmwiki.php/Main/AJelenlegiSzerzoiJogiTorveny?action=diff HTTP/1.1" 200 35610 "-" "Mozilla/5.0 (compatible; YandexBot/3.0; +http://yandex.com/bots)"
195.246.120.113 - - [19/Jul/2023:22:28:03 +0200] "GET /pmwiki/pmwiki.php/Main/Linkek HTTP/1.1" 200 28889 "http://swpat.zpok.hu" "Mozilla/5.0 (Windows NT 10.0; Win64; x64) AppleWebKit/537.36 (KHTML, like Gecko) Chrome/62.0.3202.94 Safari/537.36"
212.237.23.143 - - [19/Jul/2023:22:29:57 +0200] "HEAD /pmwiki/pmwiki.php HTTP/1.1" 200 0 "-" "Alert_Alligator_webmonitoring_service_1.6.4_(alertalligator.com)"
95.108.213.148 - - [19/Jul/2023:22:55:35 +0200] "GET /pmwiki/pmwiki.php/Main/CikkekPrivacy?action=diff HTTP/1.1" 200 14574 "-" "Mozilla/5.0 (compatible; YandexBot/3.0; +http://yandex.com/bots)"
216.244.66.203 - - [19/Jul/2023:23:04:28 +0200] "GET /robots.txt HTTP/1.1" 404 1181 "-" "Mozilla/5.0 (compatible; DotBot/1.2; +https://opensiteexplorer.org/dotbot; help@moz.com)"
216.244.66.203 - - [19/Jul/2023:23:14:21 +0200] "GET /pmwiki/pmwiki.php/Main/JuriVelemeny?action=diff&source=y&minor=n HTTP/1.1" 200 27056 "-" "Mozilla/5.0 (compatible; DotBot/1.2; +https://opensiteexplorer.org/dotbot; help@moz.com)"
216.244.66.203 - - [19/Jul/2023:23:14:27 +0200] "GET /pmwiki/pmwiki.php/Main/Marc08essay?action=diff&source=n&minor=y HTTP/1.1" 200 76748 "-" "Mozilla/5.0 (compatible; DotBot/1.2; +https://opensiteexplorer.org/dotbot; help@moz.com)"
216.244.66.203 - - [19/Jul/2023:23:14:32 +0200] "GET /pmwiki/pmwiki.php/Main/MitTehetek?action=diff&source=y&minor=n HTTP/1.1" 200 18913 "-" "Mozilla/5.0 (compatible; DotBot/1.2; +https://opensiteexplorer.org/dotbot; help@moz.com)"
216.244.66.203 - - [19/Jul/2023:23:14:36 +0200] "GET /pmwiki/pmwiki.php/Main/RocardEp2?action=diff&source=n&minor=y HTTP/1.1" 200 29492 "-" "Mozilla/5.0 (compatible; DotBot/1.2; +https://opensiteexplorer.org/dotbot; help@moz.com)"
49.12.13.109 - - [19/Jul/2023:23:28:58 +0200] "HEAD /pmwiki/pmwiki.php HTTP/1.1" 200 0 "-" "Alert_Alligator_webmonitoring_service_1.6.3_(alertalligator.com)"
85.208.96.199 - - [19/Jul/2023:23:29:05 +0200] "GET /robots.txt HTTP/1.1" 404 1181 "-" "Mozilla/5.0 (compatible; SemrushBot/7~bl; +http://www.semrush.com/bot.html)"
85.208.96.195 - - [19/Jul/2023:23:29:05 +0200] "GET /pmwiki/pmwiki.php/Main/WikiSandbox?from=PmWiki.WikiSandbox HTTP/1.1" 200 12279 "-" "Mozilla/5.0 (compatible; SemrushBot/7~bl; +http://www.semrush.com/bot.html)"
17.241.75.78 - - [19/Jul/2023:23:45:08 +0200] "GET /robots.txt HTTP/1.1" 404 1181 "-" "Mozilla/5.0 (Macintosh; Intel Mac OS X 10_15_5) AppleWebKit/605.1.15 (KHTML, like Gecko) Version/13.1.1 Safari/605.1.15 (Applebot/0.1; +http://www.apple.com/go/applebot)"
17.241.75.78 - - [19/Jul/2023:23:45:09 +0200] "GET /favicon.ico HTTP/1.1" 404 1181 "-" "Mozilla/5.0 (Macintosh; Intel Mac OS X 10_15_5) AppleWebKit/605.1.15 (KHTML, like Gecko) Version/13.1.1 Safari/605.1.15 (Applebot/0.1; +http://www.apple.com/go/applebot)"
5.45.207.177 - - [19/Jul/2023:23:58:40 +0200] "GET /robots.txt HTTP/1.1" 404 1181 "-" "Mozilla/5.0 (compatible; YandexBot/3.0; +http://yandex.com/bots)"
5.255.231.26 - - [19/Jul/2023:23:58:41 +0200] "GET /pmwiki/pmwiki.php/Main/Cikkek?action=print HTTP/1.1" 200 57345 "-" "Mozilla/5.0 (compatible; YandexBot/3.0; +http://yandex.com/bots)"
49.12.13.109 - - [20/Jul/2023:00:28:00 +0200] "HEAD /pmwiki/pmwiki.php HTTP/1.1" 200 0 "-" "Alert_Alligator_webmonitoring_service_1.6.3_(alertalligator.com)"
13.214.14.8 - - [20/Jul/2023:00:51:53 +0200] "GET /robots.txt HTTP/1.1" 404 1181 "-" "Mozilla/5.0 (Linux; Android 5.0) AppleWebKit/537.36 (KHTML, like Gecko) Mobile Safari/537.36 (compatible; Bytespider; spider-feedback@bytedance.com)"
3.0.231.199 - - [20/Jul/2023:00:52:14 +0200] "GET /pmwiki/pmwiki.php/PmWiki/UpgradingFromPmWiki1?action=print HTTP/1.1" 200 8755 "-" "Mozilla/5.0 (Linux; Android 5.0) AppleWebKit/537.36 (KHTML, like Gecko) Mobile Safari/537.36 (compatible; Bytespider; spider-feedback@bytedance.com)"
3.0.231.199 - - [20/Jul/2023:00:52:15 +0200] "GET /pmwiki/pub/skins/print/print.css HTTP/1.1" 200 1598 "http://swpat.zpok.hu/pmwiki/pmwiki.php/PmWiki/UpgradingFromPmWiki1?action=print" "Mozilla/5.0 (Linux; Android 5.0) AppleWebKit/537.36 (KHTML, like Gecko) Mobile Safari/537.36 (compatible; Bytespider; spider-feedback@bytedance.com)"
216.244.66.203 - - [20/Jul/2023:00:54:23 +0200] "GET /robots.txt HTTP/1.1" 404 1181 "-" "Mozilla/5.0 (compatible; DotBot/1.2; +https://opensiteexplorer.org/dotbot; help@moz.com)"
58.96.40.129 - - [20/Jul/2023:00:56:19 +0200] "GET /robots.txt HTTP/1.1" 404 1181 "-" "Mozilla/5.0 (Linux; Android 8.0; Pixel 2 Build/OPD3.170816.012) AppleWebKit/537.36 (KHTML, like Gecko) Chrome/39.0.1680.1929 Mobile Safari/537.36"
216.244.66.203 - - [20/Jul/2023:01:10:39 +0200] "GET /pmwiki/pmwiki.php/Cookbook/EditBar?action=diff&source=y&minor=n HTTP/1.1" 200 12855 "-" "Mozilla/5.0 (compatible; DotBot/1.2; +https://opensiteexplorer.org/dotbot; help@moz.com)"
49.12.13.109 - - [20/Jul/2023:01:27:06 +0200] "HEAD /pmwiki/pmwiki.php HTTP/1.1" 200 0 "-" "Alert_Alligator_webmonitoring_service_1.6.3_(alertalligator.com)"
54.36.148.163 - - [20/Jul/2023:01:44:07 +0200] "GET /pmwiki/pmwiki.php/Main/Marc08essay HTTP/1.1" 200 18792 "-" "Mozilla/5.0 (compatible; AhrefsBot/7.0; +http://ahrefs.com/robot/)"
110.249.201.246 - - [20/Jul/2023:01:48:01 +0200] "GET /robots.txt HTTP/1.1" 404 1181 "-" "Mozilla/5.0 (Linux; Android 5.0) AppleWebKit/537.36 (KHTML, like Gecko) Mobile Safari/537.36 (compatible; Bytespider; https://zhanzhang.toutiao.com/)"
49.12.13.109 - - [20/Jul/2023:02:26:11 +0200] "HEAD /pmwiki/pmwiki.php HTTP/1.1" 200 0 "-" "Alert_Alligator_webmonitoring_service_1.6.3_(alertalligator.com)"
212.237.51.151 - - [20/Jul/2023:03:10:59 +0200] "HEAD /pmwiki/pmwiki.php HTTP/1.1" 200 0 "-" "Alert_Alligator_webmonitoring_service_1.6.4_(alertalligator.com)"
185.191.171.6 - - [20/Jul/2023:03:25:43 +0200] "GET /robots.txt HTTP/1.1" 404 1181 "-" "Mozilla/5.0 (compatible; SemrushBot/7~bl; +http://www.semrush.com/bot.html)"
185.191.171.16 - - [20/Jul/2023:03:25:44 +0200] "GET /pmwiki/pmwiki.php/Main/Linkek HTTP/1.1" 200 28889 "-" "Mozilla/5.0 (compatible; SemrushBot/7~bl; +http://www.semrush.com/bot.html)"
49.12.13.109 - - [20/Jul/2023:04:10:02 +0200] "HEAD /pmwiki/pmwiki.php HTTP/1.1" 200 0 "-" "Alert_Alligator_webmonitoring_service_1.6.3_(alertalligator.com)"
212.237.23.143 - - [20/Jul/2023:05:02:50 +0200] "HEAD /pmwiki/pmwiki.php HTTP/1.1" 200 0 "-" "Alert_Alligator_webmonitoring_service_1.6.4_(alertalligator.com)"
185.191.171.9 - - [20/Jul/2023:05:08:10 +0200] "GET /robots.txt HTTP/1.1" 404 1181 "-" "Mozilla/5.0 (compatible; SemrushBot/7~bl; +http://www.semrush.com/bot.html)"
185.191.171.23 - - [20/Jul/2023:05:08:11 +0200] "GET /pmwiki/pmwiki.php/Main/Telefonon HTTP/1.1" 200 16251 "-" "Mozilla/5.0 (compatible; SemrushBot/7~bl; +http://www.semrush.com/bot.html)"
189.90.39.100 - - [20/Jul/2023:05:18:31 +0200] "GET /shell4.php HTTP/1.1" 404 1181 "https://www.google.com" "Mozilla/5.0 (Windows NT 10.0; WOW64; rv:52.0) Gecko/20100101 Firefox/52.0"
189.90.39.100 - - [20/Jul/2023:05:18:31 +0200] "GET /ups.php HTTP/1.1" 404 1181 "https://www.google.com" "Mozilla/5.0 (Windows NT 10.0; WOW64; rv:52.0) Gecko/20100101 Firefox/52.0"
189.90.39.100 - - [20/Jul/2023:05:18:32 +0200] "GET /ru.php HTTP/1.1" 404 1181 "https://www.google.com" "Mozilla/5.0 (Windows NT 10.0; WOW64; rv:52.0) Gecko/20100101 Firefox/52.0"
189.90.39.100 - - [20/Jul/2023:05:18:33 +0200] "GET /if.php HTTP/1.1" 404 1181 "https://www.google.com" "Mozilla/5.0 (Windows NT 10.0; WOW64; rv:52.0) Gecko/20100101 Firefox/52.0"
189.90.39.100 - - [20/Jul/2023:05:18:33 +0200] "GET /vuln.php HTTP/1.1" 404 1181 "https://www.google.com" "Mozilla/5.0 (Windows NT 10.0; WOW64; rv:52.0) Gecko/20100101 Firefox/52.0"
189.90.39.100 - - [20/Jul/2023:05:18:34 +0200] "GET /fw.php HTTP/1.1" 404 1181 "https://www.google.com" "Mozilla/5.0 (Windows NT 10.0; WOW64; rv:52.0) Gecko/20100101 Firefox/52.0"
189.90.39.100 - - [20/Jul/2023:05:18:35 +0200] "GET /skipper.php HTTP/1.1" 404 1181 "https://www.google.com" "Mozilla/5.0 (Windows NT 10.0; WOW64; rv:52.0) Gecko/20100101 Firefox/52.0"
189.90.39.100 - - [20/Jul/2023:05:18:37 +0200] "GET /skippershell.php HTTP/1.1" 404 1181 "https://www.google.com" "Mozilla/5.0 (Windows NT 10.0; WOW64; rv:52.0) Gecko/20100101 Firefox/52.0"
189.90.39.100 - - [20/Jul/2023:05:18:37 +0200] "GET /tttt.php HTTP/1.1" 404 1181 "https://www.google.com" "Mozilla/5.0 (Windows NT 10.0; WOW64; rv:52.0) Gecko/20100101 Firefox/52.0"
189.90.39.100 - - [20/Jul/2023:05:18:37 +0200] "GET /tshop.php HTTP/1.1" 404 1181 "https://www.google.com" "Mozilla/5.0 (Windows NT 10.0; WOW64; rv:52.0) Gecko/20100101 Firefox/52.0"
189.90.39.100 - - [20/Jul/2023:05:18:39 +0200] "GET /alfa.php HTTP/1.1" 404 1181 "https://www.google.com" "Mozilla/5.0 (Windows NT 10.0; WOW64; rv:52.0) Gecko/20100101 Firefox/52.0"
189.90.39.100 - - [20/Jul/2023:05:18:39 +0200] "GET /shell.php HTTP/1.1" 404 1181 "https://www.google.com" "Mozilla/5.0 (Windows NT 10.0; WOW64; rv:52.0) Gecko/20100101 Firefox/52.0"
189.90.39.100 - - [20/Jul/2023:05:18:41 +0200] "GET /inje3ctor.php HTTP/1.1" 404 1181 "https://www.google.com" "Mozilla/5.0 (Windows NT 10.0; WOW64; rv:52.0) Gecko/20100101 Firefox/52.0"
189.90.39.100 - - [20/Jul/2023:05:18:42 +0200] "GET /saudi.php HTTP/1.1" 404 1181 "https://www.google.com" "Mozilla/5.0 (Windows NT 10.0; WOW64; rv:52.0) Gecko/20100101 Firefox/52.0"
189.90.39.100 - - [20/Jul/2023:05:18:44 +0200] "GET /wso.php HTTP/1.1" 404 1181 "https://www.google.com" "Mozilla/5.0 (Windows NT 10.0; WOW64; rv:52.0) Gecko/20100101 Firefox/52.0"
189.90.39.100 - - [20/Jul/2023:05:18:45 +0200] "GET /alfashell.php HTTP/1.1" 404 1181 "https://www.google.com" "Mozilla/5.0 (Windows NT 10.0; WOW64; rv:52.0) Gecko/20100101 Firefox/52.0"
189.90.39.100 - - [20/Jul/2023:05:18:45 +0200] "GET /my_alfa.php HTTP/1.1" 404 1181 "https://www.google.com" "Mozilla/5.0 (Windows NT 10.0; WOW64; rv:52.0) Gecko/20100101 Firefox/52.0"
189.90.39.100 - - [20/Jul/2023:05:18:46 +0200] "GET /uploader.php HTTP/1.1" 404 1181 "https://www.google.com" "Mozilla/5.0 (Windows NT 10.0; WOW64; rv:52.0) Gecko/20100101 Firefox/52.0"
189.90.39.100 - - [20/Jul/2023:05:18:47 +0200] "GET /up.php HTTP/1.1" 404 1181 "https://www.google.com" "Mozilla/5.0 (Windows NT 10.0; WOW64; rv:52.0) Gecko/20100101 Firefox/52.0"
189.90.39.100 - - [20/Jul/2023:05:18:47 +0200] "GET /hacked.php HTTP/1.1" 404 1181 "https://www.google.com" "Mozilla/5.0 (Windows NT 10.0; WOW64; rv:52.0) Gecko/20100101 Firefox/52.0"
189.90.39.100 - - [20/Jul/2023:05:18:48 +0200] "GET /c99.php HTTP/1.1" 404 1181 "https://www.google.com" "Mozilla/5.0 (Windows NT 10.0; WOW64; rv:52.0) Gecko/20100101 Firefox/52.0"
189.90.39.100 - - [20/Jul/2023:05:18:49 +0200] "GET /priv8.php HTTP/1.1" 404 1181 "https://www.google.com" "Mozilla/5.0 (Windows NT 10.0; WOW64; rv:52.0) Gecko/20100101 Firefox/52.0"
189.90.39.100 - - [20/Jul/2023:05:18:50 +0200] "GET /Navir.php HTTP/1.1" 404 1181 "https://www.google.com" "Mozilla/5.0 (Windows NT 10.0; WOW64; rv:52.0) Gecko/20100101 Firefox/52.0"
189.90.39.100 - - [20/Jul/2023:05:18:50 +0200] "GET /cmd13.php HTTP/1.1" 404 1181 "https://www.google.com" "Mozilla/5.0 (Windows NT 10.0; WOW64; rv:52.0) Gecko/20100101 Firefox/52.0"
189.90.39.100 - - [20/Jul/2023:05:18:51 +0200] "GET /inc20k1.php HTTP/1.1" 404 1181 "https://www.google.com" "Mozilla/5.0 (Windows NT 10.0; WOW64; rv:52.0) Gecko/20100101 Firefox/52.0"
189.90.39.100 - - [20/Jul/2023:05:18:51 +0200] "GET /1index.php HTTP/1.1" 404 1181 "https://www.google.com" "Mozilla/5.0 (Windows NT 10.0; WOW64; rv:52.0) Gecko/20100101 Firefox/52.0"
189.90.39.100 - - [20/Jul/2023:05:18:52 +0200] "GET /404.php HTTP/1.1" 404 1181 "https://www.google.com" "Mozilla/5.0 (Windows NT 10.0; WOW64; rv:52.0) Gecko/20100101 Firefox/52.0"
189.90.39.100 - - [20/Jul/2023:05:18:52 +0200] "GET /swm.php HTTP/1.1" 404 1181 "https://www.google.com" "Mozilla/5.0 (Windows NT 10.0; WOW64; rv:52.0) Gecko/20100101 Firefox/52.0"
189.90.39.100 - - [20/Jul/2023:05:18:54 +0200] "GET /wp.php HTTP/1.1" 404 1181 "https://www.google.com" "Mozilla/5.0 (Windows NT 10.0; WOW64; rv:52.0) Gecko/20100101 Firefox/52.0"
189.90.39.100 - - [20/Jul/2023:05:18:55 +0200] "GET /doc.php HTTP/1.1" 404 1181 "https://www.google.com" "Mozilla/5.0 (Windows NT 10.0; WOW64; rv:52.0) Gecko/20100101 Firefox/52.0"
189.90.39.100 - - [20/Jul/2023:05:18:56 +0200] "GET /shx.php HTTP/1.1" 404 1181 "https://www.google.com" "Mozilla/5.0 (Windows NT 10.0; WOW64; rv:52.0) Gecko/20100101 Firefox/52.0"
189.90.39.100 - - [20/Jul/2023:05:18:57 +0200] "GET /ws.php HTTP/1.1" 404 1181 "https://www.google.com" "Mozilla/5.0 (Windows NT 10.0; WOW64; rv:52.0) Gecko/20100101 Firefox/52.0"
189.90.39.100 - - [20/Jul/2023:05:18:58 +0200] "GET /m.php HTTP/1.1" 404 1181 "https://www.google.com" "Mozilla/5.0 (Windows NT 10.0; WOW64; rv:52.0) Gecko/20100101 Firefox/52.0"
189.90.39.100 - - [20/Jul/2023:05:18:58 +0200] "GET /edit-form.php HTTP/1.1" 404 1181 "https://www.google.com" "Mozilla/5.0 (Windows NT 10.0; WOW64; rv:52.0) Gecko/20100101 Firefox/52.0"
189.90.39.100 - - [20/Jul/2023:05:18:59 +0200] "GET /LEAF.php HTTP/1.1" 404 1181 "https://www.google.com" "Mozilla/5.0 (Windows NT 10.0; WOW64; rv:52.0) Gecko/20100101 Firefox/52.0"
189.90.39.100 - - [20/Jul/2023:05:19:00 +0200] "GET /leafmailer.php HTTP/1.1" 404 1181 "https://www.google.com" "Mozilla/5.0 (Windows NT 10.0; WOW64; rv:52.0) Gecko/20100101 Firefox/52.0"
189.90.39.100 - - [20/Jul/2023:05:19:00 +0200] "GET /mailer.php HTTP/1.1" 404 1181 "https://www.google.com" "Mozilla/5.0 (Windows NT 10.0; WOW64; rv:52.0) Gecko/20100101 Firefox/52.0"
189.90.39.100 - - [20/Jul/2023:05:19:01 +0200] "GET /leafmailer2.8.php HTTP/1.1" 404 1181 "https://www.google.com" "Mozilla/5.0 (Windows NT 10.0; WOW64; rv:52.0) Gecko/20100101 Firefox/52.0"
189.90.39.100 - - [20/Jul/2023:05:19:02 +0200] "GET /Leaf.php HTTP/1.1" 404 1181 "https://www.google.com" "Mozilla/5.0 (Windows NT 10.0; WOW64; rv:52.0) Gecko/20100101 Firefox/52.0"
189.90.39.100 - - [20/Jul/2023:05:19:02 +0200] "GET /leaf.php HTTP/1.1" 404 1181 "https://www.google.com" "Mozilla/5.0 (Windows NT 10.0; WOW64; rv:52.0) Gecko/20100101 Firefox/52.0"
189.90.39.100 - - [20/Jul/2023:05:19:03 +0200] "GET /x.php HTTP/1.1" 404 1181 "https://www.google.com" "Mozilla/5.0 (Windows NT 10.0; WOW64; rv:52.0) Gecko/20100101 Firefox/52.0"
189.90.39.100 - - [20/Jul/2023:05:19:04 +0200] "GET /srx.php HTTP/1.1" 404 1181 "https://www.google.com" "Mozilla/5.0 (Windows NT 10.0; WOW64; rv:52.0) Gecko/20100101 Firefox/52.0"
189.90.39.100 - - [20/Jul/2023:05:19:05 +0200] "GET /1337.php HTTP/1.1" 404 1181 "https://www.google.com" "Mozilla/5.0 (Windows NT 10.0; WOW64; rv:52.0) Gecko/20100101 Firefox/52.0"
189.90.39.100 - - [20/Jul/2023:05:19:06 +0200] "GET /xx.php HTTP/1.1" 404 1181 "https://www.google.com" "Mozilla/5.0 (Windows NT 10.0; WOW64; rv:52.0) Gecko/20100101 Firefox/52.0"
189.90.39.100 - - [20/Jul/2023:05:19:06 +0200] "GET /XxX.php HTTP/1.1" 404 1181 "https://www.google.com" "Mozilla/5.0 (Windows NT 10.0; WOW64; rv:52.0) Gecko/20100101 Firefox/52.0"
189.90.39.100 - - [20/Jul/2023:05:19:08 +0200] "GET /lf.php HTTP/1.1" 404 1181 "https://www.google.com" "Mozilla/5.0 (Windows NT 10.0; WOW64; rv:52.0) Gecko/20100101 Firefox/52.0"
189.90.39.100 - - [20/Jul/2023:05:19:08 +0200] "GET /alex.php HTTP/1.1" 404 1181 "https://www.google.com" "Mozilla/5.0 (Windows NT 10.0; WOW64; rv:52.0) Gecko/20100101 Firefox/52.0"
189.90.39.100 - - [20/Jul/2023:05:19:09 +0200] "GET /new.php HTTP/1.1" 404 1181 "https://www.google.com" "Mozilla/5.0 (Windows NT 10.0; WOW64; rv:52.0) Gecko/20100101 Firefox/52.0"
189.90.39.100 - - [20/Jul/2023:05:19:10 +0200] "GET /marijuana.php HTTP/1.1" 404 1181 "https://www.google.com" "Mozilla/5.0 (Windows NT 10.0; WOW64; rv:52.0) Gecko/20100101 Firefox/52.0"
189.90.39.100 - - [20/Jul/2023:05:19:10 +0200] "GET /gaza.php HTTP/1.1" 404 1181 "https://www.google.com" "Mozilla/5.0 (Windows NT 10.0; WOW64; rv:52.0) Gecko/20100101 Firefox/52.0"
189.90.39.100 - - [20/Jul/2023:05:19:11 +0200] "GET /wp-admin.php HTTP/1.1" 404 1181 "https://www.google.com" "Mozilla/5.0 (Windows NT 10.0; WOW64; rv:52.0) Gecko/20100101 Firefox/52.0"
189.90.39.100 - - [20/Jul/2023:05:19:12 +0200] "GET /3index.php HTTP/1.1" 404 1181 "https://www.google.com" "Mozilla/5.0 (Windows NT 10.0; WOW64; rv:52.0) Gecko/20100101 Firefox/52.0"
189.90.39.100 - - [20/Jul/2023:05:19:13 +0200] "GET /wikindex.php HTTP/1.1" 404 1181 "https://www.google.com" "Mozilla/5.0 (Windows NT 10.0; WOW64; rv:52.0) Gecko/20100101 Firefox/52.0"
189.90.39.100 - - [20/Jul/2023:05:19:14 +0200] "GET /wso1.php HTTP/1.1" 404 1181 "https://www.google.com" "Mozilla/5.0 (Windows NT 10.0; WOW64; rv:52.0) Gecko/20100101 Firefox/52.0"
189.90.39.100 - - [20/Jul/2023:05:19:15 +0200] "GET /bb.php HTTP/1.1" 404 1181 "https://www.google.com" "Mozilla/5.0 (Windows NT 10.0; WOW64; rv:52.0) Gecko/20100101 Firefox/52.0"
189.90.39.100 - - [20/Jul/2023:05:19:15 +0200] "GET /Lux.php HTTP/1.1" 404 1181 "https://www.google.com" "Mozilla/5.0 (Windows NT 10.0; WOW64; rv:52.0) Gecko/20100101 Firefox/52.0"
189.90.39.100 - - [20/Jul/2023:05:19:16 +0200] "GET /haxor.php HTTP/1.1" 404 1181 "https://www.google.com" "Mozilla/5.0 (Windows NT 10.0; WOW64; rv:52.0) Gecko/20100101 Firefox/52.0"
110.249.202.158 - - [20/Jul/2023:05:40:21 +0200] "GET /robots.txt HTTP/1.1" 404 1181 "-" "Mozilla/5.0 (Linux; Android 5.0) AppleWebKit/537.36 (KHTML, like Gecko) Mobile Safari/537.36 (compatible; Bytespider; https://zhanzhang.toutiao.com/)"
212.237.51.151 - - [20/Jul/2023:05:46:30 +0200] "HEAD /pmwiki/pmwiki.php HTTP/1.1" 200 0 "-" "Alert_Alligator_webmonitoring_service_1.6.4_(alertalligator.com)"
185.191.171.9 - - [20/Jul/2023:06:19:44 +0200] "GET /robots.txt HTTP/1.1" 404 1181 "-" "Mozilla/5.0 (compatible; SemrushBot/7~bl; +http://www.semrush.com/bot.html)"
185.191.171.16 - - [20/Jul/2023:06:19:45 +0200] "GET /pmwiki/pmwiki.php/Main/DRMMunkacsoport HTTP/1.1" 200 12700 "-" "Mozilla/5.0 (compatible; SemrushBot/7~bl; +http://www.semrush.com/bot.html)"
85.208.96.201 - - [20/Jul/2023:06:27:17 +0200] "GET /pmwiki/pmwiki.php/Main/2005M%E1rcius8 HTTP/1.1" 200 30044 "-" "Mozilla/5.0 (compatible; SemrushBot/7~bl; +http://www.semrush.com/bot.html)"
49.12.13.109 - - [20/Jul/2023:06:45:35 +0200] "HEAD /pmwiki/pmwiki.php HTTP/1.1" 200 0 "-" "Alert_Alligator_webmonitoring_service_1.6.3_(alertalligator.com)"
216.244.66.203 - - [20/Jul/2023:07:16:58 +0200] "GET /robots.txt HTTP/1.1" 404 1181 "-" "Mozilla/5.0 (compatible; DotBot/1.2; +https://opensiteexplorer.org/dotbot; help@moz.com)"
158.101.151.135 - - [20/Jul/2023:07:25:50 +0200] "GET /repeater.php HTTP/1.1" 404 1181 "-" "Mozilla/5.0 (Linux; Android 7.0; SM-G892A Build/NRD90M; wv) AppleWebKit/537.36 (KHTML, like Gecko) Version/4.0 Chrome/60.0.3112.107 Mobile Safari/537.36"
158.101.151.135 - - [20/Jul/2023:07:25:50 +0200] "GET /admin.php HTTP/1.1" 404 1181 "-" "Mozilla/5.0 (Linux; Android 7.0; SM-G892A Build/NRD90M; wv) AppleWebKit/537.36 (KHTML, like Gecko) Version/4.0 Chrome/60.0.3112.107 Mobile Safari/537.36"
158.101.151.135 - - [20/Jul/2023:07:25:51 +0200] "GET /wp-admin/css/colors/coffee/index.php HTTP/1.1" 404 1181 "-" "Mozilla/5.0 (Linux; Android 7.0; SM-G892A Build/NRD90M; wv) AppleWebKit/537.36 (KHTML, like Gecko) Version/4.0 Chrome/60.0.3112.107 Mobile Safari/537.36"
158.101.151.135 - - [20/Jul/2023:07:25:51 +0200] "GET /wp-admin/ngetes.php HTTP/1.1" 404 1181 "-" "Mozilla/5.0 (Linux; Android 7.0; SM-G892A Build/NRD90M; wv) AppleWebKit/537.36 (KHTML, like Gecko) Version/4.0 Chrome/60.0.3112.107 Mobile Safari/537.36"
212.237.51.151 - - [20/Jul/2023:07:30:19 +0200] "HEAD /pmwiki/pmwiki.php HTTP/1.1" 200 0 "-" "Alert_Alligator_webmonitoring_service_1.6.4_(alertalligator.com)"
51.222.253.5 - - [20/Jul/2023:07:37:33 +0200] "GET /robots.txt HTTP/1.1" 404 1181 "-" "Mozilla/5.0 (compatible; AhrefsBot/7.0; +http://ahrefs.com/robot/)"
54.36.148.226 - - [20/Jul/2023:07:37:34 +0200] "GET /pmwiki/pmwiki.php/Main/Tud%E1smonop%F3lium?action=edit HTTP/1.1" 200 12566 "-" "Mozilla/5.0 (compatible; AhrefsBot/7.0; +http://ahrefs.com/robot/)"
195.191.219.131 - - [20/Jul/2023:07:39:20 +0200] "GET /robots.txt HTTP/1.1" 404 1181 "-" "Mozilla/5.0 (compatible; MJ12bot/v1.4.8; http://mj12bot.com/)"
195.191.219.131 - - [20/Jul/2023:07:39:21 +0200] "GET / HTTP/1.1" 302 5 "-" "Mozilla/5.0 (compatible; MJ12bot/v1.4.8; http://mj12bot.com/)"
195.191.219.131 - - [20/Jul/2023:07:39:24 +0200] "GET /pmwiki/pmwiki.php HTTP/1.1" 200 37269 "-" "Mozilla/5.0 (compatible; MJ12bot/v1.4.8; http://mj12bot.com/)"
195.191.219.131 - - [20/Jul/2023:07:39:26 +0200] "GET /pmwiki/pmwiki.php HTTP/1.1" 200 37269 "-" "Mozilla/5.0 (compatible; MJ12bot/v1.4.8; http://mj12bot.com/)"
216.244.66.203 - - [20/Jul/2023:07:39:48 +0200] "GET /pmwiki/pmwiki.php/Main/Power?action=diff&source=n&minor=y HTTP/1.1" 200 21611 "-" "Mozilla/5.0 (compatible; DotBot/1.2; +https://opensiteexplorer.org/dotbot; help@moz.com)"
49.12.13.109 - - [20/Jul/2023:08:29:25 +0200] "HEAD /pmwiki/pmwiki.php HTTP/1.1" 200 0 "-" "Alert_Alligator_webmonitoring_service_1.6.3_(alertalligator.com)"
212.237.53.115 - - [20/Jul/2023:09:15:50 +0200] "HEAD /pmwiki/pmwiki.php HTTP/1.1" 200 0 "-" "Alert_Alligator_webmonitoring_service_1.6.4_(alertalligator.com)"
212.237.51.151 - - [20/Jul/2023:09:57:47 +0200] "HEAD /pmwiki/pmwiki.php HTTP/1.1" 200 0 "-" "Alert_Alligator_webmonitoring_service_1.6.4_(alertalligator.com)"
216.244.66.203 - - [20/Jul/2023:10:01:57 +0200] "GET /robots.txt HTTP/1.1" 404 1181 "-" "Mozilla/5.0 (compatible; DotBot/1.2; +https://opensiteexplorer.org/dotbot; help@moz.com)"
54.36.148.39 - - [20/Jul/2023:10:11:28 +0200] "GET /pmwiki/pmwiki.php/Main/Google?action=edit HTTP/1.1" 200 12366 "-" "Mozilla/5.0 (compatible; AhrefsBot/7.0; +http://ahrefs.com/robot/)"
216.244.66.203 - - [20/Jul/2023:10:20:37 +0200] "GET /pmwiki/pmwiki.php/Main/2004Augusztus18?action=diff&source=n&minor=y HTTP/1.1" 200 14665 "-" "Mozilla/5.0 (compatible; DotBot/1.2; +https://opensiteexplorer.org/dotbot; help@moz.com)"
216.244.66.203 - - [20/Jul/2023:10:20:42 +0200] "GET /pmwiki/pmwiki.php/Profiles/Leforditando?action=diff&source=n&minor=y HTTP/1.1" 200 12945 "-" "Mozilla/5.0 (compatible; DotBot/1.2; +https://opensiteexplorer.org/dotbot; help@moz.com)"
212.237.51.151 - - [20/Jul/2023:10:42:13 +0200] "HEAD /pmwiki/pmwiki.php HTTP/1.1" 200 0 "-" "Alert_Alligator_webmonitoring_service_1.6.4_(alertalligator.com)"
216.244.66.203 - - [20/Jul/2023:10:56:54 +0200] "GET /robots.txt HTTP/1.1" 404 1181 "-" "Mozilla/5.0 (compatible; DotBot/1.2; +https://opensiteexplorer.org/dotbot; help@moz.com)"
216.244.66.203 - - [20/Jul/2023:11:12:11 +0200] "GET /pmwiki/pmwiki.php/Main/Nyilatkozat?action=diff&source=y&minor=n HTTP/1.1" 200 20888 "-" "Mozilla/5.0 (compatible; DotBot/1.2; +https://opensiteexplorer.org/dotbot; help@moz.com)"
216.244.66.203 - - [20/Jul/2023:11:12:16 +0200] "GET /pmwiki/pmwiki.php/PmWiki/MailPosts?action=diff&source=y&minor=n HTTP/1.1" 200 12857 "-" "Mozilla/5.0 (compatible; DotBot/1.2; +https://opensiteexplorer.org/dotbot; help@moz.com)"
216.244.66.203 - - [20/Jul/2023:11:12:20 +0200] "GET /pmwiki/pmwiki.php/PmWiki/SimpleTables?action=diff&source=y&minor=n HTTP/1.1" 200 12910 "-" "Mozilla/5.0 (compatible; DotBot/1.2; +https://opensiteexplorer.org/dotbot; help@moz.com)"
49.12.13.109 - - [20/Jul/2023:11:41:19 +0200] "HEAD /pmwiki/pmwiki.php HTTP/1.1" 200 0 "-" "Alert_Alligator_webmonitoring_service_1.6.3_(alertalligator.com)"
49.12.13.109 - - [20/Jul/2023:12:40:20 +0200] "HEAD /pmwiki/pmwiki.php HTTP/1.1" 200 0 "-" "Alert_Alligator_webmonitoring_service_1.6.3_(alertalligator.com)"
54.36.149.89 - - [20/Jul/2023:12:55:09 +0200] "GET /pmwiki/pmwiki.php/Main/Feb09PR HTTP/1.1" 200 15257 "-" "Mozilla/5.0 (compatible; AhrefsBot/7.0; +http://ahrefs.com/robot/)"
212.237.51.151 - - [20/Jul/2023:13:25:22 +0200] "HEAD /pmwiki/pmwiki.php HTTP/1.1" 200 0 "-" "Alert_Alligator_webmonitoring_service_1.6.4_(alertalligator.com)"
110.249.201.139 - - [20/Jul/2023:13:25:53 +0200] "GET /robots.txt HTTP/1.1" 404 1181 "-" "Mozilla/5.0 (Linux; Android 5.0) AppleWebKit/537.36 (KHTML, like Gecko) Mobile Safari/537.36 (compatible; Bytespider; https://zhanzhang.toutiao.com/)"
209.126.151.122 - - [20/Jul/2023:13:53:50 +0200] "GET / HTTP/1.1" 302 5 "-" "axios/0.19.2"
209.126.151.122 - - [20/Jul/2023:13:54:27 +0200] "GET /pmwiki/pmwiki.php HTTP/1.1" 200 37269 "-" "axios/0.19.2"
212.237.53.115 - - [20/Jul/2023:14:14:15 +0200] "HEAD /pmwiki/pmwiki.php HTTP/1.1" 200 0 "-" "Alert_Alligator_webmonitoring_service_1.6.4_(alertalligator.com)"
95.108.213.226 - - [20/Jul/2023:14:42:17 +0200] "GET /robots.txt HTTP/1.1" 404 1181 "-" "Mozilla/5.0 (compatible; YandexBot/3.0; +http://yandex.com/bots)"
213.180.203.13 - - [20/Jul/2023:14:42:17 +0200] "GET /pmwiki/pmwiki.php/Main/JogiOldal?action=edit HTTP/1.1" 200 12418 "-" "Mozilla/5.0 (compatible; YandexBot/3.0; +http://yandex.com/bots)"
54.36.148.191 - - [20/Jul/2023:14:55:14 +0200] "GET /pmwiki/pmwiki.php/Main/Telefonon HTTP/1.1" 200 16251 "-" "Mozilla/5.0 (compatible; AhrefsBot/7.0; +http://ahrefs.com/robot/)"
4.240.11.95 - - [20/Jul/2023:15:04:10 +0200] "GET /wp-admin/css/ HTTP/1.1" 404 1181 "binance.com" "Mozilla/5.0 (Windows NT 10.0; Win64; x64) AppleWebKit/537.36 (KHTML, like Gecko) Chrome/90.0.4430.85 Safari/537.36"
4.240.11.95 - - [20/Jul/2023:15:04:18 +0200] "GET /.well-known/ HTTP/1.1" 404 1181 "binance.com" "Mozilla/5.0 (Windows NT 10.0; Win64; x64) AppleWebKit/537.36 (KHTML, like Gecko) Chrome/90.0.4430.85 Safari/537.36"
212.237.23.143 - - [20/Jul/2023:15:04:23 +0200] "HEAD /pmwiki/pmwiki.php HTTP/1.1" 200 0 "-" "Alert_Alligator_webmonitoring_service_1.6.4_(alertalligator.com)"
4.240.11.95 - - [20/Jul/2023:15:04:25 +0200] "GET /sites/default/files/ HTTP/1.1" 404 1181 "binance.com" "Mozilla/5.0 (Windows NT 10.0; Win64; x64) AppleWebKit/537.36 (KHTML, like Gecko) Chrome/90.0.4430.85 Safari/537.36"
4.240.11.95 - - [20/Jul/2023:15:04:32 +0200] "GET /admin/controller/extension/extension/ HTTP/1.1" 404 1181 "binance.com" "Mozilla/5.0 (Windows NT 10.0; Win64; x64) AppleWebKit/537.36 (KHTML, like Gecko) Chrome/90.0.4430.85 Safari/537.36"
4.240.11.95 - - [20/Jul/2023:15:04:53 +0200] "GET /uploads/ HTTP/1.1" 404 1181 "binance.com" "Mozilla/5.0 (Windows NT 10.0; Win64; x64) AppleWebKit/537.36 (KHTML, like Gecko) Chrome/90.0.4430.85 Safari/537.36"
4.240.11.95 - - [20/Jul/2023:15:05:01 +0200] "GET /images/ HTTP/1.1" 404 1181 "binance.com" "Mozilla/5.0 (Windows NT 10.0; Win64; x64) AppleWebKit/537.36 (KHTML, like Gecko) Chrome/90.0.4430.85 Safari/537.36"
4.240.11.95 - - [20/Jul/2023:15:05:08 +0200] "GET /files/ HTTP/1.1" 404 1181 "binance.com" "Mozilla/5.0 (Windows NT 10.0; Win64; x64) AppleWebKit/537.36 (KHTML, like Gecko) Chrome/90.0.4430.85 Safari/537.36"
45.133.172.54 - - [20/Jul/2023:15:10:41 +0200] "GET /pmwiki/pmwiki.php/Main/Linkek HTTP/1.1" 200 28889 "http://swpat.zpok.hu" "Mozilla/5.0 (Windows NT 10.0; Win64; x64) AppleWebKit/537.36 (KHTML, like Gecko) Chrome/62.0.3202.94 Safari/537.36"
212.237.53.115 - - [20/Jul/2023:15:48:46 +0200] "HEAD /pmwiki/pmwiki.php HTTP/1.1" 200 0 "-" "Alert_Alligator_webmonitoring_service_1.6.4_(alertalligator.com)"
54.36.148.229 - - [20/Jul/2023:15:56:38 +0200] "GET /pmwiki/pmwiki.php/Main/CenZored HTTP/1.1" 200 15129 "-" "Mozilla/5.0 (compatible; AhrefsBot/7.0; +http://ahrefs.com/robot/)"
216.244.66.203 - - [20/Jul/2023:16:24:07 +0200] "GET /robots.txt HTTP/1.1" 404 1181 "-" "Mozilla/5.0 (compatible; DotBot/1.2; +https://opensiteexplorer.org/dotbot; help@moz.com)"
193.227.5.25 - - [20/Jul/2023:16:31:42 +0200] "GET / HTTP/1.1" 302 5 "-" "Mozilla/5.0 (Windows; U; Windows NT 5.1; en-US; rv:1.9.2) Gecko/20100115 Firefox/3.6"
193.227.5.25 - - [20/Jul/2023:16:31:43 +0200] "GET /pmwiki/pmwiki.php HTTP/1.1" 200 37269 "-" "Mozilla/5.0 (Windows; U; Windows NT 5.1; en-US; rv:1.9.2) Gecko/20100115 Firefox/3.6"
193.227.5.25 - - [20/Jul/2023:16:31:43 +0200] "GET / HTTP/1.1" 302 5 "-" "Mozilla/5.0 (Windows; U; Windows NT 5.1; en-US; rv:1.9.2) Gecko/20100115 Firefox/3.6"
193.227.5.25 - - [20/Jul/2023:16:31:43 +0200] "GET /pmwiki/pmwiki.php HTTP/1.1" 200 37269 "-" "Mozilla/5.0 (Windows; U; Windows NT 5.1; en-US; rv:1.9.2) Gecko/20100115 Firefox/3.6"
193.227.5.25 - - [20/Jul/2023:16:34:35 +0200] "GET / HTTP/1.1" 302 5 "-" "Mozilla/5.0 (Windows; U; Windows NT 5.1; en-US; rv:1.9.2) Gecko/20100115 Firefox/3.6"
193.227.5.25 - - [20/Jul/2023:16:34:36 +0200] "GET /pmwiki/pmwiki.php HTTP/1.1" 200 37269 "-" "Mozilla/5.0 (Windows; U; Windows NT 5.1; en-US; rv:1.9.2) Gecko/20100115 Firefox/3.6"
193.227.5.25 - - [20/Jul/2023:16:34:36 +0200] "GET / HTTP/1.1" 302 5 "-" "Mozilla/5.0 (Windows; U; Windows NT 5.1; en-US; rv:1.9.2) Gecko/20100115 Firefox/3.6"
193.227.5.25 - - [20/Jul/2023:16:34:37 +0200] "GET /pmwiki/pmwiki.php HTTP/1.1" 200 37269 "-" "Mozilla/5.0 (Windows; U; Windows NT 5.1; en-US; rv:1.9.2) Gecko/20100115 Firefox/3.6"
212.237.53.115 - - [20/Jul/2023:16:40:29 +0200] "HEAD /pmwiki/pmwiki.php HTTP/1.1" 200 0 "-" "Alert_Alligator_webmonitoring_service_1.6.4_(alertalligator.com)"
216.244.66.203 - - [20/Jul/2023:16:50:25 +0200] "GET /pmwiki/pmwiki.php/Main/MitTehetek?action=diff&source=n&minor=y HTTP/1.1" 200 26258 "-" "Mozilla/5.0 (compatible; DotBot/1.2; +https://opensiteexplorer.org/dotbot; help@moz.com)"
216.244.66.203 - - [20/Jul/2023:16:50:31 +0200] "GET /pmwiki/pmwiki.php/Profiles/Eve?action=diff&source=y&minor=n HTTP/1.1" 200 12783 "-" "Mozilla/5.0 (compatible; DotBot/1.2; +https://opensiteexplorer.org/dotbot; help@moz.com)"
64.124.8.41 - - [20/Jul/2023:16:52:07 +0200] "GET /robots.txt HTTP/1.1" 404 1181 "-" "Mozilla/5.0 (X11; Linux x86_64) AppleWebKit/537.36 (KHTML, like Gecko) Chrome/61.0.3163.79 Safari/537.36"
64.124.8.41 - - [20/Jul/2023:16:52:07 +0200] "GET /pmwiki/pmwiki.php/PmWiki/Variables HTTP/1.1" 200 30130 "-" "Mozilla/5.0 (X11; Linux x86_64) AppleWebKit/537.36 (KHTML, like Gecko) Chrome/61.0.3163.79 Safari/537.36"
64.124.8.41 - - [20/Jul/2023:16:59:04 +0200] "GET /pmwiki/pmwiki.php/Profiles HTTP/1.1" 404 11982 "-" "Mozilla/5.0 (X11; Linux x86_64) AppleWebKit/537.36 (KHTML, like Gecko) Chrome/61.0.3163.79 Safari/537.36"
110.93.150.39 - - [20/Jul/2023:16:59:17 +0200] "GET /robots.txt HTTP/1.1" 404 1181 "-" "Mozilla/5.0 (compatible; Yeti/1.1; +https://naver.me/spd)"
114.111.32.132 - - [20/Jul/2023:16:59:19 +0200] "GET / HTTP/1.1" 302 5 "-" "Mozilla/5.0 (compatible; Yeti/1.1; +https://naver.me/spd)"
114.111.32.132 - - [20/Jul/2023:16:59:21 +0200] "GET /pmwiki/pmwiki.php HTTP/1.1" 200 37269 "-" "Mozilla/5.0 (compatible; Yeti/1.1; +https://naver.me/spd)"
95.108.213.96 - - [20/Jul/2023:17:14:01 +0200] "GET /robots.txt HTTP/1.1" 404 1181 "-" "Mozilla/5.0 (compatible; YandexBot/3.0; +http://yandex.com/bots)"
5.255.231.202 - - [20/Jul/2023:17:14:01 +0200] "GET /pmwiki/pmwiki.php/Main/Cache?action=print HTTP/1.1" 200 6932 "-" "Mozilla/5.0 (compatible; YandexBot/3.0; +http://yandex.com/bots)"
64.124.8.41 - - [20/Jul/2023:17:39:31 +0200] "GET /pmwiki/pmwiki.php/Main/Marc07PR HTTP/1.1" 200 14243 "-" "Mozilla/5.0 (X11; Linux x86_64) AppleWebKit/537.36 (KHTML, like Gecko) Chrome/61.0.3163.79 Safari/537.36"
