195.191.219.131 - - [10/Apr/2025:08:04:39 +0200] "GET /pmwiki/pmwiki.php/Main/Nyilatkozat?action=diff HTTP/1.1" 403 30 "-" "Mozilla/5.0 (compatible; MJ12bot/v2.0.0; http://mj12bot.com/)"
195.191.219.132 - - [10/Apr/2025:08:04:40 +0200] "GET /pmwiki/pmwiki.php/Main/CenZored?action=print HTTP/1.1" 403 30 "-" "Mozilla/5.0 (compatible; MJ12bot/v2.0.0; http://mj12bot.com/)"
195.191.219.131 - - [10/Apr/2025:08:04:41 +0200] "GET /pmwiki/pmwiki.php/Main/Nyilatkozat?action=edit HTTP/1.1" 403 30 "-" "Mozilla/5.0 (compatible; MJ12bot/v2.0.0; http://mj12bot.com/)"
195.191.219.132 - - [10/Apr/2025:08:04:41 +0200] "GET /pmwiki/pmwiki.php/Main/CenZored?action=upload HTTP/1.1" 403 30 "-" "Mozilla/5.0 (compatible; MJ12bot/v2.0.0; http://mj12bot.com/)"
195.191.219.131 - - [10/Apr/2025:08:04:42 +0200] "GET /pmwiki/pmwiki.php/Main/Nyilatkozat?action=print HTTP/1.1" 403 30 "-" "Mozilla/5.0 (compatible; MJ12bot/v2.0.0; http://mj12bot.com/)"
195.191.219.132 - - [10/Apr/2025:08:04:42 +0200] "GET /pmwiki/pmwiki.php/Main/CenZored?action=upload&upname=wiki.png HTTP/1.1" 403 30 "-" "Mozilla/5.0 (compatible; MJ12bot/v2.0.0; http://mj12bot.com/)"
195.191.219.131 - - [10/Apr/2025:08:04:43 +0200] "GET /pmwiki/pmwiki.php/Main/Nyilatkozat?action=upload HTTP/1.1" 403 30 "-" "Mozilla/5.0 (compatible; MJ12bot/v2.0.0; http://mj12bot.com/)"
195.191.219.132 - - [10/Apr/2025:08:04:43 +0200] "GET /pmwiki/pmwiki.php/Main/Comission-negatesDemocracy HTTP/1.1" 200 16717 "-" "Mozilla/5.0 (compatible; MJ12bot/v2.0.0; http://mj12bot.com/)"
195.191.219.131 - - [10/Apr/2025:08:04:44 +0200] "GET /pmwiki/pmwiki.php/Main/Nyilatkozat?action=upload&upname=wiki.png HTTP/1.1" 403 30 "-" "Mozilla/5.0 (compatible; MJ12bot/v2.0.0; http://mj12bot.com/)"
195.191.219.132 - - [10/Apr/2025:08:04:44 +0200] "GET /pmwiki/pmwiki.php/Main/Comission-negatesDemocracy?action=diff HTTP/1.1" 403 30 "-" "Mozilla/5.0 (compatible; MJ12bot/v2.0.0; http://mj12bot.com/)"
195.191.219.131 - - [10/Apr/2025:08:04:45 +0200] "GET /pmwiki/pmwiki.php/Main/PDF417 HTTP/1.1" 200 29642 "-" "Mozilla/5.0 (compatible; MJ12bot/v2.0.0; http://mj12bot.com/)"
195.191.219.132 - - [10/Apr/2025:08:04:45 +0200] "GET /pmwiki/pmwiki.php/Main/Comission-negatesDemocracy?action=edit HTTP/1.1" 403 30 "-" "Mozilla/5.0 (compatible; MJ12bot/v2.0.0; http://mj12bot.com/)"
195.191.219.131 - - [10/Apr/2025:08:04:46 +0200] "GET /pmwiki/pmwiki.php/Main/PDF417?action=diff HTTP/1.1" 403 30 "-" "Mozilla/5.0 (compatible; MJ12bot/v2.0.0; http://mj12bot.com/)"
195.191.219.132 - - [10/Apr/2025:08:04:46 +0200] "GET /pmwiki/pmwiki.php/Main/Comission-negatesDemocracy?action=print HTTP/1.1" 403 30 "-" "Mozilla/5.0 (compatible; MJ12bot/v2.0.0; http://mj12bot.com/)"
195.191.219.131 - - [10/Apr/2025:08:04:47 +0200] "GET /pmwiki/pmwiki.php/Main/PDF417?action=edit HTTP/1.1" 403 30 "-" "Mozilla/5.0 (compatible; MJ12bot/v2.0.0; http://mj12bot.com/)"
195.191.219.132 - - [10/Apr/2025:08:04:47 +0200] "GET /pmwiki/pmwiki.php/Main/Comission-negatesDemocracy?action=upload&upname=wiki.png HTTP/1.1" 403 30 "-" "Mozilla/5.0 (compatible; MJ12bot/v2.0.0; http://mj12bot.com/)"
195.191.219.131 - - [10/Apr/2025:08:04:48 +0200] "GET /pmwiki/pmwiki.php/Main/PDF417?action=print HTTP/1.1" 403 30 "-" "Mozilla/5.0 (compatible; MJ12bot/v2.0.0; http://mj12bot.com/)"
195.191.219.132 - - [10/Apr/2025:08:04:48 +0200] "GET /pmwiki/pmwiki.php/Main/Cutts HTTP/1.1" 200 31570 "-" "Mozilla/5.0 (compatible; MJ12bot/v2.0.0; http://mj12bot.com/)"
195.191.219.131 - - [10/Apr/2025:08:04:49 +0200] "GET /pmwiki/pmwiki.php/Main/PDF417?action=upload HTTP/1.1" 403 30 "-" "Mozilla/5.0 (compatible; MJ12bot/v2.0.0; http://mj12bot.com/)"
195.191.219.132 - - [10/Apr/2025:08:04:49 +0200] "GET /pmwiki/pmwiki.php/Main/Cutts?action=diff HTTP/1.1" 403 30 "-" "Mozilla/5.0 (compatible; MJ12bot/v2.0.0; http://mj12bot.com/)"
195.191.219.131 - - [10/Apr/2025:08:04:50 +0200] "GET /pmwiki/pmwiki.php/Main/PDF417?action=upload&upname=wiki.png HTTP/1.1" 403 30 "-" "Mozilla/5.0 (compatible; MJ12bot/v2.0.0; http://mj12bot.com/)"
195.191.219.132 - - [10/Apr/2025:08:04:50 +0200] "GET /pmwiki/pmwiki.php/Main/Cutts?action=edit HTTP/1.1" 403 30 "-" "Mozilla/5.0 (compatible; MJ12bot/v2.0.0; http://mj12bot.com/)"
195.191.219.132 - - [10/Apr/2025:08:04:51 +0200] "GET /pmwiki/pmwiki.php/Main/Cutts?action=print HTTP/1.1" 403 30 "-" "Mozilla/5.0 (compatible; MJ12bot/v2.0.0; http://mj12bot.com/)"
195.191.219.131 - - [10/Apr/2025:08:04:51 +0200] "GET /pmwiki/pmwiki.php/Main/Power HTTP/1.1" 200 20204 "-" "Mozilla/5.0 (compatible; MJ12bot/v2.0.0; http://mj12bot.com/)"
195.191.219.131 - - [10/Apr/2025:08:04:52 +0200] "GET /pmwiki/pmwiki.php/Main/Power?action=diff HTTP/1.1" 403 30 "-" "Mozilla/5.0 (compatible; MJ12bot/v2.0.0; http://mj12bot.com/)"
195.191.219.132 - - [10/Apr/2025:08:04:52 +0200] "GET /pmwiki/pmwiki.php/Main/Cutts?action=upload HTTP/1.1" 403 30 "-" "Mozilla/5.0 (compatible; MJ12bot/v2.0.0; http://mj12bot.com/)"
195.191.219.131 - - [10/Apr/2025:08:04:53 +0200] "GET /pmwiki/pmwiki.php/Main/Power?action=edit HTTP/1.1" 403 30 "-" "Mozilla/5.0 (compatible; MJ12bot/v2.0.0; http://mj12bot.com/)"
195.191.219.132 - - [10/Apr/2025:08:04:53 +0200] "GET /pmwiki/pmwiki.php/Main/Cutts?action=upload&upname=wiki.png HTTP/1.1" 403 30 "-" "Mozilla/5.0 (compatible; MJ12bot/v2.0.0; http://mj12bot.com/)"
195.191.219.131 - - [10/Apr/2025:08:04:54 +0200] "GET /pmwiki/pmwiki.php/Main/Power?action=print HTTP/1.1" 403 30 "-" "Mozilla/5.0 (compatible; MJ12bot/v2.0.0; http://mj12bot.com/)"
195.191.219.132 - - [10/Apr/2025:08:04:54 +0200] "GET /pmwiki/pmwiki.php/Main/DRMMunkacsoport?action=diff HTTP/1.1" 403 30 "-" "Mozilla/5.0 (compatible; MJ12bot/v2.0.0; http://mj12bot.com/)"
195.191.219.131 - - [10/Apr/2025:08:04:55 +0200] "GET /pmwiki/pmwiki.php/Main/Power?action=upload HTTP/1.1" 403 30 "-" "Mozilla/5.0 (compatible; MJ12bot/v2.0.0; http://mj12bot.com/)"
195.191.219.132 - - [10/Apr/2025:08:04:55 +0200] "GET /pmwiki/pmwiki.php/Main/DRMMunkacsoport?action=print HTTP/1.1" 403 30 "-" "Mozilla/5.0 (compatible; MJ12bot/v2.0.0; http://mj12bot.com/)"
195.191.219.131 - - [10/Apr/2025:08:04:56 +0200] "GET /pmwiki/pmwiki.php/Main/Power?action=upload&upname=wiki.png HTTP/1.1" 403 30 "-" "Mozilla/5.0 (compatible; MJ12bot/v2.0.0; http://mj12bot.com/)"
195.191.219.132 - - [10/Apr/2025:08:04:56 +0200] "GET /pmwiki/pmwiki.php/Main/DRMMunkacsoport?action=upload HTTP/1.1" 403 30 "-" "Mozilla/5.0 (compatible; MJ12bot/v2.0.0; http://mj12bot.com/)"
195.191.219.132 - - [10/Apr/2025:08:04:57 +0200] "GET /pmwiki/pmwiki.php/Main/DRMMunkacsoport?action=upload&upname=wiki.png HTTP/1.1" 403 30 "-" "Mozilla/5.0 (compatible; MJ12bot/v2.0.0; http://mj12bot.com/)"
195.191.219.131 - - [10/Apr/2025:08:04:57 +0200] "GET /pmwiki/pmwiki.php/Main/Rocard HTTP/1.1" 200 17404 "-" "Mozilla/5.0 (compatible; MJ12bot/v2.0.0; http://mj12bot.com/)"
195.191.219.131 - - [10/Apr/2025:08:04:58 +0200] "GET /pmwiki/pmwiki.php/Main/Rocard?action=diff HTTP/1.1" 403 30 "-" "Mozilla/5.0 (compatible; MJ12bot/v2.0.0; http://mj12bot.com/)"
195.191.219.132 - - [10/Apr/2025:08:04:58 +0200] "GET /pmwiki/pmwiki.php/Main/EztMondjukNekik HTTP/1.1" 200 14106 "-" "Mozilla/5.0 (compatible; MJ12bot/v2.0.0; http://mj12bot.com/)"
195.191.219.131 - - [10/Apr/2025:08:04:59 +0200] "GET /pmwiki/pmwiki.php/Main/Rocard?action=edit HTTP/1.1" 403 30 "-" "Mozilla/5.0 (compatible; MJ12bot/v2.0.0; http://mj12bot.com/)"
195.191.219.132 - - [10/Apr/2025:08:04:59 +0200] "GET /pmwiki/pmwiki.php/Main/EztMondjukNekik?action=diff HTTP/1.1" 403 30 "-" "Mozilla/5.0 (compatible; MJ12bot/v2.0.0; http://mj12bot.com/)"
195.191.219.131 - - [10/Apr/2025:08:05:00 +0200] "GET /pmwiki/pmwiki.php/Main/Rocard?action=print HTTP/1.1" 403 30 "-" "Mozilla/5.0 (compatible; MJ12bot/v2.0.0; http://mj12bot.com/)"
195.191.219.132 - - [10/Apr/2025:08:05:00 +0200] "GET /pmwiki/pmwiki.php/Main/EztMondjukNekik?action=edit HTTP/1.1" 403 30 "-" "Mozilla/5.0 (compatible; MJ12bot/v2.0.0; http://mj12bot.com/)"
195.191.219.131 - - [10/Apr/2025:08:05:01 +0200] "GET /pmwiki/pmwiki.php/Main/Rocard?action=upload HTTP/1.1" 403 30 "-" "Mozilla/5.0 (compatible; MJ12bot/v2.0.0; http://mj12bot.com/)"
195.191.219.132 - - [10/Apr/2025:08:05:01 +0200] "GET /pmwiki/pmwiki.php/Main/EztMondjukNekik?action=print HTTP/1.1" 403 30 "-" "Mozilla/5.0 (compatible; MJ12bot/v2.0.0; http://mj12bot.com/)"
195.191.219.131 - - [10/Apr/2025:08:05:02 +0200] "GET /pmwiki/pmwiki.php/Main/Rocard?action=upload&upname=wiki.png HTTP/1.1" 403 30 "-" "Mozilla/5.0 (compatible; MJ12bot/v2.0.0; http://mj12bot.com/)"
195.191.219.132 - - [10/Apr/2025:08:05:02 +0200] "GET /pmwiki/pmwiki.php/Main/EztMondjukNekik?action=upload&upname=wiki.png HTTP/1.1" 403 30 "-" "Mozilla/5.0 (compatible; MJ12bot/v2.0.0; http://mj12bot.com/)"
195.191.219.131 - - [10/Apr/2025:08:05:03 +0200] "GET /pmwiki/pmwiki.php/Main/SMELie HTTP/1.1" 200 13592 "-" "Mozilla/5.0 (compatible; MJ12bot/v2.0.0; http://mj12bot.com/)"
195.191.219.132 - - [10/Apr/2025:08:05:03 +0200] "GET /pmwiki/pmwiki.php/Main/Feb03PR HTTP/1.1" 200 15390 "-" "Mozilla/5.0 (compatible; MJ12bot/v2.0.0; http://mj12bot.com/)"
195.191.219.131 - - [10/Apr/2025:08:05:04 +0200] "GET /pmwiki/pmwiki.php/Main/SMELie?action=diff HTTP/1.1" 403 30 "-" "Mozilla/5.0 (compatible; MJ12bot/v2.0.0; http://mj12bot.com/)"
195.191.219.132 - - [10/Apr/2025:08:05:04 +0200] "GET /pmwiki/pmwiki.php/Main/Feb03PR?action=diff HTTP/1.1" 403 30 "-" "Mozilla/5.0 (compatible; MJ12bot/v2.0.0; http://mj12bot.com/)"
195.191.219.131 - - [10/Apr/2025:08:05:05 +0200] "GET /pmwiki/pmwiki.php/Main/SMELie?action=edit HTTP/1.1" 403 30 "-" "Mozilla/5.0 (compatible; MJ12bot/v2.0.0; http://mj12bot.com/)"
195.191.219.132 - - [10/Apr/2025:08:05:05 +0200] "GET /pmwiki/pmwiki.php/Main/Feb03PR?action=edit HTTP/1.1" 403 30 "-" "Mozilla/5.0 (compatible; MJ12bot/v2.0.0; http://mj12bot.com/)"
195.191.219.131 - - [10/Apr/2025:08:05:06 +0200] "GET /pmwiki/pmwiki.php/Main/SMELie?action=print HTTP/1.1" 403 30 "-" "Mozilla/5.0 (compatible; MJ12bot/v2.0.0; http://mj12bot.com/)"
195.191.219.132 - - [10/Apr/2025:08:05:06 +0200] "GET /pmwiki/pmwiki.php/Main/Feb03PR?action=print HTTP/1.1" 403 30 "-" "Mozilla/5.0 (compatible; MJ12bot/v2.0.0; http://mj12bot.com/)"
195.191.219.131 - - [10/Apr/2025:08:05:07 +0200] "GET /pmwiki/pmwiki.php/Main/SMELie?action=upload HTTP/1.1" 403 30 "-" "Mozilla/5.0 (compatible; MJ12bot/v2.0.0; http://mj12bot.com/)"
195.191.219.132 - - [10/Apr/2025:08:05:07 +0200] "GET /pmwiki/pmwiki.php/Main/Feb03PR?action=upload&upname=wiki.png HTTP/1.1" 403 30 "-" "Mozilla/5.0 (compatible; MJ12bot/v2.0.0; http://mj12bot.com/)"
195.191.219.131 - - [10/Apr/2025:08:05:08 +0200] "GET /pmwiki/pmwiki.php/Main/SMELie?action=upload&upname=wiki.png HTTP/1.1" 403 30 "-" "Mozilla/5.0 (compatible; MJ12bot/v2.0.0; http://mj12bot.com/)"
195.191.219.132 - - [10/Apr/2025:08:05:08 +0200] "GET /pmwiki/pmwiki.php/Main/Feb08PR HTTP/1.1" 200 17785 "-" "Mozilla/5.0 (compatible; MJ12bot/v2.0.0; http://mj12bot.com/)"
195.191.219.132 - - [10/Apr/2025:08:05:09 +0200] "GET /pmwiki/pmwiki.php/Main/Feb08PR?action=diff HTTP/1.1" 403 30 "-" "Mozilla/5.0 (compatible; MJ12bot/v2.0.0; http://mj12bot.com/)"
195.191.219.131 - - [10/Apr/2025:08:05:09 +0200] "GET /pmwiki/pmwiki.php/Main/SearchWiki HTTP/1.1" 200 13669 "-" "Mozilla/5.0 (compatible; MJ12bot/v2.0.0; http://mj12bot.com/)"
195.191.219.131 - - [10/Apr/2025:08:05:10 +0200] "GET /pmwiki/pmwiki.php/Main/SearchWiki?action=diff HTTP/1.1" 403 30 "-" "Mozilla/5.0 (compatible; MJ12bot/v2.0.0; http://mj12bot.com/)"
195.191.219.132 - - [10/Apr/2025:08:05:10 +0200] "GET /pmwiki/pmwiki.php/Main/Feb08PR?action=print HTTP/1.1" 403 30 "-" "Mozilla/5.0 (compatible; MJ12bot/v2.0.0; http://mj12bot.com/)"
195.191.219.131 - - [10/Apr/2025:08:05:11 +0200] "GET /pmwiki/pmwiki.php/Main/SearchWiki?action=edit HTTP/1.1" 403 30 "-" "Mozilla/5.0 (compatible; MJ12bot/v2.0.0; http://mj12bot.com/)"
195.191.219.132 - - [10/Apr/2025:08:05:11 +0200] "GET /pmwiki/pmwiki.php/Main/Feb08PR?action=upload HTTP/1.1" 403 30 "-" "Mozilla/5.0 (compatible; MJ12bot/v2.0.0; http://mj12bot.com/)"
195.191.219.131 - - [10/Apr/2025:08:05:12 +0200] "GET /pmwiki/pmwiki.php/Main/SearchWiki?action=print HTTP/1.1" 403 30 "-" "Mozilla/5.0 (compatible; MJ12bot/v2.0.0; http://mj12bot.com/)"
195.191.219.132 - - [10/Apr/2025:08:05:12 +0200] "GET /pmwiki/pmwiki.php/Main/Feb08PR?action=upload&upname=wiki.png HTTP/1.1" 403 30 "-" "Mozilla/5.0 (compatible; MJ12bot/v2.0.0; http://mj12bot.com/)"
195.191.219.131 - - [10/Apr/2025:08:05:13 +0200] "GET /pmwiki/pmwiki.php/Main/SearchWiki?action=upload HTTP/1.1" 403 30 "-" "Mozilla/5.0 (compatible; MJ12bot/v2.0.0; http://mj12bot.com/)"
195.191.219.132 - - [10/Apr/2025:08:05:13 +0200] "GET /pmwiki/pmwiki.php/Main/Feb09PR HTTP/1.1" 200 15257 "-" "Mozilla/5.0 (compatible; MJ12bot/v2.0.0; http://mj12bot.com/)"
195.191.219.131 - - [10/Apr/2025:08:05:14 +0200] "GET /pmwiki/pmwiki.php/Main/SearchWiki?action=upload&upname=wiki.png HTTP/1.1" 403 30 "-" "Mozilla/5.0 (compatible; MJ12bot/v2.0.0; http://mj12bot.com/)"
195.191.219.132 - - [10/Apr/2025:08:05:14 +0200] "GET /pmwiki/pmwiki.php/Main/Feb09PR?action=diff HTTP/1.1" 403 30 "-" "Mozilla/5.0 (compatible; MJ12bot/v2.0.0; http://mj12bot.com/)"
195.191.219.131 - - [10/Apr/2025:08:05:15 +0200] "GET /pmwiki/pmwiki.php/Main/SideBar HTTP/1.1" 200 18306 "-" "Mozilla/5.0 (compatible; MJ12bot/v2.0.0; http://mj12bot.com/)"
195.191.219.132 - - [10/Apr/2025:08:05:15 +0200] "GET /pmwiki/pmwiki.php/Main/Feb09PR?action=edit HTTP/1.1" 403 30 "-" "Mozilla/5.0 (compatible; MJ12bot/v2.0.0; http://mj12bot.com/)"
195.191.219.131 - - [10/Apr/2025:08:05:16 +0200] "GET /pmwiki/pmwiki.php/Main/SideBar?action=diff HTTP/1.1" 403 30 "-" "Mozilla/5.0 (compatible; MJ12bot/v2.0.0; http://mj12bot.com/)"
195.191.219.132 - - [10/Apr/2025:08:05:16 +0200] "GET /pmwiki/pmwiki.php/Main/Feb09PR?action=print HTTP/1.1" 403 30 "-" "Mozilla/5.0 (compatible; MJ12bot/v2.0.0; http://mj12bot.com/)"
195.191.219.131 - - [10/Apr/2025:08:05:17 +0200] "GET /pmwiki/pmwiki.php/Main/SideBar?action=print HTTP/1.1" 403 30 "-" "Mozilla/5.0 (compatible; MJ12bot/v2.0.0; http://mj12bot.com/)"
195.191.219.132 - - [10/Apr/2025:08:05:17 +0200] "GET /pmwiki/pmwiki.php/Main/Feb09PR?action=upload HTTP/1.1" 403 30 "-" "Mozilla/5.0 (compatible; MJ12bot/v2.0.0; http://mj12bot.com/)"
195.191.219.131 - - [10/Apr/2025:08:05:18 +0200] "GET /pmwiki/pmwiki.php/Main/SideBar?action=upload HTTP/1.1" 403 30 "-" "Mozilla/5.0 (compatible; MJ12bot/v2.0.0; http://mj12bot.com/)"
195.191.219.132 - - [10/Apr/2025:08:05:18 +0200] "GET /pmwiki/pmwiki.php/Main/Feb09PR?action=upload&upname=wiki.png HTTP/1.1" 403 30 "-" "Mozilla/5.0 (compatible; MJ12bot/v2.0.0; http://mj12bot.com/)"
195.191.219.131 - - [10/Apr/2025:08:05:19 +0200] "GET /pmwiki/pmwiki.php/Main/SideBar?action=upload&upname=wiki.png HTTP/1.1" 403 30 "-" "Mozilla/5.0 (compatible; MJ12bot/v2.0.0; http://mj12bot.com/)"
195.191.219.132 - - [10/Apr/2025:08:05:19 +0200] "GET /pmwiki/pmwiki.php/Main/Fsn HTTP/1.1" 200 14170 "-" "Mozilla/5.0 (compatible; MJ12bot/v2.0.0; http://mj12bot.com/)"
195.191.219.131 - - [10/Apr/2025:08:05:20 +0200] "GET /pmwiki/pmwiki.php/Main/SzoftverSzabadalmak?action=diff HTTP/1.1" 403 30 "-" "Mozilla/5.0 (compatible; MJ12bot/v2.0.0; http://mj12bot.com/)"
195.191.219.132 - - [10/Apr/2025:08:05:20 +0200] "GET /pmwiki/pmwiki.php/Main/Fsn?action=diff HTTP/1.1" 403 30 "-" "Mozilla/5.0 (compatible; MJ12bot/v2.0.0; http://mj12bot.com/)"
195.191.219.131 - - [10/Apr/2025:08:05:21 +0200] "GET /pmwiki/pmwiki.php/Main/SzoftverSzabadalmak?action=edit HTTP/1.1" 403 30 "-" "Mozilla/5.0 (compatible; MJ12bot/v2.0.0; http://mj12bot.com/)"
195.191.219.132 - - [10/Apr/2025:08:05:21 +0200] "GET /pmwiki/pmwiki.php/Main/Fsn?action=edit HTTP/1.1" 403 30 "-" "Mozilla/5.0 (compatible; MJ12bot/v2.0.0; http://mj12bot.com/)"
195.191.219.131 - - [10/Apr/2025:08:05:22 +0200] "GET /pmwiki/pmwiki.php/Main/SzoftverSzabadalmak?action=print HTTP/1.1" 403 30 "-" "Mozilla/5.0 (compatible; MJ12bot/v2.0.0; http://mj12bot.com/)"
195.191.219.132 - - [10/Apr/2025:08:05:22 +0200] "GET /pmwiki/pmwiki.php/Main/Fsn?action=print HTTP/1.1" 403 30 "-" "Mozilla/5.0 (compatible; MJ12bot/v2.0.0; http://mj12bot.com/)"
195.191.219.131 - - [10/Apr/2025:08:05:22 +0200] "GET /pmwiki/pmwiki.php/Main/SzoftverSzabadalmak?action=upload HTTP/1.1" 403 30 "-" "Mozilla/5.0 (compatible; MJ12bot/v2.0.0; http://mj12bot.com/)"
195.191.219.132 - - [10/Apr/2025:08:05:23 +0200] "GET /pmwiki/pmwiki.php/Main/Fsn?action=upload HTTP/1.1" 403 30 "-" "Mozilla/5.0 (compatible; MJ12bot/v2.0.0; http://mj12bot.com/)"
195.191.219.131 - - [10/Apr/2025:08:05:24 +0200] "GET /pmwiki/pmwiki.php/Main/SzoftverSzabadalmak?action=upload&upname=wiki.png HTTP/1.1" 403 30 "-" "Mozilla/5.0 (compatible; MJ12bot/v2.0.0; http://mj12bot.com/)"
195.191.219.132 - - [10/Apr/2025:08:05:24 +0200] "GET /pmwiki/pmwiki.php/Main/Fsn?action=upload&upname=wiki.png HTTP/1.1" 403 30 "-" "Mozilla/5.0 (compatible; MJ12bot/v2.0.0; http://mj12bot.com/)"
195.191.219.131 - - [10/Apr/2025:08:05:25 +0200] "GET /pmwiki/pmwiki.php/Main/TRIPSLie HTTP/1.1" 200 12874 "-" "Mozilla/5.0 (compatible; MJ12bot/v2.0.0; http://mj12bot.com/)"
195.191.219.132 - - [10/Apr/2025:08:05:25 +0200] "GET /pmwiki/pmwiki.php/Main/HomePage?action=diff&source=n&minor=n HTTP/1.1" 403 30 "-" "Mozilla/5.0 (compatible; MJ12bot/v2.0.0; http://mj12bot.com/)"
195.191.219.131 - - [10/Apr/2025:08:05:25 +0200] "GET /pmwiki/pmwiki.php/Main/TRIPSLie?action=diff HTTP/1.1" 403 30 "-" "Mozilla/5.0 (compatible; MJ12bot/v2.0.0; http://mj12bot.com/)"
195.191.219.132 - - [10/Apr/2025:08:05:26 +0200] "GET /pmwiki/pmwiki.php/Main/HomePage?action=diff&source=y&minor=n HTTP/1.1" 403 30 "-" "Mozilla/5.0 (compatible; MJ12bot/v2.0.0; http://mj12bot.com/)"
195.191.219.131 - - [10/Apr/2025:08:05:27 +0200] "GET /pmwiki/pmwiki.php/Main/TRIPSLie?action=edit HTTP/1.1" 403 30 "-" "Mozilla/5.0 (compatible; MJ12bot/v2.0.0; http://mj12bot.com/)"
195.191.219.132 - - [10/Apr/2025:08:05:27 +0200] "GET /pmwiki/pmwiki.php/Main/HomePage?action=diff&source=y&minor=y HTTP/1.1" 403 30 "-" "Mozilla/5.0 (compatible; MJ12bot/v2.0.0; http://mj12bot.com/)"
195.191.219.131 - - [10/Apr/2025:08:05:28 +0200] "GET /pmwiki/pmwiki.php/Main/TRIPSLie?action=print HTTP/1.1" 403 30 "-" "Mozilla/5.0 (compatible; MJ12bot/v2.0.0; http://mj12bot.com/)"
195.191.219.132 - - [10/Apr/2025:08:05:28 +0200] "GET /pmwiki/pmwiki.php/Main/HomePage?action=edit&restore=diff:1107862502:1102061492:&preview=y HTTP/1.1" 403 30 "-" "Mozilla/5.0 (compatible; MJ12bot/v2.0.0; http://mj12bot.com/)"
195.191.219.131 - - [10/Apr/2025:08:05:28 +0200] "GET /pmwiki/pmwiki.php/Main/TRIPSLie?action=upload HTTP/1.1" 403 30 "-" "Mozilla/5.0 (compatible; MJ12bot/v2.0.0; http://mj12bot.com/)"
195.191.219.132 - - [10/Apr/2025:08:05:29 +0200] "GET /pmwiki/pmwiki.php/Main/HomePage?action=edit&restore=diff:1107862863:1107862502:&preview=y HTTP/1.1" 403 30 "-" "Mozilla/5.0 (compatible; MJ12bot/v2.0.0; http://mj12bot.com/)"
195.191.219.131 - - [10/Apr/2025:08:05:30 +0200] "GET /pmwiki/pmwiki.php/Main/TRIPSLie?action=upload&upname=wiki.png HTTP/1.1" 403 30 "-" "Mozilla/5.0 (compatible; MJ12bot/v2.0.0; http://mj12bot.com/)"
195.191.219.132 - - [10/Apr/2025:08:05:30 +0200] "GET /pmwiki/pmwiki.php/Main/HomePage?action=edit&restore=diff:1107863698:1107862863:&preview=y HTTP/1.1" 403 30 "-" "Mozilla/5.0 (compatible; MJ12bot/v2.0.0; http://mj12bot.com/)"
195.191.219.131 - - [10/Apr/2025:08:05:31 +0200] "GET /pmwiki/pmwiki.php/Main/Todo HTTP/1.1" 200 12537 "-" "Mozilla/5.0 (compatible; MJ12bot/v2.0.0; http://mj12bot.com/)"
195.191.219.132 - - [10/Apr/2025:08:05:31 +0200] "GET /pmwiki/pmwiki.php/Main/HomePage?action=edit&restore=diff:1107865557:1107863698:minor&preview=y HTTP/1.1" 403 30 "-" "Mozilla/5.0 (compatible; MJ12bot/v2.0.0; http://mj12bot.com/)"
195.191.219.131 - - [10/Apr/2025:08:05:32 +0200] "GET /pmwiki/pmwiki.php/Main/Todo?action=diff HTTP/1.1" 403 30 "-" "Mozilla/5.0 (compatible; MJ12bot/v2.0.0; http://mj12bot.com/)"
195.191.219.132 - - [10/Apr/2025:08:05:32 +0200] "GET /pmwiki/pmwiki.php/Main/HomePage?action=edit&restore=diff:1107866378:1107865557:&preview=y HTTP/1.1" 403 30 "-" "Mozilla/5.0 (compatible; MJ12bot/v2.0.0; http://mj12bot.com/)"
195.191.219.131 - - [10/Apr/2025:08:05:33 +0200] "GET /pmwiki/pmwiki.php/Main/Todo?action=edit HTTP/1.1" 403 30 "-" "Mozilla/5.0 (compatible; MJ12bot/v2.0.0; http://mj12bot.com/)"
195.191.219.132 - - [10/Apr/2025:08:05:33 +0200] "GET /pmwiki/pmwiki.php/Main/HomePage?action=edit&restore=diff:1107875006:1107866378:&preview=y HTTP/1.1" 403 30 "-" "Mozilla/5.0 (compatible; MJ12bot/v2.0.0; http://mj12bot.com/)"
195.191.219.131 - - [10/Apr/2025:08:05:34 +0200] "GET /pmwiki/pmwiki.php/Main/Todo?action=print HTTP/1.1" 403 30 "-" "Mozilla/5.0 (compatible; MJ12bot/v2.0.0; http://mj12bot.com/)"
195.191.219.132 - - [10/Apr/2025:08:05:34 +0200] "GET /pmwiki/pmwiki.php/Main/HomePage?action=edit&restore=diff:1107876303:1107875006:&preview=y HTTP/1.1" 403 30 "-" "Mozilla/5.0 (compatible; MJ12bot/v2.0.0; http://mj12bot.com/)"
195.191.219.131 - - [10/Apr/2025:08:05:35 +0200] "GET /pmwiki/pmwiki.php/Main/Todo?action=upload HTTP/1.1" 403 30 "-" "Mozilla/5.0 (compatible; MJ12bot/v2.0.0; http://mj12bot.com/)"
195.191.219.132 - - [10/Apr/2025:08:05:35 +0200] "GET /pmwiki/pmwiki.php/Main/HomePage?action=edit&restore=diff:1108152658:1107876303:&preview=y HTTP/1.1" 403 30 "-" "Mozilla/5.0 (compatible; MJ12bot/v2.0.0; http://mj12bot.com/)"
195.191.219.131 - - [10/Apr/2025:08:05:36 +0200] "GET /pmwiki/pmwiki.php/Main/Todo?action=upload&upname=wiki.png HTTP/1.1" 403 30 "-" "Mozilla/5.0 (compatible; MJ12bot/v2.0.0; http://mj12bot.com/)"
195.191.219.132 - - [10/Apr/2025:08:05:36 +0200] "GET /pmwiki/pmwiki.php/Main/HomePage?action=edit&restore=diff:1108754653:1108152658:&preview=y HTTP/1.1" 403 30 "-" "Mozilla/5.0 (compatible; MJ12bot/v2.0.0; http://mj12bot.com/)"
195.191.219.131 - - [10/Apr/2025:08:05:37 +0200] "GET /pmwiki/pmwiki.php/Main/ToughLetter HTTP/1.1" 200 16216 "-" "Mozilla/5.0 (compatible; MJ12bot/v2.0.0; http://mj12bot.com/)"
195.191.219.132 - - [10/Apr/2025:08:05:37 +0200] "GET /pmwiki/pmwiki.php/Main/HomePage?action=edit&restore=diff:1108754689:1108754653:&preview=y HTTP/1.1" 403 30 "-" "Mozilla/5.0 (compatible; MJ12bot/v2.0.0; http://mj12bot.com/)"
195.191.219.131 - - [10/Apr/2025:08:05:37 +0200] "GET /pmwiki/pmwiki.php/Main/ToughLetter?action=diff HTTP/1.1" 403 30 "-" "Mozilla/5.0 (compatible; MJ12bot/v2.0.0; http://mj12bot.com/)"
195.191.219.132 - - [10/Apr/2025:08:05:38 +0200] "GET /pmwiki/pmwiki.php/Main/HomePage?action=edit&restore=diff:1110468970:1109325560:&preview=y HTTP/1.1" 403 30 "-" "Mozilla/5.0 (compatible; MJ12bot/v2.0.0; http://mj12bot.com/)"
195.191.219.131 - - [10/Apr/2025:08:05:39 +0200] "GET /pmwiki/pmwiki.php/Main/ToughLetter?action=edit HTTP/1.1" 403 30 "-" "Mozilla/5.0 (compatible; MJ12bot/v2.0.0; http://mj12bot.com/)"
195.191.219.132 - - [10/Apr/2025:08:05:39 +0200] "GET /pmwiki/pmwiki.php/Main/HomePage?action=edit&restore=diff:1110525409:1110468970:&preview=y HTTP/1.1" 403 30 "-" "Mozilla/5.0 (compatible; MJ12bot/v2.0.0; http://mj12bot.com/)"
195.191.219.131 - - [10/Apr/2025:08:05:40 +0200] "GET /pmwiki/pmwiki.php/Main/ToughLetter?action=print HTTP/1.1" 403 30 "-" "Mozilla/5.0 (compatible; MJ12bot/v2.0.0; http://mj12bot.com/)"
195.191.219.132 - - [10/Apr/2025:08:05:40 +0200] "GET /pmwiki/pmwiki.php/Main/HomePage?action=edit&restore=diff:1110531268:1110525409:&preview=y HTTP/1.1" 403 30 "-" "Mozilla/5.0 (compatible; MJ12bot/v2.0.0; http://mj12bot.com/)"
195.191.219.131 - - [10/Apr/2025:08:05:41 +0200] "GET /pmwiki/pmwiki.php/Main/ToughLetter?action=upload HTTP/1.1" 403 30 "-" "Mozilla/5.0 (compatible; MJ12bot/v2.0.0; http://mj12bot.com/)"
195.191.219.132 - - [10/Apr/2025:08:05:41 +0200] "GET /pmwiki/pmwiki.php/Main/HomePage?action=edit&restore=diff:1110531317:1110531300:&preview=y HTTP/1.1" 403 30 "-" "Mozilla/5.0 (compatible; MJ12bot/v2.0.0; http://mj12bot.com/)"
195.191.219.131 - - [10/Apr/2025:08:05:42 +0200] "GET /pmwiki/pmwiki.php/Main/ToughLetter?action=upload&upname=wiki.png HTTP/1.1" 403 30 "-" "Mozilla/5.0 (compatible; MJ12bot/v2.0.0; http://mj12bot.com/)"
195.191.219.132 - - [10/Apr/2025:08:05:42 +0200] "GET /pmwiki/pmwiki.php/Main/HomePage?action=edit&restore=diff:1115108240:1110543897:&preview=y HTTP/1.1" 403 30 "-" "Mozilla/5.0 (compatible; MJ12bot/v2.0.0; http://mj12bot.com/)"
195.191.219.131 - - [10/Apr/2025:08:05:43 +0200] "GET /pmwiki/pmwiki.php/Main/WikiPediaban HTTP/1.1" 200 12009 "-" "Mozilla/5.0 (compatible; MJ12bot/v2.0.0; http://mj12bot.com/)"
195.191.219.132 - - [10/Apr/2025:08:05:43 +0200] "GET /pmwiki/pmwiki.php/Main/HomePage?action=edit&restore=diff:1115110455:1115108240:&preview=y HTTP/1.1" 403 30 "-" "Mozilla/5.0 (compatible; MJ12bot/v2.0.0; http://mj12bot.com/)"
195.191.219.131 - - [10/Apr/2025:08:05:44 +0200] "GET /pmwiki/pmwiki.php/Main/WikiPediaban?action=diff HTTP/1.1" 403 30 "-" "Mozilla/5.0 (compatible; MJ12bot/v2.0.0; http://mj12bot.com/)"
195.191.219.132 - - [10/Apr/2025:08:05:44 +0200] "GET /pmwiki/pmwiki.php/Main/HomePage?action=edit&restore=diff:1115110532:1115110455:&preview=y HTTP/1.1" 403 30 "-" "Mozilla/5.0 (compatible; MJ12bot/v2.0.0; http://mj12bot.com/)"
195.191.219.131 - - [10/Apr/2025:08:05:45 +0200] "GET /pmwiki/pmwiki.php/Main/WikiPediaban?action=edit HTTP/1.1" 403 30 "-" "Mozilla/5.0 (compatible; MJ12bot/v2.0.0; http://mj12bot.com/)"
195.191.219.132 - - [10/Apr/2025:08:05:45 +0200] "GET /pmwiki/pmwiki.php/Main/HomePage?action=edit&restore=diff:1115118797:1115118658:&preview=y HTTP/1.1" 403 30 "-" "Mozilla/5.0 (compatible; MJ12bot/v2.0.0; http://mj12bot.com/)"
195.191.219.131 - - [10/Apr/2025:08:05:46 +0200] "GET /pmwiki/pmwiki.php/Main/WikiPediaban?action=print HTTP/1.1" 403 30 "-" "Mozilla/5.0 (compatible; MJ12bot/v2.0.0; http://mj12bot.com/)"
195.191.219.132 - - [10/Apr/2025:08:05:46 +0200] "GET /pmwiki/pmwiki.php/Main/HomePage?action=edit&restore=diff:1118405459:1115118797:&preview=y HTTP/1.1" 403 30 "-" "Mozilla/5.0 (compatible; MJ12bot/v2.0.0; http://mj12bot.com/)"
195.191.219.131 - - [10/Apr/2025:08:05:47 +0200] "GET /pmwiki/pmwiki.php/Main/WikiPediaban?action=upload HTTP/1.1" 403 30 "-" "Mozilla/5.0 (compatible; MJ12bot/v2.0.0; http://mj12bot.com/)"
195.191.219.132 - - [10/Apr/2025:08:05:47 +0200] "GET /pmwiki/pmwiki.php/Main/HomePage?action=edit&restore=diff:1118535220:1118405459:&preview=y HTTP/1.1" 403 30 "-" "Mozilla/5.0 (compatible; MJ12bot/v2.0.0; http://mj12bot.com/)"
195.191.219.131 - - [10/Apr/2025:08:05:48 +0200] "GET /pmwiki/pmwiki.php/Main/WikiPediaban?action=upload&upname=wiki.png HTTP/1.1" 403 30 "-" "Mozilla/5.0 (compatible; MJ12bot/v2.0.0; http://mj12bot.com/)"
195.191.219.132 - - [10/Apr/2025:08:05:48 +0200] "GET /pmwiki/pmwiki.php/Main/HomePage?action=edit&restore=diff:1118537025:1118535418:&preview=y HTTP/1.1" 403 30 "-" "Mozilla/5.0 (compatible; MJ12bot/v2.0.0; http://mj12bot.com/)"
195.191.219.131 - - [10/Apr/2025:08:05:49 +0200] "GET /pmwiki/pmwiki.php/Main/WikiSandbox?from=PmWiki.WikiSandbox HTTP/1.1" 200 12279 "-" "Mozilla/5.0 (compatible; MJ12bot/v2.0.0; http://mj12bot.com/)"
195.191.219.132 - - [10/Apr/2025:08:05:49 +0200] "GET /pmwiki/pmwiki.php/Main/HomePage?action=edit&restore=diff:1118669126:1118660358:minor&preview=y HTTP/1.1" 403 30 "-" "Mozilla/5.0 (compatible; MJ12bot/v2.0.0; http://mj12bot.com/)"
195.191.219.131 - - [10/Apr/2025:08:05:50 +0200] "GET /pmwiki/pmwiki.php/PmWiki HTTP/1.1" 302 186 "-" "Mozilla/5.0 (compatible; MJ12bot/v2.0.0; http://mj12bot.com/)"
195.191.219.132 - - [10/Apr/2025:08:05:50 +0200] "GET /pmwiki/pmwiki.php/Main/HomePage?action=edit&restore=diff:1118669436:1118669126:&preview=y HTTP/1.1" 403 30 "-" "Mozilla/5.0 (compatible; MJ12bot/v2.0.0; http://mj12bot.com/)"
195.191.219.131 - - [10/Apr/2025:08:05:51 +0200] "GET /pmwiki/pmwiki.php/PmWiki/PmWiki HTTP/1.1" 200 116458 "-" "Mozilla/5.0 (compatible; MJ12bot/v2.0.0; http://mj12bot.com/)"
195.191.219.132 - - [10/Apr/2025:08:05:51 +0200] "GET /pmwiki/pmwiki.php/Main/HomePage?action=edit&restore=diff:1118771423:1118669436:minor&preview=y HTTP/1.1" 403 30 "-" "Mozilla/5.0 (compatible; MJ12bot/v2.0.0; http://mj12bot.com/)"
195.191.219.131 - - [10/Apr/2025:08:05:51 +0200] "GET /pmwiki/pmwiki.php/PmWiki/AdvancedTables HTTP/1.1" 200 18559 "-" "Mozilla/5.0 (compatible; MJ12bot/v2.0.0; http://mj12bot.com/)"
195.191.219.132 - - [10/Apr/2025:08:05:52 +0200] "GET /pmwiki/pmwiki.php/Main/HomePage?action=edit&restore=diff:1118856415:1118771423:&preview=y HTTP/1.1" 403 30 "-" "Mozilla/5.0 (compatible; MJ12bot/v2.0.0; http://mj12bot.com/)"
195.191.219.131 - - [10/Apr/2025:08:05:52 +0200] "GET /pmwiki/pmwiki.php/PmWiki/AdvancedTables?action=diff HTTP/1.1" 403 30 "-" "Mozilla/5.0 (compatible; MJ12bot/v2.0.0; http://mj12bot.com/)"
195.191.219.132 - - [10/Apr/2025:08:05:53 +0200] "GET /pmwiki/pmwiki.php/Main/HomePage?action=edit&restore=diff:1118856443:1118856415:minor&preview=y HTTP/1.1" 403 30 "-" "Mozilla/5.0 (compatible; MJ12bot/v2.0.0; http://mj12bot.com/)"
195.191.219.131 - - [10/Apr/2025:08:05:53 +0200] "GET /pmwiki/pmwiki.php/PmWiki/AdvancedTables?action=edit HTTP/1.1" 403 30 "-" "Mozilla/5.0 (compatible; MJ12bot/v2.0.0; http://mj12bot.com/)"
195.191.219.132 - - [10/Apr/2025:08:05:54 +0200] "GET /pmwiki/pmwiki.php/Main/HomePage?action=edit&restore=diff:1118856464:1118856443:&preview=y HTTP/1.1" 403 30 "-" "Mozilla/5.0 (compatible; MJ12bot/v2.0.0; http://mj12bot.com/)"
195.191.219.131 - - [10/Apr/2025:08:05:54 +0200] "GET /pmwiki/pmwiki.php/PmWiki/AdvancedTables?action=print HTTP/1.1" 403 30 "-" "Mozilla/5.0 (compatible; MJ12bot/v2.0.0; http://mj12bot.com/)"
195.191.219.132 - - [10/Apr/2025:08:05:55 +0200] "GET /pmwiki/pmwiki.php/Main/HomePage?action=edit&restore=diff:1118862694:1118862400:minor&preview=y HTTP/1.1" 403 30 "-" "Mozilla/5.0 (compatible; MJ12bot/v2.0.0; http://mj12bot.com/)"
195.191.219.131 - - [10/Apr/2025:08:05:55 +0200] "GET /pmwiki/pmwiki.php/PmWiki/AdvancedTables?action=upload HTTP/1.1" 403 30 "-" "Mozilla/5.0 (compatible; MJ12bot/v2.0.0; http://mj12bot.com/)"
195.191.219.132 - - [10/Apr/2025:08:05:56 +0200] "GET /pmwiki/pmwiki.php/Main/HomePage?action=edit&restore=diff:1118862872:1118862694:minor&preview=y HTTP/1.1" 403 30 "-" "Mozilla/5.0 (compatible; MJ12bot/v2.0.0; http://mj12bot.com/)"
195.191.219.131 - - [10/Apr/2025:08:05:56 +0200] "GET /pmwiki/pmwiki.php/PmWiki/AdvancedTables?action=upload&upname=wiki.png HTTP/1.1" 403 30 "-" "Mozilla/5.0 (compatible; MJ12bot/v2.0.0; http://mj12bot.com/)"
195.191.219.132 - - [10/Apr/2025:08:05:57 +0200] "GET /pmwiki/pmwiki.php/Main/HomePage?action=edit&restore=diff:1118863092:1118862872:minor&preview=y HTTP/1.1" 403 30 "-" "Mozilla/5.0 (compatible; MJ12bot/v2.0.0; http://mj12bot.com/)"
195.191.219.131 - - [10/Apr/2025:08:05:57 +0200] "GET /pmwiki/pmwiki.php/PmWiki/Audiences HTTP/1.1" 200 16668 "-" "Mozilla/5.0 (compatible; MJ12bot/v2.0.0; http://mj12bot.com/)"
195.191.219.132 - - [10/Apr/2025:08:05:58 +0200] "GET /pmwiki/pmwiki.php/Main/HomePage?action=edit&restore=diff:1118863126:1118863092:minor&preview=y HTTP/1.1" 403 30 "-" "Mozilla/5.0 (compatible; MJ12bot/v2.0.0; http://mj12bot.com/)"
195.191.219.131 - - [10/Apr/2025:08:05:58 +0200] "GET /pmwiki/pmwiki.php/PmWiki/Audiences?action=diff HTTP/1.1" 403 30 "-" "Mozilla/5.0 (compatible; MJ12bot/v2.0.0; http://mj12bot.com/)"
195.191.219.132 - - [10/Apr/2025:08:05:59 +0200] "GET /pmwiki/pmwiki.php/Main/HomePage?action=edit&restore=diff:1118991307:1118863126:&preview=y HTTP/1.1" 403 30 "-" "Mozilla/5.0 (compatible; MJ12bot/v2.0.0; http://mj12bot.com/)"
195.191.219.131 - - [10/Apr/2025:08:05:59 +0200] "GET /pmwiki/pmwiki.php/PmWiki/Audiences?action=edit HTTP/1.1" 403 30 "-" "Mozilla/5.0 (compatible; MJ12bot/v2.0.0; http://mj12bot.com/)"
195.191.219.132 - - [10/Apr/2025:08:06:00 +0200] "GET /pmwiki/pmwiki.php/Main/HomePage?action=edit&restore=diff:1119252632:1118991307:minor&preview=y HTTP/1.1" 403 30 "-" "Mozilla/5.0 (compatible; MJ12bot/v2.0.0; http://mj12bot.com/)"
195.191.219.131 - - [10/Apr/2025:08:06:00 +0200] "GET /pmwiki/pmwiki.php/PmWiki/Audiences?action=print HTTP/1.1" 403 30 "-" "Mozilla/5.0 (compatible; MJ12bot/v2.0.0; http://mj12bot.com/)"
195.191.219.132 - - [10/Apr/2025:08:06:01 +0200] "GET /pmwiki/pmwiki.php/Main/HomePage?action=edit&restore=diff:1119252925:1119252632:minor&preview=y HTTP/1.1" 403 30 "-" "Mozilla/5.0 (compatible; MJ12bot/v2.0.0; http://mj12bot.com/)"
195.191.219.131 - - [10/Apr/2025:08:06:01 +0200] "GET /pmwiki/pmwiki.php/PmWiki/Audiences?action=upload HTTP/1.1" 403 30 "-" "Mozilla/5.0 (compatible; MJ12bot/v2.0.0; http://mj12bot.com/)"
195.191.219.132 - - [10/Apr/2025:08:06:02 +0200] "GET /pmwiki/pmwiki.php/Main/HomePage?action=edit&restore=diff:1119264932:1119252925:&preview=y HTTP/1.1" 403 30 "-" "Mozilla/5.0 (compatible; MJ12bot/v2.0.0; http://mj12bot.com/)"
195.191.219.131 - - [10/Apr/2025:08:06:02 +0200] "GET /pmwiki/pmwiki.php/PmWiki/Audiences?action=upload&upname=wiki.png HTTP/1.1" 403 30 "-" "Mozilla/5.0 (compatible; MJ12bot/v2.0.0; http://mj12bot.com/)"
195.191.219.132 - - [10/Apr/2025:08:06:03 +0200] "GET /pmwiki/pmwiki.php/Main/HomePage?action=edit&restore=diff:1120222329:1119264932:minor&preview=y HTTP/1.1" 403 30 "-" "Mozilla/5.0 (compatible; MJ12bot/v2.0.0; http://mj12bot.com/)"
195.191.219.131 - - [10/Apr/2025:08:06:03 +0200] "GET /pmwiki/pmwiki.php/PmWiki/AuthorTracking HTTP/1.1" 200 13641 "-" "Mozilla/5.0 (compatible; MJ12bot/v2.0.0; http://mj12bot.com/)"
195.191.219.132 - - [10/Apr/2025:08:06:04 +0200] "GET /pmwiki/pmwiki.php/Main/HomePage?action=edit&restore=diff:1120222412:1120222329:minor&preview=y HTTP/1.1" 403 30 "-" "Mozilla/5.0 (compatible; MJ12bot/v2.0.0; http://mj12bot.com/)"
195.191.219.131 - - [10/Apr/2025:08:06:04 +0200] "GET /pmwiki/pmwiki.php/PmWiki/AuthorTracking?action=diff HTTP/1.1" 403 30 "-" "Mozilla/5.0 (compatible; MJ12bot/v2.0.0; http://mj12bot.com/)"
195.191.219.132 - - [10/Apr/2025:08:06:05 +0200] "GET /pmwiki/pmwiki.php/Main/HomePage?action=edit&restore=diff:1120223814:1120222412:minor&preview=y HTTP/1.1" 403 30 "-" "Mozilla/5.0 (compatible; MJ12bot/v2.0.0; http://mj12bot.com/)"
195.191.219.131 - - [10/Apr/2025:08:06:05 +0200] "GET /pmwiki/pmwiki.php/PmWiki/AuthorTracking?action=edit HTTP/1.1" 403 30 "-" "Mozilla/5.0 (compatible; MJ12bot/v2.0.0; http://mj12bot.com/)"
195.191.219.132 - - [10/Apr/2025:08:06:06 +0200] "GET /pmwiki/pmwiki.php/Main/HomePage?action=edit&restore=diff:1120224129:1120223814:minor&preview=y HTTP/1.1" 403 30 "-" "Mozilla/5.0 (compatible; MJ12bot/v2.0.0; http://mj12bot.com/)"
195.191.219.131 - - [10/Apr/2025:08:06:06 +0200] "GET /pmwiki/pmwiki.php/PmWiki/AuthorTracking?action=print HTTP/1.1" 403 30 "-" "Mozilla/5.0 (compatible; MJ12bot/v2.0.0; http://mj12bot.com/)"
195.191.219.132 - - [10/Apr/2025:08:06:07 +0200] "GET /pmwiki/pmwiki.php/Main/HomePage?action=edit&restore=diff:1120224458:1120224129:minor&preview=y HTTP/1.1" 403 30 "-" "Mozilla/5.0 (compatible; MJ12bot/v2.0.0; http://mj12bot.com/)"
195.191.219.131 - - [10/Apr/2025:08:06:07 +0200] "GET /pmwiki/pmwiki.php/PmWiki/AuthorTracking?action=upload HTTP/1.1" 403 30 "-" "Mozilla/5.0 (compatible; MJ12bot/v2.0.0; http://mj12bot.com/)"
195.191.219.132 - - [10/Apr/2025:08:06:08 +0200] "GET /pmwiki/pmwiki.php/Main/HomePage?action=edit&restore=diff:1120224578:1120224458:minor&preview=y HTTP/1.1" 403 30 "-" "Mozilla/5.0 (compatible; MJ12bot/v2.0.0; http://mj12bot.com/)"
195.191.219.131 - - [10/Apr/2025:08:06:08 +0200] "GET /pmwiki/pmwiki.php/PmWiki/AuthorTracking?action=upload&upname=wiki.png HTTP/1.1" 403 30 "-" "Mozilla/5.0 (compatible; MJ12bot/v2.0.0; http://mj12bot.com/)"
195.191.219.132 - - [10/Apr/2025:08:06:09 +0200] "GET /pmwiki/pmwiki.php/Main/HomePage?action=edit&restore=diff:1120335850:1120224578:&preview=y HTTP/1.1" 403 30 "-" "Mozilla/5.0 (compatible; MJ12bot/v2.0.0; http://mj12bot.com/)"
195.191.219.131 - - [10/Apr/2025:08:06:09 +0200] "GET /pmwiki/pmwiki.php/PmWiki/AvailableActions HTTP/1.1" 200 14504 "-" "Mozilla/5.0 (compatible; MJ12bot/v2.0.0; http://mj12bot.com/)"
195.191.219.132 - - [10/Apr/2025:08:06:10 +0200] "GET /pmwiki/pmwiki.php/Main/HomePage?action=edit&restore=diff:1120340302:1120335850:&preview=y HTTP/1.1" 403 30 "-" "Mozilla/5.0 (compatible; MJ12bot/v2.0.0; http://mj12bot.com/)"
195.191.219.131 - - [10/Apr/2025:08:06:10 +0200] "GET /pmwiki/pmwiki.php/PmWiki/AvailableActions?action=diff HTTP/1.1" 403 30 "-" "Mozilla/5.0 (compatible; MJ12bot/v2.0.0; http://mj12bot.com/)"
195.191.219.132 - - [10/Apr/2025:08:06:11 +0200] "GET /pmwiki/pmwiki.php/Main/HomePage?action=edit&restore=diff:1120344024:1120341027:minor&preview=y HTTP/1.1" 403 30 "-" "Mozilla/5.0 (compatible; MJ12bot/v2.0.0; http://mj12bot.com/)"
195.191.219.131 - - [10/Apr/2025:08:06:11 +0200] "GET /pmwiki/pmwiki.php/PmWiki/AvailableActions?action=edit HTTP/1.1" 403 30 "-" "Mozilla/5.0 (compatible; MJ12bot/v2.0.0; http://mj12bot.com/)"
195.191.219.132 - - [10/Apr/2025:08:06:12 +0200] "GET /pmwiki/pmwiki.php/Main/HomePage?action=edit&restore=diff:1120344097:1120344024:minor&preview=y HTTP/1.1" 403 30 "-" "Mozilla/5.0 (compatible; MJ12bot/v2.0.0; http://mj12bot.com/)"
195.191.219.131 - - [10/Apr/2025:08:06:12 +0200] "GET /pmwiki/pmwiki.php/PmWiki/AvailableActions?action=print HTTP/1.1" 403 30 "-" "Mozilla/5.0 (compatible; MJ12bot/v2.0.0; http://mj12bot.com/)"
195.191.219.132 - - [10/Apr/2025:08:06:13 +0200] "GET /pmwiki/pmwiki.php/Main/HomePage?action=edit&restore=diff:1120344349:1120344097:&preview=y HTTP/1.1" 403 30 "-" "Mozilla/5.0 (compatible; MJ12bot/v2.0.0; http://mj12bot.com/)"
195.191.219.131 - - [10/Apr/2025:08:06:13 +0200] "GET /pmwiki/pmwiki.php/PmWiki/AvailableActions?action=upload HTTP/1.1" 403 30 "-" "Mozilla/5.0 (compatible; MJ12bot/v2.0.0; http://mj12bot.com/)"
195.191.219.132 - - [10/Apr/2025:08:06:14 +0200] "GET /pmwiki/pmwiki.php/Main/HomePage?action=edit&restore=diff:1120345145:1120344349:&preview=y HTTP/1.1" 403 30 "-" "Mozilla/5.0 (compatible; MJ12bot/v2.0.0; http://mj12bot.com/)"
195.191.219.131 - - [10/Apr/2025:08:06:14 +0200] "GET /pmwiki/pmwiki.php/PmWiki/AvailableActions?action=upload&upname=wiki.png HTTP/1.1" 403 30 "-" "Mozilla/5.0 (compatible; MJ12bot/v2.0.0; http://mj12bot.com/)"
195.191.219.132 - - [10/Apr/2025:08:06:15 +0200] "GET /pmwiki/pmwiki.php/Main/HomePage?action=edit&restore=diff:1120345172:1120345145:&preview=y HTTP/1.1" 403 30 "-" "Mozilla/5.0 (compatible; MJ12bot/v2.0.0; http://mj12bot.com/)"
195.191.219.131 - - [10/Apr/2025:08:06:15 +0200] "GET /pmwiki/pmwiki.php/PmWiki/BasicEditing HTTP/1.1" 200 14335 "-" "Mozilla/5.0 (compatible; MJ12bot/v2.0.0; http://mj12bot.com/)"
195.191.219.132 - - [10/Apr/2025:08:06:16 +0200] "GET /pmwiki/pmwiki.php/Main/HomePage?action=edit&restore=diff:1120345201:1120345172:minor&preview=y HTTP/1.1" 403 30 "-" "Mozilla/5.0 (compatible; MJ12bot/v2.0.0; http://mj12bot.com/)"
195.191.219.131 - - [10/Apr/2025:08:06:16 +0200] "GET /pmwiki/pmwiki.php/PmWiki/BasicEditing?action=diff HTTP/1.1" 403 30 "-" "Mozilla/5.0 (compatible; MJ12bot/v2.0.0; http://mj12bot.com/)"
195.191.219.132 - - [10/Apr/2025:08:06:17 +0200] "GET /pmwiki/pmwiki.php/Main/HomePage?action=edit&restore=diff:1120345331:1120345201:minor&preview=y HTTP/1.1" 403 30 "-" "Mozilla/5.0 (compatible; MJ12bot/v2.0.0; http://mj12bot.com/)"
195.191.219.131 - - [10/Apr/2025:08:06:17 +0200] "GET /pmwiki/pmwiki.php/PmWiki/BasicEditing?action=edit HTTP/1.1" 403 30 "-" "Mozilla/5.0 (compatible; MJ12bot/v2.0.0; http://mj12bot.com/)"
195.191.219.132 - - [10/Apr/2025:08:06:18 +0200] "GET /pmwiki/pmwiki.php/Main/HomePage?action=edit&restore=diff:1120373792:1120345331:&preview=y HTTP/1.1" 403 30 "-" "Mozilla/5.0 (compatible; MJ12bot/v2.0.0; http://mj12bot.com/)"
195.191.219.131 - - [10/Apr/2025:08:06:18 +0200] "GET /pmwiki/pmwiki.php/PmWiki/BasicEditing?action=print HTTP/1.1" 403 30 "-" "Mozilla/5.0 (compatible; MJ12bot/v2.0.0; http://mj12bot.com/)"
195.191.219.132 - - [10/Apr/2025:08:06:19 +0200] "GET /pmwiki/pmwiki.php/Main/HomePage?action=edit&restore=diff:1120472756:1120373792:&preview=y HTTP/1.1" 403 30 "-" "Mozilla/5.0 (compatible; MJ12bot/v2.0.0; http://mj12bot.com/)"
195.191.219.131 - - [10/Apr/2025:08:06:19 +0200] "GET /pmwiki/pmwiki.php/PmWiki/BasicEditing?action=upload HTTP/1.1" 403 30 "-" "Mozilla/5.0 (compatible; MJ12bot/v2.0.0; http://mj12bot.com/)"
195.191.219.132 - - [10/Apr/2025:08:06:20 +0200] "GET /pmwiki/pmwiki.php/Main/HomePage?action=edit&restore=diff:1120672851:1120472756:&preview=y HTTP/1.1" 403 30 "-" "Mozilla/5.0 (compatible; MJ12bot/v2.0.0; http://mj12bot.com/)"
195.191.219.131 - - [10/Apr/2025:08:06:20 +0200] "GET /pmwiki/pmwiki.php/PmWiki/BasicEditing?action=upload&upname=wiki.png HTTP/1.1" 403 30 "-" "Mozilla/5.0 (compatible; MJ12bot/v2.0.0; http://mj12bot.com/)"
195.191.219.131 - - [10/Apr/2025:08:06:21 +0200] "GET /pmwiki/pmwiki.php/PmWiki/BasicVariables HTTP/1.1" 200 18828 "-" "Mozilla/5.0 (compatible; MJ12bot/v2.0.0; http://mj12bot.com/)"
195.191.219.131 - - [10/Apr/2025:08:06:22 +0200] "GET /pmwiki/pmwiki.php/PmWiki/BasicVariables?action=diff HTTP/1.1" 403 30 "-" "Mozilla/5.0 (compatible; MJ12bot/v2.0.0; http://mj12bot.com/)"
195.191.219.131 - - [10/Apr/2025:08:06:23 +0200] "GET /pmwiki/pmwiki.php/PmWiki/BasicVariables?action=edit HTTP/1.1" 403 30 "-" "Mozilla/5.0 (compatible; MJ12bot/v2.0.0; http://mj12bot.com/)"
195.191.219.131 - - [10/Apr/2025:08:06:24 +0200] "GET /pmwiki/pmwiki.php/PmWiki/BasicVariables?action=print HTTP/1.1" 403 30 "-" "Mozilla/5.0 (compatible; MJ12bot/v2.0.0; http://mj12bot.com/)"
195.191.219.131 - - [10/Apr/2025:08:06:25 +0200] "GET /pmwiki/pmwiki.php/PmWiki/BasicVariables?action=upload HTTP/1.1" 403 30 "-" "Mozilla/5.0 (compatible; MJ12bot/v2.0.0; http://mj12bot.com/)"
195.191.219.131 - - [10/Apr/2025:08:06:26 +0200] "GET /pmwiki/pmwiki.php/PmWiki/BasicVariables?action=upload&upname=wiki.png HTTP/1.1" 403 30 "-" "Mozilla/5.0 (compatible; MJ12bot/v2.0.0; http://mj12bot.com/)"
195.191.219.131 - - [10/Apr/2025:08:06:27 +0200] "GET /pmwiki/pmwiki.php/PmWiki/Categories HTTP/1.1" 200 11960 "-" "Mozilla/5.0 (compatible; MJ12bot/v2.0.0; http://mj12bot.com/)"
195.191.219.131 - - [10/Apr/2025:08:06:28 +0200] "GET /pmwiki/pmwiki.php/PmWiki/Categories?action=diff HTTP/1.1" 403 30 "-" "Mozilla/5.0 (compatible; MJ12bot/v2.0.0; http://mj12bot.com/)"
195.191.219.131 - - [10/Apr/2025:08:06:29 +0200] "GET /pmwiki/pmwiki.php/PmWiki/Categories?action=edit HTTP/1.1" 403 30 "-" "Mozilla/5.0 (compatible; MJ12bot/v2.0.0; http://mj12bot.com/)"
195.191.219.131 - - [10/Apr/2025:08:06:30 +0200] "GET /pmwiki/pmwiki.php/PmWiki/Categories?action=print HTTP/1.1" 403 30 "-" "Mozilla/5.0 (compatible; MJ12bot/v2.0.0; http://mj12bot.com/)"
195.191.219.131 - - [10/Apr/2025:08:06:31 +0200] "GET /pmwiki/pmwiki.php/PmWiki/Categories?action=upload HTTP/1.1" 403 30 "-" "Mozilla/5.0 (compatible; MJ12bot/v2.0.0; http://mj12bot.com/)"
195.191.219.131 - - [10/Apr/2025:08:06:32 +0200] "GET /pmwiki/pmwiki.php/PmWiki/Categories?action=upload&upname=wiki.png HTTP/1.1" 403 30 "-" "Mozilla/5.0 (compatible; MJ12bot/v2.0.0; http://mj12bot.com/)"
195.191.219.131 - - [10/Apr/2025:08:06:33 +0200] "GET /pmwiki/pmwiki.php/PmWiki/ConditionalMarkup HTTP/1.1" 200 16144 "-" "Mozilla/5.0 (compatible; MJ12bot/v2.0.0; http://mj12bot.com/)"
195.191.219.131 - - [10/Apr/2025:08:06:34 +0200] "GET /pmwiki/pmwiki.php/PmWiki/ConditionalMarkup?action=diff HTTP/1.1" 403 30 "-" "Mozilla/5.0 (compatible; MJ12bot/v2.0.0; http://mj12bot.com/)"
195.191.219.131 - - [10/Apr/2025:08:06:35 +0200] "GET /pmwiki/pmwiki.php/PmWiki/ConditionalMarkup?action=diff&source=n&minor=n HTTP/1.1" 403 30 "-" "Mozilla/5.0 (compatible; MJ12bot/v2.0.0; http://mj12bot.com/)"
195.191.219.131 - - [10/Apr/2025:08:06:36 +0200] "GET /pmwiki/pmwiki.php/PmWiki/ConditionalMarkup?action=diff&source=y&minor=y HTTP/1.1" 403 30 "-" "Mozilla/5.0 (compatible; MJ12bot/v2.0.0; http://mj12bot.com/)"
195.191.219.131 - - [10/Apr/2025:08:06:37 +0200] "GET /pmwiki/pmwiki.php/PmWiki/ConditionalMarkup?action=edit HTTP/1.1" 403 30 "-" "Mozilla/5.0 (compatible; MJ12bot/v2.0.0; http://mj12bot.com/)"
195.191.219.131 - - [10/Apr/2025:08:06:38 +0200] "GET /pmwiki/pmwiki.php/PmWiki/ConditionalMarkup?action=print HTTP/1.1" 403 30 "-" "Mozilla/5.0 (compatible; MJ12bot/v2.0.0; http://mj12bot.com/)"
195.191.219.131 - - [10/Apr/2025:08:06:39 +0200] "GET /pmwiki/pmwiki.php/PmWiki/ConditionalMarkup?action=upload HTTP/1.1" 403 30 "-" "Mozilla/5.0 (compatible; MJ12bot/v2.0.0; http://mj12bot.com/)"
195.191.219.131 - - [10/Apr/2025:08:06:40 +0200] "GET /pmwiki/pmwiki.php/PmWiki/ConditionalMarkup?action=upload&upname=wiki.png HTTP/1.1" 403 30 "-" "Mozilla/5.0 (compatible; MJ12bot/v2.0.0; http://mj12bot.com/)"
195.191.219.131 - - [10/Apr/2025:08:06:41 +0200] "GET /pmwiki/pmwiki.php/PmWiki/Contributors HTTP/1.1" 200 14051 "-" "Mozilla/5.0 (compatible; MJ12bot/v2.0.0; http://mj12bot.com/)"
195.191.219.131 - - [10/Apr/2025:08:06:42 +0200] "GET /pmwiki/pmwiki.php/PmWiki/Contributors?action=diff HTTP/1.1" 403 30 "-" "Mozilla/5.0 (compatible; MJ12bot/v2.0.0; http://mj12bot.com/)"
195.191.219.131 - - [10/Apr/2025:08:06:43 +0200] "GET /pmwiki/pmwiki.php/PmWiki/Contributors?action=edit HTTP/1.1" 403 30 "-" "Mozilla/5.0 (compatible; MJ12bot/v2.0.0; http://mj12bot.com/)"
195.191.219.131 - - [10/Apr/2025:08:06:44 +0200] "GET /pmwiki/pmwiki.php/PmWiki/Contributors?action=print HTTP/1.1" 403 30 "-" "Mozilla/5.0 (compatible; MJ12bot/v2.0.0; http://mj12bot.com/)"
195.191.219.131 - - [10/Apr/2025:08:06:45 +0200] "GET /pmwiki/pmwiki.php/PmWiki/Contributors?action=upload HTTP/1.1" 403 30 "-" "Mozilla/5.0 (compatible; MJ12bot/v2.0.0; http://mj12bot.com/)"
195.191.219.131 - - [10/Apr/2025:08:06:46 +0200] "GET /pmwiki/pmwiki.php/PmWiki/Contributors?action=upload&upname=wiki.png HTTP/1.1" 403 30 "-" "Mozilla/5.0 (compatible; MJ12bot/v2.0.0; http://mj12bot.com/)"
195.191.219.131 - - [10/Apr/2025:08:06:47 +0200] "GET /pmwiki/pmwiki.php/PmWiki/CreatingNewPages HTTP/1.1" 200 14492 "-" "Mozilla/5.0 (compatible; MJ12bot/v2.0.0; http://mj12bot.com/)"
195.191.219.131 - - [10/Apr/2025:08:06:48 +0200] "GET /pmwiki/pmwiki.php/PmWiki/CreatingNewPages?action=diff HTTP/1.1" 403 30 "-" "Mozilla/5.0 (compatible; MJ12bot/v2.0.0; http://mj12bot.com/)"
195.191.219.131 - - [10/Apr/2025:08:06:49 +0200] "GET /pmwiki/pmwiki.php/PmWiki/CreatingNewPages?action=edit HTTP/1.1" 403 30 "-" "Mozilla/5.0 (compatible; MJ12bot/v2.0.0; http://mj12bot.com/)"
195.191.219.131 - - [10/Apr/2025:08:06:50 +0200] "GET /pmwiki/pmwiki.php/PmWiki/CreatingNewPages?action=print HTTP/1.1" 403 30 "-" "Mozilla/5.0 (compatible; MJ12bot/v2.0.0; http://mj12bot.com/)"
195.191.219.131 - - [10/Apr/2025:08:06:51 +0200] "GET /pmwiki/pmwiki.php/PmWiki/CreatingNewPages?action=upload HTTP/1.1" 403 30 "-" "Mozilla/5.0 (compatible; MJ12bot/v2.0.0; http://mj12bot.com/)"
195.191.219.131 - - [10/Apr/2025:08:06:52 +0200] "GET /pmwiki/pmwiki.php/PmWiki/CreatingNewPages?action=upload&upname=wiki.png HTTP/1.1" 403 30 "-" "Mozilla/5.0 (compatible; MJ12bot/v2.0.0; http://mj12bot.com/)"
195.191.219.131 - - [10/Apr/2025:08:06:53 +0200] "GET /pmwiki/pmwiki.php/PmWiki/CustomInterMap HTTP/1.1" 200 14187 "-" "Mozilla/5.0 (compatible; MJ12bot/v2.0.0; http://mj12bot.com/)"
195.191.219.131 - - [10/Apr/2025:08:06:54 +0200] "GET /pmwiki/pmwiki.php/PmWiki/CustomInterMap?action=diff HTTP/1.1" 403 30 "-" "Mozilla/5.0 (compatible; MJ12bot/v2.0.0; http://mj12bot.com/)"
195.191.219.131 - - [10/Apr/2025:08:06:55 +0200] "GET /pmwiki/pmwiki.php/PmWiki/CustomInterMap?action=edit HTTP/1.1" 403 30 "-" "Mozilla/5.0 (compatible; MJ12bot/v2.0.0; http://mj12bot.com/)"
195.191.219.131 - - [10/Apr/2025:08:06:56 +0200] "GET /pmwiki/pmwiki.php/PmWiki/CustomInterMap?action=print HTTP/1.1" 403 30 "-" "Mozilla/5.0 (compatible; MJ12bot/v2.0.0; http://mj12bot.com/)"
195.191.219.131 - - [10/Apr/2025:08:06:57 +0200] "GET /pmwiki/pmwiki.php/PmWiki/CustomInterMap?action=upload HTTP/1.1" 403 30 "-" "Mozilla/5.0 (compatible; MJ12bot/v2.0.0; http://mj12bot.com/)"
195.191.219.131 - - [10/Apr/2025:08:06:58 +0200] "GET /pmwiki/pmwiki.php/PmWiki/CustomInterMap?action=upload&upname=wiki.png HTTP/1.1" 403 30 "-" "Mozilla/5.0 (compatible; MJ12bot/v2.0.0; http://mj12bot.com/)"
195.191.219.131 - - [10/Apr/2025:08:06:59 +0200] "GET /pmwiki/pmwiki.php/PmWiki/CustomMarkup HTTP/1.1" 200 17912 "-" "Mozilla/5.0 (compatible; MJ12bot/v2.0.0; http://mj12bot.com/)"
195.191.219.131 - - [10/Apr/2025:08:07:00 +0200] "GET /pmwiki/pmwiki.php/PmWiki/CustomMarkup?action=diff HTTP/1.1" 403 30 "-" "Mozilla/5.0 (compatible; MJ12bot/v2.0.0; http://mj12bot.com/)"
195.191.219.131 - - [10/Apr/2025:08:07:01 +0200] "GET /pmwiki/pmwiki.php/PmWiki/CustomMarkup?action=edit HTTP/1.1" 403 30 "-" "Mozilla/5.0 (compatible; MJ12bot/v2.0.0; http://mj12bot.com/)"
195.191.219.131 - - [10/Apr/2025:08:07:02 +0200] "GET /pmwiki/pmwiki.php/PmWiki/CustomMarkup?action=print HTTP/1.1" 403 30 "-" "Mozilla/5.0 (compatible; MJ12bot/v2.0.0; http://mj12bot.com/)"
195.191.219.131 - - [10/Apr/2025:08:07:03 +0200] "GET /pmwiki/pmwiki.php/PmWiki/CustomMarkup?action=upload HTTP/1.1" 403 30 "-" "Mozilla/5.0 (compatible; MJ12bot/v2.0.0; http://mj12bot.com/)"
195.191.219.131 - - [10/Apr/2025:08:07:04 +0200] "GET /pmwiki/pmwiki.php/PmWiki/CustomMarkup?action=upload&upname=wiki.png HTTP/1.1" 403 30 "-" "Mozilla/5.0 (compatible; MJ12bot/v2.0.0; http://mj12bot.com/)"
195.191.219.131 - - [10/Apr/2025:08:07:05 +0200] "GET /pmwiki/pmwiki.php/PmWiki/Directives HTTP/1.1" 200 20978 "-" "Mozilla/5.0 (compatible; MJ12bot/v2.0.0; http://mj12bot.com/)"
195.191.219.131 - - [10/Apr/2025:08:07:06 +0200] "GET /pmwiki/pmwiki.php/PmWiki/Directives?action=diff HTTP/1.1" 403 30 "-" "Mozilla/5.0 (compatible; MJ12bot/v2.0.0; http://mj12bot.com/)"
195.191.219.131 - - [10/Apr/2025:08:07:07 +0200] "GET /pmwiki/pmwiki.php/PmWiki/Directives?action=edit HTTP/1.1" 403 30 "-" "Mozilla/5.0 (compatible; MJ12bot/v2.0.0; http://mj12bot.com/)"
195.191.219.131 - - [10/Apr/2025:08:07:08 +0200] "GET /pmwiki/pmwiki.php/PmWiki/Directives?action=print HTTP/1.1" 403 30 "-" "Mozilla/5.0 (compatible; MJ12bot/v2.0.0; http://mj12bot.com/)"
