89.134.100.36 - - [27/Jul/2012:14:28:56 +0200] "GET /fiok/& HTTP/1.1" 404 1181 "-" "Java/1.6.0_21"
89.134.100.36 - - [27/Jul/2012:14:28:56 +0200] "GET /fiok/& HTTP/1.1" 404 1181 "-" "Java/1.6.0_21"
89.134.100.36 - - [27/Jul/2012:14:28:56 +0200] "GET /fiok/& HTTP/1.1" 404 1181 "-" "Java/1.6.0_21"
89.134.100.36 - - [27/Jul/2012:14:28:56 +0200] "GET /fiok/& HTTP/1.1" 404 1181 "-" "Java/1.6.0_21"
89.134.100.36 - - [27/Jul/2012:14:28:57 +0200] "GET /fiok/& HTTP/1.1" 404 1181 "-" "Java/1.6.0_21"
89.134.100.36 - - [27/Jul/2012:14:28:57 +0200] "GET /fiok/& HTTP/1.1" 404 1181 "-" "Java/1.6.0_21"
89.134.100.36 - - [27/Jul/2012:14:28:57 +0200] "GET /fiok/& HTTP/1.1" 404 1181 "-" "Java/1.6.0_21"
89.134.100.36 - - [27/Jul/2012:14:28:57 +0200] "GET /fiok/& HTTP/1.1" 404 1181 "-" "Java/1.6.0_21"
89.134.100.36 - - [27/Jul/2012:14:28:57 +0200] "GET /fiok/& HTTP/1.1" 404 1181 "-" "Java/1.6.0_21"
89.134.100.36 - - [27/Jul/2012:14:28:58 +0200] "GET /fiok/& HTTP/1.1" 404 1181 "-" "Java/1.6.0_21"
89.134.100.36 - - [27/Jul/2012:14:28:58 +0200] "GET /fiok/& HTTP/1.1" 404 1181 "-" "Java/1.6.0_21"
89.134.100.36 - - [27/Jul/2012:14:28:58 +0200] "GET /fiok/& HTTP/1.1" 404 1181 "-" "Java/1.6.0_21"
89.134.100.36 - - [27/Jul/2012:14:28:58 +0200] "GET /fiok/& HTTP/1.1" 404 1181 "-" "Java/1.6.0_21"
89.134.100.36 - - [27/Jul/2012:14:28:58 +0200] "GET /fiok/& HTTP/1.1" 404 1181 "-" "Java/1.6.0_21"
89.134.100.36 - - [27/Jul/2012:14:28:58 +0200] "GET /fiok/& HTTP/1.1" 404 1181 "-" "Java/1.6.0_21"
89.134.100.36 - - [27/Jul/2012:14:28:58 +0200] "GET /fiok/& HTTP/1.1" 404 1181 "-" "Java/1.6.0_21"
89.134.100.36 - - [27/Jul/2012:14:28:59 +0200] "GET /fiok/& HTTP/1.1" 404 1181 "-" "Java/1.6.0_21"
89.134.100.36 - - [27/Jul/2012:14:28:59 +0200] "GET /fiok/& HTTP/1.1" 404 1181 "-" "Java/1.6.0_21"
89.134.100.36 - - [27/Jul/2012:14:28:59 +0200] "GET /fiok/& HTTP/1.1" 404 1181 "-" "Java/1.6.0_21"
89.134.100.36 - - [27/Jul/2012:14:28:59 +0200] "GET /fiok/& HTTP/1.1" 404 1181 "-" "Java/1.6.0_21"
89.134.100.36 - - [27/Jul/2012:14:29:00 +0200] "GET /fiok/& HTTP/1.1" 404 1181 "-" "Java/1.6.0_21"
89.134.100.36 - - [27/Jul/2012:14:29:00 +0200] "GET /fiok/& HTTP/1.1" 404 1181 "-" "Java/1.6.0_21"
89.134.100.36 - - [27/Jul/2012:14:29:00 +0200] "GET /fiok/& HTTP/1.1" 404 1181 "-" "Java/1.6.0_21"
89.134.100.36 - - [27/Jul/2012:14:29:00 +0200] "GET /fiok/& HTTP/1.1" 404 1181 "-" "Java/1.6.0_21"
89.134.100.36 - - [27/Jul/2012:14:29:00 +0200] "GET /fiok/& HTTP/1.1" 404 1181 "-" "Java/1.6.0_21"
89.134.100.36 - - [27/Jul/2012:14:29:00 +0200] "GET /fiok/& HTTP/1.1" 404 1181 "-" "Java/1.6.0_21"
89.134.100.36 - - [27/Jul/2012:14:29:01 +0200] "GET /fiok/& HTTP/1.1" 404 1181 "-" "Java/1.6.0_21"
89.134.100.36 - - [27/Jul/2012:14:29:01 +0200] "GET /fiok/& HTTP/1.1" 404 1181 "-" "Java/1.6.0_21"
89.134.100.36 - - [27/Jul/2012:14:29:01 +0200] "GET /fiok/& HTTP/1.1" 404 1181 "-" "Java/1.6.0_21"
89.134.100.36 - - [27/Jul/2012:14:29:01 +0200] "GET /fiok/& HTTP/1.1" 404 1181 "-" "Java/1.6.0_21"
89.134.100.36 - - [27/Jul/2012:14:29:01 +0200] "GET /fiok/& HTTP/1.1" 404 1181 "-" "Java/1.6.0_21"
89.134.100.36 - - [27/Jul/2012:14:29:02 +0200] "GET /fiok/& HTTP/1.1" 404 1181 "-" "Java/1.6.0_21"
178.154.210.252 - - [27/Jul/2012:15:57:04 +0200] "GET /robots.txt HTTP/1.1" 404 1181 "-" "Mozilla/5.0 (compatible; YandexBot/3.0; +http://yandex.com/bots)"
208.115.113.84 - - [27/Jul/2012:16:06:14 +0200] "GET /robots.txt HTTP/1.1" 404 1181 "-" "Mozilla/5.0 (compatible; Ezooms/1.0; ezooms.bot@gmail.com)"
178.154.210.252 - - [27/Jul/2012:17:04:44 +0200] "GET /fiok/ HTTP/1.1" 304 - "-" "Mozilla/5.0 (compatible; YandexBot/3.0; +http://yandex.com/bots)"
178.154.210.252 - - [27/Jul/2012:17:04:46 +0200] "GET /magunkrol.htm HTTP/1.1" 304 - "-" "Mozilla/5.0 (compatible; YandexBot/3.0; +http://yandex.com/bots)"
66.249.66.203 - - [27/Jul/2012:17:19:55 +0200] "GET /robots.txt HTTP/1.1" 404 1181 "-" "Mozilla/5.0 (compatible; Googlebot/2.1; +http://www.google.com/bot.html)"
66.249.66.203 - - [27/Jul/2012:17:19:55 +0200] "GET /jog/jogszabalyok/2008_evi_liii_torveny_hatalyos_cites_fuggelekek.doc HTTP/1.1" 304 - "-" "Mozilla/5.0 (compatible; Googlebot/2.1; +http://www.google.com/bot.html)"
208.115.113.84 - - [27/Jul/2012:17:26:10 +0200] "GET /hirek/hirek091221.htm HTTP/1.1" 200 6740 "-" "Mozilla/5.0 (compatible; Ezooms/1.0; ezooms.bot@gmail.com)"
141.105.120.151 - - [27/Jul/2012:19:19:58 +0200] "GET /robots.txt HTTP/1.0" 404 1181 "-" "Mozilla/5.0 (compatible; WebNL; +http://www.web.nl/webmasters/spider.html; helpdesk@web.nl)"
141.105.120.151 - - [27/Jul/2012:19:19:58 +0200] "GET /fiok HTTP/1.0" 301 300 "-" "Mozilla/5.0 (compatible; WebNL; +http://www.web.nl/webmasters/spider.html; helpdesk@web.nl)"
66.249.66.84 - - [27/Jul/2012:20:03:23 +0200] "GET /robots.txt HTTP/1.1" 404 1181 "-" "Mozilla/5.0 (compatible; Googlebot/2.1; +http://www.google.com/bot.html)"
66.249.66.84 - - [27/Jul/2012:20:03:23 +0200] "GET /hirek/hirek091015.htm HTTP/1.1" 304 - "-" "Mozilla/5.0 (compatible; Googlebot/2.1; +http://www.google.com/bot.html)"
66.249.66.84 - - [27/Jul/2012:21:17:17 +0200] "GET /jog/eseteink/derekegyhaza/dalerd-disznoskert%20szakhat-vegleges.pdf HTTP/1.1" 304 - "-" "Mozilla/5.0 (compatible; Googlebot/2.1; +http://www.google.com/bot.html)"
66.249.66.84 - - [27/Jul/2012:21:24:29 +0200] "GET /media.htm HTTP/1.1" 304 - "-" "Mozilla/5.0 (iPhone; U; CPU iPhone OS 4_1 like Mac OS X; en-us) AppleWebKit/532.9 (KHTML, like Gecko) Version/4.0.5 Mobile/8B117 Safari/6531.22.7 (compatible; Googlebot-Mobile/2.1; +http://www.google.com/bot.html)"
66.249.66.84 - - [27/Jul/2012:21:47:23 +0200] "GET /jog/eseteink/korosladany/kepek/img_2.jpg HTTP/1.1" 304 - "-" "Googlebot-Image/1.0"
178.255.215.69 - - [27/Jul/2012:22:51:12 +0200] "GET /robots.txt HTTP/1.1" 404 1181 "-" "Mozilla/5.0 (compatible; Exabot/3.0; +http://www.exabot.com/go/robot)"
178.255.215.69 - - [27/Jul/2012:22:51:12 +0200] "GET / HTTP/1.1" 200 23778 "-" "Mozilla/5.0 (compatible; Exabot/3.0; +http://www.exabot.com/go/robot)"
208.115.111.68 - - [27/Jul/2012:23:42:22 +0200] "GET /robots.txt HTTP/1.1" 404 1181 "-" "Mozilla/5.0 (compatible; Ezooms/1.0; ezooms.bot@gmail.com)"
208.115.113.94 - - [27/Jul/2012:23:53:41 +0200] "GET /robots.txt HTTP/1.1" 404 1181 "-" "Mozilla/5.0 (compatible; Ezooms/1.0; ezooms.bot@gmail.com)"
66.249.66.84 - - [28/Jul/2012:00:31:56 +0200] "GET /fiok HTTP/1.1" 301 312 "-" "Mozilla/5.0 (compatible; Googlebot/2.1; +http://www.google.com/bot.html)"
66.249.66.84 - - [28/Jul/2012:00:32:19 +0200] "GET /fiok/ HTTP/1.1" 200 20554 "-" "Mozilla/5.0 (compatible; Googlebot/2.1; +http://www.google.com/bot.html)"
66.249.66.84 - - [28/Jul/2012:00:33:30 +0200] "GET /nca06.htm HTTP/1.1" 200 19034 "-" "Mozilla/5.0 (compatible; Googlebot/2.1; +http://www.google.com/bot.html)"
208.115.113.94 - - [28/Jul/2012:00:37:00 +0200] "GET /robots.txt HTTP/1.1" 404 1181 "-" "Mozilla/5.0 (compatible; Ezooms/1.0; ezooms.bot@gmail.com)"
66.249.66.84 - - [28/Jul/2012:01:37:46 +0200] "GET /fiok/images/nevadonk.JPG HTTP/1.1" 200 56167 "-" "Googlebot-Image/1.0"
208.115.113.84 - - [28/Jul/2012:03:24:06 +0200] "GET /robots.txt HTTP/1.1" 404 1181 "-" "Mozilla/5.0 (compatible; Ezooms/1.0; ezooms.bot@gmail.com)"
208.115.113.84 - - [28/Jul/2012:04:34:17 +0200] "GET /fiok/program_reszek/konferancia.htm HTTP/1.1" 200 21668 "-" "Mozilla/5.0 (compatible; Ezooms/1.0; ezooms.bot@gmail.com)"
208.115.113.84 - - [28/Jul/2012:04:34:20 +0200] "GET /fiok/program_reszek/csaladbarat.htm HTTP/1.1" 200 20928 "-" "Mozilla/5.0 (compatible; Ezooms/1.0; ezooms.bot@gmail.com)"
66.249.66.84 - - [28/Jul/2012:05:28:43 +0200] "GET /jog/eseteink/korosladany/kepek/img_2.jpg HTTP/1.1" 304 - "-" "Googlebot-Image/1.0"
208.115.111.68 - - [28/Jul/2012:05:44:18 +0200] "GET /robots.txt HTTP/1.1" 404 1181 "-" "Mozilla/5.0 (compatible; Ezooms/1.0; ezooms.bot@gmail.com)"
208.115.113.84 - - [28/Jul/2012:06:38:50 +0200] "GET /robots.txt HTTP/1.1" 404 1181 "-" "Mozilla/5.0 (compatible; Ezooms/1.0; ezooms.bot@gmail.com)"
208.115.111.68 - - [28/Jul/2012:07:43:36 +0200] "GET /kapcsolat.htm HTTP/1.1" 200 6889 "-" "Mozilla/5.0 (compatible; Ezooms/1.0; ezooms.bot@gmail.com)"
208.115.113.84 - - [28/Jul/2012:08:06:43 +0200] "GET /hirek/hirek08_11.htm HTTP/1.1" 200 7337 "-" "Mozilla/5.0 (compatible; Ezooms/1.0; ezooms.bot@gmail.com)"
208.115.113.84 - - [28/Jul/2012:08:06:52 +0200] "GET /hirek/hirek101025.htm HTTP/1.1" 200 8786 "-" "Mozilla/5.0 (compatible; Ezooms/1.0; ezooms.bot@gmail.com)"
178.154.210.252 - - [28/Jul/2012:08:29:44 +0200] "GET /deutsch/kontakt.htm HTTP/1.1" 304 - "-" "Mozilla/5.0 (compatible; YandexBot/3.0; +http://yandex.com/bots)"
65.52.104.28 - - [28/Jul/2012:08:32:54 +0200] "GET /robots.txt HTTP/1.1" 404 1181 "-" "Mozilla/5.0 (compatible; bingbot/2.0; +http://www.bing.com/bingbot.htm)"
65.52.104.28 - - [28/Jul/2012:08:33:46 +0200] "GET / HTTP/1.1" 304 - "-" "Mozilla/5.0 (compatible; bingbot/2.0; +http://www.bing.com/bingbot.htm)"
180.76.5.103 - - [28/Jul/2012:09:08:55 +0200] "GET /robots.txt HTTP/1.1" 404 1181 "-" "Mozilla/5.0 (compatible; Baiduspider/2.0; +http://www.baidu.com/search/spider.html)"
208.115.111.68 - - [28/Jul/2012:09:13:23 +0200] "GET /robots.txt HTTP/1.1" 404 1181 "-" "Mozilla/5.0 (compatible; Ezooms/1.0; ezooms.bot@gmail.com)"
141.105.120.153 - - [28/Jul/2012:10:03:26 +0200] "GET /robots.txt HTTP/1.0" 404 1181 "-" "Mozilla/5.0 (compatible; WebNL; +http://www.web.nl/webmasters/spider.html; helpdesk@web.nl)"
141.105.120.153 - - [28/Jul/2012:10:03:26 +0200] "GET /jog/tarseljarasok.htm HTTP/1.0" 200 13316 "-" "Mozilla/5.0 (compatible; WebNL; +http://www.web.nl/webmasters/spider.html; helpdesk@web.nl)"
89.123.3.129 - - [28/Jul/2012:10:48:15 +0200] "GET / HTTP/1.1" 200 23778 "-" "Java/1.6.0_04"
89.123.3.129 - - [28/Jul/2012:10:48:15 +0200] "GET /hirarchivum.htm HTTP/1.1" 200 24981 "-" "Java/1.6.0_04"
89.123.3.129 - - [28/Jul/2012:10:48:16 +0200] "GET /index.htm HTTP/1.1" 200 23778 "-" "Java/1.6.0_04"
89.123.3.129 - - [28/Jul/2012:10:48:16 +0200] "GET /kapcsolat.htm HTTP/1.1" 200 6889 "-" "Java/1.6.0_04"
89.123.3.129 - - [28/Jul/2012:10:48:16 +0200] "GET /magunkrol.htm HTTP/1.1" 200 9202 "-" "Java/1.6.0_04"
89.123.3.129 - - [28/Jul/2012:10:48:16 +0200] "GET /media.htm HTTP/1.1" 200 5208 "-" "Java/1.6.0_04"
89.123.3.129 - - [28/Jul/2012:10:48:16 +0200] "GET /programok.htm HTTP/1.1" 200 6444 "-" "Java/1.6.0_04"
89.123.3.129 - - [28/Jul/2012:10:48:16 +0200] "GET /vill.cs HTTP/1.1" 200 2676 "-" "Java/1.6.0_04"
89.123.3.129 - - [28/Jul/2012:10:48:16 +0200] "GET /hirek08_10.htm HTTP/1.1" 200 6946 "-" "Java/1.6.0_04"
89.123.3.129 - - [28/Jul/2012:10:48:16 +0200] "GET /hirek08_11.htm HTTP/1.1" 200 7253 "-" "Java/1.6.0_04"
89.123.3.129 - - [28/Jul/2012:10:48:17 +0200] "GET /hirek08_12.htm HTTP/1.1" 200 8268 "-" "Java/1.6.0_04"
89.123.3.129 - - [28/Jul/2012:10:48:17 +0200] "GET /hirek09_01.htm HTTP/1.1" 200 6841 "-" "Java/1.6.0_04"
89.123.3.129 - - [28/Jul/2012:10:48:17 +0200] "GET /hirek09_02.htm HTTP/1.1" 200 7450 "-" "Java/1.6.0_04"
89.123.3.129 - - [28/Jul/2012:10:48:17 +0200] "GET /hirek09_03.htm HTTP/1.1" 200 10726 "-" "Java/1.6.0_04"
89.123.3.129 - - [28/Jul/2012:10:48:17 +0200] "GET /&url=kapcsolat.htm HTTP/1.1" 404 1181 "-" "Java/1.6.0_04"
89.123.3.129 - - [28/Jul/2012:10:48:17 +0200] "GET /&url=programok.htm HTTP/1.1" 404 1181 "-" "Java/1.6.0_04"
89.123.3.129 - - [28/Jul/2012:10:48:18 +0200] "GET /&url=adomanyi.htm HTTP/1.1" 404 1181 "-" "Java/1.6.0_04"
89.123.3.129 - - [28/Jul/2012:10:48:18 +0200] "GET /bunt.htm HTTP/1.1" 200 5683 "-" "Java/1.6.0_04"
89.123.3.129 - - [28/Jul/2012:10:48:18 +0200] "GET /civilmuhely.htm HTTP/1.1" 200 8450 "-" "Java/1.6.0_04"
89.123.3.129 - - [28/Jul/2012:10:48:18 +0200] "GET /khb.htm HTTP/1.1" 200 8719 "-" "Java/1.6.0_04"
89.123.3.129 - - [28/Jul/2012:10:48:18 +0200] "GET /nca.htm HTTP/1.1" 200 7467 "-" "Java/1.6.0_04"
89.123.3.129 - - [28/Jul/2012:10:48:18 +0200] "GET /ncta.htm HTTP/1.1" 200 7221 "-" "Java/1.6.0_04"
89.123.3.129 - - [28/Jul/2012:10:48:18 +0200] "GET /nka.htm HTTP/1.1" 200 6221 "-" "Java/1.6.0_04"
89.123.3.129 - - [28/Jul/2012:10:48:19 +0200] "GET /szakmai.htm HTTP/1.1" 200 6054 "-" "Java/1.6.0_04"
89.123.3.129 - - [28/Jul/2012:10:48:19 +0200] "GET /ncta_a.htm HTTP/1.1" 200 7260 "-" "Java/1.6.0_04"
89.123.3.129 - - [28/Jul/2012:10:48:19 +0200] "GET /&url=civilmuhely.htm HTTP/1.1" 404 1181 "-" "Java/1.6.0_04"
89.123.3.129 - - [28/Jul/2012:10:48:19 +0200] "GET /&url=magunkrol.htm HTTP/1.1" 404 1181 "-" "Java/1.6.0_04"
89.123.3.129 - - [28/Jul/2012:10:48:20 +0200] "GET /nca04.htm HTTP/1.1" 200 16378 "-" "Java/1.6.0_04"
89.123.3.129 - - [28/Jul/2012:10:48:20 +0200] "GET /nca05.htm HTTP/1.1" 200 16412 "-" "Java/1.6.0_04"
89.123.3.129 - - [28/Jul/2012:10:48:20 +0200] "GET /nca06.htm HTTP/1.1" 200 19034 "-" "Java/1.6.0_04"
89.123.3.129 - - [28/Jul/2012:10:48:20 +0200] "GET /nca07.htm HTTP/1.1" 200 21968 "-" "Java/1.6.0_04"
89.123.3.129 - - [28/Jul/2012:10:48:21 +0200] "GET /nca08.htm HTTP/1.1" 200 21795 "-" "Java/1.6.0_04"
89.123.3.129 - - [28/Jul/2012:10:48:21 +0200] "GET /nca09.htm HTTP/1.1" 200 24315 "-" "Java/1.6.0_04"
89.123.3.129 - - [28/Jul/2012:10:48:21 +0200] "GET /nca10.htm HTTP/1.1" 200 16648 "-" "Java/1.6.0_04"
89.123.3.129 - - [28/Jul/2012:10:48:21 +0200] "GET /nca11.htm HTTP/1.1" 200 7133 "-" "Java/1.6.0_04"
89.123.3.129 - - [28/Jul/2012:10:48:21 +0200] "GET /kiadvanyok.htm HTTP/1.1" 200 8206 "-" "Java/1.6.0_04"
89.123.3.129 - - [28/Jul/2012:10:48:21 +0200] "GET /deutsch/index.htm HTTP/1.1" 200 5324 "-" "Java/1.6.0_04"
89.123.3.129 - - [28/Jul/2012:10:48:21 +0200] "GET /english/index.htm HTTP/1.1" 200 5262 "-" "Java/1.6.0_04"
89.123.3.129 - - [28/Jul/2012:10:48:21 +0200] "GET /fiok/index.html HTTP/1.1" 200 20554 "-" "Java/1.6.0_04"
89.123.3.129 - - [28/Jul/2012:10:48:22 +0200] "GET /hirek/hirek091015.htm HTTP/1.1" 200 7046 "-" "Java/1.6.0_04"
89.123.3.129 - - [28/Jul/2012:10:48:22 +0200] "GET /hirek/hirek091102.htm HTTP/1.1" 200 8538 "-" "Java/1.6.0_04"
89.123.3.129 - - [28/Jul/2012:10:48:22 +0200] "GET /hirek/hirek091103.htm HTTP/1.1" 200 7301 "-" "Java/1.6.0_04"
89.123.3.129 - - [28/Jul/2012:10:48:22 +0200] "GET /hirek/hirek091221.htm HTTP/1.1" 200 6740 "-" "Java/1.6.0_04"
89.123.3.129 - - [28/Jul/2012:10:48:22 +0200] "GET /hirek/hirek100225.htm HTTP/1.1" 200 7288 "-" "Java/1.6.0_04"
208.115.111.68 - - [28/Jul/2012:11:05:37 +0200] "GET /fiok/program_reszek/erdei_iskola.htm HTTP/1.1" 200 21601 "-" "Mozilla/5.0 (compatible; Ezooms/1.0; ezooms.bot@gmail.com)"
208.115.111.68 - - [28/Jul/2012:11:05:39 +0200] "GET /fiok/program_reszek/taborok.htm HTTP/1.1" 200 23942 "-" "Mozilla/5.0 (compatible; Ezooms/1.0; ezooms.bot@gmail.com)"
66.249.71.209 - - [28/Jul/2012:11:27:30 +0200] "GET /robots.txt HTTP/1.1" 404 1181 "-" "Mozilla/5.0 (compatible; Googlebot/2.1; +http://www.google.com/bot.html)"
66.249.66.84 - - [28/Jul/2012:11:27:30 +0200] "GET /jog/eseteink/korosladany/index.htm HTTP/1.1" 200 30713 "-" "Mozilla/5.0 (compatible; Googlebot/2.1; +http://www.google.com/bot.html)"
66.249.66.84 - - [28/Jul/2012:11:28:54 +0200] "GET /jog/eseteink/korosladany/kepek/img_5363__.jpg HTTP/1.1" 200 12677 "-" "Mozilla/5.0 (compatible; Googlebot/2.1; +http://www.google.com/bot.html)"
66.249.66.84 - - [28/Jul/2012:11:28:56 +0200] "GET /jog/eseteink/korosladany/kepek/img_4_.jpg HTTP/1.1" 200 6420 "-" "Mozilla/5.0 (compatible; Googlebot/2.1; +http://www.google.com/bot.html)"
66.249.66.84 - - [28/Jul/2012:11:28:57 +0200] "GET /jog/eseteink/korosladany/kepek/img_2_.jpg HTTP/1.1" 200 4423 "-" "Mozilla/5.0 (compatible; Googlebot/2.1; +http://www.google.com/bot.html)"
66.249.66.84 - - [28/Jul/2012:11:28:58 +0200] "GET /jog/eseteink/korosladany/kepek/img_3a_.jpg HTTP/1.1" 200 7788 "-" "Mozilla/5.0 (compatible; Googlebot/2.1; +http://www.google.com/bot.html)"
66.249.66.84 - - [28/Jul/2012:11:28:59 +0200] "GET /jog/eseteink/korosladany/kepek/img_1_.jpg HTTP/1.1" 200 4568 "-" "Mozilla/5.0 (compatible; Googlebot/2.1; +http://www.google.com/bot.html)"
66.249.66.84 - - [28/Jul/2012:11:29:00 +0200] "GET /jog/eseteink/korosladany/kepek/img_3b_.jpg HTTP/1.1" 200 4927 "-" "Mozilla/5.0 (compatible; Googlebot/2.1; +http://www.google.com/bot.html)"
66.249.66.84 - - [28/Jul/2012:11:29:01 +0200] "GET /jog/eseteink/korosladany/kepek/img_5_.jpg HTTP/1.1" 200 5254 "-" "Mozilla/5.0 (compatible; Googlebot/2.1; +http://www.google.com/bot.html)"
66.249.66.84 - - [28/Jul/2012:11:29:02 +0200] "GET /jog/eseteink/korosladany/kepek/img_5365__.jpg HTTP/1.1" 200 5864 "-" "Mozilla/5.0 (compatible; Googlebot/2.1; +http://www.google.com/bot.html)"
66.249.71.209 - - [28/Jul/2012:11:29:03 +0200] "GET /jog/eseteink/korosladany/kepek/img_5356__.jpg HTTP/1.1" 200 6290 "-" "Mozilla/5.0 (compatible; Googlebot/2.1; +http://www.google.com/bot.html)"
66.249.66.84 - - [28/Jul/2012:11:36:14 +0200] "GET /jog/eseteink/kavicszatony/mura_bejelentes.pdf HTTP/1.1" 200 161377 "-" "Mozilla/5.0 (compatible; Googlebot/2.1; +http://www.google.com/bot.html)"
66.249.66.84 - - [28/Jul/2012:11:55:24 +0200] "GET /jog/eseteink/korosladany/k%C3%B6tvife_kekto_adatkeres.pdf HTTP/1.1" 404 1181 "-" "Mozilla/5.0 (compatible; Googlebot/2.1; +http://www.google.com/bot.html)"
178.154.210.252 - - [28/Jul/2012:12:08:28 +0200] "GET /english/introduction.htm HTTP/1.1" 304 - "-" "Mozilla/5.0 (compatible; YandexBot/3.0; +http://yandex.com/bots)"
66.249.71.209 - - [28/Jul/2012:12:13:40 +0200] "GET /jog/eseteink/duzzaszto/gyulavari_kotelezes1.pdf HTTP/1.1" 200 68117 "-" "Mozilla/5.0 (compatible; Googlebot/2.1; +http://www.google.com/bot.html)"
66.249.66.84 - - [28/Jul/2012:12:15:41 +0200] "GET /jog/eseteink/korosladany/k%C3%B6zighivatalnak_lad%C3%A1ny.pdf HTTP/1.1" 404 1181 "-" "Mozilla/5.0 (compatible; Googlebot/2.1; +http://www.google.com/bot.html)"
62.31.187.155 - - [28/Jul/2012:12:28:13 +0200] "GET /robots.txt HTTP/1.0" 404 1181 "-" "Mozilla/5.0 (compatible; MJ12bot/v1.4.3; http://www.majestic12.co.uk/bot.php?+)"
62.31.187.155 - - [28/Jul/2012:12:28:16 +0200] "GET /fiok HTTP/1.0" 301 300 "-" "Mozilla/5.0 (compatible; MJ12bot/v1.4.3; http://www.majestic12.co.uk/bot.php?+)"
62.31.187.155 - - [28/Jul/2012:12:28:18 +0200] "GET /fiok/ HTTP/1.0" 200 20554 "-" "Mozilla/5.0 (compatible; MJ12bot/v1.4.3; http://www.majestic12.co.uk/bot.php?+)"
66.249.66.84 - - [28/Jul/2012:12:41:36 +0200] "GET /jog/eseteink/korosladany/%C3%BCgy%C3%A9szs%C3%A9g_1_derekegyhaza.pdf HTTP/1.1" 404 1181 "-" "Mozilla/5.0 (compatible; Googlebot/2.1; +http://www.google.com/bot.html)"
208.115.111.68 - - [28/Jul/2012:12:43:44 +0200] "GET /robots.txt HTTP/1.1" 404 1181 "-" "Mozilla/5.0 (compatible; Ezooms/1.0; ezooms.bot@gmail.com)"
66.249.66.84 - - [28/Jul/2012:12:54:30 +0200] "GET /ncta.htm HTTP/1.1" 200 7221 "-" "Mozilla/5.0 (compatible; Googlebot/2.1; +http://www.google.com/bot.html)"
66.249.66.84 - - [28/Jul/2012:13:04:48 +0200] "GET /jog/eseteink/korosladany/k%C3%B6tefive_erdeklodes_vegrehajtassal_kapcsolatban.pdf HTTP/1.1" 404 1181 "-" "Mozilla/5.0 (compatible; Googlebot/2.1; +http://www.google.com/bot.html)"
66.249.66.84 - - [28/Jul/2012:13:26:30 +0200] "GET /jog/eseteink/korosladany/miniszt%C3%A9rium_fougyeszs%C3%A9g_felugyeleti_intezkedes.pdf HTTP/1.1" 404 1181 "-" "Mozilla/5.0 (compatible; Googlebot/2.1; +http://www.google.com/bot.html)"
178.154.210.252 - - [28/Jul/2012:13:38:52 +0200] "GET /hirek/hirek091015.htm HTTP/1.1" 200 7046 "-" "Mozilla/5.0 (compatible; YandexBot/3.0; +http://yandex.com/bots)"
66.249.66.84 - - [28/Jul/2012:13:50:16 +0200] "GET /jog/eseteink/korosladany/adatk%C3%A9r%C3%A9s_k%C3%B6r%C3%B6slad%C3%A1ny_helyi%20_v%C3%A9dett.pdf HTTP/1.1" 404 1181 "-" "Mozilla/5.0 (compatible; Googlebot/2.1; +http://www.google.com/bot.html)"
66.249.66.84 - - [28/Jul/2012:14:17:25 +0200] "GET /hirek/fotok_tablokrol/DSCF2537.jpg HTTP/1.1" 304 - "-" "Googlebot-Image/1.0"
208.115.111.68 - - [28/Jul/2012:14:35:23 +0200] "GET /hirek/hirek100305.htm HTTP/1.1" 200 7091 "-" "Mozilla/5.0 (compatible; Ezooms/1.0; ezooms.bot@gmail.com)"
208.115.113.84 - - [28/Jul/2012:15:04:45 +0200] "GET /robots.txt HTTP/1.1" 404 1181 "-" "Mozilla/5.0 (compatible; Ezooms/1.0; ezooms.bot@gmail.com)"
178.154.210.252 - - [28/Jul/2012:15:21:52 +0200] "GET /english/programs.htm HTTP/1.1" 304 - "-" "Mozilla/5.0 (compatible; YandexBot/3.0; +http://yandex.com/bots)"
66.249.71.209 - - [28/Jul/2012:15:42:49 +0200] "GET / HTTP/1.1" 200 23778 "-" "Mozilla/5.0 (iPhone; U; CPU iPhone OS 4_1 like Mac OS X; en-us) AppleWebKit/532.9 (KHTML, like Gecko) Version/4.0.5 Mobile/8B117 Safari/6531.22.7 (compatible; Googlebot-Mobile/2.1; +http://www.google.com/bot.html)"
208.115.113.84 - - [28/Jul/2012:16:07:46 +0200] "GET /robots.txt HTTP/1.1" 404 1181 "-" "Mozilla/5.0 (compatible; Ezooms/1.0; ezooms.bot@gmail.com)"
178.154.210.252 - - [28/Jul/2012:16:57:01 +0200] "GET /robots.txt HTTP/1.1" 404 1181 "-" "Mozilla/5.0 (compatible; YandexBot/3.0; +http://yandex.com/bots)"
178.154.210.252 - - [28/Jul/2012:17:18:30 +0200] "GET /hirek/hirek120120.htm HTTP/1.1" 304 - "-" "Mozilla/5.0 (compatible; YandexBot/3.0; +http://yandex.com/bots)"
208.115.113.84 - - [28/Jul/2012:17:33:06 +0200] "GET /hirek/hirek08_11.htm HTTP/1.1" 200 7337 "-" "Mozilla/5.0 (compatible; Ezooms/1.0; ezooms.bot@gmail.com)"
208.115.113.84 - - [28/Jul/2012:17:33:11 +0200] "GET /hirek/hirek101025.htm HTTP/1.1" 200 8786 "-" "Mozilla/5.0 (compatible; Ezooms/1.0; ezooms.bot@gmail.com)"
178.154.210.252 - - [28/Jul/2012:18:48:16 +0200] "GET /media.htm HTTP/1.1" 200 5208 "-" "Mozilla/5.0 (compatible; YandexBot/3.0; +http://yandex.com/bots)"
178.154.210.252 - - [28/Jul/2012:19:19:13 +0200] "GET /programok.htm HTTP/1.1" 304 - "-" "Mozilla/5.0 (compatible; YandexBot/3.0; +http://yandex.com/bots)"
208.115.111.68 - - [28/Jul/2012:20:00:41 +0200] "GET /robots.txt HTTP/1.1" 404 1181 "-" "Mozilla/5.0 (compatible; Ezooms/1.0; ezooms.bot@gmail.com)"
66.249.66.84 - - [28/Jul/2012:21:05:41 +0200] "GET /hirek/hirek100420.htm HTTP/1.1" 200 7914 "-" "Mozilla/5.0 (iPhone; U; CPU iPhone OS 4_1 like Mac OS X; en-us) AppleWebKit/532.9 (KHTML, like Gecko) Version/4.0.5 Mobile/8B117 Safari/6531.22.7 (compatible; Googlebot-Mobile/2.1; +http://www.google.com/bot.html)"
66.249.66.84 - - [28/Jul/2012:21:13:23 +0200] "GET /images/nfuszolnoknorveg.JPG HTTP/1.1" 200 13113 "-" "Mozilla/5.0 (compatible; Googlebot/2.1; +http://www.google.com/bot.html)"
66.249.66.84 - - [28/Jul/2012:21:13:25 +0200] "GET /tm02_.jpg HTTP/1.1" 200 1524 "-" "Mozilla/5.0 (compatible; Googlebot/2.1; +http://www.google.com/bot.html)"
66.249.66.84 - - [28/Jul/2012:21:13:27 +0200] "GET /tm03.jpg HTTP/1.1" 200 2212 "-" "Mozilla/5.0 (compatible; Googlebot/2.1; +http://www.google.com/bot.html)"
66.249.66.84 - - [28/Jul/2012:21:13:28 +0200] "GET /tm04_.jpg HTTP/1.1" 200 2058 "-" "Mozilla/5.0 (compatible; Googlebot/2.1; +http://www.google.com/bot.html)"
66.249.71.209 - - [28/Jul/2012:21:13:29 +0200] "GET /tm05.jpg HTTP/1.1" 200 2253 "-" "Mozilla/5.0 (compatible; Googlebot/2.1; +http://www.google.com/bot.html)"
212.113.47.89 - - [28/Jul/2012:21:15:00 +0200] "GET /robots.txt HTTP/1.0" 404 1181 "-" "Mozilla/5.0 (compatible; MJ12bot/v1.4.3; http://www.majestic12.co.uk/bot.php?+)"
212.113.47.89 - - [28/Jul/2012:21:15:04 +0200] "GET / HTTP/1.1" 200 23778 "-" "Mozilla/5.0 (compatible; MJ12bot/v1.4.3; http://www.majestic12.co.uk/bot.php?+)"
178.154.210.252 - - [28/Jul/2012:21:29:47 +0200] "GET /hirek/hirek101213.htm HTTP/1.1" 304 - "-" "Mozilla/5.0 (compatible; YandexBot/3.0; +http://yandex.com/bots)"
66.249.66.84 - - [28/Jul/2012:21:37:51 +0200] "GET /robots.txt HTTP/1.1" 404 1181 "-" "Mozilla/5.0 (compatible; Googlebot/2.1; +http://www.google.com/bot.html)"
66.249.66.84 - - [28/Jul/2012:21:37:51 +0200] "GET /jog/eseteink/kavicszatony/mura_bejelentes1.pdf HTTP/1.1" 200 214943 "-" "Mozilla/5.0 (compatible; Googlebot/2.1; +http://www.google.com/bot.html)"
208.115.111.68 - - [28/Jul/2012:21:59:55 +0200] "GET /hirek/hirek08_10.htm HTTP/1.1" 200 7030 "-" "Mozilla/5.0 (compatible; Ezooms/1.0; ezooms.bot@gmail.com)"
178.154.210.252 - - [28/Jul/2012:23:21:51 +0200] "GET /hirek/hirek091103.htm HTTP/1.1" 304 - "-" "Mozilla/5.0 (compatible; YandexBot/3.0; +http://yandex.com/bots)"
208.115.111.68 - - [28/Jul/2012:23:29:56 +0200] "GET /robots.txt HTTP/1.1" 404 1181 "-" "Mozilla/5.0 (compatible; Ezooms/1.0; ezooms.bot@gmail.com)"
178.154.210.252 - - [29/Jul/2012:00:15:41 +0200] "GET /hirek/Microsoft%20Word%20-%20csongradi%20duzzaszto%20velemeny%202009.06.11..doc.pdf HTTP/1.1" 304 - "-" "Mozilla/5.0 (compatible; YandexBot/3.0; +http://yandex.com/bots)"
178.154.210.252 - - [29/Jul/2012:05:05:21 +0200] "GET /hirek/hirek100225.htm HTTP/1.1" 304 - "-" "Mozilla/5.0 (compatible; YandexBot/3.0; +http://yandex.com/bots)"
66.249.66.84 - - [29/Jul/2012:05:33:07 +0200] "GET /robots.txt HTTP/1.1" 404 1181 "-" "Mozilla/5.0 (compatible; Googlebot/2.1; +http://www.google.com/bot.html)"
66.249.66.84 - - [29/Jul/2012:05:33:07 +0200] "GET /jog/eseteink/derekegyhaza/mszh_elsofok_ugyfel_elutasitas_1.jpg HTTP/1.1" 304 - "-" "Googlebot-Image/1.0"
66.249.66.84 - - [29/Jul/2012:07:07:21 +0200] "GET /a1_projekt_tabla_infra_cs3_beklenhaz_.jpg HTTP/1.1" 304 - "-" "Googlebot-Image/1.0"
178.154.210.252 - - [29/Jul/2012:07:32:00 +0200] "GET / HTTP/1.1" 200 23778 "-" "Mozilla/5.0 (compatible; YandexBot/3.0; +http://yandex.com/bots)"
66.249.66.84 - - [29/Jul/2012:09:09:20 +0200] "GET /jog/eseteink/kavicszatony/tajekoztatas.pdf HTTP/1.1" 200 153465 "-" "Mozilla/5.0 (compatible; Googlebot/2.1; +http://www.google.com/bot.html)"
66.249.66.84 - - [29/Jul/2012:09:25:58 +0200] "GET /jog/eseteink/derekegyhaza/kotvife_kekto_3.pdf HTTP/1.1" 200 136539 "-" "Mozilla/5.0 (compatible; Googlebot/2.1; +http://www.google.com/bot.html)"
66.249.66.84 - - [29/Jul/2012:09:35:33 +0200] "GET /hirek09_02.htm HTTP/1.1" 200 7450 "-" "Mozilla/5.0 (compatible; Googlebot/2.1; +http://www.google.com/bot.html)"
178.154.210.252 - - [29/Jul/2012:09:58:29 +0200] "GET /deutsch/index.htm HTTP/1.1" 200 5324 "-" "Mozilla/5.0 (compatible; YandexBot/3.0; +http://yandex.com/bots)"
178.154.210.252 - - [29/Jul/2012:11:14:58 +0200] "GET /hirek/hirek090930.htm HTTP/1.1" 304 - "-" "Mozilla/5.0 (compatible; YandexBot/3.0; +http://yandex.com/bots)"
66.249.66.84 - - [29/Jul/2012:11:20:48 +0200] "GET /nca10.htm HTTP/1.1" 200 16648 "-" "Mozilla/5.0 (compatible; Googlebot/2.1; +http://www.google.com/bot.html)"
66.249.72.58 - - [29/Jul/2012:12:01:40 +0200] "GET /jog/eseteink/autopalya/nimfea_m8_bejelentkezes.jpg HTTP/1.1" 304 - "-" "Googlebot-Image/1.0"
208.115.113.84 - - [29/Jul/2012:12:33:29 +0200] "GET /robots.txt HTTP/1.1" 404 1181 "-" "Mozilla/5.0 (compatible; Ezooms/1.0; ezooms.bot@gmail.com)"
178.154.210.252 - - [29/Jul/2012:12:52:33 +0200] "GET /kapcsolat.htm HTTP/1.1" 200 6889 "-" "Mozilla/5.0 (compatible; YandexBot/3.0; +http://yandex.com/bots)"
66.226.74.145 - - [29/Jul/2012:13:46:25 +0200] "GET / HTTP/1.1" 200 23778 "-" "Mozilla/5.0 (Windows NT 6.1; rv:7.0.1) Gecko/20100101 Firefox/7.0.1"
66.226.74.89 - - [29/Jul/2012:13:46:25 +0200] "GET / HTTP/1.1" 200 23778 "http://www.beklen.hu" "Mozilla/5.0 (Windows NT 6.1; rv:7.0.1) Gecko/20100101 Firefox/7.0.1"
66.226.74.125 - - [29/Jul/2012:13:46:26 +0200] "GET /deutsch/index.htm HTTP/1.1" 200 5324 "http://www.beklen.hu/" "Mozilla/5.0 (Windows NT 6.1; rv:7.0.1) Gecko/20100101 Firefox/7.0.1"
66.226.74.124 - - [29/Jul/2012:13:46:26 +0200] "GET /english/index.htm HTTP/1.1" 200 5262 "http://www.beklen.hu/deutsch/index.htm" "Mozilla/5.0 (Windows NT 6.1; rv:7.0.1) Gecko/20100101 Firefox/7.0.1"
66.226.74.124 - - [29/Jul/2012:13:46:27 +0200] "GET /fiok/index.html HTTP/1.1" 200 20554 "http://www.beklen.hu/english/index.htm" "Mozilla/5.0 (Windows NT 6.1; rv:7.0.1) Gecko/20100101 Firefox/7.0.1"
66.226.74.170 - - [29/Jul/2012:13:46:28 +0200] "GET /hirarchivum.htm HTTP/1.1" 200 24981 "http://www.beklen.hu/fiok/index.html" "Mozilla/5.0 (Windows NT 6.1; rv:7.0.1) Gecko/20100101 Firefox/7.0.1"
66.226.74.169 - - [29/Jul/2012:13:46:31 +0200] "GET /hirek/Microsoft%20Word%20-%20csongradi%20duzzaszto%20velemeny%202009.06.11..doc.pdf HTTP/1.1" 200 321155 "http://www.beklen.hu/hirarchivum.htm" "Mozilla/5.0 (Windows NT 6.1; rv:7.0.1) Gecko/20100101 Firefox/7.0.1"
66.226.74.125 - - [29/Jul/2012:13:46:32 +0200] "GET /hirek/hirek100225.htm HTTP/1.1" 200 7288 "http://www.beklen.hu/hirek/Microsoft Word - csongradi duzzaszto velemeny 2009.06.11..doc.pdf" "Mozilla/5.0 (Windows NT 6.1; rv:7.0.1) Gecko/20100101 Firefox/7.0.1"
66.226.74.86 - - [29/Jul/2012:13:46:32 +0200] "GET /hirek/hirek120207.htm HTTP/1.1" 200 6586 "http://www.beklen.hu/hirek/hirek100225.htm" "Mozilla/5.0 (Windows NT 6.1; rv:7.0.1) Gecko/20100101 Firefox/7.0.1"
66.226.74.86 - - [29/Jul/2012:13:46:33 +0200] "GET /hirek/klimatv_civilcikk.doc HTTP/1.1" 200 78336 "http://www.beklen.hu/hirek/hirek120207.htm" "Mozilla/5.0 (Windows NT 6.1; rv:7.0.1) Gecko/20100101 Firefox/7.0.1"
66.226.74.124 - - [29/Jul/2012:13:46:34 +0200] "GET /media.htm HTTP/1.1" 200 5208 "http://www.beklen.hu/hirek/klimatv_civilcikk.doc" "Mozilla/5.0 (Windows NT 6.1; rv:7.0.1) Gecko/20100101 Firefox/7.0.1"
208.115.111.68 - - [29/Jul/2012:13:51:58 +0200] "GET /robots.txt HTTP/1.1" 404 1181 "-" "Mozilla/5.0 (compatible; Ezooms/1.0; ezooms.bot@gmail.com)"
208.115.113.84 - - [29/Jul/2012:14:06:32 +0200] "GET /fiok/index.html HTTP/1.1" 200 20554 "-" "Mozilla/5.0 (compatible; Ezooms/1.0; ezooms.bot@gmail.com)"
66.249.72.58 - - [29/Jul/2012:15:47:15 +0200] "GET /hirek/eszkozok/001.jpg HTTP/1.1" 304 - "-" "Googlebot-Image/1.0"
208.115.111.68 - - [29/Jul/2012:15:50:48 +0200] "GET /nca.htm HTTP/1.1" 200 7467 "-" "Mozilla/5.0 (compatible; Ezooms/1.0; ezooms.bot@gmail.com)"
65.52.109.8 - - [29/Jul/2012:16:02:42 +0200] "GET /robots.txt HTTP/1.1" 404 1181 "-" "Mozilla/5.0 (compatible; bingbot/2.0; +http://www.bing.com/bingbot.htm)"
65.52.109.8 - - [29/Jul/2012:16:03:43 +0200] "GET / HTTP/1.1" 200 23778 "-" "Mozilla/5.0 (compatible; bingbot/2.0; +http://www.bing.com/bingbot.htm)"
139.18.2.209 - - [29/Jul/2012:16:09:18 +0200] "GET /robots.txt HTTP/1.1" 404 1181 "-" "findlinks/2.6 (+http://wortschatz.uni-leipzig.de/findlinks/)"
66.249.66.84 - - [29/Jul/2012:18:27:46 +0200] "GET /robots.txt HTTP/1.1" 404 1181 "-" "Mozilla/5.0 (compatible; Googlebot/2.1; +http://www.google.com/bot.html)"
66.249.66.84 - - [29/Jul/2012:18:27:46 +0200] "GET /hirek/eszkozok/001.jpg HTTP/1.1" 304 - "-" "Googlebot-Image/1.0"
66.249.72.58 - - [29/Jul/2012:18:34:00 +0200] "GET /jog/eseteink/poroszlo/villa_.jpg HTTP/1.1" 304 - "-" "Googlebot-Image/1.0"
208.115.111.68 - - [29/Jul/2012:18:35:08 +0200] "GET /robots.txt HTTP/1.1" 404 1181 "-" "Mozilla/5.0 (compatible; Ezooms/1.0; ezooms.bot@gmail.com)"
66.249.66.84 - - [29/Jul/2012:20:20:15 +0200] "GET /hirek/klimatv_civilcikk.doc HTTP/1.1" 304 - "-" "Mozilla/5.0 (iPhone; U; CPU iPhone OS 4_1 like Mac OS X; en-us) AppleWebKit/532.9 (KHTML, like Gecko) Version/4.0.5 Mobile/8B117 Safari/6531.22.7 (compatible; Googlebot-Mobile/2.1; +http://www.google.com/bot.html)"
208.115.111.68 - - [29/Jul/2012:20:33:43 +0200] "GET /nca.htm HTTP/1.1" 200 7467 "-" "Mozilla/5.0 (compatible; Ezooms/1.0; ezooms.bot@gmail.com)"
208.115.113.84 - - [29/Jul/2012:21:18:51 +0200] "GET /robots.txt HTTP/1.1" 404 1181 "-" "Mozilla/5.0 (compatible; Ezooms/1.0; ezooms.bot@gmail.com)"
208.115.113.84 - - [29/Jul/2012:23:01:03 +0200] "GET /fiok/kornyezet.htm HTTP/1.1" 200 22582 "-" "Mozilla/5.0 (compatible; Ezooms/1.0; ezooms.bot@gmail.com)"
208.115.113.84 - - [29/Jul/2012:23:01:04 +0200] "GET /jog/ugyfeljogok.htm HTTP/1.1" 200 14279 "-" "Mozilla/5.0 (compatible; Ezooms/1.0; ezooms.bot@gmail.com)"
178.154.210.252 - - [29/Jul/2012:23:14:47 +0200] "GET /robots.txt HTTP/1.1" 404 1181 "-" "Mozilla/5.0 (compatible; YandexBot/3.0; +http://yandex.com/bots)"
178.154.210.252 - - [29/Jul/2012:23:43:05 +0200] "GET /index.htm HTTP/1.1" 200 23778 "-" "Mozilla/5.0 (compatible; YandexBot/3.0; +http://yandex.com/bots)"
208.115.111.68 - - [29/Jul/2012:23:45:34 +0200] "GET /robots.txt HTTP/1.1" 404 1181 "-" "Mozilla/5.0 (compatible; Ezooms/1.0; ezooms.bot@gmail.com)"
66.249.66.84 - - [30/Jul/2012:01:26:05 +0200] "GET /hirek/090509/1_.jpg HTTP/1.1" 304 - "-" "Googlebot-Image/1.0"
208.115.111.68 - - [30/Jul/2012:01:43:08 +0200] "GET /robots.txt HTTP/1.1" 404 1181 "-" "Mozilla/5.0 (compatible; Ezooms/1.0; ezooms.bot@gmail.com)"
207.46.13.99 - - [30/Jul/2012:02:03:27 +0200] "GET /robots.txt HTTP/1.1" 404 1181 "-" "Mozilla/5.0 (compatible; bingbot/2.0; +http://www.bing.com/bingbot.htm)"
207.46.13.99 - - [30/Jul/2012:02:04:30 +0200] "GET /magunkrol.htm HTTP/1.1" 304 - "-" "Mozilla/5.0 (compatible; bingbot/2.0; +http://www.bing.com/bingbot.htm)"
65.52.111.245 - - [30/Jul/2012:02:06:44 +0200] "GET /magunkrol.htm HTTP/1.1" 200 9202 "-" "Mozilla/5.0 (Windows NT 6.1; WOW64) AppleWebKit/534+ (KHTML, like Gecko) BingPreview/1.0b"
65.52.111.245 - - [30/Jul/2012:02:06:44 +0200] "GET /vill.cs HTTP/1.1" 200 2676 "http://www.beklen.hu/magunkrol.htm" "Mozilla/5.0 (Windows NT 6.1; WOW64) AppleWebKit/534+ (KHTML, like Gecko) BingPreview/1.0b"
66.249.66.84 - - [30/Jul/2012:02:07:30 +0200] "GET /jog/tarseljarasok.htm HTTP/1.1" 304 - "-" "Mozilla/5.0 (compatible; Googlebot/2.1; +http://www.google.com/bot.html)"
178.154.210.252 - - [30/Jul/2012:02:55:36 +0200] "GET /kapcsolat.htm HTTP/1.1" 200 6889 "-" "Mozilla/5.0 (compatible; YandexBot/3.0; +http://yandex.com/bots)"
208.115.111.68 - - [30/Jul/2012:03:36:04 +0200] "GET /hirarchivum.htm HTTP/1.1" 200 24981 "-" "Mozilla/5.0 (compatible; Ezooms/1.0; ezooms.bot@gmail.com)"
208.115.111.68 - - [30/Jul/2012:03:36:05 +0200] "GET /jog/eseteink/derekegyhaza/index.htm HTTP/1.1" 200 34210 "-" "Mozilla/5.0 (compatible; Ezooms/1.0; ezooms.bot@gmail.com)"
208.115.113.84 - - [30/Jul/2012:05:11:42 +0200] "GET /robots.txt HTTP/1.1" 404 1181 "-" "Mozilla/5.0 (compatible; Ezooms/1.0; ezooms.bot@gmail.com)"
208.115.111.68 - - [30/Jul/2012:05:13:35 +0200] "GET /robots.txt HTTP/1.1" 404 1181 "-" "Mozilla/5.0 (compatible; Ezooms/1.0; ezooms.bot@gmail.com)"
208.115.111.68 - - [30/Jul/2012:05:40:44 +0200] "GET /robots.txt HTTP/1.1" 404 1181 "-" "Mozilla/5.0 (compatible; Ezooms/1.0; ezooms.bot@gmail.com)"
208.115.113.84 - - [30/Jul/2012:05:52:54 +0200] "GET /robots.txt HTTP/1.1" 404 1181 "-" "Mozilla/5.0 (compatible; Ezooms/1.0; ezooms.bot@gmail.com)"
66.249.66.84 - - [30/Jul/2012:07:09:54 +0200] "GET /robots.txt HTTP/1.1" 404 1181 "-" "Mozilla/5.0 (compatible; Googlebot/2.1; +http://www.google.com/bot.html)"
66.249.66.84 - - [30/Jul/2012:07:09:54 +0200] "GET /jog/eseteink/derekegyhaza/fvm_kekto.pdf HTTP/1.1" 200 125833 "-" "Mozilla/5.0 (compatible; Googlebot/2.1; +http://www.google.com/bot.html)"
66.249.72.58 - - [30/Jul/2012:07:16:56 +0200] "GET /jog/eseteink/derekegyhaza/ugyeszseg_1.pdf HTTP/1.1" 200 249093 "-" "Mozilla/5.0 (compatible; Googlebot/2.1; +http://www.google.com/bot.html)"
208.115.111.68 - - [30/Jul/2012:07:39:29 +0200] "GET /hirek/hirek09_03.htm HTTP/1.1" 200 10810 "-" "Mozilla/5.0 (compatible; Ezooms/1.0; ezooms.bot@gmail.com)"
66.249.72.58 - - [30/Jul/2012:08:14:41 +0200] "GET /jog/eseteink/derekegyhaza/aesznek_derekegyhaza_kerites_2.pdf HTTP/1.1" 200 157671 "-" "Mozilla/5.0 (compatible; Googlebot/2.1; +http://www.google.com/bot.html)"
178.255.215.69 - - [30/Jul/2012:08:17:55 +0200] "GET /robots.txt HTTP/1.1" 404 1181 "-" "Mozilla/5.0 (compatible; Exabot/3.0; +http://www.exabot.com/go/robot)"
178.255.215.69 - - [30/Jul/2012:08:17:55 +0200] "GET / HTTP/1.1" 200 23778 "-" "Mozilla/5.0 (compatible; Exabot/3.0; +http://www.exabot.com/go/robot)"
208.115.113.84 - - [30/Jul/2012:11:42:24 +0200] "GET /robots.txt HTTP/1.1" 404 1181 "-" "Mozilla/5.0 (compatible; Ezooms/1.0; ezooms.bot@gmail.com)"
208.115.111.68 - - [30/Jul/2012:13:10:05 +0200] "GET /robots.txt HTTP/1.1" 404 1181 "-" "Mozilla/5.0 (compatible; Ezooms/1.0; ezooms.bot@gmail.com)"
208.115.113.84 - - [30/Jul/2012:13:14:04 +0200] "GET /ncta_a.htm HTTP/1.1" 200 7260 "-" "Mozilla/5.0 (compatible; Ezooms/1.0; ezooms.bot@gmail.com)"
66.249.66.84 - - [30/Jul/2012:14:05:14 +0200] "GET /robots.txt HTTP/1.1" 404 1181 "-" "Mozilla/5.0 (compatible; Googlebot/2.1; +http://www.google.com/bot.html)"
66.249.66.84 - - [30/Jul/2012:14:05:14 +0200] "GET /fiok/mult.htm HTTP/1.1" 200 23227 "-" "Mozilla/5.0 (compatible; Googlebot/2.1; +http://www.google.com/bot.html)"
66.249.66.203 - - [30/Jul/2012:14:07:22 +0200] "GET /robots.txt HTTP/1.1" 404 1181 "-" "Mozilla/5.0 (compatible; Googlebot/2.1; +http://www.google.com/bot.html)"
66.249.72.170 - - [30/Jul/2012:14:07:23 +0200] "GET /jog/jogszabalyok/Natura2000_gyepkezelesi_rendelet.pdf HTTP/1.1" 200 159668 "-" "Mozilla/5.0 (compatible; Googlebot/2.1; +http://www.google.com/bot.html)"
208.115.111.68 - - [30/Jul/2012:14:57:32 +0200] "GET /jog/eseteink/derekegyhaza/eseteink/derekegyhaza/index.htm HTTP/1.1" 404 1181 "-" "Mozilla/5.0 (compatible; Ezooms/1.0; ezooms.bot@gmail.com)"
81.202.218.106 - - [30/Jul/2012:15:17:39 +0200] "GET / HTTP/1.1" 200 23778 "-" "Java/1.6.0_20"
81.202.218.106 - - [30/Jul/2012:15:17:39 +0200] "GET /hirarchivum.htm HTTP/1.1" 200 24981 "-" "Java/1.6.0_20"
81.202.218.106 - - [30/Jul/2012:15:17:40 +0200] "GET /index.htm HTTP/1.1" 200 23778 "-" "Java/1.6.0_20"
81.202.218.106 - - [30/Jul/2012:15:17:40 +0200] "GET /kapcsolat.htm HTTP/1.1" 200 6889 "-" "Java/1.6.0_20"
81.202.218.106 - - [30/Jul/2012:15:17:41 +0200] "GET /magunkrol.htm HTTP/1.1" 200 9202 "-" "Java/1.6.0_20"
81.202.218.106 - - [30/Jul/2012:15:17:41 +0200] "GET /media.htm HTTP/1.1" 200 5208 "-" "Java/1.6.0_20"
81.202.218.106 - - [30/Jul/2012:15:17:41 +0200] "GET /programok.htm HTTP/1.1" 200 6444 "-" "Java/1.6.0_20"
81.202.218.106 - - [30/Jul/2012:15:17:41 +0200] "GET /vill.cs HTTP/1.1" 200 2676 "-" "Java/1.6.0_20"
81.202.218.106 - - [30/Jul/2012:15:17:41 +0200] "GET /hirek08_10.htm HTTP/1.1" 200 6946 "-" "Java/1.6.0_20"
81.202.218.106 - - [30/Jul/2012:15:17:42 +0200] "GET /hirek08_11.htm HTTP/1.1" 200 7253 "-" "Java/1.6.0_20"
81.202.218.106 - - [30/Jul/2012:15:17:42 +0200] "GET /hirek08_12.htm HTTP/1.1" 200 8268 "-" "Java/1.6.0_20"
81.202.218.106 - - [30/Jul/2012:15:17:42 +0200] "GET /hirek09_01.htm HTTP/1.1" 200 6841 "-" "Java/1.6.0_20"
81.202.218.106 - - [30/Jul/2012:15:17:42 +0200] "GET /hirek09_02.htm HTTP/1.1" 200 7450 "-" "Java/1.6.0_20"
81.202.218.106 - - [30/Jul/2012:15:17:42 +0200] "GET /hirek09_03.htm HTTP/1.1" 200 10726 "-" "Java/1.6.0_20"
81.202.218.106 - - [30/Jul/2012:15:17:43 +0200] "GET /&url=kapcsolat.htm HTTP/1.1" 404 1181 "-" "Java/1.6.0_20"
81.202.218.106 - - [30/Jul/2012:15:17:43 +0200] "GET /&url=programok.htm HTTP/1.1" 404 1181 "-" "Java/1.6.0_20"
81.202.218.106 - - [30/Jul/2012:15:17:43 +0200] "GET /&url=adomanyi.htm HTTP/1.1" 404 1181 "-" "Java/1.6.0_20"
81.202.218.106 - - [30/Jul/2012:15:17:43 +0200] "GET /bunt.htm HTTP/1.1" 200 5683 "-" "Java/1.6.0_20"
81.202.218.106 - - [30/Jul/2012:15:17:43 +0200] "GET /civilmuhely.htm HTTP/1.1" 200 8450 "-" "Java/1.6.0_20"
81.202.218.106 - - [30/Jul/2012:15:17:44 +0200] "GET /khb.htm HTTP/1.1" 200 8719 "-" "Java/1.6.0_20"
81.202.218.106 - - [30/Jul/2012:15:17:44 +0200] "GET /nca.htm HTTP/1.1" 200 7467 "-" "Java/1.6.0_20"
81.202.218.106 - - [30/Jul/2012:15:17:44 +0200] "GET /ncta.htm HTTP/1.1" 200 7221 "-" "Java/1.6.0_20"
81.202.218.106 - - [30/Jul/2012:15:17:44 +0200] "GET /nka.htm HTTP/1.1" 200 6221 "-" "Java/1.6.0_20"
81.202.218.106 - - [30/Jul/2012:15:17:44 +0200] "GET /szakmai.htm HTTP/1.1" 200 6054 "-" "Java/1.6.0_20"
81.202.218.106 - - [30/Jul/2012:15:17:44 +0200] "GET /ncta_a.htm HTTP/1.1" 200 7260 "-" "Java/1.6.0_20"
81.202.218.106 - - [30/Jul/2012:15:17:44 +0200] "GET /&url=civilmuhely.htm HTTP/1.1" 404 1181 "-" "Java/1.6.0_20"
81.202.218.106 - - [30/Jul/2012:15:17:44 +0200] "GET /&url=magunkrol.htm HTTP/1.1" 404 1181 "-" "Java/1.6.0_20"
81.202.218.106 - - [30/Jul/2012:15:17:45 +0200] "GET /nca04.htm HTTP/1.1" 200 16378 "-" "Java/1.6.0_20"
81.202.218.106 - - [30/Jul/2012:15:17:45 +0200] "GET /nca05.htm HTTP/1.1" 200 16412 "-" "Java/1.6.0_20"
81.202.218.106 - - [30/Jul/2012:15:17:45 +0200] "GET /nca06.htm HTTP/1.1" 200 19034 "-" "Java/1.6.0_20"
81.202.218.106 - - [30/Jul/2012:15:17:45 +0200] "GET /nca07.htm HTTP/1.1" 200 21968 "-" "Java/1.6.0_20"
81.202.218.106 - - [30/Jul/2012:15:17:46 +0200] "GET /nca08.htm HTTP/1.1" 200 21795 "-" "Java/1.6.0_20"
81.202.218.106 - - [30/Jul/2012:15:17:46 +0200] "GET /nca09.htm HTTP/1.1" 200 24315 "-" "Java/1.6.0_20"
81.202.218.106 - - [30/Jul/2012:15:17:46 +0200] "GET /nca10.htm HTTP/1.1" 200 16648 "-" "Java/1.6.0_20"
81.202.218.106 - - [30/Jul/2012:15:17:46 +0200] "GET /nca11.htm HTTP/1.1" 200 7133 "-" "Java/1.6.0_20"
81.202.218.106 - - [30/Jul/2012:15:17:46 +0200] "GET /kiadvanyok.htm HTTP/1.1" 200 8206 "-" "Java/1.6.0_20"
81.202.218.106 - - [30/Jul/2012:15:17:47 +0200] "GET /deutsch/index.htm HTTP/1.1" 200 5324 "-" "Java/1.6.0_20"
81.202.218.106 - - [30/Jul/2012:15:17:47 +0200] "GET /english/index.htm HTTP/1.1" 200 5262 "-" "Java/1.6.0_20"
81.202.218.106 - - [30/Jul/2012:15:17:47 +0200] "GET /fiok/index.html HTTP/1.1" 200 20554 "-" "Java/1.6.0_20"
81.202.218.106 - - [30/Jul/2012:15:17:47 +0200] "GET /hirek/hirek091015.htm HTTP/1.1" 200 7046 "-" "Java/1.6.0_20"
81.202.218.106 - - [30/Jul/2012:15:17:48 +0200] "GET /hirek/hirek091102.htm HTTP/1.1" 200 8538 "-" "Java/1.6.0_20"
81.202.218.106 - - [30/Jul/2012:15:17:48 +0200] "GET /hirek/hirek091103.htm HTTP/1.1" 200 7301 "-" "Java/1.6.0_20"
81.202.218.106 - - [30/Jul/2012:15:17:48 +0200] "GET /hirek/hirek091221.htm HTTP/1.1" 200 6740 "-" "Java/1.6.0_20"
81.202.218.106 - - [30/Jul/2012:15:17:48 +0200] "GET /hirek/hirek100225.htm HTTP/1.1" 200 7288 "-" "Java/1.6.0_20"
66.249.66.84 - - [30/Jul/2012:15:24:54 +0200] "GET /fiok/fiok.html HTTP/1.1" 200 20723 "-" "Mozilla/5.0 (compatible; Googlebot/2.1; +http://www.google.com/bot.html)"
66.249.66.84 - - [30/Jul/2012:15:50:44 +0200] "GET /fiok/news.html HTTP/1.1" 404 1181 "-" "Mozilla/5.0 (compatible; Googlebot/2.1; +http://www.google.com/bot.html)"
66.249.72.58 - - [30/Jul/2012:17:39:28 +0200] "GET /jog/eseteink/poroszlo/panasz_poroszlo.pdf HTTP/1.1" 304 - "-" "Mozilla/5.0 (compatible; Googlebot/2.1; +http://www.google.com/bot.html)"
139.18.2.209 - - [30/Jul/2012:17:48:06 +0200] "GET / HTTP/1.1" 200 23778 "-" "findlinks/2.6 (+http://wortschatz.uni-leipzig.de/findlinks/)"
66.249.66.84 - - [30/Jul/2012:18:07:47 +0200] "GET /jog/pub/jav_slapp_borito1_.jpg HTTP/1.1" 304 - "-" "Googlebot-Image/1.0"
208.115.113.84 - - [30/Jul/2012:19:04:00 +0200] "GET /robots.txt HTTP/1.1" 404 1181 "-" "Mozilla/5.0 (compatible; Ezooms/1.0; ezooms.bot@gmail.com)"
208.115.111.68 - - [30/Jul/2012:20:03:35 +0200] "GET /robots.txt HTTP/1.1" 404 1181 "-" "Mozilla/5.0 (compatible; Ezooms/1.0; ezooms.bot@gmail.com)"
208.115.113.84 - - [30/Jul/2012:20:41:10 +0200] "GET /ncta_a.htm HTTP/1.1" 200 7260 "-" "Mozilla/5.0 (compatible; Ezooms/1.0; ezooms.bot@gmail.com)"
66.249.66.84 - - [30/Jul/2012:21:46:00 +0200] "GET /hirek/090510/szuletesunnepe044.jpg HTTP/1.1" 304 - "-" "Googlebot-Image/1.0"
208.115.111.68 - - [30/Jul/2012:21:52:00 +0200] "GET /index.htm HTTP/1.1" 200 23778 "-" "Mozilla/5.0 (compatible; Ezooms/1.0; ezooms.bot@gmail.com)"
66.249.66.84 - - [30/Jul/2012:22:02:46 +0200] "GET /programok.htm HTTP/1.1" 304 - "-" "Mozilla/5.0 (iPhone; U; CPU iPhone OS 4_1 like Mac OS X; en-us) AppleWebKit/532.9 (KHTML, like Gecko) Version/4.0.5 Mobile/8B117 Safari/6531.22.7 (compatible; Googlebot-Mobile/2.1; +http://www.google.com/bot.html)"
208.115.113.84 - - [30/Jul/2012:22:32:38 +0200] "GET /robots.txt HTTP/1.1" 404 1181 "-" "Mozilla/5.0 (compatible; Ezooms/1.0; ezooms.bot@gmail.com)"
66.249.66.84 - - [30/Jul/2012:22:58:43 +0200] "GET /hirek/090510/szuletesunnepe043.jpg HTTP/1.1" 304 - "-" "Googlebot-Image/1.0"
178.154.210.252 - - [30/Jul/2012:23:20:14 +0200] "GET /robots.txt HTTP/1.1" 404 1181 "-" "Mozilla/5.0 (compatible; YandexBot/3.0; +http://yandex.com/bots)"
208.115.113.84 - - [31/Jul/2012:00:07:25 +0200] "GET /jog/zoldombudsman.htm HTTP/1.1" 200 13369 "-" "Mozilla/5.0 (compatible; Ezooms/1.0; ezooms.bot@gmail.com)"
66.249.66.84 - - [31/Jul/2012:00:43:33 +0200] "GET /fiok/gazdasag.htm HTTP/1.1" 200 22480 "-" "Mozilla/5.0 (compatible; Googlebot/2.1; +http://www.google.com/bot.html)"
208.115.111.68 - - [31/Jul/2012:01:19:43 +0200] "GET /robots.txt HTTP/1.1" 404 1181 "-" "Mozilla/5.0 (compatible; Ezooms/1.0; ezooms.bot@gmail.com)"
208.115.113.84 - - [31/Jul/2012:03:05:09 +0200] "GET /robots.txt HTTP/1.1" 404 1181 "-" "Mozilla/5.0 (compatible; Ezooms/1.0; ezooms.bot@gmail.com)"
208.115.111.68 - - [31/Jul/2012:03:17:25 +0200] "GET /hirek09_03.htm HTTP/1.1" 200 10726 "-" "Mozilla/5.0 (compatible; Ezooms/1.0; ezooms.bot@gmail.com)"
66.249.66.84 - - [31/Jul/2012:03:29:53 +0200] "GET /robots.txt HTTP/1.1" 404 1181 "-" "Mozilla/5.0 (compatible; Googlebot/2.1; +http://www.google.com/bot.html)"
66.249.66.84 - - [31/Jul/2012:03:29:54 +0200] "GET /fiok/kornyezet.htm HTTP/1.1" 200 22582 "-" "Mozilla/5.0 (compatible; Googlebot/2.1; +http://www.google.com/bot.html)"
66.249.66.84 - - [31/Jul/2012:03:29:54 +0200] "GET /fiok/programok.htm HTTP/1.1" 200 18165 "-" "Mozilla/5.0 (compatible; Googlebot/2.1; +http://www.google.com/bot.html)"
178.154.210.252 - - [31/Jul/2012:03:33:58 +0200] "GET /fiok/ HTTP/1.1" 304 - "-" "Mozilla/5.0 (compatible; YandexBot/3.0; +http://yandex.com/bots)"
66.249.66.84 - - [31/Jul/2012:04:05:55 +0200] "GET /jog/eseteink/korosladany/kepek/img_4_.jpg HTTP/1.1" 304 - "-" "Googlebot-Image/1.0"
66.249.66.84 - - [31/Jul/2012:04:24:40 +0200] "GET /fiok/kapcsolat.htm HTTP/1.1" 200 17416 "-" "Mozilla/5.0 (compatible; Googlebot/2.1; +http://www.google.com/bot.html)"
208.115.113.84 - - [31/Jul/2012:04:36:27 +0200] "GET /jog/zoldombudsman.htm HTTP/1.1" 200 13369 "-" "Mozilla/5.0 (compatible; Ezooms/1.0; ezooms.bot@gmail.com)"
66.249.66.84 - - [31/Jul/2012:05:15:19 +0200] "GET /jog/slapp.htm HTTP/1.1" 200 21314 "-" "Mozilla/5.0 (compatible; Googlebot/2.1; +http://www.google.com/bot.html)"
66.249.66.84 - - [31/Jul/2012:05:17:09 +0200] "GET /jog/eseteink/derekegyhaza/fvm_kekto_fellebbezes_jelzese.pdf HTTP/1.1" 200 88839 "-" "Mozilla/5.0 (compatible; Googlebot/2.1; +http://www.google.com/bot.html)"
66.249.66.84 - - [31/Jul/2012:05:20:55 +0200] "GET /jog/eseteink/derekegyhaza/kotevife_ugyfel_uj.pdf HTTP/1.1" 200 110734 "-" "Mozilla/5.0 (compatible; Googlebot/2.1; +http://www.google.com/bot.html)"
66.249.66.84 - - [31/Jul/2012:05:23:51 +0200] "GET /jog/eseteink/derekegyhaza/erdofelugyeloseg_letesitmeny2.pdf HTTP/1.1" 200 89367 "-" "Mozilla/5.0 (compatible; Googlebot/2.1; +http://www.google.com/bot.html)"
66.249.66.84 - - [31/Jul/2012:05:37:51 +0200] "GET /jog/eseteink/derekegyhaza/mszh_csongrad_ugyfel_uj.pdf HTTP/1.1" 200 109006 "-" "Mozilla/5.0 (compatible; Googlebot/2.1; +http://www.google.com/bot.html)"
66.249.66.84 - - [31/Jul/2012:05:38:48 +0200] "GET /jog/eseteink/derekegyhaza/kotvife_kekto20061116.pdf HTTP/1.1" 200 144190 "-" "Mozilla/5.0 (compatible; Googlebot/2.1; +http://www.google.com/bot.html)"
66.249.66.84 - - [31/Jul/2012:05:40:41 +0200] "GET /jog/eseteink/derekegyhaza/lev_nimfea_36868.pdf HTTP/1.1" 200 144038 "-" "Mozilla/5.0 (compatible; Googlebot/2.1; +http://www.google.com/bot.html)"
66.249.72.58 - - [31/Jul/2012:05:44:39 +0200] "GET /jog/eseteink/derekegyhaza/kotevife_volt_e_skv.pdf HTTP/1.1" 200 113615 "-" "Mozilla/5.0 (compatible; Googlebot/2.1; +http://www.google.com/bot.html)"
66.249.66.84 - - [31/Jul/2012:05:47:54 +0200] "GET /jog/eseteink/derekegyhaza/mszh-nak_tajekoztatas_ovasrol.pdf HTTP/1.1" 200 113477 "-" "Mozilla/5.0 (compatible; Googlebot/2.1; +http://www.google.com/bot.html)"
66.249.66.84 - - [31/Jul/2012:06:46:36 +0200] "GET /jog/eseteink/derekegyhaza/kotvife_kekto_kerites.pdf HTTP/1.1" 200 105210 "-" "Mozilla/5.0 (compatible; Googlebot/2.1; +http://www.google.com/bot.html)"
141.105.120.152 - - [31/Jul/2012:07:14:39 +0200] "GET /robots.txt HTTP/1.0" 404 1181 "-" "Mozilla/5.0 (compatible; WebNL; +http://www.web.nl/webmasters/spider.html; helpdesk@web.nl)"
141.105.120.152 - - [31/Jul/2012:07:14:39 +0200] "GET /hirek/hirek090619.htm HTTP/1.0" 304 - "-" "Mozilla/5.0 (compatible; WebNL; +http://www.web.nl/webmasters/spider.html; helpdesk@web.nl)"
65.52.111.208 - - [31/Jul/2012:09:44:51 +0200] "GET /jog/eseteink/poroszlo/index.htm HTTP/1.1" 200 16861 "-" "Mozilla/4.0 (compatible; MSIE 7.0; Windows NT 5.2; SV1; .NET CLR 1.1.4322; .NET CLR 2.0.40607; .NET CLR 3.0.30729; .NET CLR 3.5.30707)"
65.52.111.208 - - [31/Jul/2012:09:44:54 +0200] "GET /jog/style.css HTTP/1.1" 200 21413 "http://www.beklen.hu/jog/eseteink/poroszlo/index.htm" "Mozilla/4.0 (compatible; MSIE 7.0; Windows NT 5.2; SV1; .NET CLR 1.1.4322; .NET CLR 2.0.40607; .NET CLR 3.0.30729; .NET CLR 3.5.30707)"
65.52.111.208 - - [31/Jul/2012:09:44:55 +0200] "GET /jog/eseteink/poroszlo/style.ie7.css HTTP/1.1" 404 1181 "http://www.beklen.hu/jog/eseteink/poroszlo/index.htm" "Mozilla/4.0 (compatible; MSIE 7.0; Windows NT 5.2; SV1; .NET CLR 1.1.4322; .NET CLR 2.0.40607; .NET CLR 3.0.30729; .NET CLR 3.5.30707)"
65.52.111.208 - - [31/Jul/2012:09:44:56 +0200] "GET /jog/jquery.js HTTP/1.1" 200 72174 "http://www.beklen.hu/jog/eseteink/poroszlo/index.htm" "Mozilla/4.0 (compatible; MSIE 7.0; Windows NT 5.2; SV1; .NET CLR 1.1.4322; .NET CLR 2.0.40607; .NET CLR 3.0.30729; .NET CLR 3.5.30707)"
65.52.111.208 - - [31/Jul/2012:09:44:59 +0200] "GET /jog/script.js HTTP/1.1" 200 5674 "http://www.beklen.hu/jog/eseteink/poroszlo/index.htm" "Mozilla/4.0 (compatible; MSIE 7.0; Windows NT 5.2; SV1; .NET CLR 1.1.4322; .NET CLR 2.0.40607; .NET CLR 3.0.30729; .NET CLR 3.5.30707)"
65.52.111.208 - - [31/Jul/2012:09:45:00 +0200] "GET /jog/lb/js/prototype.js HTTP/1.1" 200 47603 "http://www.beklen.hu/jog/eseteink/poroszlo/index.htm" "Mozilla/4.0 (compatible; MSIE 7.0; Windows NT 5.2; SV1; .NET CLR 1.1.4322; .NET CLR 2.0.40607; .NET CLR 3.0.30729; .NET CLR 3.5.30707)"
65.52.111.208 - - [31/Jul/2012:09:45:01 +0200] "GET /jog/lb/js/scriptaculous.js?load=effects HTTP/1.1" 200 2152 "http://www.beklen.hu/jog/eseteink/poroszlo/index.htm" "Mozilla/4.0 (compatible; MSIE 7.0; Windows NT 5.2; SV1; .NET CLR 1.1.4322; .NET CLR 2.0.40607; .NET CLR 3.0.30729; .NET CLR 3.5.30707)"
