31.46.178.60 - - [12/Jul/2012:14:40:04 +0200] "GET /jog/eseteink/dakar/dakar_0804_kdvktvf_engedely.pdf HTTP/1.1" 200 621692 "http://www.google.hu/url?sa=t&rct=j&q=szentze%20kft%20hullad%C3%A9k&source=web&cd=1&ved=0CDMQFjAA&url=http%3A%2F%2Fwww.beklen.hu%2Fjog%2Feseteink%2Fdakar%2Fdakar_0804_kdvktvf_engedely.pdf&ei=m8X-T_SjM8bAtAbj9ZXgBg&usg=AFQjCNG6lTud-n3Gb4wUJq-37IDq8ZlhJw" "Mozilla/5.0 (compatible; MSIE 9.0; Windows NT 6.1; Trident/5.0)"
66.249.72.58 - - [12/Jul/2012:15:33:05 +0200] "GET /hirek/jelentkezesi_lap.doc HTTP/1.1" 304 - "-" "Mozilla/5.0 (compatible; Googlebot/2.1; +http://www.google.com/bot.html)"
178.154.210.252 - - [12/Jul/2012:15:51:05 +0200] "GET /hirek/hirek090428.htm HTTP/1.1" 304 - "-" "Mozilla/5.0 (compatible; YandexBot/3.0; +http://yandex.com/bots)"
208.115.113.84 - - [12/Jul/2012:16:28:13 +0200] "GET /robots.txt HTTP/1.1" 404 1181 "-" "Mozilla/5.0 (compatible; Ezooms/1.0; ezooms.bot@gmail.com)"
139.18.2.17 - - [12/Jul/2012:17:39:51 +0200] "GET /robots.txt HTTP/1.1" 404 1181 "-" "findlinks/2.6 (+http://wortschatz.uni-leipzig.de/findlinks/)"
66.249.72.58 - - [12/Jul/2012:18:00:25 +0200] "GET /hirek/hirek101027.htm HTTP/1.1" 304 - "-" "Mozilla/5.0 (iPhone; U; CPU iPhone OS 4_1 like Mac OS X; en-us) AppleWebKit/532.9 (KHTML, like Gecko) Version/4.0.5 Mobile/8B117 Safari/6531.22.7 (compatible; Googlebot-Mobile/2.1; +http://www.google.com/bot.html)"
178.154.210.252 - - [12/Jul/2012:19:59:01 +0200] "GET / HTTP/1.1" 200 23778 "-" "Mozilla/5.0 (compatible; YandexBot/3.0; +http://yandex.com/bots)"
208.115.111.68 - - [12/Jul/2012:20:01:16 +0200] "GET /robots.txt HTTP/1.1" 404 1181 "-" "Mozilla/5.0 (compatible; Ezooms/1.0; ezooms.bot@gmail.com)"
178.154.210.252 - - [12/Jul/2012:21:13:46 +0200] "GET /programok.htm HTTP/1.1" 304 - "-" "Mozilla/5.0 (compatible; YandexBot/3.0; +http://yandex.com/bots)"
208.115.111.68 - - [12/Jul/2012:21:29:52 +0200] "GET /english/index.htm HTTP/1.1" 200 5262 "-" "Mozilla/5.0 (compatible; Ezooms/1.0; ezooms.bot@gmail.com)"
208.115.111.68 - - [12/Jul/2012:21:29:54 +0200] "GET /hirek/hirek100804.htm HTTP/1.1" 200 8056 "-" "Mozilla/5.0 (compatible; Ezooms/1.0; ezooms.bot@gmail.com)"
208.115.113.84 - - [13/Jul/2012:00:48:18 +0200] "GET /robots.txt HTTP/1.1" 404 1181 "-" "Mozilla/5.0 (compatible; Ezooms/1.0; ezooms.bot@gmail.com)"
188.143.117.166 - - [13/Jul/2012:09:34:35 +0200] "GET /jog/eseteink/korosladany/korosl%20felfugg_srb.pdf HTTP/1.1" 200 27614 "http://www.google.hu/url?sa=t&rct=j&q=keresetet%20terjesztek%20el%C5%91%20indokol%C3%A1s%20n%C3%A9lk%C3%BCl&source=web&cd=6&ved=0CFYQFjAF&url=http%3A%2F%2Fwww.beklen.hu%2Fjog%2Feseteink%2Fkorosladany%2Fkorosl%2520felfugg_srb.pdf&ei=hM__T9wmx4uzBtqklb4G&usg=AFQjCNGEjHe1DAgDwQ8jggT_ytXR7AII6A" "Mozilla/5.0 (Windows NT 6.1) AppleWebKit/536.11 (KHTML, like Gecko) Chrome/20.0.1132.57 Safari/536.11"
188.143.117.166 - - [13/Jul/2012:09:34:35 +0200] "GET /favicon.ico HTTP/1.1" 404 1181 "-" "Mozilla/5.0 (Windows NT 6.1) AppleWebKit/536.11 (KHTML, like Gecko) Chrome/20.0.1132.57 Safari/536.11"
188.143.117.166 - - [13/Jul/2012:09:34:35 +0200] "GET /jog/eseteink/korosladany/korosl%20felfugg_srb.pdf HTTP/1.1" 206 32768 "http://www.beklen.hu/jog/eseteink/korosladany/korosl%20felfugg_srb.pdf" "Mozilla/5.0 (Windows NT 6.1) AppleWebKit/536.11 (KHTML, like Gecko) Chrome/20.0.1132.57 Safari/536.11"
188.143.117.166 - - [13/Jul/2012:09:34:35 +0200] "GET /jog/eseteink/korosladany/korosl%20felfugg_srb.pdf HTTP/1.1" 206 50007 "http://www.beklen.hu/jog/eseteink/korosladany/korosl%20felfugg_srb.pdf" "Mozilla/5.0 (Windows NT 6.1) AppleWebKit/536.11 (KHTML, like Gecko) Chrome/20.0.1132.57 Safari/536.11"
188.143.117.166 - - [13/Jul/2012:09:34:36 +0200] "GET /jog/eseteink/korosladany/korosl%20felfugg_srb.pdf HTTP/1.1" 206 41349 "http://www.beklen.hu/jog/eseteink/korosladany/korosl%20felfugg_srb.pdf" "Mozilla/5.0 (Windows NT 6.1) AppleWebKit/536.11 (KHTML, like Gecko) Chrome/20.0.1132.57 Safari/536.11"
188.143.117.166 - - [13/Jul/2012:09:34:36 +0200] "GET /favicon.ico HTTP/1.1" 404 1181 "-" "Mozilla/5.0 (Windows NT 6.1) AppleWebKit/536.11 (KHTML, like Gecko) Chrome/20.0.1132.57 Safari/536.11"
217.69.133.31 - - [13/Jul/2012:15:43:07 +0200] "GET / HTTP/1.0" 200 23778 "-" "Mozilla/5.0 (compatible; Mail.RU/2.0)"
66.249.72.58 - - [13/Jul/2012:18:38:47 +0200] "GET /robots.txt HTTP/1.1" 404 1181 "-" "Mozilla/5.0 (compatible; Googlebot/2.1; +http://www.google.com/bot.html)"
66.249.72.58 - - [13/Jul/2012:18:38:48 +0200] "GET /hirek/hirek090428.htm HTTP/1.1" 200 24808 "-" "Mozilla/5.0 (iPhone; U; CPU iPhone OS 4_1 like Mac OS X; en-us) AppleWebKit/532.9 (KHTML, like Gecko) Version/4.0.5 Mobile/8B117 Safari/6531.22.7 (compatible; Googlebot-Mobile/2.1; +http://www.google.com/bot.html)"
66.249.72.58 - - [13/Jul/2012:18:46:00 +0200] "GET /hirek/nca_logo.jpg HTTP/1.1" 200 4244 "-" "Mozilla/5.0 (compatible; Googlebot/2.1; +http://www.google.com/bot.html)"
141.105.120.152 - - [14/Jul/2012:01:40:00 +0200] "GET /robots.txt HTTP/1.0" 404 1181 "-" "Mozilla/5.0 (compatible; OpenindexSpider; +http://www.openindex.io/en/webmasters/spider.html)"
141.105.120.152 - - [14/Jul/2012:01:40:00 +0200] "GET /hirek/hirek090303.htm HTTP/1.0" 304 - "-" "Mozilla/5.0 (compatible; OpenindexSpider; +http://www.openindex.io/en/webmasters/spider.html)"
95.20.255.159 - - [14/Jul/2012:03:55:59 +0200] "GET / HTTP/1.1" 200 23778 "-" "Java/1.7.0_04"
95.20.255.159 - - [14/Jul/2012:03:56:00 +0200] "GET /hirarchivum.htm HTTP/1.1" 200 24981 "-" "Java/1.7.0_04"
95.20.255.159 - - [14/Jul/2012:03:56:00 +0200] "GET /index.htm HTTP/1.1" 200 23778 "-" "Java/1.7.0_04"
95.20.255.159 - - [14/Jul/2012:03:56:00 +0200] "GET /kapcsolat.htm HTTP/1.1" 200 6889 "-" "Java/1.7.0_04"
95.20.255.159 - - [14/Jul/2012:03:56:00 +0200] "GET /magunkrol.htm HTTP/1.1" 200 9202 "-" "Java/1.7.0_04"
95.20.255.159 - - [14/Jul/2012:03:56:00 +0200] "GET /media.htm HTTP/1.1" 200 5208 "-" "Java/1.7.0_04"
95.20.255.159 - - [14/Jul/2012:03:56:01 +0200] "GET /programok.htm HTTP/1.1" 200 6444 "-" "Java/1.7.0_04"
95.20.255.159 - - [14/Jul/2012:03:56:01 +0200] "GET /vill.cs HTTP/1.1" 200 2676 "-" "Java/1.7.0_04"
95.20.255.159 - - [14/Jul/2012:03:56:01 +0200] "GET /hirek08_10.htm HTTP/1.1" 200 6946 "-" "Java/1.7.0_04"
95.20.255.159 - - [14/Jul/2012:03:56:02 +0200] "GET /hirek08_11.htm HTTP/1.1" 200 7253 "-" "Java/1.7.0_04"
95.20.255.159 - - [14/Jul/2012:03:56:02 +0200] "GET /hirek08_12.htm HTTP/1.1" 200 8268 "-" "Java/1.7.0_04"
95.20.255.159 - - [14/Jul/2012:03:56:02 +0200] "GET /hirek09_01.htm HTTP/1.1" 200 6841 "-" "Java/1.7.0_04"
95.20.255.159 - - [14/Jul/2012:03:56:02 +0200] "GET /hirek09_02.htm HTTP/1.1" 200 7450 "-" "Java/1.7.0_04"
95.20.255.159 - - [14/Jul/2012:03:56:03 +0200] "GET /hirek09_03.htm HTTP/1.1" 200 10726 "-" "Java/1.7.0_04"
95.20.255.159 - - [14/Jul/2012:03:56:03 +0200] "GET /&url=kapcsolat.htm HTTP/1.1" 404 1181 "-" "Java/1.7.0_04"
95.20.255.159 - - [14/Jul/2012:03:56:03 +0200] "GET /&url=programok.htm HTTP/1.1" 404 1181 "-" "Java/1.7.0_04"
95.20.255.159 - - [14/Jul/2012:03:56:03 +0200] "GET /&url=adomanyi.htm HTTP/1.1" 404 1181 "-" "Java/1.7.0_04"
95.20.255.159 - - [14/Jul/2012:03:56:03 +0200] "GET /bunt.htm HTTP/1.1" 200 5683 "-" "Java/1.7.0_04"
95.20.255.159 - - [14/Jul/2012:03:56:04 +0200] "GET /civilmuhely.htm HTTP/1.1" 200 8450 "-" "Java/1.7.0_04"
95.20.255.159 - - [14/Jul/2012:03:56:04 +0200] "GET /khb.htm HTTP/1.1" 200 8719 "-" "Java/1.7.0_04"
95.20.255.159 - - [14/Jul/2012:03:56:04 +0200] "GET /nca.htm HTTP/1.1" 200 7467 "-" "Java/1.7.0_04"
95.20.255.159 - - [14/Jul/2012:03:56:04 +0200] "GET /ncta.htm HTTP/1.1" 200 7221 "-" "Java/1.7.0_04"
95.20.255.159 - - [14/Jul/2012:03:56:04 +0200] "GET /nka.htm HTTP/1.1" 200 6221 "-" "Java/1.7.0_04"
95.20.255.159 - - [14/Jul/2012:03:56:05 +0200] "GET /szakmai.htm HTTP/1.1" 200 6054 "-" "Java/1.7.0_04"
95.20.255.159 - - [14/Jul/2012:03:56:05 +0200] "GET /ncta_a.htm HTTP/1.1" 200 7260 "-" "Java/1.7.0_04"
95.20.255.159 - - [14/Jul/2012:03:56:05 +0200] "GET /&url=civilmuhely.htm HTTP/1.1" 404 1181 "-" "Java/1.7.0_04"
95.20.255.159 - - [14/Jul/2012:03:56:05 +0200] "GET /&url=magunkrol.htm HTTP/1.1" 404 1181 "-" "Java/1.7.0_04"
95.20.255.159 - - [14/Jul/2012:03:56:05 +0200] "GET /nca04.htm HTTP/1.1" 200 16378 "-" "Java/1.7.0_04"
95.20.255.159 - - [14/Jul/2012:03:56:06 +0200] "GET /nca05.htm HTTP/1.1" 200 16412 "-" "Java/1.7.0_04"
95.20.255.159 - - [14/Jul/2012:03:56:07 +0200] "GET /nca06.htm HTTP/1.1" 200 19034 "-" "Java/1.7.0_04"
95.20.255.159 - - [14/Jul/2012:03:56:07 +0200] "GET /nca07.htm HTTP/1.1" 200 21968 "-" "Java/1.7.0_04"
95.20.255.159 - - [14/Jul/2012:03:56:07 +0200] "GET /nca08.htm HTTP/1.1" 200 21795 "-" "Java/1.7.0_04"
95.20.255.159 - - [14/Jul/2012:03:56:08 +0200] "GET /nca09.htm HTTP/1.1" 200 24315 "-" "Java/1.7.0_04"
95.20.255.159 - - [14/Jul/2012:03:56:08 +0200] "GET /nca10.htm HTTP/1.1" 200 16648 "-" "Java/1.7.0_04"
95.20.255.159 - - [14/Jul/2012:03:56:08 +0200] "GET /nca11.htm HTTP/1.1" 200 7133 "-" "Java/1.7.0_04"
95.20.255.159 - - [14/Jul/2012:03:56:08 +0200] "GET /kiadvanyok.htm HTTP/1.1" 200 8206 "-" "Java/1.7.0_04"
95.20.255.159 - - [14/Jul/2012:03:56:09 +0200] "GET /deutsch/index.htm HTTP/1.1" 200 5324 "-" "Java/1.7.0_04"
95.20.255.159 - - [14/Jul/2012:03:56:09 +0200] "GET /english/index.htm HTTP/1.1" 200 5262 "-" "Java/1.7.0_04"
95.20.255.159 - - [14/Jul/2012:03:56:09 +0200] "GET /fiok/index.html HTTP/1.1" 200 20554 "-" "Java/1.7.0_04"
95.20.255.159 - - [14/Jul/2012:03:56:09 +0200] "GET /hirek/hirek091015.htm HTTP/1.1" 200 7046 "-" "Java/1.7.0_04"
95.20.255.159 - - [14/Jul/2012:03:56:10 +0200] "GET /hirek/hirek091102.htm HTTP/1.1" 200 8538 "-" "Java/1.7.0_04"
95.20.255.159 - - [14/Jul/2012:03:56:10 +0200] "GET /hirek/hirek091103.htm HTTP/1.1" 200 7301 "-" "Java/1.7.0_04"
95.20.255.159 - - [14/Jul/2012:03:56:10 +0200] "GET /hirek/hirek091221.htm HTTP/1.1" 200 6740 "-" "Java/1.7.0_04"
95.20.255.159 - - [14/Jul/2012:03:56:10 +0200] "GET /hirek/hirek100225.htm HTTP/1.1" 200 7288 "-" "Java/1.7.0_04"
66.249.72.58 - - [14/Jul/2012:05:39:33 +0200] "GET /hirek/Natura_2000es_gyepgazdalkodas_eloirasai.ppt HTTP/1.1" 200 333312 "-" "Mozilla/5.0 (compatible; Googlebot/2.1; +http://www.google.com/bot.html)"
66.249.72.58 - - [14/Jul/2012:05:53:18 +0200] "GET /jog/eseteink/dakar/dakar_dabas_ugyeszseg_hatarozat.pdf HTTP/1.1" 200 2672939 "-" "Mozilla/5.0 (compatible; Googlebot/2.1; +http://www.google.com/bot.html)"
208.115.113.84 - - [14/Jul/2012:09:00:35 +0200] "GET /robots.txt HTTP/1.1" 404 1181 "-" "Mozilla/5.0 (compatible; Ezooms/1.0; ezooms.bot@gmail.com)"
66.249.72.58 - - [14/Jul/2012:10:32:46 +0200] "GET /robots.txt HTTP/1.1" 404 1181 "-" "Mozilla/5.0 (compatible; Googlebot/2.1; +http://www.google.com/bot.html)"
66.249.72.58 - - [14/Jul/2012:10:32:47 +0200] "GET /hirek/hirek091102.htm HTTP/1.1" 304 - "-" "Mozilla/5.0 (compatible; Googlebot/2.1; +http://www.google.com/bot.html)"
66.249.72.58 - - [14/Jul/2012:12:26:14 +0200] "GET /hirek/hirek101027.htm HTTP/1.1" 304 - "-" "Mozilla/5.0 (compatible; Googlebot/2.1; +http://www.google.com/bot.html)"
208.115.113.84 - - [14/Jul/2012:12:40:53 +0200] "GET /robots.txt HTTP/1.1" 404 1181 "-" "Mozilla/5.0 (compatible; Ezooms/1.0; ezooms.bot@gmail.com)"
89.123.4.32 - - [14/Jul/2012:12:53:52 +0200] "GET / HTTP/1.1" 200 23778 "-" "Java/1.6.0_04"
89.123.4.32 - - [14/Jul/2012:12:53:52 +0200] "GET /hirarchivum.htm HTTP/1.1" 200 24981 "-" "Java/1.6.0_04"
89.123.4.32 - - [14/Jul/2012:12:53:52 +0200] "GET /index.htm HTTP/1.1" 200 23778 "-" "Java/1.6.0_04"
89.123.4.32 - - [14/Jul/2012:12:53:52 +0200] "GET /kapcsolat.htm HTTP/1.1" 200 6889 "-" "Java/1.6.0_04"
89.123.4.32 - - [14/Jul/2012:12:53:53 +0200] "GET /magunkrol.htm HTTP/1.1" 200 9202 "-" "Java/1.6.0_04"
89.123.4.32 - - [14/Jul/2012:12:53:53 +0200] "GET /media.htm HTTP/1.1" 200 5208 "-" "Java/1.6.0_04"
89.123.4.32 - - [14/Jul/2012:12:53:53 +0200] "GET /programok.htm HTTP/1.1" 200 6444 "-" "Java/1.6.0_04"
89.123.4.32 - - [14/Jul/2012:12:53:53 +0200] "GET /vill.cs HTTP/1.1" 200 2676 "-" "Java/1.6.0_04"
89.123.4.32 - - [14/Jul/2012:12:53:53 +0200] "GET /hirek08_10.htm HTTP/1.1" 200 6946 "-" "Java/1.6.0_04"
89.123.4.32 - - [14/Jul/2012:12:53:53 +0200] "GET /hirek08_11.htm HTTP/1.1" 200 7253 "-" "Java/1.6.0_04"
89.123.4.32 - - [14/Jul/2012:12:53:53 +0200] "GET /hirek08_12.htm HTTP/1.1" 200 8268 "-" "Java/1.6.0_04"
89.123.4.32 - - [14/Jul/2012:12:53:54 +0200] "GET /hirek09_01.htm HTTP/1.1" 200 6841 "-" "Java/1.6.0_04"
89.123.4.32 - - [14/Jul/2012:12:53:54 +0200] "GET /hirek09_02.htm HTTP/1.1" 200 7450 "-" "Java/1.6.0_04"
89.123.4.32 - - [14/Jul/2012:12:53:54 +0200] "GET /hirek09_03.htm HTTP/1.1" 200 10726 "-" "Java/1.6.0_04"
89.123.4.32 - - [14/Jul/2012:12:53:54 +0200] "GET /&url=kapcsolat.htm HTTP/1.1" 404 1181 "-" "Java/1.6.0_04"
89.123.4.32 - - [14/Jul/2012:12:53:54 +0200] "GET /&url=programok.htm HTTP/1.1" 404 1181 "-" "Java/1.6.0_04"
89.123.4.32 - - [14/Jul/2012:12:53:54 +0200] "GET /&url=adomanyi.htm HTTP/1.1" 404 1181 "-" "Java/1.6.0_04"
89.123.4.32 - - [14/Jul/2012:12:53:54 +0200] "GET /bunt.htm HTTP/1.1" 200 5683 "-" "Java/1.6.0_04"
89.123.4.32 - - [14/Jul/2012:12:53:54 +0200] "GET /civilmuhely.htm HTTP/1.1" 200 8450 "-" "Java/1.6.0_04"
89.123.4.32 - - [14/Jul/2012:12:53:55 +0200] "GET /khb.htm HTTP/1.1" 200 8719 "-" "Java/1.6.0_04"
89.123.4.32 - - [14/Jul/2012:12:53:55 +0200] "GET /nca.htm HTTP/1.1" 200 7467 "-" "Java/1.6.0_04"
89.123.4.32 - - [14/Jul/2012:12:53:55 +0200] "GET /ncta.htm HTTP/1.1" 200 7221 "-" "Java/1.6.0_04"
89.123.4.32 - - [14/Jul/2012:12:53:55 +0200] "GET /nka.htm HTTP/1.1" 200 6221 "-" "Java/1.6.0_04"
89.123.4.32 - - [14/Jul/2012:12:53:55 +0200] "GET /szakmai.htm HTTP/1.1" 200 6054 "-" "Java/1.6.0_04"
89.123.4.32 - - [14/Jul/2012:12:53:55 +0200] "GET /ncta_a.htm HTTP/1.1" 200 7260 "-" "Java/1.6.0_04"
89.123.4.32 - - [14/Jul/2012:12:53:56 +0200] "GET /&url=civilmuhely.htm HTTP/1.1" 404 1181 "-" "Java/1.6.0_04"
89.123.4.32 - - [14/Jul/2012:12:53:56 +0200] "GET /&url=magunkrol.htm HTTP/1.1" 404 1181 "-" "Java/1.6.0_04"
89.123.4.32 - - [14/Jul/2012:12:53:56 +0200] "GET /nca04.htm HTTP/1.1" 200 16378 "-" "Java/1.6.0_04"
89.123.4.32 - - [14/Jul/2012:12:53:56 +0200] "GET /nca05.htm HTTP/1.1" 200 16412 "-" "Java/1.6.0_04"
89.123.4.32 - - [14/Jul/2012:12:53:57 +0200] "GET /nca06.htm HTTP/1.1" 200 19034 "-" "Java/1.6.0_04"
89.123.4.32 - - [14/Jul/2012:12:53:57 +0200] "GET /nca07.htm HTTP/1.1" 200 21968 "-" "Java/1.6.0_04"
89.123.4.32 - - [14/Jul/2012:12:53:57 +0200] "GET /nca08.htm HTTP/1.1" 200 21795 "-" "Java/1.6.0_04"
89.123.4.32 - - [14/Jul/2012:12:53:57 +0200] "GET /nca09.htm HTTP/1.1" 200 24315 "-" "Java/1.6.0_04"
89.123.4.32 - - [14/Jul/2012:12:53:58 +0200] "GET /nca10.htm HTTP/1.1" 200 16648 "-" "Java/1.6.0_04"
89.123.4.32 - - [14/Jul/2012:12:53:58 +0200] "GET /nca11.htm HTTP/1.1" 200 7133 "-" "Java/1.6.0_04"
89.123.4.32 - - [14/Jul/2012:12:53:58 +0200] "GET /kiadvanyok.htm HTTP/1.1" 200 8206 "-" "Java/1.6.0_04"
89.123.4.32 - - [14/Jul/2012:12:53:59 +0200] "GET /deutsch/index.htm HTTP/1.1" 200 5324 "-" "Java/1.6.0_04"
89.123.4.32 - - [14/Jul/2012:12:53:59 +0200] "GET /english/index.htm HTTP/1.1" 200 5262 "-" "Java/1.6.0_04"
89.123.4.32 - - [14/Jul/2012:12:53:59 +0200] "GET /fiok/index.html HTTP/1.1" 200 20554 "-" "Java/1.6.0_04"
89.123.4.32 - - [14/Jul/2012:12:54:00 +0200] "GET /hirek/hirek091015.htm HTTP/1.1" 200 7046 "-" "Java/1.6.0_04"
89.123.4.32 - - [14/Jul/2012:12:54:00 +0200] "GET /hirek/hirek091102.htm HTTP/1.1" 200 8538 "-" "Java/1.6.0_04"
89.123.4.32 - - [14/Jul/2012:12:54:00 +0200] "GET /hirek/hirek091103.htm HTTP/1.1" 200 7301 "-" "Java/1.6.0_04"
89.123.4.32 - - [14/Jul/2012:12:54:01 +0200] "GET /hirek/hirek091221.htm HTTP/1.1" 200 6740 "-" "Java/1.6.0_04"
89.123.4.32 - - [14/Jul/2012:12:54:01 +0200] "GET /hirek/hirek100225.htm HTTP/1.1" 200 7288 "-" "Java/1.6.0_04"
157.55.18.21 - - [14/Jul/2012:14:06:18 +0200] "GET /robots.txt HTTP/1.1" 404 1181 "-" "Mozilla/5.0 (compatible; bingbot/2.0; +http://www.bing.com/bingbot.htm)"
66.249.72.58 - - [14/Jul/2012:14:11:08 +0200] "GET /hirek/hirek101025.htm HTTP/1.1" 200 8786 "-" "Mozilla/5.0 (compatible; Googlebot/2.1; +http://www.google.com/bot.html)"
157.55.18.21 - - [14/Jul/2012:14:11:17 +0200] "GET /magunkrol.htm HTTP/1.1" 200 9202 "-" "Mozilla/5.0 (compatible; bingbot/2.0; +http://www.bing.com/bingbot.htm)"
207.46.13.48 - - [14/Jul/2012:14:42:12 +0200] "GET /hirek/hirek100305.htm HTTP/1.1" 304 - "-" "Mozilla/5.0 (compatible; bingbot/2.0; +http://www.bing.com/bingbot.htm)"
66.249.72.58 - - [14/Jul/2012:16:15:17 +0200] "GET /hirek/hirek091103.htm HTTP/1.1" 304 - "-" "Mozilla/5.0 (compatible; Googlebot/2.1; +http://www.google.com/bot.html)"
66.249.72.58 - - [14/Jul/2012:16:19:30 +0200] "GET /jog/eseteink/dakar/dakar_ugyeszseg_lp.pdf HTTP/1.1" 200 218784 "-" "Mozilla/5.0 (compatible; Googlebot/2.1; +http://www.google.com/bot.html)"
207.46.192.48 - - [14/Jul/2012:17:12:10 +0200] "GET /robots.txt HTTP/1.1" 404 1181 "-" "Mozilla/5.0 (compatible; bingbot/2.0; +http://www.bing.com/bingbot.htm)"
207.46.192.48 - - [14/Jul/2012:17:13:13 +0200] "GET /hirek/Microsoft%20Word%20-%20csongradi%20duzzaszto%20velemeny%202009.06.11..doc.pdf HTTP/1.1" 200 321155 "-" "Mozilla/5.0 (compatible; bingbot/2.0; +http://www.bing.com/bingbot.htm)"
66.249.72.58 - - [14/Jul/2012:18:37:26 +0200] "GET /hirek/hirek101213.htm HTTP/1.1" 304 - "-" "Mozilla/5.0 (iPhone; U; CPU iPhone OS 4_1 like Mac OS X; en-us) AppleWebKit/532.9 (KHTML, like Gecko) Version/4.0.5 Mobile/8B117 Safari/6531.22.7 (compatible; Googlebot-Mobile/2.1; +http://www.google.com/bot.html)"
149.172.45.0 - - [14/Jul/2012:19:09:27 +0200] "GET /robots.txt HTTP/1.0" 404 1181 "-" "Mozilla/5.0 (compatible; MJ12bot/v1.4.3; http://www.majestic12.co.uk/bot.php?+)"
149.172.45.0 - - [14/Jul/2012:19:09:29 +0200] "GET / HTTP/1.1" 200 23778 "-" "Mozilla/5.0 (compatible; MJ12bot/v1.4.3; http://www.majestic12.co.uk/bot.php?+)"
66.249.72.58 - - [14/Jul/2012:19:35:05 +0200] "GET /hirek/hirek100810.htm HTTP/1.1" 200 8123 "-" "Mozilla/5.0 (compatible; Googlebot/2.1; +http://www.google.com/bot.html)"
66.249.72.58 - - [14/Jul/2012:21:22:50 +0200] "GET /hirek/hirek091221.htm HTTP/1.1" 304 - "-" "Mozilla/5.0 (compatible; Googlebot/2.1; +http://www.google.com/bot.html)"
207.46.13.163 - - [14/Jul/2012:23:20:31 +0200] "GET /robots.txt HTTP/1.1" 404 1181 "-" "Mozilla/5.0 (compatible; bingbot/2.0; +http://www.bing.com/bingbot.htm)"
207.46.13.163 - - [14/Jul/2012:23:21:14 +0200] "GET /hirek/Natura_2000es_gyepgazdalkodas_eloirasai.ppt HTTP/1.1" 200 333312 "-" "Mozilla/5.0 (compatible; bingbot/2.0; +http://www.bing.com/bingbot.htm)"
66.249.72.58 - - [15/Jul/2012:00:08:42 +0200] "GET /robots.txt HTTP/1.1" 404 1181 "-" "Mozilla/5.0 (compatible; Googlebot/2.1; +http://www.google.com/bot.html)"
66.249.72.58 - - [15/Jul/2012:00:08:42 +0200] "GET /hirek/hirek100804.htm HTTP/1.1" 304 - "-" "Mozilla/5.0 (compatible; Googlebot/2.1; +http://www.google.com/bot.html)"
213.186.127.14 - - [15/Jul/2012:01:35:55 +0200] "GET /jog/eseteink/korosladany/index.htm HTTP/1.1" 200 30713 "-" "Mozilla/5.0 (compatible; AhrefsBot/3.1; +http://ahrefs.com/robot/)"
213.186.119.133 - - [15/Jul/2012:02:20:55 +0200] "GET /jog/jogszabalyok/kornyezetvedelmi_torveny.pdf HTTP/1.1" 200 18492 "-" "Mozilla/5.0 (compatible; AhrefsBot/3.1; +http://ahrefs.com/robot/)"
213.186.127.14 - - [15/Jul/2012:03:05:55 +0200] "GET /jog/jogszabalyok/2008_evi_liii_torveny_hatalyos_cites_fuggelekek.doc HTTP/1.1" 200 18487 "-" "Mozilla/5.0 (compatible; AhrefsBot/3.1; +http://ahrefs.com/robot/)"
66.249.72.170 - - [15/Jul/2012:03:25:30 +0200] "GET /robots.txt HTTP/1.1" 404 1181 "-" "Mozilla/5.0 (compatible; Googlebot/2.1; +http://www.google.com/bot.html)"
66.249.72.170 - - [15/Jul/2012:03:25:31 +0200] "GET / HTTP/1.1" 200 23778 "-" "Mozilla/5.0 (compatible; Googlebot/2.1; +http://www.google.com/bot.html)"
66.249.72.58 - - [15/Jul/2012:03:32:56 +0200] "GET /hirek/hirek120120.htm HTTP/1.1" 304 - "-" "Mozilla/5.0 (compatible; Googlebot/2.1; +http://www.google.com/bot.html)"
213.186.119.144 - - [15/Jul/2012:03:50:56 +0200] "GET /jog/jogszabalyok/polgari_perrendtartas_xx_fejezet.pdf HTTP/1.1" 404 1181 "-" "Mozilla/5.0 (compatible; AhrefsBot/3.1; +http://ahrefs.com/robot/)"
66.249.72.58 - - [15/Jul/2012:04:43:54 +0200] "GET /jog/jogszabalyok/1_erdo.pdf HTTP/1.1" 200 761794 "-" "Mozilla/5.0 (compatible; Googlebot/2.1; +http://www.google.com/bot.html)"
213.186.127.5 - - [15/Jul/2012:05:20:56 +0200] "GET /jog/jogszabalyok/2009_xxxvii_tv.pdf HTTP/1.1" 200 19940 "-" "Mozilla/5.0 (compatible; AhrefsBot/3.1; +http://ahrefs.com/robot/)"
213.186.127.8 - - [15/Jul/2012:06:05:59 +0200] "GET /jog/eseteink/malom/index.htm HTTP/1.1" 200 17507 "-" "Mozilla/5.0 (compatible; AhrefsBot/3.1; +http://ahrefs.com/robot/)"
213.186.127.6 - - [15/Jul/2012:06:50:37 +0200] "GET /jog/jogszabalyok/201.korm.%20rendelettel%20modositott275.natura%20korm.%20rendelet.pdf HTTP/1.1" 200 330 "-" "Mozilla/5.0 (compatible; AhrefsBot/3.1; +http://ahrefs.com/robot/)"
213.186.119.135 - - [15/Jul/2012:07:35:55 +0200] "GET /jog/eseteink/derekegyhaza/index.htm HTTP/1.1" 200 34210 "-" "Mozilla/5.0 (compatible; AhrefsBot/3.1; +http://ahrefs.com/robot/)"
130.83.167.153 - - [15/Jul/2012:08:20:41 +0200] "GET /robots.txt HTTP/1.1" 404 1181 "-" "findlinks/2.6 (+http://wortschatz.uni-leipzig.de/findlinks/)"
213.186.127.5 - - [15/Jul/2012:08:20:54 +0200] "GET /jog/jogszabalyok/2011.%20%C3%A9vi%20CXII.pdf HTTP/1.1" 404 1181 "-" "Mozilla/5.0 (compatible; AhrefsBot/3.1; +http://ahrefs.com/robot/)"
212.113.35.162 - - [15/Jul/2012:09:05:56 +0200] "GET /jog/eseteink/poroszlo/index.htm HTTP/1.1" 200 16861 "-" "Mozilla/5.0 (compatible; AhrefsBot/3.1; +http://ahrefs.com/robot/)"
213.186.127.28 - - [15/Jul/2012:09:50:55 +0200] "GET /jog/jogszabalyok/2011_clxxv.pdf HTTP/1.1" 200 18492 "-" "Mozilla/5.0 (compatible; AhrefsBot/3.1; +http://ahrefs.com/robot/)"
213.186.127.12 - - [15/Jul/2012:10:35:54 +0200] "GET /jog/eseteink/autopalya/index.htm HTTP/1.1" 200 11311 "-" "Mozilla/5.0 (compatible; AhrefsBot/3.1; +http://ahrefs.com/robot/)"
212.113.37.106 - - [15/Jul/2012:11:20:57 +0200] "GET /jog/jogszabalyok/348_2006.korm.rendelet.pdf HTTP/1.1" 200 122748 "-" "Mozilla/5.0 (compatible; AhrefsBot/3.1; +http://ahrefs.com/robot/)"
184.154.48.82 - - [15/Jul/2012:11:26:43 +0200] "GET /robots.txt HTTP/1.0" 404 1181 "-" "Mozilla/5.0 (compatible; MJ12bot/v1.4.3; http://www.majestic12.co.uk/bot.php?+)"
184.154.48.82 - - [15/Jul/2012:11:26:45 +0200] "GET /fiok HTTP/1.0" 301 300 "-" "Mozilla/5.0 (compatible; MJ12bot/v1.4.3; http://www.majestic12.co.uk/bot.php?+)"
184.154.48.82 - - [15/Jul/2012:11:26:47 +0200] "GET /fiok/ HTTP/1.0" 200 20554 "-" "Mozilla/5.0 (compatible; MJ12bot/v1.4.3; http://www.majestic12.co.uk/bot.php?+)"
178.154.210.252 - - [15/Jul/2012:11:52:04 +0200] "GET /robots.txt HTTP/1.1" 404 1181 "-" "Mozilla/5.0 (compatible; YandexBot/3.0; +http://yandex.com/bots)"
213.186.119.138 - - [15/Jul/2012:12:05:54 +0200] "GET /jog/jog/jogszabalyok/V%C3%A9dett%20fajok%202006_1_2008kieg.pdf HTTP/1.1" 404 1181 "-" "Mozilla/5.0 (compatible; AhrefsBot/3.1; +http://ahrefs.com/robot/)"
66.249.72.170 - - [15/Jul/2012:12:53:45 +0200] "GET /jog/jogszabalyok/kornyezetvedelmi_torveny.pdf HTTP/1.1" 200 245188 "-" "Mozilla/5.0 (compatible; Googlebot/2.1; +http://www.google.com/bot.html)"
178.154.210.252 - - [15/Jul/2012:13:10:09 +0200] "GET / HTTP/1.1" 200 23778 "-" "Mozilla/5.0 (compatible; YandexBot/3.0; +http://yandex.com/bots)"
213.186.119.142 - - [15/Jul/2012:13:35:55 +0200] "GET /jog/eseteink/duzzaszto/index.htm HTTP/1.1" 200 10470 "-" "Mozilla/5.0 (compatible; AhrefsBot/3.1; +http://ahrefs.com/robot/)"
66.249.72.58 - - [15/Jul/2012:13:58:30 +0200] "GET /robots.txt HTTP/1.1" 404 1181 "-" "Mozilla/5.0 (compatible; Googlebot/2.1; +http://www.google.com/bot.html)"
66.249.72.58 - - [15/Jul/2012:13:58:31 +0200] "GET /hirek/Natura_2000es_gyepgazdalkodas_eloirasai.ppt HTTP/1.1" 200 333312 "-" "Mozilla/5.0 (compatible; Googlebot/2.1; +http://www.google.com/bot.html)"
207.46.204.180 - - [15/Jul/2012:14:07:32 +0200] "GET /robots.txt HTTP/1.1" 404 1181 "-" "Mozilla/5.0 (compatible; bingbot/2.0; +http://www.bing.com/bingbot.htm)"
212.113.37.106 - - [15/Jul/2012:14:20:42 +0200] "GET /jog/jogszabalyok/Natura2000_gyepkezelesi_rendelet.pdf HTTP/1.1" 200 19940 "-" "Mozilla/5.0 (compatible; AhrefsBot/3.1; +http://ahrefs.com/robot/)"
65.52.111.245 - - [15/Jul/2012:14:26:44 +0200] "GET /kapcsolat.htm HTTP/1.1" 200 6889 "-" "Mozilla/5.0 (Windows NT 6.1; WOW64) AppleWebKit/534+ (KHTML, like Gecko) BingPreview/1.0b"
65.52.111.245 - - [15/Jul/2012:14:26:46 +0200] "GET /vill.cs HTTP/1.1" 200 2676 "http://www.beklen.hu/kapcsolat.htm" "Mozilla/5.0 (Windows NT 6.1; WOW64) AppleWebKit/534+ (KHTML, like Gecko) BingPreview/1.0b"
178.154.210.252 - - [15/Jul/2012:14:39:53 +0200] "GET /hirek/hirek091015.htm HTTP/1.1" 200 7046 "-" "Mozilla/5.0 (compatible; YandexBot/3.0; +http://yandex.com/bots)"
213.186.127.10 - - [15/Jul/2012:15:05:55 +0200] "GET /jog/jogszabalyok/1952._evi_iii._torveny_a_polgari_perrendtartasrol.pdf HTTP/1.1" 404 1181 "-" "Mozilla/5.0 (compatible; AhrefsBot/3.1; +http://ahrefs.com/robot/)"
66.249.72.58 - - [15/Jul/2012:15:11:06 +0200] "GET /nca07.htm HTTP/1.1" 200 21968 "-" "Mozilla/5.0 (compatible; Googlebot/2.1; +http://www.google.com/bot.html)"
213.186.127.14 - - [15/Jul/2012:15:50:52 +0200] "GET /jog/jogszabalyok/V%C3%A9dett%20fajok%202006_1_2008kieg.pdf HTTP/1.1" 404 1181 "-" "Mozilla/5.0 (compatible; AhrefsBot/3.1; +http://ahrefs.com/robot/)"
208.115.113.84 - - [15/Jul/2012:16:25:06 +0200] "GET /robots.txt HTTP/1.1" 404 1181 "-" "Mozilla/5.0 (compatible; Ezooms/1.0; ezooms.bot@gmail.com)"
213.186.127.4 - - [15/Jul/2012:17:20:54 +0200] "GET /jog/jogszabalyok/aarhus_egyezmeny.pdf HTTP/1.1" 200 17044 "-" "Mozilla/5.0 (compatible; AhrefsBot/3.1; +http://ahrefs.com/robot/)"
213.186.120.196 - - [15/Jul/2012:18:05:42 +0200] "GET /jog/jogszabalyok/1995.%20evi%20XCIII.%20torveny.pdf HTTP/1.1" 200 19940 "-" "Mozilla/5.0 (compatible; AhrefsBot/3.1; +http://ahrefs.com/robot/)"
66.249.72.58 - - [15/Jul/2012:18:38:29 +0200] "GET /hirek/hirek120120.htm HTTP/1.1" 304 - "-" "Mozilla/5.0 (iPhone; U; CPU iPhone OS 4_1 like Mac OS X; en-us) AppleWebKit/532.9 (KHTML, like Gecko) Version/4.0.5 Mobile/8B117 Safari/6531.22.7 (compatible; Googlebot-Mobile/2.1; +http://www.google.com/bot.html)"
213.186.127.4 - - [15/Jul/2012:18:50:55 +0200] "GET /jog/jogszabalyok/biodiverzitas_egyezmeny.pdf HTTP/1.1" 200 18492 "-" "Mozilla/5.0 (compatible; AhrefsBot/3.1; +http://ahrefs.com/robot/)"
188.165.248.204 - - [15/Jul/2012:19:15:18 +0200] "GET /robots.txt HTTP/1.0" 404 1181 "-" "Mozilla/5.0 (compatible; MJ12bot/v1.4.3; http://www.majestic12.co.uk/bot.php?+)"
188.165.248.204 - - [15/Jul/2012:19:15:19 +0200] "GET / HTTP/1.0" 200 23778 "-" "Mozilla/5.0 (compatible; MJ12bot/v1.4.3; http://www.majestic12.co.uk/bot.php?+)"
213.186.119.143 - - [15/Jul/2012:20:20:54 +0200] "GET /jog/jogszabalyok/conventions_hu.pdf HTTP/1.1" 200 19938 "-" "Mozilla/5.0 (compatible; AhrefsBot/3.1; +http://ahrefs.com/robot/)"
212.113.37.106 - - [15/Jul/2012:21:05:40 +0200] "GET /jog/jogszabalyok/2001-es%20vedett%20lista.pdf HTTP/1.1" 200 115508 "-" "Mozilla/5.0 (compatible; AhrefsBot/3.1; +http://ahrefs.com/robot/)"
213.186.122.2 - - [15/Jul/2012:21:50:55 +0200] "GET /jog/jogszabalyok/egyezm_bern.pdf HTTP/1.1" 200 19941 "-" "Mozilla/5.0 (compatible; AhrefsBot/3.1; +http://ahrefs.com/robot/)"
212.113.35.162 - - [15/Jul/2012:22:35:34 +0200] "GET /jog/eseteink/dakar/index.htm HTTP/1.1" 200 10482 "-" "Mozilla/5.0 (compatible; AhrefsBot/3.1; +http://ahrefs.com/robot/)"
66.249.72.58 - - [15/Jul/2012:23:33:03 +0200] "GET /fiok/program_reszek/taborok.htm HTTP/1.1" 304 - "-" "Mozilla/5.0 (compatible; Googlebot/2.1; +http://www.google.com/bot.html)"
66.249.72.170 - - [15/Jul/2012:23:44:03 +0200] "GET /robots.txt HTTP/1.1" 404 1181 "-" "Mozilla/5.0 (compatible; Googlebot/2.1; +http://www.google.com/bot.html)"
66.249.72.170 - - [15/Jul/2012:23:44:07 +0200] "GET /jog/jogszabalyok/2008_evi_liii_torveny_hatalyos_cites_fuggelekek.doc HTTP/1.1" 200 3005952 "-" "Mozilla/5.0 (compatible; Googlebot/2.1; +http://www.google.com/bot.html)"
213.186.122.3 - - [16/Jul/2012:00:05:38 +0200] "GET /jog/jogszabalyok/2003_evi_xxxii_torveny.doc HTTP/1.1" 200 92337 "-" "Mozilla/5.0 (compatible; AhrefsBot/3.1; +http://ahrefs.com/robot/)"
66.249.72.58 - - [16/Jul/2012:00:35:02 +0200] "GET /jog/eseteink/derekegyhaza/foldhivatalnak_1.pdf HTTP/1.1" 200 145216 "-" "Mozilla/5.0 (compatible; Googlebot/2.1; +http://www.google.com/bot.html)"
212.113.37.106 - - [16/Jul/2012:00:50:48 +0200] "GET /jog/jogszabalyok/kek_6925_2004_cxl.pdf HTTP/1.1" 200 111164 "-" "Mozilla/5.0 (compatible; AhrefsBot/3.1; +http://ahrefs.com/robot/)"
208.115.113.84 - - [16/Jul/2012:02:52:46 +0200] "GET /robots.txt HTTP/1.1" 404 1181 "-" "Mozilla/5.0 (compatible; Ezooms/1.0; ezooms.bot@gmail.com)"
178.154.210.252 - - [16/Jul/2012:03:30:18 +0200] "GET /index.htm HTTP/1.1" 200 23778 "-" "Mozilla/5.0 (compatible; YandexBot/3.0; +http://yandex.com/bots)"
69.28.58.71 - - [16/Jul/2012:04:44:06 +0200] "GET /robots.txt HTTP/1.0" 404 1181 "-" "nutch-1.4/Nutch-1.4"
69.28.58.71 - - [16/Jul/2012:04:44:06 +0200] "GET / HTTP/1.0" 200 23778 "-" "nutch-1.4/Nutch-1.4"
66.249.72.58 - - [16/Jul/2012:05:42:29 +0200] "GET /robots.txt HTTP/1.1" 404 1181 "-" "Mozilla/5.0 (compatible; Googlebot/2.1; +http://www.google.com/bot.html)"
66.249.72.58 - - [16/Jul/2012:05:42:29 +0200] "GET /jog/polgariper.htm HTTP/1.1" 304 - "-" "Mozilla/5.0 (compatible; Googlebot/2.1; +http://www.google.com/bot.html)"
157.55.18.21 - - [16/Jul/2012:06:24:21 +0200] "GET /robots.txt HTTP/1.1" 404 1181 "-" "Mozilla/5.0 (compatible; bingbot/2.0; +http://www.bing.com/bingbot.htm)"
157.55.18.21 - - [16/Jul/2012:07:09:45 +0200] "GET / HTTP/1.1" 304 - "-" "Mozilla/5.0 (compatible; bingbot/2.0; +http://www.bing.com/bingbot.htm)"
208.115.111.68 - - [16/Jul/2012:08:48:59 +0200] "GET /robots.txt HTTP/1.1" 404 1181 "-" "Mozilla/5.0 (compatible; Ezooms/1.0; ezooms.bot@gmail.com)"
87.242.7.139 - - [16/Jul/2012:10:33:43 +0200] "GET /jog/eseteink/audi/audi_gyor_restoration_measures1-10.pdf HTTP/1.1" 200 123712 "http://www.google.hu/url?sa=t&rct=j&q=&esrc=s&source=web&cd=8&ved=0CGMQFjAH&url=http%3A%2F%2Fwww.beklen.hu%2Fjog%2Feseteink%2Faudi%2Faudi_gyor_restoration_measures1-10.pdf&ei=2dEDUKrzBcfVsgbUv5mEBg&usg=AFQjCNE5kCGiUpJed4VX6nFNeJ8jPtSNqA&sig2=WP4ljOvfUrr00tMSJfvmhw" "Mozilla/5.0 (Windows NT 5.1) AppleWebKit/536.11 (KHTML, like Gecko) Chrome/20.0.1132.57 Safari/536.11"
87.242.7.139 - - [16/Jul/2012:10:33:43 +0200] "GET /jog/eseteink/audi/audi_gyor_restoration_measures1-10.pdf HTTP/1.1" 206 32768 "http://www.beklen.hu/jog/eseteink/audi/audi_gyor_restoration_measures1-10.pdf" "Mozilla/5.0 (Windows NT 5.1) AppleWebKit/536.11 (KHTML, like Gecko) Chrome/20.0.1132.57 Safari/536.11"
87.242.7.139 - - [16/Jul/2012:10:33:44 +0200] "GET /favicon.ico HTTP/1.1" 404 1181 "-" "Mozilla/5.0 (Windows NT 5.1) AppleWebKit/536.11 (KHTML, like Gecko) Chrome/20.0.1132.57 Safari/536.11"
87.242.7.139 - - [16/Jul/2012:10:33:49 +0200] "GET /jog/eseteink/audi/audi_gyor_restoration_measures1-10.pdf HTTP/1.1" 206 4214426 "http://www.beklen.hu/jog/eseteink/audi/audi_gyor_restoration_measures1-10.pdf" "Mozilla/5.0 (Windows NT 5.1) AppleWebKit/536.11 (KHTML, like Gecko) Chrome/20.0.1132.57 Safari/536.11"
208.115.111.68 - - [16/Jul/2012:11:05:42 +0200] "GET /hirek08_12.htm HTTP/1.1" 200 8268 "-" "Mozilla/5.0 (compatible; Ezooms/1.0; ezooms.bot@gmail.com)"
188.143.21.120 - - [16/Jul/2012:11:59:33 +0200] "GET /hirek/hirek090619.htm HTTP/1.1" 200 7871 "http://www.google.hu/url?sa=t&rct=j&q=f%C3%B3nagy%20%C3%A9va&source=web&cd=2&ved=0CFIQFjAB&url=http%3A%2F%2Fwww.beklen.hu%2Fhirek%2Fhirek090619.htm&ei=_OUDUN_LNoHQtAb_4YGDCw&usg=AFQjCNEAjwov8VfpVpmpYbVKWGzbQtowVg" "Mozilla/5.0 (Windows NT 6.0; rv:13.0) Gecko/20100101 Firefox/13.0.1"
188.143.21.120 - - [16/Jul/2012:11:59:33 +0200] "GET /vill.cs HTTP/1.1" 200 2676 "http://www.beklen.hu/hirek/hirek090619.htm" "Mozilla/5.0 (Windows NT 6.0; rv:13.0) Gecko/20100101 Firefox/13.0.1"
188.143.21.120 - - [16/Jul/2012:11:59:33 +0200] "GET /tm01.jpg HTTP/1.1" 200 1080 "http://www.beklen.hu/hirek/hirek090619.htm" "Mozilla/5.0 (Windows NT 6.0; rv:13.0) Gecko/20100101 Firefox/13.0.1"
188.143.21.120 - - [16/Jul/2012:11:59:33 +0200] "GET /tm03_.jpg HTTP/1.1" 200 1787 "http://www.beklen.hu/hirek/hirek090619.htm" "Mozilla/5.0 (Windows NT 6.0; rv:13.0) Gecko/20100101 Firefox/13.0.1"
188.143.21.120 - - [16/Jul/2012:11:59:33 +0200] "GET /tm04_.jpg HTTP/1.1" 200 2058 "http://www.beklen.hu/hirek/hirek090619.htm" "Mozilla/5.0 (Windows NT 6.0; rv:13.0) Gecko/20100101 Firefox/13.0.1"
188.143.21.120 - - [16/Jul/2012:11:59:33 +0200] "GET /tm05_.jpg HTTP/1.1" 200 1839 "http://www.beklen.hu/hirek/hirek090619.htm" "Mozilla/5.0 (Windows NT 6.0; rv:13.0) Gecko/20100101 Firefox/13.0.1"
188.143.21.120 - - [16/Jul/2012:11:59:33 +0200] "GET /tm02_.jpg HTTP/1.1" 200 1524 "http://www.beklen.hu/hirek/hirek090619.htm" "Mozilla/5.0 (Windows NT 6.0; rv:13.0) Gecko/20100101 Firefox/13.0.1"
188.143.21.120 - - [16/Jul/2012:11:59:33 +0200] "GET /bg.jpg HTTP/1.1" 200 566 "http://www.beklen.hu/hirek/hirek090619.htm" "Mozilla/5.0 (Windows NT 6.0; rv:13.0) Gecko/20100101 Firefox/13.0.1"
188.143.21.120 - - [16/Jul/2012:11:59:33 +0200] "GET /tm07.jpg HTTP/1.1" 200 1007 "http://www.beklen.hu/hirek/hirek090619.htm" "Mozilla/5.0 (Windows NT 6.0; rv:13.0) Gecko/20100101 Firefox/13.0.1"
188.143.21.120 - - [16/Jul/2012:11:59:33 +0200] "GET /tm06_.jpg HTTP/1.1" 200 1382 "http://www.beklen.hu/hirek/hirek090619.htm" "Mozilla/5.0 (Windows NT 6.0; rv:13.0) Gecko/20100101 Firefox/13.0.1"
188.143.21.120 - - [16/Jul/2012:11:59:33 +0200] "GET /bottom_main.jpg HTTP/1.1" 200 96820 "http://www.beklen.hu/vill.cs" "Mozilla/5.0 (Windows NT 6.0; rv:13.0) Gecko/20100101 Firefox/13.0.1"
188.143.21.120 - - [16/Jul/2012:11:59:33 +0200] "GET /tm04.jpg HTTP/1.1" 200 2613 "http://www.beklen.hu/hirek/hirek090619.htm" "Mozilla/5.0 (Windows NT 6.0; rv:13.0) Gecko/20100101 Firefox/13.0.1"
188.143.21.120 - - [16/Jul/2012:11:59:33 +0200] "GET /tm06.jpg HTTP/1.1" 200 1651 "http://www.beklen.hu/hirek/hirek090619.htm" "Mozilla/5.0 (Windows NT 6.0; rv:13.0) Gecko/20100101 Firefox/13.0.1"
188.143.21.120 - - [16/Jul/2012:11:59:33 +0200] "GET /tm05.jpg HTTP/1.1" 200 2253 "http://www.beklen.hu/hirek/hirek090619.htm" "Mozilla/5.0 (Windows NT 6.0; rv:13.0) Gecko/20100101 Firefox/13.0.1"
188.143.21.120 - - [16/Jul/2012:11:59:33 +0200] "GET /tm02.jpg HTTP/1.1" 200 1873 "http://www.beklen.hu/hirek/hirek090619.htm" "Mozilla/5.0 (Windows NT 6.0; rv:13.0) Gecko/20100101 Firefox/13.0.1"
188.143.21.120 - - [16/Jul/2012:11:59:33 +0200] "GET /tm03.jpg HTTP/1.1" 200 2212 "http://www.beklen.hu/hirek/hirek090619.htm" "Mozilla/5.0 (Windows NT 6.0; rv:13.0) Gecko/20100101 Firefox/13.0.1"
188.143.21.120 - - [16/Jul/2012:11:59:33 +0200] "GET /favicon.ico HTTP/1.1" 404 1181 "-" "Mozilla/5.0 (Windows NT 6.0; rv:13.0) Gecko/20100101 Firefox/13.0.1"
188.143.21.120 - - [16/Jul/2012:11:59:33 +0200] "GET /favicon.ico HTTP/1.1" 404 1181 "-" "Mozilla/5.0 (Windows NT 6.0; rv:13.0) Gecko/20100101 Firefox/13.0.1"
208.115.111.68 - - [16/Jul/2012:12:23:53 +0200] "GET /robots.txt HTTP/1.1" 404 1181 "-" "Mozilla/5.0 (compatible; Ezooms/1.0; ezooms.bot@gmail.com)"
95.108.158.242 - - [16/Jul/2012:12:40:17 +0200] "GET /robots.txt HTTP/1.1" 404 1181 "-" "Mozilla/5.0 (compatible; YandexImages/3.0; +http://yandex.com/bots)"
66.249.72.58 - - [16/Jul/2012:12:51:34 +0200] "GET /robots.txt HTTP/1.1" 404 1181 "-" "Mozilla/5.0 (compatible; Googlebot/2.1; +http://www.google.com/bot.html)"
66.249.72.58 - - [16/Jul/2012:12:51:35 +0200] "GET /fiok/program_reszek/madarmegfigyeles.htm HTTP/1.1" 200 21825 "-" "Mozilla/5.0 (compatible; Googlebot/2.1; +http://www.google.com/bot.html)"
139.18.2.55 - - [16/Jul/2012:13:01:28 +0200] "GET /szakmai.htm HTTP/1.1" 200 6054 "-" "findlinks/2.6 (+http://wortschatz.uni-leipzig.de/findlinks/)"
66.249.72.58 - - [16/Jul/2012:13:11:19 +0200] "GET /jog/jogihatter.htm HTTP/1.1" 200 18691 "-" "Mozilla/5.0 (compatible; Googlebot/2.1; +http://www.google.com/bot.html)"
66.249.72.58 - - [16/Jul/2012:13:15:03 +0200] "GET /jog/tapasztalatszerzok.htm HTTP/1.1" 200 12148 "-" "Mozilla/5.0 (compatible; Googlebot/2.1; +http://www.google.com/bot.html)"
66.249.72.58 - - [16/Jul/2012:13:58:03 +0200] "GET /jog/tippek.htm HTTP/1.1" 200 13697 "-" "Mozilla/5.0 (compatible; Googlebot/2.1; +http://www.google.com/bot.html)"
95.108.158.242 - - [16/Jul/2012:14:17:26 +0200] "GET /deutsch/d02.jpg HTTP/1.1" 200 1339 "-" "Mozilla/5.0 (compatible; YandexImages/3.0; +http://yandex.com/bots)"
208.115.111.68 - - [16/Jul/2012:14:31:08 +0200] "GET /hirek/hirek090303.htm HTTP/1.1" 200 7721 "-" "Mozilla/5.0 (compatible; Ezooms/1.0; ezooms.bot@gmail.com)"
66.249.72.58 - - [16/Jul/2012:14:31:17 +0200] "GET /jog/jogszabalyok/4_2010kje.pdf HTTP/1.1" 404 1181 "-" "Mozilla/5.0 (compatible; Googlebot/2.1; +http://www.google.com/bot.html)"
66.249.72.58 - - [16/Jul/2012:14:33:18 +0200] "GET /english/programs.htm HTTP/1.1" 200 5614 "-" "Mozilla/5.0 (compatible; Googlebot/2.1; +http://www.google.com/bot.html)"
66.249.72.58 - - [16/Jul/2012:14:48:43 +0200] "GET /jog/jogszabalyok/2011.%20%C3%A9vi%20CXII.pdf HTTP/1.1" 404 1181 "-" "Mozilla/5.0 (compatible; Googlebot/2.1; +http://www.google.com/bot.html)"
66.249.72.58 - - [16/Jul/2012:15:13:27 +0200] "GET /jog/jogszabalyok/polgari_perrendtartas_xx_fejezet.pdf HTTP/1.1" 404 1181 "-" "Mozilla/5.0 (compatible; Googlebot/2.1; +http://www.google.com/bot.html)"
66.249.72.58 - - [16/Jul/2012:15:46:06 +0200] "GET /jog/jogszabalyok/V%C3%A9dett%20fajok%202006_1_2008kieg.pdf HTTP/1.1" 404 1181 "-" "Mozilla/5.0 (compatible; Googlebot/2.1; +http://www.google.com/bot.html)"
95.108.158.242 - - [16/Jul/2012:15:51:14 +0200] "GET /tm05.jpg HTTP/1.1" 200 2253 "-" "Mozilla/5.0 (compatible; YandexImages/3.0; +http://yandex.com/bots)"
66.249.72.58 - - [16/Jul/2012:16:23:53 +0200] "GET /jog/jogszabalyok/1952._evi_iii._torveny_a_polgari_perrendtartasrol.pdf HTTP/1.1" 404 1181 "-" "Mozilla/5.0 (compatible; Googlebot/2.1; +http://www.google.com/bot.html)"
66.249.72.58 - - [16/Jul/2012:16:24:22 +0200] "GET /fiok/program_reszek/programok/15.jpg HTTP/1.1" 200 65386 "-" "Googlebot-Image/1.0"
66.249.72.58 - - [16/Jul/2012:16:52:54 +0200] "GET /jog/jog/jogszabalyok/V%C3%A9dett%20fajok%202006_1_2008kieg.pdf HTTP/1.1" 404 1181 "-" "Mozilla/5.0 (compatible; Googlebot/2.1; +http://www.google.com/bot.html)"
95.108.158.242 - - [16/Jul/2012:18:06:36 +0200] "GET /deutsch/d03.jpg HTTP/1.1" 200 1235 "-" "Mozilla/5.0 (compatible; YandexImages/3.0; +http://yandex.com/bots)"
95.108.158.242 - - [16/Jul/2012:20:00:59 +0200] "GET /deutsch/d01.jpg HTTP/1.1" 200 1357 "-" "Mozilla/5.0 (compatible; YandexImages/3.0; +http://yandex.com/bots)"
66.249.72.58 - - [16/Jul/2012:20:09:08 +0200] "GET /jog/img/file_pdf.png HTTP/1.1" 200 581 "-" "Mozilla/5.0 (compatible; Googlebot/2.1; +http://www.google.com/bot.html)"
66.249.72.58 - - [16/Jul/2012:20:09:09 +0200] "GET /jog/img/file_zip.png HTTP/1.1" 200 622 "-" "Mozilla/5.0 (compatible; Googlebot/2.1; +http://www.google.com/bot.html)"
66.249.72.58 - - [16/Jul/2012:20:09:10 +0200] "GET /jog/img/file_doc.png HTTP/1.1" 200 598 "-" "Mozilla/5.0 (compatible; Googlebot/2.1; +http://www.google.com/bot.html)"
66.249.72.58 - - [16/Jul/2012:20:09:13 +0200] "GET /jog/images/postbullets.png HTTP/1.1" 200 175 "http://www.beklen.hu/jog/tapasztalatszerzok.htm" "Mozilla/5.0 (compatible; Googlebot/2.1; +http://www.google.com/bot.html)"
66.249.72.58 - - [16/Jul/2012:20:09:14 +0200] "GET /jog/img/tamogatok.jpg HTTP/1.1" 200 18468 "http://www.beklen.hu/jog/tapasztalatszerzok.htm" "Mozilla/5.0 (compatible; Googlebot/2.1; +http://www.google.com/bot.html)"
208.115.111.68 - - [16/Jul/2012:21:47:37 +0200] "GET /robots.txt HTTP/1.1" 404 1181 "-" "Mozilla/5.0 (compatible; Ezooms/1.0; ezooms.bot@gmail.com)"
95.108.158.242 - - [16/Jul/2012:22:16:53 +0200] "GET /deutsch/d04.jpg HTTP/1.1" 200 1181 "-" "Mozilla/5.0 (compatible; YandexImages/3.0; +http://yandex.com/bots)"
208.115.111.68 - - [17/Jul/2012:00:11:04 +0200] "GET /fiok/programok.htm HTTP/1.1" 200 18165 "-" "Mozilla/5.0 (compatible; Ezooms/1.0; ezooms.bot@gmail.com)"
208.115.111.68 - - [17/Jul/2012:00:11:06 +0200] "GET /hirek/hirek100728.htm HTTP/1.1" 200 7560 "-" "Mozilla/5.0 (compatible; Ezooms/1.0; ezooms.bot@gmail.com)"
66.249.72.58 - - [17/Jul/2012:00:16:44 +0200] "GET /robots.txt HTTP/1.1" 404 1181 "-" "Mozilla/5.0 (compatible; Googlebot/2.1; +http://www.google.com/bot.html)"
66.249.72.58 - - [17/Jul/2012:00:16:44 +0200] "GET /fiok/ HTTP/1.1" 200 20554 "-" "Mozilla/5.0 (iPhone; U; CPU iPhone OS 4_1 like Mac OS X; en-us) AppleWebKit/532.9 (KHTML, like Gecko) Version/4.0.5 Mobile/8B117 Safari/6531.22.7 (compatible; Googlebot-Mobile/2.1; +http://www.google.com/bot.html)"
178.154.210.252 - - [17/Jul/2012:01:44:25 +0200] "GET /robots.txt HTTP/1.1" 404 1181 "-" "Mozilla/5.0 (compatible; YandexBot/3.0; +http://yandex.com/bots)"
178.154.210.252 - - [17/Jul/2012:01:44:27 +0200] "GET /fiok HTTP/1.1" 301 312 "-" "Mozilla/5.0 (compatible; YandexBot/3.0; +http://yandex.com/bots)"
65.52.110.147 - - [17/Jul/2012:02:02:55 +0200] "GET /robots.txt HTTP/1.1" 404 1181 "-" "Mozilla/5.0 (compatible; bingbot/2.0; +http://www.bing.com/bingbot.htm)"
65.52.110.147 - - [17/Jul/2012:02:04:26 +0200] "GET /jog/eseteink/poroszlo/index.htm HTTP/1.1" 304 - "-" "Mozilla/5.0 (compatible; bingbot/2.0; +http://www.bing.com/bingbot.htm)"
141.105.120.153 - - [17/Jul/2012:05:09:24 +0200] "GET /robots.txt HTTP/1.0" 404 1181 "-" "Mozilla/5.0 (compatible; OpenindexSpider; +http://www.openindex.io/en/webmasters/spider.html)"
141.105.120.153 - - [17/Jul/2012:05:09:24 +0200] "GET /hirek/hirek090303.htm HTTP/1.0" 200 7721 "-" "Mozilla/5.0 (compatible; OpenindexSpider; +http://www.openindex.io/en/webmasters/spider.html)"
207.46.204.242 - - [17/Jul/2012:05:27:37 +0200] "GET /robots.txt HTTP/1.1" 404 1181 "-" "Mozilla/5.0 (compatible; bingbot/2.0; +http://www.bing.com/bingbot.htm)"
207.46.204.242 - - [17/Jul/2012:05:30:17 +0200] "GET / HTTP/1.1" 200 23778 "-" "Mozilla/5.0 (compatible; bingbot/2.0; +http://www.bing.com/bingbot.htm)"
66.249.72.58 - - [17/Jul/2012:06:15:17 +0200] "GET /robots.txt HTTP/1.1" 404 1181 "-" "Mozilla/5.0 (compatible; Googlebot/2.1; +http://www.google.com/bot.html)"
67.159.8.164 - - [17/Jul/2012:06:49:50 +0200] "GET /fiok/ HTTP/1.0" 200 20554 "http://www.beklen.hu/fiok/" "Mozilla/4.0 (compatible; MSIE 6.0; Windows 98; Win 9x 4.90)"
67.159.8.164 - - [17/Jul/2012:06:49:51 +0200] "GET /fiok/ HTTP/1.0" 200 20554 "http://beklen.hu/fiok/" "Mozilla/4.0 (compatible; MSIE 6.0; Windows 98; Win 9x 4.90)"
67.159.8.164 - - [17/Jul/2012:06:49:51 +0200] "GET /fiok/index.php HTTP/1.0" 404 1181 "http://www.beklen.hu/fiok/index.php" "Mozilla/4.0 (compatible; MSIE 6.0; Windows 98; Win 9x 4.90)"
130.83.167.153 - - [17/Jul/2012:07:04:25 +0200] "GET /programok.htm HTTP/1.1" 200 6444 "-" "findlinks/2.6 (+http://wortschatz.uni-leipzig.de/findlinks/)"
66.249.72.58 - - [17/Jul/2012:10:59:40 +0200] "GET / HTTP/1.1" 200 23778 "-" "Mozilla/5.0 (compatible; Googlebot/2.1; +http://www.google.com/bot.html)"
66.249.72.58 - - [17/Jul/2012:11:01:09 +0200] "GET /hirek/hirek120207.htm HTTP/1.1" 304 - "-" "Mozilla/5.0 (compatible; Googlebot/2.1; +http://www.google.com/bot.html)"
66.249.72.58 - - [17/Jul/2012:11:05:10 +0200] "GET /lb/css/lightbox.css HTTP/1.1" 200 1715 "-" "Mozilla/5.0 (compatible; Googlebot/2.1; +http://www.google.com/bot.html)"
66.249.72.58 - - [17/Jul/2012:11:05:11 +0200] "GET /lb/js/lightbox.js HTTP/1.1" 200 23424 "-" "Mozilla/5.0 (compatible; Googlebot/2.1; +http://www.google.com/bot.html)"
66.249.72.58 - - [17/Jul/2012:11:05:14 +0200] "GET /lb/js/prototype.js HTTP/1.1" 200 47603 "-" "Mozilla/5.0 (compatible; Googlebot/2.1; +http://www.google.com/bot.html)"
66.249.72.58 - - [17/Jul/2012:11:05:15 +0200] "GET /lb/js/effects.js HTTP/1.1" 200 31969 "-" "Mozilla/5.0 (compatible; Googlebot/2.1; +http://www.google.com/bot.html)"
208.115.111.68 - - [17/Jul/2012:13:14:19 +0200] "GET /robots.txt HTTP/1.1" 404 1181 "-" "Mozilla/5.0 (compatible; Ezooms/1.0; ezooms.bot@gmail.com)"
208.115.111.68 - - [17/Jul/2012:15:22:24 +0200] "GET /hirek/hirek101027.htm HTTP/1.1" 200 9627 "-" "Mozilla/5.0 (compatible; Ezooms/1.0; ezooms.bot@gmail.com)"
208.115.111.68 - - [17/Jul/2012:15:22:26 +0200] "GET /jog/eseteink/korosladany/index.htm HTTP/1.1" 200 30713 "-" "Mozilla/5.0 (compatible; Ezooms/1.0; ezooms.bot@gmail.com)"
208.115.111.68 - - [17/Jul/2012:15:22:26 +0200] "GET /jog/rendorsegifeljelentes.htm HTTP/1.1" 200 13536 "-" "Mozilla/5.0 (compatible; Ezooms/1.0; ezooms.bot@gmail.com)"
208.115.113.84 - - [17/Jul/2012:15:55:25 +0200] "GET /robots.txt HTTP/1.1" 404 1181 "-" "Mozilla/5.0 (compatible; Ezooms/1.0; ezooms.bot@gmail.com)"
130.83.167.153 - - [17/Jul/2012:16:24:43 +0200] "GET /robots.txt HTTP/1.1" 404 1181 "-" "findlinks/2.6 (+http://wortschatz.uni-leipzig.de/findlinks/)"
80.98.214.74 - - [17/Jul/2012:17:06:11 +0200] "GET / HTTP/1.1" 200 23778 "-" "Mozilla/4.0 (compatible; MSIE 9.00; Windows NT 5.0)"
208.115.113.84 - - [17/Jul/2012:17:43:39 +0200] "GET /hirek/hirek100420.htm HTTP/1.1" 200 7914 "-" "Mozilla/5.0 (compatible; Ezooms/1.0; ezooms.bot@gmail.com)"
207.46.204.242 - - [17/Jul/2012:18:27:23 +0200] "GET /robots.txt HTTP/1.1" 404 1181 "-" "Mozilla/5.0 (compatible; bingbot/2.0; +http://www.bing.com/bingbot.htm)"
207.46.204.242 - - [17/Jul/2012:18:28:14 +0200] "GET / HTTP/1.1" 304 - "-" "Mozilla/5.0 (compatible; bingbot/2.0; +http://www.bing.com/bingbot.htm)"
208.115.111.68 - - [17/Jul/2012:20:37:38 +0200] "GET /robots.txt HTTP/1.1" 404 1181 "-" "Mozilla/5.0 (compatible; Ezooms/1.0; ezooms.bot@gmail.com)"
66.249.72.58 - - [17/Jul/2012:20:38:12 +0200] "GET /robots.txt HTTP/1.1" 404 1181 "-" "Mozilla/5.0 (compatible; Googlebot/2.1; +http://www.google.com/bot.html)"
66.249.72.58 - - [17/Jul/2012:20:38:13 +0200] "GET /jog/jogszabalyok/biodiverzitas_egyezmeny.pdf HTTP/1.1" 304 - "-" "Mozilla/5.0 (compatible; Googlebot/2.1; +http://www.google.com/bot.html)"
66.249.72.58 - - [17/Jul/2012:20:48:04 +0200] "GET /hirek/hirek091015.htm HTTP/1.1" 200 7046 "-" "Mozilla/5.0 (iPhone; U; CPU iPhone OS 4_1 like Mac OS X; en-us) AppleWebKit/532.9 (KHTML, like Gecko) Version/4.0.5 Mobile/8B117 Safari/6531.22.7 (compatible; Googlebot-Mobile/2.1; +http://www.google.com/bot.html)"
66.249.72.58 - - [17/Jul/2012:20:53:52 +0200] "GET /images/kvvm_logo.jpg HTTP/1.1" 200 4763 "-" "Mozilla/5.0 (compatible; Googlebot/2.1; +http://www.google.com/bot.html)"
66.249.72.58 - - [17/Jul/2012:20:53:55 +0200] "GET /images/72_nfu.jpg HTTP/1.1" 200 603912 "-" "Mozilla/5.0 (compatible; Googlebot/2.1; +http://www.google.com/bot.html)"
208.115.111.68 - - [17/Jul/2012:22:56:47 +0200] "GET /hirek/hirek120207.htm HTTP/1.1" 200 6586 "-" "Mozilla/5.0 (compatible; Ezooms/1.0; ezooms.bot@gmail.com)"
208.115.111.68 - - [17/Jul/2012:22:56:50 +0200] "GET /jog/eljaraskezd.htm HTTP/1.1" 200 13730 "-" "Mozilla/5.0 (compatible; Ezooms/1.0; ezooms.bot@gmail.com)"
208.115.111.68 - - [17/Jul/2012:22:56:53 +0200] "GET /jog/eseteink/autopalya/index.htm HTTP/1.1" 200 11311 "-" "Mozilla/5.0 (compatible; Ezooms/1.0; ezooms.bot@gmail.com)"
208.115.113.84 - - [17/Jul/2012:23:04:22 +0200] "GET /robots.txt HTTP/1.1" 404 1181 "-" "Mozilla/5.0 (compatible; Ezooms/1.0; ezooms.bot@gmail.com)"
80.99.40.218 - - [17/Jul/2012:23:28:22 +0200] "GET / HTTP/1.1" 200 23778 "-" "Java/1.7.0_05"
80.99.40.218 - - [17/Jul/2012:23:28:23 +0200] "GET /hirarchivum.htm HTTP/1.1" 200 24981 "-" "Java/1.7.0_05"
80.99.40.218 - - [17/Jul/2012:23:28:26 +0200] "GET /index.htm HTTP/1.1" 200 23778 "-" "Java/1.7.0_05"
80.99.40.218 - - [17/Jul/2012:23:28:27 +0200] "GET /kapcsolat.htm HTTP/1.1" 200 6889 "-" "Java/1.7.0_05"
80.99.40.218 - - [17/Jul/2012:23:28:28 +0200] "GET /magunkrol.htm HTTP/1.1" 200 9202 "-" "Java/1.7.0_05"
80.99.40.218 - - [17/Jul/2012:23:28:29 +0200] "GET /media.htm HTTP/1.1" 200 5208 "-" "Java/1.7.0_05"
80.99.40.218 - - [17/Jul/2012:23:28:29 +0200] "GET /programok.htm HTTP/1.1" 200 6444 "-" "Java/1.7.0_05"
80.99.40.218 - - [17/Jul/2012:23:28:29 +0200] "GET /vill.cs HTTP/1.1" 200 2676 "-" "Java/1.7.0_05"
80.99.40.218 - - [17/Jul/2012:23:28:30 +0200] "GET /hirek08_10.htm HTTP/1.1" 200 6946 "-" "Java/1.7.0_05"
80.99.40.218 - - [17/Jul/2012:23:28:31 +0200] "GET /hirek08_11.htm HTTP/1.1" 200 7253 "-" "Java/1.7.0_05"
80.99.40.218 - - [17/Jul/2012:23:28:33 +0200] "GET /hirek08_12.htm HTTP/1.1" 200 8268 "-" "Java/1.7.0_05"
80.99.40.218 - - [17/Jul/2012:23:28:33 +0200] "GET /hirek09_01.htm HTTP/1.1" 200 6841 "-" "Java/1.7.0_05"
80.99.40.218 - - [17/Jul/2012:23:28:37 +0200] "GET /hirek09_02.htm HTTP/1.1" 200 7450 "-" "Java/1.7.0_05"
80.99.40.218 - - [17/Jul/2012:23:28:37 +0200] "GET /hirek09_03.htm HTTP/1.1" 200 10726 "-" "Java/1.7.0_05"
80.99.40.218 - - [17/Jul/2012:23:28:38 +0200] "GET /&url=kapcsolat.htm HTTP/1.1" 404 1181 "-" "Java/1.7.0_05"
80.99.40.218 - - [17/Jul/2012:23:28:39 +0200] "GET /&url=programok.htm HTTP/1.1" 404 1181 "-" "Java/1.7.0_05"
80.99.40.218 - - [17/Jul/2012:23:28:39 +0200] "GET /&url=adomanyi.htm HTTP/1.1" 404 1181 "-" "Java/1.7.0_05"
80.99.40.218 - - [17/Jul/2012:23:28:40 +0200] "GET /bunt.htm HTTP/1.1" 200 5683 "-" "Java/1.7.0_05"
80.99.40.218 - - [17/Jul/2012:23:28:40 +0200] "GET /civilmuhely.htm HTTP/1.1" 200 8450 "-" "Java/1.7.0_05"
80.99.40.218 - - [17/Jul/2012:23:28:41 +0200] "GET /khb.htm HTTP/1.1" 200 8719 "-" "Java/1.7.0_05"
80.99.40.218 - - [17/Jul/2012:23:28:41 +0200] "GET /nca.htm HTTP/1.1" 200 7467 "-" "Java/1.7.0_05"
80.99.40.218 - - [17/Jul/2012:23:28:42 +0200] "GET /ncta.htm HTTP/1.1" 200 7221 "-" "Java/1.7.0_05"
80.99.40.218 - - [17/Jul/2012:23:28:44 +0200] "GET /nka.htm HTTP/1.1" 200 6221 "-" "Java/1.7.0_05"
80.99.40.218 - - [17/Jul/2012:23:28:44 +0200] "GET /szakmai.htm HTTP/1.1" 200 6054 "-" "Java/1.7.0_05"
80.99.40.218 - - [17/Jul/2012:23:28:45 +0200] "GET /ncta_a.htm HTTP/1.1" 200 7260 "-" "Java/1.7.0_05"
80.99.40.218 - - [17/Jul/2012:23:28:46 +0200] "GET /&url=civilmuhely.htm HTTP/1.1" 404 1181 "-" "Java/1.7.0_05"
