89.134.100.36 - - [21/Jul/2012:00:13:50 +0200] "GET /nca06.htm HTTP/1.1" 200 19034 "-" "Java/1.6.0_21"
89.134.100.36 - - [21/Jul/2012:00:13:50 +0200] "GET /nca07.htm HTTP/1.1" 200 21968 "-" "Java/1.6.0_21"
89.134.100.36 - - [21/Jul/2012:00:13:50 +0200] "GET /nca08.htm HTTP/1.1" 200 21795 "-" "Java/1.6.0_21"
89.134.100.36 - - [21/Jul/2012:00:13:51 +0200] "GET /nca09.htm HTTP/1.1" 200 24315 "-" "Java/1.6.0_21"
89.134.100.36 - - [21/Jul/2012:00:13:51 +0200] "GET /nca10.htm HTTP/1.1" 200 16648 "-" "Java/1.6.0_21"
89.134.100.36 - - [21/Jul/2012:00:13:51 +0200] "GET /nca11.htm HTTP/1.1" 200 7133 "-" "Java/1.6.0_21"
89.134.100.36 - - [21/Jul/2012:00:13:52 +0200] "GET /kiadvanyok.htm HTTP/1.1" 200 8206 "-" "Java/1.6.0_21"
89.134.100.36 - - [21/Jul/2012:00:13:52 +0200] "GET /deutsch/index.htm HTTP/1.1" 200 5324 "-" "Java/1.6.0_21"
89.134.100.36 - - [21/Jul/2012:00:13:52 +0200] "GET /english/index.htm HTTP/1.1" 200 5262 "-" "Java/1.6.0_21"
89.134.100.36 - - [21/Jul/2012:00:13:52 +0200] "GET /fiok/index.html HTTP/1.1" 200 20554 "-" "Java/1.6.0_21"
89.134.100.36 - - [21/Jul/2012:00:13:52 +0200] "GET /hirek/hirek091015.htm HTTP/1.1" 200 7046 "-" "Java/1.6.0_21"
89.134.100.36 - - [21/Jul/2012:00:13:52 +0200] "GET /hirek/hirek091102.htm HTTP/1.1" 200 8538 "-" "Java/1.6.0_21"
89.134.100.36 - - [21/Jul/2012:00:13:52 +0200] "GET /hirek/hirek091103.htm HTTP/1.1" 200 7301 "-" "Java/1.6.0_21"
89.134.100.36 - - [21/Jul/2012:00:13:53 +0200] "GET /hirek/hirek091221.htm HTTP/1.1" 200 6740 "-" "Java/1.6.0_21"
89.134.100.36 - - [21/Jul/2012:00:13:53 +0200] "GET /hirek/hirek100225.htm HTTP/1.1" 200 7288 "-" "Java/1.6.0_21"
89.134.100.36 - - [21/Jul/2012:00:13:53 +0200] "GET /hirek/hirek100305.htm HTTP/1.1" 200 7091 "-" "Java/1.6.0_21"
89.134.100.36 - - [21/Jul/2012:00:13:54 +0200] "GET /hirek/hirek100420.htm HTTP/1.1" 200 7914 "-" "Java/1.6.0_21"
89.134.100.36 - - [21/Jul/2012:00:13:54 +0200] "GET /hirek/hirek100728.htm HTTP/1.1" 200 7560 "-" "Java/1.6.0_21"
89.134.100.36 - - [21/Jul/2012:00:13:54 +0200] "GET /hirek/hirek100804.htm HTTP/1.1" 200 8056 "-" "Java/1.6.0_21"
89.134.100.36 - - [21/Jul/2012:00:13:55 +0200] "GET /hirek/hirek100810.htm HTTP/1.1" 200 8123 "-" "Java/1.6.0_21"
89.134.100.36 - - [21/Jul/2012:00:13:55 +0200] "GET /hirek/hirek101025.htm HTTP/1.1" 200 8786 "-" "Java/1.6.0_21"
89.134.100.36 - - [21/Jul/2012:00:13:55 +0200] "GET /hirek/hirek101027.htm HTTP/1.1" 200 9627 "-" "Java/1.6.0_21"
89.134.100.36 - - [21/Jul/2012:00:13:56 +0200] "GET /hirek/hirek101213.htm HTTP/1.1" 200 8671 "-" "Java/1.6.0_21"
89.134.100.36 - - [21/Jul/2012:00:13:56 +0200] "GET /hirek/hirek120120.htm HTTP/1.1" 200 6634 "-" "Java/1.6.0_21"
89.134.100.36 - - [21/Jul/2012:00:13:57 +0200] "GET /hirek/hirek120207.htm HTTP/1.1" 200 6586 "-" "Java/1.6.0_21"
89.134.100.36 - - [21/Jul/2012:00:13:57 +0200] "GET /jog HTTP/1.1" 301 311 "-" "Java/1.6.0_21"
89.134.100.36 - - [21/Jul/2012:00:13:57 +0200] "GET /jog/ HTTP/1.1" 200 13138 "-" "Java/1.6.0_21"
89.134.100.36 - - [21/Jul/2012:00:13:57 +0200] "GET /hirek/hirek08_10.htm HTTP/1.1" 200 7030 "-" "Java/1.6.0_21"
89.134.100.36 - - [21/Jul/2012:00:13:58 +0200] "GET /hirek/hirek08_11.htm HTTP/1.1" 200 7337 "-" "Java/1.6.0_21"
89.134.100.36 - - [21/Jul/2012:00:13:58 +0200] "GET /hirek/hirek08_12.htm HTTP/1.1" 200 8352 "-" "Java/1.6.0_21"
89.134.100.36 - - [21/Jul/2012:00:13:59 +0200] "GET /hirek/hirek090215.htm HTTP/1.1" 200 9398 "-" "Java/1.6.0_21"
89.134.100.36 - - [21/Jul/2012:00:13:59 +0200] "GET /hirek/hirek090301.htm HTTP/1.1" 200 7022 "-" "Java/1.6.0_21"
89.134.100.36 - - [21/Jul/2012:00:13:59 +0200] "GET /hirek/hirek090302.htm HTTP/1.1" 200 8452 "-" "Java/1.6.0_21"
89.134.100.36 - - [21/Jul/2012:00:13:59 +0200] "GET /hirek/hirek090303.htm HTTP/1.1" 200 7721 "-" "Java/1.6.0_21"
89.134.100.36 - - [21/Jul/2012:00:14:00 +0200] "GET /hirek/hirek090428.htm HTTP/1.1" 200 24808 "-" "Java/1.6.0_21"
89.134.100.36 - - [21/Jul/2012:00:14:00 +0200] "GET /hirek/hirek090509.htm HTTP/1.1" 200 7803 "-" "Java/1.6.0_21"
89.134.100.36 - - [21/Jul/2012:00:14:00 +0200] "GET /hirek/hirek090510.htm HTTP/1.1" 200 12743 "-" "Java/1.6.0_21"
89.134.100.36 - - [21/Jul/2012:00:14:00 +0200] "GET /hirek/hirek090602.htm HTTP/1.1" 200 7261 "-" "Java/1.6.0_21"
89.134.100.36 - - [21/Jul/2012:00:14:01 +0200] "GET /hirek/hirek090605.htm HTTP/1.1" 200 7994 "-" "Java/1.6.0_21"
89.134.100.36 - - [21/Jul/2012:00:14:01 +0200] "GET /hirek/hirek090619.htm HTTP/1.1" 200 7871 "-" "Java/1.6.0_21"
89.134.100.36 - - [21/Jul/2012:00:14:01 +0200] "GET /hirek/hirek090930.htm HTTP/1.1" 200 7044 "-" "Java/1.6.0_21"
89.134.100.36 - - [21/Jul/2012:00:14:01 +0200] "GET /hirek/hirek09_01.htm HTTP/1.1" 200 6925 "-" "Java/1.6.0_21"
89.134.100.36 - - [21/Jul/2012:00:14:02 +0200] "GET /hirek/hirek09_02.htm HTTP/1.1" 200 7534 "-" "Java/1.6.0_21"
89.134.100.36 - - [21/Jul/2012:00:14:02 +0200] "GET /hirek/hirek09_03.htm HTTP/1.1" 200 10810 "-" "Java/1.6.0_21"
89.134.100.36 - - [21/Jul/2012:00:14:02 +0200] "GET /jog/index.htm HTTP/1.1" 200 13138 "-" "Java/1.6.0_21"
89.134.100.36 - - [21/Jul/2012:00:14:03 +0200] "GET /deutsch/kontakt.htm HTTP/1.1" 200 4769 "-" "Java/1.6.0_21"
89.134.100.36 - - [21/Jul/2012:00:14:03 +0200] "GET /deutsch/programme.htm HTTP/1.1" 200 6045 "-" "Java/1.6.0_21"
89.134.100.36 - - [21/Jul/2012:00:14:03 +0200] "GET /deutsch/stellen.htm HTTP/1.1" 200 6824 "-" "Java/1.6.0_21"
89.134.100.36 - - [21/Jul/2012:00:14:03 +0200] "GET /english/contact.htm HTTP/1.1" 200 4601 "-" "Java/1.6.0_21"
89.134.100.36 - - [21/Jul/2012:00:14:03 +0200] "GET /english/introduction.htm HTTP/1.1" 200 6502 "-" "Java/1.6.0_21"
89.134.100.36 - - [21/Jul/2012:00:14:03 +0200] "GET /english/programs.htm HTTP/1.1" 200 5614 "-" "Java/1.6.0_21"
89.134.100.36 - - [21/Jul/2012:00:14:03 +0200] "GET /fiok/fiok.html HTTP/1.1" 200 20723 "-" "Java/1.6.0_21"
89.134.100.36 - - [21/Jul/2012:00:14:04 +0200] "GET /fiok/gazdasag.htm HTTP/1.1" 200 22480 "-" "Java/1.6.0_21"
89.134.100.36 - - [21/Jul/2012:00:14:04 +0200] "GET /fiok/kapcsolat.htm HTTP/1.1" 200 17416 "-" "Java/1.6.0_21"
89.134.100.36 - - [21/Jul/2012:00:14:04 +0200] "GET /fiok/kornyezet.htm HTTP/1.1" 200 22582 "-" "Java/1.6.0_21"
89.134.100.36 - - [21/Jul/2012:00:14:05 +0200] "GET /fiok/mult.htm HTTP/1.1" 200 23227 "-" "Java/1.6.0_21"
89.134.100.36 - - [21/Jul/2012:00:14:05 +0200] "GET /fiok/news.html HTTP/1.1" 404 1181 "-" "Java/1.6.0_21"
89.134.100.36 - - [21/Jul/2012:00:14:05 +0200] "GET /fiok/programok.htm HTTP/1.1" 200 18165 "-" "Java/1.6.0_21"
89.134.100.36 - - [21/Jul/2012:00:14:06 +0200] "GET /hirek/Natura_2000es_gyepgazdalkodas_eloirasai.ppt HTTP/1.1" 200 333312 "-" "Java/1.6.0_21"
89.134.100.36 - - [21/Jul/2012:00:14:06 +0200] "GET /jog/adathozzaferes.htm HTTP/1.1" 200 13800 "-" "Java/1.6.0_21"
89.134.100.36 - - [21/Jul/2012:00:14:07 +0200] "GET /jog/eljaraskezd.htm HTTP/1.1" 200 13730 "-" "Java/1.6.0_21"
89.134.100.36 - - [21/Jul/2012:00:14:07 +0200] "GET /jog/eljarasokrol.htm HTTP/1.1" 200 14427 "-" "Java/1.6.0_21"
89.134.100.36 - - [21/Jul/2012:00:14:07 +0200] "GET /jog/eseteink.htm HTTP/1.1" 200 17277 "-" "Java/1.6.0_21"
89.134.100.36 - - [21/Jul/2012:00:14:07 +0200] "GET /jog/jogihatter.htm HTTP/1.1" 200 18691 "-" "Java/1.6.0_21"
89.134.100.36 - - [21/Jul/2012:00:14:08 +0200] "GET /jog/jogsegely.htm HTTP/1.1" 200 14053 "-" "Java/1.6.0_21"
89.134.100.36 - - [21/Jul/2012:00:14:08 +0200] "GET /jog/polgariper.htm HTTP/1.1" 200 13964 "-" "Java/1.6.0_21"
89.134.100.36 - - [21/Jul/2012:00:14:08 +0200] "GET /jog/publikaciok.htm HTTP/1.1" 200 17866 "-" "Java/1.6.0_21"
89.134.100.36 - - [21/Jul/2012:00:14:09 +0200] "GET /jog/rendorsegifeljelentes.htm HTTP/1.1" 200 13536 "-" "Java/1.6.0_21"
89.134.100.36 - - [21/Jul/2012:00:14:09 +0200] "GET /jog/slapp.htm HTTP/1.1" 200 21314 "-" "Java/1.6.0_21"
89.134.100.36 - - [21/Jul/2012:00:14:09 +0200] "GET /jog/tapasztalatszerzok.htm HTTP/1.1" 200 12148 "-" "Java/1.6.0_21"
89.134.100.36 - - [21/Jul/2012:00:14:09 +0200] "GET /jog/tarseljarasok.htm HTTP/1.1" 200 13316 "-" "Java/1.6.0_21"
89.134.100.36 - - [21/Jul/2012:00:14:09 +0200] "GET /jog/ugyeszsegek.htm HTTP/1.1" 200 13810 "-" "Java/1.6.0_21"
89.134.100.36 - - [21/Jul/2012:00:14:10 +0200] "GET /jog/ugyfeljogok.htm HTTP/1.1" 200 14279 "-" "Java/1.6.0_21"
89.134.100.36 - - [21/Jul/2012:00:14:10 +0200] "GET /jog/zoldombudsman.htm HTTP/1.1" 200 13369 "-" "Java/1.6.0_21"
89.134.100.36 - - [21/Jul/2012:00:14:10 +0200] "GET /lb/js/lightbox.js HTTP/1.1" 200 23424 "-" "Java/1.6.0_21"
89.134.100.36 - - [21/Jul/2012:00:14:11 +0200] "GET /lb/js/prototype.js HTTP/1.1" 200 47603 "-" "Java/1.6.0_21"
89.134.100.36 - - [21/Jul/2012:00:14:11 +0200] "GET /lb/js/scriptaculous.js?load=effects HTTP/1.1" 200 2152 "-" "Java/1.6.0_21"
89.134.100.36 - - [21/Jul/2012:00:14:11 +0200] "GET /fiok/& HTTP/1.1" 404 1181 "-" "Java/1.6.0_21"
89.134.100.36 - - [21/Jul/2012:00:14:11 +0200] "GET /fiok/& HTTP/1.1" 404 1181 "-" "Java/1.6.0_21"
89.134.100.36 - - [21/Jul/2012:00:14:11 +0200] "GET /fiok/& HTTP/1.1" 404 1181 "-" "Java/1.6.0_21"
89.134.100.36 - - [21/Jul/2012:00:14:12 +0200] "GET /fiok/& HTTP/1.1" 404 1181 "-" "Java/1.6.0_21"
89.134.100.36 - - [21/Jul/2012:00:14:12 +0200] "GET /fiok/& HTTP/1.1" 404 1181 "-" "Java/1.6.0_21"
89.134.100.36 - - [21/Jul/2012:00:14:12 +0200] "GET /fiok/& HTTP/1.1" 404 1181 "-" "Java/1.6.0_21"
89.134.100.36 - - [21/Jul/2012:00:14:12 +0200] "GET /fiok/& HTTP/1.1" 404 1181 "-" "Java/1.6.0_21"
89.134.100.36 - - [21/Jul/2012:00:14:12 +0200] "GET /fiok/& HTTP/1.1" 404 1181 "-" "Java/1.6.0_21"
89.134.100.36 - - [21/Jul/2012:00:14:12 +0200] "GET /fiok/& HTTP/1.1" 404 1181 "-" "Java/1.6.0_21"
89.134.100.36 - - [21/Jul/2012:00:14:12 +0200] "GET /fiok/& HTTP/1.1" 404 1181 "-" "Java/1.6.0_21"
89.134.100.36 - - [21/Jul/2012:00:14:12 +0200] "GET /fiok/& HTTP/1.1" 404 1181 "-" "Java/1.6.0_21"
89.134.100.36 - - [21/Jul/2012:00:14:12 +0200] "GET /fiok/& HTTP/1.1" 404 1181 "-" "Java/1.6.0_21"
89.134.100.36 - - [21/Jul/2012:00:14:13 +0200] "GET /fiok/& HTTP/1.1" 404 1181 "-" "Java/1.6.0_21"
89.134.100.36 - - [21/Jul/2012:00:14:13 +0200] "GET /fiok/& HTTP/1.1" 404 1181 "-" "Java/1.6.0_21"
89.134.100.36 - - [21/Jul/2012:00:14:13 +0200] "GET /fiok/& HTTP/1.1" 404 1181 "-" "Java/1.6.0_21"
89.134.100.36 - - [21/Jul/2012:00:14:13 +0200] "GET /fiok/& HTTP/1.1" 404 1181 "-" "Java/1.6.0_21"
89.134.100.36 - - [21/Jul/2012:00:14:13 +0200] "GET /fiok/& HTTP/1.1" 404 1181 "-" "Java/1.6.0_21"
89.134.100.36 - - [21/Jul/2012:00:14:13 +0200] "GET /fiok/& HTTP/1.1" 404 1181 "-" "Java/1.6.0_21"
89.134.100.36 - - [21/Jul/2012:00:14:13 +0200] "GET /fiok/& HTTP/1.1" 404 1181 "-" "Java/1.6.0_21"
89.134.100.36 - - [21/Jul/2012:00:14:13 +0200] "GET /fiok/& HTTP/1.1" 404 1181 "-" "Java/1.6.0_21"
89.134.100.36 - - [21/Jul/2012:00:14:13 +0200] "GET /fiok/& HTTP/1.1" 404 1181 "-" "Java/1.6.0_21"
89.134.100.36 - - [21/Jul/2012:00:14:13 +0200] "GET /fiok/& HTTP/1.1" 404 1181 "-" "Java/1.6.0_21"
89.134.100.36 - - [21/Jul/2012:00:14:13 +0200] "GET /fiok/& HTTP/1.1" 404 1181 "-" "Java/1.6.0_21"
89.134.100.36 - - [21/Jul/2012:00:14:14 +0200] "GET /fiok/& HTTP/1.1" 404 1181 "-" "Java/1.6.0_21"
89.134.100.36 - - [21/Jul/2012:00:14:14 +0200] "GET /fiok/& HTTP/1.1" 404 1181 "-" "Java/1.6.0_21"
89.134.100.36 - - [21/Jul/2012:00:14:14 +0200] "GET /fiok/& HTTP/1.1" 404 1181 "-" "Java/1.6.0_21"
89.134.100.36 - - [21/Jul/2012:00:14:14 +0200] "GET /fiok/& HTTP/1.1" 404 1181 "-" "Java/1.6.0_21"
89.134.100.36 - - [21/Jul/2012:00:14:14 +0200] "GET /fiok/& HTTP/1.1" 404 1181 "-" "Java/1.6.0_21"
89.134.100.36 - - [21/Jul/2012:00:14:14 +0200] "GET /fiok/& HTTP/1.1" 404 1181 "-" "Java/1.6.0_21"
89.134.100.36 - - [21/Jul/2012:00:14:14 +0200] "GET /fiok/& HTTP/1.1" 404 1181 "-" "Java/1.6.0_21"
89.134.100.36 - - [21/Jul/2012:00:14:15 +0200] "GET /fiok/& HTTP/1.1" 404 1181 "-" "Java/1.6.0_21"
89.134.100.36 - - [21/Jul/2012:00:14:15 +0200] "GET /fiok/& HTTP/1.1" 404 1181 "-" "Java/1.6.0_21"
89.134.100.36 - - [21/Jul/2012:00:14:15 +0200] "GET /fiok/& HTTP/1.1" 404 1181 "-" "Java/1.6.0_21"
89.134.100.36 - - [21/Jul/2012:00:14:15 +0200] "GET /fiok/& HTTP/1.1" 404 1181 "-" "Java/1.6.0_21"
89.134.100.36 - - [21/Jul/2012:00:14:15 +0200] "GET /fiok/& HTTP/1.1" 404 1181 "-" "Java/1.6.0_21"
89.134.100.36 - - [21/Jul/2012:00:14:16 +0200] "GET /fiok/& HTTP/1.1" 404 1181 "-" "Java/1.6.0_21"
89.134.100.36 - - [21/Jul/2012:00:14:16 +0200] "GET /fiok/& HTTP/1.1" 404 1181 "-" "Java/1.6.0_21"
89.134.100.36 - - [21/Jul/2012:00:14:16 +0200] "GET /fiok/& HTTP/1.1" 404 1181 "-" "Java/1.6.0_21"
89.134.100.36 - - [21/Jul/2012:00:14:16 +0200] "GET /fiok/& HTTP/1.1" 404 1181 "-" "Java/1.6.0_21"
89.134.100.36 - - [21/Jul/2012:00:14:16 +0200] "GET /fiok/& HTTP/1.1" 404 1181 "-" "Java/1.6.0_21"
89.134.100.36 - - [21/Jul/2012:00:14:16 +0200] "GET /fiok/& HTTP/1.1" 404 1181 "-" "Java/1.6.0_21"
89.134.100.36 - - [21/Jul/2012:00:14:16 +0200] "GET /fiok/& HTTP/1.1" 404 1181 "-" "Java/1.6.0_21"
89.134.100.36 - - [21/Jul/2012:00:14:16 +0200] "GET /fiok/& HTTP/1.1" 404 1181 "-" "Java/1.6.0_21"
89.134.100.36 - - [21/Jul/2012:00:14:16 +0200] "GET /fiok/& HTTP/1.1" 404 1181 "-" "Java/1.6.0_21"
89.134.100.36 - - [21/Jul/2012:00:14:17 +0200] "GET /fiok/& HTTP/1.1" 404 1181 "-" "Java/1.6.0_21"
89.134.100.36 - - [21/Jul/2012:00:14:17 +0200] "GET /fiok/& HTTP/1.1" 404 1181 "-" "Java/1.6.0_21"
89.134.100.36 - - [21/Jul/2012:00:14:17 +0200] "GET /fiok/& HTTP/1.1" 404 1181 "-" "Java/1.6.0_21"
89.134.100.36 - - [21/Jul/2012:00:14:17 +0200] "GET /fiok/& HTTP/1.1" 404 1181 "-" "Java/1.6.0_21"
89.134.100.36 - - [21/Jul/2012:00:14:17 +0200] "GET /fiok/& HTTP/1.1" 404 1181 "-" "Java/1.6.0_21"
89.134.100.36 - - [21/Jul/2012:00:14:17 +0200] "GET /fiok/& HTTP/1.1" 404 1181 "-" "Java/1.6.0_21"
89.134.100.36 - - [21/Jul/2012:00:14:17 +0200] "GET /fiok/& HTTP/1.1" 404 1181 "-" "Java/1.6.0_21"
89.134.100.36 - - [21/Jul/2012:00:14:18 +0200] "GET /fiok/& HTTP/1.1" 404 1181 "-" "Java/1.6.0_21"
89.134.100.36 - - [21/Jul/2012:00:14:18 +0200] "GET /fiok/& HTTP/1.1" 404 1181 "-" "Java/1.6.0_21"
89.134.100.36 - - [21/Jul/2012:00:14:18 +0200] "GET /fiok/& HTTP/1.1" 404 1181 "-" "Java/1.6.0_21"
89.134.100.36 - - [21/Jul/2012:00:14:18 +0200] "GET /fiok/& HTTP/1.1" 404 1181 "-" "Java/1.6.0_21"
89.134.100.36 - - [21/Jul/2012:00:14:18 +0200] "GET /fiok/& HTTP/1.1" 404 1181 "-" "Java/1.6.0_21"
89.134.100.36 - - [21/Jul/2012:00:14:18 +0200] "GET /fiok/& HTTP/1.1" 404 1181 "-" "Java/1.6.0_21"
89.134.100.36 - - [21/Jul/2012:00:14:18 +0200] "GET /fiok/& HTTP/1.1" 404 1181 "-" "Java/1.6.0_21"
89.134.100.36 - - [21/Jul/2012:00:14:18 +0200] "GET /fiok/& HTTP/1.1" 404 1181 "-" "Java/1.6.0_21"
89.134.100.36 - - [21/Jul/2012:00:14:19 +0200] "GET /fiok/& HTTP/1.1" 404 1181 "-" "Java/1.6.0_21"
89.134.100.36 - - [21/Jul/2012:00:14:19 +0200] "GET /fiok/& HTTP/1.1" 404 1181 "-" "Java/1.6.0_21"
89.134.100.36 - - [21/Jul/2012:00:14:19 +0200] "GET /fiok/& HTTP/1.1" 404 1181 "-" "Java/1.6.0_21"
89.134.100.36 - - [21/Jul/2012:00:14:19 +0200] "GET /fiok/& HTTP/1.1" 404 1181 "-" "Java/1.6.0_21"
178.154.210.252 - - [21/Jul/2012:00:22:42 +0200] "GET / HTTP/1.1" 200 23778 "-" "Mozilla/5.0 (compatible; YandexBot/3.0; +http://yandex.com/bots)"
180.76.5.155 - - [21/Jul/2012:00:53:48 +0200] "GET /robots.txt HTTP/1.1" 404 1181 "-" "Mozilla/5.0 (compatible; Baiduspider/2.0; +http://www.baidu.com/search/spider.html)"
208.115.113.84 - - [21/Jul/2012:01:50:28 +0200] "GET /fiok/program_reszek/lovaglas.htm HTTP/1.1" 200 21486 "-" "Mozilla/5.0 (compatible; Ezooms/1.0; ezooms.bot@gmail.com)"
208.115.113.84 - - [21/Jul/2012:01:50:45 +0200] "GET /ncta.htm HTTP/1.1" 200 7221 "-" "Mozilla/5.0 (compatible; Ezooms/1.0; ezooms.bot@gmail.com)"
202.103.221.75 - - [21/Jul/2012:02:25:58 +0200] "GET / HTTP/1.1" 200 23778 "-" "Mozilla/4.0 (compatible; MSIE 6.0; Windows NT 5.2; SV1; QQPinyin 722; QQPinyin 730; GTB6.5; Mozilla/4.0 (compatible; MSIE 6.0; Windows NT 5.1; SV1) ; .NET CLR 1.1.4322; .NET CLR 2.0.50727; .NET CLR 3.0.04506.648; .NET CLR 3.5.21022)"
66.249.72.58 - - [21/Jul/2012:05:48:16 +0200] "GET /robots.txt HTTP/1.1" 404 1181 "-" "Mozilla/5.0 (compatible; Googlebot/2.1; +http://www.google.com/bot.html)"
66.249.72.58 - - [21/Jul/2012:05:48:16 +0200] "GET /hirek/hirek101213.htm HTTP/1.1" 200 8671 "-" "Mozilla/5.0 (compatible; Googlebot/2.1; +http://www.google.com/bot.html)"
66.249.72.58 - - [21/Jul/2012:05:53:21 +0200] "GET /jog/pub/szoro.pdf HTTP/1.1" 200 398619 "-" "Mozilla/5.0 (compatible; Googlebot/2.1; +http://www.google.com/bot.html)"
66.249.72.58 - - [21/Jul/2012:07:13:47 +0200] "GET /jog/jogszabalyok/348_2006.korm.rendelet.pdf HTTP/1.1" 200 198403 "-" "Mozilla/5.0 (compatible; Googlebot/2.1; +http://www.google.com/bot.html)"
66.249.72.58 - - [21/Jul/2012:09:46:57 +0200] "GET /jog/jogszabalyok/aarhus_egyezmeny.pdf HTTP/1.1" 200 177386 "-" "Mozilla/5.0 (compatible; Googlebot/2.1; +http://www.google.com/bot.html)"
66.249.72.58 - - [21/Jul/2012:10:34:12 +0200] "GET /jog/eseteink/derekegyhaza/index.htm HTTP/1.1" 304 - "-" "Mozilla/5.0 (compatible; Googlebot/2.1; +http://www.google.com/bot.html)"
141.105.120.152 - - [21/Jul/2012:10:40:04 +0200] "GET /robots.txt HTTP/1.0" 404 1181 "-" "Mozilla/5.0 (compatible; OpenindexSpider; +http://www.openindex.io/en/webmasters/spider.html)"
141.105.120.152 - - [21/Jul/2012:10:40:04 +0200] "GET /jog/tippek.htm HTTP/1.0" 304 - "-" "Mozilla/5.0 (compatible; OpenindexSpider; +http://www.openindex.io/en/webmasters/spider.html)"
208.90.56.152 - - [21/Jul/2012:12:48:01 +0200] "GET / HTTP/1.1" 200 23778 "-" "Mozilla/5.0 (Macintosh; Intel Mac OS X 10.6; rv:2.0.1) Gecko/20100101 Firefox/4.0.1"
208.90.56.152 - - [21/Jul/2012:12:48:03 +0200] "GET /english/index.htm HTTP/1.1" 200 5262 "-" "Mozilla/5.0 (Macintosh; Intel Mac OS X 10.6; rv:2.0.1) Gecko/20100101 Firefox/4.0.1"
141.105.120.152 - - [21/Jul/2012:13:50:49 +0200] "GET /robots.txt HTTP/1.0" 404 1181 "-" "Mozilla/5.0 (compatible; OpenindexSpider; +http://www.openindex.io/en/webmasters/spider.html)"
141.105.120.152 - - [21/Jul/2012:13:50:49 +0200] "GET /jog/eljaraskezd.htm HTTP/1.0" 304 - "-" "Mozilla/5.0 (compatible; OpenindexSpider; +http://www.openindex.io/en/webmasters/spider.html)"
188.6.59.213 - - [21/Jul/2012:13:55:51 +0200] "GET /hirek/Natura_2000es_gyepgazdalkodas_eloirasai.ppt HTTP/1.1" 200 333312 "http://www.google.hu/url?sa=t&rct=j&q=natura%202000%20kasz%C3%A1l%C3%A1s&source=web&cd=9&sqi=2&ved=0CFsQFjAI&url=http%3A%2F%2Fwww.beklen.hu%2Fhirek%2FNatura_2000es_gyepgazdalkodas_eloirasai.ppt&ei=nJgKUPuaPI6zhAfXs4yACg&usg=AFQjCNG8LfbJHhsQnf2GHHlP2nweoOOGlQ" "Mozilla/5.0 (Windows NT 6.0; rv:14.0) Gecko/20100101 Firefox/14.0.1"
178.154.210.252 - - [21/Jul/2012:17:33:33 +0200] "GET /deutsch/stellen.htm HTTP/1.1" 304 - "-" "Mozilla/5.0 (compatible; YandexBot/3.0; +http://yandex.com/bots)"
207.46.204.233 - - [21/Jul/2012:19:55:29 +0200] "GET /robots.txt HTTP/1.1" 404 1181 "-" "Mozilla/5.0 (compatible; bingbot/2.0; +http://www.bing.com/bingbot.htm)"
207.46.204.233 - - [21/Jul/2012:20:12:27 +0200] "GET /jog/eseteink/dakar/dakar_ugyeszseg_lp.pdf HTTP/1.1" 200 218784 "-" "Mozilla/5.0 (compatible; bingbot/2.0; +http://www.bing.com/bingbot.htm)"
66.249.71.209 - - [21/Jul/2012:21:26:33 +0200] "GET /robots.txt HTTP/1.1" 404 1181 "-" "Mozilla/5.0 (compatible; Googlebot/2.1; +http://www.google.com/bot.html)"
66.249.71.209 - - [21/Jul/2012:21:26:34 +0200] "GET /hirek/hirek100728.htm HTTP/1.1" 304 - "-" "Mozilla/5.0 (compatible; Googlebot/2.1; +http://www.google.com/bot.html)"
66.249.71.209 - - [21/Jul/2012:21:55:48 +0200] "GET /hirek/hirek120207.htm HTTP/1.1" 200 6586 "-" "Mozilla/5.0 (iPhone; U; CPU iPhone OS 4_1 like Mac OS X; en-us) AppleWebKit/532.9 (KHTML, like Gecko) Version/4.0.5 Mobile/8B117 Safari/6531.22.7 (compatible; Googlebot-Mobile/2.1; +http://www.google.com/bot.html)"
178.154.210.252 - - [21/Jul/2012:23:36:06 +0200] "GET /robots.txt HTTP/1.1" 404 1181 "-" "Mozilla/5.0 (compatible; YandexBot/3.0; +http://yandex.com/bots)"
85.214.216.239 - - [22/Jul/2012:02:09:40 +0200] "GET / HTTP/1.1" 200 23778 "http://r-domain.net/beklen.hu" "-"
66.249.71.209 - - [22/Jul/2012:03:42:05 +0200] "GET /magunkrol.htm HTTP/1.1" 200 9202 "-" "Mozilla/5.0 (compatible; Googlebot/2.1; +http://www.google.com/bot.html)"
208.115.113.84 - - [22/Jul/2012:04:08:43 +0200] "GET /robots.txt HTTP/1.1" 404 1181 "-" "Mozilla/5.0 (compatible; Ezooms/1.0; ezooms.bot@gmail.com)"
207.46.204.233 - - [22/Jul/2012:05:00:55 +0200] "GET /robots.txt HTTP/1.1" 404 1181 "-" "Mozilla/5.0 (compatible; bingbot/2.0; +http://www.bing.com/bingbot.htm)"
178.255.215.69 - - [22/Jul/2012:05:36:57 +0200] "GET /robots.txt HTTP/1.1" 404 1181 "-" "Mozilla/5.0 (compatible; Exabot/3.0; +http://www.exabot.com/go/robot)"
178.255.215.69 - - [22/Jul/2012:05:36:57 +0200] "GET / HTTP/1.1" 200 23778 "-" "Mozilla/5.0 (compatible; Exabot/3.0; +http://www.exabot.com/go/robot)"
208.115.113.84 - - [22/Jul/2012:05:44:01 +0200] "GET /bunt.htm HTTP/1.1" 200 5683 "-" "Mozilla/5.0 (compatible; Ezooms/1.0; ezooms.bot@gmail.com)"
208.115.113.84 - - [22/Jul/2012:05:44:08 +0200] "GET /hirek/hirek090602.htm HTTP/1.1" 200 7261 "-" "Mozilla/5.0 (compatible; Ezooms/1.0; ezooms.bot@gmail.com)"
71.168.105.197 - - [22/Jul/2012:06:56:22 +0200] "GET /robots.txt HTTP/1.0" 404 1181 "-" "Mozilla/5.0 (compatible; MJ12bot/v1.4.3; http://www.majestic12.co.uk/bot.php?+)"
71.168.105.197 - - [22/Jul/2012:06:56:24 +0200] "GET /deutsch/index.htm HTTP/1.1" 200 5324 "-" "Mozilla/5.0 (compatible; MJ12bot/v1.4.3; http://www.majestic12.co.uk/bot.php?+)"
71.168.105.197 - - [22/Jul/2012:06:56:29 +0200] "GET /english/index.htm HTTP/1.1" 200 5262 "-" "Mozilla/5.0 (compatible; MJ12bot/v1.4.3; http://www.majestic12.co.uk/bot.php?+)"
71.168.105.197 - - [22/Jul/2012:06:56:31 +0200] "GET /fiok/index.html HTTP/1.1" 200 20554 "-" "Mozilla/5.0 (compatible; MJ12bot/v1.4.3; http://www.majestic12.co.uk/bot.php?+)"
71.168.105.197 - - [22/Jul/2012:06:56:33 +0200] "GET /hirarchivum.htm HTTP/1.1" 200 24981 "-" "Mozilla/5.0 (compatible; MJ12bot/v1.4.3; http://www.majestic12.co.uk/bot.php?+)"
71.168.105.197 - - [22/Jul/2012:06:56:34 +0200] "GET /hirek/hirek090301.htm HTTP/1.1" 200 7022 "-" "Mozilla/5.0 (compatible; MJ12bot/v1.4.3; http://www.majestic12.co.uk/bot.php?+)"
71.168.105.197 - - [22/Jul/2012:06:56:36 +0200] "GET /hirek/hirek090302.htm HTTP/1.1" 200 8452 "-" "Mozilla/5.0 (compatible; MJ12bot/v1.4.3; http://www.majestic12.co.uk/bot.php?+)"
71.168.105.197 - - [22/Jul/2012:06:56:38 +0200] "GET /hirek/hirek090303.htm HTTP/1.1" 200 7721 "-" "Mozilla/5.0 (compatible; MJ12bot/v1.4.3; http://www.majestic12.co.uk/bot.php?+)"
71.168.105.197 - - [22/Jul/2012:06:56:39 +0200] "GET /hirek/hirek090428.htm HTTP/1.1" 200 24808 "-" "Mozilla/5.0 (compatible; MJ12bot/v1.4.3; http://www.majestic12.co.uk/bot.php?+)"
71.168.105.197 - - [22/Jul/2012:06:56:41 +0200] "GET /hirek/hirek090509.htm HTTP/1.1" 200 7803 "-" "Mozilla/5.0 (compatible; MJ12bot/v1.4.3; http://www.majestic12.co.uk/bot.php?+)"
71.168.105.197 - - [22/Jul/2012:06:56:43 +0200] "GET /hirek/hirek090510.htm HTTP/1.1" 200 12743 "-" "Mozilla/5.0 (compatible; MJ12bot/v1.4.3; http://www.majestic12.co.uk/bot.php?+)"
71.168.105.197 - - [22/Jul/2012:06:56:45 +0200] "GET /hirek/hirek090602.htm HTTP/1.1" 200 7261 "-" "Mozilla/5.0 (compatible; MJ12bot/v1.4.3; http://www.majestic12.co.uk/bot.php?+)"
71.168.105.197 - - [22/Jul/2012:06:56:46 +0200] "GET /hirek/hirek090605.htm HTTP/1.1" 200 7994 "-" "Mozilla/5.0 (compatible; MJ12bot/v1.4.3; http://www.majestic12.co.uk/bot.php?+)"
71.168.105.197 - - [22/Jul/2012:06:56:48 +0200] "GET /hirek/hirek090619.htm HTTP/1.1" 200 7871 "-" "Mozilla/5.0 (compatible; MJ12bot/v1.4.3; http://www.majestic12.co.uk/bot.php?+)"
71.168.105.197 - - [22/Jul/2012:06:56:50 +0200] "GET /hirek/hirek090930.htm HTTP/1.1" 200 7044 "-" "Mozilla/5.0 (compatible; MJ12bot/v1.4.3; http://www.majestic12.co.uk/bot.php?+)"
71.168.105.197 - - [22/Jul/2012:06:56:51 +0200] "GET /hirek/hirek091015.htm HTTP/1.1" 200 7046 "-" "Mozilla/5.0 (compatible; MJ12bot/v1.4.3; http://www.majestic12.co.uk/bot.php?+)"
71.168.105.197 - - [22/Jul/2012:06:56:53 +0200] "GET /hirek/hirek091102.htm HTTP/1.1" 200 8538 "-" "Mozilla/5.0 (compatible; MJ12bot/v1.4.3; http://www.majestic12.co.uk/bot.php?+)"
71.168.105.197 - - [22/Jul/2012:06:56:55 +0200] "GET /hirek/hirek091103.htm HTTP/1.1" 200 7301 "-" "Mozilla/5.0 (compatible; MJ12bot/v1.4.3; http://www.majestic12.co.uk/bot.php?+)"
71.168.105.197 - - [22/Jul/2012:06:56:57 +0200] "GET /hirek/hirek091221.htm HTTP/1.1" 200 6740 "-" "Mozilla/5.0 (compatible; MJ12bot/v1.4.3; http://www.majestic12.co.uk/bot.php?+)"
71.168.105.197 - - [22/Jul/2012:06:56:58 +0200] "GET /hirek/hirek09_03.htm HTTP/1.1" 200 10810 "-" "Mozilla/5.0 (compatible; MJ12bot/v1.4.3; http://www.majestic12.co.uk/bot.php?+)"
71.168.105.197 - - [22/Jul/2012:06:57:00 +0200] "GET /hirek/hirek100225.htm HTTP/1.1" 200 7288 "-" "Mozilla/5.0 (compatible; MJ12bot/v1.4.3; http://www.majestic12.co.uk/bot.php?+)"
71.168.105.197 - - [22/Jul/2012:06:57:02 +0200] "GET /hirek/hirek100305.htm HTTP/1.1" 200 7091 "-" "Mozilla/5.0 (compatible; MJ12bot/v1.4.3; http://www.majestic12.co.uk/bot.php?+)"
71.168.105.197 - - [22/Jul/2012:06:57:04 +0200] "GET /hirek/hirek100420.htm HTTP/1.1" 200 7914 "-" "Mozilla/5.0 (compatible; MJ12bot/v1.4.3; http://www.majestic12.co.uk/bot.php?+)"
71.168.105.197 - - [22/Jul/2012:06:57:06 +0200] "GET /hirek/hirek100728.htm HTTP/1.1" 200 7560 "-" "Mozilla/5.0 (compatible; MJ12bot/v1.4.3; http://www.majestic12.co.uk/bot.php?+)"
71.168.105.197 - - [22/Jul/2012:06:57:07 +0200] "GET /hirek/hirek100804.htm HTTP/1.1" 200 8056 "-" "Mozilla/5.0 (compatible; MJ12bot/v1.4.3; http://www.majestic12.co.uk/bot.php?+)"
71.168.105.197 - - [22/Jul/2012:06:57:09 +0200] "GET /hirek/hirek100810.htm HTTP/1.1" 200 8123 "-" "Mozilla/5.0 (compatible; MJ12bot/v1.4.3; http://www.majestic12.co.uk/bot.php?+)"
71.168.105.197 - - [22/Jul/2012:06:57:12 +0200] "GET /hirek/hirek101025.htm HTTP/1.1" 200 8786 "-" "Mozilla/5.0 (compatible; MJ12bot/v1.4.3; http://www.majestic12.co.uk/bot.php?+)"
71.168.105.197 - - [22/Jul/2012:06:57:14 +0200] "GET /hirek/hirek101027.htm HTTP/1.1" 200 9627 "-" "Mozilla/5.0 (compatible; MJ12bot/v1.4.3; http://www.majestic12.co.uk/bot.php?+)"
71.168.105.197 - - [22/Jul/2012:06:57:16 +0200] "GET /hirek/hirek101213.htm HTTP/1.1" 200 8671 "-" "Mozilla/5.0 (compatible; MJ12bot/v1.4.3; http://www.majestic12.co.uk/bot.php?+)"
71.168.105.197 - - [22/Jul/2012:06:57:18 +0200] "GET /hirek09_03.htm HTTP/1.1" 200 10726 "-" "Mozilla/5.0 (compatible; MJ12bot/v1.4.3; http://www.majestic12.co.uk/bot.php?+)"
71.168.105.197 - - [22/Jul/2012:06:57:20 +0200] "GET /index.htm HTTP/1.1" 200 23778 "-" "Mozilla/5.0 (compatible; MJ12bot/v1.4.3; http://www.majestic12.co.uk/bot.php?+)"
71.168.105.197 - - [22/Jul/2012:06:57:22 +0200] "GET /kapcsolat.htm HTTP/1.1" 200 6889 "-" "Mozilla/5.0 (compatible; MJ12bot/v1.4.3; http://www.majestic12.co.uk/bot.php?+)"
71.168.105.197 - - [22/Jul/2012:06:57:24 +0200] "GET /magunkrol.htm HTTP/1.1" 200 9202 "-" "Mozilla/5.0 (compatible; MJ12bot/v1.4.3; http://www.majestic12.co.uk/bot.php?+)"
71.168.105.197 - - [22/Jul/2012:06:57:27 +0200] "GET /media.htm HTTP/1.1" 200 5208 "-" "Mozilla/5.0 (compatible; MJ12bot/v1.4.3; http://www.majestic12.co.uk/bot.php?+)"
71.168.105.197 - - [22/Jul/2012:06:57:29 +0200] "GET /programok.htm HTTP/1.1" 200 6444 "-" "Mozilla/5.0 (compatible; MJ12bot/v1.4.3; http://www.majestic12.co.uk/bot.php?+)"
178.154.210.252 - - [22/Jul/2012:07:09:31 +0200] "GET /deutsch/stellen.htm HTTP/1.1" 304 - "-" "Mozilla/5.0 (compatible; YandexBot/3.0; +http://yandex.com/bots)"
178.154.210.252 - - [22/Jul/2012:07:14:59 +0200] "GET / HTTP/1.1" 200 23778 "-" "Mozilla/5.0 (compatible; YandexBot/3.0; +http://yandex.com/bots)"
207.46.204.233 - - [22/Jul/2012:07:22:42 +0200] "GET / HTTP/1.1" 200 23778 "-" "Mozilla/5.0 (compatible; bingbot/2.0; +http://www.bing.com/bingbot.htm)"
208.115.113.84 - - [22/Jul/2012:07:42:48 +0200] "GET /robots.txt HTTP/1.1" 404 1181 "-" "Mozilla/5.0 (compatible; Ezooms/1.0; ezooms.bot@gmail.com)"
66.249.71.209 - - [22/Jul/2012:08:38:51 +0200] "GET /programok.htm HTTP/1.1" 304 - "-" "Mozilla/5.0 (compatible; Googlebot/2.1; +http://www.google.com/bot.html)"
208.115.113.84 - - [22/Jul/2012:09:26:58 +0200] "GET /hirek/hirek090428.htm HTTP/1.1" 200 24808 "-" "Mozilla/5.0 (compatible; Ezooms/1.0; ezooms.bot@gmail.com)"
139.18.2.209 - - [22/Jul/2012:12:25:58 +0200] "GET / HTTP/1.1" 200 23778 "-" "findlinks/2.6 (+http://wortschatz.uni-leipzig.de/findlinks/)"
208.115.113.84 - - [22/Jul/2012:19:08:58 +0200] "GET /robots.txt HTTP/1.1" 404 1181 "-" "Mozilla/5.0 (compatible; Ezooms/1.0; ezooms.bot@gmail.com)"
208.115.113.84 - - [22/Jul/2012:19:29:50 +0200] "GET /jog HTTP/1.1" 301 311 "-" "Mozilla/5.0 (compatible; Ezooms/1.0; ezooms.bot@gmail.com)"
96.2.31.16 - - [22/Jul/2012:20:31:41 +0200] "GET /robots.txt HTTP/1.0" 404 1181 "-" "Mozilla/5.0 (compatible; MJ12bot/v1.4.3; http://www.majestic12.co.uk/bot.php?+)"
96.2.31.16 - - [22/Jul/2012:20:31:43 +0200] "GET / HTTP/1.1" 200 23778 "-" "Mozilla/5.0 (compatible; MJ12bot/v1.4.3; http://www.majestic12.co.uk/bot.php?+)"
217.69.133.31 - - [22/Jul/2012:20:47:22 +0200] "GET / HTTP/1.0" 200 23778 "-" "Mozilla/5.0 (compatible; Mail.RU/2.0)"
66.249.71.209 - - [22/Jul/2012:22:43:54 +0200] "GET /robots.txt HTTP/1.1" 404 1181 "-" "Mozilla/5.0 (compatible; Googlebot/2.1; +http://www.google.com/bot.html)"
66.249.71.209 - - [22/Jul/2012:22:43:55 +0200] "GET /hirarchivum.htm HTTP/1.1" 200 24981 "-" "Mozilla/5.0 (iPhone; U; CPU iPhone OS 4_1 like Mac OS X; en-us) AppleWebKit/532.9 (KHTML, like Gecko) Version/4.0.5 Mobile/8B117 Safari/6531.22.7 (compatible; Googlebot-Mobile/2.1; +http://www.google.com/bot.html)"
213.186.120.196 - - [22/Jul/2012:23:26:35 +0200] "GET /robots.txt HTTP/1.1" 404 1181 "-" "Mozilla/5.0 (compatible; AhrefsBot/3.1; +http://ahrefs.com/robot/)"
178.154.210.252 - - [22/Jul/2012:23:53:59 +0200] "GET /robots.txt HTTP/1.1" 404 1181 "-" "Mozilla/5.0 (compatible; YandexBot/3.0; +http://yandex.com/bots)"
80.99.40.218 - - [23/Jul/2012:00:36:25 +0200] "GET / HTTP/1.1" 200 23778 "-" "Java/1.7.0_05"
80.99.40.218 - - [23/Jul/2012:00:36:25 +0200] "GET /hirarchivum.htm HTTP/1.1" 200 24981 "-" "Java/1.7.0_05"
80.99.40.218 - - [23/Jul/2012:00:36:26 +0200] "GET /index.htm HTTP/1.1" 200 23778 "-" "Java/1.7.0_05"
80.99.40.218 - - [23/Jul/2012:00:36:26 +0200] "GET /kapcsolat.htm HTTP/1.1" 200 6889 "-" "Java/1.7.0_05"
80.99.40.218 - - [23/Jul/2012:00:36:26 +0200] "GET /magunkrol.htm HTTP/1.1" 200 9202 "-" "Java/1.7.0_05"
80.99.40.218 - - [23/Jul/2012:00:36:27 +0200] "GET /media.htm HTTP/1.1" 200 5208 "-" "Java/1.7.0_05"
80.99.40.218 - - [23/Jul/2012:00:36:27 +0200] "GET /programok.htm HTTP/1.1" 200 6444 "-" "Java/1.7.0_05"
80.99.40.218 - - [23/Jul/2012:00:36:27 +0200] "GET /vill.cs HTTP/1.1" 200 2676 "-" "Java/1.7.0_05"
80.99.40.218 - - [23/Jul/2012:00:36:28 +0200] "GET /hirek08_10.htm HTTP/1.1" 200 6946 "-" "Java/1.7.0_05"
80.99.40.218 - - [23/Jul/2012:00:36:28 +0200] "GET /hirek08_11.htm HTTP/1.1" 200 7253 "-" "Java/1.7.0_05"
80.99.40.218 - - [23/Jul/2012:00:36:28 +0200] "GET /hirek08_12.htm HTTP/1.1" 200 8268 "-" "Java/1.7.0_05"
80.99.40.218 - - [23/Jul/2012:00:36:28 +0200] "GET /hirek09_01.htm HTTP/1.1" 200 6841 "-" "Java/1.7.0_05"
80.99.40.218 - - [23/Jul/2012:00:36:29 +0200] "GET /hirek09_02.htm HTTP/1.1" 200 7450 "-" "Java/1.7.0_05"
80.99.40.218 - - [23/Jul/2012:00:36:29 +0200] "GET /hirek09_03.htm HTTP/1.1" 200 10726 "-" "Java/1.7.0_05"
80.99.40.218 - - [23/Jul/2012:00:36:29 +0200] "GET /&url=kapcsolat.htm HTTP/1.1" 404 1181 "-" "Java/1.7.0_05"
80.99.40.218 - - [23/Jul/2012:00:36:29 +0200] "GET /&url=programok.htm HTTP/1.1" 404 1181 "-" "Java/1.7.0_05"
80.99.40.218 - - [23/Jul/2012:00:36:30 +0200] "GET /&url=adomanyi.htm HTTP/1.1" 404 1181 "-" "Java/1.7.0_05"
80.99.40.218 - - [23/Jul/2012:00:36:30 +0200] "GET /bunt.htm HTTP/1.1" 200 5683 "-" "Java/1.7.0_05"
80.99.40.218 - - [23/Jul/2012:00:36:30 +0200] "GET /civilmuhely.htm HTTP/1.1" 200 8450 "-" "Java/1.7.0_05"
80.99.40.218 - - [23/Jul/2012:00:36:30 +0200] "GET /khb.htm HTTP/1.1" 200 8719 "-" "Java/1.7.0_05"
80.99.40.218 - - [23/Jul/2012:00:36:31 +0200] "GET /nca.htm HTTP/1.1" 200 7467 "-" "Java/1.7.0_05"
80.99.40.218 - - [23/Jul/2012:00:36:31 +0200] "GET /ncta.htm HTTP/1.1" 200 7221 "-" "Java/1.7.0_05"
80.99.40.218 - - [23/Jul/2012:00:36:31 +0200] "GET /nka.htm HTTP/1.1" 200 6221 "-" "Java/1.7.0_05"
80.99.40.218 - - [23/Jul/2012:00:36:31 +0200] "GET /szakmai.htm HTTP/1.1" 200 6054 "-" "Java/1.7.0_05"
80.99.40.218 - - [23/Jul/2012:00:36:32 +0200] "GET /ncta_a.htm HTTP/1.1" 200 7260 "-" "Java/1.7.0_05"
80.99.40.218 - - [23/Jul/2012:00:36:32 +0200] "GET /&url=civilmuhely.htm HTTP/1.1" 404 1181 "-" "Java/1.7.0_05"
80.99.40.218 - - [23/Jul/2012:00:36:32 +0200] "GET /&url=magunkrol.htm HTTP/1.1" 404 1181 "-" "Java/1.7.0_05"
80.99.40.218 - - [23/Jul/2012:00:36:32 +0200] "GET /nca04.htm HTTP/1.1" 200 16378 "-" "Java/1.7.0_05"
80.99.40.218 - - [23/Jul/2012:00:36:33 +0200] "GET /nca05.htm HTTP/1.1" 200 16412 "-" "Java/1.7.0_05"
80.99.40.218 - - [23/Jul/2012:00:36:33 +0200] "GET /nca06.htm HTTP/1.1" 200 19034 "-" "Java/1.7.0_05"
80.99.40.218 - - [23/Jul/2012:00:36:34 +0200] "GET /nca07.htm HTTP/1.1" 200 21968 "-" "Java/1.7.0_05"
80.99.40.218 - - [23/Jul/2012:00:36:34 +0200] "GET /nca08.htm HTTP/1.1" 200 21795 "-" "Java/1.7.0_05"
80.99.40.218 - - [23/Jul/2012:00:36:34 +0200] "GET /nca09.htm HTTP/1.1" 200 24315 "-" "Java/1.7.0_05"
80.99.40.218 - - [23/Jul/2012:00:36:35 +0200] "GET /nca10.htm HTTP/1.1" 200 16648 "-" "Java/1.7.0_05"
80.99.40.218 - - [23/Jul/2012:00:36:35 +0200] "GET /nca11.htm HTTP/1.1" 200 7133 "-" "Java/1.7.0_05"
80.99.40.218 - - [23/Jul/2012:00:36:35 +0200] "GET /kiadvanyok.htm HTTP/1.1" 200 8206 "-" "Java/1.7.0_05"
80.99.40.218 - - [23/Jul/2012:00:36:35 +0200] "GET /deutsch/index.htm HTTP/1.1" 200 5324 "-" "Java/1.7.0_05"
80.99.40.218 - - [23/Jul/2012:00:36:36 +0200] "GET /english/index.htm HTTP/1.1" 200 5262 "-" "Java/1.7.0_05"
80.99.40.218 - - [23/Jul/2012:00:36:36 +0200] "GET /fiok/index.html HTTP/1.1" 200 20554 "-" "Java/1.7.0_05"
208.115.113.84 - - [23/Jul/2012:02:13:49 +0200] "GET /robots.txt HTTP/1.1" 404 1181 "-" "Mozilla/5.0 (compatible; Ezooms/1.0; ezooms.bot@gmail.com)"
178.154.210.252 - - [23/Jul/2012:02:44:57 +0200] "GET /hirek/hirek100225.htm HTTP/1.1" 304 - "-" "Mozilla/5.0 (compatible; YandexBot/3.0; +http://yandex.com/bots)"
208.115.113.84 - - [23/Jul/2012:03:49:59 +0200] "GET /hirek09_02.htm HTTP/1.1" 200 7450 "-" "Mozilla/5.0 (compatible; Ezooms/1.0; ezooms.bot@gmail.com)"
208.115.113.84 - - [23/Jul/2012:03:50:01 +0200] "GET /jog/jogihatter.htm HTTP/1.1" 200 18691 "-" "Mozilla/5.0 (compatible; Ezooms/1.0; ezooms.bot@gmail.com)"
208.115.113.84 - - [23/Jul/2012:03:50:43 +0200] "GET /nca10.htm HTTP/1.1" 200 16648 "-" "Mozilla/5.0 (compatible; Ezooms/1.0; ezooms.bot@gmail.com)"
178.154.210.252 - - [23/Jul/2012:05:35:06 +0200] "GET /deutsch/index.htm HTTP/1.1" 200 5324 "-" "Mozilla/5.0 (compatible; YandexBot/3.0; +http://yandex.com/bots)"
178.154.210.252 - - [23/Jul/2012:07:44:01 +0200] "GET /kapcsolat.htm HTTP/1.1" 304 - "-" "Mozilla/5.0 (compatible; YandexBot/3.0; +http://yandex.com/bots)"
141.105.120.153 - - [23/Jul/2012:08:29:42 +0200] "GET /robots.txt HTTP/1.0" 404 1181 "-" "Mozilla/5.0 (compatible; OpenindexSpider; +http://www.openindex.io/en/webmasters/spider.html)"
141.105.120.153 - - [23/Jul/2012:08:29:42 +0200] "GET /kapcsolat.htm HTTP/1.0" 304 - "-" "Mozilla/5.0 (compatible; OpenindexSpider; +http://www.openindex.io/en/webmasters/spider.html)"
188.36.24.182 - - [23/Jul/2012:09:39:45 +0200] "GET / HTTP/1.1" 200 23778 "-" "Mozilla/5.0 (compatible; MSIE 9.0; Windows NT 6.1; WOW64; Trident/5.0)"
188.36.24.182 - - [23/Jul/2012:09:39:45 +0200] "GET /vill.cs HTTP/1.1" 200 2676 "http://beklen.hu/" "Mozilla/5.0 (compatible; MSIE 9.0; Windows NT 6.1; WOW64; Trident/5.0)"
188.36.24.182 - - [23/Jul/2012:09:39:45 +0200] "GET /tm01.jpg HTTP/1.1" 200 1080 "http://beklen.hu/" "Mozilla/5.0 (compatible; MSIE 9.0; Windows NT 6.1; WOW64; Trident/5.0)"
188.36.24.182 - - [23/Jul/2012:09:39:45 +0200] "GET /vill.cs HTTP/1.1" 200 2676 "http://beklen.hu/" "Mozilla/5.0 (compatible; MSIE 9.0; Windows NT 6.1; WOW64; Trident/5.0)"
188.36.24.182 - - [23/Jul/2012:09:39:45 +0200] "GET /tm02.jpg HTTP/1.1" 200 1873 "http://beklen.hu/" "Mozilla/5.0 (compatible; MSIE 9.0; Windows NT 6.1; WOW64; Trident/5.0)"
188.36.24.182 - - [23/Jul/2012:09:39:45 +0200] "GET /lb/css/lightbox.css HTTP/1.1" 200 1715 "http://beklen.hu/" "Mozilla/5.0 (compatible; MSIE 9.0; Windows NT 6.1; WOW64; Trident/5.0)"
188.36.24.182 - - [23/Jul/2012:09:39:45 +0200] "GET /lb/js/lightbox.js HTTP/1.1" 200 23424 "http://beklen.hu/" "Mozilla/5.0 (compatible; MSIE 9.0; Windows NT 6.1; WOW64; Trident/5.0)"
188.36.24.182 - - [23/Jul/2012:09:39:45 +0200] "GET /lb/js/scriptaculous.js?load=effects HTTP/1.1" 200 2152 "http://beklen.hu/" "Mozilla/5.0 (compatible; MSIE 9.0; Windows NT 6.1; WOW64; Trident/5.0)"
188.36.24.182 - - [23/Jul/2012:09:39:45 +0200] "GET /tm03_.jpg HTTP/1.1" 200 1787 "http://beklen.hu/" "Mozilla/5.0 (compatible; MSIE 9.0; Windows NT 6.1; WOW64; Trident/5.0)"
188.36.24.182 - - [23/Jul/2012:09:39:45 +0200] "GET /lb/js/prototype.js HTTP/1.1" 200 47603 "http://beklen.hu/" "Mozilla/5.0 (compatible; MSIE 9.0; Windows NT 6.1; WOW64; Trident/5.0)"
188.36.24.182 - - [23/Jul/2012:09:39:45 +0200] "GET /tm05_.jpg HTTP/1.1" 200 1839 "http://beklen.hu/" "Mozilla/5.0 (compatible; MSIE 9.0; Windows NT 6.1; WOW64; Trident/5.0)"
188.36.24.182 - - [23/Jul/2012:09:39:45 +0200] "GET /tm04_.jpg HTTP/1.1" 200 2058 "http://beklen.hu/" "Mozilla/5.0 (compatible; MSIE 9.0; Windows NT 6.1; WOW64; Trident/5.0)"
188.36.24.182 - - [23/Jul/2012:09:39:45 +0200] "GET /tm06_.jpg HTTP/1.1" 200 1382 "http://beklen.hu/" "Mozilla/5.0 (compatible; MSIE 9.0; Windows NT 6.1; WOW64; Trident/5.0)"
188.36.24.182 - - [23/Jul/2012:09:39:45 +0200] "GET /tm07.jpg HTTP/1.1" 200 1007 "http://beklen.hu/" "Mozilla/5.0 (compatible; MSIE 9.0; Windows NT 6.1; WOW64; Trident/5.0)"
188.36.24.182 - - [23/Jul/2012:09:39:45 +0200] "GET /lb/js/effects.js HTTP/1.1" 200 31969 "http://beklen.hu/" "Mozilla/5.0 (compatible; MSIE 9.0; Windows NT 6.1; WOW64; Trident/5.0)"
188.36.24.182 - - [23/Jul/2012:09:39:45 +0200] "GET /a1_projekt_tabla_infra_cs3_beklenhaz_.jpg HTTP/1.1" 200 8994 "http://beklen.hu/" "Mozilla/5.0 (compatible; MSIE 9.0; Windows NT 6.1; WOW64; Trident/5.0)"
188.36.24.182 - - [23/Jul/2012:09:39:45 +0200] "GET /jog_honlap_.jpg HTTP/1.1" 200 7186 "http://beklen.hu/" "Mozilla/5.0 (compatible; MSIE 9.0; Windows NT 6.1; WOW64; Trident/5.0)"
188.36.24.182 - - [23/Jul/2012:09:39:45 +0200] "GET /bg.jpg HTTP/1.1" 200 566 "http://beklen.hu/" "Mozilla/5.0 (compatible; MSIE 9.0; Windows NT 6.1; WOW64; Trident/5.0)"
188.36.24.182 - - [23/Jul/2012:09:39:45 +0200] "GET /bottom_main.jpg HTTP/1.1" 200 96820 "http://beklen.hu/" "Mozilla/5.0 (compatible; MSIE 9.0; Windows NT 6.1; WOW64; Trident/5.0)"
188.36.24.182 - - [23/Jul/2012:09:39:45 +0200] "GET /tm02_.jpg HTTP/1.1" 200 1524 "http://beklen.hu/" "Mozilla/5.0 (compatible; MSIE 9.0; Windows NT 6.1; WOW64; Trident/5.0)"
188.36.24.182 - - [23/Jul/2012:09:39:46 +0200] "GET /nimfea_project_250x250.gif HTTP/1.1" 200 2986583 "http://beklen.hu/" "Mozilla/5.0 (compatible; MSIE 9.0; Windows NT 6.1; WOW64; Trident/5.0)"
188.36.24.182 - - [23/Jul/2012:09:39:46 +0200] "GET /tm02_.jpg HTTP/1.1" 200 1524 "http://beklen.hu/" "Mozilla/5.0 (compatible; MSIE 9.0; Windows NT 6.1; WOW64; Trident/5.0)"
188.36.24.182 - - [23/Jul/2012:09:39:46 +0200] "GET /tm04.jpg HTTP/1.1" 200 2613 "http://beklen.hu/" "Mozilla/5.0 (compatible; MSIE 9.0; Windows NT 6.1; WOW64; Trident/5.0)"
188.36.24.182 - - [23/Jul/2012:09:39:46 +0200] "GET /tm05.jpg HTTP/1.1" 200 2253 "http://beklen.hu/" "Mozilla/5.0 (compatible; MSIE 9.0; Windows NT 6.1; WOW64; Trident/5.0)"
188.36.24.182 - - [23/Jul/2012:09:39:46 +0200] "GET /tm06.jpg HTTP/1.1" 200 1651 "http://beklen.hu/" "Mozilla/5.0 (compatible; MSIE 9.0; Windows NT 6.1; WOW64; Trident/5.0)"
188.36.24.182 - - [23/Jul/2012:09:39:46 +0200] "GET /tm03.jpg HTTP/1.1" 200 2212 "http://beklen.hu/" "Mozilla/5.0 (compatible; MSIE 9.0; Windows NT 6.1; WOW64; Trident/5.0)"
188.36.24.182 - - [23/Jul/2012:09:39:46 +0200] "GET /lb/images/loading.gif HTTP/1.1" 200 2767 "http://beklen.hu/" "Mozilla/5.0 (compatible; MSIE 9.0; Windows NT 6.1; WOW64; Trident/5.0)"
188.36.24.182 - - [23/Jul/2012:09:39:46 +0200] "GET /lb/images/closelabel.gif HTTP/1.1" 200 222 "http://beklen.hu/" "Mozilla/5.0 (compatible; MSIE 9.0; Windows NT 6.1; WOW64; Trident/5.0)"
188.36.24.182 - - [23/Jul/2012:09:39:46 +0200] "GET /favicon.ico HTTP/1.1" 404 1181 "-" "Mozilla/5.0 (compatible; MSIE 9.0; Windows NT 6.1; WOW64; Trident/5.0)"
188.36.24.182 - - [23/Jul/2012:09:39:48 +0200] "GET /magunkrol.htm HTTP/1.1" 200 9202 "http://beklen.hu/" "Mozilla/5.0 (compatible; MSIE 9.0; Windows NT 6.1; WOW64; Trident/5.0)"
188.36.24.182 - - [23/Jul/2012:09:39:48 +0200] "GET /bottom_.jpg HTTP/1.1" 200 93419 "http://beklen.hu/magunkrol.htm" "Mozilla/5.0 (compatible; MSIE 9.0; Windows NT 6.1; WOW64; Trident/5.0)"
188.36.24.182 - - [23/Jul/2012:09:39:48 +0200] "GET /favicon.ico HTTP/1.1" 404 1181 "-" "Mozilla/5.0 (compatible; MSIE 9.0; Windows NT 6.1; WOW64; Trident/5.0)"
188.36.24.182 - - [23/Jul/2012:09:39:52 +0200] "GET /programok.htm HTTP/1.1" 200 6444 "http://beklen.hu/magunkrol.htm" "Mozilla/5.0 (compatible; MSIE 9.0; Windows NT 6.1; WOW64; Trident/5.0)"
188.36.24.182 - - [23/Jul/2012:09:39:53 +0200] "GET /khb.htm HTTP/1.1" 200 8719 "http://beklen.hu/programok.htm" "Mozilla/5.0 (compatible; MSIE 9.0; Windows NT 6.1; WOW64; Trident/5.0)"
188.36.24.182 - - [23/Jul/2012:09:39:56 +0200] "GET /khb/beklen_2011_kh_jelentes.pdf HTTP/1.1" 200 6014974 "http://beklen.hu/khb.htm" "Mozilla/5.0 (compatible; MSIE 9.0; Windows NT 6.1; WOW64; Trident/5.0)"
67.195.112.162 - - [23/Jul/2012:12:03:58 +0200] "GET /robots.txt HTTP/1.0" 404 1181 "-" "Mozilla/5.0 (compatible; Yahoo! Slurp; http://help.yahoo.com/help/us/ysearch/slurp)"
67.195.112.162 - - [23/Jul/2012:12:03:59 +0200] "GET /fiok/ HTTP/1.0" 200 20554 "-" "Mozilla/5.0 (compatible; Yahoo! Slurp; http://help.yahoo.com/help/us/ysearch/slurp)"
67.195.112.162 - - [23/Jul/2012:12:04:02 +0200] "GET /fiok/css/lightbox.css HTTP/1.0" 200 1715 "http://www.beklen.hu/fiok/" "Mozilla/5.0 (compatible; Yahoo! Slurp; http://help.yahoo.com/help/us/ysearch/slurp)"
178.154.210.252 - - [23/Jul/2012:12:35:07 +0200] "GET /ncta.htm HTTP/1.1" 304 - "-" "Mozilla/5.0 (compatible; YandexBot/3.0; +http://yandex.com/bots)"
66.249.72.58 - - [23/Jul/2012:12:47:45 +0200] "GET /robots.txt HTTP/1.1" 404 1181 "-" "Mozilla/5.0 (compatible; Googlebot/2.1; +http://www.google.com/bot.html)"
66.249.72.58 - - [23/Jul/2012:12:47:52 +0200] "GET /jog/eseteink/audi/additional_information_on_the_compensatory_measures_provided_by_hungarian_authorities_at_the_request_of_the_commission_3.pdf HTTP/1.1" 200 3528853 "-" "Mozilla/5.0 (compatible; Googlebot/2.1; +http://www.google.com/bot.html)"
46.229.160.208 - - [23/Jul/2012:12:52:28 +0200] "GET /hirek/klimatv_civilcikk.doc HTTP/1.1" 200 19919 "-" "Mozilla/4.0 (compatible; MSIE 7.0; Windows NT 5.1; .NET CLR 1.1.4322; .NET CLR 2.0.50727)"
66.249.72.58 - - [23/Jul/2012:13:02:11 +0200] "GET /fiok/ HTTP/1.1" 304 - "-" "Mozilla/5.0 (compatible; Googlebot/2.1; +http://www.google.com/bot.html)"
141.105.120.151 - - [23/Jul/2012:13:26:44 +0200] "GET /robots.txt HTTP/1.0" 404 1181 "-" "Mozilla/5.0 (compatible; OpenindexSpider; +http://www.openindex.io/en/webmasters/spider.html)"
141.105.120.151 - - [23/Jul/2012:13:26:45 +0200] "GET /jog/tippek.htm HTTP/1.0" 200 13697 "-" "Mozilla/5.0 (compatible; OpenindexSpider; +http://www.openindex.io/en/webmasters/spider.html)"
66.249.72.58 - - [23/Jul/2012:13:42:05 +0200] "GET /jog/eseteink/audi/additional_information_on_the_compensatory_measures_provided_by_hungarian_authorities_at_the_request_of_the_commission_1.pdf HTTP/1.1" 200 3383998 "-" "Mozilla/5.0 (compatible; Googlebot/2.1; +http://www.google.com/bot.html)"
66.249.72.58 - - [23/Jul/2012:14:10:21 +0200] "GET /jog/jogszabalyok/2001-es%20vedett%20lista.pdf HTTP/1.1" 200 681051 "-" "Mozilla/5.0 (compatible; Googlebot/2.1; +http://www.google.com/bot.html)"
208.115.113.84 - - [23/Jul/2012:14:40:03 +0200] "GET /robots.txt HTTP/1.1" 404 1181 "-" "Mozilla/5.0 (compatible; Ezooms/1.0; ezooms.bot@gmail.com)"
178.154.210.252 - - [23/Jul/2012:14:54:26 +0200] "GET /hirek/hirek090930.htm HTTP/1.1" 304 - "-" "Mozilla/5.0 (compatible; YandexBot/3.0; +http://yandex.com/bots)"
130.83.167.153 - - [23/Jul/2012:16:02:35 +0200] "GET / HTTP/1.1" 200 23778 "-" "findlinks/2.6 (+http://wortschatz.uni-leipzig.de/findlinks/)"
208.115.113.84 - - [23/Jul/2012:16:17:08 +0200] "GET /hirek/hirek090215.htm HTTP/1.1" 200 9398 "-" "Mozilla/5.0 (compatible; Ezooms/1.0; ezooms.bot@gmail.com)"
178.154.210.252 - - [23/Jul/2012:16:38:17 +0200] "GET /hirek/hirek120207.htm HTTP/1.1" 304 - "-" "Mozilla/5.0 (compatible; YandexBot/3.0; +http://yandex.com/bots)"
95.211.139.1 - - [23/Jul/2012:16:59:48 +0200] "GET /robots.txt HTTP/1.0" 404 1181 "-" "Mozilla/5.0 (compatible; AcoonBot/4.11.1; +http://www.acoon.de/robot.asp)"
95.211.139.1 - - [23/Jul/2012:16:59:48 +0200] "GET /fiok/ HTTP/1.0" 200 20554 "-" "Mozilla/5.0 (compatible; AcoonBot/4.11.1; +http://www.acoon.de/robot.asp)"
66.249.72.58 - - [23/Jul/2012:17:52:33 +0200] "GET /jog/eseteink/audi/audi_gyor_restoration_measures1-10.pdf HTTP/1.1" 304 - "-" "Mozilla/5.0 (compatible; Googlebot/2.1; +http://www.google.com/bot.html)"
141.105.120.151 - - [23/Jul/2012:18:01:02 +0200] "GET /robots.txt HTTP/1.0" 404 1181 "-" "Mozilla/5.0 (compatible; OpenindexSpider; +http://www.openindex.io/en/webmasters/spider.html)"
141.105.120.151 - - [23/Jul/2012:18:01:02 +0200] "GET /jog/eljaraskezd.htm HTTP/1.0" 200 13730 "-" "Mozilla/5.0 (compatible; OpenindexSpider; +http://www.openindex.io/en/webmasters/spider.html)"
180.76.5.186 - - [23/Jul/2012:18:11:07 +0200] "GET /robots.txt HTTP/1.1" 404 1181 "-" "Mozilla/5.0 (compatible; Baiduspider/2.0; +http://www.baidu.com/search/spider.html)"
208.115.113.84 - - [23/Jul/2012:18:11:52 +0200] "GET /robots.txt HTTP/1.1" 404 1181 "-" "Mozilla/5.0 (compatible; Ezooms/1.0; ezooms.bot@gmail.com)"
178.154.210.252 - - [23/Jul/2012:18:43:15 +0200] "GET /hirek/klimatv_civilcikk.doc HTTP/1.1" 200 78336 "-" "Mozilla/5.0 (compatible; YandexBot/3.0; +http://yandex.com/bots)"
65.52.111.222 - - [23/Jul/2012:18:48:58 +0200] "GET / HTTP/1.1" 200 23778 "-" "Mozilla/4.0 (compatible; MSIE 7.0; Windows NT 5.1; SV1; .NET CLR 1.1.4325; .NET CLR 2.0.50727; .NET CLR 3.0.30729; .NET CLR 3.5.30707; InfoPath.2)"
65.52.111.222 - - [23/Jul/2012:18:49:11 +0200] "GET /vill.cs HTTP/1.1" 200 2676 "http://www.beklen.hu/" "Mozilla/4.0 (compatible; MSIE 7.0; Windows NT 5.1; SV1; .NET CLR 1.1.4325; .NET CLR 2.0.50727; .NET CLR 3.0.30729; .NET CLR 3.5.30707; InfoPath.2)"
65.52.111.222 - - [23/Jul/2012:18:49:12 +0200] "GET /lb/js/prototype.js HTTP/1.1" 200 47603 "http://www.beklen.hu/" "Mozilla/4.0 (compatible; MSIE 7.0; Windows NT 5.1; SV1; .NET CLR 1.1.4325; .NET CLR 2.0.50727; .NET CLR 3.0.30729; .NET CLR 3.5.30707; InfoPath.2)"
65.52.111.222 - - [23/Jul/2012:18:49:15 +0200] "GET /lb/js/scriptaculous.js?load=effects HTTP/1.1" 200 2152 "http://www.beklen.hu/" "Mozilla/4.0 (compatible; MSIE 7.0; Windows NT 5.1; SV1; .NET CLR 1.1.4325; .NET CLR 2.0.50727; .NET CLR 3.0.30729; .NET CLR 3.5.30707; InfoPath.2)"
65.52.111.222 - - [23/Jul/2012:18:49:16 +0200] "GET /lb/js/effects.js HTTP/1.1" 200 31969 "http://www.beklen.hu/" "Mozilla/4.0 (compatible; MSIE 7.0; Windows NT 5.1; SV1; .NET CLR 1.1.4325; .NET CLR 2.0.50727; .NET CLR 3.0.30729; .NET CLR 3.5.30707; InfoPath.2)"
66.249.72.58 - - [23/Jul/2012:19:31:33 +0200] "GET /hirek/hirek091221.htm HTTP/1.1" 200 6740 "-" "Mozilla/5.0 (iPhone; U; CPU iPhone OS 4_1 like Mac OS X; en-us) AppleWebKit/532.9 (KHTML, like Gecko) Version/4.0.5 Mobile/8B117 Safari/6531.22.7 (compatible; Googlebot-Mobile/2.1; +http://www.google.com/bot.html)"
65.52.104.90 - - [23/Jul/2012:19:41:23 +0200] "GET /robots.txt HTTP/1.1" 404 1181 "-" "Mozilla/5.0 (compatible; bingbot/2.0; +http://www.bing.com/bingbot.htm)"
65.52.104.90 - - [23/Jul/2012:19:42:19 +0200] "GET /hirek/hirek090619.htm HTTP/1.1" 304 - "-" "Mozilla/5.0 (compatible; bingbot/2.0; +http://www.bing.com/bingbot.htm)"
207.46.204.168 - - [23/Jul/2012:19:43:50 +0200] "GET /hirek/hirek090619.htm HTTP/1.1" 200 7871 "-" "Mozilla/5.0 (Windows NT 6.1; WOW64) AppleWebKit/534+ (KHTML, like Gecko) BingPreview/1.0b"
208.115.113.84 - - [23/Jul/2012:19:52:08 +0200] "GET /jog/eljarasokrol.htm HTTP/1.1" 200 14427 "-" "Mozilla/5.0 (compatible; Ezooms/1.0; ezooms.bot@gmail.com)"
178.154.210.252 - - [23/Jul/2012:20:15:34 +0200] "GET /hirek/hirek100420.htm HTTP/1.1" 304 - "-" "Mozilla/5.0 (compatible; YandexBot/3.0; +http://yandex.com/bots)"
207.46.204.168 - - [23/Jul/2012:20:45:04 +0200] "GET /vill.cs HTTP/1.1" 200 2676 "http://www.beklen.hu/hirek/hirek090619.htm" "Mozilla/5.0 (Windows NT 6.1; WOW64) AppleWebKit/534+ (KHTML, like Gecko) BingPreview/1.0b"
178.154.210.252 - - [23/Jul/2012:20:49:19 +0200] "GET /hirek/hirek090302.htm HTTP/1.1" 304 - "-" "Mozilla/5.0 (compatible; YandexBot/3.0; +http://yandex.com/bots)"
178.154.210.252 - - [23/Jul/2012:21:33:52 +0200] "GET /khb/beklen_2005_kh_jelentes.pdf HTTP/1.1" 200 109779 "-" "Mozilla/5.0 (compatible; YandexBot/3.0; +http://yandex.com/bots)"
109.199.35.46 - - [23/Jul/2012:21:42:11 +0200] "GET /jog/eseteink/audi/audi_gyor_restoration_measures1-10.pdf HTTP/1.1" 200 1029928 "http://www.google.hu/url?sa=t&rct=j&q=&esrc=s&source=web&cd=5&ved=0CFoQFjAE&url=http%3A%2F%2Fwww.beklen.hu%2Fjog%2Feseteink%2Faudi%2Faudi_gyor_restoration_measures1-10.pdf&ei=7qgNULvpK4bZ4QS5s6T1Cg&usg=AFQjCNE5kCGiUpJed4VX6nFNeJ8jPtSNqA&sig2=gPztvCCdCqcIMYWlT30icA" "Mozilla/5.0 (Windows NT 6.1; WOW64; rv:14.0) Gecko/20100101 Firefox/14.0.1"
109.199.35.46 - - [23/Jul/2012:21:42:11 +0200] "GET /favicon.ico HTTP/1.1" 404 1181 "-" "Mozilla/5.0 (Windows NT 6.1; WOW64; rv:14.0) Gecko/20100101 Firefox/14.0.1"
208.115.113.84 - - [23/Jul/2012:21:44:11 +0200] "GET /robots.txt HTTP/1.1" 404 1181 "-" "Mozilla/5.0 (compatible; Ezooms/1.0; ezooms.bot@gmail.com)"
