207.46.199.45 - - [23/Jul/2012:21:49:39 +0200] "GET /robots.txt HTTP/1.1" 404 1181 "-" "Mozilla/5.0 (compatible; bingbot/2.0; +http://www.bing.com/bingbot.htm)"
207.46.199.45 - - [23/Jul/2012:21:50:49 +0200] "GET /fiok/ HTTP/1.1" 200 20554 "-" "Mozilla/5.0 (compatible; bingbot/2.0; +http://www.bing.com/bingbot.htm)"
208.115.113.84 - - [23/Jul/2012:22:12:54 +0200] "GET /robots.txt HTTP/1.1" 404 1181 "-" "Mozilla/5.0 (compatible; Ezooms/1.0; ezooms.bot@gmail.com)"
208.115.113.84 - - [23/Jul/2012:22:41:41 +0200] "GET /robots.txt HTTP/1.1" 404 1181 "-" "Mozilla/5.0 (compatible; Ezooms/1.0; ezooms.bot@gmail.com)"
207.46.199.45 - - [23/Jul/2012:23:53:29 +0200] "GET /robots.txt HTTP/1.1" 404 1181 "-" "Mozilla/5.0 (compatible; bingbot/2.0; +http://www.bing.com/bingbot.htm)"
207.46.199.45 - - [23/Jul/2012:23:54:14 +0200] "GET /hirek/hirek090428.htm HTTP/1.1" 304 - "-" "Mozilla/5.0 (compatible; bingbot/2.0; +http://www.bing.com/bingbot.htm)"
208.115.113.84 - - [24/Jul/2012:00:13:11 +0200] "GET /hirek/hirek091103.htm HTTP/1.1" 200 7301 "-" "Mozilla/5.0 (compatible; Ezooms/1.0; ezooms.bot@gmail.com)"
208.115.113.84 - - [24/Jul/2012:00:13:13 +0200] "GET /hirek08_10.htm HTTP/1.1" 200 6946 "-" "Mozilla/5.0 (compatible; Ezooms/1.0; ezooms.bot@gmail.com)"
180.76.5.193 - - [24/Jul/2012:01:53:01 +0200] "GET / HTTP/1.1" 200 23778 "-" "Mozilla/5.0 (compatible; Baiduspider/2.0; +http://www.baidu.com/search/spider.html)"
208.115.113.84 - - [24/Jul/2012:04:16:03 +0200] "GET /robots.txt HTTP/1.1" 404 1181 "-" "Mozilla/5.0 (compatible; Ezooms/1.0; ezooms.bot@gmail.com)"
208.115.113.84 - - [24/Jul/2012:06:02:43 +0200] "GET /khb.htm HTTP/1.1" 200 8719 "-" "Mozilla/5.0 (compatible; Ezooms/1.0; ezooms.bot@gmail.com)"
77.20.4.67 - - [24/Jul/2012:06:50:21 +0200] "GET /robots.txt HTTP/1.1" 404 1181 "-" "findlinks/2.0.2 (+http://wortschatz.uni-leipzig.de/findlinks/)"
208.115.113.84 - - [24/Jul/2012:11:12:52 +0200] "GET /robots.txt HTTP/1.1" 404 1181 "-" "Mozilla/5.0 (compatible; Ezooms/1.0; ezooms.bot@gmail.com)"
66.249.72.58 - - [24/Jul/2012:11:18:04 +0200] "GET /robots.txt HTTP/1.1" 404 1181 "-" "Mozilla/5.0 (compatible; Googlebot/2.1; +http://www.google.com/bot.html)"
66.249.72.58 - - [24/Jul/2012:11:18:05 +0200] "GET /jog/eseteink/kavicszatony/bfnpi%20fellebbezese%20mura%20kotras%20vj%20eng.pdf HTTP/1.1" 200 219591 "-" "Mozilla/5.0 (compatible; Googlebot/2.1; +http://www.google.com/bot.html)"
208.115.113.84 - - [24/Jul/2012:12:44:28 +0200] "GET /hirek/hirek091015.htm HTTP/1.1" 200 7046 "-" "Mozilla/5.0 (compatible; Ezooms/1.0; ezooms.bot@gmail.com)"
208.115.113.84 - - [24/Jul/2012:12:44:30 +0200] "GET /hirek/hirek101213.htm HTTP/1.1" 200 8671 "-" "Mozilla/5.0 (compatible; Ezooms/1.0; ezooms.bot@gmail.com)"
178.154.210.252 - - [24/Jul/2012:13:12:34 +0200] "GET /robots.txt HTTP/1.1" 404 1181 "-" "Mozilla/5.0 (compatible; YandexBot/3.0; +http://yandex.com/bots)"
66.249.72.58 - - [24/Jul/2012:13:23:59 +0200] "GET /jog/eseteink/poroszlo/index.htm HTTP/1.1" 200 16861 "-" "Mozilla/5.0 (compatible; Googlebot/2.1; +http://www.google.com/bot.html)"
66.249.72.58 - - [24/Jul/2012:13:58:38 +0200] "GET /jog/eseteink/poroszlo/villa__.jpg HTTP/1.1" 200 7062 "-" "Mozilla/5.0 (compatible; Googlebot/2.1; +http://www.google.com/bot.html)"
66.249.72.58 - - [24/Jul/2012:16:32:05 +0200] "GET /jog/eseteink/poroszlo/villa.jpg HTTP/1.1" 200 110558 "-" "Googlebot-Image/1.0"
208.115.113.84 - - [24/Jul/2012:17:02:42 +0200] "GET /robots.txt HTTP/1.1" 404 1181 "-" "Mozilla/5.0 (compatible; Ezooms/1.0; ezooms.bot@gmail.com)"
180.76.5.92 - - [24/Jul/2012:18:14:36 +0200] "GET / HTTP/1.1" 200 23778 "-" "Mozilla/5.0 (compatible; Baiduspider/2.0; +http://www.baidu.com/search/spider.html)"
208.115.113.84 - - [24/Jul/2012:18:41:48 +0200] "GET /hirek/hirek090605.htm HTTP/1.1" 200 7994 "-" "Mozilla/5.0 (compatible; Ezooms/1.0; ezooms.bot@gmail.com)"
208.115.113.84 - - [24/Jul/2012:18:41:50 +0200] "GET /programok.htm HTTP/1.1" 200 6444 "-" "Mozilla/5.0 (compatible; Ezooms/1.0; ezooms.bot@gmail.com)"
178.154.210.252 - - [24/Jul/2012:18:44:37 +0200] "GET /magunkrol.htm HTTP/1.1" 200 9202 "-" "Mozilla/5.0 (compatible; YandexBot/3.0; +http://yandex.com/bots)"
66.249.72.58 - - [24/Jul/2012:18:46:54 +0200] "GET /jog/jogszabalyok/1995.%20evi%20XCIII.%20torveny.pdf HTTP/1.1" 304 - "-" "Mozilla/5.0 (compatible; Googlebot/2.1; +http://www.google.com/bot.html)"
66.249.72.58 - - [24/Jul/2012:19:05:19 +0200] "GET /jog/eseteink/poroszlo/poroszlo-epitkezes_hitvk.pdf HTTP/1.1" 304 - "-" "Mozilla/5.0 (compatible; Googlebot/2.1; +http://www.google.com/bot.html)"
217.69.133.31 - - [24/Jul/2012:19:42:02 +0200] "GET /robots.txt HTTP/1.0" 404 1181 "-" "Mozilla/5.0 (compatible; Mail.RU/2.0)"
66.249.72.58 - - [24/Jul/2012:19:47:01 +0200] "GET /hirek/Natura_2000es_gyepgazdalkodas_eloirasai.ppt HTTP/1.1" 304 - "-" "Mozilla/5.0 (iPhone; U; CPU iPhone OS 4_1 like Mac OS X; en-us) AppleWebKit/532.9 (KHTML, like Gecko) Version/4.0.5 Mobile/8B117 Safari/6531.22.7 (compatible; Googlebot-Mobile/2.1; +http://www.google.com/bot.html)"
178.255.215.69 - - [24/Jul/2012:19:59:47 +0200] "GET /robots.txt HTTP/1.1" 404 1181 "-" "Mozilla/5.0 (compatible; Exabot/3.0; +http://www.exabot.com/go/robot)"
178.255.215.69 - - [24/Jul/2012:19:59:47 +0200] "GET /hirek/hirek090301.htm HTTP/1.1" 304 - "-" "Mozilla/5.0 (compatible; Exabot/3.0; +http://www.exabot.com/go/robot)"
178.154.210.252 - - [24/Jul/2012:20:24:39 +0200] "GET /english/index.htm HTTP/1.1" 304 - "-" "Mozilla/5.0 (compatible; YandexBot/3.0; +http://yandex.com/bots)"
66.249.72.58 - - [24/Jul/2012:20:48:43 +0200] "GET /jog/polgariper.htm HTTP/1.1" 200 13964 "-" "Mozilla/5.0 (compatible; Googlebot/2.1; +http://www.google.com/bot.html)"
178.154.210.252 - - [24/Jul/2012:21:13:34 +0200] "GET /hirek/hirek100810.htm HTTP/1.1" 304 - "-" "Mozilla/5.0 (compatible; YandexBot/3.0; +http://yandex.com/bots)"
178.154.210.252 - - [24/Jul/2012:21:30:01 +0200] "GET /hirek/hirek101025.htm HTTP/1.1" 304 - "-" "Mozilla/5.0 (compatible; YandexBot/3.0; +http://yandex.com/bots)"
178.154.210.252 - - [24/Jul/2012:21:31:00 +0200] "GET /hirek/hirek101027.htm HTTP/1.1" 304 - "-" "Mozilla/5.0 (compatible; YandexBot/3.0; +http://yandex.com/bots)"
178.154.210.252 - - [24/Jul/2012:23:51:27 +0200] "GET /hirek/hirek100804.htm HTTP/1.1" 304 - "-" "Mozilla/5.0 (compatible; YandexBot/3.0; +http://yandex.com/bots)"
208.115.111.68 - - [25/Jul/2012:01:43:25 +0200] "GET /robots.txt HTTP/1.1" 404 1181 "-" "Mozilla/5.0 (compatible; Ezooms/1.0; ezooms.bot@gmail.com)"
178.154.210.252 - - [25/Jul/2012:01:53:04 +0200] "GET / HTTP/1.1" 200 23778 "-" "Mozilla/5.0 (compatible; YandexBot/3.0; +http://yandex.com/bots)"
66.249.72.58 - - [25/Jul/2012:02:39:59 +0200] "GET /robots.txt HTTP/1.1" 404 1181 "-" "Mozilla/5.0 (compatible; Googlebot/2.1; +http://www.google.com/bot.html)"
66.249.72.58 - - [25/Jul/2012:02:39:59 +0200] "GET /jog2/images/menuitem.png HTTP/1.1" 200 20960 "-" "Mozilla/5.0 (compatible; Googlebot/2.1; +http://www.google.com/bot.html)"
66.249.72.58 - - [25/Jul/2012:02:40:01 +0200] "GET /jog2/images/header.png HTTP/1.1" 200 170837 "-" "Mozilla/5.0 (compatible; Googlebot/2.1; +http://www.google.com/bot.html)"
66.249.72.58 - - [25/Jul/2012:02:40:05 +0200] "GET /jog2/images/button.png HTTP/1.1" 200 27118 "-" "Mozilla/5.0 (compatible; Googlebot/2.1; +http://www.google.com/bot.html)"
66.249.72.58 - - [25/Jul/2012:02:40:09 +0200] "GET /jog2/images/post_h.png HTTP/1.1" 200 292 "-" "Mozilla/5.0 (compatible; Googlebot/2.1; +http://www.google.com/bot.html)"
66.249.72.58 - - [25/Jul/2012:02:40:11 +0200] "GET /jog2/images/vmenuitem.png HTTP/1.1" 200 1672 "-" "Mozilla/5.0 (compatible; Googlebot/2.1; +http://www.google.com/bot.html)"
66.249.72.58 - - [25/Jul/2012:02:40:14 +0200] "GET /jog2/images/subitem.png HTTP/1.1" 200 81 "-" "Mozilla/5.0 (compatible; Googlebot/2.1; +http://www.google.com/bot.html)"
66.249.72.58 - - [25/Jul/2012:02:40:15 +0200] "GET /jog2/images/post_s.png HTTP/1.1" 200 466 "-" "Mozilla/5.0 (compatible; Googlebot/2.1; +http://www.google.com/bot.html)"
66.249.72.58 - - [25/Jul/2012:02:40:16 +0200] "GET /jog2/images/spacer.gif HTTP/1.1" 200 43 "-" "Mozilla/5.0 (compatible; Googlebot/2.1; +http://www.google.com/bot.html)"
66.249.72.58 - - [25/Jul/2012:02:40:17 +0200] "GET /jog2/images/post_c.png HTTP/1.1" 200 204 "-" "Mozilla/5.0 (compatible; Googlebot/2.1; +http://www.google.com/bot.html)"
66.249.72.58 - - [25/Jul/2012:02:40:18 +0200] "GET /jog2/images/sidebar_bg.png HTTP/1.1" 200 96 "-" "Mozilla/5.0 (compatible; Googlebot/2.1; +http://www.google.com/bot.html)"
66.249.72.58 - - [25/Jul/2012:02:40:21 +0200] "GET /jog/img/320/albofalevel1.jpg HTTP/1.1" 200 14351 "-" "Mozilla/5.0 (compatible; Googlebot/2.1; +http://www.google.com/bot.html)"
208.115.111.68 - - [25/Jul/2012:03:33:55 +0200] "GET /szakmai.htm HTTP/1.1" 200 6054 "-" "Mozilla/5.0 (compatible; Ezooms/1.0; ezooms.bot@gmail.com)"
178.154.210.252 - - [25/Jul/2012:03:33:56 +0200] "GET /fiok/index.html HTTP/1.1" 304 - "-" "Mozilla/5.0 (compatible; YandexBot/3.0; +http://yandex.com/bots)"
178.154.210.252 - - [25/Jul/2012:04:30:52 +0200] "GET /hirarchivum.htm HTTP/1.1" 304 - "-" "Mozilla/5.0 (compatible; YandexBot/3.0; +http://yandex.com/bots)"
80.99.40.218 - - [25/Jul/2012:04:34:32 +0200] "GET / HTTP/1.1" 200 23778 "-" "Java/1.7.0_05"
80.99.40.218 - - [25/Jul/2012:04:34:38 +0200] "GET /hirarchivum.htm HTTP/1.1" 200 24981 "-" "Java/1.7.0_05"
80.99.40.218 - - [25/Jul/2012:04:34:39 +0200] "GET /index.htm HTTP/1.1" 200 23778 "-" "Java/1.7.0_05"
80.99.40.218 - - [25/Jul/2012:04:34:48 +0200] "GET /kapcsolat.htm HTTP/1.1" 200 6889 "-" "Java/1.7.0_05"
80.99.40.218 - - [25/Jul/2012:04:34:50 +0200] "GET /magunkrol.htm HTTP/1.1" 200 9202 "-" "Java/1.7.0_05"
80.99.40.218 - - [25/Jul/2012:04:34:59 +0200] "GET /media.htm HTTP/1.1" 200 5208 "-" "Java/1.7.0_05"
80.99.40.218 - - [25/Jul/2012:04:35:06 +0200] "GET /programok.htm HTTP/1.1" 200 6444 "-" "Java/1.7.0_05"
80.99.40.218 - - [25/Jul/2012:04:35:16 +0200] "GET /vill.cs HTTP/1.1" 200 2676 "-" "Java/1.7.0_05"
80.99.40.218 - - [25/Jul/2012:04:35:26 +0200] "GET /hirek08_10.htm HTTP/1.1" 200 6946 "-" "Java/1.7.0_05"
80.99.40.218 - - [25/Jul/2012:04:35:30 +0200] "GET /hirek08_11.htm HTTP/1.1" 200 7253 "-" "Java/1.7.0_05"
80.99.40.218 - - [25/Jul/2012:04:35:34 +0200] "GET /hirek08_12.htm HTTP/1.1" 200 8268 "-" "Java/1.7.0_05"
80.99.40.218 - - [25/Jul/2012:04:35:39 +0200] "GET /hirek09_01.htm HTTP/1.1" 200 6841 "-" "Java/1.7.0_05"
80.99.40.218 - - [25/Jul/2012:04:35:45 +0200] "GET /hirek09_02.htm HTTP/1.1" 200 7450 "-" "Java/1.7.0_05"
80.99.40.218 - - [25/Jul/2012:04:35:48 +0200] "GET /hirek09_03.htm HTTP/1.1" 200 10726 "-" "Java/1.7.0_05"
80.99.40.218 - - [25/Jul/2012:04:35:55 +0200] "GET /&url=kapcsolat.htm HTTP/1.1" 404 1181 "-" "Java/1.7.0_05"
80.99.40.218 - - [25/Jul/2012:04:35:57 +0200] "GET /&url=programok.htm HTTP/1.1" 404 1181 "-" "Java/1.7.0_05"
80.99.40.218 - - [25/Jul/2012:04:36:05 +0200] "GET /&url=adomanyi.htm HTTP/1.1" 404 1181 "-" "Java/1.7.0_05"
80.99.40.218 - - [25/Jul/2012:04:36:14 +0200] "GET /bunt.htm HTTP/1.1" 200 5683 "-" "Java/1.7.0_05"
80.99.40.218 - - [25/Jul/2012:04:36:22 +0200] "GET /civilmuhely.htm HTTP/1.1" 200 8450 "-" "Java/1.7.0_05"
80.99.40.218 - - [25/Jul/2012:04:36:30 +0200] "GET /khb.htm HTTP/1.1" 200 8719 "-" "Java/1.7.0_05"
80.99.40.218 - - [25/Jul/2012:04:36:37 +0200] "GET /nca.htm HTTP/1.1" 200 7467 "-" "Java/1.7.0_05"
80.99.40.218 - - [25/Jul/2012:04:36:45 +0200] "GET /ncta.htm HTTP/1.1" 200 7221 "-" "Java/1.7.0_05"
80.99.40.218 - - [25/Jul/2012:04:36:53 +0200] "GET /nka.htm HTTP/1.1" 200 6221 "-" "Java/1.7.0_05"
80.99.40.218 - - [25/Jul/2012:04:36:54 +0200] "GET /szakmai.htm HTTP/1.1" 200 6054 "-" "Java/1.7.0_05"
80.99.40.218 - - [25/Jul/2012:04:37:01 +0200] "GET /ncta_a.htm HTTP/1.1" 200 7260 "-" "Java/1.7.0_05"
80.99.40.218 - - [25/Jul/2012:04:37:08 +0200] "GET /&url=civilmuhely.htm HTTP/1.1" 404 1181 "-" "Java/1.7.0_05"
80.99.40.218 - - [25/Jul/2012:04:37:08 +0200] "GET /&url=magunkrol.htm HTTP/1.1" 404 1181 "-" "Java/1.7.0_05"
80.99.40.218 - - [25/Jul/2012:04:37:10 +0200] "GET /nca04.htm HTTP/1.1" 200 16378 "-" "Java/1.7.0_05"
80.99.40.218 - - [25/Jul/2012:04:37:18 +0200] "GET /nca05.htm HTTP/1.1" 200 16412 "-" "Java/1.7.0_05"
80.99.40.218 - - [25/Jul/2012:04:37:26 +0200] "GET /nca06.htm HTTP/1.1" 200 19034 "-" "Java/1.7.0_05"
80.99.40.218 - - [25/Jul/2012:04:37:32 +0200] "GET /nca07.htm HTTP/1.1" 200 21968 "-" "Java/1.7.0_05"
80.99.40.218 - - [25/Jul/2012:04:37:40 +0200] "GET /nca08.htm HTTP/1.1" 200 21795 "-" "Java/1.7.0_05"
80.99.40.218 - - [25/Jul/2012:04:37:47 +0200] "GET /nca09.htm HTTP/1.1" 200 24315 "-" "Java/1.7.0_05"
80.99.40.218 - - [25/Jul/2012:04:37:47 +0200] "GET /nca10.htm HTTP/1.1" 200 16648 "-" "Java/1.7.0_05"
66.249.72.58 - - [25/Jul/2012:06:57:15 +0200] "GET /jog/eseteink/dakar/dakar_0804_kdvktvf_engedely.pdf HTTP/1.1" 200 7453005 "-" "Mozilla/5.0 (compatible; Googlebot/2.1; +http://www.google.com/bot.html)"
208.115.113.84 - - [25/Jul/2012:07:32:43 +0200] "GET /robots.txt HTTP/1.1" 404 1181 "-" "Mozilla/5.0 (compatible; Ezooms/1.0; ezooms.bot@gmail.com)"
208.115.113.84 - - [25/Jul/2012:09:14:02 +0200] "GET /civilmuhely.htm HTTP/1.1" 200 8450 "-" "Mozilla/5.0 (compatible; Ezooms/1.0; ezooms.bot@gmail.com)"
66.249.72.170 - - [25/Jul/2012:11:20:33 +0200] "GET /robots.txt HTTP/1.1" 404 1181 "-" "Mozilla/5.0 (compatible; Googlebot/2.1; +http://www.google.com/bot.html)"
66.249.72.170 - - [25/Jul/2012:11:20:33 +0200] "GET / HTTP/1.1" 200 23778 "-" "Mozilla/5.0 (compatible; Googlebot/2.1; +http://www.google.com/bot.html)"
66.249.72.58 - - [25/Jul/2012:11:23:39 +0200] "GET /media.htm HTTP/1.1" 200 5208 "-" "Mozilla/5.0 (compatible; Googlebot/2.1; +http://www.google.com/bot.html)"
67.195.112.162 - - [25/Jul/2012:12:42:23 +0200] "GET /robots.txt HTTP/1.0" 404 1181 "-" "Mozilla/5.0 (compatible; Yahoo! Slurp; http://help.yahoo.com/help/us/ysearch/slurp)"
67.195.112.162 - - [25/Jul/2012:12:42:23 +0200] "GET /fiok/ HTTP/1.0" 304 - "-" "Mozilla/5.0 (compatible; Yahoo! Slurp; http://help.yahoo.com/help/us/ysearch/slurp)"
67.195.112.162 - - [25/Jul/2012:12:42:26 +0200] "GET /fiok/css/lightbox.css HTTP/1.0" 304 - "http://www.beklen.hu/fiok/" "Mozilla/5.0 (compatible; Yahoo! Slurp; http://help.yahoo.com/help/us/ysearch/slurp)"
66.249.72.58 - - [25/Jul/2012:12:54:44 +0200] "GET /jog/eseteink/duzzaszto/gyulavari_kotelezes2.pdf HTTP/1.1" 200 68503 "-" "Mozilla/5.0 (compatible; Googlebot/2.1; +http://www.google.com/bot.html)"
65.52.110.143 - - [25/Jul/2012:13:21:58 +0200] "GET /robots.txt HTTP/1.1" 404 1181 "-" "Mozilla/5.0 (compatible; bingbot/2.0; +http://www.bing.com/bingbot.htm)"
208.115.113.84 - - [25/Jul/2012:13:32:55 +0200] "GET /robots.txt HTTP/1.1" 404 1181 "-" "Mozilla/5.0 (compatible; Ezooms/1.0; ezooms.bot@gmail.com)"
65.52.110.143 - - [25/Jul/2012:13:42:52 +0200] "GET /hirarchivum.htm HTTP/1.1" 304 - "-" "Mozilla/5.0 (compatible; bingbot/2.0; +http://www.bing.com/bingbot.htm)"
66.249.72.58 - - [25/Jul/2012:13:54:22 +0200] "GET /jog/pub/fuzet_beliv_jav2angol.pdf HTTP/1.1" 200 811793 "-" "Mozilla/5.0 (compatible; Googlebot/2.1; +http://www.google.com/bot.html)"
208.115.113.84 - - [25/Jul/2012:14:53:39 +0200] "GET /robots.txt HTTP/1.1" 404 1181 "-" "Mozilla/5.0 (compatible; Ezooms/1.0; ezooms.bot@gmail.com)"
66.249.72.58 - - [25/Jul/2012:16:25:28 +0200] "GET /robots.txt HTTP/1.1" 404 1181 "-" "Mozilla/5.0 (compatible; Googlebot/2.1; +http://www.google.com/bot.html)"
66.249.72.58 - - [25/Jul/2012:16:25:29 +0200] "GET /hirek08_12.htm HTTP/1.1" 200 8268 "-" "Mozilla/5.0 (compatible; Googlebot/2.1; +http://www.google.com/bot.html)"
208.115.113.84 - - [25/Jul/2012:16:33:26 +0200] "GET /civilmuhely.htm HTTP/1.1" 200 8450 "-" "Mozilla/5.0 (compatible; Ezooms/1.0; ezooms.bot@gmail.com)"
66.249.66.84 - - [25/Jul/2012:18:18:46 +0200] "GET /tm01.jpg HTTP/1.1" 200 1080 "-" "Mozilla/5.0 (compatible; Googlebot/2.1; +http://www.google.com/bot.html)"
66.249.66.84 - - [25/Jul/2012:18:18:48 +0200] "GET /tm02.jpg HTTP/1.1" 200 1873 "-" "Mozilla/5.0 (compatible; Googlebot/2.1; +http://www.google.com/bot.html)"
66.249.66.84 - - [25/Jul/2012:18:18:51 +0200] "GET /tm05_.jpg HTTP/1.1" 200 1839 "-" "Mozilla/5.0 (compatible; Googlebot/2.1; +http://www.google.com/bot.html)"
66.249.66.84 - - [25/Jul/2012:18:18:51 +0200] "GET /tm06_.jpg HTTP/1.1" 200 1382 "-" "Mozilla/5.0 (compatible; Googlebot/2.1; +http://www.google.com/bot.html)"
66.249.66.84 - - [25/Jul/2012:18:18:53 +0200] "GET /tm04.jpg HTTP/1.1" 200 2613 "-" "Mozilla/5.0 (compatible; Googlebot/2.1; +http://www.google.com/bot.html)"
66.249.72.58 - - [25/Jul/2012:18:18:54 +0200] "GET /tm06.jpg HTTP/1.1" 200 1651 "-" "Mozilla/5.0 (compatible; Googlebot/2.1; +http://www.google.com/bot.html)"
66.249.72.58 - - [25/Jul/2012:18:18:55 +0200] "GET /tm03_.jpg HTTP/1.1" 200 1787 "-" "Mozilla/5.0 (compatible; Googlebot/2.1; +http://www.google.com/bot.html)"
66.249.66.84 - - [25/Jul/2012:18:18:55 +0200] "GET /tm07.jpg HTTP/1.1" 200 1007 "-" "Mozilla/5.0 (compatible; Googlebot/2.1; +http://www.google.com/bot.html)"
66.249.66.84 - - [25/Jul/2012:18:18:56 +0200] "GET /bg.jpg HTTP/1.1" 200 566 "-" "Mozilla/5.0 (compatible; Googlebot/2.1; +http://www.google.com/bot.html)"
208.115.113.84 - - [25/Jul/2012:18:20:03 +0200] "GET /robots.txt HTTP/1.1" 404 1181 "-" "Mozilla/5.0 (compatible; Ezooms/1.0; ezooms.bot@gmail.com)"
66.249.66.84 - - [25/Jul/2012:19:18:36 +0200] "GET /jog/eseteink/audi/index.htm HTTP/1.1" 200 15938 "-" "Mozilla/5.0 (compatible; Googlebot/2.1; +http://www.google.com/bot.html)"
66.249.72.58 - - [25/Jul/2012:19:26:35 +0200] "GET /jog/eseteink/audi/audi%20-%20natura%202000_.jpg HTTP/1.1" 200 4882 "-" "Mozilla/5.0 (compatible; Googlebot/2.1; +http://www.google.com/bot.html)"
207.46.204.233 - - [25/Jul/2012:19:43:49 +0200] "GET /robots.txt HTTP/1.1" 404 1181 "-" "Mozilla/5.0 (compatible; bingbot/2.0; +http://www.bing.com/bingbot.htm)"
208.115.113.84 - - [25/Jul/2012:20:01:26 +0200] "GET /hirek/hirek090302.htm HTTP/1.1" 200 8452 "-" "Mozilla/5.0 (compatible; Ezooms/1.0; ezooms.bot@gmail.com)"
208.115.113.84 - - [25/Jul/2012:20:01:36 +0200] "GET /jog/ugyeszsegek.htm HTTP/1.1" 200 13810 "-" "Mozilla/5.0 (compatible; Ezooms/1.0; ezooms.bot@gmail.com)"
188.165.248.204 - - [25/Jul/2012:20:54:37 +0200] "GET /robots.txt HTTP/1.0" 404 1181 "-" "Mozilla/5.0 (compatible; MJ12bot/v1.4.3; http://www.majestic12.co.uk/bot.php?+)"
188.165.248.204 - - [25/Jul/2012:20:54:38 +0200] "GET / HTTP/1.0" 200 23778 "-" "Mozilla/5.0 (compatible; MJ12bot/v1.4.3; http://www.majestic12.co.uk/bot.php?+)"
66.249.66.84 - - [25/Jul/2012:21:16:43 +0200] "GET /magunkrol.htm HTTP/1.1" 304 - "-" "Mozilla/5.0 (iPhone; U; CPU iPhone OS 4_1 like Mac OS X; en-us) AppleWebKit/532.9 (KHTML, like Gecko) Version/4.0.5 Mobile/8B117 Safari/6531.22.7 (compatible; Googlebot-Mobile/2.1; +http://www.google.com/bot.html)"
208.115.111.68 - - [25/Jul/2012:21:54:22 +0200] "GET /robots.txt HTTP/1.1" 404 1181 "-" "Mozilla/5.0 (compatible; Ezooms/1.0; ezooms.bot@gmail.com)"
207.46.204.233 - - [25/Jul/2012:22:52:02 +0200] "GET / HTTP/1.1" 200 23778 "-" "Mozilla/5.0 (compatible; bingbot/2.0; +http://www.bing.com/bingbot.htm)"
208.115.111.68 - - [26/Jul/2012:00:01:44 +0200] "GET /jog/tapasztalatszerzok.htm HTTP/1.1" 200 12148 "-" "Mozilla/5.0 (compatible; Ezooms/1.0; ezooms.bot@gmail.com)"
208.115.111.68 - - [26/Jul/2012:00:01:46 +0200] "GET /jog/tippek.htm HTTP/1.1" 200 13697 "-" "Mozilla/5.0 (compatible; Ezooms/1.0; ezooms.bot@gmail.com)"
83.149.126.98 - - [26/Jul/2012:00:23:50 +0200] "GET /robots.txt HTTP/1.0" 404 1181 "-" "Mozilla/5.0 (compatible; MJ12bot/v1.4.3; http://www.majestic12.co.uk/bot.php?+)"
83.149.126.98 - - [26/Jul/2012:00:23:52 +0200] "GET /fiok/program_reszek/csaladbarat.htm HTTP/1.0" 200 20928 "-" "Mozilla/5.0 (compatible; MJ12bot/v1.4.3; http://www.majestic12.co.uk/bot.php?+)"
83.149.126.98 - - [26/Jul/2012:00:23:54 +0200] "GET /fiok/program_reszek/erdei_iskola.htm HTTP/1.0" 200 21601 "-" "Mozilla/5.0 (compatible; MJ12bot/v1.4.3; http://www.majestic12.co.uk/bot.php?+)"
83.149.126.98 - - [26/Jul/2012:00:23:56 +0200] "GET /fiok/program_reszek/konferancia.htm HTTP/1.0" 200 21668 "-" "Mozilla/5.0 (compatible; MJ12bot/v1.4.3; http://www.majestic12.co.uk/bot.php?+)"
83.149.126.98 - - [26/Jul/2012:00:23:57 +0200] "GET /fiok/program_reszek/lovaglas.htm HTTP/1.0" 200 21486 "-" "Mozilla/5.0 (compatible; MJ12bot/v1.4.3; http://www.majestic12.co.uk/bot.php?+)"
83.149.126.98 - - [26/Jul/2012:00:23:59 +0200] "GET /fiok/program_reszek/madarmegfigyeles.htm HTTP/1.0" 200 21825 "-" "Mozilla/5.0 (compatible; MJ12bot/v1.4.3; http://www.majestic12.co.uk/bot.php?+)"
83.149.126.98 - - [26/Jul/2012:00:24:01 +0200] "GET /fiok/program_reszek/taborok.htm HTTP/1.0" 200 23942 "-" "Mozilla/5.0 (compatible; MJ12bot/v1.4.3; http://www.majestic12.co.uk/bot.php?+)"
83.149.126.98 - - [26/Jul/2012:00:24:02 +0200] "GET /fiok/program_reszek/turazas.htm HTTP/1.0" 200 22754 "-" "Mozilla/5.0 (compatible; MJ12bot/v1.4.3; http://www.majestic12.co.uk/bot.php?+)"
83.149.126.98 - - [26/Jul/2012:00:24:04 +0200] "GET /kiadvanyok.htm HTTP/1.0" 200 8206 "-" "Mozilla/5.0 (compatible; MJ12bot/v1.4.3; http://www.majestic12.co.uk/bot.php?+)"
83.149.126.98 - - [26/Jul/2012:00:24:07 +0200] "GET /nca04.htm HTTP/1.0" 200 16378 "-" "Mozilla/5.0 (compatible; MJ12bot/v1.4.3; http://www.majestic12.co.uk/bot.php?+)"
83.149.126.98 - - [26/Jul/2012:00:24:08 +0200] "GET /nca05.htm HTTP/1.0" 200 16412 "-" "Mozilla/5.0 (compatible; MJ12bot/v1.4.3; http://www.majestic12.co.uk/bot.php?+)"
83.149.126.98 - - [26/Jul/2012:00:24:10 +0200] "GET /nca06.htm HTTP/1.0" 200 19034 "-" "Mozilla/5.0 (compatible; MJ12bot/v1.4.3; http://www.majestic12.co.uk/bot.php?+)"
83.149.126.98 - - [26/Jul/2012:00:24:13 +0200] "GET /nca07.htm HTTP/1.0" 200 21968 "-" "Mozilla/5.0 (compatible; MJ12bot/v1.4.3; http://www.majestic12.co.uk/bot.php?+)"
83.149.126.98 - - [26/Jul/2012:00:24:15 +0200] "GET /nca08.htm HTTP/1.0" 200 21795 "-" "Mozilla/5.0 (compatible; MJ12bot/v1.4.3; http://www.majestic12.co.uk/bot.php?+)"
83.149.126.98 - - [26/Jul/2012:00:24:16 +0200] "GET /nca09.htm HTTP/1.0" 200 24315 "-" "Mozilla/5.0 (compatible; MJ12bot/v1.4.3; http://www.majestic12.co.uk/bot.php?+)"
83.149.126.98 - - [26/Jul/2012:00:24:18 +0200] "GET /nca10.htm HTTP/1.0" 200 16648 "-" "Mozilla/5.0 (compatible; MJ12bot/v1.4.3; http://www.majestic12.co.uk/bot.php?+)"
83.149.126.98 - - [26/Jul/2012:00:24:19 +0200] "GET /nca11.htm HTTP/1.0" 200 7133 "-" "Mozilla/5.0 (compatible; MJ12bot/v1.4.3; http://www.majestic12.co.uk/bot.php?+)"
83.149.126.98 - - [26/Jul/2012:00:24:21 +0200] "GET /ncta_a.htm HTTP/1.0" 200 7260 "-" "Mozilla/5.0 (compatible; MJ12bot/v1.4.3; http://www.majestic12.co.uk/bot.php?+)"
46.229.160.208 - - [26/Jul/2012:00:30:27 +0200] "GET /khb/beklen_2008_kh_jelentes.pdf HTTP/1.1" 200 15577 "-" "Mozilla/4.0 (compatible; MSIE 7.0; Windows NT 6.0; SLCC1; .NET CLR 2.0.50727; Media Center PC 5.0; .NET CLR 3.0.04506)"
208.115.113.84 - - [26/Jul/2012:00:38:49 +0200] "GET /robots.txt HTTP/1.1" 404 1181 "-" "Mozilla/5.0 (compatible; Ezooms/1.0; ezooms.bot@gmail.com)"
66.249.66.84 - - [26/Jul/2012:01:04:31 +0200] "GET /kapcsolat.htm HTTP/1.1" 304 - "-" "Mozilla/5.0 (iPhone; U; CPU iPhone OS 4_1 like Mac OS X; en-us) AppleWebKit/532.9 (KHTML, like Gecko) Version/4.0.5 Mobile/8B117 Safari/6531.22.7 (compatible; Googlebot-Mobile/2.1; +http://www.google.com/bot.html)"
207.46.199.45 - - [26/Jul/2012:01:40:19 +0200] "GET /robots.txt HTTP/1.1" 404 1181 "-" "Mozilla/5.0 (compatible; bingbot/2.0; +http://www.bing.com/bingbot.htm)"
95.108.158.242 - - [26/Jul/2012:01:41:03 +0200] "GET /robots.txt HTTP/1.1" 404 1181 "-" "Mozilla/5.0 (compatible; YandexImages/3.0; +http://yandex.com/bots)"
207.46.199.45 - - [26/Jul/2012:01:41:09 +0200] "GET /fiok/ HTTP/1.1" 200 20554 "-" "Mozilla/5.0 (compatible; bingbot/2.0; +http://www.bing.com/bingbot.htm)"
208.115.113.84 - - [26/Jul/2012:01:43:40 +0200] "GET /jog/eseteink/audi/index.htm HTTP/1.1" 200 15938 "-" "Mozilla/5.0 (compatible; Ezooms/1.0; ezooms.bot@gmail.com)"
180.76.5.145 - - [26/Jul/2012:02:50:14 +0200] "GET /robots.txt HTTP/1.1" 404 1181 "-" "Mozilla/5.0 (compatible; Baiduspider/2.0; +http://www.baidu.com/search/spider.html)"
208.115.113.84 - - [26/Jul/2012:03:55:27 +0200] "GET /robots.txt HTTP/1.1" 404 1181 "-" "Mozilla/5.0 (compatible; Ezooms/1.0; ezooms.bot@gmail.com)"
208.115.113.84 - - [26/Jul/2012:04:09:21 +0200] "GET / HTTP/1.1" 200 23778 "-" "Mozilla/5.0 (compatible; Ezooms/1.0; ezooms.bot@gmail.com)"
208.115.111.68 - - [26/Jul/2012:04:48:24 +0200] "GET /robots.txt HTTP/1.1" 404 1181 "-" "Mozilla/5.0 (compatible; Ezooms/1.0; ezooms.bot@gmail.com)"
208.115.113.84 - - [26/Jul/2012:05:11:23 +0200] "GET /robots.txt HTTP/1.1" 404 1181 "-" "Mozilla/5.0 (compatible; Ezooms/1.0; ezooms.bot@gmail.com)"
208.115.113.84 - - [26/Jul/2012:05:26:30 +0200] "GET / HTTP/1.1" 200 23778 "-" "Mozilla/5.0 (compatible; Ezooms/1.0; ezooms.bot@gmail.com)"
66.249.66.84 - - [26/Jul/2012:05:44:23 +0200] "GET /robots.txt HTTP/1.1" 404 1181 "-" "Mozilla/5.0 (compatible; Googlebot/2.1; +http://www.google.com/bot.html)"
66.249.66.84 - - [26/Jul/2012:05:44:23 +0200] "GET /hirek/hirek100225.htm HTTP/1.1" 200 7288 "-" "Mozilla/5.0 (iPhone; U; CPU iPhone OS 4_1 like Mac OS X; en-us) AppleWebKit/532.9 (KHTML, like Gecko) Version/4.0.5 Mobile/8B117 Safari/6531.22.7 (compatible; Googlebot-Mobile/2.1; +http://www.google.com/bot.html)"
95.108.158.242 - - [26/Jul/2012:06:40:48 +0200] "GET /fiok/images/index_15_15.JPG HTTP/1.1" 200 20275 "-" "Mozilla/5.0 (compatible; YandexImages/3.0; +http://yandex.com/bots)"
208.115.111.68 - - [26/Jul/2012:06:43:49 +0200] "GET /hirek/hirek120120.htm HTTP/1.1" 200 6634 "-" "Mozilla/5.0 (compatible; Ezooms/1.0; ezooms.bot@gmail.com)"
208.115.111.68 - - [26/Jul/2012:06:43:50 +0200] "GET /jog/eseteink/malom/index.htm HTTP/1.1" 200 17507 "-" "Mozilla/5.0 (compatible; Ezooms/1.0; ezooms.bot@gmail.com)"
178.154.210.252 - - [26/Jul/2012:07:16:11 +0200] "GET /robots.txt HTTP/1.1" 404 1181 "-" "Mozilla/5.0 (compatible; YandexBot/3.0; +http://yandex.com/bots)"
178.154.210.252 - - [26/Jul/2012:07:16:14 +0200] "GET /szakmai.htm HTTP/1.1" 304 - "-" "Mozilla/5.0 (compatible; YandexBot/3.0; +http://yandex.com/bots)"
66.249.72.58 - - [26/Jul/2012:11:02:33 +0200] "GET /jog/eseteink/korosladany/srbvadi_srb.pdf HTTP/1.1" 304 - "-" "Mozilla/5.0 (compatible; Googlebot/2.1; +http://www.google.com/bot.html)"
208.115.113.84 - - [26/Jul/2012:11:22:33 +0200] "GET /robots.txt HTTP/1.1" 404 1181 "-" "Mozilla/5.0 (compatible; Ezooms/1.0; ezooms.bot@gmail.com)"
208.115.113.84 - - [26/Jul/2012:11:31:17 +0200] "GET /fiok/ HTTP/1.1" 200 20554 "-" "Mozilla/5.0 (compatible; Ezooms/1.0; ezooms.bot@gmail.com)"
66.249.66.84 - - [26/Jul/2012:11:58:03 +0200] "GET /jog/eseteink/malom/fellebbezes_hatarnap.pdf HTTP/1.1" 200 156928 "-" "Mozilla/5.0 (compatible; Googlebot/2.1; +http://www.google.com/bot.html)"
95.108.158.242 - - [26/Jul/2012:12:39:15 +0200] "GET /fiok/images/index_14_14.JPG HTTP/1.1" 200 9305 "-" "Mozilla/5.0 (compatible; YandexImages/3.0; +http://yandex.com/bots)"
208.115.113.84 - - [26/Jul/2012:13:02:37 +0200] "GET /deutsch/stellen.htm HTTP/1.1" 200 6824 "-" "Mozilla/5.0 (compatible; Ezooms/1.0; ezooms.bot@gmail.com)"
66.249.66.84 - - [26/Jul/2012:13:44:29 +0200] "GET /jog/eseteink/kavicszatony/mura_fellebbezes1.pdf HTTP/1.1" 200 213658 "-" "Mozilla/5.0 (compatible; Googlebot/2.1; +http://www.google.com/bot.html)"
207.46.204.233 - - [26/Jul/2012:14:45:02 +0200] "GET /robots.txt HTTP/1.1" 404 1181 "-" "Mozilla/5.0 (compatible; bingbot/2.0; +http://www.bing.com/bingbot.htm)"
207.46.204.233 - - [26/Jul/2012:14:45:58 +0200] "GET / HTTP/1.1" 304 - "-" "Mozilla/5.0 (compatible; bingbot/2.0; +http://www.bing.com/bingbot.htm)"
95.108.158.242 - - [26/Jul/2012:18:21:57 +0200] "GET /images/nca_logo.jpg HTTP/1.1" 200 4244 "-" "Mozilla/5.0 (compatible; YandexImages/3.0; +http://yandex.com/bots)"
178.255.215.69 - - [26/Jul/2012:18:44:50 +0200] "GET /robots.txt HTTP/1.1" 404 1181 "-" "Mozilla/5.0 (compatible; Exabot/3.0; +http://www.exabot.com/go/robot)"
178.255.215.69 - - [26/Jul/2012:18:44:51 +0200] "GET /hirek/hirek120207.htm HTTP/1.1" 200 6586 "-" "Mozilla/5.0 (compatible; Exabot/3.0; +http://www.exabot.com/go/robot)"
208.115.113.84 - - [26/Jul/2012:18:57:36 +0200] "GET /robots.txt HTTP/1.1" 404 1181 "-" "Mozilla/5.0 (compatible; Ezooms/1.0; ezooms.bot@gmail.com)"
139.18.2.209 - - [26/Jul/2012:20:23:10 +0200] "GET /robots.txt HTTP/1.1" 404 1181 "-" "findlinks/2.6 (+http://wortschatz.uni-leipzig.de/findlinks/)"
178.154.210.252 - - [26/Jul/2012:20:28:13 +0200] "GET /index.htm HTTP/1.1" 200 23778 "-" "Mozilla/5.0 (compatible; YandexBot/3.0; +http://yandex.com/bots)"
208.115.113.84 - - [26/Jul/2012:20:39:04 +0200] "GET /fiok/program_reszek/turazas.htm HTTP/1.1" 200 22754 "-" "Mozilla/5.0 (compatible; Ezooms/1.0; ezooms.bot@gmail.com)"
66.249.66.84 - - [26/Jul/2012:20:46:10 +0200] "GET /robots.txt HTTP/1.1" 404 1181 "-" "Mozilla/5.0 (compatible; Googlebot/2.1; +http://www.google.com/bot.html)"
66.249.66.84 - - [26/Jul/2012:20:46:10 +0200] "GET /hirek/hirek100305.htm HTTP/1.1" 200 7091 "-" "Mozilla/5.0 (iPhone; U; CPU iPhone OS 4_1 like Mac OS X; en-us) AppleWebKit/532.9 (KHTML, like Gecko) Version/4.0.5 Mobile/8B117 Safari/6531.22.7 (compatible; Googlebot-Mobile/2.1; +http://www.google.com/bot.html)"
95.108.158.242 - - [26/Jul/2012:21:08:02 +0200] "GET /nimfea_project_250x250.gif HTTP/1.1" 200 2986583 "-" "Mozilla/5.0 (compatible; YandexImages/3.0; +http://yandex.com/bots)"
66.249.66.203 - - [27/Jul/2012:02:30:37 +0200] "GET /robots.txt HTTP/1.1" 404 1181 "-" "Mozilla/5.0 (compatible; Googlebot/2.1; +http://www.google.com/bot.html)"
66.249.66.203 - - [27/Jul/2012:02:30:37 +0200] "GET /jog/jogszabalyok/kornyezetvedelmi_torveny.pdf HTTP/1.1" 304 - "-" "Mozilla/5.0 (compatible; Googlebot/2.1; +http://www.google.com/bot.html)"
66.249.66.84 - - [27/Jul/2012:03:25:26 +0200] "GET /robots.txt HTTP/1.1" 404 1181 "-" "Mozilla/5.0 (compatible; Googlebot/2.1; +http://www.google.com/bot.html)"
66.249.66.84 - - [27/Jul/2012:03:25:26 +0200] "GET /jog/jogszabalyok/termeszetvedelmi_torveny.pdf HTTP/1.1" 200 470027 "-" "Mozilla/5.0 (compatible; Googlebot/2.1; +http://www.google.com/bot.html)"
208.115.113.84 - - [27/Jul/2012:06:21:12 +0200] "GET /robots.txt HTTP/1.1" 404 1181 "-" "Mozilla/5.0 (compatible; Ezooms/1.0; ezooms.bot@gmail.com)"
66.249.66.84 - - [27/Jul/2012:06:59:37 +0200] "GET /hirek/klimatv_civilcikk.doc HTTP/1.1" 304 - "-" "Mozilla/5.0 (compatible; Googlebot/2.1; +http://www.google.com/bot.html)"
208.115.113.84 - - [27/Jul/2012:08:07:26 +0200] "GET /jog/eseteink/dakar/index.htm HTTP/1.1" 200 10482 "-" "Mozilla/5.0 (compatible; Ezooms/1.0; ezooms.bot@gmail.com)"
208.115.111.68 - - [27/Jul/2012:11:01:34 +0200] "GET /robots.txt HTTP/1.1" 404 1181 "-" "Mozilla/5.0 (compatible; Ezooms/1.0; ezooms.bot@gmail.com)"
208.115.113.84 - - [27/Jul/2012:11:43:50 +0200] "GET /robots.txt HTTP/1.1" 404 1181 "-" "Mozilla/5.0 (compatible; Ezooms/1.0; ezooms.bot@gmail.com)"
66.249.72.58 - - [27/Jul/2012:12:26:03 +0200] "GET / HTTP/1.1" 200 23778 "-" "Mozilla/5.0 (compatible; Googlebot/2.1; +http://www.google.com/bot.html)"
208.115.111.68 - - [27/Jul/2012:12:56:32 +0200] "GET /deutsch/programme.htm HTTP/1.1" 200 6045 "-" "Mozilla/5.0 (compatible; Ezooms/1.0; ezooms.bot@gmail.com)"
208.115.113.84 - - [27/Jul/2012:13:07:35 +0200] "GET /hirek/hirek091221.htm HTTP/1.1" 200 6740 "-" "Mozilla/5.0 (compatible; Ezooms/1.0; ezooms.bot@gmail.com)"
66.249.66.84 - - [27/Jul/2012:13:32:31 +0200] "GET /hirek/Microsoft%20Word%20-%20csongradi%20duzzaszto%20velemeny%202009.06.11..doc.pdf HTTP/1.1" 304 - "-" "Mozilla/5.0 (compatible; Googlebot/2.1; +http://www.google.com/bot.html)"
89.134.100.36 - - [27/Jul/2012:14:28:04 +0200] "GET / HTTP/1.1" 200 23778 "-" "Java/1.6.0_21"
89.134.100.36 - - [27/Jul/2012:14:28:05 +0200] "GET /hirarchivum.htm HTTP/1.1" 200 24981 "-" "Java/1.6.0_21"
89.134.100.36 - - [27/Jul/2012:14:28:05 +0200] "GET /index.htm HTTP/1.1" 200 23778 "-" "Java/1.6.0_21"
89.134.100.36 - - [27/Jul/2012:14:28:05 +0200] "GET /kapcsolat.htm HTTP/1.1" 200 6889 "-" "Java/1.6.0_21"
89.134.100.36 - - [27/Jul/2012:14:28:05 +0200] "GET /magunkrol.htm HTTP/1.1" 200 9202 "-" "Java/1.6.0_21"
89.134.100.36 - - [27/Jul/2012:14:28:06 +0200] "GET /media.htm HTTP/1.1" 200 5208 "-" "Java/1.6.0_21"
89.134.100.36 - - [27/Jul/2012:14:28:06 +0200] "GET /programok.htm HTTP/1.1" 200 6444 "-" "Java/1.6.0_21"
89.134.100.36 - - [27/Jul/2012:14:28:06 +0200] "GET /vill.cs HTTP/1.1" 200 2676 "-" "Java/1.6.0_21"
89.134.100.36 - - [27/Jul/2012:14:28:07 +0200] "GET /hirek08_10.htm HTTP/1.1" 200 6946 "-" "Java/1.6.0_21"
89.134.100.36 - - [27/Jul/2012:14:28:07 +0200] "GET /hirek08_11.htm HTTP/1.1" 200 7253 "-" "Java/1.6.0_21"
89.134.100.36 - - [27/Jul/2012:14:28:07 +0200] "GET /hirek08_12.htm HTTP/1.1" 200 8268 "-" "Java/1.6.0_21"
89.134.100.36 - - [27/Jul/2012:14:28:07 +0200] "GET /hirek09_01.htm HTTP/1.1" 200 6841 "-" "Java/1.6.0_21"
89.134.100.36 - - [27/Jul/2012:14:28:08 +0200] "GET /hirek09_02.htm HTTP/1.1" 200 7450 "-" "Java/1.6.0_21"
89.134.100.36 - - [27/Jul/2012:14:28:08 +0200] "GET /hirek09_03.htm HTTP/1.1" 200 10726 "-" "Java/1.6.0_21"
89.134.100.36 - - [27/Jul/2012:14:28:08 +0200] "GET /&url=kapcsolat.htm HTTP/1.1" 404 1181 "-" "Java/1.6.0_21"
89.134.100.36 - - [27/Jul/2012:14:28:08 +0200] "GET /&url=programok.htm HTTP/1.1" 404 1181 "-" "Java/1.6.0_21"
89.134.100.36 - - [27/Jul/2012:14:28:09 +0200] "GET /&url=adomanyi.htm HTTP/1.1" 404 1181 "-" "Java/1.6.0_21"
89.134.100.36 - - [27/Jul/2012:14:28:09 +0200] "GET /bunt.htm HTTP/1.1" 200 5683 "-" "Java/1.6.0_21"
89.134.100.36 - - [27/Jul/2012:14:28:09 +0200] "GET /civilmuhely.htm HTTP/1.1" 200 8450 "-" "Java/1.6.0_21"
89.134.100.36 - - [27/Jul/2012:14:28:10 +0200] "GET /khb.htm HTTP/1.1" 200 8719 "-" "Java/1.6.0_21"
89.134.100.36 - - [27/Jul/2012:14:28:11 +0200] "GET /nca.htm HTTP/1.1" 200 7467 "-" "Java/1.6.0_21"
89.134.100.36 - - [27/Jul/2012:14:28:11 +0200] "GET /ncta.htm HTTP/1.1" 200 7221 "-" "Java/1.6.0_21"
89.134.100.36 - - [27/Jul/2012:14:28:11 +0200] "GET /nka.htm HTTP/1.1" 200 6221 "-" "Java/1.6.0_21"
89.134.100.36 - - [27/Jul/2012:14:28:11 +0200] "GET /szakmai.htm HTTP/1.1" 200 6054 "-" "Java/1.6.0_21"
89.134.100.36 - - [27/Jul/2012:14:28:12 +0200] "GET /ncta_a.htm HTTP/1.1" 200 7260 "-" "Java/1.6.0_21"
89.134.100.36 - - [27/Jul/2012:14:28:12 +0200] "GET /&url=civilmuhely.htm HTTP/1.1" 404 1181 "-" "Java/1.6.0_21"
89.134.100.36 - - [27/Jul/2012:14:28:13 +0200] "GET /&url=magunkrol.htm HTTP/1.1" 404 1181 "-" "Java/1.6.0_21"
89.134.100.36 - - [27/Jul/2012:14:28:13 +0200] "GET /nca04.htm HTTP/1.1" 200 16378 "-" "Java/1.6.0_21"
89.134.100.36 - - [27/Jul/2012:14:28:13 +0200] "GET /nca05.htm HTTP/1.1" 200 16412 "-" "Java/1.6.0_21"
89.134.100.36 - - [27/Jul/2012:14:28:13 +0200] "GET /nca06.htm HTTP/1.1" 200 19034 "-" "Java/1.6.0_21"
89.134.100.36 - - [27/Jul/2012:14:28:18 +0200] "GET /nca07.htm HTTP/1.1" 200 21968 "-" "Java/1.6.0_21"
89.134.100.36 - - [27/Jul/2012:14:28:18 +0200] "GET /nca08.htm HTTP/1.1" 200 21795 "-" "Java/1.6.0_21"
89.134.100.36 - - [27/Jul/2012:14:28:18 +0200] "GET /nca09.htm HTTP/1.1" 200 24315 "-" "Java/1.6.0_21"
89.134.100.36 - - [27/Jul/2012:14:28:19 +0200] "GET /nca10.htm HTTP/1.1" 200 16648 "-" "Java/1.6.0_21"
89.134.100.36 - - [27/Jul/2012:14:28:19 +0200] "GET /nca11.htm HTTP/1.1" 200 7133 "-" "Java/1.6.0_21"
89.134.100.36 - - [27/Jul/2012:14:28:19 +0200] "GET /kiadvanyok.htm HTTP/1.1" 200 8206 "-" "Java/1.6.0_21"
89.134.100.36 - - [27/Jul/2012:14:28:19 +0200] "GET /deutsch/index.htm HTTP/1.1" 200 5324 "-" "Java/1.6.0_21"
89.134.100.36 - - [27/Jul/2012:14:28:19 +0200] "GET /english/index.htm HTTP/1.1" 200 5262 "-" "Java/1.6.0_21"
89.134.100.36 - - [27/Jul/2012:14:28:20 +0200] "GET /fiok/index.html HTTP/1.1" 200 20554 "-" "Java/1.6.0_21"
89.134.100.36 - - [27/Jul/2012:14:28:20 +0200] "GET /hirek/hirek091015.htm HTTP/1.1" 200 7046 "-" "Java/1.6.0_21"
89.134.100.36 - - [27/Jul/2012:14:28:20 +0200] "GET /hirek/hirek091102.htm HTTP/1.1" 200 8538 "-" "Java/1.6.0_21"
89.134.100.36 - - [27/Jul/2012:14:28:20 +0200] "GET /hirek/hirek091103.htm HTTP/1.1" 200 7301 "-" "Java/1.6.0_21"
89.134.100.36 - - [27/Jul/2012:14:28:20 +0200] "GET /hirek/hirek091221.htm HTTP/1.1" 200 6740 "-" "Java/1.6.0_21"
89.134.100.36 - - [27/Jul/2012:14:28:21 +0200] "GET /hirek/hirek100225.htm HTTP/1.1" 200 7288 "-" "Java/1.6.0_21"
89.134.100.36 - - [27/Jul/2012:14:28:21 +0200] "GET /hirek/hirek100305.htm HTTP/1.1" 200 7091 "-" "Java/1.6.0_21"
89.134.100.36 - - [27/Jul/2012:14:28:21 +0200] "GET /hirek/hirek100420.htm HTTP/1.1" 200 7914 "-" "Java/1.6.0_21"
89.134.100.36 - - [27/Jul/2012:14:28:21 +0200] "GET /hirek/hirek100728.htm HTTP/1.1" 200 7560 "-" "Java/1.6.0_21"
89.134.100.36 - - [27/Jul/2012:14:28:22 +0200] "GET /hirek/hirek100804.htm HTTP/1.1" 200 8056 "-" "Java/1.6.0_21"
89.134.100.36 - - [27/Jul/2012:14:28:22 +0200] "GET /hirek/hirek100810.htm HTTP/1.1" 200 8123 "-" "Java/1.6.0_21"
89.134.100.36 - - [27/Jul/2012:14:28:22 +0200] "GET /hirek/hirek101025.htm HTTP/1.1" 200 8786 "-" "Java/1.6.0_21"
89.134.100.36 - - [27/Jul/2012:14:28:22 +0200] "GET /hirek/hirek101027.htm HTTP/1.1" 200 9627 "-" "Java/1.6.0_21"
89.134.100.36 - - [27/Jul/2012:14:28:22 +0200] "GET /hirek/hirek101213.htm HTTP/1.1" 200 8671 "-" "Java/1.6.0_21"
89.134.100.36 - - [27/Jul/2012:14:28:22 +0200] "GET /hirek/hirek120120.htm HTTP/1.1" 200 6634 "-" "Java/1.6.0_21"
89.134.100.36 - - [27/Jul/2012:14:28:22 +0200] "GET /hirek/hirek120207.htm HTTP/1.1" 200 6586 "-" "Java/1.6.0_21"
89.134.100.36 - - [27/Jul/2012:14:28:23 +0200] "GET /jog HTTP/1.1" 301 311 "-" "Java/1.6.0_21"
89.134.100.36 - - [27/Jul/2012:14:28:23 +0200] "GET /jog/ HTTP/1.1" 200 13138 "-" "Java/1.6.0_21"
89.134.100.36 - - [27/Jul/2012:14:28:23 +0200] "GET /hirek/hirek08_10.htm HTTP/1.1" 200 7030 "-" "Java/1.6.0_21"
89.134.100.36 - - [27/Jul/2012:14:28:23 +0200] "GET /hirek/hirek08_11.htm HTTP/1.1" 200 7337 "-" "Java/1.6.0_21"
89.134.100.36 - - [27/Jul/2012:14:28:23 +0200] "GET /hirek/hirek08_12.htm HTTP/1.1" 200 8352 "-" "Java/1.6.0_21"
89.134.100.36 - - [27/Jul/2012:14:28:24 +0200] "GET /hirek/hirek090215.htm HTTP/1.1" 200 9398 "-" "Java/1.6.0_21"
89.134.100.36 - - [27/Jul/2012:14:28:24 +0200] "GET /hirek/hirek090301.htm HTTP/1.1" 200 7022 "-" "Java/1.6.0_21"
89.134.100.36 - - [27/Jul/2012:14:28:24 +0200] "GET /hirek/hirek090302.htm HTTP/1.1" 200 8452 "-" "Java/1.6.0_21"
89.134.100.36 - - [27/Jul/2012:14:28:24 +0200] "GET /hirek/hirek090303.htm HTTP/1.1" 200 7721 "-" "Java/1.6.0_21"
89.134.100.36 - - [27/Jul/2012:14:28:24 +0200] "GET /hirek/hirek090428.htm HTTP/1.1" 200 24808 "-" "Java/1.6.0_21"
89.134.100.36 - - [27/Jul/2012:14:28:25 +0200] "GET /hirek/hirek090509.htm HTTP/1.1" 200 7803 "-" "Java/1.6.0_21"
89.134.100.36 - - [27/Jul/2012:14:28:25 +0200] "GET /hirek/hirek090510.htm HTTP/1.1" 200 12743 "-" "Java/1.6.0_21"
89.134.100.36 - - [27/Jul/2012:14:28:26 +0200] "GET /hirek/hirek090602.htm HTTP/1.1" 200 7261 "-" "Java/1.6.0_21"
89.134.100.36 - - [27/Jul/2012:14:28:26 +0200] "GET /hirek/hirek090605.htm HTTP/1.1" 200 7994 "-" "Java/1.6.0_21"
89.134.100.36 - - [27/Jul/2012:14:28:26 +0200] "GET /hirek/hirek090619.htm HTTP/1.1" 200 7871 "-" "Java/1.6.0_21"
89.134.100.36 - - [27/Jul/2012:14:28:26 +0200] "GET /hirek/hirek090930.htm HTTP/1.1" 200 7044 "-" "Java/1.6.0_21"
89.134.100.36 - - [27/Jul/2012:14:28:26 +0200] "GET /hirek/hirek09_01.htm HTTP/1.1" 200 6925 "-" "Java/1.6.0_21"
89.134.100.36 - - [27/Jul/2012:14:28:27 +0200] "GET /hirek/hirek09_02.htm HTTP/1.1" 200 7534 "-" "Java/1.6.0_21"
89.134.100.36 - - [27/Jul/2012:14:28:27 +0200] "GET /hirek/hirek09_03.htm HTTP/1.1" 200 10810 "-" "Java/1.6.0_21"
89.134.100.36 - - [27/Jul/2012:14:28:27 +0200] "GET /jog/index.htm HTTP/1.1" 200 13138 "-" "Java/1.6.0_21"
89.134.100.36 - - [27/Jul/2012:14:28:28 +0200] "GET /deutsch/kontakt.htm HTTP/1.1" 200 4769 "-" "Java/1.6.0_21"
89.134.100.36 - - [27/Jul/2012:14:28:28 +0200] "GET /deutsch/programme.htm HTTP/1.1" 200 6045 "-" "Java/1.6.0_21"
89.134.100.36 - - [27/Jul/2012:14:28:29 +0200] "GET /deutsch/stellen.htm HTTP/1.1" 200 6824 "-" "Java/1.6.0_21"
89.134.100.36 - - [27/Jul/2012:14:28:29 +0200] "GET /english/contact.htm HTTP/1.1" 200 4601 "-" "Java/1.6.0_21"
89.134.100.36 - - [27/Jul/2012:14:28:29 +0200] "GET /english/introduction.htm HTTP/1.1" 200 6502 "-" "Java/1.6.0_21"
89.134.100.36 - - [27/Jul/2012:14:28:30 +0200] "GET /english/programs.htm HTTP/1.1" 200 5614 "-" "Java/1.6.0_21"
89.134.100.36 - - [27/Jul/2012:14:28:30 +0200] "GET /fiok/fiok.html HTTP/1.1" 200 20723 "-" "Java/1.6.0_21"
89.134.100.36 - - [27/Jul/2012:14:28:31 +0200] "GET /fiok/gazdasag.htm HTTP/1.1" 200 22480 "-" "Java/1.6.0_21"
89.134.100.36 - - [27/Jul/2012:14:28:31 +0200] "GET /fiok/kapcsolat.htm HTTP/1.1" 200 17416 "-" "Java/1.6.0_21"
89.134.100.36 - - [27/Jul/2012:14:28:32 +0200] "GET /fiok/kornyezet.htm HTTP/1.1" 200 22582 "-" "Java/1.6.0_21"
89.134.100.36 - - [27/Jul/2012:14:28:32 +0200] "GET /fiok/mult.htm HTTP/1.1" 200 23227 "-" "Java/1.6.0_21"
89.134.100.36 - - [27/Jul/2012:14:28:32 +0200] "GET /fiok/news.html HTTP/1.1" 404 1181 "-" "Java/1.6.0_21"
89.134.100.36 - - [27/Jul/2012:14:28:33 +0200] "GET /fiok/programok.htm HTTP/1.1" 200 18165 "-" "Java/1.6.0_21"
89.134.100.36 - - [27/Jul/2012:14:28:34 +0200] "GET /hirek/Natura_2000es_gyepgazdalkodas_eloirasai.ppt HTTP/1.1" 200 333312 "-" "Java/1.6.0_21"
89.134.100.36 - - [27/Jul/2012:14:28:36 +0200] "GET /jog/adathozzaferes.htm HTTP/1.1" 200 13800 "-" "Java/1.6.0_21"
89.134.100.36 - - [27/Jul/2012:14:28:36 +0200] "GET /jog/eljaraskezd.htm HTTP/1.1" 200 13730 "-" "Java/1.6.0_21"
89.134.100.36 - - [27/Jul/2012:14:28:36 +0200] "GET /jog/eljarasokrol.htm HTTP/1.1" 200 14427 "-" "Java/1.6.0_21"
89.134.100.36 - - [27/Jul/2012:14:28:37 +0200] "GET /jog/eseteink.htm HTTP/1.1" 200 17277 "-" "Java/1.6.0_21"
89.134.100.36 - - [27/Jul/2012:14:28:37 +0200] "GET /jog/jogihatter.htm HTTP/1.1" 200 18691 "-" "Java/1.6.0_21"
89.134.100.36 - - [27/Jul/2012:14:28:38 +0200] "GET /jog/jogsegely.htm HTTP/1.1" 200 14053 "-" "Java/1.6.0_21"
89.134.100.36 - - [27/Jul/2012:14:28:39 +0200] "GET /jog/polgariper.htm HTTP/1.1" 200 13964 "-" "Java/1.6.0_21"
89.134.100.36 - - [27/Jul/2012:14:28:39 +0200] "GET /jog/publikaciok.htm HTTP/1.1" 200 17866 "-" "Java/1.6.0_21"
89.134.100.36 - - [27/Jul/2012:14:28:39 +0200] "GET /jog/rendorsegifeljelentes.htm HTTP/1.1" 200 13536 "-" "Java/1.6.0_21"
89.134.100.36 - - [27/Jul/2012:14:28:40 +0200] "GET /jog/slapp.htm HTTP/1.1" 200 21314 "-" "Java/1.6.0_21"
89.134.100.36 - - [27/Jul/2012:14:28:40 +0200] "GET /jog/tapasztalatszerzok.htm HTTP/1.1" 200 12148 "-" "Java/1.6.0_21"
89.134.100.36 - - [27/Jul/2012:14:28:40 +0200] "GET /jog/tarseljarasok.htm HTTP/1.1" 200 13316 "-" "Java/1.6.0_21"
89.134.100.36 - - [27/Jul/2012:14:28:40 +0200] "GET /jog/ugyeszsegek.htm HTTP/1.1" 200 13810 "-" "Java/1.6.0_21"
89.134.100.36 - - [27/Jul/2012:14:28:41 +0200] "GET /jog/ugyfeljogok.htm HTTP/1.1" 200 14279 "-" "Java/1.6.0_21"
89.134.100.36 - - [27/Jul/2012:14:28:41 +0200] "GET /jog/zoldombudsman.htm HTTP/1.1" 200 13369 "-" "Java/1.6.0_21"
89.134.100.36 - - [27/Jul/2012:14:28:41 +0200] "GET /lb/js/lightbox.js HTTP/1.1" 200 23424 "-" "Java/1.6.0_21"
89.134.100.36 - - [27/Jul/2012:14:28:41 +0200] "GET /lb/js/prototype.js HTTP/1.1" 200 47603 "-" "Java/1.6.0_21"
89.134.100.36 - - [27/Jul/2012:14:28:42 +0200] "GET /lb/js/scriptaculous.js?load=effects HTTP/1.1" 200 2152 "-" "Java/1.6.0_21"
89.134.100.36 - - [27/Jul/2012:14:28:43 +0200] "GET /fiok/& HTTP/1.1" 404 1181 "-" "Java/1.6.0_21"
89.134.100.36 - - [27/Jul/2012:14:28:43 +0200] "GET /fiok/& HTTP/1.1" 404 1181 "-" "Java/1.6.0_21"
89.134.100.36 - - [27/Jul/2012:14:28:43 +0200] "GET /fiok/& HTTP/1.1" 404 1181 "-" "Java/1.6.0_21"
89.134.100.36 - - [27/Jul/2012:14:28:43 +0200] "GET /fiok/& HTTP/1.1" 404 1181 "-" "Java/1.6.0_21"
89.134.100.36 - - [27/Jul/2012:14:28:43 +0200] "GET /fiok/& HTTP/1.1" 404 1181 "-" "Java/1.6.0_21"
89.134.100.36 - - [27/Jul/2012:14:28:43 +0200] "GET /fiok/& HTTP/1.1" 404 1181 "-" "Java/1.6.0_21"
89.134.100.36 - - [27/Jul/2012:14:28:43 +0200] "GET /fiok/& HTTP/1.1" 404 1181 "-" "Java/1.6.0_21"
89.134.100.36 - - [27/Jul/2012:14:28:44 +0200] "GET /fiok/& HTTP/1.1" 404 1181 "-" "Java/1.6.0_21"
89.134.100.36 - - [27/Jul/2012:14:28:44 +0200] "GET /fiok/& HTTP/1.1" 404 1181 "-" "Java/1.6.0_21"
89.134.100.36 - - [27/Jul/2012:14:28:44 +0200] "GET /fiok/& HTTP/1.1" 404 1181 "-" "Java/1.6.0_21"
89.134.100.36 - - [27/Jul/2012:14:28:44 +0200] "GET /fiok/& HTTP/1.1" 404 1181 "-" "Java/1.6.0_21"
89.134.100.36 - - [27/Jul/2012:14:28:44 +0200] "GET /fiok/& HTTP/1.1" 404 1181 "-" "Java/1.6.0_21"
89.134.100.36 - - [27/Jul/2012:14:28:44 +0200] "GET /fiok/& HTTP/1.1" 404 1181 "-" "Java/1.6.0_21"
89.134.100.36 - - [27/Jul/2012:14:28:45 +0200] "GET /fiok/& HTTP/1.1" 404 1181 "-" "Java/1.6.0_21"
89.134.100.36 - - [27/Jul/2012:14:28:46 +0200] "GET /fiok/& HTTP/1.1" 404 1181 "-" "Java/1.6.0_21"
89.134.100.36 - - [27/Jul/2012:14:28:46 +0200] "GET /fiok/& HTTP/1.1" 404 1181 "-" "Java/1.6.0_21"
89.134.100.36 - - [27/Jul/2012:14:28:47 +0200] "GET /fiok/& HTTP/1.1" 404 1181 "-" "Java/1.6.0_21"
89.134.100.36 - - [27/Jul/2012:14:28:47 +0200] "GET /fiok/& HTTP/1.1" 404 1181 "-" "Java/1.6.0_21"
89.134.100.36 - - [27/Jul/2012:14:28:47 +0200] "GET /fiok/& HTTP/1.1" 404 1181 "-" "Java/1.6.0_21"
89.134.100.36 - - [27/Jul/2012:14:28:47 +0200] "GET /fiok/& HTTP/1.1" 404 1181 "-" "Java/1.6.0_21"
89.134.100.36 - - [27/Jul/2012:14:28:47 +0200] "GET /fiok/& HTTP/1.1" 404 1181 "-" "Java/1.6.0_21"
89.134.100.36 - - [27/Jul/2012:14:28:47 +0200] "GET /fiok/& HTTP/1.1" 404 1181 "-" "Java/1.6.0_21"
89.134.100.36 - - [27/Jul/2012:14:28:48 +0200] "GET /fiok/& HTTP/1.1" 404 1181 "-" "Java/1.6.0_21"
89.134.100.36 - - [27/Jul/2012:14:28:48 +0200] "GET /fiok/& HTTP/1.1" 404 1181 "-" "Java/1.6.0_21"
89.134.100.36 - - [27/Jul/2012:14:28:48 +0200] "GET /fiok/& HTTP/1.1" 404 1181 "-" "Java/1.6.0_21"
89.134.100.36 - - [27/Jul/2012:14:28:48 +0200] "GET /fiok/& HTTP/1.1" 404 1181 "-" "Java/1.6.0_21"
89.134.100.36 - - [27/Jul/2012:14:28:48 +0200] "GET /fiok/& HTTP/1.1" 404 1181 "-" "Java/1.6.0_21"
89.134.100.36 - - [27/Jul/2012:14:28:49 +0200] "GET /fiok/& HTTP/1.1" 404 1181 "-" "Java/1.6.0_21"
89.134.100.36 - - [27/Jul/2012:14:28:49 +0200] "GET /fiok/& HTTP/1.1" 404 1181 "-" "Java/1.6.0_21"
89.134.100.36 - - [27/Jul/2012:14:28:49 +0200] "GET /fiok/& HTTP/1.1" 404 1181 "-" "Java/1.6.0_21"
89.134.100.36 - - [27/Jul/2012:14:28:49 +0200] "GET /fiok/& HTTP/1.1" 404 1181 "-" "Java/1.6.0_21"
89.134.100.36 - - [27/Jul/2012:14:28:49 +0200] "GET /fiok/& HTTP/1.1" 404 1181 "-" "Java/1.6.0_21"
89.134.100.36 - - [27/Jul/2012:14:28:50 +0200] "GET /fiok/& HTTP/1.1" 404 1181 "-" "Java/1.6.0_21"
89.134.100.36 - - [27/Jul/2012:14:28:50 +0200] "GET /fiok/& HTTP/1.1" 404 1181 "-" "Java/1.6.0_21"
89.134.100.36 - - [27/Jul/2012:14:28:50 +0200] "GET /fiok/& HTTP/1.1" 404 1181 "-" "Java/1.6.0_21"
89.134.100.36 - - [27/Jul/2012:14:28:50 +0200] "GET /fiok/& HTTP/1.1" 404 1181 "-" "Java/1.6.0_21"
89.134.100.36 - - [27/Jul/2012:14:28:50 +0200] "GET /fiok/& HTTP/1.1" 404 1181 "-" "Java/1.6.0_21"
89.134.100.36 - - [27/Jul/2012:14:28:50 +0200] "GET /fiok/& HTTP/1.1" 404 1181 "-" "Java/1.6.0_21"
89.134.100.36 - - [27/Jul/2012:14:28:50 +0200] "GET /fiok/& HTTP/1.1" 404 1181 "-" "Java/1.6.0_21"
89.134.100.36 - - [27/Jul/2012:14:28:50 +0200] "GET /fiok/& HTTP/1.1" 404 1181 "-" "Java/1.6.0_21"
89.134.100.36 - - [27/Jul/2012:14:28:50 +0200] "GET /fiok/& HTTP/1.1" 404 1181 "-" "Java/1.6.0_21"
89.134.100.36 - - [27/Jul/2012:14:28:50 +0200] "GET /fiok/& HTTP/1.1" 404 1181 "-" "Java/1.6.0_21"
89.134.100.36 - - [27/Jul/2012:14:28:51 +0200] "GET /fiok/& HTTP/1.1" 404 1181 "-" "Java/1.6.0_21"
89.134.100.36 - - [27/Jul/2012:14:28:51 +0200] "GET /fiok/& HTTP/1.1" 404 1181 "-" "Java/1.6.0_21"
89.134.100.36 - - [27/Jul/2012:14:28:52 +0200] "GET /fiok/& HTTP/1.1" 404 1181 "-" "Java/1.6.0_21"
89.134.100.36 - - [27/Jul/2012:14:28:52 +0200] "GET /fiok/& HTTP/1.1" 404 1181 "-" "Java/1.6.0_21"
89.134.100.36 - - [27/Jul/2012:14:28:53 +0200] "GET /fiok/& HTTP/1.1" 404 1181 "-" "Java/1.6.0_21"
89.134.100.36 - - [27/Jul/2012:14:28:53 +0200] "GET /fiok/& HTTP/1.1" 404 1181 "-" "Java/1.6.0_21"
89.134.100.36 - - [27/Jul/2012:14:28:53 +0200] "GET /fiok/& HTTP/1.1" 404 1181 "-" "Java/1.6.0_21"
89.134.100.36 - - [27/Jul/2012:14:28:53 +0200] "GET /fiok/& HTTP/1.1" 404 1181 "-" "Java/1.6.0_21"
89.134.100.36 - - [27/Jul/2012:14:28:53 +0200] "GET /fiok/& HTTP/1.1" 404 1181 "-" "Java/1.6.0_21"
89.134.100.36 - - [27/Jul/2012:14:28:53 +0200] "GET /fiok/& HTTP/1.1" 404 1181 "-" "Java/1.6.0_21"
89.134.100.36 - - [27/Jul/2012:14:28:53 +0200] "GET /fiok/& HTTP/1.1" 404 1181 "-" "Java/1.6.0_21"
89.134.100.36 - - [27/Jul/2012:14:28:53 +0200] "GET /fiok/& HTTP/1.1" 404 1181 "-" "Java/1.6.0_21"
89.134.100.36 - - [27/Jul/2012:14:28:53 +0200] "GET /fiok/& HTTP/1.1" 404 1181 "-" "Java/1.6.0_21"
89.134.100.36 - - [27/Jul/2012:14:28:53 +0200] "GET /fiok/& HTTP/1.1" 404 1181 "-" "Java/1.6.0_21"
89.134.100.36 - - [27/Jul/2012:14:28:53 +0200] "GET /fiok/& HTTP/1.1" 404 1181 "-" "Java/1.6.0_21"
89.134.100.36 - - [27/Jul/2012:14:28:54 +0200] "GET /fiok/& HTTP/1.1" 404 1181 "-" "Java/1.6.0_21"
89.134.100.36 - - [27/Jul/2012:14:28:54 +0200] "GET /fiok/& HTTP/1.1" 404 1181 "-" "Java/1.6.0_21"
89.134.100.36 - - [27/Jul/2012:14:28:54 +0200] "GET /fiok/& HTTP/1.1" 404 1181 "-" "Java/1.6.0_21"
89.134.100.36 - - [27/Jul/2012:14:28:55 +0200] "GET /fiok/& HTTP/1.1" 404 1181 "-" "Java/1.6.0_21"
89.134.100.36 - - [27/Jul/2012:14:28:55 +0200] "GET /fiok/& HTTP/1.1" 404 1181 "-" "Java/1.6.0_21"
89.134.100.36 - - [27/Jul/2012:14:28:55 +0200] "GET /fiok/& HTTP/1.1" 404 1181 "-" "Java/1.6.0_21"
89.134.100.36 - - [27/Jul/2012:14:28:55 +0200] "GET /fiok/& HTTP/1.1" 404 1181 "-" "Java/1.6.0_21"
89.134.100.36 - - [27/Jul/2012:14:28:55 +0200] "GET /fiok/& HTTP/1.1" 404 1181 "-" "Java/1.6.0_21"
89.134.100.36 - - [27/Jul/2012:14:28:55 +0200] "GET /fiok/& HTTP/1.1" 404 1181 "-" "Java/1.6.0_21"
89.134.100.36 - - [27/Jul/2012:14:28:56 +0200] "GET /fiok/& HTTP/1.1" 404 1181 "-" "Java/1.6.0_21"
