89.135.67.67 - - [01/Jul/2012:17:56:09 +0200] "GET /fiok/program_reszek/images/b12.jpg HTTP/1.1" 200 544 "http://www.beklen.hu/fiok/program_reszek/taborok.htm" "Mozilla/5.0 (Windows NT 5.1; rv:13.0) Gecko/20100101 Firefox/13.0.1"
89.135.67.67 - - [01/Jul/2012:17:56:09 +0200] "GET /fiok/program_reszek/images/index_22.gif HTTP/1.1" 200 227 "http://www.beklen.hu/fiok/program_reszek/taborok.htm" "Mozilla/5.0 (Windows NT 5.1; rv:13.0) Gecko/20100101 Firefox/13.0.1"
89.135.67.67 - - [01/Jul/2012:17:56:09 +0200] "GET /fiok/program_reszek/images/index_28.gif HTTP/1.1" 200 262 "http://www.beklen.hu/fiok/program_reszek/taborok.htm" "Mozilla/5.0 (Windows NT 5.1; rv:13.0) Gecko/20100101 Firefox/13.0.1"
89.135.67.67 - - [01/Jul/2012:17:56:09 +0200] "GET /fiok/program_reszek/images/index_24.gif HTTP/1.1" 200 227 "http://www.beklen.hu/fiok/program_reszek/taborok.htm" "Mozilla/5.0 (Windows NT 5.1; rv:13.0) Gecko/20100101 Firefox/13.0.1"
89.135.67.67 - - [01/Jul/2012:17:56:09 +0200] "GET /fiok/program_reszek/programok/07.jpg HTTP/1.1" 200 262705 "http://www.beklen.hu/fiok/program_reszek/taborok.htm" "Mozilla/5.0 (Windows NT 5.1; rv:13.0) Gecko/20100101 Firefox/13.0.1"
89.135.67.67 - - [01/Jul/2012:17:56:10 +0200] "GET /fiok/program_reszek/programok/05.jpg HTTP/1.1" 200 206789 "http://www.beklen.hu/fiok/program_reszek/taborok.htm" "Mozilla/5.0 (Windows NT 5.1; rv:13.0) Gecko/20100101 Firefox/13.0.1"
89.135.67.67 - - [01/Jul/2012:18:05:13 +0200] "GET /fiok/css/js/scriptaculous.js?load=effects HTTP/1.1" 304 - "http://www.beklen.hu/fiok/program_reszek/taborok.htm" "Mozilla/5.0 (Windows NT 5.1; rv:13.0) Gecko/20100101 Firefox/13.0.1"
89.135.67.67 - - [01/Jul/2012:18:05:31 +0200] "GET /fiok/mult.htm HTTP/1.1" 200 23227 "http://www.beklen.hu/fiok/program_reszek/taborok.htm" "Mozilla/5.0 (Windows NT 5.1; rv:13.0) Gecko/20100101 Firefox/13.0.1"
89.135.67.67 - - [01/Jul/2012:18:05:31 +0200] "GET /fiok/css/js/scriptaculous.js?load=effects HTTP/1.1" 304 - "http://www.beklen.hu/fiok/mult.htm" "Mozilla/5.0 (Windows NT 5.1; rv:13.0) Gecko/20100101 Firefox/13.0.1"
89.135.67.67 - - [01/Jul/2012:18:05:35 +0200] "GET /fiok/oktatokozpont/04.JPG HTTP/1.1" 200 218557 "http://www.beklen.hu/fiok/mult.htm" "Mozilla/5.0 (Windows NT 5.1; rv:13.0) Gecko/20100101 Firefox/13.0.1"
89.135.67.67 - - [01/Jul/2012:18:05:35 +0200] "GET /fiok/oktatokozpont/05.JPG HTTP/1.1" 200 299454 "http://www.beklen.hu/fiok/mult.htm" "Mozilla/5.0 (Windows NT 5.1; rv:13.0) Gecko/20100101 Firefox/13.0.1"
89.135.67.67 - - [01/Jul/2012:18:05:36 +0200] "GET /fiok/oktatokozpont/01.JPG HTTP/1.1" 200 320996 "http://www.beklen.hu/fiok/mult.htm" "Mozilla/5.0 (Windows NT 5.1; rv:13.0) Gecko/20100101 Firefox/13.0.1"
89.135.67.67 - - [01/Jul/2012:18:05:36 +0200] "GET /fiok/oktatokozpont/02.JPG HTTP/1.1" 200 284929 "http://www.beklen.hu/fiok/mult.htm" "Mozilla/5.0 (Windows NT 5.1; rv:13.0) Gecko/20100101 Firefox/13.0.1"
89.135.67.67 - - [01/Jul/2012:18:05:37 +0200] "GET /fiok/oktatokozpont/03.JPG HTTP/1.1" 200 292887 "http://www.beklen.hu/fiok/mult.htm" "Mozilla/5.0 (Windows NT 5.1; rv:13.0) Gecko/20100101 Firefox/13.0.1"
89.135.67.67 - - [01/Jul/2012:18:09:58 +0200] "GET /fiok/terkep.jpg HTTP/1.1" 404 1181 "http://www.beklen.hu/fiok/kapcsolat.htm" "Mozilla/5.0 (Windows NT 5.1; rv:13.0) Gecko/20100101 Firefox/13.0.1"
208.115.113.84 - - [01/Jul/2012:18:39:36 +0200] "GET /fiok/news.html HTTP/1.1" 404 1181 "-" "Mozilla/5.0 (compatible; Ezooms/1.0; ezooms.bot@gmail.com)"
85.31.219.89 - - [01/Jul/2012:20:12:32 +0200] "GET /jog/eseteink/audi/additional_information_on_the_compensatory_measures_provided_by_hungarian_authorities_at_the_request_of_the_commission_3.pdf HTTP/1.1" 200 3528853 "-" "HttpComponents/1.1"
109.61.62.59 - - [01/Jul/2012:21:47:53 +0200] "GET /jog/eseteink/korosladany/ujabb_panasz.pdf HTTP/1.1" 200 314698 "http://www.google.hu/search?hl=hu&source=hp&q=www.nimfea&meta=&oq=www.nimfea&gs_l=firefox-hp.13..0j0i33i30l2.3656.8063.0.14078.10.8.0.2.2.0.157.1063.0j8.8.0...0.0.HqJxrgIxwc0" "Mozilla/5.0 (Windows; U; Windows NT 5.1; en-US; rv:1.8.1.20) Gecko/20081217 Firefox/2.0.0.20"
109.61.62.59 - - [01/Jul/2012:21:47:54 +0200] "GET /jog/eseteink/korosladany/ujabb_panasz.pdf HTTP/1.1" 206 450090 "-" "Mozilla/5.0 (Windows; U; Windows NT 5.1; en-US; rv:1.8.1.20) Gecko/20081217 Firefox/2.0.0.20"
109.61.62.59 - - [01/Jul/2012:21:47:55 +0200] "GET /favicon.ico HTTP/1.1" 404 1181 "-" "Mozilla/5.0 (Windows; U; Windows NT 5.1; en-US; rv:1.8.1.20) Gecko/20081217 Firefox/2.0.0.20"
208.115.111.68 - - [01/Jul/2012:21:53:39 +0200] "GET /robots.txt HTTP/1.1" 404 1181 "-" "Mozilla/5.0 (compatible; Ezooms/1.0; ezooms.bot@gmail.com)"
139.18.2.17 - - [01/Jul/2012:22:23:04 +0200] "GET /programok.htm HTTP/1.1" 200 6444 "-" "findlinks/2.6 (+http://wortschatz.uni-leipzig.de/findlinks/)"
208.115.113.84 - - [01/Jul/2012:22:52:40 +0200] "GET /robots.txt HTTP/1.1" 404 1181 "-" "Mozilla/5.0 (compatible; Ezooms/1.0; ezooms.bot@gmail.com)"
208.115.111.68 - - [01/Jul/2012:23:37:07 +0200] "GET /hirarchivum.htm HTTP/1.1" 200 24981 "-" "Mozilla/5.0 (compatible; Ezooms/1.0; ezooms.bot@gmail.com)"
65.52.109.8 - - [01/Jul/2012:23:38:06 +0200] "GET /robots.txt HTTP/1.1" 404 1181 "-" "Mozilla/5.0 (compatible; bingbot/2.0; +http://www.bing.com/bingbot.htm)"
208.115.111.68 - - [02/Jul/2012:00:02:22 +0200] "GET /robots.txt HTTP/1.1" 404 1181 "-" "Mozilla/5.0 (compatible; Ezooms/1.0; ezooms.bot@gmail.com)"
65.52.109.8 - - [02/Jul/2012:00:03:41 +0200] "GET /hirek/hirek090605.htm HTTP/1.1" 304 - "-" "Mozilla/5.0 (compatible; bingbot/2.0; +http://www.bing.com/bingbot.htm)"
208.115.113.84 - - [02/Jul/2012:00:53:24 +0200] "GET /jog/adathozzaferes.htm HTTP/1.1" 200 13800 "-" "Mozilla/5.0 (compatible; Ezooms/1.0; ezooms.bot@gmail.com)"
208.115.113.84 - - [02/Jul/2012:00:53:26 +0200] "GET /media.htm HTTP/1.1" 200 5208 "-" "Mozilla/5.0 (compatible; Ezooms/1.0; ezooms.bot@gmail.com)"
208.115.111.68 - - [02/Jul/2012:01:31:42 +0200] "GET /index.htm HTTP/1.1" 200 23794 "-" "Mozilla/5.0 (compatible; Ezooms/1.0; ezooms.bot@gmail.com)"
208.115.111.68 - - [02/Jul/2012:01:53:40 +0200] "GET /robots.txt HTTP/1.1" 404 1181 "-" "Mozilla/5.0 (compatible; Ezooms/1.0; ezooms.bot@gmail.com)"
212.113.37.105 - - [02/Jul/2012:02:47:22 +0200] "GET /hirek/hirek101025.htm HTTP/1.1" 200 8786 "-" "Mozilla/5.0 (compatible; AhrefsBot/3.1; +http://ahrefs.com/robot/)"
66.249.72.2 - - [02/Jul/2012:02:49:35 +0200] "GET /robots.txt HTTP/1.1" 404 1181 "-" "Mozilla/5.0 (compatible; Googlebot/2.1; +http://www.google.com/bot.html)"
66.249.72.2 - - [02/Jul/2012:02:49:35 +0200] "GET /jog/eseteink/poroszlo/panasz_poroszlo.pdf HTTP/1.1" 304 - "-" "Mozilla/5.0 (compatible; Googlebot/2.1; +http://www.google.com/bot.html)"
212.113.37.105 - - [02/Jul/2012:03:02:00 +0200] "GET /deutsch/stellen.htm HTTP/1.1" 200 6824 "-" "Mozilla/5.0 (compatible; AhrefsBot/3.1; +http://ahrefs.com/robot/)"
208.115.113.84 - - [02/Jul/2012:03:03:29 +0200] "GET /robots.txt HTTP/1.1" 404 1181 "-" "Mozilla/5.0 (compatible; Ezooms/1.0; ezooms.bot@gmail.com)"
208.115.113.84 - - [02/Jul/2012:03:03:29 +0200] "GET /robots.txt HTTP/1.1" 404 1181 "-" "Mozilla/5.0 (compatible; Ezooms/1.0; ezooms.bot@gmail.com)"
66.249.72.2 - - [02/Jul/2012:03:20:16 +0200] "GET /hirek/hirek100728.htm HTTP/1.1" 304 - "-" "Mozilla/5.0 (compatible; Googlebot/2.1; +http://www.google.com/bot.html)"
208.115.111.68 - - [02/Jul/2012:03:24:16 +0200] "GET /hirek/hirek09_03.htm HTTP/1.1" 200 10810 "-" "Mozilla/5.0 (compatible; Ezooms/1.0; ezooms.bot@gmail.com)"
208.115.113.84 - - [02/Jul/2012:05:26:14 +0200] "GET /jog/zoldombudsman.htm HTTP/1.1" 200 13369 "-" "Mozilla/5.0 (compatible; Ezooms/1.0; ezooms.bot@gmail.com)"
208.115.113.84 - - [02/Jul/2012:05:27:37 +0200] "GET /ncta_a.htm HTTP/1.1" 200 7260 "-" "Mozilla/5.0 (compatible; Ezooms/1.0; ezooms.bot@gmail.com)"
130.83.167.153 - - [02/Jul/2012:06:16:01 +0200] "GET / HTTP/1.1" 200 23794 "-" "findlinks/2.6 (+http://wortschatz.uni-leipzig.de/findlinks/)"
208.115.113.84 - - [02/Jul/2012:06:57:15 +0200] "GET /robots.txt HTTP/1.1" 404 1181 "-" "Mozilla/5.0 (compatible; Ezooms/1.0; ezooms.bot@gmail.com)"
208.115.111.68 - - [02/Jul/2012:07:35:53 +0200] "GET /robots.txt HTTP/1.1" 404 1181 "-" "Mozilla/5.0 (compatible; Ezooms/1.0; ezooms.bot@gmail.com)"
178.154.210.252 - - [02/Jul/2012:08:16:34 +0200] "GET /hirek/hirek090930.htm HTTP/1.1" 304 - "-" "Mozilla/5.0 (compatible; YandexBot/3.0; +http://yandex.com/bots)"
178.154.210.252 - - [02/Jul/2012:08:16:37 +0200] "GET /deutsch/index.htm HTTP/1.1" 304 - "-" "Mozilla/5.0 (compatible; YandexBot/3.0; +http://yandex.com/bots)"
84.0.130.84 - - [02/Jul/2012:08:41:07 +0200] "GET / HTTP/1.1" 200 23794 "-" "Mozilla/4.0 (compatible; MSIE 7.0; Windows NT 5.1; Trident/4.0; GTB7.3; InfoPath.1; .NET CLR 2.0.50727; .NET CLR 3.0.04506.648; .NET CLR 3.5.21022; .NET CLR 3.0.4506.2152; .NET CLR 3.5.30729)"
66.249.72.2 - - [02/Jul/2012:08:57:36 +0200] "GET /fiok/ HTTP/1.1" 200 20554 "-" "Mozilla/5.0 (compatible; Googlebot/2.1; +http://www.google.com/bot.html)"
84.0.130.84 - - [02/Jul/2012:09:02:08 +0200] "GET / HTTP/1.1" 200 23794 "-" "Mozilla/5.0 (Windows NT 5.1) AppleWebKit/536.5 (KHTML, like Gecko) Chrome/19.0.1084.56 Safari/536.5"
84.0.130.84 - - [02/Jul/2012:09:02:09 +0200] "GET /vill.cs HTTP/1.1" 200 2676 "http://beklen.hu/" "Mozilla/5.0 (Windows NT 5.1) AppleWebKit/536.5 (KHTML, like Gecko) Chrome/19.0.1084.56 Safari/536.5"
84.0.130.84 - - [02/Jul/2012:09:02:09 +0200] "GET /lb/css/lightbox.css HTTP/1.1" 200 1715 "http://beklen.hu/" "Mozilla/5.0 (Windows NT 5.1) AppleWebKit/536.5 (KHTML, like Gecko) Chrome/19.0.1084.56 Safari/536.5"
84.0.130.84 - - [02/Jul/2012:09:02:09 +0200] "GET /lb/js/scriptaculous.js?load=effects HTTP/1.1" 200 2152 "http://beklen.hu/" "Mozilla/5.0 (Windows NT 5.1) AppleWebKit/536.5 (KHTML, like Gecko) Chrome/19.0.1084.56 Safari/536.5"
84.0.130.84 - - [02/Jul/2012:09:02:09 +0200] "GET /lb/js/prototype.js HTTP/1.1" 200 47603 "http://beklen.hu/" "Mozilla/5.0 (Windows NT 5.1) AppleWebKit/536.5 (KHTML, like Gecko) Chrome/19.0.1084.56 Safari/536.5"
84.0.130.84 - - [02/Jul/2012:09:02:09 +0200] "GET /lb/js/lightbox.js HTTP/1.1" 200 23424 "http://beklen.hu/" "Mozilla/5.0 (Windows NT 5.1) AppleWebKit/536.5 (KHTML, like Gecko) Chrome/19.0.1084.56 Safari/536.5"
84.0.130.84 - - [02/Jul/2012:09:02:10 +0200] "GET /lb/js/effects.js HTTP/1.1" 200 31969 "http://beklen.hu/" "Mozilla/5.0 (Windows NT 5.1) AppleWebKit/536.5 (KHTML, like Gecko) Chrome/19.0.1084.56 Safari/536.5"
84.0.130.84 - - [02/Jul/2012:09:02:10 +0200] "GET /bg.jpg HTTP/1.1" 200 566 "http://beklen.hu/" "Mozilla/5.0 (Windows NT 5.1) AppleWebKit/536.5 (KHTML, like Gecko) Chrome/19.0.1084.56 Safari/536.5"
84.0.130.84 - - [02/Jul/2012:09:02:10 +0200] "GET /tm01.jpg HTTP/1.1" 200 1080 "http://beklen.hu/" "Mozilla/5.0 (Windows NT 5.1) AppleWebKit/536.5 (KHTML, like Gecko) Chrome/19.0.1084.56 Safari/536.5"
84.0.130.84 - - [02/Jul/2012:09:02:10 +0200] "GET /tm02.jpg HTTP/1.1" 200 1873 "http://beklen.hu/" "Mozilla/5.0 (Windows NT 5.1) AppleWebKit/536.5 (KHTML, like Gecko) Chrome/19.0.1084.56 Safari/536.5"
84.0.130.84 - - [02/Jul/2012:09:02:10 +0200] "GET /tm03_.jpg HTTP/1.1" 200 1787 "http://beklen.hu/" "Mozilla/5.0 (Windows NT 5.1) AppleWebKit/536.5 (KHTML, like Gecko) Chrome/19.0.1084.56 Safari/536.5"
84.0.130.84 - - [02/Jul/2012:09:02:10 +0200] "GET /tm04_.jpg HTTP/1.1" 200 2058 "http://beklen.hu/" "Mozilla/5.0 (Windows NT 5.1) AppleWebKit/536.5 (KHTML, like Gecko) Chrome/19.0.1084.56 Safari/536.5"
84.0.130.84 - - [02/Jul/2012:09:02:10 +0200] "GET /tm05_.jpg HTTP/1.1" 200 1839 "http://beklen.hu/" "Mozilla/5.0 (Windows NT 5.1) AppleWebKit/536.5 (KHTML, like Gecko) Chrome/19.0.1084.56 Safari/536.5"
84.0.130.84 - - [02/Jul/2012:09:02:10 +0200] "GET /tm06_.jpg HTTP/1.1" 200 1382 "http://beklen.hu/" "Mozilla/5.0 (Windows NT 5.1) AppleWebKit/536.5 (KHTML, like Gecko) Chrome/19.0.1084.56 Safari/536.5"
84.0.130.84 - - [02/Jul/2012:09:02:10 +0200] "GET /tm07.jpg HTTP/1.1" 200 1007 "http://beklen.hu/" "Mozilla/5.0 (Windows NT 5.1) AppleWebKit/536.5 (KHTML, like Gecko) Chrome/19.0.1084.56 Safari/536.5"
84.0.130.84 - - [02/Jul/2012:09:02:10 +0200] "GET /bottom_main.jpg HTTP/1.1" 200 96820 "http://beklen.hu/" "Mozilla/5.0 (Windows NT 5.1) AppleWebKit/536.5 (KHTML, like Gecko) Chrome/19.0.1084.56 Safari/536.5"
84.0.130.84 - - [02/Jul/2012:09:02:10 +0200] "GET /a1_projekt_tabla_infra_cs3_beklenhaz_.jpg HTTP/1.1" 200 8994 "http://beklen.hu/" "Mozilla/5.0 (Windows NT 5.1) AppleWebKit/536.5 (KHTML, like Gecko) Chrome/19.0.1084.56 Safari/536.5"
84.0.130.84 - - [02/Jul/2012:09:02:11 +0200] "GET /jog_honlap_.jpg HTTP/1.1" 200 7186 "http://beklen.hu/" "Mozilla/5.0 (Windows NT 5.1) AppleWebKit/536.5 (KHTML, like Gecko) Chrome/19.0.1084.56 Safari/536.5"
84.0.130.84 - - [02/Jul/2012:09:02:11 +0200] "GET /tm02_.jpg HTTP/1.1" 200 1524 "http://beklen.hu/" "Mozilla/5.0 (Windows NT 5.1) AppleWebKit/536.5 (KHTML, like Gecko) Chrome/19.0.1084.56 Safari/536.5"
84.0.130.84 - - [02/Jul/2012:09:02:14 +0200] "GET /nimfea_project_250x250.gif HTTP/1.1" 200 2986583 "http://beklen.hu/" "Mozilla/5.0 (Windows NT 5.1) AppleWebKit/536.5 (KHTML, like Gecko) Chrome/19.0.1084.56 Safari/536.5"
84.0.130.84 - - [02/Jul/2012:09:02:15 +0200] "GET /tm04.jpg HTTP/1.1" 200 2613 "http://beklen.hu/" "Mozilla/5.0 (Windows NT 5.1) AppleWebKit/536.5 (KHTML, like Gecko) Chrome/19.0.1084.56 Safari/536.5"
84.0.130.84 - - [02/Jul/2012:09:02:15 +0200] "GET /tm05.jpg HTTP/1.1" 200 2253 "http://beklen.hu/" "Mozilla/5.0 (Windows NT 5.1) AppleWebKit/536.5 (KHTML, like Gecko) Chrome/19.0.1084.56 Safari/536.5"
84.0.130.84 - - [02/Jul/2012:09:02:15 +0200] "GET /tm06.jpg HTTP/1.1" 200 1651 "http://beklen.hu/" "Mozilla/5.0 (Windows NT 5.1) AppleWebKit/536.5 (KHTML, like Gecko) Chrome/19.0.1084.56 Safari/536.5"
84.0.130.84 - - [02/Jul/2012:09:02:15 +0200] "GET /tm03.jpg HTTP/1.1" 200 2212 "http://beklen.hu/" "Mozilla/5.0 (Windows NT 5.1) AppleWebKit/536.5 (KHTML, like Gecko) Chrome/19.0.1084.56 Safari/536.5"
84.0.130.84 - - [02/Jul/2012:09:02:15 +0200] "GET /lb/images/loading.gif HTTP/1.1" 200 2767 "http://beklen.hu/" "Mozilla/5.0 (Windows NT 5.1) AppleWebKit/536.5 (KHTML, like Gecko) Chrome/19.0.1084.56 Safari/536.5"
84.0.130.84 - - [02/Jul/2012:09:02:15 +0200] "GET /lb/images/closelabel.gif HTTP/1.1" 200 222 "http://beklen.hu/" "Mozilla/5.0 (Windows NT 5.1) AppleWebKit/536.5 (KHTML, like Gecko) Chrome/19.0.1084.56 Safari/536.5"
84.0.130.84 - - [02/Jul/2012:09:02:15 +0200] "GET /favicon.ico HTTP/1.1" 404 1181 "-" "Mozilla/5.0 (Windows NT 5.1) AppleWebKit/536.5 (KHTML, like Gecko) Chrome/19.0.1084.56 Safari/536.5"
84.0.130.84 - - [02/Jul/2012:09:04:24 +0200] "GET /a1_projekt_tabla_infra_cs3_beklenhaz.jpg HTTP/1.1" 200 73344 "http://beklen.hu/" "Mozilla/5.0 (Windows NT 5.1) AppleWebKit/536.5 (KHTML, like Gecko) Chrome/19.0.1084.56 Safari/536.5"
84.0.130.84 - - [02/Jul/2012:09:04:24 +0200] "GET /favicon.ico HTTP/1.1" 404 1181 "-" "Mozilla/5.0 (Windows NT 5.1) AppleWebKit/536.5 (KHTML, like Gecko) Chrome/19.0.1084.56 Safari/536.5"
84.0.130.84 - - [02/Jul/2012:09:15:22 +0200] "GET / HTTP/1.1" 304 - "-" "Mozilla/5.0 (Windows NT 5.1) AppleWebKit/536.5 (KHTML, like Gecko) Chrome/19.0.1084.56 Safari/536.5"
84.0.130.84 - - [02/Jul/2012:09:15:23 +0200] "GET /vill.cs HTTP/1.1" 304 - "http://beklen.hu/" "Mozilla/5.0 (Windows NT 5.1) AppleWebKit/536.5 (KHTML, like Gecko) Chrome/19.0.1084.56 Safari/536.5"
84.0.130.84 - - [02/Jul/2012:09:15:23 +0200] "GET /lb/css/lightbox.css HTTP/1.1" 304 - "http://beklen.hu/" "Mozilla/5.0 (Windows NT 5.1) AppleWebKit/536.5 (KHTML, like Gecko) Chrome/19.0.1084.56 Safari/536.5"
84.0.130.84 - - [02/Jul/2012:09:15:25 +0200] "GET /bg.jpg HTTP/1.1" 304 - "http://beklen.hu/" "Mozilla/5.0 (Windows NT 5.1) AppleWebKit/536.5 (KHTML, like Gecko) Chrome/19.0.1084.56 Safari/536.5"
84.0.130.84 - - [02/Jul/2012:09:15:25 +0200] "GET /bottom_main.jpg HTTP/1.1" 304 - "http://beklen.hu/" "Mozilla/5.0 (Windows NT 5.1) AppleWebKit/536.5 (KHTML, like Gecko) Chrome/19.0.1084.56 Safari/536.5"
84.0.130.84 - - [02/Jul/2012:09:15:25 +0200] "GET /a1_projekt_tabla_infra_cs3_beklenhaz_.jpg HTTP/1.1" 304 - "http://beklen.hu/" "Mozilla/5.0 (Windows NT 5.1) AppleWebKit/536.5 (KHTML, like Gecko) Chrome/19.0.1084.56 Safari/536.5"
84.0.130.84 - - [02/Jul/2012:09:15:25 +0200] "GET /jog_honlap_.jpg HTTP/1.1" 304 - "http://beklen.hu/" "Mozilla/5.0 (Windows NT 5.1) AppleWebKit/536.5 (KHTML, like Gecko) Chrome/19.0.1084.56 Safari/536.5"
84.0.130.84 - - [02/Jul/2012:09:15:26 +0200] "GET /favicon.ico HTTP/1.1" 404 1181 "-" "Mozilla/5.0 (Windows NT 5.1) AppleWebKit/536.5 (KHTML, like Gecko) Chrome/19.0.1084.56 Safari/536.5"
84.0.130.84 - - [02/Jul/2012:09:15:32 +0200] "GET / HTTP/1.1" 304 - "-" "Mozilla/5.0 (Windows NT 5.1) AppleWebKit/536.5 (KHTML, like Gecko) Chrome/19.0.1084.56 Safari/536.5"
84.0.130.84 - - [02/Jul/2012:09:15:32 +0200] "GET /vill.cs HTTP/1.1" 304 - "http://beklen.hu/" "Mozilla/5.0 (Windows NT 5.1) AppleWebKit/536.5 (KHTML, like Gecko) Chrome/19.0.1084.56 Safari/536.5"
84.0.130.84 - - [02/Jul/2012:09:15:32 +0200] "GET /lb/css/lightbox.css HTTP/1.1" 304 - "http://beklen.hu/" "Mozilla/5.0 (Windows NT 5.1) AppleWebKit/536.5 (KHTML, like Gecko) Chrome/19.0.1084.56 Safari/536.5"
84.0.130.84 - - [02/Jul/2012:09:15:32 +0200] "GET /lb/js/prototype.js HTTP/1.1" 304 - "http://beklen.hu/" "Mozilla/5.0 (Windows NT 5.1) AppleWebKit/536.5 (KHTML, like Gecko) Chrome/19.0.1084.56 Safari/536.5"
84.0.130.84 - - [02/Jul/2012:09:15:32 +0200] "GET /lb/js/scriptaculous.js?load=effects HTTP/1.1" 304 - "http://beklen.hu/" "Mozilla/5.0 (Windows NT 5.1) AppleWebKit/536.5 (KHTML, like Gecko) Chrome/19.0.1084.56 Safari/536.5"
84.0.130.84 - - [02/Jul/2012:09:15:32 +0200] "GET /lb/js/lightbox.js HTTP/1.1" 304 - "http://beklen.hu/" "Mozilla/5.0 (Windows NT 5.1) AppleWebKit/536.5 (KHTML, like Gecko) Chrome/19.0.1084.56 Safari/536.5"
84.0.130.84 - - [02/Jul/2012:09:15:34 +0200] "GET /lb/js/effects.js HTTP/1.1" 304 - "http://beklen.hu/" "Mozilla/5.0 (Windows NT 5.1) AppleWebKit/536.5 (KHTML, like Gecko) Chrome/19.0.1084.56 Safari/536.5"
84.0.130.84 - - [02/Jul/2012:09:15:34 +0200] "GET /lb/css/lightbox.css HTTP/1.1" 304 - "http://beklen.hu/" "Mozilla/5.0 (Windows NT 5.1) AppleWebKit/536.5 (KHTML, like Gecko) Chrome/19.0.1084.56 Safari/536.5"
84.0.130.84 - - [02/Jul/2012:09:15:34 +0200] "GET /bg.jpg HTTP/1.1" 304 - "http://beklen.hu/" "Mozilla/5.0 (Windows NT 5.1) AppleWebKit/536.5 (KHTML, like Gecko) Chrome/19.0.1084.56 Safari/536.5"
84.0.130.84 - - [02/Jul/2012:09:15:34 +0200] "GET /tm01.jpg HTTP/1.1" 304 - "http://beklen.hu/" "Mozilla/5.0 (Windows NT 5.1) AppleWebKit/536.5 (KHTML, like Gecko) Chrome/19.0.1084.56 Safari/536.5"
84.0.130.84 - - [02/Jul/2012:09:15:34 +0200] "GET /tm02.jpg HTTP/1.1" 304 - "http://beklen.hu/" "Mozilla/5.0 (Windows NT 5.1) AppleWebKit/536.5 (KHTML, like Gecko) Chrome/19.0.1084.56 Safari/536.5"
84.0.130.84 - - [02/Jul/2012:09:15:34 +0200] "GET /tm03_.jpg HTTP/1.1" 304 - "http://beklen.hu/" "Mozilla/5.0 (Windows NT 5.1) AppleWebKit/536.5 (KHTML, like Gecko) Chrome/19.0.1084.56 Safari/536.5"
84.0.130.84 - - [02/Jul/2012:09:15:34 +0200] "GET /tm04_.jpg HTTP/1.1" 304 - "http://beklen.hu/" "Mozilla/5.0 (Windows NT 5.1) AppleWebKit/536.5 (KHTML, like Gecko) Chrome/19.0.1084.56 Safari/536.5"
84.0.130.84 - - [02/Jul/2012:09:15:34 +0200] "GET /tm05_.jpg HTTP/1.1" 304 - "http://beklen.hu/" "Mozilla/5.0 (Windows NT 5.1) AppleWebKit/536.5 (KHTML, like Gecko) Chrome/19.0.1084.56 Safari/536.5"
84.0.130.84 - - [02/Jul/2012:09:15:34 +0200] "GET /tm06_.jpg HTTP/1.1" 304 - "http://beklen.hu/" "Mozilla/5.0 (Windows NT 5.1) AppleWebKit/536.5 (KHTML, like Gecko) Chrome/19.0.1084.56 Safari/536.5"
84.0.130.84 - - [02/Jul/2012:09:15:34 +0200] "GET /tm07.jpg HTTP/1.1" 304 - "http://beklen.hu/" "Mozilla/5.0 (Windows NT 5.1) AppleWebKit/536.5 (KHTML, like Gecko) Chrome/19.0.1084.56 Safari/536.5"
84.0.130.84 - - [02/Jul/2012:09:15:34 +0200] "GET /bottom_main.jpg HTTP/1.1" 304 - "http://beklen.hu/" "Mozilla/5.0 (Windows NT 5.1) AppleWebKit/536.5 (KHTML, like Gecko) Chrome/19.0.1084.56 Safari/536.5"
84.0.130.84 - - [02/Jul/2012:09:15:34 +0200] "GET /nimfea_project_250x250.gif HTTP/1.1" 304 - "http://beklen.hu/" "Mozilla/5.0 (Windows NT 5.1) AppleWebKit/536.5 (KHTML, like Gecko) Chrome/19.0.1084.56 Safari/536.5"
84.0.130.84 - - [02/Jul/2012:09:15:34 +0200] "GET /a1_projekt_tabla_infra_cs3_beklenhaz_.jpg HTTP/1.1" 304 - "http://beklen.hu/" "Mozilla/5.0 (Windows NT 5.1) AppleWebKit/536.5 (KHTML, like Gecko) Chrome/19.0.1084.56 Safari/536.5"
84.0.130.84 - - [02/Jul/2012:09:15:34 +0200] "GET /jog_honlap_.jpg HTTP/1.1" 304 - "http://beklen.hu/" "Mozilla/5.0 (Windows NT 5.1) AppleWebKit/536.5 (KHTML, like Gecko) Chrome/19.0.1084.56 Safari/536.5"
84.0.130.84 - - [02/Jul/2012:09:15:35 +0200] "GET /tm04.jpg HTTP/1.1" 304 - "http://beklen.hu/" "Mozilla/5.0 (Windows NT 5.1) AppleWebKit/536.5 (KHTML, like Gecko) Chrome/19.0.1084.56 Safari/536.5"
84.0.130.84 - - [02/Jul/2012:09:15:35 +0200] "GET /tm05.jpg HTTP/1.1" 304 - "http://beklen.hu/" "Mozilla/5.0 (Windows NT 5.1) AppleWebKit/536.5 (KHTML, like Gecko) Chrome/19.0.1084.56 Safari/536.5"
84.0.130.84 - - [02/Jul/2012:09:15:35 +0200] "GET /tm06.jpg HTTP/1.1" 304 - "http://beklen.hu/" "Mozilla/5.0 (Windows NT 5.1) AppleWebKit/536.5 (KHTML, like Gecko) Chrome/19.0.1084.56 Safari/536.5"
84.0.130.84 - - [02/Jul/2012:09:15:35 +0200] "GET /tm02_.jpg HTTP/1.1" 304 - "http://beklen.hu/" "Mozilla/5.0 (Windows NT 5.1) AppleWebKit/536.5 (KHTML, like Gecko) Chrome/19.0.1084.56 Safari/536.5"
84.0.130.84 - - [02/Jul/2012:09:15:35 +0200] "GET /tm03.jpg HTTP/1.1" 304 - "http://beklen.hu/" "Mozilla/5.0 (Windows NT 5.1) AppleWebKit/536.5 (KHTML, like Gecko) Chrome/19.0.1084.56 Safari/536.5"
84.0.130.84 - - [02/Jul/2012:09:15:35 +0200] "GET /lb/images/loading.gif HTTP/1.1" 304 - "http://beklen.hu/" "Mozilla/5.0 (Windows NT 5.1) AppleWebKit/536.5 (KHTML, like Gecko) Chrome/19.0.1084.56 Safari/536.5"
84.0.130.84 - - [02/Jul/2012:09:15:35 +0200] "GET /lb/images/closelabel.gif HTTP/1.1" 304 - "http://beklen.hu/" "Mozilla/5.0 (Windows NT 5.1) AppleWebKit/536.5 (KHTML, like Gecko) Chrome/19.0.1084.56 Safari/536.5"
84.0.130.84 - - [02/Jul/2012:09:15:35 +0200] "GET /favicon.ico HTTP/1.1" 404 1181 "-" "Mozilla/5.0 (Windows NT 5.1) AppleWebKit/536.5 (KHTML, like Gecko) Chrome/19.0.1084.56 Safari/536.5"
84.0.130.84 - - [02/Jul/2012:09:15:59 +0200] "GET / HTTP/1.1" 200 23778 "-" "Mozilla/5.0 (Windows NT 5.1) AppleWebKit/536.5 (KHTML, like Gecko) Chrome/19.0.1084.56 Safari/536.5"
84.0.130.84 - - [02/Jul/2012:09:16:00 +0200] "GET /vill.cs HTTP/1.1" 304 - "http://beklen.hu/" "Mozilla/5.0 (Windows NT 5.1) AppleWebKit/536.5 (KHTML, like Gecko) Chrome/19.0.1084.56 Safari/536.5"
84.0.130.84 - - [02/Jul/2012:09:16:00 +0200] "GET /lb/css/lightbox.css HTTP/1.1" 304 - "http://beklen.hu/" "Mozilla/5.0 (Windows NT 5.1) AppleWebKit/536.5 (KHTML, like Gecko) Chrome/19.0.1084.56 Safari/536.5"
84.0.130.84 - - [02/Jul/2012:09:16:00 +0200] "GET /lb/js/scriptaculous.js?load=effects HTTP/1.1" 304 - "http://beklen.hu/" "Mozilla/5.0 (Windows NT 5.1) AppleWebKit/536.5 (KHTML, like Gecko) Chrome/19.0.1084.56 Safari/536.5"
84.0.130.84 - - [02/Jul/2012:09:16:00 +0200] "GET /lb/js/lightbox.js HTTP/1.1" 304 - "http://beklen.hu/" "Mozilla/5.0 (Windows NT 5.1) AppleWebKit/536.5 (KHTML, like Gecko) Chrome/19.0.1084.56 Safari/536.5"
84.0.130.84 - - [02/Jul/2012:09:16:00 +0200] "GET /lb/js/prototype.js HTTP/1.1" 304 - "http://beklen.hu/" "Mozilla/5.0 (Windows NT 5.1) AppleWebKit/536.5 (KHTML, like Gecko) Chrome/19.0.1084.56 Safari/536.5"
84.0.130.84 - - [02/Jul/2012:09:16:00 +0200] "GET /lb/js/effects.js HTTP/1.1" 304 - "http://beklen.hu/" "Mozilla/5.0 (Windows NT 5.1) AppleWebKit/536.5 (KHTML, like Gecko) Chrome/19.0.1084.56 Safari/536.5"
84.0.130.84 - - [02/Jul/2012:09:16:00 +0200] "GET /bg.jpg HTTP/1.1" 304 - "http://beklen.hu/" "Mozilla/5.0 (Windows NT 5.1) AppleWebKit/536.5 (KHTML, like Gecko) Chrome/19.0.1084.56 Safari/536.5"
84.0.130.84 - - [02/Jul/2012:09:16:00 +0200] "GET /tm01.jpg HTTP/1.1" 304 - "http://beklen.hu/" "Mozilla/5.0 (Windows NT 5.1) AppleWebKit/536.5 (KHTML, like Gecko) Chrome/19.0.1084.56 Safari/536.5"
84.0.130.84 - - [02/Jul/2012:09:16:00 +0200] "GET /tm02.jpg HTTP/1.1" 304 - "http://beklen.hu/" "Mozilla/5.0 (Windows NT 5.1) AppleWebKit/536.5 (KHTML, like Gecko) Chrome/19.0.1084.56 Safari/536.5"
84.0.130.84 - - [02/Jul/2012:09:16:00 +0200] "GET /tm03_.jpg HTTP/1.1" 304 - "http://beklen.hu/" "Mozilla/5.0 (Windows NT 5.1) AppleWebKit/536.5 (KHTML, like Gecko) Chrome/19.0.1084.56 Safari/536.5"
84.0.130.84 - - [02/Jul/2012:09:16:00 +0200] "GET /tm04_.jpg HTTP/1.1" 304 - "http://beklen.hu/" "Mozilla/5.0 (Windows NT 5.1) AppleWebKit/536.5 (KHTML, like Gecko) Chrome/19.0.1084.56 Safari/536.5"
84.0.130.84 - - [02/Jul/2012:09:16:00 +0200] "GET /tm05_.jpg HTTP/1.1" 304 - "http://beklen.hu/" "Mozilla/5.0 (Windows NT 5.1) AppleWebKit/536.5 (KHTML, like Gecko) Chrome/19.0.1084.56 Safari/536.5"
84.0.130.84 - - [02/Jul/2012:09:16:00 +0200] "GET /tm06_.jpg HTTP/1.1" 304 - "http://beklen.hu/" "Mozilla/5.0 (Windows NT 5.1) AppleWebKit/536.5 (KHTML, like Gecko) Chrome/19.0.1084.56 Safari/536.5"
84.0.130.84 - - [02/Jul/2012:09:16:00 +0200] "GET /tm07.jpg HTTP/1.1" 304 - "http://beklen.hu/" "Mozilla/5.0 (Windows NT 5.1) AppleWebKit/536.5 (KHTML, like Gecko) Chrome/19.0.1084.56 Safari/536.5"
84.0.130.84 - - [02/Jul/2012:09:16:00 +0200] "GET /bottom_main.jpg HTTP/1.1" 304 - "http://beklen.hu/" "Mozilla/5.0 (Windows NT 5.1) AppleWebKit/536.5 (KHTML, like Gecko) Chrome/19.0.1084.56 Safari/536.5"
84.0.130.84 - - [02/Jul/2012:09:16:00 +0200] "GET /a1_projekt_tabla_infra_cs3_beklenhaz_.jpg HTTP/1.1" 304 - "http://beklen.hu/" "Mozilla/5.0 (Windows NT 5.1) AppleWebKit/536.5 (KHTML, like Gecko) Chrome/19.0.1084.56 Safari/536.5"
84.0.130.84 - - [02/Jul/2012:09:16:00 +0200] "GET /nimfea_project_250x250.gif HTTP/1.1" 304 - "http://beklen.hu/" "Mozilla/5.0 (Windows NT 5.1) AppleWebKit/536.5 (KHTML, like Gecko) Chrome/19.0.1084.56 Safari/536.5"
84.0.130.84 - - [02/Jul/2012:09:16:01 +0200] "GET /jog_honlap_.jpg HTTP/1.1" 304 - "http://beklen.hu/" "Mozilla/5.0 (Windows NT 5.1) AppleWebKit/536.5 (KHTML, like Gecko) Chrome/19.0.1084.56 Safari/536.5"
84.0.130.84 - - [02/Jul/2012:09:16:01 +0200] "GET /favicon.ico HTTP/1.1" 404 1181 "-" "Mozilla/5.0 (Windows NT 5.1) AppleWebKit/536.5 (KHTML, like Gecko) Chrome/19.0.1084.56 Safari/536.5"
208.115.113.84 - - [02/Jul/2012:09:20:33 +0200] "GET /jog/slapp.htm HTTP/1.1" 200 21314 "-" "Mozilla/5.0 (compatible; Ezooms/1.0; ezooms.bot@gmail.com)"
208.115.113.84 - - [02/Jul/2012:09:20:35 +0200] "GET /nca06.htm HTTP/1.1" 200 19034 "-" "Mozilla/5.0 (compatible; Ezooms/1.0; ezooms.bot@gmail.com)"
208.115.111.68 - - [02/Jul/2012:09:29:46 +0200] "GET /hirek/hirek100225.htm HTTP/1.1" 200 7288 "-" "Mozilla/5.0 (compatible; Ezooms/1.0; ezooms.bot@gmail.com)"
208.115.111.68 - - [02/Jul/2012:09:29:47 +0200] "GET /nca11.htm HTTP/1.1" 200 7133 "-" "Mozilla/5.0 (compatible; Ezooms/1.0; ezooms.bot@gmail.com)"
208.115.113.84 - - [02/Jul/2012:09:51:13 +0200] "GET /robots.txt HTTP/1.1" 404 1181 "-" "Mozilla/5.0 (compatible; Ezooms/1.0; ezooms.bot@gmail.com)"
178.154.210.252 - - [02/Jul/2012:10:30:00 +0200] "GET /kapcsolat.htm HTTP/1.1" 304 - "-" "Mozilla/5.0 (compatible; YandexBot/3.0; +http://yandex.com/bots)"
208.115.113.84 - - [02/Jul/2012:10:48:08 +0200] "GET /robots.txt HTTP/1.1" 404 1181 "-" "Mozilla/5.0 (compatible; Ezooms/1.0; ezooms.bot@gmail.com)"
208.115.113.84 - - [02/Jul/2012:11:48:51 +0200] "GET /jog/slapp.htm HTTP/1.1" 200 21314 "-" "Mozilla/5.0 (compatible; Ezooms/1.0; ezooms.bot@gmail.com)"
208.115.113.84 - - [02/Jul/2012:11:49:04 +0200] "GET /nca06.htm HTTP/1.1" 200 19034 "-" "Mozilla/5.0 (compatible; Ezooms/1.0; ezooms.bot@gmail.com)"
208.115.113.84 - - [02/Jul/2012:12:46:05 +0200] "GET /nca09.htm HTTP/1.1" 200 24315 "-" "Mozilla/5.0 (compatible; Ezooms/1.0; ezooms.bot@gmail.com)"
178.154.210.252 - - [02/Jul/2012:12:51:54 +0200] "GET /english/index.htm HTTP/1.1" 304 - "-" "Mozilla/5.0 (compatible; YandexBot/3.0; +http://yandex.com/bots)"
66.249.72.2 - - [02/Jul/2012:12:52:20 +0200] "GET /jog/eseteink/audi/audi_gyor_restoration_measures1-10.pdf HTTP/1.1" 200 4247194 "-" "Mozilla/5.0 (compatible; Googlebot/2.1; +http://www.google.com/bot.html)"
95.108.158.242 - - [02/Jul/2012:13:31:14 +0200] "GET /robots.txt HTTP/1.1" 404 1181 "-" "Mozilla/5.0 (compatible; YandexImages/3.0; +http://yandex.com/bots)"
95.108.158.242 - - [02/Jul/2012:14:13:55 +0200] "GET /tm05_.jpg HTTP/1.1" 200 1839 "-" "Mozilla/5.0 (compatible; YandexImages/3.0; +http://yandex.com/bots)"
62.163.114.87 - - [02/Jul/2012:14:34:58 +0200] "GET / HTTP/1.1" 200 23778 "-" "Java/1.7.0_05"
62.163.114.87 - - [02/Jul/2012:14:34:58 +0200] "GET /hirarchivum.htm HTTP/1.1" 200 24981 "-" "Java/1.7.0_05"
62.163.114.87 - - [02/Jul/2012:14:34:58 +0200] "GET /index.htm HTTP/1.1" 200 23778 "-" "Java/1.7.0_05"
62.163.114.87 - - [02/Jul/2012:14:34:58 +0200] "GET /kapcsolat.htm HTTP/1.1" 200 6889 "-" "Java/1.7.0_05"
62.163.114.87 - - [02/Jul/2012:14:34:58 +0200] "GET /magunkrol.htm HTTP/1.1" 200 9202 "-" "Java/1.7.0_05"
62.163.114.87 - - [02/Jul/2012:14:34:58 +0200] "GET /media.htm HTTP/1.1" 200 5208 "-" "Java/1.7.0_05"
62.163.114.87 - - [02/Jul/2012:14:34:58 +0200] "GET /programok.htm HTTP/1.1" 200 6444 "-" "Java/1.7.0_05"
62.163.114.87 - - [02/Jul/2012:14:34:58 +0200] "GET /vill.cs HTTP/1.1" 200 2676 "-" "Java/1.7.0_05"
62.163.114.87 - - [02/Jul/2012:14:34:58 +0200] "GET /hirek08_10.htm HTTP/1.1" 200 6946 "-" "Java/1.7.0_05"
62.163.114.87 - - [02/Jul/2012:14:34:59 +0200] "GET /hirek08_11.htm HTTP/1.1" 200 7253 "-" "Java/1.7.0_05"
62.163.114.87 - - [02/Jul/2012:14:34:59 +0200] "GET /hirek08_12.htm HTTP/1.1" 200 8268 "-" "Java/1.7.0_05"
62.163.114.87 - - [02/Jul/2012:14:34:59 +0200] "GET /hirek09_01.htm HTTP/1.1" 200 6841 "-" "Java/1.7.0_05"
62.163.114.87 - - [02/Jul/2012:14:34:59 +0200] "GET /hirek09_02.htm HTTP/1.1" 200 7450 "-" "Java/1.7.0_05"
62.163.114.87 - - [02/Jul/2012:14:34:59 +0200] "GET /hirek09_03.htm HTTP/1.1" 200 10726 "-" "Java/1.7.0_05"
62.163.114.87 - - [02/Jul/2012:14:34:59 +0200] "GET /&url=kapcsolat.htm HTTP/1.1" 404 1181 "-" "Java/1.7.0_05"
62.163.114.87 - - [02/Jul/2012:14:34:59 +0200] "GET /&url=programok.htm HTTP/1.1" 404 1181 "-" "Java/1.7.0_05"
62.163.114.87 - - [02/Jul/2012:14:34:59 +0200] "GET /&url=adomanyi.htm HTTP/1.1" 404 1181 "-" "Java/1.7.0_05"
62.163.114.87 - - [02/Jul/2012:14:34:59 +0200] "GET /bunt.htm HTTP/1.1" 200 5683 "-" "Java/1.7.0_05"
62.163.114.87 - - [02/Jul/2012:14:34:59 +0200] "GET /civilmuhely.htm HTTP/1.1" 200 8450 "-" "Java/1.7.0_05"
62.163.114.87 - - [02/Jul/2012:14:34:59 +0200] "GET /khb.htm HTTP/1.1" 200 8719 "-" "Java/1.7.0_05"
62.163.114.87 - - [02/Jul/2012:14:34:59 +0200] "GET /nca.htm HTTP/1.1" 200 7467 "-" "Java/1.7.0_05"
62.163.114.87 - - [02/Jul/2012:14:35:00 +0200] "GET /ncta.htm HTTP/1.1" 200 7221 "-" "Java/1.7.0_05"
62.163.114.87 - - [02/Jul/2012:14:35:00 +0200] "GET /nka.htm HTTP/1.1" 200 6221 "-" "Java/1.7.0_05"
62.163.114.87 - - [02/Jul/2012:14:35:00 +0200] "GET /szakmai.htm HTTP/1.1" 200 6054 "-" "Java/1.7.0_05"
62.163.114.87 - - [02/Jul/2012:14:35:00 +0200] "GET /ncta_a.htm HTTP/1.1" 200 7260 "-" "Java/1.7.0_05"
62.163.114.87 - - [02/Jul/2012:14:35:00 +0200] "GET /&url=civilmuhely.htm HTTP/1.1" 404 1181 "-" "Java/1.7.0_05"
62.163.114.87 - - [02/Jul/2012:14:35:00 +0200] "GET /&url=magunkrol.htm HTTP/1.1" 404 1181 "-" "Java/1.7.0_05"
62.163.114.87 - - [02/Jul/2012:14:35:00 +0200] "GET /nca04.htm HTTP/1.1" 200 16378 "-" "Java/1.7.0_05"
62.163.114.87 - - [02/Jul/2012:14:35:00 +0200] "GET /nca05.htm HTTP/1.1" 200 16412 "-" "Java/1.7.0_05"
62.163.114.87 - - [02/Jul/2012:14:35:00 +0200] "GET /nca06.htm HTTP/1.1" 200 19034 "-" "Java/1.7.0_05"
62.163.114.87 - - [02/Jul/2012:14:35:01 +0200] "GET /nca07.htm HTTP/1.1" 200 21968 "-" "Java/1.7.0_05"
62.163.114.87 - - [02/Jul/2012:14:35:01 +0200] "GET /nca08.htm HTTP/1.1" 200 21795 "-" "Java/1.7.0_05"
62.163.114.87 - - [02/Jul/2012:14:35:01 +0200] "GET /nca09.htm HTTP/1.1" 200 24315 "-" "Java/1.7.0_05"
62.163.114.87 - - [02/Jul/2012:14:35:01 +0200] "GET /nca10.htm HTTP/1.1" 200 16648 "-" "Java/1.7.0_05"
62.163.114.87 - - [02/Jul/2012:14:35:01 +0200] "GET /nca11.htm HTTP/1.1" 200 7133 "-" "Java/1.7.0_05"
62.163.114.87 - - [02/Jul/2012:14:35:01 +0200] "GET /kiadvanyok.htm HTTP/1.1" 200 8206 "-" "Java/1.7.0_05"
62.163.114.87 - - [02/Jul/2012:14:35:01 +0200] "GET /deutsch/index.htm HTTP/1.1" 200 5324 "-" "Java/1.7.0_05"
62.163.114.87 - - [02/Jul/2012:14:35:01 +0200] "GET /english/index.htm HTTP/1.1" 200 5262 "-" "Java/1.7.0_05"
62.163.114.87 - - [02/Jul/2012:14:35:02 +0200] "GET /fiok/index.html HTTP/1.1" 200 20554 "-" "Java/1.7.0_05"
62.163.114.87 - - [02/Jul/2012:14:35:02 +0200] "GET /hirek/hirek091015.htm HTTP/1.1" 200 7046 "-" "Java/1.7.0_05"
62.163.114.87 - - [02/Jul/2012:14:35:02 +0200] "GET /hirek/hirek091102.htm HTTP/1.1" 200 8538 "-" "Java/1.7.0_05"
62.163.114.87 - - [02/Jul/2012:14:35:02 +0200] "GET /hirek/hirek091103.htm HTTP/1.1" 200 7301 "-" "Java/1.7.0_05"
62.163.114.87 - - [02/Jul/2012:14:35:02 +0200] "GET /hirek/hirek091221.htm HTTP/1.1" 200 6740 "-" "Java/1.7.0_05"
62.163.114.87 - - [02/Jul/2012:14:35:02 +0200] "GET /hirek/hirek100225.htm HTTP/1.1" 200 7288 "-" "Java/1.7.0_05"
178.154.210.252 - - [02/Jul/2012:15:05:57 +0200] "GET /hirek/hirek091015.htm HTTP/1.1" 304 - "-" "Mozilla/5.0 (compatible; YandexBot/3.0; +http://yandex.com/bots)"
208.115.113.84 - - [02/Jul/2012:15:17:23 +0200] "GET /robots.txt HTTP/1.1" 404 1181 "-" "Mozilla/5.0 (compatible; Ezooms/1.0; ezooms.bot@gmail.com)"
95.108.158.242 - - [02/Jul/2012:15:23:32 +0200] "GET /tm02.jpg HTTP/1.1" 200 1873 "-" "Mozilla/5.0 (compatible; YandexImages/3.0; +http://yandex.com/bots)"
178.154.210.252 - - [02/Jul/2012:15:32:04 +0200] "GET /hirarchivum.htm HTTP/1.1" 304 - "-" "Mozilla/5.0 (compatible; YandexBot/3.0; +http://yandex.com/bots)"
208.115.113.84 - - [02/Jul/2012:16:04:08 +0200] "GET /robots.txt HTTP/1.1" 404 1181 "-" "Mozilla/5.0 (compatible; Ezooms/1.0; ezooms.bot@gmail.com)"
95.108.158.242 - - [02/Jul/2012:16:12:17 +0200] "GET /tm07.jpg HTTP/1.1" 200 1007 "-" "Mozilla/5.0 (compatible; YandexImages/3.0; +http://yandex.com/bots)"
66.249.72.2 - - [02/Jul/2012:16:31:07 +0200] "GET /robots.txt HTTP/1.1" 404 1181 "-" "Mozilla/5.0 (compatible; Googlebot/2.1; +http://www.google.com/bot.html)"
66.249.72.2 - - [02/Jul/2012:16:31:08 +0200] "GET /hirek/hirek100420.htm HTTP/1.1" 304 - "-" "Mozilla/5.0 (iPhone; U; CPU iPhone OS 4_1 like Mac OS X; en-us) AppleWebKit/532.9 (KHTML, like Gecko) Version/4.0.5 Mobile/8B117 Safari/6531.22.7 (compatible; Googlebot-Mobile/2.1; +http://www.google.com/bot.html)"
95.108.158.242 - - [02/Jul/2012:16:35:52 +0200] "GET /tm04_.jpg HTTP/1.1" 200 2058 "-" "Mozilla/5.0 (compatible; YandexImages/3.0; +http://yandex.com/bots)"
217.69.133.31 - - [02/Jul/2012:17:08:49 +0200] "GET /robots.txt HTTP/1.0" 404 1181 "-" "Mozilla/5.0 (compatible; Mail.RU/2.0)"
96.2.31.16 - - [02/Jul/2012:17:34:44 +0200] "GET /robots.txt HTTP/1.0" 404 1181 "-" "Mozilla/5.0 (compatible; MJ12bot/v1.4.3; http://www.majestic12.co.uk/bot.php?+)"
96.2.31.16 - - [02/Jul/2012:17:34:49 +0200] "GET / HTTP/1.1" 200 23778 "-" "Mozilla/5.0 (compatible; MJ12bot/v1.4.3; http://www.majestic12.co.uk/bot.php?+)"
184.107.247.202 - - [02/Jul/2012:17:39:54 +0200] "GET / HTTP/1.0" 200 23778 "http://www.beklen.hu" "Mozilla/5.0 (Windows NT 5.1; rv:11.0) Gecko/20100101 Firefox/11.0"
184.107.247.202 - - [02/Jul/2012:17:39:58 +0200] "GET /vill.cs HTTP/1.0" 200 2676 "http://www.beklen.hu/" "Mozilla/5.0 (Windows NT 5.1; rv:11.0) Gecko/20100101 Firefox/11.0"
184.107.247.202 - - [02/Jul/2012:17:40:02 +0200] "GET /lb/js/prototype.js HTTP/1.0" 200 47603 "http://www.beklen.hu/" "Mozilla/5.0 (Windows NT 5.1; rv:11.0) Gecko/20100101 Firefox/11.0"
184.107.247.202 - - [02/Jul/2012:17:40:19 +0200] "GET /lb/js/scriptaculous.js?load=effects HTTP/1.0" 200 2152 "http://www.beklen.hu/" "Mozilla/5.0 (Windows NT 5.1; rv:11.0) Gecko/20100101 Firefox/11.0"
184.107.247.202 - - [02/Jul/2012:17:40:20 +0200] "GET /lb/js/lightbox.js HTTP/1.0" 200 23424 "http://www.beklen.hu/" "Mozilla/5.0 (Windows NT 5.1; rv:11.0) Gecko/20100101 Firefox/11.0"
184.107.247.202 - - [02/Jul/2012:17:40:30 +0200] "GET /lb/css/lightbox.css HTTP/1.0" 200 1715 "http://www.beklen.hu/" "Mozilla/5.0 (Windows NT 5.1; rv:11.0) Gecko/20100101 Firefox/11.0"
184.107.247.202 - - [02/Jul/2012:17:40:31 +0200] "GET /bg.jpg HTTP/1.0" 200 566 "http://www.beklen.hu/" "Mozilla/5.0 (Windows NT 5.1; rv:11.0) Gecko/20100101 Firefox/11.0"
184.107.247.202 - - [02/Jul/2012:17:40:35 +0200] "GET /tm01.jpg HTTP/1.0" 200 1080 "http://www.beklen.hu/" "Mozilla/5.0 (Windows NT 5.1; rv:11.0) Gecko/20100101 Firefox/11.0"
184.107.247.202 - - [02/Jul/2012:17:40:43 +0200] "GET /index.htm HTTP/1.0" 200 23778 "http://www.beklen.hu/" "Mozilla/5.0 (Windows NT 5.1; rv:11.0) Gecko/20100101 Firefox/11.0"
184.107.247.202 - - [02/Jul/2012:17:40:53 +0200] "GET /tm02.jpg HTTP/1.0" 200 1873 "http://www.beklen.hu/" "Mozilla/5.0 (Windows NT 5.1; rv:11.0) Gecko/20100101 Firefox/11.0"
184.107.247.202 - - [02/Jul/2012:17:40:56 +0200] "GET /magunkrol.htm HTTP/1.0" 200 9202 "http://www.beklen.hu/" "Mozilla/5.0 (Windows NT 5.1; rv:11.0) Gecko/20100101 Firefox/11.0"
184.107.247.202 - - [02/Jul/2012:17:41:01 +0200] "GET /tm03_.jpg HTTP/1.0" 200 1787 "http://www.beklen.hu/" "Mozilla/5.0 (Windows NT 5.1; rv:11.0) Gecko/20100101 Firefox/11.0"
184.107.247.202 - - [02/Jul/2012:17:41:02 +0200] "GET /programok.htm HTTP/1.0" 200 6444 "http://www.beklen.hu/" "Mozilla/5.0 (Windows NT 5.1; rv:11.0) Gecko/20100101 Firefox/11.0"
184.107.247.202 - - [02/Jul/2012:17:41:05 +0200] "GET /tm04_.jpg HTTP/1.0" 200 2058 "http://www.beklen.hu/" "Mozilla/5.0 (Windows NT 5.1; rv:11.0) Gecko/20100101 Firefox/11.0"
184.107.247.202 - - [02/Jul/2012:17:41:06 +0200] "GET /kapcsolat.htm HTTP/1.0" 200 6889 "http://www.beklen.hu/" "Mozilla/5.0 (Windows NT 5.1; rv:11.0) Gecko/20100101 Firefox/11.0"
208.115.111.68 - - [02/Jul/2012:17:47:16 +0200] "GET /robots.txt HTTP/1.1" 404 1181 "-" "Mozilla/5.0 (compatible; Ezooms/1.0; ezooms.bot@gmail.com)"
95.108.158.242 - - [02/Jul/2012:18:14:51 +0200] "GET /tm03_.jpg HTTP/1.1" 200 1787 "-" "Mozilla/5.0 (compatible; YandexImages/3.0; +http://yandex.com/bots)"
139.18.2.209 - - [02/Jul/2012:19:01:11 +0200] "GET /szakmai.htm HTTP/1.1" 200 6054 "-" "findlinks/2.6 (+http://wortschatz.uni-leipzig.de/findlinks/)"
208.115.111.68 - - [02/Jul/2012:19:29:45 +0200] "GET /fiok/mult.htm HTTP/1.1" 200 23227 "-" "Mozilla/5.0 (compatible; Ezooms/1.0; ezooms.bot@gmail.com)"
188.138.123.19 - - [02/Jul/2012:19:33:30 +0200] "GET /webcalendar/install/index.php HTTP/1.1" 404 1181 "-" "Mozilla/4.0 (compatible; MSIE 6.0; MSIE 5.5; Windows NT 5.1) Opera 7.01 [en]"
188.138.123.19 - - [02/Jul/2012:19:37:12 +0200] "GET /calendar/install/index.php HTTP/1.1" 404 1181 "-" "Mozilla/4.0 (compatible; MSIE 6.0; MSIE 5.5; Windows NT 5.1) Opera 7.01 [en]"
188.138.123.19 - - [02/Jul/2012:19:40:54 +0200] "GET /web//install/index.php HTTP/1.1" 404 1181 "-" "Mozilla/4.0 (compatible; MSIE 6.0; MSIE 5.5; Windows NT 5.1) Opera 7.01 [en]"
188.138.123.19 - - [02/Jul/2012:19:44:35 +0200] "GET /calendair/install/index.php HTTP/1.1" 404 1181 "-" "Mozilla/4.0 (compatible; MSIE 6.0; MSIE 5.5; Windows NT 5.1) Opera 7.01 [en]"
95.108.158.242 - - [02/Jul/2012:20:03:43 +0200] "GET /tm02_.jpg HTTP/1.1" 200 1524 "-" "Mozilla/5.0 (compatible; YandexImages/3.0; +http://yandex.com/bots)"
66.249.72.2 - - [02/Jul/2012:20:21:04 +0200] "GET /jog/eseteink/korosladany/kozig_hivatalnak_erdeklodes.pdf HTTP/1.1" 200 142061 "-" "Mozilla/5.0 (compatible; Googlebot/2.1; +http://www.google.com/bot.html)"
77.20.4.67 - - [02/Jul/2012:20:55:34 +0200] "GET /robots.txt HTTP/1.1" 404 1181 "-" "findlinks/2.0.2 (+http://wortschatz.uni-leipzig.de/findlinks/)"
208.115.111.68 - - [02/Jul/2012:21:22:07 +0200] "GET /robots.txt HTTP/1.1" 404 1181 "-" "Mozilla/5.0 (compatible; Ezooms/1.0; ezooms.bot@gmail.com)"
208.115.111.68 - - [02/Jul/2012:21:22:07 +0200] "GET /robots.txt HTTP/1.1" 404 1181 "-" "Mozilla/5.0 (compatible; Ezooms/1.0; ezooms.bot@gmail.com)"
95.108.158.242 - - [02/Jul/2012:21:54:27 +0200] "GET /tm06_.jpg HTTP/1.1" 200 1382 "-" "Mozilla/5.0 (compatible; YandexImages/3.0; +http://yandex.com/bots)"
178.154.210.252 - - [02/Jul/2012:22:32:01 +0200] "GET /robots.txt HTTP/1.1" 404 1181 "-" "Mozilla/5.0 (compatible; YandexBot/3.0; +http://yandex.com/bots)"
208.115.111.68 - - [02/Jul/2012:23:16:51 +0200] "GET /deutsch/kontakt.htm HTTP/1.1" 200 4769 "-" "Mozilla/5.0 (compatible; Ezooms/1.0; ezooms.bot@gmail.com)"
208.115.111.68 - - [02/Jul/2012:23:16:53 +0200] "GET /hirek08_11.htm HTTP/1.1" 200 7253 "-" "Mozilla/5.0 (compatible; Ezooms/1.0; ezooms.bot@gmail.com)"
208.115.111.68 - - [02/Jul/2012:23:16:56 +0200] "GET /jog/tarseljarasok.htm HTTP/1.1" 200 13316 "-" "Mozilla/5.0 (compatible; Ezooms/1.0; ezooms.bot@gmail.com)"
208.115.111.68 - - [02/Jul/2012:23:17:01 +0200] "GET /nca05.htm HTTP/1.1" 200 16412 "-" "Mozilla/5.0 (compatible; Ezooms/1.0; ezooms.bot@gmail.com)"
178.154.210.252 - - [02/Jul/2012:23:40:02 +0200] "GET /hirek/klimatv_civilcikk.doc HTTP/1.1" 304 - "-" "Mozilla/5.0 (compatible; YandexBot/3.0; +http://yandex.com/bots)"
95.108.158.242 - - [03/Jul/2012:00:15:38 +0200] "GET /tm01.jpg HTTP/1.1" 200 1080 "-" "Mozilla/5.0 (compatible; YandexImages/3.0; +http://yandex.com/bots)"
208.115.111.68 - - [03/Jul/2012:00:20:33 +0200] "GET /robots.txt HTTP/1.1" 404 1181 "-" "Mozilla/5.0 (compatible; Ezooms/1.0; ezooms.bot@gmail.com)"
208.115.111.68 - - [03/Jul/2012:01:52:18 +0200] "GET /jog/polgariper.htm HTTP/1.1" 200 13964 "-" "Mozilla/5.0 (compatible; Ezooms/1.0; ezooms.bot@gmail.com)"
208.115.111.68 - - [03/Jul/2012:06:30:55 +0200] "GET /robots.txt HTTP/1.1" 404 1181 "-" "Mozilla/5.0 (compatible; Ezooms/1.0; ezooms.bot@gmail.com)"
66.249.72.2 - - [03/Jul/2012:07:17:12 +0200] "GET /robots.txt HTTP/1.1" 404 1181 "-" "Mozilla/5.0 (compatible; Googlebot/2.1; +http://www.google.com/bot.html)"
66.249.72.2 - - [03/Jul/2012:07:17:12 +0200] "GET /hirek09_01.htm HTTP/1.1" 200 6841 "-" "Mozilla/5.0 (compatible; Googlebot/2.1; +http://www.google.com/bot.html)"
208.115.111.68 - - [03/Jul/2012:08:08:15 +0200] "GET /english/contact.htm HTTP/1.1" 200 4601 "-" "Mozilla/5.0 (compatible; Ezooms/1.0; ezooms.bot@gmail.com)"
208.115.113.84 - - [03/Jul/2012:11:01:04 +0200] "GET /robots.txt HTTP/1.1" 404 1181 "-" "Mozilla/5.0 (compatible; Ezooms/1.0; ezooms.bot@gmail.com)"
208.115.113.84 - - [03/Jul/2012:11:36:48 +0200] "GET /robots.txt HTTP/1.1" 404 1181 "-" "Mozilla/5.0 (compatible; Ezooms/1.0; ezooms.bot@gmail.com)"
178.154.210.252 - - [03/Jul/2012:11:37:34 +0200] "GET /magunkrol.htm HTTP/1.1" 304 - "-" "Mozilla/5.0 (compatible; YandexBot/3.0; +http://yandex.com/bots)"
208.115.113.84 - - [03/Jul/2012:13:14:29 +0200] "GET /hirek/hirek08_12.htm HTTP/1.1" 200 8352 "-" "Mozilla/5.0 (compatible; Ezooms/1.0; ezooms.bot@gmail.com)"
208.115.113.84 - - [03/Jul/2012:13:38:02 +0200] "GET /robots.txt HTTP/1.1" 404 1181 "-" "Mozilla/5.0 (compatible; Ezooms/1.0; ezooms.bot@gmail.com)"
208.115.111.68 - - [03/Jul/2012:14:06:48 +0200] "GET /robots.txt HTTP/1.1" 404 1181 "-" "Mozilla/5.0 (compatible; Ezooms/1.0; ezooms.bot@gmail.com)"
66.249.72.240 - - [03/Jul/2012:14:29:47 +0200] "GET /robots.txt HTTP/1.1" 404 1181 "-" "Mozilla/5.0 (compatible; Googlebot/2.1; +http://www.google.com/bot.html)"
66.249.72.240 - - [03/Jul/2012:14:29:48 +0200] "GET /english/contact.htm HTTP/1.1" 304 - "-" "Mozilla/5.0 (compatible; Googlebot/2.1; +http://www.google.com/bot.html)"
178.154.210.252 - - [03/Jul/2012:14:50:42 +0200] "GET /hirek/hirek091221.htm HTTP/1.1" 304 - "-" "Mozilla/5.0 (compatible; YandexBot/3.0; +http://yandex.com/bots)"
66.249.72.240 - - [03/Jul/2012:14:52:03 +0200] "GET /jog/eseteink/derekegyhaza/fvm_kekto.pdf HTTP/1.1" 304 - "-" "Mozilla/5.0 (compatible; Googlebot/2.1; +http://www.google.com/bot.html)"
178.154.210.252 - - [03/Jul/2012:15:00:56 +0200] "GET /media.htm HTTP/1.1" 304 - "-" "Mozilla/5.0 (compatible; YandexBot/3.0; +http://yandex.com/bots)"
208.115.113.84 - - [03/Jul/2012:15:23:28 +0200] "GET /hirek/ HTTP/1.1" 403 1172 "-" "Mozilla/5.0 (compatible; Ezooms/1.0; ezooms.bot@gmail.com)"
208.115.111.68 - - [03/Jul/2012:15:41:24 +0200] "GET /english/index.htm HTTP/1.1" 200 5262 "-" "Mozilla/5.0 (compatible; Ezooms/1.0; ezooms.bot@gmail.com)"
208.115.111.68 - - [03/Jul/2012:15:41:29 +0200] "GET /hirek/hirek100804.htm HTTP/1.1" 200 8056 "-" "Mozilla/5.0 (compatible; Ezooms/1.0; ezooms.bot@gmail.com)"
208.115.113.84 - - [03/Jul/2012:16:10:08 +0200] "GET /robots.txt HTTP/1.1" 404 1181 "-" "Mozilla/5.0 (compatible; Ezooms/1.0; ezooms.bot@gmail.com)"
178.154.210.252 - - [03/Jul/2012:16:43:24 +0200] "GET /hirek/hirek100305.htm HTTP/1.1" 304 - "-" "Mozilla/5.0 (compatible; YandexBot/3.0; +http://yandex.com/bots)"
178.154.210.252 - - [03/Jul/2012:16:46:28 +0200] "GET /deutsch/index.htm HTTP/1.1" 304 - "-" "Mozilla/5.0 (compatible; YandexBot/3.0; +http://yandex.com/bots)"
66.249.72.2 - - [03/Jul/2012:18:05:57 +0200] "GET /robots.txt HTTP/1.1" 404 1181 "-" "Mozilla/5.0 (compatible; Googlebot/2.1; +http://www.google.com/bot.html)"
66.249.72.2 - - [03/Jul/2012:18:06:01 +0200] "GET /jog/eseteink/audi/additional_information_provided_by_hungarian_authorities_at_the_request_of_the_commission.pdf HTTP/1.1" 200 3547052 "-" "Mozilla/5.0 (compatible; Googlebot/2.1; +http://www.google.com/bot.html)"
66.249.72.2 - - [03/Jul/2012:18:24:51 +0200] "GET /jog/jogszabalyok/1995.%20evi%20XCIII.%20torveny.pdf HTTP/1.1" 200 125662 "-" "Mozilla/5.0 (compatible; Googlebot/2.1; +http://www.google.com/bot.html)"
178.154.210.252 - - [03/Jul/2012:18:32:32 +0200] "GET / HTTP/1.1" 200 23778 "-" "Mozilla/5.0 (compatible; YandexBot/3.0; +http://yandex.com/bots)"
178.154.210.252 - - [03/Jul/2012:18:32:35 +0200] "GET /hirek/klimatv_civilcikk.doc HTTP/1.1" 200 78336 "-" "Mozilla/5.0 (compatible; YandexBot/3.0; +http://yandex.com/bots)"
80.98.53.142 - - [03/Jul/2012:19:13:13 +0200] "GET /jog/pub/+jog_jav.pdf HTTP/1.1" 200 540676 "http://www.google.hu/url?sa=t&rct=j&q=k%C3%B6rnyezetv%C3%A9delmi%20k%C3%B6z%C3%A9rdek%C5%B1%20bejelent%C3%A9s%20%C3%A9szak%20magyarorsz%C3%A1gi%20k%C3%B6rny&source=web&cd=4&ved=0CFgQFjAD&url=http%3A%2F%2Fwww.beklen.hu%2Fjog%2Fpub%2F%2Bjog_jav.pdf&ei=GijzT8KLLsbYtAb2vNCzCQ&usg=AFQjCNH6eeIljxH7nidhjTRmAJ_4qA9dwQ" "Mozilla/5.0 (Windows NT 6.1; WOW64) AppleWebKit/536.11 (KHTML, like Gecko) Chrome/20.0.1132.47 Safari/536.11"
80.98.53.142 - - [03/Jul/2012:19:13:13 +0200] "GET /jog/pub/+jog_jav.pdf HTTP/1.1" 206 32768 "http://www.beklen.hu/jog/pub/+jog_jav.pdf" "Mozilla/5.0 (Windows NT 6.1; WOW64) AppleWebKit/536.11 (KHTML, like Gecko) Chrome/20.0.1132.47 Safari/536.11"
80.98.53.142 - - [03/Jul/2012:19:13:13 +0200] "GET /favicon.ico HTTP/1.1" 404 1181 "-" "Mozilla/5.0 (Windows NT 6.1; WOW64) AppleWebKit/536.11 (KHTML, like Gecko) Chrome/20.0.1132.47 Safari/536.11"
80.98.53.142 - - [03/Jul/2012:19:13:14 +0200] "GET /jog/pub/+jog_jav.pdf HTTP/1.1" 206 642330 "http://www.beklen.hu/jog/pub/+jog_jav.pdf" "Mozilla/5.0 (Windows NT 6.1; WOW64) AppleWebKit/536.11 (KHTML, like Gecko) Chrome/20.0.1132.47 Safari/536.11"
80.98.53.142 - - [03/Jul/2012:19:13:14 +0200] "GET /jog/pub/+jog_jav.pdf HTTP/1.1" 206 32768 "http://www.beklen.hu/jog/pub/+jog_jav.pdf" "Mozilla/5.0 (Windows NT 6.1; WOW64) AppleWebKit/536.11 (KHTML, like Gecko) Chrome/20.0.1132.47 Safari/536.11"
80.98.53.142 - - [03/Jul/2012:19:13:14 +0200] "GET /jog/pub/+jog_jav.pdf HTTP/1.1" 206 32768 "http://www.beklen.hu/jog/pub/+jog_jav.pdf" "Mozilla/5.0 (Windows NT 6.1; WOW64) AppleWebKit/536.11 (KHTML, like Gecko) Chrome/20.0.1132.47 Safari/536.11"
80.98.53.142 - - [03/Jul/2012:19:13:15 +0200] "GET /jog/pub/+jog_jav.pdf HTTP/1.1" 206 32768 "http://www.beklen.hu/jog/pub/+jog_jav.pdf" "Mozilla/5.0 (Windows NT 6.1; WOW64) AppleWebKit/536.11 (KHTML, like Gecko) Chrome/20.0.1132.47 Safari/536.11"
80.98.53.142 - - [03/Jul/2012:19:13:15 +0200] "GET /jog/pub/+jog_jav.pdf HTTP/1.1" 206 46374 "http://www.beklen.hu/jog/pub/+jog_jav.pdf" "Mozilla/5.0 (Windows NT 6.1; WOW64) AppleWebKit/536.11 (KHTML, like Gecko) Chrome/20.0.1132.47 Safari/536.11"
74.125.78.91 - - [03/Jul/2012:19:13:53 +0200] "GET /jog/eseteink/dakar/index.htm HTTP/1.1" 200 10482 "http://www.google.com/search" "Mozilla/5.0 (X11; Linux x86_64) AppleWebKit/536.8 (KHTML, like Gecko; Google Web Preview) Chrome/19.0.1084.36 Safari/536.8"
74.125.78.101 - - [03/Jul/2012:19:13:54 +0200] "GET /jog/script.js HTTP/1.1" 200 5674 "http://www.beklen.hu/jog/eseteink/dakar/index.htm" "Mozilla/5.0 (X11; Linux x86_64) AppleWebKit/536.8 (KHTML, like Gecko; Google Web Preview) Chrome/19.0.1084.36 Safari/536.8"
74.125.78.102 - - [03/Jul/2012:19:13:54 +0200] "GET /jog/lb/css/lightbox.css HTTP/1.1" 200 1715 "http://www.beklen.hu/jog/eseteink/dakar/index.htm" "Mozilla/5.0 (X11; Linux x86_64) AppleWebKit/536.8 (KHTML, like Gecko; Google Web Preview) Chrome/19.0.1084.36 Safari/536.8"
74.125.78.97 - - [03/Jul/2012:19:13:54 +0200] "GET /jog/style.css HTTP/1.1" 200 21413 "http://www.beklen.hu/jog/eseteink/dakar/index.htm" "Mozilla/5.0 (X11; Linux x86_64) AppleWebKit/536.8 (KHTML, like Gecko; Google Web Preview) Chrome/19.0.1084.36 Safari/536.8"
74.125.78.92 - - [03/Jul/2012:19:13:54 +0200] "GET /jog/lb/js/scriptaculous.js?load=effects HTTP/1.1" 200 2152 "http://www.beklen.hu/jog/eseteink/dakar/index.htm" "Mozilla/5.0 (X11; Linux x86_64) AppleWebKit/536.8 (KHTML, like Gecko; Google Web Preview) Chrome/19.0.1084.36 Safari/536.8"
74.125.78.81 - - [03/Jul/2012:19:13:54 +0200] "GET /jog/jquery.js HTTP/1.1" 200 72174 "http://www.beklen.hu/jog/eseteink/dakar/index.htm" "Mozilla/5.0 (X11; Linux x86_64) AppleWebKit/536.8 (KHTML, like Gecko; Google Web Preview) Chrome/19.0.1084.36 Safari/536.8"
74.125.78.81 - - [03/Jul/2012:19:13:54 +0200] "GET /jog/lb/js/lightbox.js HTTP/1.1" 200 23431 "http://www.beklen.hu/jog/eseteink/dakar/index.htm" "Mozilla/5.0 (X11; Linux x86_64) AppleWebKit/536.8 (KHTML, like Gecko; Google Web Preview) Chrome/19.0.1084.36 Safari/536.8"
