80.99.40.218 - - [17/Jul/2012:23:28:46 +0200] "GET /&url=magunkrol.htm HTTP/1.1" 404 1181 "-" "Java/1.7.0_05"
80.99.40.218 - - [17/Jul/2012:23:28:46 +0200] "GET /nca04.htm HTTP/1.1" 200 16378 "-" "Java/1.7.0_05"
80.99.40.218 - - [17/Jul/2012:23:28:47 +0200] "GET /nca05.htm HTTP/1.1" 200 16412 "-" "Java/1.7.0_05"
80.99.40.218 - - [17/Jul/2012:23:28:47 +0200] "GET /nca06.htm HTTP/1.1" 200 19034 "-" "Java/1.7.0_05"
80.99.40.218 - - [17/Jul/2012:23:28:48 +0200] "GET /nca07.htm HTTP/1.1" 200 21968 "-" "Java/1.7.0_05"
80.99.40.218 - - [17/Jul/2012:23:28:49 +0200] "GET /nca08.htm HTTP/1.1" 200 21795 "-" "Java/1.7.0_05"
80.99.40.218 - - [17/Jul/2012:23:28:50 +0200] "GET /nca09.htm HTTP/1.1" 200 24315 "-" "Java/1.7.0_05"
80.99.40.218 - - [17/Jul/2012:23:28:51 +0200] "GET /nca10.htm HTTP/1.1" 200 16648 "-" "Java/1.7.0_05"
80.99.40.218 - - [17/Jul/2012:23:28:52 +0200] "GET /nca11.htm HTTP/1.1" 200 7133 "-" "Java/1.7.0_05"
80.99.40.218 - - [17/Jul/2012:23:28:54 +0200] "GET /kiadvanyok.htm HTTP/1.1" 200 8206 "-" "Java/1.7.0_05"
80.99.40.218 - - [17/Jul/2012:23:28:57 +0200] "GET /deutsch/index.htm HTTP/1.1" 200 5324 "-" "Java/1.7.0_05"
80.99.40.218 - - [17/Jul/2012:23:28:59 +0200] "GET /english/index.htm HTTP/1.1" 200 5262 "-" "Java/1.7.0_05"
80.99.40.218 - - [17/Jul/2012:23:29:00 +0200] "GET /fiok/index.html HTTP/1.1" 200 20554 "-" "Java/1.7.0_05"
66.249.72.58 - - [17/Jul/2012:23:57:28 +0200] "GET /hirek/hirek090428.htm HTTP/1.1" 200 24808 "-" "Mozilla/5.0 (compatible; Googlebot/2.1; +http://www.google.com/bot.html)"
66.249.72.58 - - [18/Jul/2012:00:28:26 +0200] "GET /jog/eseteink/dakar/dakar_dabas_ugyeszseg_valasz.pdf HTTP/1.1" 304 - "-" "Mozilla/5.0 (compatible; Googlebot/2.1; +http://www.google.com/bot.html)"
208.115.113.84 - - [18/Jul/2012:00:48:33 +0200] "GET /hirek09_01.htm HTTP/1.1" 200 6841 "-" "Mozilla/5.0 (compatible; Ezooms/1.0; ezooms.bot@gmail.com)"
208.115.113.84 - - [18/Jul/2012:02:36:10 +0200] "GET /robots.txt HTTP/1.1" 404 1181 "-" "Mozilla/5.0 (compatible; Ezooms/1.0; ezooms.bot@gmail.com)"
208.115.113.84 - - [18/Jul/2012:03:05:41 +0200] "GET /robots.txt HTTP/1.1" 404 1181 "-" "Mozilla/5.0 (compatible; Ezooms/1.0; ezooms.bot@gmail.com)"
65.52.110.199 - - [18/Jul/2012:04:28:32 +0200] "GET /robots.txt HTTP/1.1" 404 1181 "-" "Mozilla/5.0 (compatible; bingbot/2.0; +http://www.bing.com/bingbot.htm)"
65.52.110.199 - - [18/Jul/2012:04:47:34 +0200] "GET / HTTP/1.1" 200 23778 "-" "Mozilla/5.0 (compatible; bingbot/2.0; +http://www.bing.com/bingbot.htm)"
208.115.113.84 - - [18/Jul/2012:04:49:26 +0200] "GET /fiok/program_reszek/madarmegfigyeles.htm HTTP/1.1" 200 21825 "-" "Mozilla/5.0 (compatible; Ezooms/1.0; ezooms.bot@gmail.com)"
139.18.2.209 - - [18/Jul/2012:05:53:15 +0200] "GET /robots.txt HTTP/1.1" 404 1181 "-" "findlinks/2.6 (+http://wortschatz.uni-leipzig.de/findlinks/)"
66.249.72.58 - - [18/Jul/2012:08:53:10 +0200] "GET /robots.txt HTTP/1.1" 404 1181 "-" "Mozilla/5.0 (compatible; Googlebot/2.1; +http://www.google.com/bot.html)"
66.249.72.58 - - [18/Jul/2012:08:53:10 +0200] "GET /fiok/kornyezet.htm HTTP/1.1" 304 - "-" "Mozilla/5.0 (compatible; Googlebot/2.1; +http://www.google.com/bot.html)"
66.249.72.58 - - [18/Jul/2012:09:09:18 +0200] "GET /jog/eseteink/duzzaszto/index.htm HTTP/1.1" 200 10470 "-" "Mozilla/5.0 (compatible; Googlebot/2.1; +http://www.google.com/bot.html)"
66.249.72.58 - - [18/Jul/2012:09:56:53 +0200] "GET /jog/eseteink/duzzaszto/kereset_lev%C3%A9l_gyulavari.pdf HTTP/1.1" 404 1181 "-" "Mozilla/5.0 (compatible; Googlebot/2.1; +http://www.google.com/bot.html)"
208.115.113.84 - - [18/Jul/2012:10:30:35 +0200] "GET /robots.txt HTTP/1.1" 404 1181 "-" "Mozilla/5.0 (compatible; Ezooms/1.0; ezooms.bot@gmail.com)"
208.115.113.84 - - [18/Jul/2012:12:18:55 +0200] "GET /fiok/program_reszek/madarmegfigyeles.htm HTTP/1.1" 200 21825 "-" "Mozilla/5.0 (compatible; Ezooms/1.0; ezooms.bot@gmail.com)"
217.69.133.31 - - [18/Jul/2012:12:35:54 +0200] "GET /sitemap.xml HTTP/1.0" 404 1181 "-" "Mozilla/5.0 (compatible; Mail.RU/2.0)"
217.69.133.31 - - [18/Jul/2012:12:40:46 +0200] "GET /robots.txt HTTP/1.0" 404 1181 "-" "Mozilla/5.0 (compatible; Mail.RU/2.0)"
66.249.72.58 - - [18/Jul/2012:13:20:23 +0200] "GET /jog/eseteink/derekegyhaza/dalerd-disznoskert%20szakhat-vegleges.pdf HTTP/1.1" 304 - "-" "Mozilla/5.0 (compatible; Googlebot/2.1; +http://www.google.com/bot.html)"
66.249.72.58 - - [18/Jul/2012:13:33:47 +0200] "GET /hirek/hirek090930.htm HTTP/1.1" 304 - "-" "Mozilla/5.0 (compatible; Googlebot/2.1; +http://www.google.com/bot.html)"
66.249.72.58 - - [18/Jul/2012:13:34:54 +0200] "GET /hirek/hirek100225.htm HTTP/1.1" 200 7288 "-" "Mozilla/5.0 (compatible; Googlebot/2.1; +http://www.google.com/bot.html)"
66.249.72.58 - - [18/Jul/2012:14:31:09 +0200] "GET / HTTP/1.1" 200 23778 "-" "Mozilla/5.0 (iPhone; U; CPU iPhone OS 4_1 like Mac OS X; en-us) AppleWebKit/532.9 (KHTML, like Gecko) Version/4.0.5 Mobile/8B117 Safari/6531.22.7 (compatible; Googlebot-Mobile/2.1; +http://www.google.com/bot.html)"
66.249.72.58 - - [18/Jul/2012:16:33:31 +0200] "GET /nka.htm HTTP/1.1" 200 6221 "-" "Mozilla/5.0 (compatible; Googlebot/2.1; +http://www.google.com/bot.html)"
178.154.210.252 - - [18/Jul/2012:18:11:11 +0200] "GET /robots.txt HTTP/1.1" 404 1181 "-" "Mozilla/5.0 (compatible; YandexBot/3.0; +http://yandex.com/bots)"
178.154.210.252 - - [18/Jul/2012:18:11:13 +0200] "GET /hirek/hirek091103.htm HTTP/1.1" 200 7301 "-" "Mozilla/5.0 (compatible; YandexBot/3.0; +http://yandex.com/bots)"
66.249.72.58 - - [18/Jul/2012:19:10:12 +0200] "GET /hirek/hirek091102.htm HTTP/1.1" 200 8538 "-" "Mozilla/5.0 (iPhone; U; CPU iPhone OS 4_1 like Mac OS X; en-us) AppleWebKit/532.9 (KHTML, like Gecko) Version/4.0.5 Mobile/8B117 Safari/6531.22.7 (compatible; Googlebot-Mobile/2.1; +http://www.google.com/bot.html)"
198.245.50.47 - - [18/Jul/2012:19:38:31 +0200] "GET /robots.txt HTTP/1.0" 404 1181 "-" "Mozilla/5.0 (compatible; MJ12bot/v1.4.3; http://www.majestic12.co.uk/bot.php?+)"
198.245.50.47 - - [18/Jul/2012:19:39:06 +0200] "GET / HTTP/1.0" 200 23778 "-" "Mozilla/5.0 (compatible; MJ12bot/v1.4.3; http://www.majestic12.co.uk/bot.php?+)"
208.115.111.68 - - [18/Jul/2012:20:25:11 +0200] "GET /robots.txt HTTP/1.1" 404 1181 "-" "Mozilla/5.0 (compatible; Ezooms/1.0; ezooms.bot@gmail.com)"
209.172.33.20 - - [18/Jul/2012:21:40:47 +0200] "GET /muieblackcat HTTP/1.1" 404 1181 "-" "-"
209.172.33.20 - - [18/Jul/2012:21:40:47 +0200] "GET //index.php HTTP/1.1" 404 1181 "-" "-"
209.172.33.20 - - [18/Jul/2012:21:40:48 +0200] "GET //admin/index.php HTTP/1.1" 404 1181 "-" "-"
209.172.33.20 - - [18/Jul/2012:21:40:49 +0200] "GET //admin/pma/index.php HTTP/1.1" 404 1181 "-" "-"
209.172.33.20 - - [18/Jul/2012:21:40:53 +0200] "GET //db/index.php HTTP/1.1" 404 1181 "-" "-"
209.172.33.20 - - [18/Jul/2012:21:40:53 +0200] "GET //dbadmin/index.php HTTP/1.1" 404 1181 "-" "-"
209.172.33.20 - - [18/Jul/2012:21:40:54 +0200] "GET //myadmin/index.php HTTP/1.1" 404 1181 "-" "-"
209.172.33.20 - - [18/Jul/2012:21:40:54 +0200] "GET //mysql/index.php HTTP/1.1" 404 1181 "-" "-"
209.172.33.20 - - [18/Jul/2012:21:40:55 +0200] "GET //mysqladmin/index.php HTTP/1.1" 404 1181 "-" "-"
209.172.33.20 - - [18/Jul/2012:21:40:56 +0200] "GET //typo3/phpmyadmin/index.php HTTP/1.1" 404 1181 "-" "-"
209.172.33.20 - - [18/Jul/2012:21:40:56 +0200] "GET //phpadmin/index.php HTTP/1.1" 404 1181 "-" "-"
209.172.33.20 - - [18/Jul/2012:21:40:57 +0200] "GET //phpMyAdmin/index.php HTTP/1.1" 404 1181 "-" "-"
209.172.33.20 - - [18/Jul/2012:21:40:58 +0200] "GET //phpmyadmin/index.php HTTP/1.1" 404 1181 "-" "-"
209.172.33.20 - - [18/Jul/2012:21:40:58 +0200] "GET //phpmyadmin1/index.php HTTP/1.1" 404 1181 "-" "-"
209.172.33.20 - - [18/Jul/2012:21:40:59 +0200] "GET //phpmyadmin2/index.php HTTP/1.1" 404 1181 "-" "-"
209.172.33.20 - - [18/Jul/2012:21:40:59 +0200] "GET //pma/index.php HTTP/1.1" 404 1181 "-" "-"
209.172.33.20 - - [18/Jul/2012:21:41:01 +0200] "GET //web/phpMyAdmin/index.php HTTP/1.1" 404 1181 "-" "-"
209.172.33.20 - - [18/Jul/2012:21:41:01 +0200] "GET //xampp/phpmyadmin/index.php HTTP/1.1" 404 1181 "-" "-"
209.172.33.20 - - [18/Jul/2012:21:41:01 +0200] "GET //web/index.php HTTP/1.1" 404 1181 "-" "-"
209.172.33.20 - - [18/Jul/2012:21:41:02 +0200] "GET //php-my-admin/index.php HTTP/1.1" 404 1181 "-" "-"
209.172.33.20 - - [18/Jul/2012:21:41:02 +0200] "GET //websql/index.php HTTP/1.1" 404 1181 "-" "-"
209.172.33.20 - - [18/Jul/2012:21:41:03 +0200] "GET //phpmyadmin/index.php HTTP/1.1" 404 1181 "-" "-"
209.172.33.20 - - [18/Jul/2012:21:41:03 +0200] "GET //phpMyAdmin/index.php HTTP/1.1" 404 1181 "-" "-"
209.172.33.20 - - [18/Jul/2012:21:41:03 +0200] "GET //phpMyAdmin-2/index.php HTTP/1.1" 404 1181 "-" "-"
209.172.33.20 - - [18/Jul/2012:21:41:04 +0200] "GET //php-my-admin/index.php HTTP/1.1" 404 1181 "-" "-"
209.172.33.20 - - [18/Jul/2012:21:41:04 +0200] "GET //phpMyAdmin-2.2.3/index.php HTTP/1.1" 404 1181 "-" "-"
209.172.33.20 - - [18/Jul/2012:21:41:05 +0200] "GET //phpMyAdmin-2.2.6/index.php HTTP/1.1" 404 1181 "-" "-"
209.172.33.20 - - [18/Jul/2012:21:41:06 +0200] "GET //phpMyAdmin-2.5.1/index.php HTTP/1.1" 404 1181 "-" "-"
209.172.33.20 - - [18/Jul/2012:21:41:07 +0200] "GET //phpMyAdmin-2.5.4/index.php HTTP/1.1" 404 1181 "-" "-"
209.172.33.20 - - [18/Jul/2012:21:41:07 +0200] "GET //phpMyAdmin-2.5.5-rc1/index.php HTTP/1.1" 404 1181 "-" "-"
209.172.33.20 - - [18/Jul/2012:21:41:08 +0200] "GET //phpMyAdmin-2.5.5-rc2/index.php HTTP/1.1" 404 1181 "-" "-"
209.172.33.20 - - [18/Jul/2012:21:41:09 +0200] "GET //phpMyAdmin-2.5.5/index.php HTTP/1.1" 404 1181 "-" "-"
209.172.33.20 - - [18/Jul/2012:21:41:09 +0200] "GET //phpMyAdmin-2.5.5-pl1/index.php HTTP/1.1" 404 1181 "-" "-"
209.172.33.20 - - [18/Jul/2012:21:41:10 +0200] "GET //phpMyAdmin-2.5.6-rc1/index.php HTTP/1.1" 404 1181 "-" "-"
209.172.33.20 - - [18/Jul/2012:21:41:11 +0200] "GET //phpMyAdmin-2.5.6-rc2/index.php HTTP/1.1" 404 1181 "-" "-"
209.172.33.20 - - [18/Jul/2012:21:41:11 +0200] "GET //phpMyAdmin-2.5.6/index.php HTTP/1.1" 404 1181 "-" "-"
209.172.33.20 - - [18/Jul/2012:21:41:12 +0200] "GET //phpMyAdmin-2.5.7/index.php HTTP/1.1" 404 1181 "-" "-"
209.172.33.20 - - [18/Jul/2012:21:41:12 +0200] "GET //phpMyAdmin-2.5.7-pl1/index.php HTTP/1.1" 404 1181 "-" "-"
208.115.111.68 - - [18/Jul/2012:22:31:52 +0200] "GET /nca04.htm HTTP/1.1" 200 16378 "-" "Mozilla/5.0 (compatible; Ezooms/1.0; ezooms.bot@gmail.com)"
208.115.113.84 - - [18/Jul/2012:23:55:03 +0200] "GET /robots.txt HTTP/1.1" 404 1181 "-" "Mozilla/5.0 (compatible; Ezooms/1.0; ezooms.bot@gmail.com)"
178.154.210.252 - - [18/Jul/2012:23:57:27 +0200] "GET /hirek/hirek101213.htm HTTP/1.1" 200 8671 "-" "Mozilla/5.0 (compatible; YandexBot/3.0; +http://yandex.com/bots)"
208.115.113.84 - - [19/Jul/2012:01:34:43 +0200] "GET /nca08.htm HTTP/1.1" 200 21795 "-" "Mozilla/5.0 (compatible; Ezooms/1.0; ezooms.bot@gmail.com)"
178.154.210.252 - - [19/Jul/2012:02:27:09 +0200] "GET /hirek/Microsoft%20Word%20-%20csongradi%20duzzaszto%20velemeny%202009.06.11..doc.pdf HTTP/1.1" 200 321155 "-" "Mozilla/5.0 (compatible; YandexBot/3.0; +http://yandex.com/bots)"
208.115.113.84 - - [19/Jul/2012:03:28:49 +0200] "GET /robots.txt HTTP/1.1" 404 1181 "-" "Mozilla/5.0 (compatible; Ezooms/1.0; ezooms.bot@gmail.com)"
208.115.113.84 - - [19/Jul/2012:05:07:21 +0200] "GET /english/introduction.htm HTTP/1.1" 200 6502 "-" "Mozilla/5.0 (compatible; Ezooms/1.0; ezooms.bot@gmail.com)"
46.165.197.151 - - [19/Jul/2012:06:04:12 +0200] "GET /robots.txt HTTP/1.0" 404 1181 "-" "Mozilla/5.0 (compatible; MJ12bot/v1.4.3; http://www.majestic12.co.uk/bot.php?+)"
46.165.197.151 - - [19/Jul/2012:06:04:13 +0200] "GET /bunt.htm HTTP/1.0" 200 5683 "-" "Mozilla/5.0 (compatible; MJ12bot/v1.4.3; http://www.majestic12.co.uk/bot.php?+)"
46.165.197.151 - - [19/Jul/2012:06:04:15 +0200] "GET /civilmuhely.htm HTTP/1.0" 200 8450 "-" "Mozilla/5.0 (compatible; MJ12bot/v1.4.3; http://www.majestic12.co.uk/bot.php?+)"
46.165.197.151 - - [19/Jul/2012:06:04:16 +0200] "GET /deutsch/kontakt.htm HTTP/1.0" 200 4769 "-" "Mozilla/5.0 (compatible; MJ12bot/v1.4.3; http://www.majestic12.co.uk/bot.php?+)"
46.165.197.151 - - [19/Jul/2012:06:04:18 +0200] "GET /deutsch/programme.htm HTTP/1.0" 200 6045 "-" "Mozilla/5.0 (compatible; MJ12bot/v1.4.3; http://www.majestic12.co.uk/bot.php?+)"
46.165.197.151 - - [19/Jul/2012:06:04:19 +0200] "GET /deutsch/stellen.htm HTTP/1.0" 200 6824 "-" "Mozilla/5.0 (compatible; MJ12bot/v1.4.3; http://www.majestic12.co.uk/bot.php?+)"
46.165.197.151 - - [19/Jul/2012:06:04:21 +0200] "GET /english/contact.htm HTTP/1.0" 200 4601 "-" "Mozilla/5.0 (compatible; MJ12bot/v1.4.3; http://www.majestic12.co.uk/bot.php?+)"
46.165.197.151 - - [19/Jul/2012:06:04:22 +0200] "GET /english/introduction.htm HTTP/1.0" 200 6502 "-" "Mozilla/5.0 (compatible; MJ12bot/v1.4.3; http://www.majestic12.co.uk/bot.php?+)"
46.165.197.151 - - [19/Jul/2012:06:04:23 +0200] "GET /english/programs.htm HTTP/1.0" 200 5614 "-" "Mozilla/5.0 (compatible; MJ12bot/v1.4.3; http://www.majestic12.co.uk/bot.php?+)"
46.165.197.151 - - [19/Jul/2012:06:04:25 +0200] "GET /fiok/fiok.html HTTP/1.0" 406 435 "-" "Mozilla/5.0 (compatible; MJ12bot/v1.4.3; http://www.majestic12.co.uk/bot.php?+)"
46.165.197.151 - - [19/Jul/2012:06:04:31 +0200] "GET /fiok/gazdasag.htm HTTP/1.0" 200 22480 "-" "Mozilla/5.0 (compatible; MJ12bot/v1.4.3; http://www.majestic12.co.uk/bot.php?+)"
46.165.197.151 - - [19/Jul/2012:06:04:33 +0200] "GET /fiok/kapcsolat.htm HTTP/1.0" 200 17416 "-" "Mozilla/5.0 (compatible; MJ12bot/v1.4.3; http://www.majestic12.co.uk/bot.php?+)"
46.165.197.151 - - [19/Jul/2012:06:04:34 +0200] "GET /fiok/kornyezet.htm HTTP/1.0" 200 22582 "-" "Mozilla/5.0 (compatible; MJ12bot/v1.4.3; http://www.majestic12.co.uk/bot.php?+)"
46.165.197.151 - - [19/Jul/2012:06:04:36 +0200] "GET /fiok/mult.htm HTTP/1.0" 200 23227 "-" "Mozilla/5.0 (compatible; MJ12bot/v1.4.3; http://www.majestic12.co.uk/bot.php?+)"
46.165.197.151 - - [19/Jul/2012:06:04:37 +0200] "GET /fiok/news.html HTTP/1.0" 404 1181 "-" "Mozilla/5.0 (compatible; MJ12bot/v1.4.3; http://www.majestic12.co.uk/bot.php?+)"
46.165.197.151 - - [19/Jul/2012:06:04:38 +0200] "GET /fiok/programok.htm HTTP/1.0" 200 18165 "-" "Mozilla/5.0 (compatible; MJ12bot/v1.4.3; http://www.majestic12.co.uk/bot.php?+)"
46.165.197.151 - - [19/Jul/2012:06:04:40 +0200] "GET /hirek/fiok/index.html HTTP/1.0" 404 1181 "-" "Mozilla/5.0 (compatible; MJ12bot/v1.4.3; http://www.majestic12.co.uk/bot.php?+)"
46.165.197.151 - - [19/Jul/2012:06:04:41 +0200] "GET /hirek/hirek08_10.htm HTTP/1.0" 200 7030 "-" "Mozilla/5.0 (compatible; MJ12bot/v1.4.3; http://www.majestic12.co.uk/bot.php?+)"
46.165.197.151 - - [19/Jul/2012:06:04:42 +0200] "GET /hirek/hirek08_11.htm HTTP/1.0" 200 7337 "-" "Mozilla/5.0 (compatible; MJ12bot/v1.4.3; http://www.majestic12.co.uk/bot.php?+)"
46.165.197.151 - - [19/Jul/2012:06:04:44 +0200] "GET /hirek/hirek08_12.htm HTTP/1.0" 200 8352 "-" "Mozilla/5.0 (compatible; MJ12bot/v1.4.3; http://www.majestic12.co.uk/bot.php?+)"
46.165.197.151 - - [19/Jul/2012:06:04:45 +0200] "GET /hirek/hirek090215.htm HTTP/1.0" 200 9398 "-" "Mozilla/5.0 (compatible; MJ12bot/v1.4.3; http://www.majestic12.co.uk/bot.php?+)"
46.165.197.151 - - [19/Jul/2012:06:04:47 +0200] "GET /hirek/hirek09_01.htm HTTP/1.0" 200 6925 "-" "Mozilla/5.0 (compatible; MJ12bot/v1.4.3; http://www.majestic12.co.uk/bot.php?+)"
46.165.197.151 - - [19/Jul/2012:06:04:48 +0200] "GET /hirek/hirek09_02.htm HTTP/1.0" 200 7534 "-" "Mozilla/5.0 (compatible; MJ12bot/v1.4.3; http://www.majestic12.co.uk/bot.php?+)"
46.165.197.151 - - [19/Jul/2012:06:04:49 +0200] "GET /hirek08_10.htm HTTP/1.0" 200 6946 "-" "Mozilla/5.0 (compatible; MJ12bot/v1.4.3; http://www.majestic12.co.uk/bot.php?+)"
46.165.197.151 - - [19/Jul/2012:06:04:51 +0200] "GET /hirek08_11.htm HTTP/1.0" 200 7253 "-" "Mozilla/5.0 (compatible; MJ12bot/v1.4.3; http://www.majestic12.co.uk/bot.php?+)"
46.165.197.151 - - [19/Jul/2012:06:04:54 +0200] "GET /hirek08_12.htm HTTP/1.0" 200 8268 "-" "Mozilla/5.0 (compatible; MJ12bot/v1.4.3; http://www.majestic12.co.uk/bot.php?+)"
46.165.197.151 - - [19/Jul/2012:06:04:55 +0200] "GET /hirek09_01.htm HTTP/1.0" 200 6841 "-" "Mozilla/5.0 (compatible; MJ12bot/v1.4.3; http://www.majestic12.co.uk/bot.php?+)"
46.165.197.151 - - [19/Jul/2012:06:04:57 +0200] "GET /hirek09_02.htm HTTP/1.0" 200 7450 "-" "Mozilla/5.0 (compatible; MJ12bot/v1.4.3; http://www.majestic12.co.uk/bot.php?+)"
46.165.197.151 - - [19/Jul/2012:06:04:58 +0200] "GET /khb.htm HTTP/1.0" 200 8719 "-" "Mozilla/5.0 (compatible; MJ12bot/v1.4.3; http://www.majestic12.co.uk/bot.php?+)"
46.165.197.151 - - [19/Jul/2012:06:04:59 +0200] "GET /nca.htm HTTP/1.0" 200 7467 "-" "Mozilla/5.0 (compatible; MJ12bot/v1.4.3; http://www.majestic12.co.uk/bot.php?+)"
46.165.197.151 - - [19/Jul/2012:06:05:01 +0200] "GET /ncta.htm HTTP/1.0" 200 7221 "-" "Mozilla/5.0 (compatible; MJ12bot/v1.4.3; http://www.majestic12.co.uk/bot.php?+)"
46.165.197.151 - - [19/Jul/2012:06:05:02 +0200] "GET /nka.htm HTTP/1.0" 200 6221 "-" "Mozilla/5.0 (compatible; MJ12bot/v1.4.3; http://www.majestic12.co.uk/bot.php?+)"
46.165.197.151 - - [19/Jul/2012:06:05:07 +0200] "GET /szakmai.htm HTTP/1.0" 200 6054 "-" "Mozilla/5.0 (compatible; MJ12bot/v1.4.3; http://www.majestic12.co.uk/bot.php?+)"
116.10.10.160 - - [19/Jul/2012:09:08:30 +0200] "GET / HTTP/1.1" 200 23778 "-" "Mozilla/4.0 (compatible; MSIE 6.0; Windows NT 5.2; SV1; QQPinyin 722; QQPinyin 730; GTB6.5; Mozilla/4.0 (compatible; MSIE 6.0; Windows NT 5.1; SV1) ; .NET CLR 1.1.4322; .NET CLR 2.0.50727; .NET CLR 3.0.04506.648; .NET CLR 3.5.21022)"
65.52.104.90 - - [19/Jul/2012:10:38:58 +0200] "GET /robots.txt HTTP/1.1" 404 1181 "-" "Mozilla/5.0 (compatible; bingbot/2.0; +http://www.bing.com/bingbot.htm)"
65.52.104.90 - - [19/Jul/2012:10:39:48 +0200] "GET /jog/eseteink/korosladany/index.htm HTTP/1.1" 304 - "-" "Mozilla/5.0 (compatible; bingbot/2.0; +http://www.bing.com/bingbot.htm)"
208.115.111.68 - - [19/Jul/2012:10:44:54 +0200] "GET /robots.txt HTTP/1.1" 404 1181 "-" "Mozilla/5.0 (compatible; Ezooms/1.0; ezooms.bot@gmail.com)"
46.165.197.151 - - [19/Jul/2012:11:16:46 +0200] "GET /robots.txt HTTP/1.0" 404 1181 "-" "Mozilla/5.0 (compatible; MJ12bot/v1.4.3; http://www.majestic12.co.uk/bot.php?+)"
46.165.197.151 - - [19/Jul/2012:11:16:48 +0200] "GET /fiok.html HTTP/1.0" 404 1181 "-" "Mozilla/5.0 (compatible; MJ12bot/v1.4.3; http://www.majestic12.co.uk/bot.php?+)"
46.165.197.151 - - [19/Jul/2012:11:16:49 +0200] "GET /gazdasag.htm HTTP/1.0" 404 1181 "-" "Mozilla/5.0 (compatible; MJ12bot/v1.4.3; http://www.majestic12.co.uk/bot.php?+)"
46.165.197.151 - - [19/Jul/2012:11:16:50 +0200] "GET /kornyezet.htm HTTP/1.0" 404 1181 "-" "Mozilla/5.0 (compatible; MJ12bot/v1.4.3; http://www.majestic12.co.uk/bot.php?+)"
46.165.197.151 - - [19/Jul/2012:11:16:52 +0200] "GET /mult.htm HTTP/1.0" 404 1181 "-" "Mozilla/5.0 (compatible; MJ12bot/v1.4.3; http://www.majestic12.co.uk/bot.php?+)"
46.165.197.151 - - [19/Jul/2012:11:16:55 +0200] "GET /news.html HTTP/1.0" 404 1181 "-" "Mozilla/5.0 (compatible; MJ12bot/v1.4.3; http://www.majestic12.co.uk/bot.php?+)"
208.115.111.68 - - [19/Jul/2012:12:50:20 +0200] "GET /nka.htm HTTP/1.1" 200 6221 "-" "Mozilla/5.0 (compatible; Ezooms/1.0; ezooms.bot@gmail.com)"
208.115.111.68 - - [19/Jul/2012:17:57:51 +0200] "GET /robots.txt HTTP/1.1" 404 1181 "-" "Mozilla/5.0 (compatible; Ezooms/1.0; ezooms.bot@gmail.com)"
178.154.210.252 - - [19/Jul/2012:18:12:21 +0200] "GET /robots.txt HTTP/1.1" 404 1181 "-" "Mozilla/5.0 (compatible; YandexBot/3.0; +http://yandex.com/bots)"
208.115.111.68 - - [19/Jul/2012:20:01:42 +0200] "GET /jog/publikaciok.htm HTTP/1.1" 200 17866 "-" "Mozilla/5.0 (compatible; Ezooms/1.0; ezooms.bot@gmail.com)"
207.46.13.212 - - [19/Jul/2012:20:19:21 +0200] "GET /robots.txt HTTP/1.1" 404 1181 "-" "Mozilla/5.0 (compatible; bingbot/2.0; +http://www.bing.com/bingbot.htm)"
207.46.13.212 - - [19/Jul/2012:20:20:07 +0200] "GET /fiok/kornyezet.htm HTTP/1.1" 200 22582 "-" "Mozilla/5.0 (compatible; bingbot/2.0; +http://www.bing.com/bingbot.htm)"
66.249.72.58 - - [19/Jul/2012:20:40:50 +0200] "GET /robots.txt HTTP/1.1" 404 1181 "-" "Mozilla/5.0 (compatible; Googlebot/2.1; +http://www.google.com/bot.html)"
66.249.72.58 - - [19/Jul/2012:20:40:51 +0200] "GET /hirek08_11.htm HTTP/1.1" 200 7253 "-" "Mozilla/5.0 (iPhone; U; CPU iPhone OS 4_1 like Mac OS X; en-us) AppleWebKit/532.9 (KHTML, like Gecko) Version/4.0.5 Mobile/8B117 Safari/6531.22.7 (compatible; Googlebot-Mobile/2.1; +http://www.google.com/bot.html)"
66.249.72.58 - - [19/Jul/2012:20:55:58 +0200] "GET /hirek08_11.htm HTTP/1.1" 200 7253 "-" "Mozilla/5.0 (compatible; Googlebot/2.1; +http://www.google.com/bot.html)"
178.154.210.252 - - [19/Jul/2012:21:09:28 +0200] "GET / HTTP/1.1" 200 23778 "-" "Mozilla/5.0 (compatible; YandexBot/3.0; +http://yandex.com/bots)"
66.249.72.58 - - [19/Jul/2012:21:20:28 +0200] "GET /jog/eseteink/kavicszatony/index.htm HTTP/1.1" 200 16432 "-" "Mozilla/5.0 (compatible; Googlebot/2.1; +http://www.google.com/bot.html)"
66.249.72.58 - - [19/Jul/2012:21:26:32 +0200] "GET /jog/index.htm HTTP/1.1" 200 13138 "-" "Mozilla/5.0 (compatible; Googlebot/2.1; +http://www.google.com/bot.html)"
66.249.72.170 - - [19/Jul/2012:21:30:22 +0200] "GET /robots.txt HTTP/1.1" 404 1181 "-" "Mozilla/5.0 (compatible; Googlebot/2.1; +http://www.google.com/bot.html)"
66.249.72.170 - - [19/Jul/2012:21:30:23 +0200] "GET /jog/eseteink/derekegyhaza/mszh-nak_hatarozat_keres.pdf HTTP/1.1" 200 87836 "-" "Mozilla/5.0 (compatible; Googlebot/2.1; +http://www.google.com/bot.html)"
208.115.111.68 - - [19/Jul/2012:21:30:44 +0200] "GET /robots.txt HTTP/1.1" 404 1181 "-" "Mozilla/5.0 (compatible; Ezooms/1.0; ezooms.bot@gmail.com)"
66.249.72.58 - - [19/Jul/2012:21:31:10 +0200] "GET /jog/eseteink/kavicszatony/dscf0024_.jpg HTTP/1.1" 200 2902 "-" "Mozilla/5.0 (compatible; Googlebot/2.1; +http://www.google.com/bot.html)"
66.249.72.58 - - [19/Jul/2012:21:31:11 +0200] "GET /jog/eseteink/kavicszatony/dscf0084_.jpg HTTP/1.1" 200 2611 "-" "Mozilla/5.0 (compatible; Googlebot/2.1; +http://www.google.com/bot.html)"
66.249.72.58 - - [19/Jul/2012:21:31:13 +0200] "GET /jog/img/nca_logo_.png HTTP/1.1" 200 7180 "http://www.beklen.hu/jog/index.htm" "Mozilla/5.0 (compatible; Googlebot/2.1; +http://www.google.com/bot.html)"
66.249.72.58 - - [19/Jul/2012:21:31:14 +0200] "GET /jog/img/320/sargarigo2.jpg HTTP/1.1" 200 17500 "http://www.beklen.hu/jog/index.htm" "Mozilla/5.0 (compatible; Googlebot/2.1; +http://www.google.com/bot.html)"
66.249.72.58 - - [19/Jul/2012:21:31:16 +0200] "GET /jog/img/magyar_cimer.png HTTP/1.1" 200 1900 "http://www.beklen.hu/jog/index.htm" "Mozilla/5.0 (compatible; Googlebot/2.1; +http://www.google.com/bot.html)"
66.249.72.58 - - [19/Jul/2012:22:29:33 +0200] "GET /jog/eseteink/dakar/index.htm HTTP/1.1" 200 10482 "-" "Mozilla/5.0 (compatible; Googlebot/2.1; +http://www.google.com/bot.html)"
66.249.67.143 - - [19/Jul/2012:22:56:55 +0200] "GET /robots.txt HTTP/1.1" 404 1181 "-" "Mozilla/5.0 (compatible; Googlebot/2.1; +http://www.google.com/bot.html)"
66.249.67.143 - - [19/Jul/2012:22:56:55 +0200] "GET /jog/eseteink/dakar/n.jpg HTTP/1.1" 200 14301 "http://www.beklen.hu/jog/eseteink/dakar/index.htm" "Mozilla/5.0 (compatible; Googlebot/2.1; +http://www.google.com/bot.html)"
66.249.67.143 - - [19/Jul/2012:22:56:56 +0200] "GET /jog/img/file_jpg.png HTTP/1.1" 200 607 "http://www.beklen.hu/jog/eseteink/dakar/index.htm" "Mozilla/5.0 (compatible; Googlebot/2.1; +http://www.google.com/bot.html)"
66.249.67.42 - - [19/Jul/2012:23:06:36 +0200] "GET /robots.txt HTTP/1.1" 404 1181 "-" "Mozilla/5.0 (compatible; Googlebot/2.1; +http://www.google.com/bot.html)"
66.249.67.42 - - [19/Jul/2012:23:06:36 +0200] "GET /jog/eseteink/audi/europai%20bizottsag%20audi%20adatkikeres.pdf HTTP/1.1" 200 114017 "-" "Mozilla/5.0 (compatible; Googlebot/2.1; +http://www.google.com/bot.html)"
208.115.111.68 - - [19/Jul/2012:23:50:05 +0200] "GET /kiadvanyok.htm HTTP/1.1" 200 8206 "-" "Mozilla/5.0 (compatible; Ezooms/1.0; ezooms.bot@gmail.com)"
66.249.72.170 - - [20/Jul/2012:01:00:59 +0200] "GET /jog/eseteink/derekegyhaza/knpi_valasznimfeanak.pdf HTTP/1.1" 200 101664 "-" "Mozilla/5.0 (compatible; Googlebot/2.1; +http://www.google.com/bot.html)"
83.233.186.82 - - [20/Jul/2012:01:18:12 +0200] "GET / HTTP/1.1" 200 23778 "-" "Mozilla/4.0 (CMS Crawler: http://www.cmscrawler.com)"
208.115.113.84 - - [20/Jul/2012:02:59:41 +0200] "GET /robots.txt HTTP/1.1" 404 1181 "-" "Mozilla/5.0 (compatible; Ezooms/1.0; ezooms.bot@gmail.com)"
208.115.113.84 - - [20/Jul/2012:04:40:14 +0200] "GET /jog/jogsegely.htm HTTP/1.1" 200 14053 "-" "Mozilla/5.0 (compatible; Ezooms/1.0; ezooms.bot@gmail.com)"
139.18.2.17 - - [20/Jul/2012:05:18:15 +0200] "GET /szakmai.htm HTTP/1.1" 200 6054 "-" "findlinks/2.6 (+http://wortschatz.uni-leipzig.de/findlinks/)"
66.249.72.58 - - [20/Jul/2012:07:18:44 +0200] "GET /jog/ HTTP/1.1" 200 13138 "-" "Mozilla/5.0 (compatible; Googlebot/2.1; +http://www.google.com/bot.html)"
50.136.120.128 - - [20/Jul/2012:07:24:38 +0200] "GET / HTTP/1.1" 200 23778 "-" "Java/1.6.0_21"
50.136.120.128 - - [20/Jul/2012:07:24:39 +0200] "GET /hirarchivum.htm HTTP/1.1" 200 24981 "-" "Java/1.6.0_21"
50.136.120.128 - - [20/Jul/2012:07:24:40 +0200] "GET /index.htm HTTP/1.1" 200 23778 "-" "Java/1.6.0_21"
50.136.120.128 - - [20/Jul/2012:07:24:41 +0200] "GET /kapcsolat.htm HTTP/1.1" 200 6889 "-" "Java/1.6.0_21"
50.136.120.128 - - [20/Jul/2012:07:24:42 +0200] "GET /magunkrol.htm HTTP/1.1" 200 9202 "-" "Java/1.6.0_21"
50.136.120.128 - - [20/Jul/2012:07:24:42 +0200] "GET /media.htm HTTP/1.1" 200 5208 "-" "Java/1.6.0_21"
50.136.120.128 - - [20/Jul/2012:07:24:42 +0200] "GET /programok.htm HTTP/1.1" 200 6444 "-" "Java/1.6.0_21"
50.136.120.128 - - [20/Jul/2012:07:24:43 +0200] "GET /vill.cs HTTP/1.1" 200 2676 "-" "Java/1.6.0_21"
50.136.120.128 - - [20/Jul/2012:07:24:43 +0200] "GET /hirek08_10.htm HTTP/1.1" 200 6946 "-" "Java/1.6.0_21"
50.136.120.128 - - [20/Jul/2012:07:24:44 +0200] "GET /hirek08_11.htm HTTP/1.1" 200 7253 "-" "Java/1.6.0_21"
50.136.120.128 - - [20/Jul/2012:07:24:45 +0200] "GET /hirek08_12.htm HTTP/1.1" 200 8268 "-" "Java/1.6.0_21"
50.136.120.128 - - [20/Jul/2012:07:24:45 +0200] "GET /hirek09_01.htm HTTP/1.1" 200 6841 "-" "Java/1.6.0_21"
50.136.120.128 - - [20/Jul/2012:07:24:45 +0200] "GET /hirek09_02.htm HTTP/1.1" 200 7450 "-" "Java/1.6.0_21"
50.136.120.128 - - [20/Jul/2012:07:24:45 +0200] "GET /hirek09_03.htm HTTP/1.1" 200 10726 "-" "Java/1.6.0_21"
50.136.120.128 - - [20/Jul/2012:07:24:46 +0200] "GET /&url=kapcsolat.htm HTTP/1.1" 404 1181 "-" "Java/1.6.0_21"
50.136.120.128 - - [20/Jul/2012:07:24:46 +0200] "GET /&url=programok.htm HTTP/1.1" 404 1181 "-" "Java/1.6.0_21"
50.136.120.128 - - [20/Jul/2012:07:24:47 +0200] "GET /&url=adomanyi.htm HTTP/1.1" 404 1181 "-" "Java/1.6.0_21"
50.136.120.128 - - [20/Jul/2012:07:24:47 +0200] "GET /bunt.htm HTTP/1.1" 200 5683 "-" "Java/1.6.0_21"
50.136.120.128 - - [20/Jul/2012:07:24:47 +0200] "GET /civilmuhely.htm HTTP/1.1" 200 8450 "-" "Java/1.6.0_21"
50.136.120.128 - - [20/Jul/2012:07:24:48 +0200] "GET /khb.htm HTTP/1.1" 200 8719 "-" "Java/1.6.0_21"
50.136.120.128 - - [20/Jul/2012:07:24:48 +0200] "GET /nca.htm HTTP/1.1" 200 7467 "-" "Java/1.6.0_21"
50.136.120.128 - - [20/Jul/2012:07:24:49 +0200] "GET /ncta.htm HTTP/1.1" 200 7221 "-" "Java/1.6.0_21"
50.136.120.128 - - [20/Jul/2012:07:24:49 +0200] "GET /nka.htm HTTP/1.1" 200 6221 "-" "Java/1.6.0_21"
50.136.120.128 - - [20/Jul/2012:07:24:50 +0200] "GET /szakmai.htm HTTP/1.1" 200 6054 "-" "Java/1.6.0_21"
50.136.120.128 - - [20/Jul/2012:07:24:51 +0200] "GET /ncta_a.htm HTTP/1.1" 200 7260 "-" "Java/1.6.0_21"
50.136.120.128 - - [20/Jul/2012:07:24:51 +0200] "GET /&url=civilmuhely.htm HTTP/1.1" 404 1181 "-" "Java/1.6.0_21"
50.136.120.128 - - [20/Jul/2012:07:24:52 +0200] "GET /&url=magunkrol.htm HTTP/1.1" 404 1181 "-" "Java/1.6.0_21"
50.136.120.128 - - [20/Jul/2012:07:24:52 +0200] "GET /nca04.htm HTTP/1.1" 200 16378 "-" "Java/1.6.0_21"
50.136.120.128 - - [20/Jul/2012:07:24:54 +0200] "GET /nca05.htm HTTP/1.1" 200 16412 "-" "Java/1.6.0_21"
50.136.120.128 - - [20/Jul/2012:07:24:54 +0200] "GET /nca06.htm HTTP/1.1" 200 19034 "-" "Java/1.6.0_21"
50.136.120.128 - - [20/Jul/2012:07:24:55 +0200] "GET /nca07.htm HTTP/1.1" 200 21968 "-" "Java/1.6.0_21"
50.136.120.128 - - [20/Jul/2012:07:24:55 +0200] "GET /nca08.htm HTTP/1.1" 200 21795 "-" "Java/1.6.0_21"
50.136.120.128 - - [20/Jul/2012:07:24:56 +0200] "GET /nca09.htm HTTP/1.1" 200 24315 "-" "Java/1.6.0_21"
50.136.120.128 - - [20/Jul/2012:07:24:57 +0200] "GET /nca10.htm HTTP/1.1" 200 16648 "-" "Java/1.6.0_21"
50.136.120.128 - - [20/Jul/2012:07:24:57 +0200] "GET /nca11.htm HTTP/1.1" 200 7133 "-" "Java/1.6.0_21"
50.136.120.128 - - [20/Jul/2012:07:24:58 +0200] "GET /kiadvanyok.htm HTTP/1.1" 200 8206 "-" "Java/1.6.0_21"
50.136.120.128 - - [20/Jul/2012:07:24:59 +0200] "GET /deutsch/index.htm HTTP/1.1" 200 5324 "-" "Java/1.6.0_21"
50.136.120.128 - - [20/Jul/2012:07:24:59 +0200] "GET /english/index.htm HTTP/1.1" 200 5262 "-" "Java/1.6.0_21"
50.136.120.128 - - [20/Jul/2012:07:24:59 +0200] "GET /fiok/index.html HTTP/1.1" 200 20554 "-" "Java/1.6.0_21"
50.136.120.128 - - [20/Jul/2012:07:25:00 +0200] "GET /hirek/hirek091015.htm HTTP/1.1" 200 7046 "-" "Java/1.6.0_21"
50.136.120.128 - - [20/Jul/2012:07:25:00 +0200] "GET /hirek/hirek091102.htm HTTP/1.1" 200 8538 "-" "Java/1.6.0_21"
50.136.120.128 - - [20/Jul/2012:07:25:01 +0200] "GET /hirek/hirek091103.htm HTTP/1.1" 200 7301 "-" "Java/1.6.0_21"
50.136.120.128 - - [20/Jul/2012:07:25:01 +0200] "GET /hirek/hirek091221.htm HTTP/1.1" 200 6740 "-" "Java/1.6.0_21"
50.136.120.128 - - [20/Jul/2012:07:25:01 +0200] "GET /hirek/hirek100225.htm HTTP/1.1" 200 7288 "-" "Java/1.6.0_21"
208.115.111.68 - - [20/Jul/2012:07:26:23 +0200] "GET /robots.txt HTTP/1.1" 404 1181 "-" "Mozilla/5.0 (compatible; Ezooms/1.0; ezooms.bot@gmail.com)"
66.249.72.58 - - [20/Jul/2012:07:27:55 +0200] "GET /jog/eseteink/audi/europai%20bizottsag%20fotitkarsaga.pdf HTTP/1.1" 200 374636 "-" "Mozilla/5.0 (compatible; Googlebot/2.1; +http://www.google.com/bot.html)"
141.105.120.151 - - [20/Jul/2012:07:29:29 +0200] "GET /robots.txt HTTP/1.0" 404 1181 "-" "Mozilla/5.0 (compatible; OpenindexSpider; +http://www.openindex.io/en/webmasters/spider.html)"
141.105.120.151 - - [20/Jul/2012:07:29:29 +0200] "GET /jog/tarseljarasok.htm HTTP/1.0" 304 - "-" "Mozilla/5.0 (compatible; OpenindexSpider; +http://www.openindex.io/en/webmasters/spider.html)"
77.20.4.67 - - [20/Jul/2012:07:36:23 +0200] "GET /programok.htm HTTP/1.1" 200 6444 "-" "findlinks/2.0.2 (+http://wortschatz.uni-leipzig.de/findlinks/)"
66.249.72.58 - - [20/Jul/2012:08:16:03 +0200] "GET /fiok/program_reszek/csaladbarat.htm HTTP/1.1" 200 20928 "-" "Mozilla/5.0 (compatible; Googlebot/2.1; +http://www.google.com/bot.html)"
195.128.232.232 - - [20/Jul/2012:08:49:36 +0200] "GET / HTTP/1.1" 200 23778 "http://www.google.co.uk/search?hl=en&q=Beklen+Alap%C3%ADtv%C3%A1ny&meta=" "Mozilla/4.0 (compatible; MSIE 7.0; Windows NT 5.1; .NET CLR 2.0.50727; .NET CLR 3.0.4506.2152; .NET CLR 3.5.30729; InfoPath.2)"
195.128.232.232 - - [20/Jul/2012:08:49:37 +0200] "GET /vill.cs HTTP/1.1" 200 2676 "http://www.beklen.hu/" "Mozilla/4.0 (compatible; MSIE 7.0; Windows NT 5.1; .NET CLR 2.0.50727; .NET CLR 3.0.4506.2152; .NET CLR 3.5.30729; InfoPath.2)"
195.128.232.232 - - [20/Jul/2012:08:49:37 +0200] "GET /lb/js/prototype.js HTTP/1.1" 200 47603 "http://www.beklen.hu/" "Mozilla/4.0 (compatible; MSIE 7.0; Windows NT 5.1; .NET CLR 2.0.50727; .NET CLR 3.0.4506.2152; .NET CLR 3.5.30729; InfoPath.2)"
195.128.232.232 - - [20/Jul/2012:08:49:37 +0200] "GET /lb/js/scriptaculous.js?load=effects HTTP/1.1" 200 2152 "http://www.beklen.hu/" "Mozilla/4.0 (compatible; MSIE 7.0; Windows NT 5.1; .NET CLR 2.0.50727; .NET CLR 3.0.4506.2152; .NET CLR 3.5.30729; InfoPath.2)"
195.128.232.232 - - [20/Jul/2012:08:49:37 +0200] "GET /lb/js/effects.js HTTP/1.1" 200 31969 "http://www.beklen.hu/" "Mozilla/4.0 (compatible; MSIE 7.0; Windows NT 5.1; .NET CLR 2.0.50727; .NET CLR 3.0.4506.2152; .NET CLR 3.5.30729; InfoPath.2)"
195.128.232.232 - - [20/Jul/2012:08:49:37 +0200] "GET /lb/js/lightbox.js HTTP/1.1" 200 23424 "http://www.beklen.hu/" "Mozilla/4.0 (compatible; MSIE 7.0; Windows NT 5.1; .NET CLR 2.0.50727; .NET CLR 3.0.4506.2152; .NET CLR 3.5.30729; InfoPath.2)"
195.128.232.232 - - [20/Jul/2012:08:49:37 +0200] "GET /lb/css/lightbox.css HTTP/1.1" 200 1715 "http://www.beklen.hu/" "Mozilla/4.0 (compatible; MSIE 7.0; Windows NT 5.1; .NET CLR 2.0.50727; .NET CLR 3.0.4506.2152; .NET CLR 3.5.30729; InfoPath.2)"
195.128.232.232 - - [20/Jul/2012:08:49:37 +0200] "GET /bg.jpg HTTP/1.1" 200 566 "http://www.beklen.hu/" "Mozilla/4.0 (compatible; MSIE 7.0; Windows NT 5.1; .NET CLR 2.0.50727; .NET CLR 3.0.4506.2152; .NET CLR 3.5.30729; InfoPath.2)"
195.128.232.232 - - [20/Jul/2012:08:49:37 +0200] "GET /tm01.jpg HTTP/1.1" 200 1080 "http://www.beklen.hu/" "Mozilla/4.0 (compatible; MSIE 7.0; Windows NT 5.1; .NET CLR 2.0.50727; .NET CLR 3.0.4506.2152; .NET CLR 3.5.30729; InfoPath.2)"
195.128.232.232 - - [20/Jul/2012:08:49:37 +0200] "GET /tm02.jpg HTTP/1.1" 200 1873 "http://www.beklen.hu/" "Mozilla/4.0 (compatible; MSIE 7.0; Windows NT 5.1; .NET CLR 2.0.50727; .NET CLR 3.0.4506.2152; .NET CLR 3.5.30729; InfoPath.2)"
195.128.232.232 - - [20/Jul/2012:08:49:37 +0200] "GET /tm03_.jpg HTTP/1.1" 200 1787 "http://www.beklen.hu/" "Mozilla/4.0 (compatible; MSIE 7.0; Windows NT 5.1; .NET CLR 2.0.50727; .NET CLR 3.0.4506.2152; .NET CLR 3.5.30729; InfoPath.2)"
195.128.232.232 - - [20/Jul/2012:08:49:37 +0200] "GET /tm04_.jpg HTTP/1.1" 200 2058 "http://www.beklen.hu/" "Mozilla/4.0 (compatible; MSIE 7.0; Windows NT 5.1; .NET CLR 2.0.50727; .NET CLR 3.0.4506.2152; .NET CLR 3.5.30729; InfoPath.2)"
195.128.232.232 - - [20/Jul/2012:08:49:37 +0200] "GET /tm05_.jpg HTTP/1.1" 200 1839 "http://www.beklen.hu/" "Mozilla/4.0 (compatible; MSIE 7.0; Windows NT 5.1; .NET CLR 2.0.50727; .NET CLR 3.0.4506.2152; .NET CLR 3.5.30729; InfoPath.2)"
195.128.232.232 - - [20/Jul/2012:08:49:37 +0200] "GET /tm06_.jpg HTTP/1.1" 200 1382 "http://www.beklen.hu/" "Mozilla/4.0 (compatible; MSIE 7.0; Windows NT 5.1; .NET CLR 2.0.50727; .NET CLR 3.0.4506.2152; .NET CLR 3.5.30729; InfoPath.2)"
195.128.232.232 - - [20/Jul/2012:08:49:38 +0200] "GET /tm07.jpg HTTP/1.1" 200 1007 "http://www.beklen.hu/" "Mozilla/4.0 (compatible; MSIE 7.0; Windows NT 5.1; .NET CLR 2.0.50727; .NET CLR 3.0.4506.2152; .NET CLR 3.5.30729; InfoPath.2)"
195.128.232.232 - - [20/Jul/2012:08:49:38 +0200] "GET /a1_projekt_tabla_infra_cs3_beklenhaz_.jpg HTTP/1.1" 200 8994 "http://www.beklen.hu/" "Mozilla/4.0 (compatible; MSIE 7.0; Windows NT 5.1; .NET CLR 2.0.50727; .NET CLR 3.0.4506.2152; .NET CLR 3.5.30729; InfoPath.2)"
195.128.232.232 - - [20/Jul/2012:08:49:38 +0200] "GET /jog_honlap_.jpg HTTP/1.1" 200 7186 "http://www.beklen.hu/" "Mozilla/4.0 (compatible; MSIE 7.0; Windows NT 5.1; .NET CLR 2.0.50727; .NET CLR 3.0.4506.2152; .NET CLR 3.5.30729; InfoPath.2)"
195.128.232.232 - - [20/Jul/2012:08:49:38 +0200] "GET /bottom_main.jpg HTTP/1.1" 200 96820 "http://www.beklen.hu/" "Mozilla/4.0 (compatible; MSIE 7.0; Windows NT 5.1; .NET CLR 2.0.50727; .NET CLR 3.0.4506.2152; .NET CLR 3.5.30729; InfoPath.2)"
195.128.232.232 - - [20/Jul/2012:08:49:41 +0200] "GET /nimfea_project_250x250.gif HTTP/1.1" 200 2986583 "http://www.beklen.hu/" "Mozilla/4.0 (compatible; MSIE 7.0; Windows NT 5.1; .NET CLR 2.0.50727; .NET CLR 3.0.4506.2152; .NET CLR 3.5.30729; InfoPath.2)"
195.128.232.232 - - [20/Jul/2012:08:49:41 +0200] "GET /tm04.jpg HTTP/1.1" 200 2613 "http://www.beklen.hu/" "Mozilla/4.0 (compatible; MSIE 7.0; Windows NT 5.1; .NET CLR 2.0.50727; .NET CLR 3.0.4506.2152; .NET CLR 3.5.30729; InfoPath.2)"
195.128.232.232 - - [20/Jul/2012:08:49:41 +0200] "GET /favicon.ico HTTP/1.1" 404 1181 "-" "Mozilla/4.0 (compatible; MSIE 7.0; Windows NT 5.1; .NET CLR 2.0.50727; .NET CLR 3.0.4506.2152; .NET CLR 3.5.30729; InfoPath.2)"
195.128.232.232 - - [20/Jul/2012:08:49:41 +0200] "GET /tm05.jpg HTTP/1.1" 200 2253 "http://www.beklen.hu/" "Mozilla/4.0 (compatible; MSIE 7.0; Windows NT 5.1; .NET CLR 2.0.50727; .NET CLR 3.0.4506.2152; .NET CLR 3.5.30729; InfoPath.2)"
195.128.232.232 - - [20/Jul/2012:08:49:41 +0200] "GET /tm02_.jpg HTTP/1.1" 200 1524 "http://www.beklen.hu/" "Mozilla/4.0 (compatible; MSIE 7.0; Windows NT 5.1; .NET CLR 2.0.50727; .NET CLR 3.0.4506.2152; .NET CLR 3.5.30729; InfoPath.2)"
195.128.232.232 - - [20/Jul/2012:08:49:41 +0200] "GET /tm06.jpg HTTP/1.1" 200 1651 "http://www.beklen.hu/" "Mozilla/4.0 (compatible; MSIE 7.0; Windows NT 5.1; .NET CLR 2.0.50727; .NET CLR 3.0.4506.2152; .NET CLR 3.5.30729; InfoPath.2)"
195.128.232.232 - - [20/Jul/2012:08:49:41 +0200] "GET /tm03.jpg HTTP/1.1" 200 2212 "http://www.beklen.hu/" "Mozilla/4.0 (compatible; MSIE 7.0; Windows NT 5.1; .NET CLR 2.0.50727; .NET CLR 3.0.4506.2152; .NET CLR 3.5.30729; InfoPath.2)"
195.128.232.232 - - [20/Jul/2012:08:49:41 +0200] "GET /lb/images/loading.gif HTTP/1.1" 200 2767 "http://www.beklen.hu/" "Mozilla/4.0 (compatible; MSIE 7.0; Windows NT 5.1; .NET CLR 2.0.50727; .NET CLR 3.0.4506.2152; .NET CLR 3.5.30729; InfoPath.2)"
195.128.232.232 - - [20/Jul/2012:08:49:41 +0200] "GET /lb/images/closelabel.gif HTTP/1.1" 200 222 "http://www.beklen.hu/" "Mozilla/4.0 (compatible; MSIE 7.0; Windows NT 5.1; .NET CLR 2.0.50727; .NET CLR 3.0.4506.2152; .NET CLR 3.5.30729; InfoPath.2)"
195.128.232.232 - - [20/Jul/2012:08:50:06 +0200] "GET /programok.htm HTTP/1.1" 200 6444 "http://www.beklen.hu/" "Mozilla/4.0 (compatible; MSIE 7.0; Windows NT 5.1; .NET CLR 2.0.50727; .NET CLR 3.0.4506.2152; .NET CLR 3.5.30729; InfoPath.2)"
195.128.232.232 - - [20/Jul/2012:08:50:07 +0200] "GET /bottom_.jpg HTTP/1.1" 200 93419 "http://www.beklen.hu/programok.htm" "Mozilla/4.0 (compatible; MSIE 7.0; Windows NT 5.1; .NET CLR 2.0.50727; .NET CLR 3.0.4506.2152; .NET CLR 3.5.30729; InfoPath.2)"
195.128.232.232 - - [20/Jul/2012:08:50:16 +0200] "GET /magunkrol.htm HTTP/1.1" 200 9202 "http://www.beklen.hu/programok.htm" "Mozilla/4.0 (compatible; MSIE 7.0; Windows NT 5.1; .NET CLR 2.0.50727; .NET CLR 3.0.4506.2152; .NET CLR 3.5.30729; InfoPath.2)"
195.128.232.232 - - [20/Jul/2012:08:50:23 +0200] "GET /kapcsolat.htm HTTP/1.1" 200 6889 "http://www.beklen.hu/magunkrol.htm" "Mozilla/4.0 (compatible; MSIE 7.0; Windows NT 5.1; .NET CLR 2.0.50727; .NET CLR 3.0.4506.2152; .NET CLR 3.5.30729; InfoPath.2)"
195.128.232.232 - - [20/Jul/2012:08:50:23 +0200] "GET /felsorol.css HTTP/1.1" 200 240 "http://www.beklen.hu/kapcsolat.htm" "Mozilla/4.0 (compatible; MSIE 7.0; Windows NT 5.1; .NET CLR 2.0.50727; .NET CLR 3.0.4506.2152; .NET CLR 3.5.30729; InfoPath.2)"
195.128.232.232 - - [20/Jul/2012:08:50:32 +0200] "GET /media.htm HTTP/1.1" 200 5208 "http://www.beklen.hu/kapcsolat.htm" "Mozilla/4.0 (compatible; MSIE 7.0; Windows NT 5.1; .NET CLR 2.0.50727; .NET CLR 3.0.4506.2152; .NET CLR 3.5.30729; InfoPath.2)"
195.128.232.232 - - [20/Jul/2012:08:50:35 +0200] "GET /index.htm HTTP/1.1" 200 23778 "http://www.beklen.hu/media.htm" "Mozilla/4.0 (compatible; MSIE 7.0; Windows NT 5.1; .NET CLR 2.0.50727; .NET CLR 3.0.4506.2152; .NET CLR 3.5.30729; InfoPath.2)"
66.249.72.58 - - [20/Jul/2012:08:52:03 +0200] "GET /robots.txt HTTP/1.1" 404 1181 "-" "Mozilla/5.0 (compatible; Googlebot/2.1; +http://www.google.com/bot.html)"
66.249.72.58 - - [20/Jul/2012:08:52:04 +0200] "GET /jog/eseteink/derekegyhaza/tajekoztatas_keres_mszh_kozp.pdf HTTP/1.1" 200 119925 "-" "Mozilla/5.0 (compatible; Googlebot/2.1; +http://www.google.com/bot.html)"
208.115.111.68 - - [20/Jul/2012:10:04:50 +0200] "GET /robots.txt HTTP/1.1" 404 1181 "-" "Mozilla/5.0 (compatible; Ezooms/1.0; ezooms.bot@gmail.com)"
208.115.113.84 - - [20/Jul/2012:10:47:00 +0200] "GET /robots.txt HTTP/1.1" 404 1181 "-" "Mozilla/5.0 (compatible; Ezooms/1.0; ezooms.bot@gmail.com)"
208.115.111.68 - - [20/Jul/2012:12:13:45 +0200] "GET /magunkrol.htm HTTP/1.1" 200 9202 "-" "Mozilla/5.0 (compatible; Ezooms/1.0; ezooms.bot@gmail.com)"
208.115.113.84 - - [20/Jul/2012:12:24:34 +0200] "GET /hirek/hirek09_02.htm HTTP/1.1" 200 7534 "-" "Mozilla/5.0 (compatible; Ezooms/1.0; ezooms.bot@gmail.com)"
66.249.72.58 - - [20/Jul/2012:13:03:04 +0200] "GET /hirek/hirek100305.htm HTTP/1.1" 200 7091 "-" "Mozilla/5.0 (compatible; Googlebot/2.1; +http://www.google.com/bot.html)"
65.52.108.98 - - [20/Jul/2012:15:25:54 +0200] "GET /robots.txt HTTP/1.1" 404 1181 "-" "Mozilla/5.0 (compatible; bingbot/2.0; +http://www.bing.com/bingbot.htm)"
65.52.108.98 - - [20/Jul/2012:15:27:24 +0200] "GET /programok.htm HTTP/1.1" 304 - "-" "Mozilla/5.0 (compatible; bingbot/2.0; +http://www.bing.com/bingbot.htm)"
66.249.72.58 - - [20/Jul/2012:16:17:15 +0200] "GET /kapcsolat.htm HTTP/1.1" 304 - "-" "Mozilla/5.0 (compatible; Googlebot/2.1; +http://www.google.com/bot.html)"
178.154.210.252 - - [20/Jul/2012:16:18:20 +0200] "GET / HTTP/1.1" 200 23778 "-" "Mozilla/5.0 (compatible; YandexBot/3.0; +http://yandex.com/bots)"
82.158.17.67 - - [20/Jul/2012:16:20:59 +0200] "GET / HTTP/1.1" 200 23778 "-" "Java/1.6.0_13"
82.158.17.67 - - [20/Jul/2012:16:21:00 +0200] "GET /hirarchivum.htm HTTP/1.1" 200 24981 "-" "Java/1.6.0_13"
82.158.17.67 - - [20/Jul/2012:16:21:01 +0200] "GET /index.htm HTTP/1.1" 200 23778 "-" "Java/1.6.0_13"
82.158.17.67 - - [20/Jul/2012:16:21:01 +0200] "GET /kapcsolat.htm HTTP/1.1" 200 6889 "-" "Java/1.6.0_13"
82.158.17.67 - - [20/Jul/2012:16:21:01 +0200] "GET /magunkrol.htm HTTP/1.1" 200 9202 "-" "Java/1.6.0_13"
82.158.17.67 - - [20/Jul/2012:16:21:01 +0200] "GET /media.htm HTTP/1.1" 200 5208 "-" "Java/1.6.0_13"
82.158.17.67 - - [20/Jul/2012:16:21:01 +0200] "GET /programok.htm HTTP/1.1" 200 6444 "-" "Java/1.6.0_13"
82.158.17.67 - - [20/Jul/2012:16:21:02 +0200] "GET /vill.cs HTTP/1.1" 200 2676 "-" "Java/1.6.0_13"
82.158.17.67 - - [20/Jul/2012:16:21:02 +0200] "GET /hirek08_10.htm HTTP/1.1" 200 6946 "-" "Java/1.6.0_13"
82.158.17.67 - - [20/Jul/2012:16:21:02 +0200] "GET /hirek08_11.htm HTTP/1.1" 200 7253 "-" "Java/1.6.0_13"
82.158.17.67 - - [20/Jul/2012:16:21:02 +0200] "GET /hirek08_12.htm HTTP/1.1" 200 8268 "-" "Java/1.6.0_13"
82.158.17.67 - - [20/Jul/2012:16:21:02 +0200] "GET /hirek09_01.htm HTTP/1.1" 200 6841 "-" "Java/1.6.0_13"
82.158.17.67 - - [20/Jul/2012:16:21:03 +0200] "GET /hirek09_02.htm HTTP/1.1" 200 7450 "-" "Java/1.6.0_13"
82.158.17.67 - - [20/Jul/2012:16:21:03 +0200] "GET /hirek09_03.htm HTTP/1.1" 200 10726 "-" "Java/1.6.0_13"
82.158.17.67 - - [20/Jul/2012:16:21:03 +0200] "GET /&url=kapcsolat.htm HTTP/1.1" 404 1181 "-" "Java/1.6.0_13"
82.158.17.67 - - [20/Jul/2012:16:21:03 +0200] "GET /&url=programok.htm HTTP/1.1" 404 1181 "-" "Java/1.6.0_13"
82.158.17.67 - - [20/Jul/2012:16:21:03 +0200] "GET /&url=adomanyi.htm HTTP/1.1" 404 1181 "-" "Java/1.6.0_13"
82.158.17.67 - - [20/Jul/2012:16:21:03 +0200] "GET /bunt.htm HTTP/1.1" 200 5683 "-" "Java/1.6.0_13"
82.158.17.67 - - [20/Jul/2012:16:21:04 +0200] "GET /civilmuhely.htm HTTP/1.1" 200 8450 "-" "Java/1.6.0_13"
82.158.17.67 - - [20/Jul/2012:16:21:04 +0200] "GET /khb.htm HTTP/1.1" 200 8719 "-" "Java/1.6.0_13"
82.158.17.67 - - [20/Jul/2012:16:21:05 +0200] "GET /nca.htm HTTP/1.1" 200 7467 "-" "Java/1.6.0_13"
82.158.17.67 - - [20/Jul/2012:16:21:05 +0200] "GET /ncta.htm HTTP/1.1" 200 7221 "-" "Java/1.6.0_13"
82.158.17.67 - - [20/Jul/2012:16:21:05 +0200] "GET /nka.htm HTTP/1.1" 200 6221 "-" "Java/1.6.0_13"
82.158.17.67 - - [20/Jul/2012:16:21:05 +0200] "GET /szakmai.htm HTTP/1.1" 200 6054 "-" "Java/1.6.0_13"
82.158.17.67 - - [20/Jul/2012:16:21:05 +0200] "GET /ncta_a.htm HTTP/1.1" 200 7260 "-" "Java/1.6.0_13"
82.158.17.67 - - [20/Jul/2012:16:21:05 +0200] "GET /&url=civilmuhely.htm HTTP/1.1" 404 1181 "-" "Java/1.6.0_13"
82.158.17.67 - - [20/Jul/2012:16:21:05 +0200] "GET /&url=magunkrol.htm HTTP/1.1" 404 1181 "-" "Java/1.6.0_13"
82.158.17.67 - - [20/Jul/2012:16:21:06 +0200] "GET /nca04.htm HTTP/1.1" 200 16378 "-" "Java/1.6.0_13"
82.158.17.67 - - [20/Jul/2012:16:21:06 +0200] "GET /nca05.htm HTTP/1.1" 200 16412 "-" "Java/1.6.0_13"
82.158.17.67 - - [20/Jul/2012:16:21:06 +0200] "GET /nca06.htm HTTP/1.1" 200 19034 "-" "Java/1.6.0_13"
82.158.17.67 - - [20/Jul/2012:16:21:07 +0200] "GET /nca07.htm HTTP/1.1" 200 21968 "-" "Java/1.6.0_13"
82.158.17.67 - - [20/Jul/2012:16:21:08 +0200] "GET /nca08.htm HTTP/1.1" 200 21795 "-" "Java/1.6.0_13"
82.158.17.67 - - [20/Jul/2012:16:21:08 +0200] "GET /nca09.htm HTTP/1.1" 200 24315 "-" "Java/1.6.0_13"
82.158.17.67 - - [20/Jul/2012:16:21:09 +0200] "GET /nca10.htm HTTP/1.1" 200 16648 "-" "Java/1.6.0_13"
82.158.17.67 - - [20/Jul/2012:16:21:09 +0200] "GET /nca11.htm HTTP/1.1" 200 7133 "-" "Java/1.6.0_13"
82.158.17.67 - - [20/Jul/2012:16:21:09 +0200] "GET /kiadvanyok.htm HTTP/1.1" 200 8206 "-" "Java/1.6.0_13"
82.158.17.67 - - [20/Jul/2012:16:21:09 +0200] "GET /deutsch/index.htm HTTP/1.1" 200 5324 "-" "Java/1.6.0_13"
82.158.17.67 - - [20/Jul/2012:16:21:09 +0200] "GET /english/index.htm HTTP/1.1" 200 5262 "-" "Java/1.6.0_13"
82.158.17.67 - - [20/Jul/2012:16:21:10 +0200] "GET /fiok/index.html HTTP/1.1" 200 20554 "-" "Java/1.6.0_13"
82.158.17.67 - - [20/Jul/2012:16:21:10 +0200] "GET /hirek/hirek091015.htm HTTP/1.1" 200 7046 "-" "Java/1.6.0_13"
82.158.17.67 - - [20/Jul/2012:16:21:11 +0200] "GET /hirek/hirek091102.htm HTTP/1.1" 200 8538 "-" "Java/1.6.0_13"
82.158.17.67 - - [20/Jul/2012:16:21:11 +0200] "GET /hirek/hirek091103.htm HTTP/1.1" 200 7301 "-" "Java/1.6.0_13"
82.158.17.67 - - [20/Jul/2012:16:21:11 +0200] "GET /hirek/hirek091221.htm HTTP/1.1" 200 6740 "-" "Java/1.6.0_13"
82.158.17.67 - - [20/Jul/2012:16:21:12 +0200] "GET /hirek/hirek100225.htm HTTP/1.1" 200 7288 "-" "Java/1.6.0_13"
208.115.111.68 - - [20/Jul/2012:16:51:13 +0200] "GET /robots.txt HTTP/1.1" 404 1181 "-" "Mozilla/5.0 (compatible; Ezooms/1.0; ezooms.bot@gmail.com)"
208.115.111.68 - - [20/Jul/2012:18:51:55 +0200] "GET /english/programs.htm HTTP/1.1" 200 5614 "-" "Mozilla/5.0 (compatible; Ezooms/1.0; ezooms.bot@gmail.com)"
208.115.111.68 - - [20/Jul/2012:18:51:57 +0200] "GET /hirek/hirek090509.htm HTTP/1.1" 200 7803 "-" "Mozilla/5.0 (compatible; Ezooms/1.0; ezooms.bot@gmail.com)"
66.249.72.58 - - [20/Jul/2012:19:55:53 +0200] "GET /hirek/hirek091103.htm HTTP/1.1" 200 7301 "-" "Mozilla/5.0 (iPhone; U; CPU iPhone OS 4_1 like Mac OS X; en-us) AppleWebKit/532.9 (KHTML, like Gecko) Version/4.0.5 Mobile/8B117 Safari/6531.22.7 (compatible; Googlebot-Mobile/2.1; +http://www.google.com/bot.html)"
80.98.214.74 - - [20/Jul/2012:20:09:46 +0200] "GET / HTTP/1.1" 200 23778 "-" "Mozilla/4.0 (compatible; MSIE 9.00; Windows NT 5.0)"
207.46.13.212 - - [20/Jul/2012:23:17:42 +0200] "GET /robots.txt HTTP/1.1" 404 1181 "-" "Mozilla/5.0 (compatible; bingbot/2.0; +http://www.bing.com/bingbot.htm)"
207.46.13.212 - - [20/Jul/2012:23:18:40 +0200] "GET /kapcsolat.htm HTTP/1.1" 200 6889 "-" "Mozilla/5.0 (compatible; bingbot/2.0; +http://www.bing.com/bingbot.htm)"
178.154.210.252 - - [20/Jul/2012:23:34:57 +0200] "GET /robots.txt HTTP/1.1" 404 1181 "-" "Mozilla/5.0 (compatible; YandexBot/3.0; +http://yandex.com/bots)"
208.115.113.84 - - [21/Jul/2012:00:09:13 +0200] "GET /robots.txt HTTP/1.1" 404 1181 "-" "Mozilla/5.0 (compatible; Ezooms/1.0; ezooms.bot@gmail.com)"
89.134.100.36 - - [21/Jul/2012:00:13:39 +0200] "GET / HTTP/1.1" 200 23778 "-" "Java/1.6.0_21"
89.134.100.36 - - [21/Jul/2012:00:13:40 +0200] "GET /hirarchivum.htm HTTP/1.1" 200 24981 "-" "Java/1.6.0_21"
89.134.100.36 - - [21/Jul/2012:00:13:40 +0200] "GET /index.htm HTTP/1.1" 200 23778 "-" "Java/1.6.0_21"
89.134.100.36 - - [21/Jul/2012:00:13:40 +0200] "GET /kapcsolat.htm HTTP/1.1" 200 6889 "-" "Java/1.6.0_21"
89.134.100.36 - - [21/Jul/2012:00:13:41 +0200] "GET /magunkrol.htm HTTP/1.1" 200 9202 "-" "Java/1.6.0_21"
89.134.100.36 - - [21/Jul/2012:00:13:41 +0200] "GET /media.htm HTTP/1.1" 200 5208 "-" "Java/1.6.0_21"
89.134.100.36 - - [21/Jul/2012:00:13:41 +0200] "GET /programok.htm HTTP/1.1" 200 6444 "-" "Java/1.6.0_21"
89.134.100.36 - - [21/Jul/2012:00:13:42 +0200] "GET /vill.cs HTTP/1.1" 200 2676 "-" "Java/1.6.0_21"
89.134.100.36 - - [21/Jul/2012:00:13:42 +0200] "GET /hirek08_10.htm HTTP/1.1" 200 6946 "-" "Java/1.6.0_21"
89.134.100.36 - - [21/Jul/2012:00:13:43 +0200] "GET /hirek08_11.htm HTTP/1.1" 200 7253 "-" "Java/1.6.0_21"
89.134.100.36 - - [21/Jul/2012:00:13:43 +0200] "GET /hirek08_12.htm HTTP/1.1" 200 8268 "-" "Java/1.6.0_21"
89.134.100.36 - - [21/Jul/2012:00:13:43 +0200] "GET /hirek09_01.htm HTTP/1.1" 200 6841 "-" "Java/1.6.0_21"
89.134.100.36 - - [21/Jul/2012:00:13:43 +0200] "GET /hirek09_02.htm HTTP/1.1" 200 7450 "-" "Java/1.6.0_21"
89.134.100.36 - - [21/Jul/2012:00:13:44 +0200] "GET /hirek09_03.htm HTTP/1.1" 200 10726 "-" "Java/1.6.0_21"
89.134.100.36 - - [21/Jul/2012:00:13:44 +0200] "GET /&url=kapcsolat.htm HTTP/1.1" 404 1181 "-" "Java/1.6.0_21"
89.134.100.36 - - [21/Jul/2012:00:13:44 +0200] "GET /&url=programok.htm HTTP/1.1" 404 1181 "-" "Java/1.6.0_21"
89.134.100.36 - - [21/Jul/2012:00:13:45 +0200] "GET /&url=adomanyi.htm HTTP/1.1" 404 1181 "-" "Java/1.6.0_21"
89.134.100.36 - - [21/Jul/2012:00:13:45 +0200] "GET /bunt.htm HTTP/1.1" 200 5683 "-" "Java/1.6.0_21"
89.134.100.36 - - [21/Jul/2012:00:13:46 +0200] "GET /civilmuhely.htm HTTP/1.1" 200 8450 "-" "Java/1.6.0_21"
89.134.100.36 - - [21/Jul/2012:00:13:46 +0200] "GET /khb.htm HTTP/1.1" 200 8719 "-" "Java/1.6.0_21"
89.134.100.36 - - [21/Jul/2012:00:13:46 +0200] "GET /nca.htm HTTP/1.1" 200 7467 "-" "Java/1.6.0_21"
89.134.100.36 - - [21/Jul/2012:00:13:47 +0200] "GET /ncta.htm HTTP/1.1" 200 7221 "-" "Java/1.6.0_21"
89.134.100.36 - - [21/Jul/2012:00:13:47 +0200] "GET /nka.htm HTTP/1.1" 200 6221 "-" "Java/1.6.0_21"
89.134.100.36 - - [21/Jul/2012:00:13:48 +0200] "GET /szakmai.htm HTTP/1.1" 200 6054 "-" "Java/1.6.0_21"
89.134.100.36 - - [21/Jul/2012:00:13:48 +0200] "GET /ncta_a.htm HTTP/1.1" 200 7260 "-" "Java/1.6.0_21"
89.134.100.36 - - [21/Jul/2012:00:13:48 +0200] "GET /&url=civilmuhely.htm HTTP/1.1" 404 1181 "-" "Java/1.6.0_21"
89.134.100.36 - - [21/Jul/2012:00:13:49 +0200] "GET /&url=magunkrol.htm HTTP/1.1" 404 1181 "-" "Java/1.6.0_21"
89.134.100.36 - - [21/Jul/2012:00:13:49 +0200] "GET /nca04.htm HTTP/1.1" 200 16378 "-" "Java/1.6.0_21"
89.134.100.36 - - [21/Jul/2012:00:13:50 +0200] "GET /nca05.htm HTTP/1.1" 200 16412 "-" "Java/1.6.0_21"
