45.79.87.104 - - [23/Apr/2016:08:38:16 +0200] "HEAD / HTTP/1.1" 200 0 "http://uptime.com/rumini.com" "Mozilla/5.0 (compatible; Uptimebot/1.0; +http://www.uptime.com/uptimebot)"
66.249.66.28 - - [23/Apr/2016:09:52:36 +0200] "GET /robots.txt HTTP/1.1" 404 - "-" "Mozilla/5.0 (compatible; Googlebot/2.1; +http://www.google.com/bot.html)"
66.249.66.31 - - [23/Apr/2016:09:52:36 +0200] "GET / HTTP/1.1" 200 174 "-" "Mozilla/5.0 (Linux; Android 6.0.1; Nexus 5X Build/MMB29P) AppleWebKit/537.36 (KHTML, like Gecko) Chrome/41.0.2272.96 Mobile Safari/537.36 (compatible; Googlebot/2.1; +http://www.google.com/bot.html)"
45.33.36.127 - - [23/Apr/2016:11:23:04 +0200] "HEAD / HTTP/1.1" 200 0 "http://uptime.com/micsodaido.hu" "Mozilla/5.0 (compatible; Uptimebot/1.0; +http://www.uptime.com/uptimebot)"
123.125.71.111 - - [23/Apr/2016:13:01:20 +0200] "GET / HTTP/1.1" 200 174 "-" "Mozilla/5.0 (compatible; Baiduspider/2.0; +http://www.baidu.com/search/spider.html)"
66.249.66.173 - - [23/Apr/2016:13:06:35 +0200] "GET /robots.txt HTTP/1.1" 404 - "-" "Mozilla/5.0 (compatible; Googlebot/2.1; +http://www.google.com/bot.html)"
66.249.66.176 - - [23/Apr/2016:13:06:35 +0200] "GET / HTTP/1.1" 200 166 "-" "Mozilla/5.0 (Linux; Android 6.0.1; Nexus 5X Build/MMB29P) AppleWebKit/537.36 (KHTML, like Gecko) Chrome/41.0.2272.96 Mobile Safari/537.36 (compatible; Googlebot/2.1; +http://www.google.com/bot.html)"
157.55.39.79 - - [23/Apr/2016:16:05:15 +0200] "GET / HTTP/1.1" 200 166 "-" "Mozilla/5.0 (compatible; bingbot/2.0; +http://www.bing.com/bingbot.htm)"
123.125.71.117 - - [23/Apr/2016:16:33:14 +0200] "GET / HTTP/1.1" 200 174 "-" "Mozilla/5.0 (compatible; Baiduspider/2.0; +http://www.baidu.com/search/spider.html)"
40.77.167.10 - - [23/Apr/2016:16:43:09 +0200] "GET / HTTP/1.1" 200 166 "-" "Mozilla/5.0 (compatible; bingbot/2.0; +http://www.bing.com/bingbot.htm)"
180.76.15.139 - - [23/Apr/2016:16:53:32 +0200] "GET / HTTP/1.1" 200 166 "-" "Mozilla/5.0 (compatible; Baiduspider/2.0; +http://www.baidu.com/search/spider.html)"
82.208.100.217 - - [23/Apr/2016:17:01:05 +0200] "GET /license.php HTTP/1.0" 404 - "-" "Mozilla/4.0 (compatible; Synapse)"
45.79.87.104 - - [23/Apr/2016:19:43:23 +0200] "HEAD / HTTP/1.1" 200 0 "http://uptime.com/pankaescsiribi.com" "Mozilla/5.0 (compatible; Uptimebot/1.0; +http://www.uptime.com/uptimebot)"
66.249.66.43 - - [23/Apr/2016:20:13:16 +0200] "GET /robots.txt HTTP/1.1" 404 - "-" "Mozilla/5.0 (compatible; Googlebot/2.1; +http://www.google.com/bot.html)"
66.249.66.43 - - [23/Apr/2016:20:13:17 +0200] "GET / HTTP/1.1" 200 166 "-" "Mozilla/5.0 (Linux; Android 6.0.1; Nexus 5X Build/MMB29P) AppleWebKit/537.36 (KHTML, like Gecko) Chrome/41.0.2272.96 Mobile Safari/537.36 (compatible; Googlebot/2.1; +http://www.google.com/bot.html)"
157.55.39.67 - - [23/Apr/2016:20:23:23 +0200] "GET /robots.txt HTTP/1.1" 404 - "-" "Mozilla/5.0 (compatible; bingbot/2.0; +http://www.bing.com/bingbot.htm)"
157.55.39.67 - - [23/Apr/2016:20:23:28 +0200] "GET / HTTP/1.1" 304 - "-" "Mozilla/5.0 (compatible; bingbot/2.0; +http://www.bing.com/bingbot.htm)"
180.76.15.141 - - [23/Apr/2016:20:24:50 +0200] "GET / HTTP/1.1" 200 166 "-" "Mozilla/5.0 (compatible; Baiduspider/2.0; +http://www.baidu.com/search/spider.html)"
52.13.115.54 - - [23/Apr/2016:20:44:34 +0200] "GET /robots.txt HTTP/1.1" 404 - "-" "Mozilla/5.0 (Windows NT 6.1) AppleWebKit/537.1 (KHTML, like Gecko) Chrome/21.0.1180.89 Safari/537.1; http://spyonweb.com spyonweb@gmail.com"
52.13.115.54 - - [23/Apr/2016:20:44:34 +0200] "GET / HTTP/1.1" 200 174 "-" "Mozilla/5.0 (Windows NT 6.1) AppleWebKit/537.1 (KHTML, like Gecko) Chrome/21.0.1180.89 Safari/537.1; http://spyonweb.com spyonweb@gmail.com"
45.79.87.104 - - [23/Apr/2016:21:09:44 +0200] "HEAD / HTTP/1.1" 200 0 "http://uptime.com/rumini.com" "Mozilla/5.0 (compatible; Uptimebot/1.0; +http://www.uptime.com/uptimebot)"
171.97.95.141 - - [23/Apr/2016:21:37:57 +0200] "GET /wp-login.php HTTP/1.1" 404 - "http://rumini.com/wp-login.php" "Mozilla/5.0 (X11; U; FreeBSD i386; en-US; rv:1.5) Gecko/20031021"
171.97.95.141 - - [23/Apr/2016:21:37:58 +0200] "GET /wordpress/wp-login.php HTTP/1.1" 404 - "http://rumini.com/wordpress/wp-login.php" "Mozilla/5.0 (X11; U; FreeBSD i386; en-US; rv:1.5) Gecko/20031021"
171.97.95.141 - - [23/Apr/2016:21:38:00 +0200] "GET /blog/wp-login.php HTTP/1.1" 404 - "http://rumini.com/blog/wp-login.php" "Mozilla/5.0 (X11; U; FreeBSD i386; en-US; rv:1.5) Gecko/20031021"
217.77.212.224 - - [23/Apr/2016:22:50:55 +0200] "GET /wp-login.php HTTP/1.1" 404 - "http://pankaescsiribi.com/wp-login.php" "Googlebot/2.1 (+http://www.googlebawt.com/bot.html)"
217.77.212.224 - - [23/Apr/2016:22:51:00 +0200] "GET /wordpress/wp-login.php HTTP/1.1" 404 - "http://pankaescsiribi.com/wordpress/wp-login.php" "Googlebot/2.1 (+http://www.googlebawt.com/bot.html)"
217.77.212.224 - - [23/Apr/2016:22:51:06 +0200] "GET /blog/wp-login.php HTTP/1.1" 404 - "http://pankaescsiribi.com/blog/wp-login.php" "Googlebot/2.1 (+http://www.googlebawt.com/bot.html)"
66.249.66.170 - - [23/Apr/2016:23:25:43 +0200] "GET / HTTP/1.1" 200 166 "-" "Mozilla/5.0 (iPhone; CPU iPhone OS 8_3 like Mac OS X) AppleWebKit/600.1.4 (KHTML, like Gecko) Version/8.0 Mobile/12F70 Safari/600.1.4 (compatible; Googlebot/2.1; +http://www.google.com/bot.html)"
66.249.66.49 - - [23/Apr/2016:23:26:37 +0200] "GET / HTTP/1.1" 200 166 "-" "Mozilla/5.0 (iPhone; CPU iPhone OS 8_3 like Mac OS X) AppleWebKit/600.1.4 (KHTML, like Gecko) Version/8.0 Mobile/12F70 Safari/600.1.4 (compatible; Googlebot/2.1; +http://www.google.com/bot.html)"
45.79.87.104 - - [23/Apr/2016:23:27:35 +0200] "HEAD / HTTP/1.1" 200 0 "http://uptime.com/micsodaido.hu" "Mozilla/5.0 (compatible; Uptimebot/1.0; +http://www.uptime.com/uptimebot)"
66.249.66.151 - - [24/Apr/2016:00:09:58 +0200] "GET /robots.txt HTTP/1.1" 404 - "-" "Mozilla/5.0 (compatible; Googlebot/2.1; +http://www.google.com/bot.html)"
66.249.66.151 - - [24/Apr/2016:00:09:58 +0200] "GET / HTTP/1.1" 200 174 "-" "Mozilla/5.0 (iPhone; CPU iPhone OS 8_3 like Mac OS X) AppleWebKit/600.1.4 (KHTML, like Gecko) Version/8.0 Mobile/12F70 Safari/600.1.4 (compatible; Googlebot/2.1; +http://www.google.com/bot.html)"
162.210.196.130 - - [24/Apr/2016:00:31:13 +0200] "GET /robots.txt HTTP/1.0" 404 - "-" "Mozilla/5.0 (compatible; MJ12bot/v1.4.5; http://www.majestic12.co.uk/bot.php?+)"
162.210.196.130 - - [24/Apr/2016:00:31:15 +0200] "GET / HTTP/1.0" 200 166 "-" "Mozilla/5.0 (compatible; MJ12bot/v1.4.5; http://www.majestic12.co.uk/bot.php?+)"
157.55.39.79 - - [24/Apr/2016:03:56:27 +0200] "GET / HTTP/1.1" 200 166 "-" "Mozilla/5.0 (compatible; bingbot/2.0; +http://www.bing.com/bingbot.htm)"
66.249.66.49 - - [24/Apr/2016:04:39:34 +0200] "GET /panka/hangoskonyv_hangmintak.html HTTP/1.1" 404 - "-" "Mozilla/5.0 (compatible; Googlebot/2.1; +http://www.google.com/bot.html)"
93.158.152.25 - - [24/Apr/2016:05:00:50 +0200] "GET /robots.txt HTTP/1.1" 404 - "-" "Mozilla/5.0 (compatible; YandexBot/3.0; +http://yandex.com/bots)"
93.158.152.25 - - [24/Apr/2016:05:00:50 +0200] "GET /robots.txt HTTP/1.1" 404 - "-" "Mozilla/5.0 (compatible; YandexBot/3.0; +http://yandex.com/bots)"
93.158.152.25 - - [24/Apr/2016:05:00:54 +0200] "GET / HTTP/1.1" 200 174 "-" "Mozilla/5.0 (compatible; YandexBot/3.0; +http://yandex.com/bots)"
141.8.142.30 - - [24/Apr/2016:05:00:54 +0200] "GET / HTTP/1.1" 200 174 "-" "Mozilla/5.0 (compatible; YandexBot/3.0; +http://yandex.com/bots)"
130.193.51.56 - - [24/Apr/2016:05:01:53 +0200] "GET /robots.txt HTTP/1.1" 404 - "-" "Mozilla/5.0 (compatible; YandexBot/3.0; +http://yandex.com/bots)"
130.193.51.56 - - [24/Apr/2016:05:01:53 +0200] "GET /robots.txt HTTP/1.1" 404 - "-" "Mozilla/5.0 (compatible; YandexBot/3.0; +http://yandex.com/bots)"
130.193.51.56 - - [24/Apr/2016:05:01:57 +0200] "GET / HTTP/1.1" 200 166 "-" "Mozilla/5.0 (compatible; YandexBot/3.0; +http://yandex.com/bots)"
130.193.51.56 - - [24/Apr/2016:05:01:57 +0200] "GET / HTTP/1.1" 200 166 "-" "Mozilla/5.0 (compatible; YandexBot/3.0; +http://yandex.com/bots)"
130.193.51.56 - - [24/Apr/2016:05:03:13 +0200] "GET /robots.txt HTTP/1.1" 404 - "-" "Mozilla/5.0 (compatible; YandexBot/3.0; +http://yandex.com/bots)"
130.193.51.56 - - [24/Apr/2016:05:03:13 +0200] "GET /robots.txt HTTP/1.1" 404 - "-" "Mozilla/5.0 (compatible; YandexBot/3.0; +http://yandex.com/bots)"
93.158.152.25 - - [24/Apr/2016:05:03:17 +0200] "GET / HTTP/1.1" 200 166 "-" "Mozilla/5.0 (compatible; YandexBot/3.0; +http://yandex.com/bots)"
93.158.152.25 - - [24/Apr/2016:05:03:17 +0200] "GET / HTTP/1.1" 200 166 "-" "Mozilla/5.0 (compatible; YandexBot/3.0; +http://yandex.com/bots)"
220.181.108.97 - - [24/Apr/2016:06:59:24 +0200] "GET / HTTP/1.1" 200 174 "-" "Mozilla/5.0 (compatible; Baiduspider/2.0; +http://www.baidu.com/search/spider.html)"
45.33.59.157 - - [24/Apr/2016:07:40:05 +0200] "HEAD / HTTP/1.1" 200 0 "http://uptime.com/micsodaido.hu" "Mozilla/5.0 (compatible; Uptimebot/1.0; +http://www.uptime.com/uptimebot)"
45.79.87.104 - - [24/Apr/2016:08:03:18 +0200] "HEAD / HTTP/1.1" 200 0 "http://uptime.com/rumini.com" "Mozilla/5.0 (compatible; Uptimebot/1.0; +http://www.uptime.com/uptimebot)"
66.249.66.143 - - [24/Apr/2016:08:28:59 +0200] "GET / HTTP/1.1" 200 174 "-" "Mozilla/5.0 (Linux; Android 6.0.1; Nexus 5X Build/MMB29P) AppleWebKit/537.36 (KHTML, like Gecko) Chrome/41.0.2272.96 Mobile Safari/537.36 (compatible; Googlebot/2.1; +http://www.google.com/bot.html)"
51.254.32.63 - - [24/Apr/2016:08:31:16 +0200] "GET /robots.txt HTTP/1.0" 404 - "-" "Mozilla/5.0 (compatible; MJ12bot/v1.4.5; http://www.majestic12.co.uk/bot.php?+)"
51.254.32.63 - - [24/Apr/2016:08:31:17 +0200] "GET / HTTP/1.0" 200 166 "-" "Mozilla/5.0 (compatible; MJ12bot/v1.4.5; http://www.majestic12.co.uk/bot.php?+)"
66.249.66.34 - - [24/Apr/2016:08:45:59 +0200] "GET /robots.txt HTTP/1.1" 404 - "-" "Mozilla/5.0 (compatible; Googlebot/2.1; +http://www.google.com/bot.html)"
66.249.66.31 - - [24/Apr/2016:08:46:00 +0200] "GET / HTTP/1.1" 200 174 "-" "Mozilla/5.0 (Linux; Android 6.0.1; Nexus 5X Build/MMB29P) AppleWebKit/537.36 (KHTML, like Gecko) Chrome/41.0.2272.96 Mobile Safari/537.36 (compatible; Googlebot/2.1; +http://www.google.com/bot.html)"
45.79.81.142 - - [24/Apr/2016:08:47:07 +0200] "HEAD / HTTP/1.1" 200 0 "http://uptime.com/pankaescsiribi.com" "Mozilla/5.0 (compatible; Uptimebot/1.0; +http://www.uptime.com/uptimebot)"
66.249.66.46 - - [24/Apr/2016:12:10:18 +0200] "GET /robots.txt HTTP/1.1" 404 - "-" "Mozilla/5.0 (compatible; Googlebot/2.1; +http://www.google.com/bot.html)"
157.55.39.79 - - [24/Apr/2016:13:22:27 +0200] "GET /robots.txt HTTP/1.1" 404 - "-" "Mozilla/5.0 (compatible; bingbot/2.0; +http://www.bing.com/bingbot.htm)"
66.249.66.28 - - [24/Apr/2016:13:36:34 +0200] "GET / HTTP/1.1" 200 174 "-" "Mozilla/5.0 (Linux; Android 6.0.1; Nexus 5X Build/MMB29P) AppleWebKit/537.36 (KHTML, like Gecko) Chrome/41.0.2272.96 Mobile Safari/537.36 (compatible; Googlebot/2.1; +http://www.google.com/bot.html)"
66.249.66.147 - - [24/Apr/2016:15:15:45 +0200] "GET /robots.txt HTTP/1.1" 404 - "-" "Mozilla/5.0 (compatible; Googlebot/2.1; +http://www.google.com/bot.html)"
66.249.66.143 - - [24/Apr/2016:15:15:45 +0200] "GET / HTTP/1.1" 200 174 "-" "Mozilla/5.0 (Linux; Android 6.0.1; Nexus 5X Build/MMB29P) AppleWebKit/537.36 (KHTML, like Gecko) Chrome/41.0.2272.96 Mobile Safari/537.36 (compatible; Googlebot/2.1; +http://www.google.com/bot.html)"
178.63.86.11 - - [24/Apr/2016:15:57:25 +0200] "GET /robots.txt HTTP/1.0" 404 - "-" "Mozilla/5.0 (compatible; MJ12bot/v1.4.5; http://www.majestic12.co.uk/bot.php?+)"
178.63.86.11 - - [24/Apr/2016:15:57:27 +0200] "GET / HTTP/1.0" 200 166 "-" "Mozilla/5.0 (compatible; MJ12bot/v1.4.5; http://www.majestic12.co.uk/bot.php?+)"
178.162.205.3 - - [24/Apr/2016:16:05:56 +0200] "GET /robots.txt HTTP/1.1" 404 - "-" "Mozilla/5.0 (Windows NT 6.3; WOW64; rv:39.0) Gecko/20100101 Firefox/39.0"
178.162.205.3 - - [24/Apr/2016:16:05:56 +0200] "GET / HTTP/1.1" 200 166 "-" "Mozilla/5.0 (Windows NT 6.3; WOW64; rv:39.0) Gecko/20100101 Firefox/39.0"
178.162.205.3 - - [24/Apr/2016:16:05:56 +0200] "GET /xmlrpc.php?rsd HTTP/1.1" 404 - "-" "Mozilla/5.0 (Windows NT 6.3; WOW64; rv:39.0) Gecko/20100101 Firefox/39.0"
178.162.205.3 - - [24/Apr/2016:16:05:56 +0200] "GET /blog/robots.txt HTTP/1.1" 404 - "-" "Mozilla/5.0 (Windows NT 6.3; WOW64; rv:39.0) Gecko/20100101 Firefox/39.0"
178.162.205.3 - - [24/Apr/2016:16:05:56 +0200] "GET /blog/ HTTP/1.1" 404 - "-" "Mozilla/5.0 (Windows NT 6.3; WOW64; rv:39.0) Gecko/20100101 Firefox/39.0"
178.162.205.3 - - [24/Apr/2016:16:05:56 +0200] "GET /wordpress/ HTTP/1.1" 404 - "-" "Mozilla/5.0 (Windows NT 6.3; WOW64; rv:39.0) Gecko/20100101 Firefox/39.0"
178.162.205.3 - - [24/Apr/2016:16:05:56 +0200] "GET /wp/ HTTP/1.1" 404 - "-" "Mozilla/5.0 (Windows NT 6.3; WOW64; rv:39.0) Gecko/20100101 Firefox/39.0"
178.162.205.3 - - [24/Apr/2016:16:05:56 +0200] "GET /robots.txt HTTP/1.1" 404 - "-" "Mozilla/5.0 (Windows NT 6.3; WOW64; rv:39.0) Gecko/20100101 Firefox/39.0"
178.162.205.3 - - [24/Apr/2016:16:05:56 +0200] "GET /administrator/index.php HTTP/1.1" 404 - "-" "Mozilla/5.0 (Windows NT 6.3; WOW64; rv:39.0) Gecko/20100101 Firefox/39.0"
178.162.205.3 - - [24/Apr/2016:16:05:57 +0200] "GET /blog/robots.txt HTTP/1.1" 404 - "-" "Mozilla/5.0 (Windows NT 6.3; WOW64; rv:39.0) Gecko/20100101 Firefox/39.0"
178.162.205.3 - - [24/Apr/2016:16:05:57 +0200] "GET /blog/administrator/index.php HTTP/1.1" 404 - "-" "Mozilla/5.0 (Windows NT 6.3; WOW64; rv:39.0) Gecko/20100101 Firefox/39.0"
178.162.205.3 - - [24/Apr/2016:16:05:57 +0200] "GET /joomla/robots.txt HTTP/1.1" 404 - "-" "Mozilla/5.0 (Windows NT 6.3; WOW64; rv:39.0) Gecko/20100101 Firefox/39.0"
178.162.205.3 - - [24/Apr/2016:16:05:57 +0200] "GET /joomla/administrator/index.php HTTP/1.1" 404 - "-" "Mozilla/5.0 (Windows NT 6.3; WOW64; rv:39.0) Gecko/20100101 Firefox/39.0"
95.21.229.16 - - [24/Apr/2016:16:20:37 +0200] "GET /wp-login.php HTTP/1.1" 404 - "http://pankaescsiribi.com/wp-login.php" "FAST-WebCrawler/3.8"
95.21.229.16 - - [24/Apr/2016:16:20:43 +0200] "GET /wordpress/wp-login.php HTTP/1.1" 404 - "http://pankaescsiribi.com/wordpress/wp-login.php" "FAST-WebCrawler/3.8"
95.21.229.16 - - [24/Apr/2016:16:20:49 +0200] "GET /blog/wp-login.php HTTP/1.1" 404 - "http://pankaescsiribi.com/blog/wp-login.php" "FAST-WebCrawler/3.8"
157.55.39.79 - - [24/Apr/2016:16:40:04 +0200] "GET / HTTP/1.1" 200 166 "-" "Mozilla/5.0 (compatible; bingbot/2.0; +http://www.bing.com/bingbot.htm)"
31.223.129.112 - - [24/Apr/2016:17:21:05 +0200] "GET /wp-login.php HTTP/1.1" 404 - "http://rumini.com/wp-login.php" "Mozilla/4.0 (compatible; MSIE 6.0; Windows NT 5.1; Q312461)"
31.223.129.112 - - [24/Apr/2016:17:21:10 +0200] "GET /wordpress/wp-login.php HTTP/1.1" 404 - "http://rumini.com/wordpress/wp-login.php" "Mozilla/4.0 (compatible; MSIE 6.0; Windows NT 5.1; Q312461)"
31.223.129.112 - - [24/Apr/2016:17:21:16 +0200] "GET /blog/wp-login.php HTTP/1.1" 404 - "http://rumini.com/blog/wp-login.php" "Mozilla/4.0 (compatible; MSIE 6.0; Windows NT 5.1; Q312461)"
66.249.66.173 - - [24/Apr/2016:18:21:21 +0200] "GET /robots.txt HTTP/1.1" 404 - "-" "Mozilla/5.0 (compatible; Googlebot/2.1; +http://www.google.com/bot.html)"
66.249.66.170 - - [24/Apr/2016:18:21:22 +0200] "GET / HTTP/1.1" 200 166 "-" "Mozilla/5.0 (Linux; Android 6.0.1; Nexus 5X Build/MMB29P) AppleWebKit/537.36 (KHTML, like Gecko) Chrome/41.0.2272.96 Mobile Safari/537.36 (compatible; Googlebot/2.1; +http://www.google.com/bot.html)"
66.249.66.43 - - [24/Apr/2016:18:32:14 +0200] "GET / HTTP/1.1" 200 166 "-" "Mozilla/5.0 (Linux; Android 6.0.1; Nexus 5X Build/MMB29P) AppleWebKit/537.36 (KHTML, like Gecko) Chrome/41.0.2272.96 Mobile Safari/537.36 (compatible; Googlebot/2.1; +http://www.google.com/bot.html)"
45.33.59.157 - - [24/Apr/2016:18:32:14 +0200] "HEAD / HTTP/1.1" 200 0 "http://uptime.com/pankaescsiribi.com" "Mozilla/5.0 (compatible; Uptimebot/1.0; +http://www.uptime.com/uptimebot)"
45.79.89.188 - - [24/Apr/2016:18:38:42 +0200] "HEAD / HTTP/1.1" 200 0 "http://uptime.com/micsodaido.hu" "Mozilla/5.0 (compatible; Uptimebot/1.0; +http://www.uptime.com/uptimebot)"
69.197.177.50 - - [24/Apr/2016:19:01:08 +0200] "GET /robots.txt HTTP/1.0" 404 - "-" "Mozilla/5.0 (compatible; MJ12bot/v1.4.5; http://www.majestic12.co.uk/bot.php?+)"
69.197.177.50 - - [24/Apr/2016:19:01:09 +0200] "GET / HTTP/1.0" 200 166 "-" "Mozilla/5.0 (compatible; MJ12bot/v1.4.5; http://www.majestic12.co.uk/bot.php?+)"
130.193.51.56 - - [24/Apr/2016:19:44:46 +0200] "GET /robots.txt HTTP/1.1" 404 - "-" "Mozilla/5.0 (compatible; YandexBot/3.0; +http://yandex.com/bots)"
130.193.51.56 - - [24/Apr/2016:19:44:50 +0200] "GET /favicon.ico HTTP/1.1" 404 - "-" "Mozilla/5.0 (compatible; YandexBot/3.0; +http://yandex.com/bots)"
45.33.36.127 - - [24/Apr/2016:20:24:53 +0200] "HEAD / HTTP/1.1" 200 0 "http://uptime.com/rumini.com" "Mozilla/5.0 (compatible; Uptimebot/1.0; +http://www.uptime.com/uptimebot)"
169.54.233.116 - - [24/Apr/2016:20:46:47 +0200] "GET / HTTP/1.1" 200 166 "-" "-"
169.54.233.120 - - [24/Apr/2016:22:30:56 +0200] "GET / HTTP/1.1" 200 166 "-" "-"
207.46.13.157 - - [24/Apr/2016:22:35:37 +0200] "GET /panka/micsodaido.html HTTP/1.1" 404 - "-" "Mozilla/5.0 (compatible; bingbot/2.0; +http://www.bing.com/bingbot.htm)"
123.125.71.50 - - [25/Apr/2016:00:33:38 +0200] "GET / HTTP/1.1" 200 174 "-" "Mozilla/5.0 (compatible; Baiduspider/2.0; +http://www.baidu.com/search/spider.html)"
123.125.71.60 - - [25/Apr/2016:00:34:36 +0200] "GET /robots.txt HTTP/1.1" 404 - "-" "Mozilla/5.0 (compatible; Baiduspider/2.0; +http://www.baidu.com/search/spider.html)"
207.241.226.233 - - [25/Apr/2016:00:59:21 +0200] "GET /robots.txt HTTP/1.1" 404 - "-" "Mozilla/5.0 (compatible; archive.org_bot; Wayback Machine Live Record; +http://archive.org/details/archive.org_bot)"
157.55.39.70 - - [25/Apr/2016:01:25:58 +0200] "GET /robots.txt HTTP/1.1" 404 - "-" "Mozilla/5.0 (compatible; bingbot/2.0; +http://www.bing.com/bingbot.htm)"
157.55.39.70 - - [25/Apr/2016:01:26:01 +0200] "GET / HTTP/1.1" 200 166 "-" "Mozilla/5.0 (compatible; bingbot/2.0; +http://www.bing.com/bingbot.htm)"
66.249.66.49 - - [25/Apr/2016:01:48:46 +0200] "GET /robots.txt HTTP/1.1" 404 - "-" "Mozilla/5.0 (compatible; Googlebot/2.1; +http://www.google.com/bot.html)"
66.249.66.49 - - [25/Apr/2016:01:48:46 +0200] "GET / HTTP/1.1" 200 166 "-" "Mozilla/5.0 (Linux; Android 6.0.1; Nexus 5X Build/MMB29P) AppleWebKit/537.36 (KHTML, like Gecko) Chrome/41.0.2272.96 Mobile Safari/537.36 (compatible; Googlebot/2.1; +http://www.google.com/bot.html)"
66.249.66.170 - - [25/Apr/2016:01:54:36 +0200] "GET / HTTP/1.1" 200 166 "-" "Mozilla/5.0 (Linux; Android 6.0.1; Nexus 5X Build/MMB29P) AppleWebKit/537.36 (KHTML, like Gecko) Chrome/41.0.2272.96 Mobile Safari/537.36 (compatible; Googlebot/2.1; +http://www.google.com/bot.html)"
68.180.229.178 - - [25/Apr/2016:05:42:00 +0200] "GET /robots.txt HTTP/1.1" 404 - "-" "Mozilla/5.0 (compatible; Yahoo! Slurp; http://help.yahoo.com/help/us/ysearch/slurp)"
68.180.229.178 - - [25/Apr/2016:05:42:01 +0200] "GET / HTTP/1.1" 200 166 "-" "Mozilla/5.0 (compatible; Yahoo! Slurp; http://help.yahoo.com/help/us/ysearch/slurp)"
64.246.161.42 - - [25/Apr/2016:06:22:09 +0200] "GET /robots.txt HTTP/1.0" 404 - "-" "Mozilla/5.0 (Windows; U; Windows NT 5.1; en; rv:1.9.0.13) Gecko/2009073022 Firefox/3.5.2 (.NET CLR 3.5.30729) SurveyBot/2.3 (DomainTools)"
64.246.161.42 - - [25/Apr/2016:06:22:09 +0200] "GET / HTTP/1.1" 200 166 "http://whois.domaintools.com/micsodaido.hu" "Mozilla/5.0 (Windows; U; Windows NT 5.1; en; rv:1.9.0.13) Gecko/2009073022 Firefox/3.5.2 (.NET CLR 3.5.30729) SurveyBot/2.3 (DomainTools)"
45.33.36.127 - - [25/Apr/2016:06:30:44 +0200] "HEAD / HTTP/1.1" 200 0 "http://uptime.com/rumini.com" "Mozilla/5.0 (compatible; Uptimebot/1.0; +http://www.uptime.com/uptimebot)"
169.54.233.119 - - [25/Apr/2016:08:23:31 +0200] "GET / HTTP/1.1" 200 174 "-" "-"
45.79.81.142 - - [25/Apr/2016:08:34:04 +0200] "HEAD / HTTP/1.1" 200 0 "http://uptime.com/micsodaido.hu" "Mozilla/5.0 (compatible; Uptimebot/1.0; +http://www.uptime.com/uptimebot)"
208.115.111.69 - - [25/Apr/2016:09:34:16 +0200] "GET /robots.txt HTTP/1.1" 404 - "-" "Mozilla/5.0 (compatible; DotBot/1.1; http://www.opensiteexplorer.org/dotbot, help@moz.com)"
45.33.59.157 - - [25/Apr/2016:10:03:45 +0200] "HEAD / HTTP/1.1" 200 0 "http://uptime.com/pankaescsiribi.com" "Mozilla/5.0 (compatible; Uptimebot/1.0; +http://www.uptime.com/uptimebot)"
208.115.111.69 - - [25/Apr/2016:10:48:08 +0200] "GET / HTTP/1.1" 200 166 "-" "Mozilla/5.0 (compatible; DotBot/1.1; http://www.opensiteexplorer.org/dotbot, help@moz.com)"
157.55.39.250 - - [25/Apr/2016:12:16:18 +0200] "GET / HTTP/1.1" 200 166 "-" "Mozilla/5.0 (compatible; bingbot/2.0; +http://www.bing.com/bingbot.htm)"
178.162.199.91 - - [25/Apr/2016:14:58:44 +0200] "GET /robots.txt HTTP/1.1" 404 - "-" "Mozilla/5.0 (Windows NT 6.3; WOW64; rv:39.0) Gecko/20100101 Firefox/39.0"
178.162.199.91 - - [25/Apr/2016:14:58:44 +0200] "GET / HTTP/1.1" 200 174 "-" "Mozilla/5.0 (Windows NT 6.3; WOW64; rv:39.0) Gecko/20100101 Firefox/39.0"
178.162.199.91 - - [25/Apr/2016:14:58:44 +0200] "GET /xmlrpc.php?rsd HTTP/1.1" 404 - "-" "Mozilla/5.0 (Windows NT 6.3; WOW64; rv:39.0) Gecko/20100101 Firefox/39.0"
178.162.199.91 - - [25/Apr/2016:14:58:44 +0200] "GET /blog/robots.txt HTTP/1.1" 404 - "-" "Mozilla/5.0 (Windows NT 6.3; WOW64; rv:39.0) Gecko/20100101 Firefox/39.0"
178.162.199.91 - - [25/Apr/2016:14:58:44 +0200] "GET /blog/ HTTP/1.1" 404 - "-" "Mozilla/5.0 (Windows NT 6.3; WOW64; rv:39.0) Gecko/20100101 Firefox/39.0"
178.162.199.91 - - [25/Apr/2016:14:58:44 +0200] "GET /wordpress/ HTTP/1.1" 404 - "-" "Mozilla/5.0 (Windows NT 6.3; WOW64; rv:39.0) Gecko/20100101 Firefox/39.0"
178.162.199.91 - - [25/Apr/2016:14:58:44 +0200] "GET /wp/ HTTP/1.1" 404 - "-" "Mozilla/5.0 (Windows NT 6.3; WOW64; rv:39.0) Gecko/20100101 Firefox/39.0"
178.162.199.91 - - [25/Apr/2016:14:58:44 +0200] "GET /robots.txt HTTP/1.1" 404 - "-" "Mozilla/5.0 (Windows NT 6.3; WOW64; rv:39.0) Gecko/20100101 Firefox/39.0"
178.162.199.91 - - [25/Apr/2016:14:58:44 +0200] "GET /administrator/index.php HTTP/1.1" 404 - "-" "Mozilla/5.0 (Windows NT 6.3; WOW64; rv:39.0) Gecko/20100101 Firefox/39.0"
178.162.199.91 - - [25/Apr/2016:14:58:45 +0200] "GET /blog/robots.txt HTTP/1.1" 404 - "-" "Mozilla/5.0 (Windows NT 6.3; WOW64; rv:39.0) Gecko/20100101 Firefox/39.0"
178.162.199.91 - - [25/Apr/2016:14:58:45 +0200] "GET /blog/administrator/index.php HTTP/1.1" 404 - "-" "Mozilla/5.0 (Windows NT 6.3; WOW64; rv:39.0) Gecko/20100101 Firefox/39.0"
178.162.199.91 - - [25/Apr/2016:14:58:45 +0200] "GET /joomla/robots.txt HTTP/1.1" 404 - "-" "Mozilla/5.0 (Windows NT 6.3; WOW64; rv:39.0) Gecko/20100101 Firefox/39.0"
178.162.199.91 - - [25/Apr/2016:14:58:45 +0200] "GET /joomla/administrator/index.php HTTP/1.1" 404 - "-" "Mozilla/5.0 (Windows NT 6.3; WOW64; rv:39.0) Gecko/20100101 Firefox/39.0"
220.181.108.117 - - [25/Apr/2016:15:28:54 +0200] "GET / HTTP/1.1" 200 174 "-" "Mozilla/5.0 (compatible; Baiduspider/2.0; +http://www.baidu.com/search/spider.html)"
180.76.15.5 - - [25/Apr/2016:16:18:57 +0200] "GET / HTTP/1.1" 200 174 "-" "Mozilla/5.0 (compatible; Baiduspider/2.0; +http://www.baidu.com/search/spider.html)"
138.201.20.12 - - [25/Apr/2016:16:35:47 +0200] "GET / HTTP/1.1" 200 166 "-" "Mozilla/5.0 (Windows; U; Windows NT 5.1; ru; rv:1.9.0.1) Gecko/2008070208"
83.217.25.65 - - [25/Apr/2016:18:45:16 +0200] "GET http://pankaescsiribi.com/?option=com_user&view=register HTTP/1.0" 200 166 "-" "Mozilla/5.0 (Windows NT 10.0; WOW64) AppleWebKit/537.36 (KHTML, like Gecko) Chrome/49.0.2623.87 Safari/537.36"
83.217.25.65 - - [25/Apr/2016:18:45:16 +0200] "GET http://rumini.com/?option=com_user&view=register HTTP/1.0" 200 174 "-" "Mozilla/5.0 (Windows NT 10.0; WOW64) AppleWebKit/537.36 (KHTML, like Gecko) Chrome/49.0.2623.87 Safari/537.36"
208.115.111.71 - - [25/Apr/2016:19:37:04 +0200] "GET /robots.txt HTTP/1.1" 404 - "-" "Mozilla/5.0 (compatible; DotBot/1.1; http://www.opensiteexplorer.org/dotbot, help@moz.com)"
66.249.66.49 - - [25/Apr/2016:20:23:57 +0200] "GET /robots.txt HTTP/1.1" 404 - "-" "Mozilla/5.0 (compatible; Googlebot/2.1; +http://www.google.com/bot.html)"
66.249.66.49 - - [25/Apr/2016:20:23:57 +0200] "GET / HTTP/1.1" 200 166 "-" "Mozilla/5.0 (iPhone; CPU iPhone OS 8_3 like Mac OS X) AppleWebKit/600.1.4 (KHTML, like Gecko) Version/8.0 Mobile/12F70 Safari/600.1.4 (compatible; Googlebot/2.1; +http://www.google.com/bot.html)"
66.249.66.143 - - [25/Apr/2016:20:59:02 +0200] "GET /robots.txt HTTP/1.1" 404 - "-" "Mozilla/5.0 (compatible; Googlebot/2.1; +http://www.google.com/bot.html)"
66.249.66.147 - - [25/Apr/2016:20:59:02 +0200] "GET / HTTP/1.1" 200 174 "-" "Mozilla/5.0 (Linux; Android 6.0.1; Nexus 5X Build/MMB29P) AppleWebKit/537.36 (KHTML, like Gecko) Chrome/41.0.2272.96 Mobile Safari/537.36 (compatible; Googlebot/2.1; +http://www.google.com/bot.html)"
208.115.111.71 - - [25/Apr/2016:21:05:12 +0200] "GET / HTTP/1.1" 200 166 "-" "Mozilla/5.0 (compatible; DotBot/1.1; http://www.opensiteexplorer.org/dotbot, help@moz.com)"
45.79.89.188 - - [25/Apr/2016:21:11:22 +0200] "HEAD / HTTP/1.1" 200 0 "http://uptime.com/micsodaido.hu" "Mozilla/5.0 (compatible; Uptimebot/1.0; +http://www.uptime.com/uptimebot)"
45.33.59.157 - - [25/Apr/2016:21:23:49 +0200] "HEAD / HTTP/1.1" 200 0 "http://uptime.com/pankaescsiribi.com" "Mozilla/5.0 (compatible; Uptimebot/1.0; +http://www.uptime.com/uptimebot)"
45.33.36.127 - - [25/Apr/2016:22:59:16 +0200] "HEAD / HTTP/1.1" 200 0 "http://uptime.com/rumini.com" "Mozilla/5.0 (compatible; Uptimebot/1.0; +http://www.uptime.com/uptimebot)"
66.249.66.170 - - [25/Apr/2016:23:41:45 +0200] "GET /robots.txt HTTP/1.1" 404 - "-" "Mozilla/5.0 (compatible; Googlebot/2.1; +http://www.google.com/bot.html)"
66.249.66.173 - - [25/Apr/2016:23:41:45 +0200] "GET / HTTP/1.1" 200 166 "-" "Mozilla/5.0 (Linux; Android 6.0.1; Nexus 5X Build/MMB29P) AppleWebKit/537.36 (KHTML, like Gecko) Chrome/41.0.2272.96 Mobile Safari/537.36 (compatible; Googlebot/2.1; +http://www.google.com/bot.html)"
66.249.66.63 - - [26/Apr/2016:02:56:12 +0200] "GET /robots.txt HTTP/1.1" 404 - "-" "Mozilla/5.0 (compatible; Googlebot/2.1; +http://www.google.com/bot.html)"
66.249.66.60 - - [26/Apr/2016:02:56:12 +0200] "GET / HTTP/1.1" 200 166 "-" "Mozilla/5.0 (compatible; Googlebot/2.1; +http://www.google.com/bot.html)"
64.246.161.30 - - [26/Apr/2016:03:09:54 +0200] "GET /robots.txt HTTP/1.0" 404 - "-" "Mozilla/5.0 (Windows; U; Windows NT 5.1; en; rv:1.9.0.13) Gecko/2009073022 Firefox/3.5.2 (.NET CLR 3.5.30729) SurveyBot/2.3 (DomainTools)"
64.246.161.30 - - [26/Apr/2016:03:09:54 +0200] "GET / HTTP/1.1" 200 166 "http://whois.domaintools.com/pankaescsiribi.com" "Mozilla/5.0 (Windows; U; Windows NT 5.1; en; rv:1.9.0.13) Gecko/2009073022 Firefox/3.5.2 (.NET CLR 3.5.30729) SurveyBot/2.3 (DomainTools)"
66.249.66.34 - - [26/Apr/2016:04:25:40 +0200] "GET /robots.txt HTTP/1.1" 404 - "-" "Mozilla/5.0 (compatible; Googlebot/2.1; +http://www.google.com/bot.html)"
66.249.66.34 - - [26/Apr/2016:04:25:40 +0200] "GET / HTTP/1.1" 200 174 "-" "Mozilla/5.0 (Linux; Android 6.0.1; Nexus 5X Build/MMB29P) AppleWebKit/537.36 (KHTML, like Gecko) Chrome/41.0.2272.96 Mobile Safari/537.36 (compatible; Googlebot/2.1; +http://www.google.com/bot.html)"
66.249.66.46 - - [26/Apr/2016:05:07:54 +0200] "GET / HTTP/1.1" 200 166 "-" "Mozilla/5.0 (Linux; Android 6.0.1; Nexus 5X Build/MMB29P) AppleWebKit/537.36 (KHTML, like Gecko) Chrome/41.0.2272.96 Mobile Safari/537.36 (compatible; Googlebot/2.1; +http://www.google.com/bot.html)"
45.79.81.142 - - [26/Apr/2016:06:35:08 +0200] "HEAD / HTTP/1.1" 200 0 "http://uptime.com/rumini.com" "Mozilla/5.0 (compatible; Uptimebot/1.0; +http://www.uptime.com/uptimebot)"
208.115.111.71 - - [26/Apr/2016:07:33:36 +0200] "GET /robots.txt HTTP/1.1" 404 - "-" "Mozilla/5.0 (compatible; DotBot/1.1; http://www.opensiteexplorer.org/dotbot, help@moz.com)"
45.79.89.188 - - [26/Apr/2016:08:11:00 +0200] "HEAD / HTTP/1.1" 200 0 "http://uptime.com/micsodaido.hu" "Mozilla/5.0 (compatible; Uptimebot/1.0; +http://www.uptime.com/uptimebot)"
208.115.111.71 - - [26/Apr/2016:08:41:32 +0200] "GET / HTTP/1.1" 200 166 "-" "Mozilla/5.0 (compatible; DotBot/1.1; http://www.opensiteexplorer.org/dotbot, help@moz.com)"
45.79.89.188 - - [26/Apr/2016:09:14:30 +0200] "HEAD / HTTP/1.1" 200 0 "http://uptime.com/pankaescsiribi.com" "Mozilla/5.0 (compatible; Uptimebot/1.0; +http://www.uptime.com/uptimebot)"
83.233.72.172 - - [26/Apr/2016:14:10:39 +0200] "GET /wp-content/plugins/revslider/js/rev_admin.js HTTP/1.0" 404 - "-" "Mozilla/4.0 (compatible; MSIE 5.0; Windows 98) Opera 6.01 [ru]"
45.79.87.104 - - [26/Apr/2016:18:22:01 +0200] "HEAD / HTTP/1.1" 200 0 "http://uptime.com/rumini.com" "Mozilla/5.0 (compatible; Uptimebot/1.0; +http://www.uptime.com/uptimebot)"
45.79.89.188 - - [26/Apr/2016:18:26:49 +0200] "HEAD / HTTP/1.1" 200 0 "http://uptime.com/pankaescsiribi.com" "Mozilla/5.0 (compatible; Uptimebot/1.0; +http://www.uptime.com/uptimebot)"
188.163.70.45 - - [26/Apr/2016:18:43:26 +0200] "GET / HTTP/1.1" 200 166 "-" "Mozilla/5.0 (Windows NT 6.1; WOW64) AppleWebKit/537.36 (KHTML, like Gecko) Chrome/49.0.2623.110 Safari/537.36"
123.125.71.38 - - [26/Apr/2016:18:47:16 +0200] "GET / HTTP/1.1" 200 174 "-" "Mozilla/5.0 (compatible; Baiduspider/2.0; +http://www.baidu.com/search/spider.html)"
123.125.71.41 - - [26/Apr/2016:18:48:07 +0200] "GET /robots.txt HTTP/1.1" 404 - "-" "Mozilla/5.0 (compatible; Baiduspider/2.0; +http://www.baidu.com/search/spider.html)"
193.169.52.116 - - [26/Apr/2016:19:06:02 +0200] "GET / HTTP/1.0" 200 166 "-" "Mozilla/4.0 (compatible; MSIE 7.0; Windows NT 5.2; Win64; x64; Trident/4.0; .NET CLR 2.0.50727; .NET CLR 3.0.4506.2152; .NET CLR 3.5.30729"
193.169.52.116 - - [26/Apr/2016:19:06:06 +0200] "GET /robots.txt HTTP/1.0" 404 - "-" "Mozilla/4.0 (compatible; MSIE 7.0; Windows NT 5.2; Win64; x64; Trident/4.0; .NET CLR 2.0.50727; .NET CLR 3.0.4506.2152; .NET CLR 3.5.30729"
31.168.13.78 - - [26/Apr/2016:20:34:53 +0200] "GET / HTTP/1.1" 200 174 "-" "Mozilla/5.0 (Windows NT 6.1; WOW64) AppleWebKit/537.36 (KHTML, like Gecko) Chrome/49.0.2623.110 Safari/537.36"
123.125.71.71 - - [26/Apr/2016:22:41:24 +0200] "GET / HTTP/1.1" 200 174 "-" "Mozilla/5.0 (compatible; Baiduspider/2.0; +http://www.baidu.com/search/spider.html)"
45.33.59.157 - - [26/Apr/2016:22:57:36 +0200] "GET /robots.txt HTTP/1.1" 404 - "-" "Mozilla/5.0 (compatible; Uptimebot/1.0; +http://www.uptime.com/uptimebot)"
216.145.14.142 - - [26/Apr/2016:23:34:42 +0200] "GET /robots.txt HTTP/1.0" 404 - "-" "Mozilla/5.0 (Windows; U; Windows NT 5.1; en; rv:1.9.0.13) Gecko/2009073022 Firefox/3.5.2 (.NET CLR 3.5.30729) SurveyBot/2.3 (DomainTools)"
216.145.14.142 - - [26/Apr/2016:23:34:42 +0200] "GET / HTTP/1.1" 200 174 "http://whois.domaintools.com/rumini.com" "Mozilla/5.0 (Windows; U; Windows NT 5.1; en; rv:1.9.0.13) Gecko/2009073022 Firefox/3.5.2 (.NET CLR 3.5.30729) SurveyBot/2.3 (DomainTools)"
130.193.51.56 - - [27/Apr/2016:00:25:31 +0200] "GET /robots.txt HTTP/1.1" 404 - "-" "Mozilla/5.0 (compatible; YandexBot/3.0; +http://yandex.com/bots)"
130.193.51.56 - - [27/Apr/2016:00:25:31 +0200] "GET /robots.txt HTTP/1.1" 404 - "-" "Mozilla/5.0 (compatible; YandexBot/3.0; +http://yandex.com/bots)"
130.193.51.56 - - [27/Apr/2016:00:25:34 +0200] "GET / HTTP/1.1" 200 166 "-" "Mozilla/5.0 (compatible; YandexBot/3.0; +http://yandex.com/bots)"
130.193.51.56 - - [27/Apr/2016:00:25:35 +0200] "GET / HTTP/1.1" 200 166 "-" "Mozilla/5.0 (compatible; YandexBot/3.0; +http://yandex.com/bots)"
130.193.51.56 - - [27/Apr/2016:00:27:16 +0200] "GET /robots.txt HTTP/1.1" 404 - "-" "Mozilla/5.0 (compatible; YandexBot/3.0; +http://yandex.com/bots)"
130.193.51.56 - - [27/Apr/2016:00:27:16 +0200] "GET /robots.txt HTTP/1.1" 404 - "-" "Mozilla/5.0 (compatible; YandexBot/3.0; +http://yandex.com/bots)"
130.193.51.56 - - [27/Apr/2016:00:27:20 +0200] "GET / HTTP/1.1" 200 174 "-" "Mozilla/5.0 (compatible; YandexBot/3.0; +http://yandex.com/bots)"
130.193.51.56 - - [27/Apr/2016:00:27:20 +0200] "GET / HTTP/1.1" 200 174 "-" "Mozilla/5.0 (compatible; YandexBot/3.0; +http://yandex.com/bots)"
130.193.51.56 - - [27/Apr/2016:00:32:58 +0200] "GET /robots.txt HTTP/1.1" 404 - "-" "Mozilla/5.0 (compatible; YandexBot/3.0; +http://yandex.com/bots)"
130.193.51.56 - - [27/Apr/2016:00:32:58 +0200] "GET /robots.txt HTTP/1.1" 404 - "-" "Mozilla/5.0 (compatible; YandexBot/3.0; +http://yandex.com/bots)"
130.193.51.56 - - [27/Apr/2016:00:33:02 +0200] "GET / HTTP/1.1" 200 166 "-" "Mozilla/5.0 (compatible; YandexBot/3.0; +http://yandex.com/bots)"
130.193.51.56 - - [27/Apr/2016:00:33:02 +0200] "GET / HTTP/1.1" 200 166 "-" "Mozilla/5.0 (compatible; YandexBot/3.0; +http://yandex.com/bots)"
66.249.66.143 - - [27/Apr/2016:00:50:23 +0200] "GET /robots.txt HTTP/1.1" 404 - "-" "Mozilla/5.0 (compatible; Googlebot/2.1; +http://www.google.com/bot.html)"
66.249.66.151 - - [27/Apr/2016:00:50:23 +0200] "GET / HTTP/1.1" 200 174 "-" "Mozilla/5.0 (Linux; Android 6.0.1; Nexus 5X Build/MMB29P) AppleWebKit/537.36 (KHTML, like Gecko) Chrome/41.0.2272.96 Mobile Safari/537.36 (compatible; Googlebot/2.1; +http://www.google.com/bot.html)"
66.249.66.143 - - [27/Apr/2016:00:57:52 +0200] "GET / HTTP/1.1" 200 174 "-" "Mozilla/5.0 (Linux; Android 6.0.1; Nexus 5X Build/MMB29P) AppleWebKit/537.36 (KHTML, like Gecko) Chrome/41.0.2272.96 Mobile Safari/537.36 (compatible; Googlebot/2.1; +http://www.google.com/bot.html)"
66.249.66.43 - - [27/Apr/2016:02:18:27 +0200] "GET /robots.txt HTTP/1.1" 404 - "-" "Mozilla/5.0 (compatible; Googlebot/2.1; +http://www.google.com/bot.html)"
66.249.66.49 - - [27/Apr/2016:02:18:27 +0200] "GET / HTTP/1.1" 200 166 "-" "Mozilla/5.0 (iPhone; CPU iPhone OS 8_3 like Mac OS X) AppleWebKit/600.1.4 (KHTML, like Gecko) Version/8.0 Mobile/12F70 Safari/600.1.4 (compatible; Googlebot/2.1; +http://www.google.com/bot.html)"
66.249.66.151 - - [27/Apr/2016:03:01:00 +0200] "GET / HTTP/1.1" 200 174 "-" "Mozilla/5.0 (iPhone; CPU iPhone OS 8_3 like Mac OS X) AppleWebKit/600.1.4 (KHTML, like Gecko) Version/8.0 Mobile/12F70 Safari/600.1.4 (compatible; Googlebot/2.1; +http://www.google.com/bot.html)"
180.76.15.14 - - [27/Apr/2016:03:30:03 +0200] "GET / HTTP/1.1" 200 166 "-" "Mozilla/5.0 (compatible; Baiduspider/2.0; +http://www.baidu.com/search/spider.html)"
138.201.16.80 - - [27/Apr/2016:04:20:20 +0200] "GET / HTTP/1.1" 200 174 "-" "Mozilla/5.0 (Windows; U; Windows NT 5.1; ru; rv:1.9.0.1) Gecko/2008070208"
66.249.66.34 - - [27/Apr/2016:04:53:30 +0200] "GET /robots.txt HTTP/1.1" 404 - "-" "Mozilla/5.0 (compatible; Googlebot/2.1; +http://www.google.com/bot.html)"
66.249.66.34 - - [27/Apr/2016:04:53:31 +0200] "GET / HTTP/1.1" 200 174 "-" "Mozilla/5.0 (Linux; Android 6.0.1; Nexus 5X Build/MMB29P) AppleWebKit/537.36 (KHTML, like Gecko) Chrome/41.0.2272.96 Mobile Safari/537.36 (compatible; Googlebot/2.1; +http://www.google.com/bot.html)"
45.33.59.157 - - [27/Apr/2016:06:10:20 +0200] "HEAD / HTTP/1.1" 200 0 "http://uptime.com/pankaescsiribi.com" "Mozilla/5.0 (compatible; Uptimebot/1.0; +http://www.uptime.com/uptimebot)"
66.249.66.151 - - [27/Apr/2016:06:56:20 +0200] "GET / HTTP/1.1" 200 174 "-" "Mozilla/5.0 (compatible; Googlebot/2.1; +http://www.google.com/bot.html)"
66.249.66.147 - - [27/Apr/2016:07:12:47 +0200] "GET / HTTP/1.1" 200 174 "-" "Mozilla/5.0 (compatible; Googlebot/2.1; +http://www.google.com/bot.html)"
66.249.66.147 - - [27/Apr/2016:07:14:41 +0200] "GET / HTTP/1.1" 200 174 "-" "Mozilla/5.0 (compatible; Googlebot/2.1; +http://www.google.com/bot.html)"
45.79.81.142 - - [27/Apr/2016:08:02:32 +0200] "GET /robots.txt HTTP/1.1" 404 - "-" "Mozilla/5.0 (compatible; Uptimebot/1.0; +http://www.uptime.com/uptimebot)"
66.249.66.28 - - [27/Apr/2016:08:41:58 +0200] "GET / HTTP/1.1" 200 174 "-" "Mozilla/5.0 (compatible; Googlebot/2.1; +http://www.google.com/bot.html)"
66.249.66.173 - - [27/Apr/2016:09:46:38 +0200] "GET /robots.txt HTTP/1.1" 404 - "-" "Mozilla/5.0 (compatible; Googlebot/2.1; +http://www.google.com/bot.html)"
66.249.66.176 - - [27/Apr/2016:09:46:38 +0200] "GET / HTTP/1.1" 200 166 "-" "Mozilla/5.0 (compatible; Googlebot/2.1; +http://www.google.com/bot.html)"
66.249.66.43 - - [27/Apr/2016:09:48:47 +0200] "GET / HTTP/1.1" 200 166 "-" "Mozilla/5.0 (compatible; Googlebot/2.1; +http://www.google.com/bot.html)"
66.249.66.176 - - [27/Apr/2016:10:15:33 +0200] "GET / HTTP/1.1" 200 166 "-" "Mozilla/5.0 (compatible; Googlebot/2.1; +http://www.google.com/bot.html)"
45.79.87.104 - - [27/Apr/2016:10:30:10 +0200] "HEAD / HTTP/1.1" 200 0 "http://uptime.com/micsodaido.hu" "Mozilla/5.0 (compatible; Uptimebot/1.0; +http://www.uptime.com/uptimebot)"
184.186.226.143 - - [27/Apr/2016:12:02:44 +0200] "GET /robots.txt HTTP/1.0" 404 - "-" "Mozilla/5.0 (compatible; MJ12bot/v1.4.5; http://www.majestic12.co.uk/bot.php?+)"
184.186.226.143 - - [27/Apr/2016:12:02:45 +0200] "GET / HTTP/1.0" 200 166 "-" "Mozilla/5.0 (compatible; MJ12bot/v1.4.5; http://www.majestic12.co.uk/bot.php?+)"
66.249.66.49 - - [27/Apr/2016:12:19:21 +0200] "GET / HTTP/1.1" 200 166 "-" "Mozilla/5.0 (Linux; Android 6.0.1; Nexus 5X Build/MMB29P) AppleWebKit/537.36 (KHTML, like Gecko) Chrome/41.0.2272.96 Mobile Safari/537.36 (compatible; Googlebot/2.1; +http://www.google.com/bot.html)"
66.249.66.170 - - [27/Apr/2016:12:28:11 +0200] "GET / HTTP/1.1" 200 166 "-" "Mozilla/5.0 (Linux; Android 6.0.1; Nexus 5X Build/MMB29P) AppleWebKit/537.36 (KHTML, like Gecko) Chrome/41.0.2272.96 Mobile Safari/537.36 (compatible; Googlebot/2.1; +http://www.google.com/bot.html)"
66.249.66.49 - - [27/Apr/2016:12:48:18 +0200] "GET / HTTP/1.1" 200 166 "-" "Mozilla/5.0 (Linux; Android 6.0.1; Nexus 5X Build/MMB29P) AppleWebKit/537.36 (KHTML, like Gecko) Chrome/41.0.2272.96 Mobile Safari/537.36 (compatible; Googlebot/2.1; +http://www.google.com/bot.html)"
66.249.66.103 - - [27/Apr/2016:13:56:42 +0200] "GET /robots.txt HTTP/1.1" 404 - "-" "Mozilla/5.0 (compatible; Googlebot/2.1; +http://www.google.com/bot.html)"
66.249.66.103 - - [27/Apr/2016:13:56:42 +0200] "GET / HTTP/1.1" 200 169 "-" "Mozilla/5.0 (compatible; Googlebot/2.1; +http://www.google.com/bot.html)"
66.249.66.101 - - [27/Apr/2016:14:00:28 +0200] "GET / HTTP/1.1" 200 169 "-" "Mozilla/5.0 (compatible; Googlebot/2.1; +http://www.google.com/bot.html)"
66.249.66.43 - - [27/Apr/2016:14:31:47 +0200] "GET /robots.txt HTTP/1.1" 404 - "-" "Mozilla/5.0 (compatible; Googlebot/2.1; +http://www.google.com/bot.html)"
66.249.66.46 - - [27/Apr/2016:14:31:47 +0200] "GET / HTTP/1.1" 200 166 "-" "Mozilla/5.0 (compatible; Googlebot/2.1; +http://www.google.com/bot.html)"
199.58.86.211 - - [27/Apr/2016:14:38:23 +0200] "GET /robots.txt HTTP/1.0" 404 - "-" "Mozilla/5.0 (compatible; MJ12bot/v1.4.5; http://www.majestic12.co.uk/bot.php?+)"
199.58.86.211 - - [27/Apr/2016:14:38:24 +0200] "GET / HTTP/1.0" 200 166 "-" "Mozilla/5.0 (compatible; MJ12bot/v1.4.5; http://www.majestic12.co.uk/bot.php?+)"
83.233.72.172 - - [27/Apr/2016:15:10:22 +0200] "GET /wp-content/plugins/revslider/js/rev_admin.js HTTP/1.0" 404 - "-" "Mozilla/4.0 (compatible; MSIE 6.0; Windows NT 5.2; .NET CLR 1.1.4322)"
176.36.80.39 - - [27/Apr/2016:16:04:00 +0200] "GET /robots.txt HTTP/1.0" 404 - "-" "Mozilla/5.0 (compatible; MJ12bot/v1.4.5; http://www.majestic12.co.uk/bot.php?+)"
176.36.80.39 - - [27/Apr/2016:16:04:02 +0200] "GET / HTTP/1.1" 200 166 "-" "Mozilla/5.0 (compatible; MJ12bot/v1.4.5; http://www.majestic12.co.uk/bot.php?+)"
37.9.122.203 - - [27/Apr/2016:16:55:55 +0200] "GET /robots.txt HTTP/1.1" 404 - "-" "Mozilla/5.0 (compatible; YandexBot/3.0; +http://yandex.com/bots)"
66.249.66.99 - - [27/Apr/2016:17:15:24 +0200] "GET / HTTP/1.1" 200 169 "-" "Mozilla/5.0 (compatible; Googlebot/2.1; +http://www.google.com/bot.html)"
66.249.66.49 - - [27/Apr/2016:18:17:18 +0200] "GET / HTTP/1.1" 200 166 "-" "Mozilla/5.0 (compatible; Googlebot/2.1; +http://www.google.com/bot.html)"
78.46.50.246 - - [27/Apr/2016:19:09:33 +0200] "GET /robots.txt HTTP/1.0" 404 - "-" "Mozilla/5.0 (compatible; MJ12bot/v1.4.5; http://www.majestic12.co.uk/bot.php?+)"
78.46.50.246 - - [27/Apr/2016:19:09:34 +0200] "GET / HTTP/1.0" 200 166 "-" "Mozilla/5.0 (compatible; MJ12bot/v1.4.5; http://www.majestic12.co.uk/bot.php?+)"
45.79.89.188 - - [27/Apr/2016:19:11:08 +0200] "HEAD / HTTP/1.1" 200 0 "http://uptime.com/micsodaido.hu" "Mozilla/5.0 (compatible; Uptimebot/1.0; +http://www.uptime.com/uptimebot)"
45.33.59.157 - - [27/Apr/2016:21:46:22 +0200] "HEAD / HTTP/1.1" 200 0 "http://uptime.com/rumini.com" "Mozilla/5.0 (compatible; Uptimebot/1.0; +http://www.uptime.com/uptimebot)"
66.249.66.170 - - [27/Apr/2016:22:00:14 +0200] "GET /robots.txt HTTP/1.1" 404 - "-" "Mozilla/5.0 (compatible; Googlebot/2.1; +http://www.google.com/bot.html)"
66.249.66.173 - - [27/Apr/2016:22:00:14 +0200] "GET / HTTP/1.1" 200 166 "-" "Mozilla/5.0 (Linux; Android 6.0.1; Nexus 5X Build/MMB29P) AppleWebKit/537.36 (KHTML, like Gecko) Chrome/41.0.2272.96 Mobile Safari/537.36 (compatible; Googlebot/2.1; +http://www.google.com/bot.html)"
180.76.15.135 - - [27/Apr/2016:22:08:41 +0200] "GET / HTTP/1.1" 200 166 "-" "Mozilla/5.0 (compatible; Baiduspider/2.0; +http://www.baidu.com/search/spider.html)"
5.149.254.109 - - [27/Apr/2016:22:12:38 +0200] "GET /wordpress/ HTTP/1.1" 404 - "-" "Mozilla/5.0 (Windows NT 6.1) AppleWebKit/534.27 (KHTML, like Gecko) Chrome/12.0.720.0 Safari/534.27"
45.33.59.157 - - [27/Apr/2016:23:00:54 +0200] "HEAD / HTTP/1.1" 200 0 "http://uptime.com/pankaescsiribi.com" "Mozilla/5.0 (compatible; Uptimebot/1.0; +http://www.uptime.com/uptimebot)"
123.125.71.91 - - [27/Apr/2016:23:21:04 +0200] "GET / HTTP/1.1" 200 174 "-" "Mozilla/5.0 (compatible; Baiduspider/2.0; +http://www.baidu.com/search/spider.html)"
180.76.15.139 - - [28/Apr/2016:00:32:40 +0200] "GET / HTTP/1.1" 200 174 "-" "Mozilla/5.0 (compatible; Baiduspider/2.0; +http://www.baidu.com/search/spider.html)"
54.196.26.214 - - [28/Apr/2016:00:58:42 +0200] "GET / HTTP/1.1" 200 174 "-" "Mozilla/5.0 (Windows; U; Windows NT 6.0; en-US; rv:1.9.2.3) Gecko/20100401 Firefox/3.6.3 GTB6 (.NET CLR 3.5.30729)"
54.80.197.202 - - [28/Apr/2016:01:44:13 +0200] "GET / HTTP/1.1" 200 166 "-" "Mozilla/5.0 (Windows; U; Windows NT 6.0; en-US; rv:1.9.2.3) Gecko/20100401 Firefox/3.6.3 GTB6 (.NET CLR 3.5.30729)"
51.255.202.66 - - [28/Apr/2016:01:46:41 +0200] "GET / HTTP/1.1" 200 166 "http://burger-imperia.com/" "Mozilla/5.0 (X11; Linux x86_64) AppleWebKit/537.36 (KHTML, like Gecko) Chrome/37.0.2062.120 Safari/537.36"
123.125.71.111 - - [28/Apr/2016:02:30:11 +0200] "GET / HTTP/1.1" 200 174 "-" "Mozilla/5.0 (compatible; Baiduspider/2.0; +http://www.baidu.com/search/spider.html)"
104.131.119.66 - - [28/Apr/2016:03:56:47 +0200] "GET /robots.txt HTTP/1.1" 404 - "-" "Mozilla/5.0 (compatible; spbot/5.0.1; +http://OpenLinkProfiler.org/bot )"
104.131.119.66 - - [28/Apr/2016:03:56:48 +0200] "GET /robots.txt HTTP/1.1" 404 - "-" "Mozilla/5.0 (compatible; spbot/5.0.1; +http://OpenLinkProfiler.org/bot )"
104.131.119.66 - - [28/Apr/2016:03:56:53 +0200] "GET / HTTP/1.1" 200 174 "-" "Mozilla/5.0 (compatible; spbot/5.0.1; +http://OpenLinkProfiler.org/bot )"
54.198.22.157 - - [28/Apr/2016:05:18:22 +0200] "GET / HTTP/1.1" 200 166 "-" "Mozilla/5.0 (Windows; U; Windows NT 6.0; en-US; rv:1.9.2.3) Gecko/20100401 Firefox/3.6.3 GTB6 (.NET CLR 3.5.30729)"
5.149.254.109 - - [28/Apr/2016:05:55:55 +0200] "GET /wordpress/ HTTP/1.1" 404 - "-" "Mozilla/5.0 (Windows U Windows NT 6.1 en-US) AppleWebKit/533.1 (KHTML, like Gecko) Chrome/5.0.335.1 Safari/533.1"
130.193.51.56 - - [28/Apr/2016:06:03:44 +0200] "GET /robots.txt HTTP/1.1" 404 - "-" "Mozilla/5.0 (compatible; YandexBot/3.0; +http://yandex.com/bots)"
130.193.51.56 - - [28/Apr/2016:06:16:18 +0200] "GET /robots.txt HTTP/1.1" 404 - "-" "Mozilla/5.0 (compatible; YandexBot/3.0; +http://yandex.com/bots)"
130.193.51.56 - - [28/Apr/2016:06:16:22 +0200] "GET /favicon.ico HTTP/1.1" 404 - "-" "Mozilla/5.0 (compatible; YandexBot/3.0; +http://yandex.com/bots)"
66.249.66.151 - - [28/Apr/2016:07:48:02 +0200] "GET /robots.txt HTTP/1.1" 404 - "-" "Mozilla/5.0 (compatible; Googlebot/2.1; +http://www.google.com/bot.html)"
66.249.66.143 - - [28/Apr/2016:07:48:02 +0200] "GET / HTTP/1.1" 200 174 "-" "Mozilla/5.0 (Linux; Android 6.0.1; Nexus 5X Build/MMB29P) AppleWebKit/537.36 (KHTML, like Gecko) Chrome/41.0.2272.96 Mobile Safari/537.36 (compatible; Googlebot/2.1; +http://www.google.com/bot.html)"
66.249.66.28 - - [28/Apr/2016:08:10:00 +0200] "GET /robots.txt HTTP/1.1" 404 - "-" "Mozilla/5.0 (compatible; Googlebot/2.1; +http://www.google.com/bot.html)"
66.249.66.28 - - [28/Apr/2016:08:10:00 +0200] "GET / HTTP/1.1" 200 174 "-" "Mozilla/5.0 (Linux; Android 6.0.1; Nexus 5X Build/MMB29P) AppleWebKit/537.36 (KHTML, like Gecko) Chrome/41.0.2272.96 Mobile Safari/537.36 (compatible; Googlebot/2.1; +http://www.google.com/bot.html)"
45.79.87.104 - - [28/Apr/2016:08:35:21 +0200] "HEAD / HTTP/1.1" 200 0 "http://uptime.com/rumini.com" "Mozilla/5.0 (compatible; Uptimebot/1.0; +http://www.uptime.com/uptimebot)"
183.60.244.30 - - [28/Apr/2016:08:52:35 +0200] "GET / HTTP/1.1" 200 166 "-" "Mozilla/5.0 (Macintosh; Intel Mac OS X 10_9_4) AppleWebKit/537.36 (KHTML, like Gecko) Chrome/36.0.1985.125 Safari/537.36"
183.60.244.30 - - [28/Apr/2016:08:52:36 +0200] "GET /issmall HTTP/1.1" 404 - "-" "Mozilla/5.0 (Macintosh; Intel Mac OS X 10_9_4) AppleWebKit/537.36 (KHTML, like Gecko) Chrome/36.0.1985.125 Safari/537.36"
183.60.244.30 - - [28/Apr/2016:08:52:36 +0200] "GET /favicon.ico HTTP/1.1" 404 - "-" "Mozilla/5.0 (Macintosh; Intel Mac OS X 10_9_4) AppleWebKit/537.36 (KHTML, like Gecko) Chrome/36.0.1985.125 Safari/537.36"
183.60.244.30 - - [28/Apr/2016:08:52:36 +0200] "GET /images/login-page.gif HTTP/1.1" 404 - "-" "Mozilla/5.0 (Macintosh; Intel Mac OS X 10_9_4) AppleWebKit/537.36 (KHTML, like Gecko) Chrome/36.0.1985.125 Safari/537.36"
183.60.244.30 - - [28/Apr/2016:08:52:36 +0200] "GET /cgi-mod/header_logo.cgi HTTP/1.1" 404 - "-" "Mozilla/5.0 (Macintosh; Intel Mac OS X 10_9_4) AppleWebKit/537.36 (KHTML, like Gecko) Chrome/36.0.1985.125 Safari/537.36"
183.60.244.30 - - [28/Apr/2016:08:52:37 +0200] "GET /images/powered_by.gif HTTP/1.1" 404 - "-" "Mozilla/5.0 (Macintosh; Intel Mac OS X 10_9_4) AppleWebKit/537.36 (KHTML, like Gecko) Chrome/36.0.1985.125 Safari/537.36"
183.60.244.30 - - [28/Apr/2016:08:52:37 +0200] "GET /favicon.ico HTTP/1.1" 404 - "-" "Mozilla/5.0 (Macintosh; Intel Mac OS X 10_9_4) AppleWebKit/537.36 (KHTML, like Gecko) Chrome/36.0.1985.125 Safari/537.36"
183.60.244.30 - - [28/Apr/2016:08:52:37 +0200] "GET /web-console HTTP/1.1" 404 - "-" "Mozilla/5.0 (Macintosh; Intel Mac OS X 10_9_4) AppleWebKit/537.36 (KHTML, like Gecko) Chrome/36.0.1985.125 Safari/537.36"
183.60.244.30 - - [28/Apr/2016:08:52:38 +0200] "GET /admin-console HTTP/1.1" 404 - "-" "Mozilla/5.0 (Macintosh; Intel Mac OS X 10_9_4) AppleWebKit/537.36 (KHTML, like Gecko) Chrome/36.0.1985.125 Safari/537.36"
183.60.244.30 - - [28/Apr/2016:08:52:38 +0200] "GET /manager/status HTTP/1.1" 404 - "-" "Mozilla/5.0 (Macintosh; Intel Mac OS X 10_9_4) AppleWebKit/537.36 (KHTML, like Gecko) Chrome/36.0.1985.125 Safari/537.36"
183.60.244.30 - - [28/Apr/2016:08:52:38 +0200] "GET /manager/html HTTP/1.1" 404 - "-" "Mozilla/5.0 (Macintosh; Intel Mac OS X 10_9_4) AppleWebKit/537.36 (KHTML, like Gecko) Chrome/36.0.1985.125 Safari/537.36"
183.60.244.30 - - [28/Apr/2016:08:52:38 +0200] "GET /manager/status HTTP/1.1" 404 - "-" "Mozilla/5.0 (Macintosh; Intel Mac OS X 10_9_4) AppleWebKit/537.36 (KHTML, like Gecko) Chrome/36.0.1985.125 Safari/537.36"
183.60.244.30 - - [28/Apr/2016:08:52:39 +0200] "GET /?c=4e5e5d7364f443e28fbf0d3ae744a59a HTTP/1.1" 200 166 "-" "Mozilla/5.0 (Macintosh; Intel Mac OS X 10_9_4) AppleWebKit/537.36 (KHTML, like Gecko) Chrome/36.0.1985.125 Safari/537.36"
183.60.244.30 - - [28/Apr/2016:08:52:39 +0200] "GET /doku.php HTTP/1.1" 404 - "-" "Mozilla/5.0 (Macintosh; Intel Mac OS X 10_9_4) AppleWebKit/537.36 (KHTML, like Gecko) Chrome/36.0.1985.125 Safari/537.36"
183.60.244.30 - - [28/Apr/2016:08:52:39 +0200] "GET /shop/ HTTP/1.1" 404 - "-" "Mozilla/5.0 (Macintosh; Intel Mac OS X 10_9_4) AppleWebKit/537.36 (KHTML, like Gecko) Chrome/36.0.1985.125 Safari/537.36"
183.60.244.30 - - [28/Apr/2016:08:52:39 +0200] "GET /mall/ HTTP/1.1" 404 - "-" "Mozilla/5.0 (Macintosh; Intel Mac OS X 10_9_4) AppleWebKit/537.36 (KHTML, like Gecko) Chrome/36.0.1985.125 Safari/537.36"
183.60.244.30 - - [28/Apr/2016:08:52:40 +0200] "GET /eshop/ HTTP/1.1" 404 - "-" "Mozilla/5.0 (Macintosh; Intel Mac OS X 10_9_4) AppleWebKit/537.36 (KHTML, like Gecko) Chrome/36.0.1985.125 Safari/537.36"
183.60.244.30 - - [28/Apr/2016:08:52:40 +0200] "GET /shops/ HTTP/1.1" 404 - "-" "Mozilla/5.0 (Macintosh; Intel Mac OS X 10_9_4) AppleWebKit/537.36 (KHTML, like Gecko) Chrome/36.0.1985.125 Safari/537.36"
183.60.244.30 - - [28/Apr/2016:08:52:40 +0200] "GET /shop/ HTTP/1.1" 404 - "-" "Mozilla/5.0 (Macintosh; Intel Mac OS X 10_9_4) AppleWebKit/537.36 (KHTML, like Gecko) Chrome/36.0.1985.125 Safari/537.36"
183.60.244.30 - - [28/Apr/2016:08:52:41 +0200] "GET /mall/ HTTP/1.1" 404 - "-" "Mozilla/5.0 (Macintosh; Intel Mac OS X 10_9_4) AppleWebKit/537.36 (KHTML, like Gecko) Chrome/36.0.1985.125 Safari/537.36"
183.60.244.30 - - [28/Apr/2016:08:52:41 +0200] "GET /eshop/ HTTP/1.1" 404 - "-" "Mozilla/5.0 (Macintosh; Intel Mac OS X 10_9_4) AppleWebKit/537.36 (KHTML, like Gecko) Chrome/36.0.1985.125 Safari/537.36"
183.60.244.30 - - [28/Apr/2016:08:52:42 +0200] "GET /shops/ HTTP/1.1" 404 - "-" "Mozilla/5.0 (Macintosh; Intel Mac OS X 10_9_4) AppleWebKit/537.36 (KHTML, like Gecko) Chrome/36.0.1985.125 Safari/537.36"
183.60.244.30 - - [28/Apr/2016:08:52:42 +0200] "GET /shop/ HTTP/1.1" 404 - "-" "Mozilla/5.0 (Macintosh; Intel Mac OS X 10_9_4) AppleWebKit/537.36 (KHTML, like Gecko) Chrome/36.0.1985.125 Safari/537.36"
183.60.244.30 - - [28/Apr/2016:08:52:42 +0200] "GET /mall/ HTTP/1.1" 404 - "-" "Mozilla/5.0 (Macintosh; Intel Mac OS X 10_9_4) AppleWebKit/537.36 (KHTML, like Gecko) Chrome/36.0.1985.125 Safari/537.36"
183.60.244.30 - - [28/Apr/2016:08:52:43 +0200] "GET /eshop/ HTTP/1.1" 404 - "-" "Mozilla/5.0 (Macintosh; Intel Mac OS X 10_9_4) AppleWebKit/537.36 (KHTML, like Gecko) Chrome/36.0.1985.125 Safari/537.36"
