178.154.171.90 - - [23/Aug/2018:05:42:36 +0200] "GET /robots.txt HTTP/1.1" 404 - "-" "Mozilla/5.0 (compatible; YandexBot/3.0; +http://yandex.com/bots)"
141.8.183.17 - - [23/Aug/2018:05:42:39 +0200] "GET / HTTP/1.1" 200 174 "-" "Mozilla/5.0 (compatible; YandexBot/3.0; +http://yandex.com/bots)"
178.154.171.90 - - [23/Aug/2018:05:42:39 +0200] "GET / HTTP/1.1" 200 174 "-" "Mozilla/5.0 (compatible; YandexBot/3.0; +http://yandex.com/bots)"
141.8.183.17 - - [23/Aug/2018:05:49:00 +0200] "GET /robots.txt HTTP/1.1" 404 - "-" "Mozilla/5.0 (compatible; YandexBot/3.0; +http://yandex.com/bots)"
141.8.183.17 - - [23/Aug/2018:05:49:04 +0200] "GET /favicon.ico HTTP/1.1" 404 - "-" "Mozilla/5.0 (compatible; YandexBot/3.0; +http://yandex.com/bots)"
128.127.105.184 - - [23/Aug/2018:06:07:46 +0200] "GET /admin/index.php?route=common/login HTTP/1.1" 404 - "http://rumini.com/admin/index.php?route=common/login" "Mozilla/5.0 (Windows NT 10.0; WOW64) AppleWebKit/537.36 (KHTML, like Gecko) Chrome/62.0.3198.0 Safari/537.36 OPR/49.0.2711.0"
141.8.183.17 - - [23/Aug/2018:06:46:09 +0200] "GET /robots.txt HTTP/1.1" 404 - "-" "Mozilla/5.0 (compatible; YandexBot/3.0; +http://yandex.com/bots)"
5.255.253.13 - - [23/Aug/2018:06:46:09 +0200] "GET /robots.txt HTTP/1.1" 404 - "-" "Mozilla/5.0 (compatible; YandexBot/3.0; +http://yandex.com/bots)"
141.8.183.17 - - [23/Aug/2018:06:46:13 +0200] "GET / HTTP/1.1" 200 166 "-" "Mozilla/5.0 (compatible; YandexBot/3.0; +http://yandex.com/bots)"
141.8.183.17 - - [23/Aug/2018:06:46:13 +0200] "GET / HTTP/1.1" 200 166 "-" "Mozilla/5.0 (compatible; YandexBot/3.0; +http://yandex.com/bots)"
178.154.171.90 - - [23/Aug/2018:06:48:55 +0200] "GET / HTTP/1.1" 200 166 "-" "Mozilla/5.0 (compatible; YandexBot/3.0; +http://yandex.com/bots)"
141.8.183.17 - - [23/Aug/2018:06:48:55 +0200] "GET /robots.txt HTTP/1.1" 404 - "-" "Mozilla/5.0 (compatible; YandexBot/3.0; +http://yandex.com/bots)"
141.8.183.17 - - [23/Aug/2018:06:48:59 +0200] "GET / HTTP/1.1" 200 166 "-" "Mozilla/5.0 (compatible; YandexBot/3.0; +http://yandex.com/bots)"
139.81.87.65 - - [23/Aug/2018:07:17:34 +0200] "GET / HTTP/1.1" 200 174 "-" "Mozilla/5.0 (Macintosh; Intel Mac OS X 10_12_5) AppleWebKit/537.36 (KHTML, like Gecko) Chrome/58.0.3029.110 Safari/537.36"
128.127.105.184 - - [23/Aug/2018:08:27:24 +0200] "GET /index.php/admin/ HTTP/1.1" 404 - "http://rumini.com/index.php/admin/" "Mozilla/5.0 (Windows NT 10.0; WOW64) AppleWebKit/537.36 (KHTML, like Gecko) Chrome/62.0.3198.0 Safari/537.36 OPR/49.0.2711.0"
103.20.249.53 - - [23/Aug/2018:09:55:57 +0200] "GET / HTTP/1.1" 200 166 "-" "-"
128.127.105.184 - - [23/Aug/2018:10:41:37 +0200] "GET /manager/ HTTP/1.1" 404 - "http://rumini.com/manager/" "Mozilla/5.0 (Windows NT 10.0; WOW64) AppleWebKit/537.36 (KHTML, like Gecko) Chrome/62.0.3198.0 Safari/537.36 OPR/49.0.2711.0"
206.189.121.34 - - [23/Aug/2018:11:11:10 +0200] "HEAD / HTTP/1.1" 200 0 "-" "Mozilla/5.0 (Windows NT 5.1) AppleWebKit/537.36 (KHTML, like Gecko) Chrome/35.0.2117.157 Safari/537.36"
206.189.121.34 - - [23/Aug/2018:11:11:10 +0200] "HEAD / HTTP/1.1" 200 0 "-" "Mozilla/5.0 (Macintosh; Intel Mac OS X 10_9_0) AppleWebKit/537.36 (KHTML, like Gecko) Chrome/32.0.1664.3 Safari/537.36"
95.174.64.156 - - [23/Aug/2018:12:27:39 +0200] "GET /index.php?-s HTTP/1.1" 404 - "-" "Mozilla/5.0 (Windows NT 6.1; WOW64; rv:54.0) Gecko/20100101 Firefox/54.0"
128.127.105.184 - - [23/Aug/2018:12:51:38 +0200] "GET /netcat/admin/ HTTP/1.1" 404 - "http://rumini.com/netcat/admin/" "Mozilla/5.0 (Windows NT 10.0; WOW64) AppleWebKit/537.36 (KHTML, like Gecko) Chrome/62.0.3198.0 Safari/537.36 OPR/49.0.2711.0"
46.101.9.216 - - [23/Aug/2018:14:26:58 +0200] "GET / HTTP/1.1" 200 166 "-" "Mozilla/5.0 (Windows NT 6.0) AppleWebKit/537.36 (KHTML, like Gecko) Chrome/34.0.1847.116 Safari/537.36"
128.127.105.184 - - [23/Aug/2018:14:56:38 +0200] "GET /admin/login.php HTTP/1.1" 404 - "http://rumini.com/admin/login.php" "Mozilla/5.0 (Windows NT 10.0; WOW64) AppleWebKit/537.36 (KHTML, like Gecko) Chrome/62.0.3198.0 Safari/537.36 OPR/49.0.2711.0"
141.8.183.17 - - [23/Aug/2018:15:08:05 +0200] "GET /robots.txt HTTP/1.1" 404 - "-" "Mozilla/5.0 (compatible; YandexBot/3.0; +http://yandex.com/bots)"
178.154.171.90 - - [23/Aug/2018:15:08:05 +0200] "GET /robots.txt HTTP/1.1" 404 - "-" "Mozilla/5.0 (compatible; YandexBot/3.0; +http://yandex.com/bots)"
141.8.183.17 - - [23/Aug/2018:15:08:09 +0200] "GET / HTTP/1.1" 200 166 "-" "Mozilla/5.0 (compatible; YandexBot/3.0; +http://yandex.com/bots)"
178.154.171.90 - - [23/Aug/2018:15:08:09 +0200] "GET / HTTP/1.1" 200 166 "-" "Mozilla/5.0 (compatible; YandexBot/3.0; +http://yandex.com/bots)"
141.8.183.17 - - [23/Aug/2018:15:17:24 +0200] "GET /robots.txt HTTP/1.1" 404 - "-" "Mozilla/5.0 (compatible; YandexBot/3.0; +http://yandex.com/bots)"
178.154.171.90 - - [23/Aug/2018:15:17:24 +0200] "GET /robots.txt HTTP/1.1" 404 - "-" "Mozilla/5.0 (compatible; YandexBot/3.0; +http://yandex.com/bots)"
141.8.183.17 - - [23/Aug/2018:15:17:28 +0200] "GET / HTTP/1.1" 200 174 "-" "Mozilla/5.0 (compatible; YandexBot/3.0; +http://yandex.com/bots)"
178.154.171.90 - - [23/Aug/2018:15:17:28 +0200] "GET / HTTP/1.1" 200 174 "-" "Mozilla/5.0 (compatible; YandexBot/3.0; +http://yandex.com/bots)"
141.8.183.17 - - [23/Aug/2018:16:19:25 +0200] "GET /robots.txt HTTP/1.1" 404 - "-" "Mozilla/5.0 (compatible; YandexBot/3.0; +http://yandex.com/bots)"
178.154.171.90 - - [23/Aug/2018:16:19:25 +0200] "GET /robots.txt HTTP/1.1" 404 - "-" "Mozilla/5.0 (compatible; YandexBot/3.0; +http://yandex.com/bots)"
141.8.183.17 - - [23/Aug/2018:16:19:29 +0200] "GET / HTTP/1.1" 200 166 "-" "Mozilla/5.0 (compatible; YandexBot/3.0; +http://yandex.com/bots)"
5.255.253.13 - - [23/Aug/2018:16:19:29 +0200] "GET / HTTP/1.1" 200 166 "-" "Mozilla/5.0 (compatible; YandexBot/3.0; +http://yandex.com/bots)"
128.127.105.184 - - [23/Aug/2018:16:55:29 +0200] "GET /admin/index.php HTTP/1.1" 404 - "http://rumini.com/admin/index.php" "Mozilla/5.0 (Windows NT 10.0; WOW64) AppleWebKit/537.36 (KHTML, like Gecko) Chrome/62.0.3198.0 Safari/537.36 OPR/49.0.2711.0"
185.234.217.105 - - [23/Aug/2018:17:24:22 +0200] "GET /wp-login.php HTTP/1.1" 404 - "http://rumini.com/wp-login.php" "Mozilla/4.0 (compatible; MSIE 9.0; Windows NT 6.1; 125LA; .NET CLR 2.0.50727; .NET CLR 3.0.04506.648; .NET CLR 3.5.21022)"
185.234.217.105 - - [23/Aug/2018:17:24:22 +0200] "GET /wp-login.php HTTP/1.1" 404 - "http://rumini.com/wp-login.php" "Mozilla/4.0 (compatible; MSIE 9.0; Windows NT 6.1; 125LA; .NET CLR 2.0.50727; .NET CLR 3.0.04506.648; .NET CLR 3.5.21022)"
178.154.171.90 - - [23/Aug/2018:18:45:59 +0200] "GET /favicon.ico HTTP/1.1" 404 - "-" "Mozilla/5.0 (compatible; YandexBot/3.0; +http://yandex.com/bots)"
128.127.105.184 - - [23/Aug/2018:18:48:29 +0200] "GET /e107_admin/admin.php HTTP/1.1" 404 - "http://rumini.com/e107_admin/admin.php" "Mozilla/5.0 (Windows NT 10.0; WOW64) AppleWebKit/537.36 (KHTML, like Gecko) Chrome/62.0.3198.0 Safari/537.36 OPR/49.0.2711.0"
66.249.70.31 - - [23/Aug/2018:20:17:45 +0200] "GET /robots.txt HTTP/1.1" 404 - "-" "Mozilla/5.0 (compatible; Googlebot/2.1; +http://www.google.com/bot.html)"
66.249.70.1 - - [23/Aug/2018:20:17:46 +0200] "GET / HTTP/1.1" 200 174 "-" "Mozilla/5.0 (compatible; Googlebot/2.1; +http://www.google.com/bot.html)"
66.249.70.3 - - [23/Aug/2018:20:26:46 +0200] "GET /robots.txt HTTP/1.1" 404 - "-" "Mozilla/5.0 (compatible; Googlebot/2.1; +http://www.google.com/bot.html)"
66.249.70.29 - - [23/Aug/2018:20:26:47 +0200] "GET / HTTP/1.1" 200 166 "-" "Mozilla/5.0 (compatible; Googlebot/2.1; +http://www.google.com/bot.html)"
128.127.105.184 - - [23/Aug/2018:20:37:07 +0200] "GET /admin.php?dispatch=auth.login_form&return_url=admin.php HTTP/1.1" 404 - "http://rumini.com/admin.php?dispatch=auth.login_form&return_url=admin.php" "Mozilla/5.0 (Windows NT 10.0; WOW64) AppleWebKit/537.36 (KHTML, like Gecko) Chrome/62.0.3198.0 Safari/537.36 OPR/49.0.2711.0"
128.127.105.184 - - [23/Aug/2018:22:22:33 +0200] "GET /index.php/login HTTP/1.1" 404 - "http://rumini.com/index.php/login" "Mozilla/5.0 (Windows NT 10.0; WOW64) AppleWebKit/537.36 (KHTML, like Gecko) Chrome/62.0.3198.0 Safari/537.36 OPR/49.0.2711.0"
142.4.218.236 - - [23/Aug/2018:23:23:14 +0200] "GET / HTTP/1.1" 200 174 "-" "Mozilla/5.0 (compatible; Dataprovider.com;)"
142.4.218.236 - - [23/Aug/2018:23:23:16 +0200] "GET /robots.txt HTTP/1.1" 404 - "-" "Mozilla/5.0 (compatible; Dataprovider.com;)"
142.4.218.236 - - [23/Aug/2018:23:23:16 +0200] "GET /sitemap.xml HTTP/1.1" 404 - "-" "Mozilla/5.0 (compatible; Dataprovider.com;)"
142.4.218.236 - - [23/Aug/2018:23:23:17 +0200] "GET / HTTP/1.1" 200 174 "-" "Mozilla/5.0 (compatible; Dataprovider.com;)"
142.4.218.236 - - [23/Aug/2018:23:23:18 +0200] "GET /ads.txt HTTP/1.1" 404 - "-" "Mozilla/5.0 (compatible; Dataprovider.com;)"
142.4.218.236 - - [23/Aug/2018:23:23:18 +0200] "GET / HTTP/1.1" 200 174 "-" "Mozilla/5.0 (Linux; Android 5.1.1; SM-G925F Build/LMY47X) AppleWebKit/537.36 (KHTML, like Gecko) Chrome/45.0.2454.94 Mobile Safari/537.36"
141.8.183.17 - - [23/Aug/2018:23:57:35 +0200] "GET /robots.txt HTTP/1.1" 404 - "-" "Mozilla/5.0 (compatible; YandexBot/3.0; +http://yandex.com/bots)"
141.8.183.17 - - [23/Aug/2018:23:57:36 +0200] "GET /robots.txt HTTP/1.1" 404 - "-" "Mozilla/5.0 (compatible; YandexBot/3.0; +http://yandex.com/bots)"
141.8.183.17 - - [23/Aug/2018:23:57:39 +0200] "GET / HTTP/1.1" 200 166 "-" "Mozilla/5.0 (compatible; YandexBot/3.0; +http://yandex.com/bots)"
141.8.183.17 - - [23/Aug/2018:23:57:39 +0200] "GET / HTTP/1.1" 200 166 "-" "Mozilla/5.0 (compatible; YandexBot/3.0; +http://yandex.com/bots)"
178.154.171.90 - - [23/Aug/2018:23:57:57 +0200] "GET /robots.txt HTTP/1.1" 404 - "-" "Mozilla/5.0 (compatible; YandexBot/3.0; +http://yandex.com/bots)"
141.8.183.17 - - [23/Aug/2018:23:57:57 +0200] "GET /robots.txt HTTP/1.1" 404 - "-" "Mozilla/5.0 (compatible; YandexBot/3.0; +http://yandex.com/bots)"
141.8.183.17 - - [23/Aug/2018:23:58:01 +0200] "GET / HTTP/1.1" 200 174 "-" "Mozilla/5.0 (compatible; YandexBot/3.0; +http://yandex.com/bots)"
141.8.183.17 - - [23/Aug/2018:23:58:01 +0200] "GET / HTTP/1.1" 200 174 "-" "Mozilla/5.0 (compatible; YandexBot/3.0; +http://yandex.com/bots)"
46.229.170.197 - - [24/Aug/2018:00:22:55 +0200] "GET / HTTP/1.1" 200 166 "-" "Mozilla/5.0 (iPhone; CPU iPhone OS 10_2_1 like Mac OS X) AppleWebKit/602.4.6 (KHTML, like Gecko) Version/10.0 Mobile/14D27 Safari/602.1"
141.8.183.17 - - [24/Aug/2018:01:11:59 +0200] "GET /robots.txt HTTP/1.1" 404 - "-" "Mozilla/5.0 (compatible; YandexBot/3.0; +http://yandex.com/bots)"
141.8.183.17 - - [24/Aug/2018:01:12:03 +0200] "GET /favicon.ico HTTP/1.1" 404 - "-" "Mozilla/5.0 (compatible; YandexBot/3.0; +http://yandex.com/bots)"
142.93.44.152 - - [24/Aug/2018:01:38:36 +0200] "GET /robots.txt HTTP/1.1" 404 - "-" "Mozilla/5.0 (compatible; MJ12bot/v1.4.7; http://www.majestic12.co.uk/bot.php?+)"
142.93.44.152 - - [24/Aug/2018:01:38:37 +0200] "GET / HTTP/1.1" 200 166 "-" "Mozilla/5.0 (compatible; MJ12bot/v1.4.7; http://www.majestic12.co.uk/bot.php?+)"
180.76.15.153 - - [24/Aug/2018:02:10:40 +0200] "GET / HTTP/1.1" 200 174 "-" "Mozilla/5.0 (compatible; Baiduspider/2.0; +http://www.baidu.com/search/spider.html)"
54.36.150.111 - - [24/Aug/2018:02:43:26 +0200] "GET /robots.txt HTTP/1.1" 404 - "-" "Mozilla/5.0 (compatible; AhrefsBot/5.2; +http://ahrefs.com/robot/)"
54.36.149.82 - - [24/Aug/2018:02:43:26 +0200] "GET / HTTP/1.1" 200 166 "-" "Mozilla/5.0 (compatible; AhrefsBot/5.2; +http://ahrefs.com/robot/)"
141.8.183.17 - - [24/Aug/2018:03:09:16 +0200] "GET /robots.txt HTTP/1.1" 404 - "-" "Mozilla/5.0 (compatible; YandexBot/3.0; +http://yandex.com/bots)"
178.154.171.90 - - [24/Aug/2018:03:09:16 +0200] "GET /robots.txt HTTP/1.1" 404 - "-" "Mozilla/5.0 (compatible; YandexBot/3.0; +http://yandex.com/bots)"
141.8.183.17 - - [24/Aug/2018:03:09:20 +0200] "GET / HTTP/1.1" 200 166 "-" "Mozilla/5.0 (compatible; YandexBot/3.0; +http://yandex.com/bots)"
178.154.171.90 - - [24/Aug/2018:03:09:20 +0200] "GET / HTTP/1.1" 200 166 "-" "Mozilla/5.0 (compatible; YandexBot/3.0; +http://yandex.com/bots)"
85.10.207.195 - - [24/Aug/2018:03:54:43 +0200] "GET /robots.txt HTTP/1.1" 404 - "-" "Mozilla/5.0 (compatible; MJ12bot/v1.4.8; http://mj12bot.com/)"
85.10.207.195 - - [24/Aug/2018:03:54:45 +0200] "GET / HTTP/1.1" 200 166 "-" "Mozilla/5.0 (compatible; MJ12bot/v1.4.8; http://mj12bot.com/)"
50.125.101.36 - - [24/Aug/2018:03:55:32 +0200] "GET / HTTP/1.1" 200 174 "-" "Mozilla/5.0 (Macintosh; Intel Mac OS X 10_12_2) AppleWebKit/537.36 (KHTML, like Gecko) Chrome/53.0.2785.116 Safari/537.36"
50.125.101.36 - - [24/Aug/2018:03:55:33 +0200] "GET / HTTP/1.1" 200 174 "http://www.rumini.com/" "Mozilla/5.0 (Windows; U; Windows NT 5.1; en-US; rv:1.8.1.13) Gecko/20080311 Firefox/2.0.0.13"
141.8.183.17 - - [24/Aug/2018:04:47:32 +0200] "GET /favicon.ico HTTP/1.1" 404 - "-" "Mozilla/5.0 (compatible; YandexBot/3.0; +http://yandex.com/bots)"
46.165.228.101 - - [24/Aug/2018:05:44:43 +0200] "GET / HTTP/1.0" 200 166 "http://pankaescsiribi.com/" "Mozilla/5.0 (Windows NT 7.1; rv:37.1) Gecko/20100101 Firefox/37.1"
209.17.96.58 - - [24/Aug/2018:06:01:31 +0200] "GET / HTTP/1.1" 200 174 "-" "Mozilla/5.0 (compatible; Nimbostratus-Bot/v1.3.2; http://cloudsystemnetworks.com)"
202.46.58.120 - - [24/Aug/2018:06:23:52 +0200] "GET / HTTP/1.1" 200 174 "-" "Mozilla/5.0 (Windows NT 5.1; rv:6.0.2) Gecko/20100101 Firefox/6.0.2"
178.154.171.90 - - [24/Aug/2018:08:34:37 +0200] "GET /robots.txt HTTP/1.1" 404 - "-" "Mozilla/5.0 (compatible; YandexBot/3.0; +http://yandex.com/bots)"
141.8.183.17 - - [24/Aug/2018:08:34:37 +0200] "GET /robots.txt HTTP/1.1" 404 - "-" "Mozilla/5.0 (compatible; YandexBot/3.0; +http://yandex.com/bots)"
141.8.183.17 - - [24/Aug/2018:08:34:40 +0200] "GET / HTTP/1.1" 200 174 "-" "Mozilla/5.0 (compatible; YandexBot/3.0; +http://yandex.com/bots)"
178.154.171.90 - - [24/Aug/2018:08:34:40 +0200] "GET / HTTP/1.1" 200 174 "-" "Mozilla/5.0 (compatible; YandexBot/3.0; +http://yandex.com/bots)"
209.17.96.170 - - [24/Aug/2018:08:47:55 +0200] "GET / HTTP/1.1" 200 166 "-" "Mozilla/5.0 (compatible; Nimbostratus-Bot/v1.3.2; http://cloudsystemnetworks.com)"
121.201.98.59 - - [24/Aug/2018:09:21:10 +0200] "GET /search/www.ymwears.cn HTTP/1.1" 404 - "-" "-"
141.8.183.17 - - [24/Aug/2018:09:39:12 +0200] "GET /robots.txt HTTP/1.1" 404 - "-" "Mozilla/5.0 (compatible; YandexBot/3.0; +http://yandex.com/bots)"
141.8.183.17 - - [24/Aug/2018:09:39:12 +0200] "GET /robots.txt HTTP/1.1" 404 - "-" "Mozilla/5.0 (compatible; YandexBot/3.0; +http://yandex.com/bots)"
141.8.183.17 - - [24/Aug/2018:09:39:15 +0200] "GET / HTTP/1.1" 200 166 "-" "Mozilla/5.0 (compatible; YandexBot/3.0; +http://yandex.com/bots)"
141.8.183.17 - - [24/Aug/2018:09:39:15 +0200] "GET / HTTP/1.1" 200 166 "-" "Mozilla/5.0 (compatible; YandexBot/3.0; +http://yandex.com/bots)"
141.8.183.17 - - [24/Aug/2018:09:39:32 +0200] "GET /robots.txt HTTP/1.1" 404 - "-" "Mozilla/5.0 (compatible; YandexBot/3.0; +http://yandex.com/bots)"
141.8.183.17 - - [24/Aug/2018:09:39:32 +0200] "GET /robots.txt HTTP/1.1" 404 - "-" "Mozilla/5.0 (compatible; YandexBot/3.0; +http://yandex.com/bots)"
141.8.183.17 - - [24/Aug/2018:09:39:36 +0200] "GET / HTTP/1.1" 200 166 "-" "Mozilla/5.0 (compatible; YandexBot/3.0; +http://yandex.com/bots)"
141.8.183.17 - - [24/Aug/2018:09:39:36 +0200] "GET / HTTP/1.1" 200 166 "-" "Mozilla/5.0 (compatible; YandexBot/3.0; +http://yandex.com/bots)"
52.53.201.78 - - [24/Aug/2018:10:04:19 +0200] "GET / HTTP/1.1" 200 166 "-" "Mozilla/5.0 (Macintosh; Intel Mac OS X 10_12_6) AppleWebKit/537.36 (KHTML, like Gecko) Chrome/61.0.3163.100 Safari/537.36"
52.53.201.78 - - [24/Aug/2018:13:18:56 +0200] "GET / HTTP/1.1" 200 166 "-" "Mozilla/5.0 (Macintosh; Intel Mac OS X 10_12_6) AppleWebKit/537.36 (KHTML, like Gecko) Chrome/61.0.3163.100 Safari/537.36"
66.249.70.1 - - [24/Aug/2018:13:46:00 +0200] "GET /robots.txt HTTP/1.1" 404 - "-" "Mozilla/5.0 (compatible; Googlebot/2.1; +http://www.google.com/bot.html)"
66.249.70.29 - - [24/Aug/2018:13:46:01 +0200] "GET / HTTP/1.1" 200 174 "-" "Mozilla/5.0 (compatible; Googlebot/2.1; +http://www.google.com/bot.html)"
66.249.70.1 - - [24/Aug/2018:13:53:27 +0200] "GET / HTTP/1.1" 200 174 "-" "Mozilla/5.0 AppleWebKit/537.36 (KHTML, like Gecko; compatible; Googlebot/2.1; +http://www.google.com/bot.html) Safari/537.36"
219.140.155.222 - - [24/Aug/2018:14:07:34 +0200] "HEAD / HTTP/1.1" 200 0 "-" "curl/7.29.0"
219.140.121.191 - - [24/Aug/2018:14:45:01 +0200] "GET / HTTP/1.1" 200 174 "-" "Mozilla/5.0 (Linux; Android 6.0; Nexus 5 Build/MRA58N) AppleWebKit/537.36 (KHTML, like Gecko) Chrome/61.0.3163.100 Mobile Safari/537.36"
159.89.207.77 - - [24/Aug/2018:18:07:39 +0200] "GET / HTTP/1.1" 200 174 "-" "Mozilla/5.0 (X11; U; Linux x86_64; en-US) AppleWebKit/534.10 (KHTML, like Gecko) Ubuntu/10.10 Chromium/8.0.552.237 Chrome/8.0.552.237 Safari/534.10"
46.229.170.197 - - [24/Aug/2018:18:16:16 +0200] "GET / HTTP/1.1" 200 174 "-" "Mozilla/5.0 (Windows NT 6.1; rv:52.0) Gecko/20100101 Firefox/52.0"
141.8.183.17 - - [24/Aug/2018:18:17:27 +0200] "GET /robots.txt HTTP/1.1" 404 - "-" "Mozilla/5.0 (compatible; YandexBot/3.0; +http://yandex.com/bots)"
178.154.171.90 - - [24/Aug/2018:18:17:27 +0200] "GET /robots.txt HTTP/1.1" 404 - "-" "Mozilla/5.0 (compatible; YandexBot/3.0; +http://yandex.com/bots)"
141.8.183.17 - - [24/Aug/2018:18:17:29 +0200] "GET /robots.txt HTTP/1.1" 404 - "-" "Mozilla/5.0 (compatible; YandexBot/3.0; +http://yandex.com/bots)"
178.154.171.90 - - [24/Aug/2018:18:17:30 +0200] "GET /robots.txt HTTP/1.1" 404 - "-" "Mozilla/5.0 (compatible; YandexBot/3.0; +http://yandex.com/bots)"
141.8.183.17 - - [24/Aug/2018:18:17:30 +0200] "GET / HTTP/1.1" 200 174 "-" "Mozilla/5.0 (compatible; YandexBot/3.0; +http://yandex.com/bots)"
141.8.183.17 - - [24/Aug/2018:18:17:30 +0200] "GET / HTTP/1.1" 200 174 "-" "Mozilla/5.0 (compatible; YandexBot/3.0; +http://yandex.com/bots)"
141.8.183.17 - - [24/Aug/2018:18:17:33 +0200] "GET / HTTP/1.1" 200 166 "-" "Mozilla/5.0 (compatible; YandexBot/3.0; +http://yandex.com/bots)"
178.154.171.90 - - [24/Aug/2018:18:17:33 +0200] "GET / HTTP/1.1" 200 166 "-" "Mozilla/5.0 (compatible; YandexBot/3.0; +http://yandex.com/bots)"
212.83.177.250 - - [24/Aug/2018:18:22:08 +0200] "GET / HTTP/1.1" 200 166 "-" "Mozilla/5.0 (Windows NT 6.1; WOW64; rv:56.0) Gecko/20100101 Firefox/56.0"
172.245.244.28 - - [24/Aug/2018:19:10:23 +0200] "GET /robots.txt HTTP/1.1" 404 - "-" "Mozilla/5.0 (Windows NT 10.0; Win64; x64; rv:50.0) Gecko/20100101 Firefox/50.0"
172.245.244.28 - - [24/Aug/2018:19:10:23 +0200] "GET /xmlrpc.php?rsd HTTP/1.1" 404 - "-" "Mozilla/5.0 (Windows NT 10.0; Win64; x64; rv:50.0) Gecko/20100101 Firefox/50.0"
172.245.244.28 - - [24/Aug/2018:19:10:23 +0200] "GET / HTTP/1.1" 200 166 "-" "Mozilla/5.0 (Windows NT 10.0; Win64; x64; rv:50.0) Gecko/20100101 Firefox/50.0"
172.245.244.28 - - [24/Aug/2018:19:10:23 +0200] "GET /blog/robots.txt HTTP/1.1" 404 - "-" "Mozilla/5.0 (Windows NT 10.0; Win64; x64; rv:50.0) Gecko/20100101 Firefox/50.0"
172.245.244.28 - - [24/Aug/2018:19:10:23 +0200] "GET /blog/ HTTP/1.1" 404 - "-" "Mozilla/5.0 (Windows NT 10.0; Win64; x64; rv:50.0) Gecko/20100101 Firefox/50.0"
172.245.244.28 - - [24/Aug/2018:19:10:23 +0200] "GET /wordpress/ HTTP/1.1" 404 - "-" "Mozilla/5.0 (Windows NT 10.0; Win64; x64; rv:50.0) Gecko/20100101 Firefox/50.0"
172.245.244.28 - - [24/Aug/2018:19:10:23 +0200] "GET /wp/ HTTP/1.1" 404 - "-" "Mozilla/5.0 (Windows NT 10.0; Win64; x64; rv:50.0) Gecko/20100101 Firefox/50.0"
141.8.183.17 - - [24/Aug/2018:19:57:23 +0200] "GET /robots.txt HTTP/1.1" 404 - "-" "Mozilla/5.0 (compatible; YandexBot/3.0; +http://yandex.com/bots)"
141.8.183.17 - - [24/Aug/2018:19:57:23 +0200] "GET /robots.txt HTTP/1.1" 404 - "-" "Mozilla/5.0 (compatible; YandexBot/3.0; +http://yandex.com/bots)"
141.8.183.17 - - [24/Aug/2018:19:57:27 +0200] "GET / HTTP/1.1" 200 166 "-" "Mozilla/5.0 (compatible; YandexBot/3.0; +http://yandex.com/bots)"
141.8.183.17 - - [24/Aug/2018:19:57:27 +0200] "GET / HTTP/1.1" 200 166 "-" "Mozilla/5.0 (compatible; YandexBot/3.0; +http://yandex.com/bots)"
159.89.207.77 - - [24/Aug/2018:20:34:17 +0200] "GET / HTTP/1.1" 200 166 "-" "Mozilla/5.0 (X11; U; Linux x86_64; en-US) AppleWebKit/534.10 (KHTML, like Gecko) Ubuntu/10.10 Chromium/8.0.552.237 Chrome/8.0.552.237 Safari/534.10"
209.17.97.18 - - [24/Aug/2018:21:29:40 +0200] "GET / HTTP/1.1" 200 166 "-" "Mozilla/5.0 (compatible; Nimbostratus-Bot/v1.3.2; http://cloudsystemnetworks.com)"
66.249.70.3 - - [24/Aug/2018:22:06:57 +0200] "GET /robots.txt HTTP/1.1" 404 - "-" "Mozilla/5.0 (compatible; Googlebot/2.1; +http://www.google.com/bot.html)"
66.249.70.31 - - [24/Aug/2018:22:06:58 +0200] "GET / HTTP/1.1" 200 166 "-" "Mozilla/5.0 (compatible; Googlebot/2.1; +http://www.google.com/bot.html)"
180.76.15.146 - - [25/Aug/2018:02:09:15 +0200] "GET / HTTP/1.1" 200 174 "-" "Mozilla/5.0 (compatible; Baiduspider/2.0; +http://www.baidu.com/search/spider.html)"
141.8.183.17 - - [25/Aug/2018:04:04:10 +0200] "GET /robots.txt HTTP/1.1" 404 - "-" "Mozilla/5.0 (compatible; YandexBot/3.0; +http://yandex.com/bots)"
178.154.171.90 - - [25/Aug/2018:04:04:10 +0200] "GET /robots.txt HTTP/1.1" 404 - "-" "Mozilla/5.0 (compatible; YandexBot/3.0; +http://yandex.com/bots)"
141.8.183.17 - - [25/Aug/2018:04:04:14 +0200] "GET / HTTP/1.1" 200 166 "-" "Mozilla/5.0 (compatible; YandexBot/3.0; +http://yandex.com/bots)"
178.154.171.90 - - [25/Aug/2018:04:04:14 +0200] "GET / HTTP/1.1" 200 166 "-" "Mozilla/5.0 (compatible; YandexBot/3.0; +http://yandex.com/bots)"
141.8.183.17 - - [25/Aug/2018:04:06:27 +0200] "GET /robots.txt HTTP/1.1" 404 - "-" "Mozilla/5.0 (compatible; YandexBot/3.0; +http://yandex.com/bots)"
178.154.171.90 - - [25/Aug/2018:04:06:27 +0200] "GET /robots.txt HTTP/1.1" 404 - "-" "Mozilla/5.0 (compatible; YandexBot/3.0; +http://yandex.com/bots)"
141.8.183.17 - - [25/Aug/2018:04:06:31 +0200] "GET / HTTP/1.1" 200 174 "-" "Mozilla/5.0 (compatible; YandexBot/3.0; +http://yandex.com/bots)"
178.154.171.90 - - [25/Aug/2018:04:06:31 +0200] "GET / HTTP/1.1" 200 174 "-" "Mozilla/5.0 (compatible; YandexBot/3.0; +http://yandex.com/bots)"
42.236.99.16 - - [25/Aug/2018:04:06:49 +0200] "GET / HTTP/1.1" 200 166 "http://www.micsodaido.hu/" "Mozilla/5.0 (Windows NT 6.1; WOW64) AppleWebKit/537.36 (KHTML, like Gecko) Chrome/50.0.2661.102 Safari/537.36; 360Spider"
173.252.91.248 - - [25/Aug/2018:04:14:06 +0200] "GET / HTTP/1.1" 200 174 "-" "Mozilla/5.0 (Windows NT 10.0; Win64; x64) AppleWebKit/537.36 (KHTML, like Gecko) Chrome/64.0.3282.140 Safari/537.36 Edge/17.17134"
173.252.91.248 - - [25/Aug/2018:04:14:06 +0200] "GET /favicon.ico HTTP/1.1" 404 - "http://rumini.com/" "Mozilla/5.0 (Windows NT 10.0; Win64; x64) AppleWebKit/537.36 (KHTML, like Gecko) Chrome/64.0.3282.140 Safari/537.36 Edge/17.17134"
141.8.183.17 - - [25/Aug/2018:05:07:25 +0200] "GET /robots.txt HTTP/1.1" 404 - "-" "Mozilla/5.0 (compatible; YandexBot/3.0; +http://yandex.com/bots)"
141.8.183.17 - - [25/Aug/2018:05:07:25 +0200] "GET /robots.txt HTTP/1.1" 404 - "-" "Mozilla/5.0 (compatible; YandexBot/3.0; +http://yandex.com/bots)"
141.8.183.17 - - [25/Aug/2018:05:07:29 +0200] "GET / HTTP/1.1" 200 166 "-" "Mozilla/5.0 (compatible; YandexBot/3.0; +http://yandex.com/bots)"
141.8.183.17 - - [25/Aug/2018:05:07:29 +0200] "GET / HTTP/1.1" 200 166 "-" "Mozilla/5.0 (compatible; YandexBot/3.0; +http://yandex.com/bots)"
52.53.201.78 - - [25/Aug/2018:05:17:43 +0200] "GET / HTTP/1.1" 200 174 "-" "Mozilla/5.0 (Macintosh; Intel Mac OS X 10_12_6) AppleWebKit/537.36 (KHTML, like Gecko) Chrome/61.0.3163.100 Safari/537.36"
202.46.52.72 - - [25/Aug/2018:06:13:19 +0200] "GET / HTTP/1.1" 200 174 "-" "Mozilla/5.0 (Windows NT 5.1; rv:6.0.2) Gecko/20100101 Firefox/6.0.2"
180.76.15.146 - - [25/Aug/2018:06:13:20 +0200] "GET /robots.txt HTTP/1.1" 404 - "-" "Mozilla/5.0 (Windows NT 5.1; rv:6.0.2) Gecko/20100101 Firefox/6.0.2"
163.172.4.153 - - [25/Aug/2018:09:37:26 +0200] "GET / HTTP/1.1" 200 166 "http://pankaescsiribi.com/" "Mozilla/5.0 (Macintosh; Intel Mac OS X 10_12_2) AppleWebKit/537.36 (KHTML, like Gecko) Chrome/58.0.3029.110 Safari/537.36"
141.8.183.17 - - [25/Aug/2018:12:36:10 +0200] "GET /robots.txt HTTP/1.1" 404 - "-" "Mozilla/5.0 (compatible; YandexBot/3.0; +http://yandex.com/bots)"
178.154.171.90 - - [25/Aug/2018:12:36:10 +0200] "GET /robots.txt HTTP/1.1" 404 - "-" "Mozilla/5.0 (compatible; YandexBot/3.0; +http://yandex.com/bots)"
141.8.183.17 - - [25/Aug/2018:12:36:14 +0200] "GET / HTTP/1.1" 200 174 "-" "Mozilla/5.0 (compatible; YandexBot/3.0; +http://yandex.com/bots)"
178.154.171.90 - - [25/Aug/2018:12:36:14 +0200] "GET / HTTP/1.1" 200 174 "-" "Mozilla/5.0 (compatible; YandexBot/3.0; +http://yandex.com/bots)"
178.154.171.90 - - [25/Aug/2018:13:35:37 +0200] "GET /robots.txt HTTP/1.1" 404 - "-" "Mozilla/5.0 (compatible; YandexBot/3.0; +http://yandex.com/bots)"
141.8.183.17 - - [25/Aug/2018:13:35:37 +0200] "GET /robots.txt HTTP/1.1" 404 - "-" "Mozilla/5.0 (compatible; YandexBot/3.0; +http://yandex.com/bots)"
141.8.183.17 - - [25/Aug/2018:13:35:41 +0200] "GET / HTTP/1.1" 200 166 "-" "Mozilla/5.0 (compatible; YandexBot/3.0; +http://yandex.com/bots)"
178.154.171.90 - - [25/Aug/2018:13:35:41 +0200] "GET / HTTP/1.1" 200 166 "-" "Mozilla/5.0 (compatible; YandexBot/3.0; +http://yandex.com/bots)"
141.8.183.17 - - [25/Aug/2018:13:37:24 +0200] "GET /robots.txt HTTP/1.1" 404 - "-" "Mozilla/5.0 (compatible; YandexBot/3.0; +http://yandex.com/bots)"
141.8.183.17 - - [25/Aug/2018:13:37:24 +0200] "GET /robots.txt HTTP/1.1" 404 - "-" "Mozilla/5.0 (compatible; YandexBot/3.0; +http://yandex.com/bots)"
141.8.183.17 - - [25/Aug/2018:13:37:27 +0200] "GET / HTTP/1.1" 200 166 "-" "Mozilla/5.0 (compatible; YandexBot/3.0; +http://yandex.com/bots)"
141.8.183.17 - - [25/Aug/2018:13:37:28 +0200] "GET / HTTP/1.1" 200 166 "-" "Mozilla/5.0 (compatible; YandexBot/3.0; +http://yandex.com/bots)"
158.69.116.60 - - [25/Aug/2018:14:23:33 +0200] "GET / HTTP/1.1" 200 166 "-" "Mozilla/5.0 (compatible; Dataprovider.com;)"
158.69.116.60 - - [25/Aug/2018:14:23:34 +0200] "GET /robots.txt HTTP/1.1" 404 - "-" "Mozilla/5.0 (compatible; Dataprovider.com;)"
158.69.116.60 - - [25/Aug/2018:14:23:35 +0200] "GET /sitemap.xml HTTP/1.1" 404 - "-" "Mozilla/5.0 (compatible; Dataprovider.com;)"
158.69.116.60 - - [25/Aug/2018:14:23:35 +0200] "GET / HTTP/1.1" 200 166 "-" "Mozilla/5.0 (compatible; Dataprovider.com;)"
158.69.116.60 - - [25/Aug/2018:14:23:36 +0200] "GET /ads.txt HTTP/1.1" 404 - "-" "Mozilla/5.0 (compatible; Dataprovider.com;)"
158.69.116.60 - - [25/Aug/2018:14:23:36 +0200] "GET / HTTP/1.1" 200 166 "-" "Mozilla/5.0 (Linux; Android 5.1.1; SM-G925F Build/LMY47X) AppleWebKit/537.36 (KHTML, like Gecko) Chrome/45.0.2454.94 Mobile Safari/537.36"
195.22.127.231 - - [25/Aug/2018:14:45:29 +0200] "GET /lfm.php HTTP/1.1" 404 - "-" "Mozilla/5.0 (Windows NT 6.3; Win64; x64) AppleWebKit/537.36 (KHTML, like Gecko) Chrome/62.0.3202.94 Safari/537.36"
195.22.127.231 - - [25/Aug/2018:14:45:29 +0200] "GET /.env HTTP/1.1" 404 - "-" "Mozilla/5.0 (Windows NT 6.3; Win64; x64) AppleWebKit/537.36 (KHTML, like Gecko) Chrome/62.0.3202.94 Safari/537.36"
195.22.127.231 - - [25/Aug/2018:14:45:29 +0200] "GET /sftp-config.json HTTP/1.1" 404 - "-" "Mozilla/5.0 (Windows NT 6.3; Win64; x64) AppleWebKit/537.36 (KHTML, like Gecko) Chrome/62.0.3202.94 Safari/537.36"
195.22.127.231 - - [25/Aug/2018:14:45:29 +0200] "GET /.ftpconfig HTTP/1.1" 404 - "-" "Mozilla/5.0 (Windows NT 6.3; Win64; x64) AppleWebKit/537.36 (KHTML, like Gecko) Chrome/62.0.3202.94 Safari/537.36"
195.22.127.231 - - [25/Aug/2018:14:45:29 +0200] "GET /.remote-sync.json HTTP/1.1" 404 - "-" "Mozilla/5.0 (Windows NT 6.3; Win64; x64) AppleWebKit/537.36 (KHTML, like Gecko) Chrome/62.0.3202.94 Safari/537.36"
195.22.127.231 - - [25/Aug/2018:14:45:29 +0200] "GET /.vscode/ftp-sync.json HTTP/1.1" 404 - "-" "Mozilla/5.0 (Windows NT 6.3; Win64; x64) AppleWebKit/537.36 (KHTML, like Gecko) Chrome/62.0.3202.94 Safari/537.36"
195.22.127.231 - - [25/Aug/2018:14:45:30 +0200] "GET /.vscode/sftp.json HTTP/1.1" 404 - "-" "Mozilla/5.0 (Windows NT 6.3; Win64; x64) AppleWebKit/537.36 (KHTML, like Gecko) Chrome/62.0.3202.94 Safari/537.36"
195.22.127.231 - - [25/Aug/2018:14:45:30 +0200] "GET /deployment-config.json HTTP/1.1" 404 - "-" "Mozilla/5.0 (Windows NT 6.3; Win64; x64) AppleWebKit/537.36 (KHTML, like Gecko) Chrome/62.0.3202.94 Safari/537.36"
195.22.127.231 - - [25/Aug/2018:14:45:30 +0200] "GET /ftpsync.settings HTTP/1.1" 404 - "-" "Mozilla/5.0 (Windows NT 6.3; Win64; x64) AppleWebKit/537.36 (KHTML, like Gecko) Chrome/62.0.3202.94 Safari/537.36"
195.22.127.231 - - [25/Aug/2018:14:45:30 +0200] "GET /WS_FTP.ini HTTP/1.1" 404 - "-" "Mozilla/5.0 (Windows NT 6.3; Win64; x64) AppleWebKit/537.36 (KHTML, like Gecko) Chrome/62.0.3202.94 Safari/537.36"
195.22.127.231 - - [25/Aug/2018:14:45:30 +0200] "GET /ws_ftp.ini HTTP/1.1" 404 - "-" "Mozilla/5.0 (Windows NT 6.3; Win64; x64) AppleWebKit/537.36 (KHTML, like Gecko) Chrome/62.0.3202.94 Safari/537.36"
195.22.127.231 - - [25/Aug/2018:14:45:30 +0200] "GET /WS_FTP.INI HTTP/1.1" 404 - "-" "Mozilla/5.0 (Windows NT 6.3; Win64; x64) AppleWebKit/537.36 (KHTML, like Gecko) Chrome/62.0.3202.94 Safari/537.36"
195.22.127.231 - - [25/Aug/2018:14:45:30 +0200] "GET /filezilla.xml HTTP/1.1" 404 - "-" "Mozilla/5.0 (Windows NT 6.3; Win64; x64) AppleWebKit/537.36 (KHTML, like Gecko) Chrome/62.0.3202.94 Safari/537.36"
195.22.127.231 - - [25/Aug/2018:14:45:30 +0200] "GET /sitemanager.xml HTTP/1.1" 404 - "-" "Mozilla/5.0 (Windows NT 6.3; Win64; x64) AppleWebKit/537.36 (KHTML, like Gecko) Chrome/62.0.3202.94 Safari/537.36"
195.22.127.231 - - [25/Aug/2018:14:45:30 +0200] "GET /FileZilla.xml HTTP/1.1" 404 - "-" "Mozilla/5.0 (Windows NT 6.3; Win64; x64) AppleWebKit/537.36 (KHTML, like Gecko) Chrome/62.0.3202.94 Safari/537.36"
195.22.127.231 - - [25/Aug/2018:14:45:30 +0200] "GET /winscp.ini HTTP/1.1" 404 - "-" "Mozilla/5.0 (Windows NT 6.3; Win64; x64) AppleWebKit/537.36 (KHTML, like Gecko) Chrome/62.0.3202.94 Safari/537.36"
195.22.127.231 - - [25/Aug/2018:14:45:31 +0200] "GET /WinSCP.ini HTTP/1.1" 404 - "-" "Mozilla/5.0 (Windows NT 6.3; Win64; x64) AppleWebKit/537.36 (KHTML, like Gecko) Chrome/62.0.3202.94 Safari/537.36"
195.22.127.231 - - [25/Aug/2018:14:45:31 +0200] "GET /id_rsa HTTP/1.1" 404 - "-" "Mozilla/5.0 (Windows NT 6.3; Win64; x64) AppleWebKit/537.36 (KHTML, like Gecko) Chrome/62.0.3202.94 Safari/537.36"
195.22.127.231 - - [25/Aug/2018:14:45:31 +0200] "GET /id_dsa HTTP/1.1" 404 - "-" "Mozilla/5.0 (Windows NT 6.3; Win64; x64) AppleWebKit/537.36 (KHTML, like Gecko) Chrome/62.0.3202.94 Safari/537.36"
195.22.127.231 - - [25/Aug/2018:14:45:31 +0200] "GET /.ssh/id_rsa HTTP/1.1" 404 - "-" "Mozilla/5.0 (Windows NT 6.3; Win64; x64) AppleWebKit/537.36 (KHTML, like Gecko) Chrome/62.0.3202.94 Safari/537.36"
195.22.127.231 - - [25/Aug/2018:14:45:31 +0200] "GET /.ssh/id_dsa HTTP/1.1" 404 - "-" "Mozilla/5.0 (Windows NT 6.3; Win64; x64) AppleWebKit/537.36 (KHTML, like Gecko) Chrome/62.0.3202.94 Safari/537.36"
195.22.127.231 - - [25/Aug/2018:14:45:31 +0200] "GET /.ssh/id_ecdsa HTTP/1.1" 404 - "-" "Mozilla/5.0 (Windows NT 6.3; Win64; x64) AppleWebKit/537.36 (KHTML, like Gecko) Chrome/62.0.3202.94 Safari/537.36"
195.22.127.231 - - [25/Aug/2018:14:45:31 +0200] "GET /.ssh/id_ed25519 HTTP/1.1" 404 - "-" "Mozilla/5.0 (Windows NT 6.3; Win64; x64) AppleWebKit/537.36 (KHTML, like Gecko) Chrome/62.0.3202.94 Safari/537.36"
195.22.127.231 - - [25/Aug/2018:14:45:31 +0200] "GET /.idea/WebServers.xml HTTP/1.1" 404 - "-" "Mozilla/5.0 (Windows NT 6.3; Win64; x64) AppleWebKit/537.36 (KHTML, like Gecko) Chrome/62.0.3202.94 Safari/537.36"
141.8.183.17 - - [25/Aug/2018:17:14:44 +0200] "GET /robots.txt HTTP/1.1" 404 - "-" "Mozilla/5.0 (compatible; YandexBot/3.0; +http://yandex.com/bots)"
141.8.183.17 - - [25/Aug/2018:17:14:48 +0200] "GET /favicon.ico HTTP/1.1" 404 - "-" "Mozilla/5.0 (compatible; YandexBot/3.0; +http://yandex.com/bots)"
180.76.15.34 - - [25/Aug/2018:18:04:55 +0200] "GET / HTTP/1.1" 200 174 "-" "Mozilla/5.0 (compatible; Baiduspider/2.0; +http://www.baidu.com/search/spider.html)"
202.46.53.148 - - [25/Aug/2018:18:51:45 +0200] "GET / HTTP/1.1" 200 174 "-" "Mozilla/5.0 (Windows NT 10.0; WOW64) AppleWebKit/537.36 (KHTML, like Gecko) Chrome/45.0.2454.93 Safari/537.36"
185.234.217.139 - - [25/Aug/2018:19:48:39 +0200] "GET /wp-login.php HTTP/1.1" 404 - "http://micsodaido.hu/wp-login.php" "Mozilla/4.0 (compatible; MSIE 9.0; Windows NT 6.1; 125LA; .NET CLR 2.0.50727; .NET CLR 3.0.04506.648; .NET CLR 3.5.21022)"
185.234.217.139 - - [25/Aug/2018:19:48:39 +0200] "GET /wp-login.php HTTP/1.1" 404 - "http://micsodaido.hu/wp-login.php" "Mozilla/4.0 (compatible; MSIE 9.0; Windows NT 6.1; 125LA; .NET CLR 2.0.50727; .NET CLR 3.0.04506.648; .NET CLR 3.5.21022)"
141.8.183.17 - - [25/Aug/2018:20:03:07 +0200] "GET /robots.txt HTTP/1.1" 404 - "-" "Mozilla/5.0 (compatible; YandexBot/3.0; +http://yandex.com/bots)"
178.154.171.90 - - [25/Aug/2018:20:03:07 +0200] "GET /robots.txt HTTP/1.1" 404 - "-" "Mozilla/5.0 (compatible; YandexBot/3.0; +http://yandex.com/bots)"
141.8.183.17 - - [25/Aug/2018:20:03:11 +0200] "GET / HTTP/1.1" 200 174 "-" "Mozilla/5.0 (compatible; YandexBot/3.0; +http://yandex.com/bots)"
141.8.183.17 - - [25/Aug/2018:20:03:11 +0200] "GET / HTTP/1.1" 200 174 "-" "Mozilla/5.0 (compatible; YandexBot/3.0; +http://yandex.com/bots)"
180.76.15.152 - - [25/Aug/2018:20:03:50 +0200] "GET /robots.txt HTTP/1.1" 404 - "-" "Mozilla/5.0 (Windows NT 5.1; rv:6.0.2) Gecko/20100101 Firefox/6.0.2"
180.76.15.134 - - [25/Aug/2018:20:03:50 +0200] "GET /robots.txt HTTP/1.1" 404 - "-" "Mozilla/5.0 (Windows NT 5.1; rv:6.0.2) Gecko/20100101 Firefox/6.0.2"
202.46.49.69 - - [25/Aug/2018:20:04:59 +0200] "GET / HTTP/1.1" 200 174 "-" "Mozilla/5.0 (Windows NT 10.0; WOW64) AppleWebKit/537.36 (KHTML, like Gecko) Chrome/45.0.2454.93 Safari/537.36"
141.8.183.17 - - [25/Aug/2018:20:33:45 +0200] "GET /robots.txt HTTP/1.1" 404 - "-" "Mozilla/5.0 (compatible; YandexBot/3.0; +http://yandex.com/bots)"
178.154.171.90 - - [25/Aug/2018:20:33:45 +0200] "GET /robots.txt HTTP/1.1" 404 - "-" "Mozilla/5.0 (compatible; YandexBot/3.0; +http://yandex.com/bots)"
141.8.183.17 - - [25/Aug/2018:20:33:49 +0200] "GET / HTTP/1.1" 200 166 "-" "Mozilla/5.0 (compatible; YandexBot/3.0; +http://yandex.com/bots)"
178.154.171.90 - - [25/Aug/2018:20:33:49 +0200] "GET / HTTP/1.1" 200 166 "-" "Mozilla/5.0 (compatible; YandexBot/3.0; +http://yandex.com/bots)"
141.8.183.17 - - [25/Aug/2018:21:06:20 +0200] "GET /robots.txt HTTP/1.1" 404 - "-" "Mozilla/5.0 (compatible; YandexBot/3.0; +http://yandex.com/bots)"
178.154.171.90 - - [25/Aug/2018:21:06:20 +0200] "GET /robots.txt HTTP/1.1" 404 - "-" "Mozilla/5.0 (compatible; YandexBot/3.0; +http://yandex.com/bots)"
141.8.183.17 - - [25/Aug/2018:21:06:24 +0200] "GET / HTTP/1.1" 200 166 "-" "Mozilla/5.0 (compatible; YandexBot/3.0; +http://yandex.com/bots)"
178.154.171.90 - - [25/Aug/2018:21:06:24 +0200] "GET / HTTP/1.1" 200 166 "-" "Mozilla/5.0 (compatible; YandexBot/3.0; +http://yandex.com/bots)"
106.11.155.145 - - [25/Aug/2018:21:27:00 +0200] "GET / HTTP/1.1" 200 174 "-" "YisouSpider"
42.156.254.49 - - [25/Aug/2018:21:42:25 +0200] "GET / HTTP/1.1" 200 174 "-" "Mozilla/5.0 (Windows NT 6.1; Win64; x64) AppleWebKit/537.36 (KHTML, like Gecko) Chrome/65.0.3325.181 YisouSpider/5.0 Safari/537.36"
207.46.13.205 - - [25/Aug/2018:21:44:45 +0200] "GET /robots.txt HTTP/1.1" 404 - "-" "Mozilla/5.0 (compatible; bingbot/2.0; +http://www.bing.com/bingbot.htm)"
207.46.13.58 - - [25/Aug/2018:21:44:53 +0200] "GET / HTTP/1.1" 200 166 "-" "Mozilla/5.0 (iPhone; CPU iPhone OS 7_0 like Mac OS X) AppleWebKit/537.51.1 (KHTML, like Gecko) Version/7.0 Mobile/11A465 Safari/9537.53 (compatible; bingbot/2.0; +http://www.bing.com/bingbot.htm)"
198.50.249.137 - - [26/Aug/2018:00:46:57 +0200] "GET /downloader/ HTTP/1.1" 404 - "-" "Mozilla/5.0 (Windows NT 10.0; WOW64; rv:40.0) Gecko/20100101 Firefox/40.0"
180.76.15.142 - - [26/Aug/2018:01:46:36 +0200] "GET / HTTP/1.1" 200 174 "-" "Mozilla/5.0 (compatible; Baiduspider/2.0; +http://www.baidu.com/search/spider.html)"
141.8.183.17 - - [26/Aug/2018:03:24:26 +0200] "GET /robots.txt HTTP/1.1" 404 - "-" "Mozilla/5.0 (compatible; YandexBot/3.0; +http://yandex.com/bots)"
141.8.183.17 - - [26/Aug/2018:03:24:26 +0200] "GET /robots.txt HTTP/1.1" 404 - "-" "Mozilla/5.0 (compatible; YandexBot/3.0; +http://yandex.com/bots)"
141.8.183.17 - - [26/Aug/2018:03:24:29 +0200] "GET / HTTP/1.1" 200 166 "-" "Mozilla/5.0 (compatible; YandexBot/3.0; +http://yandex.com/bots)"
141.8.183.17 - - [26/Aug/2018:03:24:30 +0200] "GET / HTTP/1.1" 200 166 "-" "Mozilla/5.0 (compatible; YandexBot/3.0; +http://yandex.com/bots)"
66.249.70.1 - - [26/Aug/2018:04:39:34 +0200] "GET /robots.txt HTTP/1.1" 404 - "-" "Mozilla/5.0 (compatible; Googlebot/2.1; +http://www.google.com/bot.html)"
66.249.70.31 - - [26/Aug/2018:04:39:34 +0200] "GET / HTTP/1.1" 200 174 "-" "Mozilla/5.0 (compatible; Googlebot/2.1; +http://www.google.com/bot.html)"
144.76.119.99 - - [26/Aug/2018:04:42:43 +0200] "GET /robots.txt HTTP/1.1" 404 - "-" "Mozilla/5.0 (compatible; MJ12bot/v1.4.8; http://mj12bot.com/)"
144.76.119.99 - - [26/Aug/2018:04:42:45 +0200] "GET / HTTP/1.1" 200 174 "-" "Mozilla/5.0 (compatible; MJ12bot/v1.4.8; http://mj12bot.com/)"
141.8.183.17 - - [26/Aug/2018:04:43:47 +0200] "GET /robots.txt HTTP/1.1" 404 - "-" "Mozilla/5.0 (compatible; YandexBot/3.0; +http://yandex.com/bots)"
141.8.183.17 - - [26/Aug/2018:04:43:47 +0200] "GET /robots.txt HTTP/1.1" 404 - "-" "Mozilla/5.0 (compatible; YandexBot/3.0; +http://yandex.com/bots)"
141.8.183.17 - - [26/Aug/2018:04:43:51 +0200] "GET / HTTP/1.1" 200 166 "-" "Mozilla/5.0 (compatible; YandexBot/3.0; +http://yandex.com/bots)"
141.8.183.17 - - [26/Aug/2018:04:43:51 +0200] "GET / HTTP/1.1" 200 166 "-" "Mozilla/5.0 (compatible; YandexBot/3.0; +http://yandex.com/bots)"
141.8.183.17 - - [26/Aug/2018:04:45:06 +0200] "GET /robots.txt HTTP/1.1" 404 - "-" "Mozilla/5.0 (compatible; YandexBot/3.0; +http://yandex.com/bots)"
141.8.183.17 - - [26/Aug/2018:04:45:06 +0200] "GET /robots.txt HTTP/1.1" 404 - "-" "Mozilla/5.0 (compatible; YandexBot/3.0; +http://yandex.com/bots)"
141.8.183.17 - - [26/Aug/2018:04:45:09 +0200] "GET / HTTP/1.1" 200 174 "-" "Mozilla/5.0 (compatible; YandexBot/3.0; +http://yandex.com/bots)"
141.8.183.17 - - [26/Aug/2018:04:45:09 +0200] "GET / HTTP/1.1" 200 174 "-" "Mozilla/5.0 (compatible; YandexBot/3.0; +http://yandex.com/bots)"
163.172.4.153 - - [26/Aug/2018:05:14:06 +0200] "GET / HTTP/1.1" 200 174 "http://rumini.com/" "Mozilla/5.0 (X11; Linux x86_64; rv:45.0) Gecko/20100101 Firefox/45.0"
202.46.57.210 - - [26/Aug/2018:05:24:19 +0200] "GET / HTTP/1.1" 200 174 "-" "Mozilla/5.0 (Windows NT 5.1; rv:6.0.2) Gecko/20100101 Firefox/6.0.2"
104.168.7.39 - - [26/Aug/2018:05:37:59 +0200] "GET /robots.txt HTTP/1.1" 404 - "-" "Mozilla/5.0 (Windows NT 10.0; Win64; x64; rv:50.0) Gecko/20100101 Firefox/50.0"
104.168.7.39 - - [26/Aug/2018:05:37:59 +0200] "GET /xmlrpc.php?rsd HTTP/1.1" 404 - "-" "Mozilla/5.0 (Windows NT 10.0; Win64; x64; rv:50.0) Gecko/20100101 Firefox/50.0"
104.168.7.39 - - [26/Aug/2018:05:37:59 +0200] "GET / HTTP/1.1" 200 174 "-" "Mozilla/5.0 (Windows NT 10.0; Win64; x64; rv:50.0) Gecko/20100101 Firefox/50.0"
104.168.7.39 - - [26/Aug/2018:05:37:59 +0200] "GET /blog/robots.txt HTTP/1.1" 404 - "-" "Mozilla/5.0 (Windows NT 10.0; Win64; x64; rv:50.0) Gecko/20100101 Firefox/50.0"
104.168.7.39 - - [26/Aug/2018:05:37:59 +0200] "GET /blog/ HTTP/1.1" 404 - "-" "Mozilla/5.0 (Windows NT 10.0; Win64; x64; rv:50.0) Gecko/20100101 Firefox/50.0"
104.168.7.39 - - [26/Aug/2018:05:37:59 +0200] "GET /wordpress/ HTTP/1.1" 404 - "-" "Mozilla/5.0 (Windows NT 10.0; Win64; x64; rv:50.0) Gecko/20100101 Firefox/50.0"
104.168.7.39 - - [26/Aug/2018:05:37:59 +0200] "GET /wp/ HTTP/1.1" 404 - "-" "Mozilla/5.0 (Windows NT 10.0; Win64; x64; rv:50.0) Gecko/20100101 Firefox/50.0"
188.166.114.112 - - [26/Aug/2018:06:27:52 +0200] "GET / HTTP/1.1" 200 166 "-" "Mozilla/4.0 (compatible; MSIE 7.0; Windows NT 6.1; WOW64; Trident/6.0;)"
206.189.100.53 - - [26/Aug/2018:07:37:29 +0200] "GET / HTTP/1.1" 200 174 "-" "Mozilla/4.0 (compatible; MSIE 7.0; Windows NT 6.1; WOW64; Trident/6.0;)"
159.89.207.77 - - [26/Aug/2018:07:50:37 +0200] "GET / HTTP/1.1" 200 166 "-" "Mozilla/5.0 (X11; U; Linux x86_64; en-US) AppleWebKit/534.10 (KHTML, like Gecko) Ubuntu/10.10 Chromium/8.0.552.237 Chrome/8.0.552.237 Safari/534.10"
141.8.183.17 - - [26/Aug/2018:10:18:01 +0200] "GET /robots.txt HTTP/1.1" 404 - "-" "Mozilla/5.0 (compatible; YandexBot/3.0; +http://yandex.com/bots)"
178.154.171.90 - - [26/Aug/2018:10:18:01 +0200] "GET /robots.txt HTTP/1.1" 404 - "-" "Mozilla/5.0 (compatible; YandexBot/3.0; +http://yandex.com/bots)"
141.8.183.17 - - [26/Aug/2018:10:18:05 +0200] "GET / HTTP/1.1" 200 166 "-" "Mozilla/5.0 (compatible; YandexBot/3.0; +http://yandex.com/bots)"
178.154.171.90 - - [26/Aug/2018:10:18:05 +0200] "GET / HTTP/1.1" 200 166 "-" "Mozilla/5.0 (compatible; YandexBot/3.0; +http://yandex.com/bots)"
141.8.183.17 - - [26/Aug/2018:10:18:34 +0200] "GET /robots.txt HTTP/1.1" 404 - "-" "Mozilla/5.0 (compatible; YandexBot/3.0; +http://yandex.com/bots)"
141.8.183.17 - - [26/Aug/2018:10:18:34 +0200] "GET /robots.txt HTTP/1.1" 404 - "-" "Mozilla/5.0 (compatible; YandexBot/3.0; +http://yandex.com/bots)"
141.8.183.17 - - [26/Aug/2018:10:18:38 +0200] "GET / HTTP/1.1" 200 166 "-" "Mozilla/5.0 (compatible; YandexBot/3.0; +http://yandex.com/bots)"
141.8.183.17 - - [26/Aug/2018:10:18:38 +0200] "GET / HTTP/1.1" 200 166 "-" "Mozilla/5.0 (compatible; YandexBot/3.0; +http://yandex.com/bots)"
141.8.183.17 - - [26/Aug/2018:10:18:52 +0200] "GET /robots.txt HTTP/1.1" 404 - "-" "Mozilla/5.0 (compatible; YandexBot/3.0; +http://yandex.com/bots)"
141.8.183.17 - - [26/Aug/2018:10:18:52 +0200] "GET /robots.txt HTTP/1.1" 404 - "-" "Mozilla/5.0 (compatible; YandexBot/3.0; +http://yandex.com/bots)"
141.8.183.17 - - [26/Aug/2018:10:18:56 +0200] "GET / HTTP/1.1" 200 174 "-" "Mozilla/5.0 (compatible; YandexBot/3.0; +http://yandex.com/bots)"
141.8.183.17 - - [26/Aug/2018:10:18:56 +0200] "GET / HTTP/1.1" 200 174 "-" "Mozilla/5.0 (compatible; YandexBot/3.0; +http://yandex.com/bots)"
62.109.8.153 - - [26/Aug/2018:12:39:40 +0200] "HEAD / HTTP/1.0" 200 0 "-" "Opera/9.80 (Series 60; Opera Mini/5.1.22783/26.1424; U; uk) Presto/2.8.119 Version/10.54"
62.109.8.153 - - [26/Aug/2018:12:39:40 +0200] "GET / HTTP/1.1" 200 166 "-" "Mozilla/4.0 (compatible; MSIE 8.0; Windows NT 6.0; Trident/4.0; GTB0.0; SLCC1; .NET CLR 2.0.50727; .NET CLR 3.0.30729; .NET CLR 3.5.30729)"
80.248.225.142 - - [26/Aug/2018:14:56:26 +0200] "GET /robots.txt HTTP/1.1" 404 - "-" "DomainCrawler/3.0 (info@domaincrawler.com; http://www.domaincrawler.com/micsodaido.hu)"
80.248.225.142 - - [26/Aug/2018:14:56:27 +0200] "GET / HTTP/1.1" 200 166 "-" "DomainCrawler/3.0 (info@domaincrawler.com; http://www.domaincrawler.com/micsodaido.hu)"
135.23.221.142 - - [26/Aug/2018:15:30:38 +0200] "GET / HTTP/1.1" 200 166 "-" "InetURL:/1.0"
135.23.221.142 - - [26/Aug/2018:15:30:42 +0200] "GET / HTTP/1.1" 200 166 "-" "Mozilla/5.0 (Windows NT 5.1; rv:2.0b8) Gecko/20100101 Firefox/4.0b8"
52.53.201.78 - - [26/Aug/2018:16:10:46 +0200] "GET / HTTP/1.1" 200 166 "-" "Mozilla/5.0 (Macintosh; Intel Mac OS X 10_12_6) AppleWebKit/537.36 (KHTML, like Gecko) Chrome/61.0.3163.100 Safari/537.36"
185.234.217.139 - - [26/Aug/2018:17:48:41 +0200] "GET /wp-login.php HTTP/1.1" 404 - "http://micsodaido.hu/wp-login.php" "Mozilla/4.0 (compatible; MSIE 9.0; Windows NT 6.1; 125LA; .NET CLR 2.0.50727; .NET CLR 3.0.04506.648; .NET CLR 3.5.21022)"
185.234.217.139 - - [26/Aug/2018:17:48:41 +0200] "GET /wp-login.php HTTP/1.1" 404 - "http://micsodaido.hu/wp-login.php" "Mozilla/4.0 (compatible; MSIE 9.0; Windows NT 6.1; 125LA; .NET CLR 2.0.50727; .NET CLR 3.0.04506.648; .NET CLR 3.5.21022)"
141.8.183.17 - - [26/Aug/2018:18:30:39 +0200] "GET /robots.txt HTTP/1.1" 404 - "-" "Mozilla/5.0 (compatible; YandexBot/3.0; +http://yandex.com/bots)"
178.154.171.90 - - [26/Aug/2018:18:30:39 +0200] "GET /robots.txt HTTP/1.1" 404 - "-" "Mozilla/5.0 (compatible; YandexBot/3.0; +http://yandex.com/bots)"
141.8.183.17 - - [26/Aug/2018:18:30:43 +0200] "GET / HTTP/1.1" 200 166 "-" "Mozilla/5.0 (compatible; YandexBot/3.0; +http://yandex.com/bots)"
178.154.171.90 - - [26/Aug/2018:18:30:43 +0200] "GET / HTTP/1.1" 200 166 "-" "Mozilla/5.0 (compatible; YandexBot/3.0; +http://yandex.com/bots)"
52.53.201.78 - - [26/Aug/2018:19:11:56 +0200] "GET / HTTP/1.1" 200 166 "-" "Mozilla/5.0 (Macintosh; Intel Mac OS X 10_12_6) AppleWebKit/537.36 (KHTML, like Gecko) Chrome/61.0.3163.100 Safari/537.36"
141.8.183.17 - - [26/Aug/2018:20:20:07 +0200] "GET /robots.txt HTTP/1.1" 404 - "-" "Mozilla/5.0 (compatible; YandexBot/3.0; +http://yandex.com/bots)"
141.8.183.17 - - [26/Aug/2018:20:20:07 +0200] "GET /robots.txt HTTP/1.1" 404 - "-" "Mozilla/5.0 (compatible; YandexBot/3.0; +http://yandex.com/bots)"
141.8.183.17 - - [26/Aug/2018:20:20:11 +0200] "GET / HTTP/1.1" 200 174 "-" "Mozilla/5.0 (compatible; YandexBot/3.0; +http://yandex.com/bots)"
141.8.183.17 - - [26/Aug/2018:20:20:11 +0200] "GET / HTTP/1.1" 200 174 "-" "Mozilla/5.0 (compatible; YandexBot/3.0; +http://yandex.com/bots)"
178.154.171.90 - - [26/Aug/2018:20:21:25 +0200] "GET /robots.txt HTTP/1.1" 404 - "-" "Mozilla/5.0 (compatible; YandexBot/3.0; +http://yandex.com/bots)"
141.8.183.17 - - [26/Aug/2018:20:21:25 +0200] "GET /robots.txt HTTP/1.1" 404 - "-" "Mozilla/5.0 (compatible; YandexBot/3.0; +http://yandex.com/bots)"
178.154.171.90 - - [26/Aug/2018:20:21:29 +0200] "GET / HTTP/1.1" 200 166 "-" "Mozilla/5.0 (compatible; YandexBot/3.0; +http://yandex.com/bots)"
178.154.171.90 - - [26/Aug/2018:20:21:29 +0200] "GET / HTTP/1.1" 200 166 "-" "Mozilla/5.0 (compatible; YandexBot/3.0; +http://yandex.com/bots)"
87.250.224.212 - - [26/Aug/2018:21:24:26 +0200] "GET /robots.txt HTTP/1.1" 404 - "-" "Mozilla/5.0 (compatible; YandexBot/3.0; +http://yandex.com/bots)"
87.250.224.212 - - [26/Aug/2018:21:24:29 +0200] "GET / HTTP/1.1" 200 166 "-" "Mozilla/5.0 (compatible; YandexBot/3.0; +http://yandex.com/bots)"
54.36.150.81 - - [26/Aug/2018:21:40:49 +0200] "GET /robots.txt HTTP/1.1" 404 - "-" "Mozilla/5.0 (compatible; AhrefsBot/5.2; +http://ahrefs.com/robot/)"
54.36.148.17 - - [26/Aug/2018:21:40:49 +0200] "GET / HTTP/1.1" 200 174 "-" "Mozilla/5.0 (compatible; AhrefsBot/5.2; +http://ahrefs.com/robot/)"
216.244.66.195 - - [27/Aug/2018:00:32:46 +0200] "GET /robots.txt HTTP/1.1" 404 - "-" "Mozilla/5.0 (compatible; DotBot/1.1; http://www.opensiteexplorer.org/dotbot, help@moz.com)"
216.244.66.195 - - [27/Aug/2018:00:39:06 +0200] "GET / HTTP/1.1" 200 166 "-" "Mozilla/5.0 (compatible; DotBot/1.1; http://www.opensiteexplorer.org/dotbot, help@moz.com)"
180.76.15.143 - - [27/Aug/2018:02:08:03 +0200] "GET / HTTP/1.1" 200 174 "-" "Mozilla/5.0 (compatible; Baiduspider/2.0; +http://www.baidu.com/search/spider.html)"
141.8.183.17 - - [27/Aug/2018:02:48:56 +0200] "GET /robots.txt HTTP/1.1" 404 - "-" "Mozilla/5.0 (compatible; YandexBot/3.0; +http://yandex.com/bots)"
141.8.183.17 - - [27/Aug/2018:02:48:56 +0200] "GET /robots.txt HTTP/1.1" 404 - "-" "Mozilla/5.0 (compatible; YandexBot/3.0; +http://yandex.com/bots)"
141.8.183.17 - - [27/Aug/2018:02:49:00 +0200] "GET / HTTP/1.1" 200 166 "-" "Mozilla/5.0 (compatible; YandexBot/3.0; +http://yandex.com/bots)"
141.8.183.17 - - [27/Aug/2018:02:49:00 +0200] "GET / HTTP/1.1" 200 166 "-" "Mozilla/5.0 (compatible; YandexBot/3.0; +http://yandex.com/bots)"
141.8.183.17 - - [27/Aug/2018:03:38:57 +0200] "GET /robots.txt HTTP/1.1" 404 - "-" "Mozilla/5.0 (compatible; YandexBot/3.0; +http://yandex.com/bots)"
141.8.183.17 - - [27/Aug/2018:03:39:01 +0200] "GET /favicon.ico HTTP/1.1" 404 - "-" "Mozilla/5.0 (compatible; YandexBot/3.0; +http://yandex.com/bots)"
42.236.101.234 - - [27/Aug/2018:04:06:36 +0200] "GET / HTTP/1.1" 200 166 "http://www.micsodaido.hu/" "Mozilla/5.0 (Windows NT 6.1; WOW64) AppleWebKit/537.36 (KHTML, like Gecko) Chrome/50.0.2661.102 Safari/537.36; 360Spider"
141.8.183.17 - - [27/Aug/2018:04:23:42 +0200] "GET /robots.txt HTTP/1.1" 404 - "-" "Mozilla/5.0 (compatible; YandexBot/3.0; +http://yandex.com/bots)"
141.8.183.17 - - [27/Aug/2018:04:23:46 +0200] "GET /favicon.ico HTTP/1.1" 404 - "-" "Mozilla/5.0 (compatible; YandexBot/3.0; +http://yandex.com/bots)"
178.154.171.90 - - [27/Aug/2018:04:51:13 +0200] "GET / HTTP/1.1" 200 166 "-" "Mozilla/5.0 (compatible; YandexBot/3.0; +http://yandex.com/bots)"
178.154.171.90 - - [27/Aug/2018:04:51:13 +0200] "GET / HTTP/1.1" 200 166 "-" "Mozilla/5.0 (compatible; YandexBot/3.0; +http://yandex.com/bots)"
141.8.183.17 - - [27/Aug/2018:04:51:19 +0200] "GET /robots.txt HTTP/1.1" 404 - "-" "Mozilla/5.0 (compatible; YandexBot/3.0; +http://yandex.com/bots)"
141.8.183.17 - - [27/Aug/2018:04:51:19 +0200] "GET /robots.txt HTTP/1.1" 404 - "-" "Mozilla/5.0 (compatible; YandexBot/3.0; +http://yandex.com/bots)"
178.154.171.90 - - [27/Aug/2018:04:51:23 +0200] "GET / HTTP/1.1" 200 174 "-" "Mozilla/5.0 (compatible; YandexBot/3.0; +http://yandex.com/bots)"
141.8.183.17 - - [27/Aug/2018:04:51:23 +0200] "GET / HTTP/1.1" 200 174 "-" "Mozilla/5.0 (compatible; YandexBot/3.0; +http://yandex.com/bots)"
66.249.64.87 - - [27/Aug/2018:05:20:31 +0200] "GET /robots.txt HTTP/1.1" 404 - "-" "Mozilla/5.0 (compatible; Googlebot/2.1; +http://www.google.com/bot.html)"
66.249.64.85 - - [27/Aug/2018:05:20:31 +0200] "GET /panka/hangoskonyv_hangmintak.html HTTP/1.1" 404 - "-" "Mozilla/5.0 (Linux; Android 6.0.1; Nexus 5X Build/MMB29P) AppleWebKit/537.36 (KHTML, like Gecko) Chrome/41.0.2272.96 Mobile Safari/537.36 (compatible; Googlebot/2.1; +http://www.google.com/bot.html)"
202.46.51.110 - - [27/Aug/2018:06:00:32 +0200] "GET / HTTP/1.1" 200 174 "-" "Mozilla/5.0 (Windows NT 5.1; rv:6.0.2) Gecko/20100101 Firefox/6.0.2"
66.249.70.31 - - [27/Aug/2018:06:30:37 +0200] "GET /robots.txt HTTP/1.1" 404 - "-" "Mozilla/5.0 (compatible; Googlebot/2.1; +http://www.google.com/bot.html)"
66.249.70.29 - - [27/Aug/2018:06:30:37 +0200] "GET / HTTP/1.1" 200 174 "-" "Mozilla/5.0 (compatible; Googlebot/2.1; +http://www.google.com/bot.html)"
