191.101.139.140 - - [06/Sep/2018:05:33:01 +0200] "GET / HTTP/1.1" 200 174 "-" "Mozilla/5.0 (Macintosh; Intel Mac OS X 10_12_5) AppleWebKit/537.36 (KHTML, like Gecko) Chrome/58.0.3029.110 Safari/537.36"
202.46.51.184 - - [06/Sep/2018:05:50:28 +0200] "GET / HTTP/1.1" 200 174 "-" "Mozilla/5.0 (Windows NT 10.0; WOW64) AppleWebKit/537.36 (KHTML, like Gecko) Chrome/45.0.2454.93 Safari/537.36"
139.81.69.205 - - [06/Sep/2018:07:03:03 +0200] "GET / HTTP/1.1" 200 166 "-" "Mozilla/5.0 (Macintosh; Intel Mac OS X 10_12_5) AppleWebKit/537.36 (KHTML, like Gecko) Chrome/58.0.3029.110 Safari/537.36"
141.8.183.17 - - [06/Sep/2018:07:24:26 +0200] "GET /robots.txt HTTP/1.1" 404 - "-" "Mozilla/5.0 (compatible; YandexBot/3.0; +http://yandex.com/bots)"
141.8.183.17 - - [06/Sep/2018:07:24:30 +0200] "GET /favicon.ico HTTP/1.1" 404 - "-" "Mozilla/5.0 (compatible; YandexBot/3.0; +http://yandex.com/bots)"
218.75.230.8 - - [06/Sep/2018:07:39:47 +0200] "GET /user/register/ HTTP/1.1" 404 - "-" "Mozilla/5.0 (Windows; U; Windows NT 5.1; de; rv:1.9) Gecko/2008052906 Firefox/3.0"
139.81.43.212 - - [06/Sep/2018:07:42:29 +0200] "GET / HTTP/1.1" 200 166 "-" "Mozilla/5.0 (Macintosh; Intel Mac OS X 10_12_5) AppleWebKit/537.36 (KHTML, like Gecko) Chrome/58.0.3029.110 Safari/537.36"
141.8.183.17 - - [06/Sep/2018:08:54:31 +0200] "GET /robots.txt HTTP/1.1" 404 - "-" "Mozilla/5.0 (compatible; YandexBot/3.0; +http://yandex.com/bots)"
141.8.183.17 - - [06/Sep/2018:08:54:35 +0200] "GET /favicon.ico HTTP/1.1" 404 - "-" "Mozilla/5.0 (compatible; YandexBot/3.0; +http://yandex.com/bots)"
193.151.90.204 - - [06/Sep/2018:10:30:50 +0200] "GET //?author=1 HTTP/1.1" 200 166 "-" "Python-urllib/2.7"
193.151.90.204 - - [06/Sep/2018:10:30:50 +0200] "GET //?author=2 HTTP/1.1" 200 166 "-" "Python-urllib/2.7"
193.151.90.204 - - [06/Sep/2018:10:30:50 +0200] "GET //?author=3 HTTP/1.1" 200 166 "-" "Python-urllib/2.7"
193.151.90.204 - - [06/Sep/2018:10:30:50 +0200] "GET //?author=4 HTTP/1.1" 200 166 "-" "Python-urllib/2.7"
193.151.90.204 - - [06/Sep/2018:10:30:50 +0200] "GET //?author=5 HTTP/1.1" 200 166 "-" "Python-urllib/2.7"
193.151.90.204 - - [06/Sep/2018:10:30:50 +0200] "GET //?author=6 HTTP/1.1" 200 166 "-" "Python-urllib/2.7"
193.151.90.204 - - [06/Sep/2018:10:30:50 +0200] "GET //?author=7 HTTP/1.1" 200 166 "-" "Python-urllib/2.7"
193.151.90.204 - - [06/Sep/2018:10:30:50 +0200] "GET //?author=8 HTTP/1.1" 200 166 "-" "Python-urllib/2.7"
193.151.90.204 - - [06/Sep/2018:10:30:50 +0200] "GET //?author=9 HTTP/1.1" 200 166 "-" "Python-urllib/2.7"
128.199.124.142 - - [06/Sep/2018:10:36:55 +0200] "GET //?author=1 HTTP/1.1" 200 166 "-" "Python-urllib/2.7"
128.199.124.142 - - [06/Sep/2018:10:36:56 +0200] "GET //?author=2 HTTP/1.1" 200 166 "-" "Python-urllib/2.7"
128.199.124.142 - - [06/Sep/2018:10:36:57 +0200] "GET //?author=3 HTTP/1.1" 200 166 "-" "Python-urllib/2.7"
128.199.124.142 - - [06/Sep/2018:10:36:57 +0200] "GET //?author=4 HTTP/1.1" 200 166 "-" "Python-urllib/2.7"
128.199.124.142 - - [06/Sep/2018:10:36:58 +0200] "GET //?author=5 HTTP/1.1" 200 166 "-" "Python-urllib/2.7"
128.199.124.142 - - [06/Sep/2018:10:37:00 +0200] "GET //?author=6 HTTP/1.1" 200 166 "-" "Python-urllib/2.7"
128.199.124.142 - - [06/Sep/2018:10:37:00 +0200] "GET //?author=7 HTTP/1.1" 200 166 "-" "Python-urllib/2.7"
128.199.124.142 - - [06/Sep/2018:10:37:01 +0200] "GET //?author=8 HTTP/1.1" 200 166 "-" "Python-urllib/2.7"
128.199.124.142 - - [06/Sep/2018:10:37:01 +0200] "GET //?author=9 HTTP/1.1" 200 166 "-" "Python-urllib/2.7"
66.249.70.18 - - [06/Sep/2018:10:41:44 +0200] "GET /robots.txt HTTP/1.1" 404 - "-" "Mozilla/5.0 (compatible; Googlebot/2.1; +http://www.google.com/bot.html)"
66.249.70.20 - - [06/Sep/2018:10:41:45 +0200] "GET / HTTP/1.1" 200 166 "-" "Mozilla/5.0 (compatible; Googlebot/2.1; +http://www.google.com/bot.html)"
141.8.183.17 - - [06/Sep/2018:11:05:05 +0200] "GET /robots.txt HTTP/1.1" 404 - "-" "Mozilla/5.0 (compatible; YandexBot/3.0; +http://yandex.com/bots)"
141.8.183.17 - - [06/Sep/2018:11:05:05 +0200] "GET /robots.txt HTTP/1.1" 404 - "-" "Mozilla/5.0 (compatible; YandexBot/3.0; +http://yandex.com/bots)"
141.8.183.17 - - [06/Sep/2018:11:05:09 +0200] "GET / HTTP/1.1" 200 166 "-" "Mozilla/5.0 (compatible; YandexBot/3.0; +http://yandex.com/bots)"
141.8.183.17 - - [06/Sep/2018:11:05:09 +0200] "GET / HTTP/1.1" 200 166 "-" "Mozilla/5.0 (compatible; YandexBot/3.0; +http://yandex.com/bots)"
178.154.171.90 - - [06/Sep/2018:11:05:19 +0200] "GET / HTTP/1.1" 200 174 "-" "Mozilla/5.0 (compatible; YandexBot/3.0; +http://yandex.com/bots)"
141.8.183.17 - - [06/Sep/2018:11:05:19 +0200] "GET /robots.txt HTTP/1.1" 404 - "-" "Mozilla/5.0 (compatible; YandexBot/3.0; +http://yandex.com/bots)"
178.154.171.90 - - [06/Sep/2018:11:05:22 +0200] "GET / HTTP/1.1" 200 174 "-" "Mozilla/5.0 (compatible; YandexBot/3.0; +http://yandex.com/bots)"
141.8.183.17 - - [06/Sep/2018:11:05:23 +0200] "GET /robots.txt HTTP/1.1" 404 - "-" "Mozilla/5.0 (compatible; YandexBot/3.0; +http://yandex.com/bots)"
178.154.171.90 - - [06/Sep/2018:11:05:23 +0200] "GET /robots.txt HTTP/1.1" 404 - "-" "Mozilla/5.0 (compatible; YandexBot/3.0; +http://yandex.com/bots)"
141.8.183.17 - - [06/Sep/2018:11:05:27 +0200] "GET / HTTP/1.1" 200 166 "-" "Mozilla/5.0 (compatible; YandexBot/3.0; +http://yandex.com/bots)"
178.154.171.90 - - [06/Sep/2018:11:05:27 +0200] "GET / HTTP/1.1" 200 166 "-" "Mozilla/5.0 (compatible; YandexBot/3.0; +http://yandex.com/bots)"
163.172.4.153 - - [06/Sep/2018:11:11:57 +0200] "GET / HTTP/1.1" 200 174 "http://rumini.com/" "Mozilla/5.0 (Macintosh; Intel Mac OS X 10_12_4) AppleWebKit/537.36 (KHTML, like Gecko) Chrome/57.0.2987.133 Safari/537.36"
52.53.201.78 - - [06/Sep/2018:13:57:43 +0200] "GET / HTTP/1.1" 200 166 "-" "Mozilla/5.0 (Macintosh; Intel Mac OS X 10_12_6) AppleWebKit/537.36 (KHTML, like Gecko) Chrome/61.0.3163.100 Safari/537.36"
206.180.165.147 - - [06/Sep/2018:16:17:03 +0200] "GET / HTTP/1.1" 200 174 "-" "Mozilla/5.0 (Windows NT 10.0; Win64; x64) AppleWebKit/537.36 (KHTML, like Gecko) Chrome/65.0.3325.181 Safari/537.36"
180.76.15.161 - - [06/Sep/2018:16:29:11 +0200] "GET /robots.txt HTTP/1.1" 404 - "-" "Mozilla/5.0 (Windows NT 5.1; rv:6.0.2) Gecko/20100101 Firefox/6.0.2"
180.76.15.32 - - [06/Sep/2018:16:29:12 +0200] "GET /robots.txt HTTP/1.1" 404 - "-" "Mozilla/5.0 (Windows NT 5.1; rv:6.0.2) Gecko/20100101 Firefox/6.0.2"
180.76.15.158 - - [06/Sep/2018:16:31:51 +0200] "GET / HTTP/1.1" 200 174 "-" "Mozilla/5.0 (compatible; Baiduspider/2.0; +http://www.baidu.com/search/spider.html)"
157.55.39.50 - - [06/Sep/2018:16:37:08 +0200] "GET /robots.txt HTTP/1.1" 404 - "-" "Mozilla/5.0 (compatible; bingbot/2.0; +http://www.bing.com/bingbot.htm)"
40.77.167.199 - - [06/Sep/2018:16:37:17 +0200] "GET / HTTP/1.1" 200 166 "-" "Mozilla/5.0 (iPhone; CPU iPhone OS 7_0 like Mac OS X) AppleWebKit/537.51.1 (KHTML, like Gecko) Version/7.0 Mobile/11A465 Safari/9537.53 (compatible; bingbot/2.0; +http://www.bing.com/bingbot.htm)"
207.46.13.46 - - [06/Sep/2018:16:52:30 +0200] "GET / HTTP/1.1" 200 174 "-" "Mozilla/5.0 (iPhone; CPU iPhone OS 7_0 like Mac OS X) AppleWebKit/537.51.1 (KHTML, like Gecko) Version/7.0 Mobile/11A465 Safari/9537.53 (compatible; bingbot/2.0; +http://www.bing.com/bingbot.htm)"
52.53.201.78 - - [06/Sep/2018:17:10:04 +0200] "GET / HTTP/1.1" 200 166 "-" "Mozilla/5.0 (Macintosh; Intel Mac OS X 10_12_6) AppleWebKit/537.36 (KHTML, like Gecko) Chrome/61.0.3163.100 Safari/537.36"
207.46.13.154 - - [06/Sep/2018:17:43:11 +0200] "GET /robots.txt HTTP/1.1" 404 - "-" "Mozilla/5.0 (compatible; bingbot/2.0; +http://www.bing.com/bingbot.htm)"
207.46.13.46 - - [06/Sep/2018:18:49:15 +0200] "GET /robots.txt HTTP/1.1" 404 - "-" "Mozilla/5.0 (compatible; bingbot/2.0; +http://www.bing.com/bingbot.htm)"
141.8.183.17 - - [06/Sep/2018:18:53:35 +0200] "GET /robots.txt HTTP/1.1" 404 - "-" "Mozilla/5.0 (compatible; YandexBot/3.0; +http://yandex.com/bots)"
141.8.183.17 - - [06/Sep/2018:18:53:35 +0200] "GET /robots.txt HTTP/1.1" 404 - "-" "Mozilla/5.0 (compatible; YandexBot/3.0; +http://yandex.com/bots)"
141.8.183.17 - - [06/Sep/2018:18:53:39 +0200] "GET / HTTP/1.1" 200 166 "-" "Mozilla/5.0 (compatible; YandexBot/3.0; +http://yandex.com/bots)"
141.8.183.17 - - [06/Sep/2018:18:53:39 +0200] "GET / HTTP/1.1" 200 166 "-" "Mozilla/5.0 (compatible; YandexBot/3.0; +http://yandex.com/bots)"
141.8.183.17 - - [06/Sep/2018:20:16:27 +0200] "GET /robots.txt HTTP/1.1" 404 - "-" "Mozilla/5.0 (compatible; YandexBot/3.0; +http://yandex.com/bots)"
141.8.183.17 - - [06/Sep/2018:20:16:27 +0200] "GET /robots.txt HTTP/1.1" 404 - "-" "Mozilla/5.0 (compatible; YandexBot/3.0; +http://yandex.com/bots)"
141.8.183.17 - - [06/Sep/2018:20:16:30 +0200] "GET / HTTP/1.1" 200 166 "-" "Mozilla/5.0 (compatible; YandexBot/3.0; +http://yandex.com/bots)"
141.8.183.17 - - [06/Sep/2018:20:16:30 +0200] "GET / HTTP/1.1" 200 166 "-" "Mozilla/5.0 (compatible; YandexBot/3.0; +http://yandex.com/bots)"
141.8.183.17 - - [06/Sep/2018:21:13:13 +0200] "GET /robots.txt HTTP/1.1" 404 - "-" "Mozilla/5.0 (compatible; YandexBot/3.0; +http://yandex.com/bots)"
178.154.171.90 - - [06/Sep/2018:21:13:13 +0200] "GET /robots.txt HTTP/1.1" 404 - "-" "Mozilla/5.0 (compatible; YandexBot/3.0; +http://yandex.com/bots)"
141.8.183.17 - - [06/Sep/2018:21:13:17 +0200] "GET / HTTP/1.1" 200 174 "-" "Mozilla/5.0 (compatible; YandexBot/3.0; +http://yandex.com/bots)"
178.154.171.90 - - [06/Sep/2018:21:13:17 +0200] "GET / HTTP/1.1" 200 174 "-" "Mozilla/5.0 (compatible; YandexBot/3.0; +http://yandex.com/bots)"
202.46.56.193 - - [06/Sep/2018:23:14:05 +0200] "GET / HTTP/1.1" 200 174 "-" "Mozilla/5.0 (Windows NT 10.0; WOW64) AppleWebKit/537.36 (KHTML, like Gecko) Chrome/45.0.2454.93 Safari/537.36"
206.180.165.147 - - [07/Sep/2018:01:44:55 +0200] "GET / HTTP/1.1" 200 166 "-" "Mozilla/5.0 (Windows NT 10.0; Win64; x64) AppleWebKit/537.36 (KHTML, like Gecko) Chrome/65.0.3325.181 Safari/537.36"
180.76.15.31 - - [07/Sep/2018:08:03:52 +0200] "GET / HTTP/1.1" 200 174 "-" "Mozilla/5.0 (compatible; Baiduspider/2.0; +http://www.baidu.com/search/spider.html)"
52.53.201.78 - - [07/Sep/2018:08:34:28 +0200] "GET / HTTP/1.1" 200 174 "-" "Mozilla/5.0 (Macintosh; Intel Mac OS X 10_12_6) AppleWebKit/537.36 (KHTML, like Gecko) Chrome/61.0.3163.100 Safari/537.36"
106.11.152.168 - - [07/Sep/2018:08:42:02 +0200] "GET / HTTP/1.1" 200 174 "-" "YisouSpider"
202.46.55.121 - - [07/Sep/2018:08:42:47 +0200] "GET / HTTP/1.1" 200 174 "-" "Mozilla/5.0 (Windows NT 10.0; WOW64) AppleWebKit/537.36 (KHTML, like Gecko) Chrome/45.0.2454.93 Safari/537.36"
141.8.183.17 - - [07/Sep/2018:08:48:57 +0200] "GET /robots.txt HTTP/1.1" 404 - "-" "Mozilla/5.0 (compatible; YandexBot/3.0; +http://yandex.com/bots)"
141.8.183.17 - - [07/Sep/2018:08:48:57 +0200] "GET /robots.txt HTTP/1.1" 404 - "-" "Mozilla/5.0 (compatible; YandexBot/3.0; +http://yandex.com/bots)"
141.8.183.17 - - [07/Sep/2018:08:49:01 +0200] "GET / HTTP/1.1" 200 166 "-" "Mozilla/5.0 (compatible; YandexBot/3.0; +http://yandex.com/bots)"
141.8.183.17 - - [07/Sep/2018:08:49:01 +0200] "GET / HTTP/1.1" 200 166 "-" "Mozilla/5.0 (compatible; YandexBot/3.0; +http://yandex.com/bots)"
141.8.183.17 - - [07/Sep/2018:08:50:42 +0200] "GET /robots.txt HTTP/1.1" 404 - "-" "Mozilla/5.0 (compatible; YandexBot/3.0; +http://yandex.com/bots)"
178.154.171.90 - - [07/Sep/2018:08:50:42 +0200] "GET /robots.txt HTTP/1.1" 404 - "-" "Mozilla/5.0 (compatible; YandexBot/3.0; +http://yandex.com/bots)"
141.8.183.17 - - [07/Sep/2018:08:50:45 +0200] "GET / HTTP/1.1" 200 174 "-" "Mozilla/5.0 (compatible; YandexBot/3.0; +http://yandex.com/bots)"
178.154.171.90 - - [07/Sep/2018:08:50:45 +0200] "GET / HTTP/1.1" 200 174 "-" "Mozilla/5.0 (compatible; YandexBot/3.0; +http://yandex.com/bots)"
42.156.136.46 - - [07/Sep/2018:08:55:12 +0200] "GET / HTTP/1.1" 200 174 "-" "Mozilla/5.0 (Windows NT 6.1; Win64; x64) AppleWebKit/537.36 (KHTML, like Gecko) Chrome/65.0.3325.181 YisouSpider/5.0 Safari/537.36"
141.8.183.17 - - [07/Sep/2018:11:05:24 +0200] "GET /robots.txt HTTP/1.1" 404 - "-" "Mozilla/5.0 (compatible; YandexBot/3.0; +http://yandex.com/bots)"
141.8.183.17 - - [07/Sep/2018:11:05:24 +0200] "GET /robots.txt HTTP/1.1" 404 - "-" "Mozilla/5.0 (compatible; YandexBot/3.0; +http://yandex.com/bots)"
141.8.183.17 - - [07/Sep/2018:11:05:28 +0200] "GET / HTTP/1.1" 200 166 "-" "Mozilla/5.0 (compatible; YandexBot/3.0; +http://yandex.com/bots)"
141.8.183.17 - - [07/Sep/2018:11:05:28 +0200] "GET / HTTP/1.1" 200 166 "-" "Mozilla/5.0 (compatible; YandexBot/3.0; +http://yandex.com/bots)"
66.249.70.2 - - [07/Sep/2018:12:13:33 +0200] "GET /robots.txt HTTP/1.1" 404 - "-" "Mozilla/5.0 (compatible; Googlebot/2.1; +http://www.google.com/bot.html)"
66.249.70.2 - - [07/Sep/2018:12:13:34 +0200] "GET / HTTP/1.1" 200 174 "-" "Mozilla/5.0 (compatible; Googlebot/2.1; +http://www.google.com/bot.html)"
66.249.70.16 - - [07/Sep/2018:12:21:52 +0200] "GET /robots.txt HTTP/1.1" 404 - "-" "Mozilla/5.0 (compatible; Googlebot/2.1; +http://www.google.com/bot.html)"
66.249.70.16 - - [07/Sep/2018:12:21:52 +0200] "GET / HTTP/1.1" 200 166 "-" "Mozilla/5.0 (compatible; Googlebot/2.1; +http://www.google.com/bot.html)"
38.100.21.69 - - [07/Sep/2018:16:19:14 +0200] "GET / HTTP/1.1" 200 174 "-" "Mozilla/4.0 (compatible; MSIE 7.0; Windows NT 5.2)"
66.220.149.20 - - [07/Sep/2018:16:37:08 +0200] "GET / HTTP/1.1" 200 166 "https://www.facebook.com/" "facebookexternalhit/1.1 (+http://www.facebook.com/externalhit_uatext.php)"
66.220.149.20 - - [07/Sep/2018:16:37:09 +0200] "GET /favicon.ico HTTP/1.1" 404 - "http://micsodaido.hu/" "facebookexternalhit/1.1 (+http://www.facebook.com/externalhit_uatext.php)"
185.229.190.56 - - [07/Sep/2018:17:00:44 +0200] "GET /wp-content/themes/u-design/scripts/admin/uploadify/uploadify.php HTTP/1.1" 404 - "-" "python-requests/2.18.4"
185.229.190.56 - - [07/Sep/2018:17:03:23 +0200] "GET /wp-content/themes/u-design/scripts/admin/uploadify/uploadify.php HTTP/1.1" 404 - "-" "python-requests/2.18.4"
185.229.190.56 - - [07/Sep/2018:17:04:03 +0200] "GET /wp-content/themes/u-design/scripts/admin/uploadify/uploadify.php HTTP/1.1" 404 - "-" "python-requests/2.18.4"
141.8.183.17 - - [07/Sep/2018:17:13:05 +0200] "GET /robots.txt HTTP/1.1" 404 - "-" "Mozilla/5.0 (compatible; YandexBot/3.0; +http://yandex.com/bots)"
141.8.183.17 - - [07/Sep/2018:17:13:05 +0200] "GET /robots.txt HTTP/1.1" 404 - "-" "Mozilla/5.0 (compatible; YandexBot/3.0; +http://yandex.com/bots)"
178.154.171.90 - - [07/Sep/2018:17:13:10 +0200] "GET / HTTP/1.1" 200 174 "-" "Mozilla/5.0 (compatible; YandexBot/3.0; +http://yandex.com/bots)"
178.154.171.90 - - [07/Sep/2018:17:13:11 +0200] "GET / HTTP/1.1" 200 174 "-" "Mozilla/5.0 (compatible; YandexBot/3.0; +http://yandex.com/bots)"
209.17.96.218 - - [07/Sep/2018:18:13:47 +0200] "GET / HTTP/1.1" 200 166 "-" "Mozilla/5.0 (compatible; Nimbostratus-Bot/v1.3.2; http://cloudsystemnetworks.com)"
141.8.183.17 - - [07/Sep/2018:18:23:16 +0200] "GET /robots.txt HTTP/1.1" 404 - "-" "Mozilla/5.0 (compatible; YandexBot/3.0; +http://yandex.com/bots)"
141.8.183.17 - - [07/Sep/2018:18:23:16 +0200] "GET /robots.txt HTTP/1.1" 404 - "-" "Mozilla/5.0 (compatible; YandexBot/3.0; +http://yandex.com/bots)"
141.8.183.17 - - [07/Sep/2018:18:23:18 +0200] "GET /robots.txt HTTP/1.1" 404 - "-" "Mozilla/5.0 (compatible; YandexBot/3.0; +http://yandex.com/bots)"
141.8.183.17 - - [07/Sep/2018:18:23:18 +0200] "GET /robots.txt HTTP/1.1" 404 - "-" "Mozilla/5.0 (compatible; YandexBot/3.0; +http://yandex.com/bots)"
141.8.183.17 - - [07/Sep/2018:18:23:19 +0200] "GET / HTTP/1.1" 200 166 "-" "Mozilla/5.0 (compatible; YandexBot/3.0; +http://yandex.com/bots)"
178.154.171.90 - - [07/Sep/2018:18:23:20 +0200] "GET / HTTP/1.1" 200 166 "-" "Mozilla/5.0 (compatible; YandexBot/3.0; +http://yandex.com/bots)"
141.8.183.17 - - [07/Sep/2018:18:23:22 +0200] "GET / HTTP/1.1" 200 166 "-" "Mozilla/5.0 (compatible; YandexBot/3.0; +http://yandex.com/bots)"
141.8.183.17 - - [07/Sep/2018:18:23:22 +0200] "GET / HTTP/1.1" 200 166 "-" "Mozilla/5.0 (compatible; YandexBot/3.0; +http://yandex.com/bots)"
209.17.96.250 - - [07/Sep/2018:18:35:25 +0200] "GET / HTTP/1.1" 200 174 "-" "Mozilla/5.0 (compatible; Nimbostratus-Bot/v1.3.2; http://cloudsystemnetworks.com)"
209.17.96.234 - - [07/Sep/2018:18:50:28 +0200] "GET / HTTP/1.1" 200 166 "-" "Mozilla/5.0 (compatible; Nimbostratus-Bot/v1.3.2; http://cloudsystemnetworks.com)"
218.75.230.8 - - [07/Sep/2018:19:40:50 +0200] "GET /user/register/ HTTP/1.1" 404 - "-" "Mozilla/5.0 (Windows; U; Windows NT 5.1; de; rv:1.9) Gecko/2008052906 Firefox/3.0"
106.11.156.189 - - [07/Sep/2018:21:55:24 +0200] "GET /eng_mesek_ruminiillusztrator.html HTTP/1.1" 404 - "-" "YisouSpider"
106.11.152.97 - - [07/Sep/2018:21:55:24 +0200] "GET /robots.txt HTTP/1.1" 404 - "-" "YisouSpider"
106.11.152.97 - - [07/Sep/2018:21:55:26 +0200] "GET /robots.txt HTTP/1.1" 404 - "-" "YisouSpider"
110.52.235.33 - - [07/Sep/2018:21:55:28 +0200] "GET /robots.txt HTTP/1.1" 404 - "-" "Mozilla/4.0 (compatible; MSIE 7.0; Windows NT 6.1; Trident/7.0; SLCC2; .NET CLR 2.0.50727; .NET CLR 3.5.30729; .NET CLR 3.0.30729; {D9D54F49-E51C-445e-92F2-1EE3C2313240})"
122.238.153.11 - - [07/Sep/2018:21:55:29 +0200] "GET /robots.txt HTTP/1.1" 404 - "-" "Mozilla/4.0 (compatible; MSIE 7.0; Windows NT 6.3; WOW64; Trident/7.0; .NET4.0E; .NET4.0C; .NET CLR 3.5.30729; .NET CLR 2.0.50727; .NET CLR 3.0.30729; HPDTDFJS; McAfee; InfoPath.3; GWX:DOWNLOADED; GWX:RESERVED)"
66.249.64.159 - - [07/Sep/2018:22:52:00 +0200] "GET /robots.txt HTTP/1.1" 404 - "-" "Mozilla/5.0 (compatible; Googlebot/2.1; +http://www.google.com/bot.html)"
66.249.64.128 - - [07/Sep/2018:22:52:00 +0200] "GET / HTTP/1.1" 200 174 "-" "Mozilla/5.0 (compatible; Googlebot/2.1; +http://www.google.com/bot.html)"
185.251.71.212 - - [07/Sep/2018:22:58:27 +0200] "GET / HTTP/1.1" 200 174 "http://rumini.com/" "Mozilla/4.0 (compatible; MSIE 6.0; Windows NT 5.1; SV1)"
163.172.4.153 - - [07/Sep/2018:23:06:07 +0200] "GET / HTTP/1.1" 200 166 "http://micsodaido.hu/" "Mozilla/5.0 (Windows NT 6.1; WOW64; Trident/7.0; rv:11.0) like Gecko"
180.76.15.19 - - [08/Sep/2018:01:04:20 +0200] "GET / HTTP/1.1" 200 174 "-" "Mozilla/5.0 (compatible; Baiduspider/2.0; +http://www.baidu.com/search/spider.html)"
202.46.56.90 - - [08/Sep/2018:03:17:41 +0200] "GET / HTTP/1.1" 200 174 "-" "Mozilla/5.0 (Windows NT 5.1; rv:6.0.2) Gecko/20100101 Firefox/6.0.2"
141.8.183.17 - - [08/Sep/2018:05:00:11 +0200] "GET /robots.txt HTTP/1.1" 404 - "-" "Mozilla/5.0 (compatible; YandexBot/3.0; +http://yandex.com/bots)"
141.8.183.17 - - [08/Sep/2018:05:00:11 +0200] "GET /robots.txt HTTP/1.1" 404 - "-" "Mozilla/5.0 (compatible; YandexBot/3.0; +http://yandex.com/bots)"
178.154.171.90 - - [08/Sep/2018:05:00:14 +0200] "GET / HTTP/1.1" 200 166 "-" "Mozilla/5.0 (compatible; YandexBot/3.0; +http://yandex.com/bots)"
141.8.183.17 - - [08/Sep/2018:05:00:14 +0200] "GET / HTTP/1.1" 200 166 "-" "Mozilla/5.0 (compatible; YandexBot/3.0; +http://yandex.com/bots)"
141.8.183.17 - - [08/Sep/2018:05:37:26 +0200] "GET /robots.txt HTTP/1.1" 404 - "-" "Mozilla/5.0 (compatible; YandexBot/3.0; +http://yandex.com/bots)"
141.8.183.17 - - [08/Sep/2018:05:37:26 +0200] "GET /robots.txt HTTP/1.1" 404 - "-" "Mozilla/5.0 (compatible; YandexBot/3.0; +http://yandex.com/bots)"
141.8.183.17 - - [08/Sep/2018:05:37:29 +0200] "GET / HTTP/1.1" 200 174 "-" "Mozilla/5.0 (compatible; YandexBot/3.0; +http://yandex.com/bots)"
141.8.183.17 - - [08/Sep/2018:05:37:29 +0200] "GET / HTTP/1.1" 200 174 "-" "Mozilla/5.0 (compatible; YandexBot/3.0; +http://yandex.com/bots)"
34.216.187.76 - - [08/Sep/2018:05:49:50 +0200] "GET / HTTP/1.1" 200 174 "-" "Mozilla/5.0 (Macintosh; Intel Mac OS X 10_8_3) AppleWebKit/537.31 (KHTML, like Gecko) Chrome/26.0.1410.65 Safari/537.31"
95.216.139.36 - - [08/Sep/2018:06:48:01 +0200] "HEAD / HTTP/1.1" 200 0 "https://domaincheck.io/rumini.com" "DomainCheck.io Crawler/1.3 (https://domaincheck.io)"
141.8.183.17 - - [08/Sep/2018:08:33:12 +0200] "GET /robots.txt HTTP/1.1" 404 - "-" "Mozilla/5.0 (compatible; YandexBot/3.0; +http://yandex.com/bots)"
141.8.183.17 - - [08/Sep/2018:08:33:12 +0200] "GET /robots.txt HTTP/1.1" 404 - "-" "Mozilla/5.0 (compatible; YandexBot/3.0; +http://yandex.com/bots)"
141.8.183.17 - - [08/Sep/2018:08:33:16 +0200] "GET / HTTP/1.1" 200 166 "-" "Mozilla/5.0 (compatible; YandexBot/3.0; +http://yandex.com/bots)"
141.8.183.17 - - [08/Sep/2018:08:33:16 +0200] "GET / HTTP/1.1" 200 166 "-" "Mozilla/5.0 (compatible; YandexBot/3.0; +http://yandex.com/bots)"
5.9.108.254 - - [08/Sep/2018:08:42:46 +0200] "GET /robots.txt HTTP/1.1" 404 - "-" "Mozilla/5.0 (compatible; MJ12bot/v1.4.8; http://mj12bot.com/)"
5.9.108.254 - - [08/Sep/2018:08:42:47 +0200] "GET / HTTP/1.1" 200 166 "-" "Mozilla/5.0 (compatible; MJ12bot/v1.4.8; http://mj12bot.com/)"
213.32.243.107 - - [08/Sep/2018:10:19:01 +0200] "GET / HTTP/1.1" 200 166 "-" "Java/10.0.2"
213.32.243.107 - - [08/Sep/2018:10:19:01 +0200] "GET /login HTTP/1.1" 404 - "-" "Java/10.0.2"
213.32.243.107 - - [08/Sep/2018:10:19:01 +0200] "GET /login HTTP/1.1" 404 - "-" "Java/10.0.2"
213.32.243.107 - - [08/Sep/2018:10:19:01 +0200] "GET /umbraco HTTP/1.1" 404 - "-" "Java/10.0.2"
213.32.243.107 - - [08/Sep/2018:10:19:01 +0200] "GET /umbraco HTTP/1.1" 404 - "-" "Java/10.0.2"
213.32.243.107 - - [08/Sep/2018:10:19:02 +0200] "GET /sitecore HTTP/1.1" 404 - "-" "Java/10.0.2"
213.32.243.107 - - [08/Sep/2018:10:19:02 +0200] "GET /sitecore HTTP/1.1" 404 - "-" "Java/10.0.2"
173.252.95.16 - - [08/Sep/2018:10:50:30 +0200] "GET / HTTP/1.1" 200 166 "-" "facebookexternalhit/1.1 (+http://www.facebook.com/externalhit_uatext.php)"
173.252.95.16 - - [08/Sep/2018:10:50:31 +0200] "GET /favicon.ico HTTP/1.1" 404 - "http://pankaescsiribi.com/" "facebookexternalhit/1.1 (+http://www.facebook.com/externalhit_uatext.php)"
42.236.99.16 - - [08/Sep/2018:11:08:13 +0200] "GET / HTTP/1.1" 200 166 "http://www.micsodaido.hu/" "Mozilla/5.0 (Windows NT 6.1; WOW64) AppleWebKit/537.36 (KHTML, like Gecko) Chrome/50.0.2661.102 Safari/537.36; 360Spider"
193.22.14.182 - - [08/Sep/2018:13:04:04 +0200] "GET / HTTP/1.1" 200 166 "http://pankaescsiribi.com/" "Mozilla/4.0 (compatible; MSIE 6.0; Windows NT 5.1; SV1)"
112.47.16.70 - - [08/Sep/2018:13:25:02 +0200] "GET / HTTP/1.1" 200 174 "-" "Mozilla/5.0 (compatible; Baiduspider-render/2.0; +http://www.baidu.com/search/spider.html)"
112.47.16.70 - - [08/Sep/2018:13:25:42 +0200] "GET / HTTP/1.1" 200 174 "-" "Mozilla/5.0 (iPhone 84; CPU iPhone OS 10_3_3 like Mac OS X) AppleWebKit/603.3.8 (KHTML, like Gecko) Version/10.0 MQQBrowser/7.8.0 Mobile/14G60 Safari/8536.25 MttCustomUA/2 QBWebViewType/1 WKType/1"
157.55.39.48 - - [08/Sep/2018:13:35:48 +0200] "GET /robots.txt HTTP/1.1" 404 - "-" "Mozilla/5.0 (compatible; bingbot/2.0; +http://www.bing.com/bingbot.htm)"
40.77.167.174 - - [08/Sep/2018:13:36:14 +0200] "GET / HTTP/1.1" 304 - "-" "Mozilla/5.0 (compatible; bingbot/2.0; +http://www.bing.com/bingbot.htm)"
66.249.70.5 - - [08/Sep/2018:13:57:21 +0200] "GET /robots.txt HTTP/1.1" 404 - "-" "Mozilla/5.0 (compatible; Googlebot/2.1; +http://www.google.com/bot.html)"
66.249.70.7 - - [08/Sep/2018:13:57:21 +0200] "GET / HTTP/1.1" 200 174 "-" "Mozilla/5.0 (compatible; Googlebot/2.1; +http://www.google.com/bot.html)"
66.249.70.18 - - [08/Sep/2018:14:07:12 +0200] "GET /robots.txt HTTP/1.1" 404 - "-" "Mozilla/5.0 (compatible; Googlebot/2.1; +http://www.google.com/bot.html)"
66.249.70.20 - - [08/Sep/2018:14:07:13 +0200] "GET / HTTP/1.1" 200 166 "-" "Mozilla/5.0 (compatible; Googlebot/2.1; +http://www.google.com/bot.html)"
157.55.39.211 - - [08/Sep/2018:14:14:04 +0200] "GET / HTTP/1.1" 200 166 "-" "Mozilla/5.0 (iPhone; CPU iPhone OS 7_0 like Mac OS X) AppleWebKit/537.51.1 (KHTML, like Gecko) Version/7.0 Mobile/11A465 Safari/9537.53 (compatible; bingbot/2.0; +http://www.bing.com/bingbot.htm)"
52.53.201.78 - - [08/Sep/2018:15:40:21 +0200] "GET / HTTP/1.1" 200 166 "-" "Mozilla/5.0 (Macintosh; Intel Mac OS X 10_12_6) AppleWebKit/537.36 (KHTML, like Gecko) Chrome/61.0.3163.100 Safari/537.36"
207.46.13.96 - - [08/Sep/2018:16:02:11 +0200] "GET /robots.txt HTTP/1.1" 404 - "-" "Mozilla/5.0 (compatible; bingbot/2.0; +http://www.bing.com/bingbot.htm)"
62.210.142.48 - - [08/Sep/2018:16:56:50 +0200] "GET / HTTP/1.1" 200 166 "-" "Mozilla/5.0 (Windows; U; Windows NT 6.0; vo; rv:6.0a2) Gecko/20110623 Firefox/6.0a2"
157.55.39.22 - - [08/Sep/2018:17:58:04 +0200] "GET /robots.txt HTTP/1.1" 404 - "-" "Mozilla/5.0 (compatible; bingbot/2.0; +http://www.bing.com/bingbot.htm)"
207.46.13.97 - - [08/Sep/2018:17:58:10 +0200] "GET / HTTP/1.1" 304 - "-" "Mozilla/5.0 (compatible; bingbot/2.0; +http://www.bing.com/bingbot.htm)"
52.53.201.78 - - [08/Sep/2018:18:46:18 +0200] "GET / HTTP/1.1" 200 166 "-" "Mozilla/5.0 (Macintosh; Intel Mac OS X 10_12_6) AppleWebKit/537.36 (KHTML, like Gecko) Chrome/61.0.3163.100 Safari/537.36"
141.8.183.17 - - [08/Sep/2018:19:18:53 +0200] "GET /robots.txt HTTP/1.1" 404 - "-" "Mozilla/5.0 (compatible; YandexBot/3.0; +http://yandex.com/bots)"
5.255.253.13 - - [08/Sep/2018:19:18:53 +0200] "GET /robots.txt HTTP/1.1" 404 - "-" "Mozilla/5.0 (compatible; YandexBot/3.0; +http://yandex.com/bots)"
141.8.183.17 - - [08/Sep/2018:19:18:56 +0200] "GET / HTTP/1.1" 200 174 "-" "Mozilla/5.0 (compatible; YandexBot/3.0; +http://yandex.com/bots)"
141.8.183.17 - - [08/Sep/2018:19:18:57 +0200] "GET / HTTP/1.1" 200 174 "-" "Mozilla/5.0 (compatible; YandexBot/3.0; +http://yandex.com/bots)"
141.8.183.17 - - [08/Sep/2018:19:20:20 +0200] "GET /robots.txt HTTP/1.1" 404 - "-" "Mozilla/5.0 (compatible; YandexBot/3.0; +http://yandex.com/bots)"
178.154.171.90 - - [08/Sep/2018:19:20:20 +0200] "GET /robots.txt HTTP/1.1" 404 - "-" "Mozilla/5.0 (compatible; YandexBot/3.0; +http://yandex.com/bots)"
141.8.183.17 - - [08/Sep/2018:19:20:23 +0200] "GET / HTTP/1.1" 200 166 "-" "Mozilla/5.0 (compatible; YandexBot/3.0; +http://yandex.com/bots)"
178.154.171.90 - - [08/Sep/2018:19:20:23 +0200] "GET / HTTP/1.1" 200 166 "-" "Mozilla/5.0 (compatible; YandexBot/3.0; +http://yandex.com/bots)"
193.169.252.112 - - [08/Sep/2018:21:17:12 +0200] "GET /wp-login.php HTTP/1.1" 404 - "http://rumini.com/wp-login.php" "Mozilla/4.0 (compatible; MSIE 9.0; Windows NT 6.1; 125LA; .NET CLR 2.0.50727; .NET CLR 3.0.04506.648; .NET CLR 3.5.21022)"
193.169.252.112 - - [08/Sep/2018:21:17:12 +0200] "GET /wp-login.php HTTP/1.1" 404 - "http://rumini.com/wp-login.php" "Mozilla/4.0 (compatible; MSIE 9.0; Windows NT 6.1; 125LA; .NET CLR 2.0.50727; .NET CLR 3.0.04506.648; .NET CLR 3.5.21022)"
141.8.183.17 - - [08/Sep/2018:21:20:07 +0200] "GET /robots.txt HTTP/1.1" 404 - "-" "Mozilla/5.0 (compatible; YandexBot/3.0; +http://yandex.com/bots)"
141.8.183.17 - - [08/Sep/2018:21:20:07 +0200] "GET /robots.txt HTTP/1.1" 404 - "-" "Mozilla/5.0 (compatible; YandexBot/3.0; +http://yandex.com/bots)"
178.154.171.90 - - [08/Sep/2018:21:20:11 +0200] "GET / HTTP/1.1" 200 166 "-" "Mozilla/5.0 (compatible; YandexBot/3.0; +http://yandex.com/bots)"
141.8.183.17 - - [08/Sep/2018:21:20:11 +0200] "GET / HTTP/1.1" 200 166 "-" "Mozilla/5.0 (compatible; YandexBot/3.0; +http://yandex.com/bots)"
66.249.64.51 - - [08/Sep/2018:23:18:33 +0200] "GET /robots.txt HTTP/1.1" 404 - "-" "Mozilla/5.0 (compatible; Googlebot/2.1; +http://www.google.com/bot.html)"
66.249.64.53 - - [08/Sep/2018:23:18:33 +0200] "GET / HTTP/1.1" 200 166 "-" "Mozilla/5.0 (compatible; Googlebot/2.1; +http://www.google.com/bot.html)"
66.249.70.29 - - [08/Sep/2018:23:52:55 +0200] "GET /robots.txt HTTP/1.1" 404 - "-" "Mozilla/5.0 (compatible; Googlebot/2.1; +http://www.google.com/bot.html)"
66.249.70.31 - - [08/Sep/2018:23:52:56 +0200] "GET / HTTP/1.1" 200 169 "-" "Mozilla/5.0 (Linux; Android 6.0.1; Nexus 5X Build/MMB29P) AppleWebKit/537.36 (KHTML, like Gecko) Chrome/41.0.2272.96 Mobile Safari/537.36 (compatible; Googlebot/2.1; +http://www.google.com/bot.html)"
180.76.15.152 - - [09/Sep/2018:00:51:31 +0200] "GET / HTTP/1.1" 200 174 "-" "Mozilla/5.0 (compatible; Baiduspider/2.0; +http://www.baidu.com/search/spider.html)"
112.47.16.72 - - [09/Sep/2018:01:41:04 +0200] "GET / HTTP/1.1" 200 174 "-" "Mozilla/5.0 (compatible; Baiduspider-render/2.0; +http://www.baidu.com/search/spider.html)"
112.47.16.72 - - [09/Sep/2018:01:41:34 +0200] "GET / HTTP/1.1" 200 174 "-" "Mozilla/5.0 (iPhone 84; CPU iPhone OS 10_3_3 like Mac OS X) AppleWebKit/603.3.8 (KHTML, like Gecko) Version/10.0 MQQBrowser/7.8.0 Mobile/14G60 Safari/8536.25 MttCustomUA/2 QBWebViewType/1 WKType/1"
141.8.183.17 - - [09/Sep/2018:02:27:02 +0200] "GET /robots.txt HTTP/1.1" 404 - "-" "Mozilla/5.0 (compatible; YandexBot/3.0; +http://yandex.com/bots)"
141.8.183.17 - - [09/Sep/2018:02:27:02 +0200] "GET /robots.txt HTTP/1.1" 404 - "-" "Mozilla/5.0 (compatible; YandexBot/3.0; +http://yandex.com/bots)"
141.8.183.17 - - [09/Sep/2018:02:27:05 +0200] "GET / HTTP/1.1" 200 166 "-" "Mozilla/5.0 (compatible; YandexBot/3.0; +http://yandex.com/bots)"
141.8.183.17 - - [09/Sep/2018:02:27:06 +0200] "GET / HTTP/1.1" 200 166 "-" "Mozilla/5.0 (compatible; YandexBot/3.0; +http://yandex.com/bots)"
178.154.171.90 - - [09/Sep/2018:02:27:20 +0200] "GET /robots.txt HTTP/1.1" 404 - "-" "Mozilla/5.0 (compatible; YandexBot/3.0; +http://yandex.com/bots)"
5.255.253.13 - - [09/Sep/2018:02:27:20 +0200] "GET /robots.txt HTTP/1.1" 404 - "-" "Mozilla/5.0 (compatible; YandexBot/3.0; +http://yandex.com/bots)"
178.154.171.90 - - [09/Sep/2018:02:27:23 +0200] "GET / HTTP/1.1" 200 174 "-" "Mozilla/5.0 (compatible; YandexBot/3.0; +http://yandex.com/bots)"
141.8.183.17 - - [09/Sep/2018:02:27:24 +0200] "GET / HTTP/1.1" 200 174 "-" "Mozilla/5.0 (compatible; YandexBot/3.0; +http://yandex.com/bots)"
87.250.224.212 - - [09/Sep/2018:02:33:12 +0200] "GET /robots.txt HTTP/1.1" 404 - "-" "Mozilla/5.0 (compatible; YandexBot/3.0; +http://yandex.com/bots)"
87.250.224.212 - - [09/Sep/2018:02:33:16 +0200] "GET / HTTP/1.1" 200 166 "-" "Mozilla/5.0 (compatible; YandexBot/3.0; +http://yandex.com/bots)"
202.46.52.174 - - [09/Sep/2018:02:58:23 +0200] "GET / HTTP/1.1" 200 174 "-" "Mozilla/5.0 (Windows NT 5.1; rv:6.0.2) Gecko/20100101 Firefox/6.0.2"
66.249.70.27 - - [09/Sep/2018:04:26:05 +0200] "GET / HTTP/1.1" 200 169 "-" "Mozilla/5.0 (compatible; Googlebot/2.1; +http://www.google.com/bot.html)"
66.249.70.27 - - [09/Sep/2018:04:26:15 +0200] "GET / HTTP/1.1" 200 169 "-" "Mozilla/5.0 AppleWebKit/537.36 (KHTML, like Gecko; compatible; Googlebot/2.1; +http://www.google.com/bot.html) Safari/537.36"
141.8.183.17 - - [09/Sep/2018:04:43:42 +0200] "GET /robots.txt HTTP/1.1" 404 - "-" "Mozilla/5.0 (compatible; YandexBot/3.0; +http://yandex.com/bots)"
141.8.183.17 - - [09/Sep/2018:04:43:42 +0200] "GET /robots.txt HTTP/1.1" 404 - "-" "Mozilla/5.0 (compatible; YandexBot/3.0; +http://yandex.com/bots)"
178.154.171.90 - - [09/Sep/2018:04:43:46 +0200] "GET / HTTP/1.1" 200 166 "-" "Mozilla/5.0 (compatible; YandexBot/3.0; +http://yandex.com/bots)"
5.255.253.13 - - [09/Sep/2018:04:43:46 +0200] "GET / HTTP/1.1" 200 166 "-" "Mozilla/5.0 (compatible; YandexBot/3.0; +http://yandex.com/bots)"
163.172.4.153 - - [09/Sep/2018:08:23:08 +0200] "GET / HTTP/1.1" 200 166 "http://pankaescsiribi.com/" "Mozilla/5.0 (Windows NT 5.1; rv:52.0) Gecko/20100101 Firefox/52.0"
34.210.187.246 - - [09/Sep/2018:08:25:02 +0200] "GET / HTTP/1.1" 200 166 "-" "Mozilla/5.0 (Macintosh; Intel Mac OS X 10_8_3) AppleWebKit/537.31 (KHTML, like Gecko) Chrome/26.0.1410.65 Safari/537.31"
185.234.217.114 - - [09/Sep/2018:08:49:42 +0200] "GET /wp-login.php HTTP/1.1" 404 - "http://micsodaido.hu/wp-login.php" "Mozilla/4.0 (compatible; MSIE 9.0; Windows NT 6.1; 125LA; .NET CLR 2.0.50727; .NET CLR 3.0.04506.648; .NET CLR 3.5.21022)"
185.234.217.114 - - [09/Sep/2018:08:49:42 +0200] "GET /wp-login.php HTTP/1.1" 404 - "http://micsodaido.hu/wp-login.php" "Mozilla/4.0 (compatible; MSIE 9.0; Windows NT 6.1; 125LA; .NET CLR 2.0.50727; .NET CLR 3.0.04506.648; .NET CLR 3.5.21022)"
180.244.233.216 - - [09/Sep/2018:09:12:53 +0200] "GET / HTTP/1.1" 200 166 "-" "Mozilla/5.0 (Windows NT 6.1; WOW64; rv:54.0) Gecko/20100101 Firefox/54.0"
52.53.201.78 - - [09/Sep/2018:09:35:52 +0200] "GET / HTTP/1.1" 200 174 "-" "Mozilla/5.0 (Macintosh; Intel Mac OS X 10_12_6) AppleWebKit/537.36 (KHTML, like Gecko) Chrome/61.0.3163.100 Safari/537.36"
141.8.183.17 - - [09/Sep/2018:09:46:23 +0200] "GET /robots.txt HTTP/1.1" 404 - "-" "Mozilla/5.0 (compatible; YandexBot/3.0; +http://yandex.com/bots)"
141.8.183.17 - - [09/Sep/2018:09:46:27 +0200] "GET /favicon.ico HTTP/1.1" 404 - "-" "Mozilla/5.0 (compatible; YandexBot/3.0; +http://yandex.com/bots)"
66.249.70.2 - - [09/Sep/2018:09:59:49 +0200] "GET /robots.txt HTTP/1.1" 404 - "-" "Mozilla/5.0 (compatible; Googlebot/2.1; +http://www.google.com/bot.html)"
66.249.70.2 - - [09/Sep/2018:09:59:49 +0200] "GET / HTTP/1.1" 200 174 "-" "Mozilla/5.0 (compatible; Googlebot/2.1; +http://www.google.com/bot.html)"
66.249.70.2 - - [09/Sep/2018:10:00:16 +0200] "GET / HTTP/1.1" 200 174 "-" "Mozilla/5.0 AppleWebKit/537.36 (KHTML, like Gecko; compatible; Googlebot/2.1; +http://www.google.com/bot.html) Safari/537.36"
66.249.70.2 - - [09/Sep/2018:10:09:27 +0200] "GET / HTTP/1.1" 304 - "-" "Mozilla/5.0 AppleWebKit/537.36 (KHTML, like Gecko; compatible; Googlebot/2.1; +http://www.google.com/bot.html) Safari/537.36"
178.154.171.90 - - [09/Sep/2018:11:16:37 +0200] "GET /robots.txt HTTP/1.1" 404 - "-" "Mozilla/5.0 (compatible; YandexBot/3.0; +http://yandex.com/bots)"
141.8.183.17 - - [09/Sep/2018:11:16:37 +0200] "GET /robots.txt HTTP/1.1" 404 - "-" "Mozilla/5.0 (compatible; YandexBot/3.0; +http://yandex.com/bots)"
178.154.171.90 - - [09/Sep/2018:11:16:40 +0200] "GET / HTTP/1.1" 200 174 "-" "Mozilla/5.0 (compatible; YandexBot/3.0; +http://yandex.com/bots)"
141.8.183.17 - - [09/Sep/2018:11:16:40 +0200] "GET / HTTP/1.1" 200 174 "-" "Mozilla/5.0 (compatible; YandexBot/3.0; +http://yandex.com/bots)"
141.8.183.17 - - [09/Sep/2018:13:13:56 +0200] "GET /robots.txt HTTP/1.1" 404 - "-" "Mozilla/5.0 (compatible; YandexBot/3.0; +http://yandex.com/bots)"
141.8.183.17 - - [09/Sep/2018:13:14:00 +0200] "GET /favicon.ico HTTP/1.1" 404 - "-" "Mozilla/5.0 (compatible; YandexBot/3.0; +http://yandex.com/bots)"
159.65.24.22 - - [09/Sep/2018:15:27:21 +0200] "GET / HTTP/1.1" 200 166 "-" "Mozilla/5.0 (Windows NT 6.0) AppleWebKit/537.36 (KHTML, like Gecko) Chrome/34.0.1847.116 Safari/537.36"
178.154.171.90 - - [09/Sep/2018:15:49:56 +0200] "GET / HTTP/1.1" 200 166 "-" "Mozilla/5.0 (compatible; YandexBot/3.0; +http://yandex.com/bots)"
178.154.171.90 - - [09/Sep/2018:15:49:57 +0200] "GET /robots.txt HTTP/1.1" 404 - "-" "Mozilla/5.0 (compatible; YandexBot/3.0; +http://yandex.com/bots)"
178.154.171.90 - - [09/Sep/2018:15:50:00 +0200] "GET / HTTP/1.1" 200 166 "-" "Mozilla/5.0 (compatible; YandexBot/3.0; +http://yandex.com/bots)"
141.8.183.17 - - [09/Sep/2018:15:50:02 +0200] "GET /robots.txt HTTP/1.1" 404 - "-" "Mozilla/5.0 (compatible; YandexBot/3.0; +http://yandex.com/bots)"
178.154.171.90 - - [09/Sep/2018:15:50:02 +0200] "GET /robots.txt HTTP/1.1" 404 - "-" "Mozilla/5.0 (compatible; YandexBot/3.0; +http://yandex.com/bots)"
141.8.183.17 - - [09/Sep/2018:15:50:06 +0200] "GET / HTTP/1.1" 200 166 "-" "Mozilla/5.0 (compatible; YandexBot/3.0; +http://yandex.com/bots)"
178.154.171.90 - - [09/Sep/2018:15:50:06 +0200] "GET / HTTP/1.1" 200 166 "-" "Mozilla/5.0 (compatible; YandexBot/3.0; +http://yandex.com/bots)"
141.8.183.17 - - [09/Sep/2018:16:21:44 +0200] "GET / HTTP/1.1" 200 166 "-" "Mozilla/5.0 (compatible; YandexBot/3.0; +http://yandex.com/bots)"
178.154.171.90 - - [09/Sep/2018:16:21:44 +0200] "GET / HTTP/1.1" 200 166 "-" "Mozilla/5.0 (compatible; YandexBot/3.0; +http://yandex.com/bots)"
141.8.183.17 - - [09/Sep/2018:16:22:21 +0200] "GET /robots.txt HTTP/1.1" 404 - "-" "Mozilla/5.0 (compatible; YandexBot/3.0; +http://yandex.com/bots)"
141.8.183.17 - - [09/Sep/2018:16:22:21 +0200] "GET /robots.txt HTTP/1.1" 404 - "-" "Mozilla/5.0 (compatible; YandexBot/3.0; +http://yandex.com/bots)"
141.8.183.17 - - [09/Sep/2018:16:22:25 +0200] "GET / HTTP/1.1" 200 174 "-" "Mozilla/5.0 (compatible; YandexBot/3.0; +http://yandex.com/bots)"
141.8.183.17 - - [09/Sep/2018:16:22:25 +0200] "GET / HTTP/1.1" 200 174 "-" "Mozilla/5.0 (compatible; YandexBot/3.0; +http://yandex.com/bots)"
141.8.183.17 - - [09/Sep/2018:17:02:17 +0200] "GET / HTTP/1.1" 200 166 "-" "Mozilla/5.0 (compatible; YandexBot/3.0; +http://yandex.com/bots)"
141.8.183.17 - - [09/Sep/2018:17:02:17 +0200] "GET /robots.txt HTTP/1.1" 404 - "-" "Mozilla/5.0 (compatible; YandexBot/3.0; +http://yandex.com/bots)"
141.8.183.17 - - [09/Sep/2018:17:02:21 +0200] "GET / HTTP/1.1" 200 166 "-" "Mozilla/5.0 (compatible; YandexBot/3.0; +http://yandex.com/bots)"
34.222.148.199 - - [09/Sep/2018:18:53:29 +0200] "GET / HTTP/1.1" 200 174 "-" "Mozilla/5.0 (Macintosh; Intel Mac OS X 10_8_3) AppleWebKit/537.31 (KHTML, like Gecko) Chrome/26.0.1410.65 Safari/537.31"
193.169.252.112 - - [09/Sep/2018:19:37:34 +0200] "GET /wp-login.php HTTP/1.1" 404 - "http://pankaescsiribi.com/wp-login.php" "Mozilla/4.0 (compatible; MSIE 9.0; Windows NT 6.1; 125LA; .NET CLR 2.0.50727; .NET CLR 3.0.04506.648; .NET CLR 3.5.21022)"
193.169.252.112 - - [09/Sep/2018:19:37:35 +0200] "GET /wp-login.php HTTP/1.1" 404 - "http://pankaescsiribi.com/wp-login.php" "Mozilla/4.0 (compatible; MSIE 9.0; Windows NT 6.1; 125LA; .NET CLR 2.0.50727; .NET CLR 3.0.04506.648; .NET CLR 3.5.21022)"
178.154.171.90 - - [09/Sep/2018:20:23:04 +0200] "GET / HTTP/1.1" 200 166 "-" "Mozilla/5.0 (compatible; YandexBot/3.0; +http://yandex.com/bots)"
178.154.171.90 - - [09/Sep/2018:20:23:05 +0200] "GET /robots.txt HTTP/1.1" 404 - "-" "Mozilla/5.0 (compatible; YandexBot/3.0; +http://yandex.com/bots)"
141.8.183.17 - - [09/Sep/2018:20:23:08 +0200] "GET / HTTP/1.1" 200 166 "-" "Mozilla/5.0 (compatible; YandexBot/3.0; +http://yandex.com/bots)"
141.8.183.17 - - [09/Sep/2018:20:55:36 +0200] "GET /robots.txt HTTP/1.1" 404 - "-" "Mozilla/5.0 (compatible; YandexBot/3.0; +http://yandex.com/bots)"
178.154.171.90 - - [09/Sep/2018:20:55:36 +0200] "GET /robots.txt HTTP/1.1" 404 - "-" "Mozilla/5.0 (compatible; YandexBot/3.0; +http://yandex.com/bots)"
141.8.183.17 - - [09/Sep/2018:20:55:40 +0200] "GET / HTTP/1.1" 200 166 "-" "Mozilla/5.0 (compatible; YandexBot/3.0; +http://yandex.com/bots)"
178.154.171.90 - - [09/Sep/2018:20:55:40 +0200] "GET / HTTP/1.1" 200 166 "-" "Mozilla/5.0 (compatible; YandexBot/3.0; +http://yandex.com/bots)"
141.8.183.17 - - [09/Sep/2018:20:56:06 +0200] "GET /robots.txt HTTP/1.1" 404 - "-" "Mozilla/5.0 (compatible; YandexBot/3.0; +http://yandex.com/bots)"
178.154.171.90 - - [09/Sep/2018:20:56:06 +0200] "GET /robots.txt HTTP/1.1" 404 - "-" "Mozilla/5.0 (compatible; YandexBot/3.0; +http://yandex.com/bots)"
141.8.183.17 - - [09/Sep/2018:20:56:09 +0200] "GET / HTTP/1.1" 200 174 "-" "Mozilla/5.0 (compatible; YandexBot/3.0; +http://yandex.com/bots)"
5.255.253.13 - - [09/Sep/2018:20:56:10 +0200] "GET / HTTP/1.1" 200 174 "-" "Mozilla/5.0 (compatible; YandexBot/3.0; +http://yandex.com/bots)"
141.8.183.17 - - [09/Sep/2018:21:28:02 +0200] "GET /robots.txt HTTP/1.1" 404 - "-" "Mozilla/5.0 (compatible; YandexBot/3.0; +http://yandex.com/bots)"
141.8.183.17 - - [09/Sep/2018:21:28:06 +0200] "GET /favicon.ico HTTP/1.1" 404 - "-" "Mozilla/5.0 (compatible; YandexBot/3.0; +http://yandex.com/bots)"
5.255.253.13 - - [09/Sep/2018:21:41:36 +0200] "GET /favicon.ico HTTP/1.1" 404 - "-" "Mozilla/5.0 (compatible; YandexBot/3.0; +http://yandex.com/bots)"
185.234.218.56 - - [09/Sep/2018:23:11:27 +0200] "GET /wp-login.php HTTP/1.1" 404 - "http://micsodaido.hu/wp-login.php" "Mozilla/4.0 (compatible; MSIE 9.0; Windows NT 6.1; 125LA; .NET CLR 2.0.50727; .NET CLR 3.0.04506.648; .NET CLR 3.5.21022)"
185.234.218.56 - - [09/Sep/2018:23:11:27 +0200] "GET /wp-login.php HTTP/1.1" 404 - "http://micsodaido.hu/wp-login.php" "Mozilla/4.0 (compatible; MSIE 9.0; Windows NT 6.1; 125LA; .NET CLR 2.0.50727; .NET CLR 3.0.04506.648; .NET CLR 3.5.21022)"
80.248.227.208 - - [09/Sep/2018:23:56:59 +0200] "GET /robots.txt HTTP/1.1" 404 - "-" "CipaCrawler/3.0 (info@domaincrawler.com; http://www.domaincrawler.com/pankaescsiribi.com)"
80.248.227.208 - - [09/Sep/2018:23:56:59 +0200] "GET / HTTP/1.1" 200 166 "-" "CipaCrawler/3.0 (info@domaincrawler.com; http://www.domaincrawler.com/pankaescsiribi.com)"
180.76.15.154 - - [10/Sep/2018:01:09:27 +0200] "GET / HTTP/1.1" 200 174 "-" "Mozilla/5.0 (compatible; Baiduspider/2.0; +http://www.baidu.com/search/spider.html)"
51.179.102.163 - - [10/Sep/2018:01:39:45 +0200] "GET / HTTP/1.1" 200 166 "-" "Java/1.4.1_04"
51.179.102.163 - - [10/Sep/2018:01:39:46 +0200] "GET /0;url=http://www.bergjudit.hu/panka/micsodaido.html HTTP/1.1" 404 - "-" "Java/1.4.1_04"
188.165.192.220 - - [10/Sep/2018:03:02:26 +0200] "GET / HTTP/1.1" 200 166 "-" "Mozilla/5.0 (Windows NT 6.1; Win64; x64) AppleWebKit/537.36 (KHTML, like Gecko) Chrome/40.0.2214.85 Safari/537.36"
188.165.192.220 - - [10/Sep/2018:03:02:26 +0200] "GET /vb/ HTTP/1.1" 404 - "-" "Mozilla/5.0 (Windows NT 6.1; Win64; x64) AppleWebKit/537.36 (KHTML, like Gecko) Chrome/40.0.2214.85 Safari/537.36"
188.165.192.220 - - [10/Sep/2018:03:02:26 +0200] "GET /forum.php HTTP/1.1" 404 - "-" "Mozilla/5.0 (Windows NT 6.1; Win64; x64) AppleWebKit/537.36 (KHTML, like Gecko) Chrome/40.0.2214.85 Safari/537.36"
188.165.192.220 - - [10/Sep/2018:03:02:27 +0200] "GET /forum/ HTTP/1.1" 404 - "-" "Mozilla/5.0 (Windows NT 6.1; Win64; x64) AppleWebKit/537.36 (KHTML, like Gecko) Chrome/40.0.2214.85 Safari/537.36"
188.165.192.220 - - [10/Sep/2018:03:02:27 +0200] "GET /forum/forum.php HTTP/1.1" 404 - "-" "Mozilla/5.0 (Windows NT 6.1; Win64; x64) AppleWebKit/537.36 (KHTML, like Gecko) Chrome/40.0.2214.85 Safari/537.36"
188.165.192.220 - - [10/Sep/2018:03:02:27 +0200] "GET /forums/ HTTP/1.1" 404 - "-" "Mozilla/5.0 (Windows NT 6.1; Win64; x64) AppleWebKit/537.36 (KHTML, like Gecko) Chrome/40.0.2214.85 Safari/537.36"
188.165.192.220 - - [10/Sep/2018:03:02:27 +0200] "GET /community/forum/ HTTP/1.1" 404 - "-" "Mozilla/5.0 (Windows NT 6.1; Win64; x64) AppleWebKit/537.36 (KHTML, like Gecko) Chrome/40.0.2214.85 Safari/537.36"
188.165.192.220 - - [10/Sep/2018:03:02:27 +0200] "GET /community/ HTTP/1.1" 404 - "-" "Mozilla/5.0 (Windows NT 6.1; Win64; x64) AppleWebKit/537.36 (KHTML, like Gecko) Chrome/40.0.2214.85 Safari/537.36"
202.46.55.61 - - [10/Sep/2018:03:40:14 +0200] "GET / HTTP/1.1" 200 174 "-" "Mozilla/5.0 (Windows NT 5.1; rv:6.0.2) Gecko/20100101 Firefox/6.0.2"
163.172.4.153 - - [10/Sep/2018:03:48:51 +0200] "GET / HTTP/1.1" 200 174 "http://rumini.com/" "Mozilla/5.0 (Windows NT 10.0; Win64; x64) AppleWebKit/537.36 (KHTML, like Gecko) Chrome/58.0.3029.110 Safari/537.36"
141.8.183.17 - - [10/Sep/2018:04:33:38 +0200] "GET /robots.txt HTTP/1.1" 404 - "-" "Mozilla/5.0 (compatible; YandexBot/3.0; +http://yandex.com/bots)"
141.8.183.17 - - [10/Sep/2018:04:33:38 +0200] "GET /robots.txt HTTP/1.1" 404 - "-" "Mozilla/5.0 (compatible; YandexBot/3.0; +http://yandex.com/bots)"
178.154.171.90 - - [10/Sep/2018:04:33:42 +0200] "GET / HTTP/1.1" 200 166 "-" "Mozilla/5.0 (compatible; YandexBot/3.0; +http://yandex.com/bots)"
5.255.253.13 - - [10/Sep/2018:04:33:42 +0200] "GET / HTTP/1.1" 200 166 "-" "Mozilla/5.0 (compatible; YandexBot/3.0; +http://yandex.com/bots)"
141.8.183.17 - - [10/Sep/2018:05:13:44 +0200] "GET /robots.txt HTTP/1.1" 404 - "-" "Mozilla/5.0 (compatible; YandexBot/3.0; +http://yandex.com/bots)"
141.8.183.17 - - [10/Sep/2018:05:13:44 +0200] "GET /robots.txt HTTP/1.1" 404 - "-" "Mozilla/5.0 (compatible; YandexBot/3.0; +http://yandex.com/bots)"
141.8.183.17 - - [10/Sep/2018:05:13:48 +0200] "GET / HTTP/1.1" 200 174 "-" "Mozilla/5.0 (compatible; YandexBot/3.0; +http://yandex.com/bots)"
141.8.183.17 - - [10/Sep/2018:05:13:48 +0200] "GET / HTTP/1.1" 200 174 "-" "Mozilla/5.0 (compatible; YandexBot/3.0; +http://yandex.com/bots)"
95.216.2.253 - - [10/Sep/2018:06:48:33 +0200] "GET /robots.txt HTTP/1.1" 404 - "-" "Mozilla/5.0 (compatible; MJ12bot/v1.4.8; http://mj12bot.com/)"
95.216.2.253 - - [10/Sep/2018:06:48:35 +0200] "GET / HTTP/1.1" 200 174 "-" "Mozilla/5.0 (compatible; MJ12bot/v1.4.8; http://mj12bot.com/)"
180.153.236.157 - - [10/Sep/2018:07:37:44 +0200] "GET / HTTP/1.1" 200 166 "http://www.micsodaido.hu/" "Mozilla/5.0(compatible;MSIE9.0;WindowsNT6.1;Trident/5.0)"
178.154.171.84 - - [10/Sep/2018:10:05:20 +0200] "GET /robots.txt HTTP/1.1" 404 - "-" "Mozilla/5.0 (compatible; YandexBot/3.0; +http://yandex.com/bots)"
95.108.181.82 - - [10/Sep/2018:10:05:20 +0200] "GET /robots.txt HTTP/1.1" 404 - "-" "Mozilla/5.0 (compatible; YandexBot/3.0; +http://yandex.com/bots)"
178.154.171.84 - - [10/Sep/2018:10:05:24 +0200] "GET / HTTP/1.1" 200 166 "-" "Mozilla/5.0 (compatible; YandexBot/3.0; +http://yandex.com/bots)"
95.108.181.82 - - [10/Sep/2018:10:05:24 +0200] "GET / HTTP/1.1" 200 166 "-" "Mozilla/5.0 (compatible; YandexBot/3.0; +http://yandex.com/bots)"
157.55.39.102 - - [10/Sep/2018:12:40:07 +0200] "GET / HTTP/1.1" 200 174 "-" "Mozilla/5.0 (iPhone; CPU iPhone OS 7_0 like Mac OS X) AppleWebKit/537.51.1 (KHTML, like Gecko) Version/7.0 Mobile/11A465 Safari/9537.53 (compatible; bingbot/2.0; +http://www.bing.com/bingbot.htm)"
141.8.183.17 - - [10/Sep/2018:14:24:23 +0200] "GET /robots.txt HTTP/1.1" 404 - "-" "Mozilla/5.0 (compatible; YandexBot/3.0; +http://yandex.com/bots)"
178.154.171.90 - - [10/Sep/2018:14:24:23 +0200] "GET /robots.txt HTTP/1.1" 404 - "-" "Mozilla/5.0 (compatible; YandexBot/3.0; +http://yandex.com/bots)"
141.8.183.17 - - [10/Sep/2018:14:24:27 +0200] "GET / HTTP/1.1" 200 166 "-" "Mozilla/5.0 (compatible; YandexBot/3.0; +http://yandex.com/bots)"
178.154.171.90 - - [10/Sep/2018:14:24:27 +0200] "GET / HTTP/1.1" 200 166 "-" "Mozilla/5.0 (compatible; YandexBot/3.0; +http://yandex.com/bots)"
157.55.39.48 - - [10/Sep/2018:14:27:15 +0200] "GET /robots.txt HTTP/1.1" 404 - "-" "Mozilla/5.0 (compatible; bingbot/2.0; +http://www.bing.com/bingbot.htm)"
157.55.39.102 - - [10/Sep/2018:14:27:25 +0200] "GET /robots.txt HTTP/1.1" 404 - "-" "Mozilla/5.0 (compatible; bingbot/2.0; +http://www.bing.com/bingbot.htm)"
141.8.183.17 - - [10/Sep/2018:15:02:23 +0200] "GET /robots.txt HTTP/1.1" 404 - "-" "Mozilla/5.0 (compatible; YandexBot/3.0; +http://yandex.com/bots)"
141.8.183.17 - - [10/Sep/2018:15:02:23 +0200] "GET /robots.txt HTTP/1.1" 404 - "-" "Mozilla/5.0 (compatible; YandexBot/3.0; +http://yandex.com/bots)"
141.8.183.17 - - [10/Sep/2018:15:02:26 +0200] "GET / HTTP/1.1" 200 174 "-" "Mozilla/5.0 (compatible; YandexBot/3.0; +http://yandex.com/bots)"
141.8.183.17 - - [10/Sep/2018:15:02:26 +0200] "GET / HTTP/1.1" 200 174 "-" "Mozilla/5.0 (compatible; YandexBot/3.0; +http://yandex.com/bots)"
52.53.201.78 - - [10/Sep/2018:15:11:44 +0200] "GET / HTTP/1.1" 200 166 "-" "Mozilla/5.0 (Macintosh; Intel Mac OS X 10_12_6) AppleWebKit/537.36 (KHTML, like Gecko) Chrome/61.0.3163.100 Safari/537.36"
157.55.39.32 - - [10/Sep/2018:15:29:41 +0200] "GET /robots.txt HTTP/1.1" 404 - "-" "Mozilla/5.0 (compatible; bingbot/2.0; +http://www.bing.com/bingbot.htm)"
157.55.39.39 - - [10/Sep/2018:15:29:48 +0200] "GET / HTTP/1.1" 200 166 "-" "Mozilla/5.0 (iPhone; CPU iPhone OS 7_0 like Mac OS X) AppleWebKit/537.51.1 (KHTML, like Gecko) Version/7.0 Mobile/11A465 Safari/9537.53 (compatible; bingbot/2.0; +http://www.bing.com/bingbot.htm)"
40.77.167.173 - - [10/Sep/2018:15:30:01 +0200] "GET /robots.txt HTTP/1.1" 404 - "-" "Mozilla/5.0 (compatible; bingbot/2.0; +http://www.bing.com/bingbot.htm)"
141.8.183.17 - - [10/Sep/2018:17:14:00 +0200] "GET /robots.txt HTTP/1.1" 404 - "-" "Mozilla/5.0 (compatible; YandexBot/3.0; +http://yandex.com/bots)"
141.8.183.17 - - [10/Sep/2018:17:14:00 +0200] "GET /robots.txt HTTP/1.1" 404 - "-" "Mozilla/5.0 (compatible; YandexBot/3.0; +http://yandex.com/bots)"
141.8.183.17 - - [10/Sep/2018:17:14:04 +0200] "GET / HTTP/1.1" 200 166 "-" "Mozilla/5.0 (compatible; YandexBot/3.0; +http://yandex.com/bots)"
141.8.183.17 - - [10/Sep/2018:17:14:04 +0200] "GET / HTTP/1.1" 200 166 "-" "Mozilla/5.0 (compatible; YandexBot/3.0; +http://yandex.com/bots)"
66.249.70.5 - - [10/Sep/2018:17:21:38 +0200] "GET /robots.txt HTTP/1.1" 404 - "-" "Mozilla/5.0 (compatible; Googlebot/2.1; +http://www.google.com/bot.html)"
66.249.70.5 - - [10/Sep/2018:17:21:38 +0200] "GET / HTTP/1.1" 200 174 "-" "Mozilla/5.0 (compatible; Googlebot/2.1; +http://www.google.com/bot.html)"
54.36.150.74 - - [10/Sep/2018:18:02:22 +0200] "GET /robots.txt HTTP/1.1" 404 - "-" "Mozilla/5.0 (compatible; AhrefsBot/5.2; +http://ahrefs.com/robot/)"
54.36.148.217 - - [10/Sep/2018:18:02:23 +0200] "GET / HTTP/1.1" 200 166 "-" "Mozilla/5.0 (compatible; AhrefsBot/5.2; +http://ahrefs.com/robot/)"
209.17.96.218 - - [10/Sep/2018:18:12:29 +0200] "GET / HTTP/1.1" 200 174 "-" "Mozilla/5.0 (compatible; Nimbostratus-Bot/v1.3.2; http://cloudsystemnetworks.com)"
64.233.172.141 - - [10/Sep/2018:22:05:00 +0200] "GET / HTTP/1.1" 200 174 "android-app://com.google.android.googlequicksearchbox" "Mozilla/5.0 (Linux; Android 7.0; SM-A320Y Build/NRD90M) AppleWebKit/537.36 (KHTML, like Gecko) Chrome/61.0.3163.98 Mobile Safari/537.36"
64.233.172.143 - - [10/Sep/2018:22:05:01 +0200] "GET /favicon.ico HTTP/1.1" 404 - "http://rumini.com/" "Mozilla/5.0 (Linux; Android 7.0; SM-A320Y Build/NRD90M) AppleWebKit/537.36 (KHTML, like Gecko) Chrome/61.0.3163.98 Mobile Safari/537.36"
185.234.217.132 - - [10/Sep/2018:22:25:00 +0200] "GET /wp-login.php HTTP/1.1" 404 - "-" "Mozilla/5.0 (compatible; MSIE 9.0; Windows NT 6.1; Trident/5.0)"
185.234.217.132 - - [10/Sep/2018:22:25:00 +0200] "GET //wp-login.php HTTP/1.1" 404 - "-" "Mozilla/5.0 (compatible; MSIE 9.0; Windows NT 6.1; Trident/5.0)"
138.68.180.18 - - [10/Sep/2018:22:47:55 +0200] "GET / HTTP/1.1" 200 174 "-" "Mozilla/5.0 (Windows NT 6.0) AppleWebKit/537.36 (KHTML, like Gecko) Chrome/34.0.1847.116 Safari/537.36"
180.76.15.29 - - [11/Sep/2018:00:37:15 +0200] "GET / HTTP/1.1" 200 174 "-" "Mozilla/5.0 (compatible; Baiduspider/2.0; +http://www.baidu.com/search/spider.html)"
185.245.87.210 - - [11/Sep/2018:01:34:08 +0200] "GET / HTTP/1.0" 200 166 "-" "Mozilla/5.0 (Windows NT 6.1; WOW64) AppleWebKit/537.36 (KHTML, like Gecko) Chrome/34.0.1847.131 Safari/537.36"
